191.112.73.240 - - [24/Mar/2016:09:23:30 -0300] "GET /cormun/static/calendar.js?85251 HTTP/1.1" 200 26246
191.112.73.240 - - [24/Mar/2016:09:23:30 -0300] "GET /cormun/static/gxdec.js?85251 HTTP/1.1" 200 19579
191.112.73.240 - - [24/Mar/2016:09:23:30 -0300] "GET /cormun/static/Resources/PXToolsActionExcel.png HTTP/1.1" 200 3187
191.112.73.240 - - [24/Mar/2016:09:23:30 -0300] "GET /cormun/static/Resources/Spanish/PXTools.css?19284387 HTTP/1.1" 200 89042
191.112.73.240 - - [24/Mar/2016:09:23:31 -0300] "GET /cormun/static/Resources/PXToolsDataSearch.png HTTP/1.1" 200 419
191.112.73.240 - - [24/Mar/2016:09:23:31 -0300] "GET /cormun/static/Resources/PXToolsGridFirstDisabled.gif HTTP/1.1" 200 100
191.112.73.240 - - [24/Mar/2016:09:23:31 -0300] "GET /cormun/static/trcontratouno.js?20163221610166 HTTP/1.1" 200 39934
191.112.73.240 - - [24/Mar/2016:09:23:31 -0300] "GET /cormun/static/Resources/PXToolsGridPreviousDisabled.gif HTTP/1.1" 200 90
191.112.73.240 - - [24/Mar/2016:09:23:31 -0300] "GET /cormun/static/Resources/PXToolsGridNextDisabled.gif HTTP/1.1" 200 90
191.112.73.240 - - [24/Mar/2016:09:23:31 -0300] "GET /cormun/static/Resources/PXToolsGridLastDisabled.gif HTTP/1.1" 200 98
191.112.73.240 - - [24/Mar/2016:09:23:31 -0300] "GET /cormun/static/Resources/PXToolsGridPage.gif HTTP/1.1" 200 725
191.112.73.240 - - [24/Mar/2016:09:23:31 -0300] "GET /cormun/static/Resources/PXToolsAddSelectedAction.png HTTP/1.1" 200 3660
191.112.73.240 - - [24/Mar/2016:09:23:31 -0300] "GET /cormun/static/Resources/PXToolsAddAllAction.png HTTP/1.1" 200 3624
191.112.73.240 - - [24/Mar/2016:09:23:31 -0300] "GET /cormun/static/Resources/PXToolsRemoveSelectedAction.png HTTP/1.1" 200 3617
191.112.73.240 - - [24/Mar/2016:09:23:31 -0300] "GET /cormun/static/Resources/PXToolsRemoveAllAction.png HTTP/1.1" 200 3558
191.112.73.240 - - [24/Mar/2016:09:23:32 -0300] "GET /cormun/servlet/trcontratouno? HTTP/1.1" 200 13006
191.112.73.240 - - [24/Mar/2016:09:23:32 -0300] "GET /cormun/static/Resources/asc.gif HTTP/1.1" 200 67
191.112.73.240 - - [24/Mar/2016:09:23:32 -0300] "GET /cormun/static/Resources/desc.gif HTTP/1.1" 200 65
186.103.159.188 - - [24/Mar/2016:09:23:50 -0300] "POST /cormun/servlet/trcontratouno?d475ceeb4fe8b53fdf49c971c1dec718,,gx-no-cache=1458822341279 HTTP/1.1" 200 6316
186.103.157.235 - - [24/Mar/2016:09:24:29 -0300] "GET /cormun/servlet/trsolicitudot? HTTP/1.1" 200 6458
186.103.157.235 - - [24/Mar/2016:09:24:31 -0300] "GET /cormun/servlet/trsolicitudot? HTTP/1.1" 200 6458
186.103.157.235 - - [24/Mar/2016:09:24:35 -0300] "GET /cormun/servlet/trcontratouno? HTTP/1.1" 200 12270
186.103.157.235 - - [24/Mar/2016:09:24:37 -0300] "GET /cormun/servlet/trcontratouno? HTTP/1.1" 200 12270
186.103.159.188 - - [24/Mar/2016:09:24:39 -0300] "POST /cormun/servlet/trcontratouno?d475ceeb4fe8b53fdf49c971c1dec718,,gx-no-cache=1458822394928 HTTP/1.1" 200 6386
186.103.159.188 - - [24/Mar/2016:09:24:43 -0300] "GET /cormun/servlet/trcontratoobservaciondir? HTTP/1.1" 200 6401
186.103.159.188 - - [24/Mar/2016:09:24:43 -0300] "GET /cormun/servlet/trcontratoobservaciondir? HTTP/1.1" 200 6401
186.103.159.188 - - [24/Mar/2016:09:24:47 -0300] "GET /cormun/servlet/trcontratoobservaciondir? HTTP/1.1" 200 6401
186.103.157.235 - - [24/Mar/2016:09:24:48 -0300] "POST /cormun/servlet/trcontratouno?34e672ee9b8e916e52902e2d2362126b,,gx-no-cache=1458822313823 HTTP/1.1" 200 12700
186.103.159.188 - - [24/Mar/2016:09:24:48 -0300] "GET /cormun/servlet/trcontratoobservaciondir? HTTP/1.1" 200 6401
186.103.159.188 - - [24/Mar/2016:09:24:53 -0300] "GET /cormun/servlet/trcontratoobservaciondir? HTTP/1.1" 200 6401
186.103.159.188 - - [24/Mar/2016:09:24:54 -0300] "GET /cormun/servlet/trcontratoobservaciondir? HTTP/1.1" 200 6401
186.103.159.188 - - [24/Mar/2016:09:24:56 -0300] "GET /cormun/servlet/trcontratouno? HTTP/1.1" 200 9119
186.103.159.188 - - [24/Mar/2016:09:24:57 -0300] "GET /cormun/servlet/trcontratouno? HTTP/1.1" 200 9118
186.103.159.188 - - [24/Mar/2016:09:25:24 -0300] "POST /cormun/servlet/trcontratouno?d475ceeb4fe8b53fdf49c971c1dec718,,gx-no-cache=1458822444385 HTTP/1.1" 200 6277
186.103.157.235 - - [24/Mar/2016:09:25:35 -0300] "GET /cormun/servlet/trsolicitudot? HTTP/1.1" 200 6458
186.103.157.235 - - [24/Mar/2016:09:25:37 -0300] "GET /cormun/servlet/trsolicitudot? HTTP/1.1" 200 6458
186.103.157.235 - - [24/Mar/2016:09:25:45 -0300] "GET /cormun/servlet/trcontratouno? HTTP/1.1" 200 15285
186.103.157.235 - - [24/Mar/2016:09:25:47 -0300] "GET /cormun/servlet/trcontratouno? HTTP/1.1" 200 15276
191.112.73.240 - - [24/Mar/2016:09:26:10 -0300] "POST /cormun/servlet/trcontratouno?575a01f03566c2d322be2a4ab1d92b6c,,gx-no-cache=1458822379459 HTTP/1.1" 200 6193
191.112.73.240 - - [24/Mar/2016:09:26:19 -0300] "GET /cormun/servlet/trsolicitudot? HTTP/1.1" 200 6476
191.112.73.240 - - [24/Mar/2016:09:26:19 -0300] "GET /cormun/static/gxui/gxui-all.css?120300 HTTP/1.1" 200 2179
191.112.73.240 - - [24/Mar/2016:09:26:19 -0300] "GET /cormun/static/calendar-system.css?85620 HTTP/1.1" 200 5572
191.112.73.240 - - [24/Mar/2016:09:26:19 -0300] "GET /cormun/static/gxcfg.js?201631022392470 HTTP/1.1" 200 953
191.112.73.240 - - [24/Mar/2016:09:26:19 -0300] "GET /cormun/static/Resources/PXTools/calendar.png HTTP/1.1" 200 1306
191.112.73.240 - - [24/Mar/2016:09:26:20 -0300] "GET /cormun/static/trsolicitudot.js?201631022393178 HTTP/1.1" 200 44568
191.112.73.240 - - [24/Mar/2016:09:26:20 -0300] "GET /cormun/static/Resources/PXToolsGridNew.png HTTP/1.1" 200 2949
191.112.73.240 - - [24/Mar/2016:09:26:20 -0300] "GET /cormun/static/Resources/Spanish/PXTools.css?2139548 HTTP/1.1" 200 89042
191.112.73.240 - - [24/Mar/2016:09:26:20 -0300] "GET /cormun/static/Shared/ext/resources/css/ext-all.css?215870 HTTP/1.1" 200 416045
191.112.73.240 - - [24/Mar/2016:09:26:21 -0300] "GET /cormun/servlet/trsolicitudot? HTTP/1.1" 200 6476
191.112.73.240 - - [24/Mar/2016:09:26:21 -0300] "GET /cormun/static/Shared/ext/resources/themes/images/default/tools/tool-sprites.gif HTTP/1.1" 200 5434
191.112.73.240 - - [24/Mar/2016:09:26:21 -0300] "GET /cormun/static/Shared/ext/resources/themes/images/default/panel/bg-headersPanel.png HTTP/1.1" 200 255
186.103.159.188 - - [24/Mar/2016:09:26:23 -0300] "POST /cormun/servlet/trcontratouno?d475ceeb4fe8b53fdf49c971c1dec718,,gx-no-cache=1458822510135 HTTP/1.1" 200 6718
191.112.73.240 - - [24/Mar/2016:09:26:28 -0300] "GET /cormun/servlet/solicitudot?INS,0,0, HTTP/1.1" 200 11702
191.112.73.240 - - [24/Mar/2016:09:26:28 -0300] "GET /cormun/static/gxcfg.js?201631710541238 HTTP/1.1" 200 953
191.112.73.240 - - [24/Mar/2016:09:26:28 -0300] "GET /cormun/static/Resources/prompt.gif HTTP/1.1" 200 902
191.112.73.240 - - [24/Mar/2016:09:26:28 -0300] "GET /cormun/static/Resources/Spanish/PXTools.css?22445990 HTTP/1.1" 200 89042
191.112.73.240 - - [24/Mar/2016:09:26:28 -0300] "GET /cormun/static/solicitudot.js?201631710541292 HTTP/1.1" 200 45515
191.112.73.240 - - [24/Mar/2016:09:26:29 -0300] "GET /cormun/servlet/solicitudot?INS,0,0, HTTP/1.1" 200 11706
191.112.73.240 - - [24/Mar/2016:09:26:32 -0300] "GET /cormun/static/Resources/resize.gif HTTP/1.1" 200 77
191.112.73.240 - - [24/Mar/2016:09:26:32 -0300] "GET /cormun/servlet/prfichaempleado?,MD,,gxPopupLevel%3D0%3B HTTP/1.1" 200 7952
191.112.73.240 - - [24/Mar/2016:09:26:32 -0300] "GET /cormun/static/gxui/gxui-all.css?1917420 HTTP/1.1" 200 2179
191.112.73.240 - - [24/Mar/2016:09:26:32 -0300] "GET /cormun/static/scaMessage/css/jquery.pnotify.default.css?1816380 HTTP/1.1" 200 1707
191.112.73.240 - - [24/Mar/2016:09:26:32 -0300] "GET /cormun/static/gxcfg.js?201511151625694 HTTP/1.1" 200 953
191.112.73.240 - - [24/Mar/2016:09:26:32 -0300] "GET /cormun/static/scaMessage/css/jquery-ui.css?104140 HTTP/1.1" 404 1045
191.112.73.240 - - [24/Mar/2016:09:26:32 -0300] "GET /cormun/static/prfichaempleado.js?201511151625857 HTTP/1.1" 200 15035
191.112.73.240 - - [24/Mar/2016:09:26:32 -0300] "GET /cormun/static/menusearch.js?20163211930269 HTTP/1.1" 200 1424
191.112.73.240 - - [24/Mar/2016:09:26:32 -0300] "GET /cormun/static/hmpwkw01.js?201511211495945 HTTP/1.1" 200 2037
191.112.73.240 - - [24/Mar/2016:09:26:32 -0300] "GET /cormun/static/scaMessage/css/jquery-ui.css?104140 HTTP/1.1" 404 1045
191.112.73.240 - - [24/Mar/2016:09:26:32 -0300] "GET /cormun/static/Resources/PXToolsMenuSearch.png HTTP/1.1" 200 2914
191.112.73.240 - - [24/Mar/2016:09:26:32 -0300] "GET /cormun/static/Resources/Spanish/PXTools.css?16184758 HTTP/1.1" 200 89042
191.112.73.240 - - [24/Mar/2016:09:26:32 -0300] "GET /cormun/static/Resources/PXToolsGridFirst.gif HTTP/1.1" 200 379
191.112.73.240 - - [24/Mar/2016:09:26:32 -0300] "GET /cormun/static/Resources/PXToolsMenuSearchCancel.png HTTP/1.1" 200 2972
191.112.73.240 - - [24/Mar/2016:09:26:33 -0300] "GET /cormun/static/Resources/PXToolsGridPrevious.gif HTTP/1.1" 200 369
191.112.73.240 - - [24/Mar/2016:09:26:33 -0300] "GET /cormun/static/Resources/PXToolsGridNext.gif HTTP/1.1" 200 369
191.112.73.240 - - [24/Mar/2016:09:26:33 -0300] "GET /cormun/static/Resources/PXToolsGridLast.gif HTTP/1.1" 200 370
191.112.73.240 - - [24/Mar/2016:09:26:33 -0300] "GET /cormun/static/Shared/jqueryui/jquery-ui.min-1.8.js HTTP/1.1" 200 213511
191.112.73.240 - - [24/Mar/2016:09:26:40 -0300] "POST /cormun/servlet/prfichaempleado?575a01f03566c2d322be2a4ab1d92b6c,,MD,,gxPopupLevel%3D0%3B,gx-no-cache=1458822410452 HTTP/1.1" 200 2775
191.112.73.240 - - [24/Mar/2016:09:26:44 -0300] "POST /cormun/servlet/solicitudot?gx-no-cache=1458822413974 HTTP/1.1" 200 2784
191.112.73.240 - - [24/Mar/2016:09:26:44 -0300] "POST /cormun/servlet/solicitudot?575a01f03566c2d322be2a4ab1d92b6c,INS,0,0,,gx-no-cache=1458822414412 HTTP/1.1" 200 8511
191.112.73.240 - - [24/Mar/2016:09:26:46 -0300] "GET /cormun/servlet/solicitudot?856394424386f48766a9e33af7080c176310a82d8fa0b2ea434abeebe09d29339c30d5c12062cc97d52fa954d4d7ce44,gx-no-cache=1458822416988 HTTP/1.1" 200 30
191.112.73.240 - - [24/Mar/2016:09:26:46 -0300] "POST /cormun/servlet/solicitudot?gx-no-cache=1458822417097 HTTP/1.1" 200 30
191.112.73.240 - - [24/Mar/2016:09:26:47 -0300] "POST /cormun/servlet/solicitudot?gx-no-cache=1458822417187 HTTP/1.1" 200 33
191.112.73.240 - - [24/Mar/2016:09:26:47 -0300] "POST /cormun/servlet/solicitudot?gx-no-cache=1458822417295 HTTP/1.1" 200 1171
191.112.73.240 - - [24/Mar/2016:09:26:47 -0300] "GET /cormun/servlet/solicitudot?856394424386f48766a9e33af7080c17f3da60fde40f74ec50916b60bfe58f1372f1e8f60437fc42df6c6b943c533b76c251ba30fcbacf5841913018fa6e44deb570622774dda65a24408a6113b65514c120ceaeaaacb8b3cc1f8c4cb7825a105e9072e6c72af01e7e4207815e385b312b08e7fb4465a193a65875ef425ec24febfe3d58be36653286012ed4ef440093,gx-no-cache=1458822417437 HTTP/1.1" 200 38
191.112.73.240 - - [24/Mar/2016:09:26:52 -0300] "GET /cormun/servlet/solicitudot?856394424386f48766a9e33af7080c1765e24da8f883f1cc4248dcecac3e4c424b542d630b7415837c1c7f703e463fb39353f477e12bd2f44c1af0bfa97bc029735e00ddb4b04f64df7842551a5f704030c1c3a3ee206144bf8a0587912a2c5ce6a815754d16ea352f1c2fb6c03cf823332313b917822ad879dcada76c5140b953584f2851848b1ce1e7c505f6d5d8c1ff26492bee828e54ca70cc6001fa791f,gx-no-cache=1458822423019 HTTP/1.1" 200 29
191.112.73.240 - - [24/Mar/2016:09:26:53 -0300] "POST /cormun/servlet/solicitudot?gx-no-cache=1458822423110 HTTP/1.1" 200 1127
191.112.73.240 - - [24/Mar/2016:09:26:53 -0300] "GET /cormun/static/menuarrow.gif HTTP/1.1" 404 1015
191.112.73.240 - - [24/Mar/2016:09:27:01 -0300] "GET /cormun/servlet/solicitudot?856394424386f48766a9e33af7080c17e772babc21f2005be0c5148e4ffe5929ee2b6650931c243fa9382c82b83abcc377dc7381a665ff650dcd7708af918cb641a0a0392cdd3efa3f9b9d9512dc5b8d7172d5300e14294291c0f59f70f76a24cfe0a6d77dc75e8cbcce83c4c4bf95aa28c57a6b474a8e606cad77ba1565c7285119ca235301802514060b0e8eedfc1c5f1e807b57d6a6851e9c6b7efb3e34ac1b336bc8372c701091830f4061ae61dd,gx-no-cache=1458822431299 HTTP/1.1" 200 30
186.103.159.188 - - [24/Mar/2016:09:27:08 -0300] "POST /cormun/servlet/trcontratouno?d475ceeb4fe8b53fdf49c971c1dec718,,gx-no-cache=1458822562271 HTTP/1.1" 200 6471
191.112.73.240 - - [24/Mar/2016:09:27:09 -0300] "POST /cormun/servlet/solicitudot?575a01f03566c2d322be2a4ab1d92b6c,INS,0,0,,gx-no-cache=1458822439074 HTTP/1.1" 200 93
191.112.73.240 - - [24/Mar/2016:09:27:09 -0300] "GET /cormun/servlet/hpexe_return? HTTP/1.1" 200 1005
191.112.73.240 - - [24/Mar/2016:09:27:09 -0300] "GET /cormun/static/Resources/Spanish/PXTools.css?12112540 HTTP/1.1" 200 89042
191.112.73.240 - - [24/Mar/2016:09:27:09 -0300] "GET /cormun/static/gxcfg.js?2015111312145050 HTTP/1.1" 200 953
191.112.73.240 - - [24/Mar/2016:09:27:09 -0300] "GET /cormun/static/hpexe_return.js?2015111312145056 HTTP/1.1" 200 1633
191.112.73.240 - - [24/Mar/2016:09:27:09 -0300] "GET /cormun/servlet/trsolicitudot HTTP/1.1" 200 7784
191.112.73.240 - - [24/Mar/2016:09:27:10 -0300] "GET /cormun//static/Resources/PXToolsActionView.png HTTP/1.1" 200 2995
191.112.73.240 - - [24/Mar/2016:09:27:10 -0300] "GET /cormun//static/Resources/PXToolsGridUpdate.png HTTP/1.1" 200 2984
191.112.73.240 - - [24/Mar/2016:09:27:10 -0300] "GET /cormun//static/Resources/PXToolsGridDelete.png HTTP/1.1" 200 357
191.112.73.240 - - [24/Mar/2016:09:27:10 -0300] "GET /cormun/servlet/trsolicitudot HTTP/1.1" 200 7781
191.112.73.240 - - [24/Mar/2016:09:27:10 -0300] "GET /cormun//static/Resources/PXToolsRemoveAllAction.png HTTP/1.1" 200 3558
191.112.73.240 - - [24/Mar/2016:09:27:10 -0300] "GET /cormun//static/Resources/PXTools/ActionInsert.png HTTP/1.1" 200 1482
191.112.73.240 - - [24/Mar/2016:09:27:14 -0300] "POST /cormun/servlet/trsolicitudot?575a01f03566c2d322be2a4ab1d92b6c,gx-no-cache=1458822444161 HTTP/1.1" 200 5385
191.112.73.240 - - [24/Mar/2016:09:27:14 -0300] "GET /cormun/static/Shared/jqueryui/images/ui-bg_highlight-soft_100_c6c2c8_1x100.png HTTP/1.1" 404 1117
191.112.73.240 - - [24/Mar/2016:09:27:14 -0300] "GET /cormun/static/Shared/jqueryui/images/ui-icons_82798d_256x240.png HTTP/1.1" 404 1089
191.112.73.240 - - [24/Mar/2016:09:27:14 -0300] "GET /cormun/static/Shared/jqueryui/images/ui-bg_flat_55_fafafa_40x100.png HTTP/1.1" 404 1097
191.112.73.240 - - [24/Mar/2016:09:27:14 -0300] "GET /cormun/static/Shared/jqueryui/images/ui-icons_8d78a5_256x240.png HTTP/1.1" 404 1089
191.112.73.240 - - [24/Mar/2016:09:27:18 -0300] "POST /cormun/servlet/trsolicitudot?575a01f03566c2d322be2a4ab1d92b6c,gx-no-cache=1458822448054 HTTP/1.1" 200 5385
191.112.73.240 - - [24/Mar/2016:09:27:20 -0300] "POST /cormun/servlet/trsolicitudot?575a01f03566c2d322be2a4ab1d92b6c,gx-no-cache=1458822450260 HTTP/1.1" 200 105
191.112.73.240 - - [24/Mar/2016:09:27:20 -0300] "GET /cormun/servlet/solicitudot?UPD,2016,1106, HTTP/1.1" 200 12970
191.112.73.240 - - [24/Mar/2016:09:27:21 -0300] "GET /cormun/servlet/solicitudot?UPD,2016,1106, HTTP/1.1" 200 12979
191.112.73.240 - - [24/Mar/2016:09:27:22 -0300] "POST /cormun/servlet/solicitudot?gx-no-cache=1458822452080 HTTP/1.1" 200 2784
191.112.73.240 - - [24/Mar/2016:09:27:22 -0300] "POST /cormun/servlet/solicitudot?575a01f03566c2d322be2a4ab1d92b6c,UPD,2016,1106,,gx-no-cache=1458822452437 HTTP/1.1" 200 9208
191.112.73.240 - - [24/Mar/2016:09:27:22 -0300] "GET /cormun/servlet/solicitudot?856394424386f48766a9e33af7080c176310a82d8fa0b2ea434abeebe09d293382c041086dad0a4866cab1257f91e984,gx-no-cache=1458822452846 HTTP/1.1" 200 30
191.112.73.240 - - [24/Mar/2016:09:27:22 -0300] "POST /cormun/servlet/solicitudot?gx-no-cache=1458822452979 HTTP/1.1" 200 30
191.112.73.240 - - [24/Mar/2016:09:27:22 -0300] "POST /cormun/servlet/solicitudot?gx-no-cache=1458822453115 HTTP/1.1" 200 33
191.112.73.240 - - [24/Mar/2016:09:27:23 -0300] "POST /cormun/servlet/solicitudot?gx-no-cache=1458822453240 HTTP/1.1" 200 1171
191.112.73.240 - - [24/Mar/2016:09:27:23 -0300] "GET /cormun/servlet/solicitudot?856394424386f48766a9e33af7080c17f3da60fde40f74ec50916b60bfe58f1372f1e8f60437fc42df6c6b943c533b76c251ba30fcbacf5841913018fa6e44deb570622774dda65a24408a6113b65514c120ceaeaaacb8b3cc1f8c4cb7825a105e9072e6c72af01e7e4207815e385b312b08e7fb4465a193a65875ef425ec24f9638dd913905eac89e8fbb2296f3bbf2c3dd4e044d30f0cd1a6e962ef85863ca,gx-no-cache=1458822453452 HTTP/1.1" 200 41
191.112.73.240 - - [24/Mar/2016:09:27:27 -0300] "POST /cormun/servlet/solicitudot?gx-no-cache=1458822457837 HTTP/1.1" 200 30
191.112.73.240 - - [24/Mar/2016:09:27:29 -0300] "GET /cormun/servlet/prcontratosol?7994956,,,,,MD,,gxPopupLevel%3D0%3B HTTP/1.1" 200 5742
191.112.73.240 - - [24/Mar/2016:09:27:29 -0300] "GET /cormun/static/Shared/jqueryui/jquery-ui.min.css?1345370 HTTP/1.1" 200 30288
191.112.73.240 - - [24/Mar/2016:09:27:29 -0300] "GET /cormun/static/gxcfg.js?2016141247819 HTTP/1.1" 200 953
191.112.73.240 - - [24/Mar/2016:09:27:29 -0300] "GET /cormun/static/prcontratosol.js?2016141247993 HTTP/1.1" 200 14084
191.112.73.240 - - [24/Mar/2016:09:27:29 -0300] "GET /cormun/static/hmpwkw011.js?201631021445036 HTTP/1.1" 200 1968
191.112.73.240 - - [24/Mar/2016:09:27:29 -0300] "GET /cormun/static/Resources/Spanish/PXTools.css?1423257 HTTP/1.1" 200 89042
191.112.73.240 - - [24/Mar/2016:09:27:31 -0300] "POST /cormun/servlet/solicitudot?gx-no-cache=1458822461911 HTTP/1.1" 200 1171
191.112.73.240 - - [24/Mar/2016:09:27:31 -0300] "GET /cormun/servlet/solicitudot?856394424386f48766a9e33af7080c17f3da60fde40f74ec50916b60bfe58f1372f1e8f60437fc42df6c6b943c533b76c251ba30fcbacf5841913018fa6e44deb570622774dda65a24408a6113b65514c120ceaeaaacb8b3cc1f8c4cb7825a105e9072e6c72af01e7e4207815e385b312b08e7fb4465a193a65875ef425ec24f9638dd913905eac89e8fbb2296f3bbf2c3dd4e044d30f0cd1a6e962ef85863ca,gx-no-cache=1458822462121 HTTP/1.1" 200 41
191.112.73.240 - - [24/Mar/2016:09:27:32 -0300] "GET /cormun/servlet/solicitudot?856394424386f48766a9e33af7080c174c2fa03c70194b9a1338f25e56fce4252eb43b7d0eff3e8c18453cc31f52ee9947743c95991a405d1fda35bc1cef46eb47d6e9863d1ab731b045c2b87e2aa1aae59eab56ca4ea85a5fe30c81c532ea2f31e29af5dbce2cf7dcd3ca934e1904fc93975ec4104c0c109ec86f2acd22b591b695e7594dc91555cf9eb37574333d752428e677839cfed1f377bfda7017ce51,gx-no-cache=1458822462260 HTTP/1.1" 200 29
191.112.73.240 - - [24/Mar/2016:09:27:32 -0300] "POST /cormun/servlet/solicitudot?gx-no-cache=1458822462363 HTTP/1.1" 200 1127
186.103.159.188 - - [24/Mar/2016:09:27:43 -0300] "POST /cormun/servlet/trcontratouno?d475ceeb4fe8b53fdf49c971c1dec718,,gx-no-cache=1458822601611 HTTP/1.1" 200 6275
191.112.73.240 - - [24/Mar/2016:09:27:48 -0300] "GET /cormun/servlet/solicitudot?856394424386f48766a9e33af7080c17e772babc21f2005be0c5148e4ffe5929820aa1c30068400b25bfdb0c67d47b81f8bf2c51be7cc84938dc51e64b43f56740396c11bb081e0ae65c39b8979b9e65600367579f0bbea2c5f45b2a65150ca0b197777fc6cb779d40bc306c0185b10f29673f5c6de6e0aad7a9230a0fe0fd51b12dcc42cd8cb1b3903fb79e7ab533773eb9da20582fc862ca29e50ceaaf58ec567922ab48f1a647f0b56b54f775ef6a,gx-no-cache=1458822478915 HTTP/1.1" 200 30
191.112.73.240 - - [24/Mar/2016:09:27:49 -0300] "POST /cormun/servlet/solicitudot?575a01f03566c2d322be2a4ab1d92b6c,UPD,2016,1106,,gx-no-cache=1458822479023 HTTP/1.1" 200 93
191.112.73.240 - - [24/Mar/2016:09:27:49 -0300] "GET /cormun/servlet/hpexe_return? HTTP/1.1" 200 1031
191.112.73.240 - - [24/Mar/2016:09:27:49 -0300] "GET /cormun/servlet/trsolicitudot?gx-no-cache=1458822448054 HTTP/1.1" 200 7786
191.112.73.240 - - [24/Mar/2016:09:27:50 -0300] "GET /cormun/servlet/trsolicitudot?gx-no-cache=1458822448054 HTTP/1.1" 200 7801
186.103.157.235 - - [24/Mar/2016:09:27:54 -0300] "POST /cormun/servlet/trcontratouno?34e672ee9b8e916e52902e2d2362126b,,gx-no-cache=1458822499511 HTTP/1.1" 200 12823
191.112.73.240 - - [24/Mar/2016:09:27:54 -0300] "POST /cormun/servlet/trsolicitudot?575a01f03566c2d322be2a4ab1d92b6c,gx-no-cache=1458822448054,gx-no-cache=1458822484855 HTTP/1.1" 200 105
191.112.73.240 - - [24/Mar/2016:09:27:55 -0300] "GET /cormun/servlet/solicitudot?UPD,2016,1106, HTTP/1.1" 200 13005
191.112.73.240 - - [24/Mar/2016:09:27:56 -0300] "GET /cormun/servlet/solicitudot?UPD,2016,1106, HTTP/1.1" 200 12993
191.112.73.240 - - [24/Mar/2016:09:27:56 -0300] "POST /cormun/servlet/solicitudot?gx-no-cache=1458822486746 HTTP/1.1" 200 2784
191.112.73.240 - - [24/Mar/2016:09:27:57 -0300] "POST /cormun/servlet/solicitudot?575a01f03566c2d322be2a4ab1d92b6c,UPD,2016,1106,,gx-no-cache=1458822487115 HTTP/1.1" 200 9239
191.112.73.240 - - [24/Mar/2016:09:27:57 -0300] "GET /cormun/servlet/solicitudot?856394424386f48766a9e33af7080c176310a82d8fa0b2ea434abeebe09d293382c041086dad0a4866cab1257f91e984,gx-no-cache=1458822487578 HTTP/1.1" 200 30
191.112.73.240 - - [24/Mar/2016:09:27:57 -0300] "POST /cormun/servlet/solicitudot?gx-no-cache=1458822487684 HTTP/1.1" 200 30
191.112.73.240 - - [24/Mar/2016:09:27:57 -0300] "POST /cormun/servlet/solicitudot?gx-no-cache=1458822487785 HTTP/1.1" 200 30
191.112.73.240 - - [24/Mar/2016:09:27:57 -0300] "POST /cormun/servlet/solicitudot?gx-no-cache=1458822487947 HTTP/1.1" 200 1171
191.112.73.240 - - [24/Mar/2016:09:27:57 -0300] "GET /cormun/servlet/solicitudot?856394424386f48766a9e33af7080c17f3da60fde40f74ec50916b60bfe58f1372f1e8f60437fc42df6c6b943c533b76c251ba30fcbacf5841913018fa6e44deb570622774dda65a24408a6113b65514c120ceaeaaacb8b3cc1f8c4cb7825a105e9072e6c72af01e7e4207815e385b312b08e7fb4465a193a65875ef425ec24f9638dd913905eac89e8fbb2296f3bbf2c3dd4e044d30f0cd1a6e962ef85863ca,gx-no-cache=1458822488162 HTTP/1.1" 200 41
191.112.73.240 - - [24/Mar/2016:09:28:00 -0300] "POST /cormun/servlet/solicitudot?575a01f03566c2d322be2a4ab1d92b6c,UPD,2016,1106,,gx-no-cache=1458822490046 HTTP/1.1" 200 93
191.112.73.240 - - [24/Mar/2016:09:28:00 -0300] "GET /cormun/servlet/hpexe_return? HTTP/1.1" 200 1031
191.112.73.240 - - [24/Mar/2016:09:28:00 -0300] "GET /cormun/servlet/trsolicitudot?gx-no-cache=1458822448054 HTTP/1.1" 200 7786
191.112.73.240 - - [24/Mar/2016:09:28:01 -0300] "GET /cormun/servlet/trsolicitudot?gx-no-cache=1458822448054 HTTP/1.1" 200 7801
191.112.73.240 - - [24/Mar/2016:09:28:03 -0300] "POST /cormun/servlet/trsolicitudot?575a01f03566c2d322be2a4ab1d92b6c,gx-no-cache=1458822448054,gx-no-cache=1458822493211 HTTP/1.1" 200 3842
191.112.73.240 - - [24/Mar/2016:09:28:03 -0300] "GET /cormun/static/Shared/jqueryui/images/ui-bg_highlight-soft_100_c6c2c8_1x100.png HTTP/1.1" 404 1117
191.112.73.240 - - [24/Mar/2016:09:28:03 -0300] "GET /cormun/static/Shared/jqueryui/images/ui-icons_8d78a5_256x240.png HTTP/1.1" 404 1089
191.112.73.240 - - [24/Mar/2016:09:28:03 -0300] "GET /cormun/static/Shared/jqueryui/images/ui-icons_82798d_256x240.png HTTP/1.1" 404 1089
191.112.73.240 - - [24/Mar/2016:09:28:03 -0300] "GET /cormun/static/Shared/jqueryui/images/ui-bg_flat_55_fafafa_40x100.png HTTP/1.1" 404 1097
191.112.73.240 - - [24/Mar/2016:09:28:03 -0300] "POST /cormun/servlet/trsolicitudot?575a01f03566c2d322be2a4ab1d92b6c,gx-no-cache=1458822448054,gx-no-cache=1458822493602 HTTP/1.1" 200 3685
186.103.159.188 - - [24/Mar/2016:09:28:06 -0300] "POST /cormun/servlet/trcontratouno?d475ceeb4fe8b53fdf49c971c1dec718,,gx-no-cache=1458822627164 HTTP/1.1" 200 6629
191.112.73.240 - - [24/Mar/2016:09:28:07 -0300] "GET /cormun/servlet/trautorizarsolicitud? HTTP/1.1" 200 7739
191.112.73.240 - - [24/Mar/2016:09:28:08 -0300] "GET /cormun/static/gxui/gxui-all.css?110300 HTTP/1.1" 200 2179
191.112.73.240 - - [24/Mar/2016:09:28:08 -0300] "GET /cormun/static/gxcfg.js?201632119361219 HTTP/1.1" 200 953
191.112.73.240 - - [24/Mar/2016:09:28:08 -0300] "GET /cormun/static/trautorizarsolicitud.js?20163211936186 HTTP/1.1" 200 44547
191.112.73.240 - - [24/Mar/2016:09:28:08 -0300] "GET /cormun/static/Shared/ext/resources/css/ext-all.css?205870 HTTP/1.1" 200 416045
191.112.73.240 - - [24/Mar/2016:09:28:09 -0300] "GET /cormun/servlet/trautorizarsolicitud? HTTP/1.1" 200 7718
191.112.73.240 - - [24/Mar/2016:09:28:14 -0300] "POST /cormun/servlet/trautorizarsolicitud?575a01f03566c2d322be2a4ab1d92b6c,,gx-no-cache=1458822504210 HTTP/1.1" 200 3824
191.112.73.240 - - [24/Mar/2016:09:28:14 -0300] "POST /cormun/servlet/trautorizarsolicitud?575a01f03566c2d322be2a4ab1d92b6c,,gx-no-cache=1458822504639 HTTP/1.1" 200 3667
186.103.159.188 - - [24/Mar/2016:09:28:34 -0300] "POST /cormun/servlet/trcontratouno?d475ceeb4fe8b53fdf49c971c1dec718,,gx-no-cache=1458822659258 HTTP/1.1" 200 6542
186.103.157.235 - - [24/Mar/2016:09:28:48 -0300] "POST /cormun/servlet/trcontratouno?34e672ee9b8e916e52902e2d2362126b,,gx-no-cache=1458822553670 HTTP/1.1" 200 12888
186.103.157.235 - - [24/Mar/2016:09:28:48 -0300] "GET /cormun/static/Shared/jqueryui/images/ui-bg_highlight-soft_100_c6c2c8_1x100.png HTTP/1.1" 404 1117
186.103.157.235 - - [24/Mar/2016:09:28:48 -0300] "GET /cormun/static/Shared/jqueryui/images/ui-icons_82798d_256x240.png HTTP/1.1" 404 1089
186.103.157.235 - - [24/Mar/2016:09:28:49 -0300] "GET /cormun/static/Shared/jqueryui/images/ui-bg_flat_55_fafafa_40x100.png HTTP/1.1" 404 1097
186.103.157.235 - - [24/Mar/2016:09:28:49 -0300] "GET /cormun/static/Shared/jqueryui/images/ui-icons_8d78a5_256x240.png HTTP/1.1" 404 1089
191.112.73.240 - - [24/Mar/2016:09:28:50 -0300] "GET /cormun/servlet/trcontratouno? HTTP/1.1" 200 9038
191.112.73.240 - - [24/Mar/2016:09:28:51 -0300] "GET /cormun/servlet/trcontratouno? HTTP/1.1" 200 9036
191.112.73.240 - - [24/Mar/2016:09:29:03 -0300] "POST /cormun/servlet/trcontratouno?575a01f03566c2d322be2a4ab1d92b6c,,gx-no-cache=1458822552216 HTTP/1.1" 200 12113
186.103.159.188 - - [24/Mar/2016:09:29:19 -0300] "POST /cormun/servlet/trcontratouno?d475ceeb4fe8b53fdf49c971c1dec718,,gx-no-cache=1458822709339 HTTP/1.1" 200 6295
191.112.73.240 - - [24/Mar/2016:09:29:22 -0300] "GET /cormun/servlet/trsolicitudot? HTTP/1.1" 200 6476
191.112.73.240 - - [24/Mar/2016:09:29:23 -0300] "GET /cormun/servlet/trsolicitudot? HTTP/1.1" 200 6476
191.112.73.240 - - [24/Mar/2016:09:29:31 -0300] "GET /cormun/servlet/trsolicitudot? HTTP/1.1" 200 6476
191.112.73.240 - - [24/Mar/2016:09:29:32 -0300] "GET /cormun/servlet/trsolicitudot? HTTP/1.1" 200 6476
191.112.73.240 - - [24/Mar/2016:09:29:37 -0300] "GET /cormun/servlet/solicitudot?INS,0,0, HTTP/1.1" 200 11702
191.112.73.240 - - [24/Mar/2016:09:29:38 -0300] "GET /cormun/servlet/solicitudot?INS,0,0, HTTP/1.1" 200 11707
191.112.73.240 - - [24/Mar/2016:09:29:41 -0300] "GET /cormun/servlet/prfichaempleado?,MD,,gxPopupLevel%3D0%3B HTTP/1.1" 200 7952
191.112.73.240 - - [24/Mar/2016:09:29:41 -0300] "GET /cormun/static/scaMessage/css/jquery-ui.css?104140 HTTP/1.1" 404 1045
191.112.73.240 - - [24/Mar/2016:09:29:41 -0300] "GET /cormun/static/scaMessage/css/jquery-ui.css?104140 HTTP/1.1" 404 1045
186.103.159.188 - - [24/Mar/2016:09:29:41 -0300] "POST /cormun/servlet/trcontratouno?d475ceeb4fe8b53fdf49c971c1dec718,,gx-no-cache=1458822732577 HTTP/1.1" 200 6456
191.112.73.240 - - [24/Mar/2016:09:29:49 -0300] "POST /cormun/servlet/prfichaempleado?575a01f03566c2d322be2a4ab1d92b6c,,MD,,gxPopupLevel%3D0%3B,gx-no-cache=1458822599241 HTTP/1.1" 200 2770
191.112.73.240 - - [24/Mar/2016:09:30:03 -0300] "POST /cormun/servlet/solicitudot?gx-no-cache=1458822613194 HTTP/1.1" 200 2774
191.112.73.240 - - [24/Mar/2016:09:30:03 -0300] "POST /cormun/servlet/solicitudot?575a01f03566c2d322be2a4ab1d92b6c,INS,0,0,,gx-no-cache=1458822613570 HTTP/1.1" 200 8500
191.112.73.240 - - [24/Mar/2016:09:30:05 -0300] "GET /cormun/servlet/solicitudot?856394424386f48766a9e33af7080c17774e428aca637f5c71f0e36d18736c6f36e7948c679017cee074b0195873b310,gx-no-cache=1458822615578 HTTP/1.1" 200 30
191.112.73.240 - - [24/Mar/2016:09:30:05 -0300] "POST /cormun/servlet/solicitudot?gx-no-cache=1458822615703 HTTP/1.1" 200 30
191.112.73.240 - - [24/Mar/2016:09:30:09 -0300] "POST /cormun/servlet/solicitudot?gx-no-cache=1458822619622 HTTP/1.1" 200 122
191.112.73.240 - - [24/Mar/2016:09:30:15 -0300] "POST /cormun/servlet/solicitudot?gx-no-cache=1458822625389 HTTP/1.1" 200 30
191.112.73.240 - - [24/Mar/2016:09:30:17 -0300] "GET /cormun/servlet/prcontratosol?16285983,,,,,MD,,gxPopupLevel%3D0%3B HTTP/1.1" 200 5411
191.112.8.11 - - [24/Mar/2016:09:30:20 -0300] "GET /cormun/servlet/trautorizarsolicitud? HTTP/1.1" 200 5903
191.112.8.11 - - [24/Mar/2016:09:30:20 -0300] "GET /cormun/static/gxcfg.js?201632119361219 HTTP/1.1" 304 -
191.112.8.11 - - [24/Mar/2016:09:30:20 -0300] "GET /cormun/static/messages.spa.js?85251 HTTP/1.1" 304 -
191.112.8.11 - - [24/Mar/2016:09:30:21 -0300] "GET /cormun/servlet/trautorizarsolicitud? HTTP/1.1" 200 5914
191.112.8.11 - - [24/Mar/2016:09:30:21 -0300] "GET /cormun/servlet/hlogin HTTP/1.1" 200 1737
191.112.8.11 - - [24/Mar/2016:09:30:22 -0300] "GET /cormun/static/gxcfg.js?20151120045111 HTTP/1.1" 304 -
191.112.8.11 - - [24/Mar/2016:09:30:24 -0300] "POST /cormun/servlet/hlogin?7718067450cb49d644eac126960ad047,gx-no-cache=1458826247704 HTTP/1.1" 200 90
191.112.8.11 - - [24/Mar/2016:09:30:24 -0300] "GET /cormun/servlet/hpexe_link HTTP/1.1" 200 958
191.112.8.11 - - [24/Mar/2016:09:30:24 -0300] "GET /cormun/static/gxcfg.js?20151120044395 HTTP/1.1" 304 -
191.112.8.11 - - [24/Mar/2016:09:30:25 -0300] "GET /cormun/servlet/trautorizarsolicitud HTTP/1.1" 200 6182
191.112.8.11 - - [24/Mar/2016:09:30:26 -0300] "GET /cormun/servlet/trautorizarsolicitud HTTP/1.1" 200 6180
191.112.8.11 - - [24/Mar/2016:09:30:32 -0300] "GET /cormun/static/menuarrow.gif HTTP/1.1" 404 1015
191.112.73.240 - - [24/Mar/2016:09:30:36 -0300] "POST /cormun/servlet/solicitudot?gx-no-cache=1458822646232 HTTP/1.1" 200 1171
191.112.73.240 - - [24/Mar/2016:09:30:36 -0300] "GET /cormun/servlet/solicitudot?856394424386f48766a9e33af7080c17f3da60fde40f74ec50916b60bfe58f1372f1e8f60437fc42df6c6b943c533b76c251ba30fcbacf5841913018fa6e44deb570622774dda65a24408a6113b65514c120ceaeaaacb8b3cc1f8c4cb7825a105e9072e6c72af01e7e4207815e385b312b08e7fb4465a193a65875ef425ec24febfe3d58be36653286012ed4ef440093,gx-no-cache=1458822646395 HTTP/1.1" 200 38
191.112.73.240 - - [24/Mar/2016:09:30:36 -0300] "GET /cormun/servlet/solicitudot?856394424386f48766a9e33af7080c1765e24da8f883f1cc4248dcecac3e4c424b542d630b7415837c1c7f703e463fb39353f477e12bd2f44c1af0bfa97bc029735e00ddb4b04f64df7842551a5f704030c1c3a3ee206144bf8a0587912a2c5ce6a815754d16ea352f1c2fb6c03cf823332313b917822ad879dcada76c5140b953584f2851848b1ce1e7c505f6d5d8c1ff26492bee828e54ca70cc6001fa791f,gx-no-cache=1458822646514 HTTP/1.1" 200 29
191.112.73.240 - - [24/Mar/2016:09:30:36 -0300] "POST /cormun/servlet/solicitudot?gx-no-cache=1458822646600 HTTP/1.1" 200 1127
191.112.8.11 - - [24/Mar/2016:09:30:40 -0300] "POST /cormun/servlet/trautorizarsolicitud?7718067450cb49d644eac126960ad047,gx-no-cache=1458826263147 HTTP/1.1" 200 6633
186.103.159.188 - - [24/Mar/2016:09:30:42 -0300] "POST /cormun/servlet/trcontratouno?d475ceeb4fe8b53fdf49c971c1dec718,,gx-no-cache=1458822801886 HTTP/1.1" 200 6524
191.112.8.11 - - [24/Mar/2016:09:30:46 -0300] "POST /cormun/servlet/trautorizarsolicitud?7718067450cb49d644eac126960ad047,gx-no-cache=1458826269260 HTTP/1.1" 200 6394
191.112.8.11 - - [24/Mar/2016:09:30:47 -0300] "GET /cormun/static/Shared/jqueryui/images/ui-bg_highlight-soft_100_c6c2c8_1x100.png HTTP/1.1" 404 1117
191.112.8.11 - - [24/Mar/2016:09:30:47 -0300] "GET /cormun/static/Shared/jqueryui/images/ui-icons_82798d_256x240.png HTTP/1.1" 404 1089
191.112.8.11 - - [24/Mar/2016:09:30:47 -0300] "GET /cormun/static/Shared/jqueryui/images/ui-bg_flat_55_fafafa_40x100.png HTTP/1.1" 404 1097
191.112.8.11 - - [24/Mar/2016:09:30:47 -0300] "GET /cormun/static/Shared/jqueryui/images/ui-icons_8d78a5_256x240.png HTTP/1.1" 404 1089
191.112.8.11 - - [24/Mar/2016:09:30:48 -0300] "POST /cormun/servlet/trautorizarsolicitud?7718067450cb49d644eac126960ad047,gx-no-cache=1458826270324 HTTP/1.1" 200 6337
191.112.8.11 - - [24/Mar/2016:09:30:55 -0300] "POST /cormun/servlet/trautorizarsolicitud?7718067450cb49d644eac126960ad047,gx-no-cache=1458826278156 HTTP/1.1" 200 6111
191.112.8.11 - - [24/Mar/2016:09:30:56 -0300] "POST /cormun/servlet/trautorizarsolicitud?7718067450cb49d644eac126960ad047,gx-no-cache=1458826279068 HTTP/1.1" 200 6055
191.112.8.11 - - [24/Mar/2016:09:31:04 -0300] "POST /cormun/servlet/trautorizarsolicitud?7718067450cb49d644eac126960ad047,gx-no-cache=1458826287584 HTTP/1.1" 200 5809
191.112.8.11 - - [24/Mar/2016:09:31:05 -0300] "POST /cormun/servlet/trautorizarsolicitud?7718067450cb49d644eac126960ad047,gx-no-cache=1458826288287 HTTP/1.1" 200 5751
191.112.73.240 - - [24/Mar/2016:09:31:14 -0300] "POST /cormun/servlet/solicitudot?gx-no-cache=1458822685115 HTTP/1.1" 200 122
191.112.73.240 - - [24/Mar/2016:09:31:21 -0300] "POST /cormun/servlet/solicitudot?gx-no-cache=1458822691230 HTTP/1.1" 200 30
186.103.159.188 - - [24/Mar/2016:09:31:22 -0300] "POST /cormun/servlet/trcontratouno?d475ceeb4fe8b53fdf49c971c1dec718,,gx-no-cache=1458822846809 HTTP/1.1" 200 6608
191.112.73.240 - - [24/Mar/2016:09:31:24 -0300] "GET /cormun/servlet/prcontratosol?16285983,,,,,MD,,gxPopupLevel%3D0%3B HTTP/1.1" 200 5411
186.103.159.188 - - [24/Mar/2016:09:31:33 -0300] "POST /cormun/servlet/trcontratouno?d475ceeb4fe8b53fdf49c971c1dec718,,gx-no-cache=1458822858221 HTTP/1.1" 200 6993
191.112.73.240 - - [24/Mar/2016:09:31:47 -0300] "POST /cormun/servlet/solicitudot?gx-no-cache=1458822717840 HTTP/1.1" 200 1171
191.112.73.240 - - [24/Mar/2016:09:31:47 -0300] "GET /cormun/servlet/solicitudot?856394424386f48766a9e33af7080c17f3da60fde40f74ec50916b60bfe58f1372f1e8f60437fc42df6c6b943c533b76c251ba30fcbacf5841913018fa6e44deb570622774dda65a24408a6113b65514c120ceaeaaacb8b3cc1f8c4cb7825a105e9072e6c72af01e7e4207815e385b312b08e7fb4465a193a65875ef425ec24febfe3d58be36653286012ed4ef440093,gx-no-cache=1458822718156 HTTP/1.1" 200 38
191.112.73.240 - - [24/Mar/2016:09:31:48 -0300] "POST /cormun/servlet/solicitudot?gx-no-cache=1458822718236 HTTP/1.1" 200 1127
191.112.73.240 - - [24/Mar/2016:09:31:52 -0300] "GET /cormun/static/menuarrow.gif HTTP/1.1" 404 1015
191.112.73.240 - - [24/Mar/2016:09:31:55 -0300] "GET /cormun/servlet/prcontratosol?16285983,,,,,MD,,gxPopupLevel%3D0%3B HTTP/1.1" 200 5411
191.112.73.240 - - [24/Mar/2016:09:32:02 -0300] "POST /cormun/servlet/solicitudot?575a01f03566c2d322be2a4ab1d92b6c,INS,0,0,,gx-no-cache=1458822732279 HTTP/1.1" 200 93
191.112.73.240 - - [24/Mar/2016:09:32:02 -0300] "GET /cormun/servlet/hpexe_return? HTTP/1.1" 200 1005
191.112.73.240 - - [24/Mar/2016:09:32:02 -0300] "GET /cormun/servlet/trsolicitudot HTTP/1.1" 200 6480
191.112.73.240 - - [24/Mar/2016:09:32:03 -0300] "GET /cormun/servlet/trsolicitudot HTTP/1.1" 200 6476
191.112.73.240 - - [24/Mar/2016:09:32:05 -0300] "GET /cormun/servlet/solicitudot?INS,0,0, HTTP/1.1" 200 11702
191.112.73.240 - - [24/Mar/2016:09:32:06 -0300] "GET /cormun/servlet/solicitudot?INS,0,0, HTTP/1.1" 200 11707
191.112.73.240 - - [24/Mar/2016:09:32:08 -0300] "GET /cormun/servlet/prfichaempleado?,MD,,gxPopupLevel%3D0%3B HTTP/1.1" 200 7952
191.112.73.240 - - [24/Mar/2016:09:32:08 -0300] "GET /cormun/static/scaMessage/css/jquery-ui.css?104140 HTTP/1.1" 404 1045
186.103.159.188 - - [24/Mar/2016:09:32:10 -0300] "POST /cormun/servlet/trcontratouno?d475ceeb4fe8b53fdf49c971c1dec718,,gx-no-cache=1458822901257 HTTP/1.1" 200 6893
186.103.157.235 - - [24/Mar/2016:09:32:15 -0300] "GET /cormun/servlet/trsolicitudot? HTTP/1.1" 200 6458
191.112.73.240 - - [24/Mar/2016:09:32:16 -0300] "POST /cormun/servlet/prfichaempleado?575a01f03566c2d322be2a4ab1d92b6c,,MD,,gxPopupLevel%3D0%3B,gx-no-cache=1458822746014 HTTP/1.1" 200 2770
186.103.157.235 - - [24/Mar/2016:09:32:17 -0300] "GET /cormun/servlet/trsolicitudot? HTTP/1.1" 200 6458
191.112.73.240 - - [24/Mar/2016:09:32:18 -0300] "POST /cormun/servlet/solicitudot?gx-no-cache=1458822748844 HTTP/1.1" 200 2774
191.112.73.240 - - [24/Mar/2016:09:32:19 -0300] "POST /cormun/servlet/solicitudot?575a01f03566c2d322be2a4ab1d92b6c,INS,0,0,,gx-no-cache=1458822749207 HTTP/1.1" 200 8501
186.103.157.235 - - [24/Mar/2016:09:32:21 -0300] "GET /cormun/servlet/solicitudot?INS,0,0, HTTP/1.1" 200 11667
186.103.157.235 - - [24/Mar/2016:09:32:22 -0300] "GET /cormun/static/gxcfg.js?201631710541238 HTTP/1.1" 200 953
186.103.157.235 - - [24/Mar/2016:09:32:22 -0300] "GET /cormun/static/Resources/Spanish/PXTools.css?22445990 HTTP/1.1" 200 89042
186.103.157.235 - - [24/Mar/2016:09:32:22 -0300] "GET /cormun/static/Resources/prompt.gif HTTP/1.1" 200 902
186.103.157.235 - - [24/Mar/2016:09:32:22 -0300] "GET /cormun/static/solicitudot.js?201631710541292 HTTP/1.1" 200 45515
186.103.157.235 - - [24/Mar/2016:09:32:23 -0300] "GET /cormun/servlet/solicitudot?INS,0,0, HTTP/1.1" 200 11671
191.112.73.240 - - [24/Mar/2016:09:32:24 -0300] "GET /cormun/servlet/solicitudot?856394424386f48766a9e33af7080c17774e428aca637f5c71f0e36d18736c6f36e7948c679017cee074b0195873b310,gx-no-cache=1458822754746 HTTP/1.1" 200 30
191.112.73.240 - - [24/Mar/2016:09:32:24 -0300] "POST /cormun/servlet/solicitudot?gx-no-cache=1458822754921 HTTP/1.1" 200 30
191.112.73.240 - - [24/Mar/2016:09:32:27 -0300] "POST /cormun/servlet/solicitudot?gx-no-cache=1458822757667 HTTP/1.1" 200 30
186.103.157.235 - - [24/Mar/2016:09:32:28 -0300] "POST /cormun/servlet/solicitudot?gx-no-cache=1458822774802 HTTP/1.1" 200 2781
191.112.73.240 - - [24/Mar/2016:09:32:29 -0300] "GET /cormun/servlet/prcontratosol?16285983,,,,,MD,,gxPopupLevel%3D0%3B HTTP/1.1" 200 5411
186.103.157.235 - - [24/Mar/2016:09:32:29 -0300] "POST /cormun/servlet/solicitudot?34e672ee9b8e916e52902e2d2362126b,INS,0,0,,gx-no-cache=1458822775114 HTTP/1.1" 200 8484
191.112.73.240 - - [24/Mar/2016:09:32:32 -0300] "POST /cormun/servlet/solicitudot?gx-no-cache=1458822762214 HTTP/1.1" 200 1171
191.112.73.240 - - [24/Mar/2016:09:32:32 -0300] "GET /cormun/servlet/solicitudot?856394424386f48766a9e33af7080c17f3da60fde40f74ec50916b60bfe58f1372f1e8f60437fc42df6c6b943c533b76c251ba30fcbacf5841913018fa6e44deb570622774dda65a24408a6113b65514c120ceaeaaacb8b3cc1f8c4cb7825a105e9072e6c72af01e7e4207815e385b312b08e7fb4465a193a65875ef425ec24febfe3d58be36653286012ed4ef440093,gx-no-cache=1458822762368 HTTP/1.1" 200 38
191.112.73.240 - - [24/Mar/2016:09:32:32 -0300] "GET /cormun/servlet/solicitudot?856394424386f48766a9e33af7080c1765e24da8f883f1cc4248dcecac3e4c424b542d630b7415837c1c7f703e463fb39353f477e12bd2f44c1af0bfa97bc029735e00ddb4b04f64df7842551a5f704030c1c3a3ee206144bf8a0587912a2c5ce6a815754d16ea352f1c2fb6c03cf823332313b917822ad879dcada76c5140b953584f2851848b1ce1e7c505f6d5d8c1ff26492bee828e54ca70cc6001fa791f,gx-no-cache=1458822762492 HTTP/1.1" 200 29
191.112.73.240 - - [24/Mar/2016:09:32:32 -0300] "POST /cormun/servlet/solicitudot?gx-no-cache=1458822762645 HTTP/1.1" 200 1127
191.112.73.240 - - [24/Mar/2016:09:32:34 -0300] "GET /cormun/servlet/prsolicitudot?16285983,,,,,MD,,gxPopupLevel%3D0%3B HTTP/1.1" 200 5819
191.112.73.240 - - [24/Mar/2016:09:32:34 -0300] "GET /cormun/static/gxcfg.js?201631022393559 HTTP/1.1" 200 953
191.112.73.240 - - [24/Mar/2016:09:32:34 -0300] "GET /cormun/static/prsolicitudot.js?201631022393730 HTTP/1.1" 200 12855
191.112.73.240 - - [24/Mar/2016:09:32:36 -0300] "POST /cormun/servlet/acontrolpreferencessavestate?None,EVALENZUELA,true HTTP/1.1" 200 35
186.103.157.235 - - [24/Mar/2016:09:32:36 -0300] "GET /cormun/servlet/solicitudot?7d1358830ee0472fc92d154d958a7cff19855d7eefed39e4f4abca36b32bc46cd6936044a8194a3efc4d16c9ca9fdbf7,gx-no-cache=1458822782540 HTTP/1.1" 200 30
186.103.157.235 - - [24/Mar/2016:09:32:36 -0300] "POST /cormun/servlet/solicitudot?gx-no-cache=1458822782618 HTTP/1.1" 200 30
186.103.157.235 - - [24/Mar/2016:09:32:36 -0300] "POST /cormun/servlet/solicitudot?gx-no-cache=1458822782665 HTTP/1.1" 200 33
186.103.157.235 - - [24/Mar/2016:09:32:36 -0300] "POST /cormun/servlet/solicitudot?gx-no-cache=1458822782727 HTTP/1.1" 200 452
186.103.157.235 - - [24/Mar/2016:09:32:36 -0300] "GET /cormun/servlet/solicitudot?7d1358830ee0472fc92d154d958a7cffee50f03543412874a07b506ea59dcf0845532f8d0e36b2f3f4df7a47920a5ffa3d0bd353555e6e6cf8ec50f3375badcd4862391c801da952faf1323337a3a733032f47841c34f48de44c38272ce120367225e01c6f6dedae8b295b43d54e7f33bd73996c9385c3c66e438010333befbbf57c05dd32e291632f507bb43a4adfec,gx-no-cache=1458822782805 HTTP/1.1" 200 38
186.103.159.188 - - [24/Mar/2016:09:32:37 -0300] "POST /cormun/servlet/trcontratouno?d475ceeb4fe8b53fdf49c971c1dec718,,gx-no-cache=1458822929074 HTTP/1.1" 200 6745
186.103.157.235 - - [24/Mar/2016:09:32:48 -0300] "GET /cormun/servlet/solicitudot?7d1358830ee0472fc92d154d958a7cff9558acdc42375da276e670a8ef8c78b80a61adc18a187f603eec8e4909d92b944205e54a14625a95daa64bf6cf57c0b914a45e924ad40df05e423f0e6e8645496f0830dd81afcbd0ea0bd6bd55fed85b7e99ade95d850291be0c63517191c106,gx-no-cache=1458822794459 HTTP/1.1" 200 29
186.103.157.235 - - [24/Mar/2016:09:32:50 -0300] "POST /cormun/servlet/solicitudot?gx-no-cache=1458822796502 HTTP/1.1" 200 1128
186.103.159.188 - - [24/Mar/2016:09:33:00 -0300] "POST /cormun/servlet/trcontratouno?d475ceeb4fe8b53fdf49c971c1dec718,,gx-no-cache=1458822956837 HTTP/1.1" 200 6962
191.112.73.240 - - [24/Mar/2016:09:33:08 -0300] "POST /cormun/servlet/solicitudot?gx-no-cache=1458822798928 HTTP/1.1" 200 30
191.112.73.240 - - [24/Mar/2016:09:33:13 -0300] "POST /cormun/servlet/solicitudot?gx-no-cache=1458822803509 HTTP/1.1" 200 30
186.103.157.235 - - [24/Mar/2016:09:33:15 -0300] "GET /cormun/static/menuarrow.gif HTTP/1.1" 404 1015
186.103.157.235 - - [24/Mar/2016:09:33:28 -0300] "GET /cormun/servlet/solicitudot?7d1358830ee0472fc92d154d958a7cff64ac61af5deac7bda205bcf2af68a0a1ffa252719c11c2c972281b7bb55ffe8a063252788a4303f10bcd5ed93557361cf5c1ecfb49d95b2b3ebdcb321720b83cc78282f1ae5cd545f8ce9aa4f06fab35eafc92fbabb5b4ac6e7ab3b4a5899f5547b592adcb78716c19a97fced7f9387db6df17650df5905203a681dc09d75dd9e3934ff53205f1c2bad17d167e48781d805a31ccf41d0bd7107a93d2be952c4f,gx-no-cache=1458822834183 HTTP/1.1" 200 30
186.103.157.235 - - [24/Mar/2016:09:33:28 -0300] "POST /cormun/servlet/solicitudot?34e672ee9b8e916e52902e2d2362126b,INS,0,0,,gx-no-cache=1458822834277 HTTP/1.1" 200 93
186.103.157.235 - - [24/Mar/2016:09:33:28 -0300] "GET /cormun/servlet/hpexe_return? HTTP/1.1" 200 1011
186.103.157.235 - - [24/Mar/2016:09:33:28 -0300] "GET /cormun/static/gxcfg.js?2015111312145050 HTTP/1.1" 200 953
186.103.157.235 - - [24/Mar/2016:09:33:28 -0300] "GET /cormun/static/hpexe_return.js?2015111312145056 HTTP/1.1" 200 1633
186.103.157.235 - - [24/Mar/2016:09:33:28 -0300] "GET /cormun/static/Resources/Spanish/PXTools.css?12112540 HTTP/1.1" 200 89042
186.103.157.235 - - [24/Mar/2016:09:33:29 -0300] "GET /cormun/servlet/trsolicitudot HTTP/1.1" 200 6461
186.103.157.235 - - [24/Mar/2016:09:33:30 -0300] "GET /cormun/servlet/trsolicitudot HTTP/1.1" 200 6458
186.103.159.188 - - [24/Mar/2016:09:33:33 -0300] "POST /cormun/servlet/trcontratouno?d475ceeb4fe8b53fdf49c971c1dec718,,gx-no-cache=1458822992384 HTTP/1.1" 200 7063
186.103.157.235 - - [24/Mar/2016:09:33:37 -0300] "POST /cormun/servlet/trsolicitudot?34e672ee9b8e916e52902e2d2362126b,gx-no-cache=1458822843902 HTTP/1.1" 200 5110
186.103.157.235 - - [24/Mar/2016:09:33:38 -0300] "GET /cormun//static/Resources/PXToolsActionView.png HTTP/1.1" 200 2995
186.103.157.235 - - [24/Mar/2016:09:33:38 -0300] "GET /cormun//static/Resources/PXToolsGridUpdate.png HTTP/1.1" 200 2984
186.103.157.235 - - [24/Mar/2016:09:33:38 -0300] "GET /cormun//static/Resources/PXToolsGridDelete.png HTTP/1.1" 200 357
186.103.157.235 - - [24/Mar/2016:09:33:38 -0300] "GET /cormun//static/Resources/PXToolsRemoveAllAction.png HTTP/1.1" 200 3558
186.103.157.235 - - [24/Mar/2016:09:33:38 -0300] "GET /cormun//static/Resources/PXTools/ActionInsert.png HTTP/1.1" 200 1482
191.112.73.240 - - [24/Mar/2016:09:33:42 -0300] "POST /cormun/servlet/solicitudot?gx-no-cache=1458822832703 HTTP/1.1" 200 30
186.103.157.235 - - [24/Mar/2016:09:33:45 -0300] "POST /cormun/servlet/trsolicitudot?34e672ee9b8e916e52902e2d2362126b,gx-no-cache=1458822851468 HTTP/1.1" 200 5327
191.112.73.240 - - [24/Mar/2016:09:33:45 -0300] "GET /cormun/servlet/prcontratosol?16285983,,,,,MD,,gxPopupLevel%3D0%3B HTTP/1.1" 200 5416
191.112.73.240 - - [24/Mar/2016:09:33:48 -0300] "POST /cormun/servlet/solicitudot?gx-no-cache=1458822838415 HTTP/1.1" 200 1171
191.112.73.240 - - [24/Mar/2016:09:33:48 -0300] "GET /cormun/servlet/solicitudot?856394424386f48766a9e33af7080c17f3da60fde40f74ec50916b60bfe58f1372f1e8f60437fc42df6c6b943c533b76c251ba30fcbacf5841913018fa6e44deb570622774dda65a24408a6113b65514c120ceaeaaacb8b3cc1f8c4cb7825a105e9072e6c72af01e7e4207815e385b312b08e7fb4465a193a65875ef425ec24f9638dd913905eac89e8fbb2296f3bbf2c3dd4e044d30f0cd1a6e962ef85863ca,gx-no-cache=1458822838627 HTTP/1.1" 200 41
191.112.73.240 - - [24/Mar/2016:09:33:48 -0300] "POST /cormun/servlet/solicitudot?gx-no-cache=1458822838723 HTTP/1.1" 200 1127
191.112.73.240 - - [24/Mar/2016:09:33:49 -0300] "GET /cormun/servlet/prsolicitudot?16285983,,,,,MD,,gxPopupLevel%3D0%3B HTTP/1.1" 200 5822
191.112.73.240 - - [24/Mar/2016:09:33:54 -0300] "GET /cormun/servlet/prfichaempleado?,MD,,gxPopupLevel%3D0%3B HTTP/1.1" 200 7956
191.112.73.240 - - [24/Mar/2016:09:33:54 -0300] "GET /cormun/static/scaMessage/css/jquery-ui.css?104140 HTTP/1.1" 404 1045
191.112.73.240 - - [24/Mar/2016:09:33:55 -0300] "GET /cormun/static/scaMessage/css/jquery-ui.css?104140 HTTP/1.1" 404 1045
186.103.159.188 - - [24/Mar/2016:09:34:01 -0300] "POST /cormun/servlet/trcontratouno?d475ceeb4fe8b53fdf49c971c1dec718,,gx-no-cache=1458823023531 HTTP/1.1" 200 7025
191.112.73.240 - - [24/Mar/2016:09:34:03 -0300] "POST /cormun/servlet/prfichaempleado?575a01f03566c2d322be2a4ab1d92b6c,,MD,,gxPopupLevel%3D0%3B,gx-no-cache=1458822853117 HTTP/1.1" 200 2772
191.112.73.240 - - [24/Mar/2016:09:34:07 -0300] "POST /cormun/servlet/solicitudot?gx-no-cache=1458822857426 HTTP/1.1" 200 1169
191.112.73.240 - - [24/Mar/2016:09:34:13 -0300] "POST /cormun/servlet/solicitudot?gx-no-cache=1458822863442 HTTP/1.1" 200 1127
191.112.73.240 - - [24/Mar/2016:09:34:13 -0300] "GET /cormun/servlet/solicitudot?856394424386f48766a9e33af7080c17e834ef59c2240e53d791729737951700d829710296251a905d87bba8b867b793d571ca75bbfa43b03cad7776fa55ed3bcbab050243801b285b2cf4a8d9681e785ddf909afc86aa7b8844137d7a54f259036e28894803d7be605b2a7398c292cb93975ec4104c0c109ec86f2acd22b59190d245ad01650426b2b816073923227505a246cba59e2e4e9822e9dca05b650298f62ddda6948401bdda9244a297a92336e7948c679017cee074b0195873b310,gx-no-cache=1458822863679 HTTP/1.1" 200 30
191.112.73.240 - - [24/Mar/2016:09:34:14 -0300] "POST /cormun/servlet/solicitudot?575a01f03566c2d322be2a4ab1d92b6c,INS,0,0,,gx-no-cache=1458822863798 HTTP/1.1" 200 9434
191.112.73.240 - - [24/Mar/2016:09:34:14 -0300] "GET /cormun/static/Shared/jqueryui/images/ui-bg_highlight-soft_100_c6c2c8_1x100.png HTTP/1.1" 404 1117
191.112.73.240 - - [24/Mar/2016:09:34:14 -0300] "GET /cormun/static/Shared/jqueryui/images/ui-bg_flat_55_994d53_40x100.png HTTP/1.1" 404 1097
191.112.73.240 - - [24/Mar/2016:09:34:14 -0300] "GET /cormun/static/Shared/jqueryui/images/ui-icons_ebccce_256x240.png HTTP/1.1" 404 1089
191.112.73.240 - - [24/Mar/2016:09:34:14 -0300] "GET /cormun/static/Shared/jqueryui/images/ui-icons_82798d_256x240.png HTTP/1.1" 404 1089
191.112.73.240 - - [24/Mar/2016:09:34:17 -0300] "GET /cormun/static/menuarrow.gif HTTP/1.1" 404 1015
186.103.157.235 - - [24/Mar/2016:09:34:18 -0300] "POST /cormun/servlet/trsolicitudot?34e672ee9b8e916e52902e2d2362126b,gx-no-cache=1458822884189 HTTP/1.1" 200 105
186.103.157.235 - - [24/Mar/2016:09:34:18 -0300] "GET /cormun/servlet/solicitudot?DLT,2016,1107, HTTP/1.1" 200 8608
186.103.157.235 - - [24/Mar/2016:09:34:19 -0300] "GET /cormun/servlet/solicitudot?DLT,2016,1107, HTTP/1.1" 200 8617
186.103.159.188 - - [24/Mar/2016:09:34:29 -0300] "POST /cormun/servlet/trcontratouno?d475ceeb4fe8b53fdf49c971c1dec718,,gx-no-cache=1458823056487 HTTP/1.1" 200 7077
186.103.157.235 - - [24/Mar/2016:09:34:33 -0300] "POST /cormun/servlet/solicitudot?34e672ee9b8e916e52902e2d2362126b,DLT,2016,1107,,gx-no-cache=1458822898946 HTTP/1.1" 200 93
186.103.157.235 - - [24/Mar/2016:09:34:33 -0300] "GET /cormun/servlet/hpexe_return? HTTP/1.1" 200 1038
186.103.157.235 - - [24/Mar/2016:09:34:33 -0300] "GET /cormun/servlet/trsolicitudot?gx-no-cache=1458822851468 HTTP/1.1" 200 6460
186.103.157.235 - - [24/Mar/2016:09:34:35 -0300] "GET /cormun/servlet/trsolicitudot?gx-no-cache=1458822851468 HTTP/1.1" 200 6479
186.103.157.235 - - [24/Mar/2016:09:34:38 -0300] "GET /cormun/servlet/solicitudot?INS,0,0, HTTP/1.1" 200 11688
186.103.157.235 - - [24/Mar/2016:09:34:39 -0300] "GET /cormun/servlet/solicitudot?INS,0,0, HTTP/1.1" 200 11671
186.103.157.235 - - [24/Mar/2016:09:34:47 -0300] "POST /cormun/servlet/solicitudot?gx-no-cache=1458822913221 HTTP/1.1" 200 2781
186.103.157.235 - - [24/Mar/2016:09:34:47 -0300] "POST /cormun/servlet/solicitudot?34e672ee9b8e916e52902e2d2362126b,INS,0,0,,gx-no-cache=1458822913548 HTTP/1.1" 200 8507
186.103.159.188 - - [24/Mar/2016:09:34:50 -0300] "POST /cormun/servlet/trcontratouno?d475ceeb4fe8b53fdf49c971c1dec718,,gx-no-cache=1458823080219 HTTP/1.1" 200 7069
186.103.157.235 - - [24/Mar/2016:09:35:02 -0300] "GET /cormun/servlet/solicitudot?7d1358830ee0472fc92d154d958a7cff19855d7eefed39e4f4abca36b32bc46cd6936044a8194a3efc4d16c9ca9fdbf7,gx-no-cache=1458822928524 HTTP/1.1" 200 30
186.103.157.235 - - [24/Mar/2016:09:35:02 -0300] "POST /cormun/servlet/solicitudot?gx-no-cache=1458822928618 HTTP/1.1" 200 30
186.103.157.235 - - [24/Mar/2016:09:35:06 -0300] "POST /cormun/servlet/solicitudot?gx-no-cache=1458822932830 HTTP/1.1" 200 30
186.103.157.235 - - [24/Mar/2016:09:35:10 -0300] "POST /cormun/servlet/solicitudot?gx-no-cache=1458822936980 HTTP/1.1" 200 452
186.103.157.235 - - [24/Mar/2016:09:35:11 -0300] "GET /cormun/servlet/solicitudot?7d1358830ee0472fc92d154d958a7cffee50f03543412874a07b506ea59dcf0845532f8d0e36b2f3f4df7a47920a5ffa3d0bd353555e6e6cf8ec50f3375badcd4862391c801da952faf1323337a3a733032f47841c34f48de44c38272ce120367225e01c6f6dedae8b295b43d54e7f33bd73996c9385c3c66e438010333befbbf57c05dd32e291632f507bb43a4adfec,gx-no-cache=1458822937058 HTTP/1.1" 200 38
186.103.159.188 - - [24/Mar/2016:09:35:12 -0300] "POST /cormun/servlet/trcontratouno?d475ceeb4fe8b53fdf49c971c1dec718,,gx-no-cache=1458823105124 HTTP/1.1" 200 7401
186.103.157.235 - - [24/Mar/2016:09:35:15 -0300] "GET /cormun/servlet/solicitudot?7d1358830ee0472fc92d154d958a7cff9558acdc42375da276e670a8ef8c78b80a61adc18a187f603eec8e4909d92b944205e54a14625a95daa64bf6cf57c0b914a45e924ad40df05e423f0e6e8645496f0830dd81afcbd0ea0bd6bd55fed85b7e99ade95d850291be0c63517191c106,gx-no-cache=1458822941316 HTTP/1.1" 200 29
