186.103.157.235 - - [24/Mar/2016:08:54:07 -0300] "GET /cormun/static/calendar-system.css?85620 HTTP/1.1" 200 5572
186.103.157.235 - - [24/Mar/2016:08:54:07 -0300] "GET /cormun/static/gxui/gxui-all.css?120300 HTTP/1.1" 200 2179
186.103.157.235 - - [24/Mar/2016:08:54:07 -0300] "GET /cormun/static/gxcfg.js?201631021481342 HTTP/1.1" 200 953
186.103.157.235 - - [24/Mar/2016:08:54:07 -0300] "GET /cormun/static/calendar.js?85251 HTTP/1.1" 200 26246
186.103.157.235 - - [24/Mar/2016:08:54:07 -0300] "GET /cormun/static/calendar-setup.js?85251 HTTP/1.1" 200 2588
186.103.157.235 - - [24/Mar/2016:08:54:07 -0300] "GET /cormun/static/calendar-es.js?85251 HTTP/1.1" 200 1901
192.168.10.98 - - [24/Mar/2016:08:54:07 -0300] "GET /cormun/servlet/trsolicitudot? HTTP/1.1" 200 6384
186.103.157.235 - - [24/Mar/2016:08:54:07 -0300] "GET /cormun/static/Shared/ext/resources/css/ext-all.css?215870 HTTP/1.1" 200 416045
186.103.157.235 - - [24/Mar/2016:08:54:07 -0300] "GET /cormun/static/Resources/Spanish/PXTools.css?2139548 HTTP/1.1" 200 89042
192.168.10.89 - - [24/Mar/2016:08:54:08 -0300] "GET /cormun/servlet/trsolicitudot? HTTP/1.1" 200 6465
186.103.157.235 - - [24/Mar/2016:08:54:09 -0300] "GET /cormun/static/Resources/PXTools/calendar.png HTTP/1.1" 200 1306
186.103.157.235 - - [24/Mar/2016:08:54:09 -0300] "GET /cormun/static/Resources/PXToolsActionPrint.png HTTP/1.1" 200 3317
186.103.157.235 - - [24/Mar/2016:08:54:09 -0300] "GET /cormun/static/gxdec.js?85251 HTTP/1.1" 200 19579
186.103.157.235 - - [24/Mar/2016:08:54:09 -0300] "GET /cormun/static/trvisualizadoreventos.js?201631021481717 HTTP/1.1" 200 19288
186.103.157.235 - - [24/Mar/2016:08:54:09 -0300] "GET /cormun/static/Resources/PXToolsDataSearch.png HTTP/1.1" 200 419
186.103.157.235 - - [24/Mar/2016:08:54:09 -0300] "GET /cormun/static/Resources/PXToolsGridFirstDisabled.gif HTTP/1.1" 200 100
186.103.157.235 - - [24/Mar/2016:08:54:09 -0300] "GET /cormun/static/Resources/PXToolsGridPreviousDisabled.gif HTTP/1.1" 200 90
186.103.157.235 - - [24/Mar/2016:08:54:09 -0300] "GET /cormun/static/Resources/PXToolsGridNextDisabled.gif HTTP/1.1" 200 90
186.103.157.235 - - [24/Mar/2016:08:54:09 -0300] "GET /cormun/static/Resources/PXToolsGridLastDisabled.gif HTTP/1.1" 200 98
186.103.157.235 - - [24/Mar/2016:08:54:09 -0300] "GET /cormun/static/Resources/PXToolsGridPage.gif HTTP/1.1" 200 725
186.103.157.235 - - [24/Mar/2016:08:54:09 -0300] "GET /cormun/static/Resources/PXToolsActionExcel.png HTTP/1.1" 200 3187
186.103.157.235 - - [24/Mar/2016:08:54:09 -0300] "GET /cormun/static/Resources/asc.gif HTTP/1.1" 200 67
186.103.157.235 - - [24/Mar/2016:08:54:09 -0300] "GET /cormun/static/Resources/desc.gif HTTP/1.1" 200 65
186.103.157.235 - - [24/Mar/2016:08:54:09 -0300] "GET /cormun/servlet/trvisualizadoreventos? HTTP/1.1" 200 6269
186.103.157.235 - - [24/Mar/2016:08:54:10 -0300] "GET /cormun/static/Shared/ext/resources/themes/images/default/panel/bg-headersPanel.png HTTP/1.1" 200 255
186.103.157.235 - - [24/Mar/2016:08:54:10 -0300] "GET /cormun/static/Shared/ext/resources/themes/images/default/tools/tool-sprites.gif HTTP/1.1" 200 5434
192.168.10.89 - - [24/Mar/2016:08:54:11 -0300] "GET /cormun/servlet/solicitudot?INS,0,0, HTTP/1.1" 200 11663
186.103.159.188 - - [24/Mar/2016:08:54:12 -0300] "GET /cormun/servlet/hlogin HTTP/1.1" 200 1722
186.103.159.188 - - [24/Mar/2016:08:54:13 -0300] "GET /cormun/static/Resources/Spanish/PXTools.css?005343 HTTP/1.1" 304 -
186.103.159.188 - - [24/Mar/2016:08:54:13 -0300] "GET /cormun/static/messages.spa.js?85251 HTTP/1.1" 200 32693
186.103.159.188 - - [24/Mar/2016:08:54:13 -0300] "GET /cormun/static/gxcfg.js?20151120045111 HTTP/1.1" 200 953
186.103.159.188 - - [24/Mar/2016:08:54:13 -0300] "GET /cormun/static/hlogin.js?20151120045126 HTTP/1.1" 304 -
186.103.159.188 - - [24/Mar/2016:08:54:13 -0300] "GET /cormun/servlet/hlogin HTTP/1.1" 200 1726
186.103.159.188 - - [24/Mar/2016:08:54:13 -0300] "GET /favicon.ico HTTP/1.1" 200 21630
192.168.10.89 - - [24/Mar/2016:08:54:14 -0300] "GET /cormun/servlet/prfichaempleado?,MD,,gxPopupLevel%3D0%3B HTTP/1.1" 200 7926
192.168.10.89 - - [24/Mar/2016:08:54:21 -0300] "POST /cormun/servlet/prfichaempleado?64d4dc7050a36f2f882284abba5f20f5,,MD,,gxPopupLevel%3D0%3B,gx-no-cache=1458820205328 HTTP/1.1" 200 2761
192.168.10.89 - - [24/Mar/2016:08:54:23 -0300] "POST /cormun/servlet/solicitudot?gx-no-cache=1458820208294 HTTP/1.1" 200 2778
192.168.10.89 - - [24/Mar/2016:08:54:24 -0300] "POST /cormun/servlet/solicitudot?64d4dc7050a36f2f882284abba5f20f5,INS,0,0,,gx-no-cache=1458820208429 HTTP/1.1" 200 8486
192.168.10.89 - - [24/Mar/2016:08:54:25 -0300] "GET /cormun/servlet/solicitudot?85eb69c5d1a2313160b8d0928dc4f124cef1198a6159565d4889e8b0341bbc8b602dedfce44de46aff2918ed3abbf4cf,gx-no-cache=1458820209503 HTTP/1.1" 200 30
192.168.10.89 - - [24/Mar/2016:08:54:25 -0300] "POST /cormun/servlet/solicitudot?gx-no-cache=1458820209542 HTTP/1.1" 200 30
192.168.10.89 - - [24/Mar/2016:08:54:26 -0300] "POST /cormun/servlet/solicitudot?gx-no-cache=1458820211059 HTTP/1.1" 200 30
192.168.10.89 - - [24/Mar/2016:08:54:27 -0300] "GET /cormun/servlet/prcontratosol?14458909,,,,,MD,,gxPopupLevel%3D0%3B HTTP/1.1" 200 5710
186.103.159.188 - - [24/Mar/2016:08:54:28 -0300] "POST /cormun/servlet/hlogin?d475ceeb4fe8b53fdf49c971c1dec718,gx-no-cache=1458820632894 HTTP/1.1" 200 90
186.103.159.188 - - [24/Mar/2016:08:54:28 -0300] "GET /cormun/servlet/hpexe_link HTTP/1.1" 200 949
186.103.159.188 - - [24/Mar/2016:08:54:28 -0300] "GET /cormun/static/hpexe_link.js?20151120044398 HTTP/1.1" 304 -
186.103.159.188 - - [24/Mar/2016:08:54:28 -0300] "GET /cormun/static/gxcfg.js?20151120044395 HTTP/1.1" 200 953
186.103.159.188 - - [24/Mar/2016:08:54:28 -0300] "GET /cormun/servlet/hhome HTTP/1.1" 200 3523
186.103.159.188 - - [24/Mar/2016:08:54:28 -0300] "GET /cormun/static/Resources/Spanish/PXTools.css?10515224 HTTP/1.1" 304 -
186.103.159.188 - - [24/Mar/2016:08:54:28 -0300] "GET /cormun/static/gxcfg.js?2015112210564248 HTTP/1.1" 200 953
186.103.159.188 - - [24/Mar/2016:08:54:28 -0300] "GET /cormun/static/hwchdr01.js?20162241650484 HTTP/1.1" 304 -
186.103.159.188 - - [24/Mar/2016:08:54:28 -0300] "GET /cormun/static/hhome.js?2015112210564255 HTTP/1.1" 304 -
186.103.159.188 - - [24/Mar/2016:08:54:28 -0300] "GET /cormun/static/hpexe_recentlink.js?2015111312121342 HTTP/1.1" 304 -
186.103.159.188 - - [24/Mar/2016:08:54:28 -0300] "GET /cormun/static/hpexe_scripts.js?20151120014546 HTTP/1.1" 304 -
186.103.159.188 - - [24/Mar/2016:08:54:28 -0300] "GET /cormun/static/hpexe_messagecontroller.js?2015112210524422 HTTP/1.1" 304 -
186.103.159.188 - - [24/Mar/2016:08:54:28 -0300] "GET /cormun/static/hpexe_messagepopupcomponent.js?201632119295953 HTTP/1.1" 304 -
186.103.159.188 - - [24/Mar/2016:08:54:28 -0300] "GET /cormun/static/hpexe_messagegenexuscomponent.js?20151120014314 HTTP/1.1" 304 -
186.103.159.188 - - [24/Mar/2016:08:54:28 -0300] "GET /cormun/static/hmpwkw03.js?201631622503633 HTTP/1.1" 304 -
186.103.159.188 - - [24/Mar/2016:08:54:28 -0300] "GET /cormun/static/cmcontrolpreferences.js?20151120014525 HTTP/1.1" 304 -
186.103.159.188 - - [24/Mar/2016:08:54:29 -0300] "GET /cormun/servlet/hhome HTTP/1.1" 200 3519
192.168.10.89 - - [24/Mar/2016:08:54:30 -0300] "POST /cormun/servlet/solicitudot?gx-no-cache=1458820214468 HTTP/1.1" 200 1170
192.168.10.89 - - [24/Mar/2016:08:54:30 -0300] "GET /cormun/servlet/solicitudot?85eb69c5d1a2313160b8d0928dc4f12495651ed245ce149609f467ad074189e1ae95f9f4f229a0ea06e67a3bed6ca4f38ec19579b04680a6995b51099d67bedc837580efcdccb2880904019e553d12b820d19794a3eddbaf2e1930cd99664215086ab1b1024c6ec99ac9f69f456b7cc1533d5fe8bd6ed9d6e53bc08ed9a4da71662d0b9ee1d830c3b30f67a15a757e4f,gx-no-cache=1458820214590 HTTP/1.1" 200 38
192.168.10.89 - - [24/Mar/2016:08:54:30 -0300] "GET /cormun/servlet/solicitudot?85eb69c5d1a2313160b8d0928dc4f124912a498a578e04dd4ed2281ee950995bfe0d129bdb060f4a88e926a5cd073bef017b406430936dc0746d5a8e1562c1c46f88b479f1be4c767fca22397351eabaa9c5063808991f89ccde2613ad7d78961526ed665f176f38ecd6db160b4fee00d485998c88305d96e4327ea134a4ab7cb5d46327e5046db0788d7f5cd9132a2a38ccfebb879748403bffaec673207ff0,gx-no-cache=1458820214632 HTTP/1.1" 200 29
192.168.10.89 - - [24/Mar/2016:08:54:30 -0300] "POST /cormun/servlet/solicitudot?gx-no-cache=1458820214655 HTTP/1.1" 200 1127
192.168.10.89 - - [24/Mar/2016:08:54:35 -0300] "GET /cormun/servlet/solicitudot?85eb69c5d1a2313160b8d0928dc4f12495ac846a75b81323cd28d93f55328bc589a0ea6f0fef5beaebf151ddffe4edb52905e73adc1868260c71a0c9b2e999d8f6c42b023ed6d5c7ad4797ea85f47d971c87d8390c496690f1a77d6db606d0733aeefe5347ae2508d97f715862f6b08f0680fdaeee8c637b83532c946b2ff3144146814b7c91be3ad7e32707229341d6fe03e565103260474684d4ad6aa0faeda9336b754c3c7ee668dd1a7a2739dcc9,gx-no-cache=1458820219453 HTTP/1.1" 200 30
192.168.10.89 - - [24/Mar/2016:08:54:39 -0300] "POST /cormun/servlet/solicitudot?64d4dc7050a36f2f882284abba5f20f5,INS,0,0,,gx-no-cache=1458820224156 HTTP/1.1" 200 93
192.168.10.89 - - [24/Mar/2016:08:54:39 -0300] "GET /cormun/servlet/hpexe_return? HTTP/1.1" 200 1006
192.168.10.89 - - [24/Mar/2016:08:54:40 -0300] "GET /cormun/servlet/trsolicitudot HTTP/1.1" 200 7755
186.103.156.24 - - [24/Mar/2016:08:54:43 -0300] "POST /cormun/servlet/solicitudot?gx-no-cache=1458820619978 HTTP/1.1" 200 30
192.168.10.89 - - [24/Mar/2016:08:54:44 -0300] "POST /cormun/servlet/trsolicitudot?64d4dc7050a36f2f882284abba5f20f5,gx-no-cache=1458820228870 HTTP/1.1" 200 3834
192.168.10.89 - - [24/Mar/2016:08:54:44 -0300] "POST /cormun/servlet/trsolicitudot?64d4dc7050a36f2f882284abba5f20f5,gx-no-cache=1458820229182 HTTP/1.1" 200 3685
192.168.10.89 - - [24/Mar/2016:08:54:45 -0300] "GET /cormun/static/Shared/jqueryui/images/ui-icons_82798d_256x240.png HTTP/1.1" 404 1089
192.168.10.89 - - [24/Mar/2016:08:54:45 -0300] "GET /cormun/static/Shared/jqueryui/images/ui-bg_flat_55_fafafa_40x100.png HTTP/1.1" 404 1097
192.168.10.89 - - [24/Mar/2016:08:54:45 -0300] "GET /cormun/static/Shared/jqueryui/images/ui-bg_highlight-soft_100_c6c2c8_1x100.png HTTP/1.1" 404 1117
192.168.10.89 - - [24/Mar/2016:08:54:45 -0300] "GET /cormun/static/Shared/jqueryui/images/ui-icons_8d78a5_256x240.png HTTP/1.1" 404 1089
186.103.156.24 - - [24/Mar/2016:08:54:46 -0300] "POST /cormun/servlet/solicitudot?gx-no-cache=1458820623258 HTTP/1.1" 200 30
192.168.10.89 - - [24/Mar/2016:08:54:47 -0300] "GET /cormun/servlet/trautorizarsolicitud? HTTP/1.1" 200 7689
186.103.156.24 - - [24/Mar/2016:08:54:48 -0300] "GET /cormun/servlet/prfichaempleado?,MD,,gxPopupLevel%3D0%3B HTTP/1.1" 200 7929
186.103.156.24 - - [24/Mar/2016:08:54:49 -0300] "GET /cormun/static/scaMessage/css/jquery-ui.css?104140 HTTP/1.1" 404 1045
192.168.10.89 - - [24/Mar/2016:08:54:51 -0300] "POST /cormun/servlet/trautorizarsolicitud?64d4dc7050a36f2f882284abba5f20f5,,gx-no-cache=1458820235564 HTTP/1.1" 200 3804
192.168.10.89 - - [24/Mar/2016:08:54:51 -0300] "POST /cormun/servlet/trautorizarsolicitud?64d4dc7050a36f2f882284abba5f20f5,,gx-no-cache=1458820235882 HTTP/1.1" 200 3657
192.168.10.89 - - [24/Mar/2016:08:54:51 -0300] "GET /cormun/static/Shared/jqueryui/images/ui-icons_82798d_256x240.png HTTP/1.1" 404 1089
192.168.10.89 - - [24/Mar/2016:08:54:51 -0300] "GET /cormun/static/Shared/jqueryui/images/ui-bg_flat_55_fafafa_40x100.png HTTP/1.1" 404 1097
192.168.10.89 - - [24/Mar/2016:08:54:51 -0300] "GET /cormun/static/Shared/jqueryui/images/ui-bg_highlight-soft_100_c6c2c8_1x100.png HTTP/1.1" 404 1117
192.168.10.89 - - [24/Mar/2016:08:54:51 -0300] "GET /cormun/static/Shared/jqueryui/images/ui-icons_8d78a5_256x240.png HTTP/1.1" 404 1089
192.168.10.89 - - [24/Mar/2016:08:54:54 -0300] "GET /cormun/servlet/trsolicitudot? HTTP/1.1" 200 6465
222.186.30.233 - - [24/Mar/2016:08:55:00 -0300] "GET /manager/html HTTP/1.1" 401 2474
222.186.30.233 - - [24/Mar/2016:08:55:01 -0300] "GET /manager/html HTTP/1.1" 401 2474
186.78.50.141 - - [24/Mar/2016:08:55:02 -0300] "GET /cormun/servlet/trsolicitudot? HTTP/1.1" 200 6467
186.103.156.24 - - [24/Mar/2016:08:55:02 -0300] "POST /cormun/servlet/prfichaempleado?44fa6517b57d04c14bbc0ab749571ed2,,MD,,gxPopupLevel%3D0%3B,gx-no-cache=1458820639508 HTTP/1.1" 200 2768
222.186.30.233 - - [24/Mar/2016:08:55:03 -0300] "GET /manager/html HTTP/1.1" 401 2474
222.186.30.233 - - [24/Mar/2016:08:55:04 -0300] "GET /manager/html HTTP/1.1" 401 2474
186.78.50.141 - - [24/Mar/2016:08:55:06 -0300] "GET /cormun/servlet/solicitudot?INS,0,0, HTTP/1.1" 200 11678
186.78.50.141 - - [24/Mar/2016:08:55:06 -0300] "GET /cormun/static/Resources/Spanish/PXTools.css?22445990 HTTP/1.1" 304 -
186.78.50.141 - - [24/Mar/2016:08:55:06 -0300] "GET /cormun/static/gxcfg.js?201631710541238 HTTP/1.1" 200 953
186.78.50.141 - - [24/Mar/2016:08:55:06 -0300] "GET /cormun/static/solicitudot.js?201631710541292 HTTP/1.1" 304 -
186.103.156.24 - - [24/Mar/2016:08:55:06 -0300] "POST /cormun/servlet/solicitudot?gx-no-cache=1458820644428 HTTP/1.1" 200 1169
186.103.156.24 - - [24/Mar/2016:08:55:06 -0300] "GET /cormun/static/menuarrow.gif HTTP/1.1" 404 1015
186.103.156.24 - - [24/Mar/2016:08:55:11 -0300] "GET /cormun/servlet/solicitudot?59139eaa7d992cc74263005bc18c96a03a22e79ee632aaa470f0ee2c875523a9cd40ed795fefdc8be151261d4d6f35ef180d033e07e1839e3b58a0d8c7e7e4020a7101fb9232cdddb5aadf0749fbd6a1186af872acee1f47bf31c3ed611e5910150cc781a5e2565d3db14be04cab891d0b04398824931e49a6c76644093c1458356c53ec63619b987a5e141d025fd5bbb9b4128f28b3379605752cbbb0316d0a,gx-no-cache=1458820649194 HTTP/1.1" 200 38
186.103.157.235 - - [24/Mar/2016:08:55:12 -0300] "POST /cormun/servlet/trvisualizadoreventos?34e672ee9b8e916e52902e2d2362126b,,gx-no-cache=1458820538791 HTTP/1.1" 200 3536
186.103.157.235 - - [24/Mar/2016:08:55:15 -0300] "POST /cormun/servlet/trvisualizadoreventos?34e672ee9b8e916e52902e2d2362126b,,gx-no-cache=1458820541677 HTTP/1.1" 200 3955
186.103.156.24 - - [24/Mar/2016:08:55:33 -0300] "GET /cormun/servlet/solicitudot?59139eaa7d992cc74263005bc18c96a0aa01103cca6690768b514baf7a4696d1d0e9e18809303f2740a1bc2e693ae3c59b5dc34b84f6438c598273735d6e562f72e83cd5f6fcc1a5e5780adadcd2ea92a13b6489c70994ab99a6e85b985c804dd9beac9ed7fc46c0768b042c71c42f21,gx-no-cache=1458820674527 HTTP/1.1" 200 29
186.103.156.24 - - [24/Mar/2016:08:55:33 -0300] "POST /cormun/servlet/solicitudot?gx-no-cache=1458820674575 HTTP/1.1" 200 1127
186.78.50.141 - - [24/Mar/2016:08:55:35 -0300] "POST /cormun/servlet/solicitudot?gx-no-cache=1458820551926 HTTP/1.1" 200 2668
186.78.50.141 - - [24/Mar/2016:08:55:36 -0300] "POST /cormun/servlet/solicitudot?581731e5e3743efd281bcb6345f0dbe6,INS,0,0,,gx-no-cache=1458820552385 HTTP/1.1" 200 8373
186.78.50.141 - - [24/Mar/2016:08:55:41 -0300] "GET /cormun/servlet/solicitudot?c151cc56fcea670b757b0331d0434364084c17c3f4cb01d62a94b59c962dda50b37a4bcd4d81058b226196bdb51ec9e9,gx-no-cache=1458820557904 HTTP/1.1" 200 30
186.103.157.235 - - [24/Mar/2016:08:55:41 -0300] "GET /cormun/servlet/trcontratouno? HTTP/1.1" 200 12876
186.103.157.235 - - [24/Mar/2016:08:55:41 -0300] "GET /cormun/static/calendar-system.css?75620 HTTP/1.1" 200 5572
186.103.157.235 - - [24/Mar/2016:08:55:41 -0300] "GET /cormun/static/gxcfg.js?20163221610935 HTTP/1.1" 200 953
186.103.157.235 - - [24/Mar/2016:08:55:41 -0300] "GET /cormun/static/Resources/Spanish/PXTools.css?19284387 HTTP/1.1" 200 89042
186.103.157.235 - - [24/Mar/2016:08:55:42 -0300] "GET /cormun/static/Resources/PXToolsAddSelectedAction.png HTTP/1.1" 200 3660
186.103.157.235 - - [24/Mar/2016:08:55:42 -0300] "GET /cormun/static/Resources/PXToolsAddAllAction.png HTTP/1.1" 200 3624
186.103.157.235 - - [24/Mar/2016:08:55:42 -0300] "GET /cormun/static/Resources/PXToolsRemoveSelectedAction.png HTTP/1.1" 200 3617
186.103.157.235 - - [24/Mar/2016:08:55:42 -0300] "GET /cormun/static/Resources/PXToolsRemoveAllAction.png HTTP/1.1" 200 3558
186.103.157.235 - - [24/Mar/2016:08:55:42 -0300] "GET /cormun/static/trcontratouno.js?20163221610166 HTTP/1.1" 200 39934
186.103.157.235 - - [24/Mar/2016:08:55:44 -0300] "GET /cormun/servlet/trcontratouno? HTTP/1.1" 200 12889
186.103.156.24 - - [24/Mar/2016:08:55:44 -0300] "GET /cormun/servlet/solicitudot?59139eaa7d992cc74263005bc18c96a02befb84379792593d33643c4c425dedb29d5758e78fd3108417a858cbe4921b73a25cc87dbcfbf6c47b1f8862a5a0fc2e44ac8dafc966d865ce09a38934ebc027cb22832f669fb38d750eca4daf3f38a0ba16341818f2b65cb7b6516c1d66a136089e4eb5afec2f237186127d778d708f6bb4353b3ced524d7eafbd7255536f55f55da7f00644fb38fd793b499d4fc03eec5be18f15bd60c1d1ca6964e994514fcada45d7e37ba6430f2b0161ea01321,gx-no-cache=1458820686985 HTTP/1.1" 200 30
186.103.156.24 - - [24/Mar/2016:08:56:08 -0300] "POST /cormun/servlet/solicitudot?44fa6517b57d04c14bbc0ab749571ed2,INS,0,0,,gx-no-cache=1458820713706 HTTP/1.1" 200 93
186.103.156.24 - - [24/Mar/2016:08:56:08 -0300] "GET /cormun/servlet/hpexe_return? HTTP/1.1" 200 1009
186.103.156.24 - - [24/Mar/2016:08:56:09 -0300] "GET /cormun/servlet/trsolicitudot HTTP/1.1" 200 8241
186.103.156.24 - - [24/Mar/2016:08:56:10 -0300] "GET /cormun/servlet/trsolicitudot HTTP/1.1" 200 8237
186.103.156.24 - - [24/Mar/2016:08:56:18 -0300] "POST /cormun/servlet/trsolicitudot?44fa6517b57d04c14bbc0ab749571ed2,gx-no-cache=1458820724631 HTTP/1.1" 200 5783
186.103.156.24 - - [24/Mar/2016:08:56:18 -0300] "GET /cormun/static/Shared/jqueryui/images/ui-bg_flat_55_fafafa_40x100.png HTTP/1.1" 404 1097
186.103.156.24 - - [24/Mar/2016:08:56:18 -0300] "GET /cormun/static/Shared/jqueryui/images/ui-icons_82798d_256x240.png HTTP/1.1" 404 1089
186.103.156.24 - - [24/Mar/2016:08:56:18 -0300] "GET /cormun/static/Shared/jqueryui/images/ui-bg_highlight-soft_100_c6c2c8_1x100.png HTTP/1.1" 404 1117
186.103.156.24 - - [24/Mar/2016:08:56:18 -0300] "GET /cormun/static/Shared/jqueryui/images/ui-icons_8d78a5_256x240.png HTTP/1.1" 404 1089
186.103.156.24 - - [24/Mar/2016:08:56:25 -0300] "POST /cormun/servlet/trsolicitudot?44fa6517b57d04c14bbc0ab749571ed2,gx-no-cache=1458820732139 HTTP/1.1" 200 106
186.103.156.24 - - [24/Mar/2016:08:56:25 -0300] "GET /cormun/servlet/trsolicitudadjuntos?2016,1098, HTTP/1.1" 200 5491
186.103.156.24 - - [24/Mar/2016:08:56:25 -0300] "GET /cormun/static/gxcfg.js?2016311731090 HTTP/1.1" 200 953
186.103.156.24 - - [24/Mar/2016:08:56:25 -0300] "GET /cormun/static/trsolicitudadjuntos.js?2016311731342 HTTP/1.1" 200 17913
186.103.156.24 - - [24/Mar/2016:08:56:25 -0300] "GET /cormun/static/Resources/Spanish/PXTools.css?171692 HTTP/1.1" 200 89042
186.103.156.24 - - [24/Mar/2016:08:56:26 -0300] "GET /cormun/servlet/trsolicitudadjuntos?2016,1098, HTTP/1.1" 200 5491
186.103.157.235 - - [24/Mar/2016:08:56:27 -0300] "POST /cormun/servlet/trcontratouno?34e672ee9b8e916e52902e2d2362126b,,gx-no-cache=1458820611923 HTTP/1.1" 200 12029
186.103.157.235 - - [24/Mar/2016:08:56:27 -0300] "GET /cormun/static/Resources/PXToolsGridNext.gif HTTP/1.1" 200 369
186.103.157.235 - - [24/Mar/2016:08:56:27 -0300] "GET /cormun/static/Resources/PXToolsGridLast.gif HTTP/1.1" 200 370
186.103.156.24 - - [24/Mar/2016:08:56:40 -0300] "GET /cormun/servlet/solicitudotadjuntos?INS,2016,1098,,1, HTTP/1.1" 200 5575
186.103.156.24 - - [24/Mar/2016:08:56:41 -0300] "GET /cormun/static/gxcfg.js?201631622493247 HTTP/1.1" 200 953
186.103.156.24 - - [24/Mar/2016:08:56:41 -0300] "GET /cormun/static/solicitudotadjuntos.js?201631622493267 HTTP/1.1" 200 11762
186.103.156.24 - - [24/Mar/2016:08:56:41 -0300] "GET /cormun/static/about:blank HTTP/1.1" 404 1011
186.103.156.24 - - [24/Mar/2016:08:56:41 -0300] "GET /cormun/servlet/solicitudotadjuntos?INS,2016,1098,,1, HTTP/1.1" 200 5569
186.103.156.24 - - [24/Mar/2016:08:56:42 -0300] "GET /cormun/servlet/solicitudotadjuntos?59139eaa7d992cc74263005bc18c96a056243f73c8230fa0d8e60e42ce9012879c15d7d834db240cc482072561e074d9,gx-no-cache=1458820750866 HTTP/1.1" 200 30
186.103.156.24 - - [24/Mar/2016:08:56:42 -0300] "POST /cormun/servlet/solicitudotadjuntos?44fa6517b57d04c14bbc0ab749571ed2,INS,2016,1098,,1,,gx-no-cache=1458820750934 HTTP/1.1" 200 3448
186.103.157.235 - - [24/Mar/2016:08:56:45 -0300] "GET /cormun/servlet/trvisualizadoreventos? HTTP/1.1" 200 6663
186.103.157.235 - - [24/Mar/2016:08:56:46 -0300] "GET /cormun/servlet/trvisualizadoreventos? HTTP/1.1" 200 6663
186.103.156.24 - - [24/Mar/2016:08:56:51 -0300] "POST /cormun/servlet/solicitudotadjuntos?gx-no-cache=1458820761748 HTTP/1.1" 200 26
186.103.157.235 - - [24/Mar/2016:08:57:05 -0300] "GET /cormun/servlet/trcontratoobservaciondir? HTTP/1.1" 200 5709
186.103.157.235 - - [24/Mar/2016:08:57:05 -0300] "GET /cormun/static/gxui/gxui-all.css?110300 HTTP/1.1" 200 2179
186.103.157.235 - - [24/Mar/2016:08:57:05 -0300] "GET /cormun/static/gxcfg.js?20163231973482 HTTP/1.1" 200 953
186.103.157.235 - - [24/Mar/2016:08:57:05 -0300] "GET /cormun/static/Shared/ext/resources/css/ext-all.css?205870 HTTP/1.1" 200 416045
186.103.157.235 - - [24/Mar/2016:08:57:06 -0300] "GET /cormun/static/trcontratoobservaciondir.js?2016323197386 HTTP/1.1" 200 24069
186.103.157.235 - - [24/Mar/2016:08:57:07 -0300] "GET /cormun/servlet/trcontratoobservaciondir? HTTP/1.1" 200 5709
186.103.157.235 - - [24/Mar/2016:08:57:18 -0300] "GET /cormun/servlet/trsolicitudot? HTTP/1.1" 200 6456
186.103.157.235 - - [24/Mar/2016:08:57:18 -0300] "GET /cormun/static/gxcfg.js?201631022392470 HTTP/1.1" 200 953
186.103.157.235 - - [24/Mar/2016:08:57:19 -0300] "GET /cormun/static/Resources/PXToolsGridNew.png HTTP/1.1" 200 2949
186.103.157.235 - - [24/Mar/2016:08:57:19 -0300] "GET /cormun/static/trsolicitudot.js?201631022393178 HTTP/1.1" 200 44568
186.103.157.235 - - [24/Mar/2016:08:57:20 -0300] "GET /cormun/servlet/trsolicitudot? HTTP/1.1" 200 6456
186.103.157.235 - - [24/Mar/2016:08:57:25 -0300] "POST /cormun/servlet/trsolicitudot?34e672ee9b8e916e52902e2d2362126b,,gx-no-cache=1458820671129 HTTP/1.1" 200 3712
186.103.157.235 - - [24/Mar/2016:08:57:30 -0300] "GET /cormun/static/menuarrow.gif HTTP/1.1" 404 1015
186.103.157.235 - - [24/Mar/2016:08:57:42 -0300] "GET /cormun/servlet/trvisualizadoreventos? HTTP/1.1" 200 6662
186.103.157.235 - - [24/Mar/2016:08:57:43 -0300] "GET /cormun/servlet/trvisualizadoreventos? HTTP/1.1" 200 6663
186.103.156.24 - - [24/Mar/2016:08:57:50 -0300] "GET /cormun/servlet/solicitudotadjuntos?59139eaa7d992cc74263005bc18c96a0660a45e79644f072736df44a00f7d750,gx-no-cache=1458820827469 HTTP/1.1" 200 30
186.103.156.24 - - [24/Mar/2016:08:57:50 -0300] "GET /cormun/servlet/solicitudotadjuntos?59139eaa7d992cc74263005bc18c96a0660a45e79644f072736df44a00f7d750,gx-no-cache=1458820827505 HTTP/1.1" 200 30
186.103.156.24 - - [24/Mar/2016:08:57:52 -0300] "POST /cormun/servlet/solicitudotadjuntos?44fa6517b57d04c14bbc0ab749571ed2,INS,2016,1098,,1, HTTP/1.1" 200 116
186.103.156.24 - - [24/Mar/2016:08:57:52 -0300] "GET /cormun/servlet/hpexe_return? HTTP/1.1" 200 1028
186.103.156.24 - - [24/Mar/2016:08:57:52 -0300] "GET /cormun/servlet/trsolicitudadjuntos?2016,1098, HTTP/1.1" 200 7352
186.103.156.24 - - [24/Mar/2016:08:57:53 -0300] "GET /cormun/servlet/trsolicitudadjuntos?2016,1098, HTTP/1.1" 200 7349
186.103.156.24 - - [24/Mar/2016:08:57:59 -0300] "GET /cormun/servlet/solicitudotadjuntos?INS,2016,1098,,1, HTTP/1.1" 200 5575
186.103.156.24 - - [24/Mar/2016:08:57:59 -0300] "GET /cormun/static/about:blank HTTP/1.1" 404 1011
186.103.156.24 - - [24/Mar/2016:08:58:00 -0300] "GET /cormun/servlet/solicitudotadjuntos?INS,2016,1098,,1, HTTP/1.1" 200 5569
186.103.156.24 - - [24/Mar/2016:08:58:00 -0300] "GET /cormun/servlet/solicitudotadjuntos?59139eaa7d992cc74263005bc18c96a056243f73c8230fa0d8e60e42ce9012879c15d7d834db240cc482072561e074d9,gx-no-cache=1458820838619 HTTP/1.1" 200 30
186.103.156.24 - - [24/Mar/2016:08:58:00 -0300] "POST /cormun/servlet/solicitudotadjuntos?44fa6517b57d04c14bbc0ab749571ed2,INS,2016,1098,,1,,gx-no-cache=1458820838673 HTTP/1.1" 200 3448
186.103.157.235 - - [24/Mar/2016:08:58:01 -0300] "POST /cormun/servlet/trvisualizadoreventos?34e672ee9b8e916e52902e2d2362126b,,gx-no-cache=1458820707602 HTTP/1.1" 200 4511
186.103.157.235 - - [24/Mar/2016:08:58:06 -0300] "POST /cormun/servlet/trvisualizadoreventos?34e672ee9b8e916e52902e2d2362126b,,gx-no-cache=1458820712126 HTTP/1.1" 200 4336
186.103.156.24 - - [24/Mar/2016:08:58:07 -0300] "POST /cormun/servlet/solicitudotadjuntos?gx-no-cache=1458820846564 HTTP/1.1" 200 26
186.103.156.24 - - [24/Mar/2016:08:58:17 -0300] "GET /cormun/servlet/solicitudotadjuntos?59139eaa7d992cc74263005bc18c96a0660a45e79644f072736df44a00f7d750,gx-no-cache=1458820857220 HTTP/1.1" 200 30
186.103.156.24 - - [24/Mar/2016:08:58:17 -0300] "GET /cormun/servlet/solicitudotadjuntos?59139eaa7d992cc74263005bc18c96a0660a45e79644f072736df44a00f7d750,gx-no-cache=1458820857340 HTTP/1.1" 200 30
186.103.156.24 - - [24/Mar/2016:08:58:22 -0300] "POST /cormun/servlet/solicitudotadjuntos?44fa6517b57d04c14bbc0ab749571ed2,INS,2016,1098,,1, HTTP/1.1" 200 116
186.103.156.24 - - [24/Mar/2016:08:58:22 -0300] "GET /cormun/servlet/hpexe_return? HTTP/1.1" 200 1028
186.103.156.24 - - [24/Mar/2016:08:58:22 -0300] "GET /cormun/servlet/trsolicitudadjuntos?2016,1098, HTTP/1.1" 200 7522
186.103.156.24 - - [24/Mar/2016:08:58:23 -0300] "GET /cormun/servlet/trsolicitudadjuntos?2016,1098, HTTP/1.1" 200 7519
186.103.156.24 - - [24/Mar/2016:08:58:27 -0300] "GET /cormun/servlet/solicitudotadjuntos?INS,2016,1098,,1, HTTP/1.1" 200 5575
186.103.156.24 - - [24/Mar/2016:08:58:27 -0300] "GET /cormun/static/about:blank HTTP/1.1" 404 1011
186.103.156.24 - - [24/Mar/2016:08:58:28 -0300] "GET /cormun/servlet/solicitudotadjuntos?INS,2016,1098,,1, HTTP/1.1" 200 5569
186.103.156.24 - - [24/Mar/2016:08:58:28 -0300] "GET /cormun/servlet/solicitudotadjuntos?59139eaa7d992cc74263005bc18c96a056243f73c8230fa0d8e60e42ce9012879c15d7d834db240cc482072561e074d9,gx-no-cache=1458820868789 HTTP/1.1" 200 30
186.103.156.24 - - [24/Mar/2016:08:58:28 -0300] "POST /cormun/servlet/solicitudotadjuntos?44fa6517b57d04c14bbc0ab749571ed2,INS,2016,1098,,1,,gx-no-cache=1458820868846 HTTP/1.1" 200 3447
186.103.156.24 - - [24/Mar/2016:08:58:33 -0300] "POST /cormun/servlet/solicitudotadjuntos?gx-no-cache=1458820874222 HTTP/1.1" 200 26
186.103.156.24 - - [24/Mar/2016:08:58:39 -0300] "GET /cormun/servlet/solicitudotadjuntos?59139eaa7d992cc74263005bc18c96a0660a45e79644f072736df44a00f7d750,gx-no-cache=1458820881185 HTTP/1.1" 200 30
186.103.156.24 - - [24/Mar/2016:08:58:39 -0300] "GET /cormun/servlet/solicitudotadjuntos?59139eaa7d992cc74263005bc18c96a0660a45e79644f072736df44a00f7d750,gx-no-cache=1458820881232 HTTP/1.1" 200 30
186.78.50.141 - - [24/Mar/2016:08:58:41 -0300] "POST /cormun/servlet/solicitudot?gx-no-cache=1458820738195 HTTP/1.1" 200 30
186.103.156.24 - - [24/Mar/2016:08:58:42 -0300] "POST /cormun/servlet/solicitudotadjuntos?44fa6517b57d04c14bbc0ab749571ed2,INS,2016,1098,,1, HTTP/1.1" 200 116
186.103.156.24 - - [24/Mar/2016:08:58:42 -0300] "GET /cormun/servlet/hpexe_return? HTTP/1.1" 200 1028
186.103.156.24 - - [24/Mar/2016:08:58:43 -0300] "GET /cormun/servlet/trsolicitudadjuntos?2016,1098, HTTP/1.1" 200 7674
186.103.156.24 - - [24/Mar/2016:08:58:44 -0300] "GET /cormun/servlet/trsolicitudadjuntos?2016,1098, HTTP/1.1" 200 7665
186.78.50.141 - - [24/Mar/2016:08:58:46 -0300] "POST /cormun/servlet/solicitudot?gx-no-cache=1458820742312 HTTP/1.1" 200 30
186.103.156.24 - - [24/Mar/2016:08:58:47 -0300] "GET /cormun/servlet/solicitudotadjuntos?INS,2016,1098,,1, HTTP/1.1" 200 5575
186.103.156.24 - - [24/Mar/2016:08:58:48 -0300] "GET /cormun/static/about:blank HTTP/1.1" 404 1011
186.78.50.141 - - [24/Mar/2016:08:58:49 -0300] "POST /cormun/servlet/solicitudot?gx-no-cache=1458820745980 HTTP/1.1" 200 452
186.78.50.141 - - [24/Mar/2016:08:58:49 -0300] "GET /cormun/servlet/solicitudot?c151cc56fcea670b757b0331d0434364951ecb47d43b36177f801664c5fb1f0ff730dec41a8216ace5d25da86c465c0e932098fea8250df85fbdba7b6be9e0b6660a3d60be95ac46178d483ed733d05347a7855e364943c7680729530cd0613af7dce10b18901921c0c54107e33783bb8fde35de88c0c2a83970f74ba528fa62090b2a56afc624fdddfa5dc8e1f0828c,gx-no-cache=1458820746120 HTTP/1.1" 200 38
186.103.156.24 - - [24/Mar/2016:08:58:50 -0300] "GET /cormun/servlet/solicitudotadjuntos?INS,2016,1098,,1, HTTP/1.1" 200 5569
186.103.156.24 - - [24/Mar/2016:08:58:50 -0300] "GET /cormun/servlet/solicitudotadjuntos?59139eaa7d992cc74263005bc18c96a056243f73c8230fa0d8e60e42ce9012879c15d7d834db240cc482072561e074d9,gx-no-cache=1458820890857 HTTP/1.1" 200 30
186.103.156.24 - - [24/Mar/2016:08:58:50 -0300] "POST /cormun/servlet/solicitudotadjuntos?44fa6517b57d04c14bbc0ab749571ed2,INS,2016,1098,,1,,gx-no-cache=1458820892298 HTTP/1.1" 200 3447
186.103.157.235 - - [24/Mar/2016:08:58:50 -0300] "POST /cormun/servlet/trvisualizadoreventos?34e672ee9b8e916e52902e2d2362126b,,gx-no-cache=1458820756515 HTTP/1.1" 200 90
186.103.157.235 - - [24/Mar/2016:08:58:50 -0300] "GET /cormun/servlet/hpexe_link HTTP/1.1" 200 964
186.103.157.235 - - [24/Mar/2016:08:58:50 -0300] "GET /cormun/servlet/hhome HTTP/1.1" 200 3542
186.103.157.235 - - [24/Mar/2016:08:58:52 -0300] "GET /cormun/servlet/hhome HTTP/1.1" 200 3538
186.103.156.24 - - [24/Mar/2016:08:58:55 -0300] "POST /cormun/servlet/solicitudotadjuntos?gx-no-cache=1458820897965 HTTP/1.1" 200 26
186.103.156.24 - - [24/Mar/2016:08:59:01 -0300] "GET /cormun/servlet/solicitudotadjuntos?59139eaa7d992cc74263005bc18c96a0660a45e79644f072736df44a00f7d750,gx-no-cache=1458820904789 HTTP/1.1" 200 30
186.103.156.24 - - [24/Mar/2016:08:59:01 -0300] "GET /cormun/servlet/solicitudotadjuntos?59139eaa7d992cc74263005bc18c96a0660a45e79644f072736df44a00f7d750,gx-no-cache=1458820904857 HTTP/1.1" 200 30
186.103.156.24 - - [24/Mar/2016:08:59:08 -0300] "POST /cormun/servlet/solicitudotadjuntos?44fa6517b57d04c14bbc0ab749571ed2,INS,2016,1098,,1, HTTP/1.1" 200 116
186.103.156.24 - - [24/Mar/2016:08:59:08 -0300] "GET /cormun/servlet/hpexe_return? HTTP/1.1" 200 1028
186.103.156.24 - - [24/Mar/2016:08:59:09 -0300] "GET /cormun/servlet/trsolicitudadjuntos?2016,1098, HTTP/1.1" 200 7800
186.103.156.24 - - [24/Mar/2016:08:59:10 -0300] "GET /cormun/servlet/trsolicitudadjuntos?2016,1098, HTTP/1.1" 200 7798
186.103.157.235 - - [24/Mar/2016:08:59:15 -0300] "GET /cormun/servlet/trcontratouno? HTTP/1.1" 200 14589
186.103.156.24 - - [24/Mar/2016:08:59:16 -0300] "GET /cormun/servlet/solicitudotadjuntos?INS,2016,1098,,1, HTTP/1.1" 200 5575
186.103.157.235 - - [24/Mar/2016:08:59:17 -0300] "GET /cormun/servlet/trcontratouno? HTTP/1.1" 200 14590
186.103.156.24 - - [24/Mar/2016:08:59:17 -0300] "GET /cormun/static/about:blank HTTP/1.1" 404 1011
186.103.156.24 - - [24/Mar/2016:08:59:17 -0300] "GET /cormun/servlet/solicitudotadjuntos?INS,2016,1098,,1, HTTP/1.1" 200 5569
186.103.156.24 - - [24/Mar/2016:08:59:18 -0300] "GET /cormun/servlet/solicitudotadjuntos?59139eaa7d992cc74263005bc18c96a056243f73c8230fa0d8e60e42ce9012879c15d7d834db240cc482072561e074d9,gx-no-cache=1458820922329 HTTP/1.1" 200 30
186.103.156.24 - - [24/Mar/2016:08:59:18 -0300] "POST /cormun/servlet/solicitudotadjuntos?44fa6517b57d04c14bbc0ab749571ed2,INS,2016,1098,,1,,gx-no-cache=1458820922368 HTTP/1.1" 200 3448
186.103.156.211 - - [24/Mar/2016:08:59:24 -0300] "GET /cormun/servlet/hlogin HTTP/1.1" 200 1718
186.103.156.211 - - [24/Mar/2016:08:59:24 -0300] "GET /cormun/static/hlogin.js?20151120045126 HTTP/1.1" 200 2136
186.103.156.211 - - [24/Mar/2016:08:59:24 -0300] "GET /cormun/static/gxcfg.js?20151120045111 HTTP/1.1" 200 953
186.103.156.24 - - [24/Mar/2016:08:59:24 -0300] "POST /cormun/servlet/solicitudotadjuntos?gx-no-cache=1458820929462 HTTP/1.1" 200 26
186.103.156.211 - - [24/Mar/2016:08:59:25 -0300] "GET /cormun/static/gxtimezone.js?85251 HTTP/1.1" 200 5781
186.103.156.211 - - [24/Mar/2016:08:59:25 -0300] "GET /cormun/static/messages.spa.js?85251 HTTP/1.1" 200 32693
186.103.156.211 - - [24/Mar/2016:08:59:25 -0300] "GET /cormun/static/Resources/Spanish/PXTools.css?005343 HTTP/1.1" 200 89042
186.103.156.211 - - [24/Mar/2016:08:59:26 -0300] "GET /cormun/servlet/hlogin HTTP/1.1" 200 1726
186.103.156.211 - - [24/Mar/2016:08:59:26 -0300] "GET /favicon.ico HTTP/1.1" 304 -
186.103.156.24 - - [24/Mar/2016:08:59:34 -0300] "GET /cormun/servlet/solicitudotadjuntos?59139eaa7d992cc74263005bc18c96a0660a45e79644f072736df44a00f7d750,gx-no-cache=1458820940278 HTTP/1.1" 200 30
186.103.156.24 - - [24/Mar/2016:08:59:34 -0300] "GET /cormun/servlet/solicitudotadjuntos?59139eaa7d992cc74263005bc18c96a0660a45e79644f072736df44a00f7d750,gx-no-cache=1458820940339 HTTP/1.1" 200 30
186.103.156.24 - - [24/Mar/2016:08:59:38 -0300] "POST /cormun/servlet/solicitudotadjuntos?44fa6517b57d04c14bbc0ab749571ed2,INS,2016,1098,,1, HTTP/1.1" 200 116
186.103.156.24 - - [24/Mar/2016:08:59:38 -0300] "GET /cormun/servlet/hpexe_return? HTTP/1.1" 200 1028
186.103.156.24 - - [24/Mar/2016:08:59:39 -0300] "GET /cormun/servlet/trsolicitudadjuntos?2016,1098, HTTP/1.1" 200 7941
186.103.156.24 - - [24/Mar/2016:08:59:41 -0300] "GET /cormun/servlet/trsolicitudadjuntos?2016,1098, HTTP/1.1" 200 7936
186.103.157.235 - - [24/Mar/2016:08:59:41 -0300] "POST /cormun/servlet/trcontratouno?34e672ee9b8e916e52902e2d2362126b,,gx-no-cache=1458820807122 HTTP/1.1" 200 12435
186.103.156.24 - - [24/Mar/2016:08:59:44 -0300] "GET /cormun/servlet/solicitudotadjuntos?INS,2016,1098,,1, HTTP/1.1" 200 5575
186.103.156.24 - - [24/Mar/2016:08:59:45 -0300] "GET /cormun/static/about:blank HTTP/1.1" 404 1011
186.103.156.211 - - [24/Mar/2016:08:59:45 -0300] "POST /cormun/servlet/hlogin?819f1c817ee28e2f18a60ed4601a5db8,gx-no-cache=1458820813428 HTTP/1.1" 200 90
186.103.156.24 - - [24/Mar/2016:08:59:45 -0300] "GET /cormun/servlet/solicitudotadjuntos?INS,2016,1098,,1, HTTP/1.1" 200 5569
186.103.156.211 - - [24/Mar/2016:08:59:46 -0300] "GET /cormun/servlet/hpexe_link HTTP/1.1" 200 948
186.103.156.211 - - [24/Mar/2016:08:59:46 -0300] "GET /cormun/static/gxcfg.js?20151120044395 HTTP/1.1" 200 953
186.103.156.24 - - [24/Mar/2016:08:59:46 -0300] "GET /cormun/servlet/solicitudotadjuntos?59139eaa7d992cc74263005bc18c96a056243f73c8230fa0d8e60e42ce9012879c15d7d834db240cc482072561e074d9,gx-no-cache=1458820952594 HTTP/1.1" 200 30
186.103.156.211 - - [24/Mar/2016:08:59:46 -0300] "GET /cormun/static/hpexe_link.js?20151120044398 HTTP/1.1" 200 625
186.103.156.211 - - [24/Mar/2016:08:59:46 -0300] "GET /cormun/servlet/hhome HTTP/1.1" 200 3558
186.103.156.24 - - [24/Mar/2016:08:59:46 -0300] "POST /cormun/servlet/solicitudotadjuntos?44fa6517b57d04c14bbc0ab749571ed2,INS,2016,1098,,1,,gx-no-cache=1458820952664 HTTP/1.1" 200 3448
186.103.156.211 - - [24/Mar/2016:08:59:46 -0300] "GET /cormun/static/gxcfg.js?2015112210564248 HTTP/1.1" 200 953
186.103.156.211 - - [24/Mar/2016:08:59:46 -0300] "GET /cormun/static/hhome.js?2015112210564255 HTTP/1.1" 200 777
186.103.156.211 - - [24/Mar/2016:08:59:46 -0300] "GET /cormun/static/hwchdr01.js?20162241650484 HTTP/1.1" 200 1183
186.103.156.211 - - [24/Mar/2016:08:59:46 -0300] "GET /cormun/static/hpexe_recentlink.js?2015111312121342 HTTP/1.1" 200 2144
186.103.156.211 - - [24/Mar/2016:08:59:46 -0300] "GET /cormun/static/hpexe_scripts.js?20151120014546 HTTP/1.1" 200 1544
186.103.156.211 - - [24/Mar/2016:08:59:46 -0300] "GET /cormun/static/hpexe_messagecontroller.js?2015112210524422 HTTP/1.1" 200 870
186.103.156.211 - - [24/Mar/2016:08:59:46 -0300] "GET /cormun/static/hpexe_messagepopupcomponent.js?201632119295953 HTTP/1.1" 200 605
186.103.156.211 - - [24/Mar/2016:08:59:46 -0300] "GET /cormun/static/hpexe_messagegenexuscomponent.js?20151120014314 HTTP/1.1" 200 587
186.103.156.211 - - [24/Mar/2016:08:59:46 -0300] "GET /cormun/static/cmcontrolpreferences.js?20151120014525 HTTP/1.1" 200 1375
186.103.156.211 - - [24/Mar/2016:08:59:46 -0300] "GET /cormun/static/hmpwkw03.js?201631622503633 HTTP/1.1" 200 3898
186.103.156.211 - - [24/Mar/2016:08:59:47 -0300] "GET /cormun/static/Resources/Spanish/PXTools.css?10515224 HTTP/1.1" 200 89042
186.103.156.211 - - [24/Mar/2016:08:59:47 -0300] "GET /cormun/servlet/hhome HTTP/1.1" 200 3557
186.103.156.24 - - [24/Mar/2016:08:59:51 -0300] "POST /cormun/servlet/solicitudotadjuntos?gx-no-cache=1458820958486 HTTP/1.1" 200 26
186.103.156.24 - - [24/Mar/2016:09:00:01 -0300] "GET /cormun/servlet/solicitudotadjuntos?59139eaa7d992cc74263005bc18c96a0660a45e79644f072736df44a00f7d750,gx-no-cache=1458820969343 HTTP/1.1" 200 30
186.103.156.24 - - [24/Mar/2016:09:00:01 -0300] "GET /cormun/servlet/solicitudotadjuntos?59139eaa7d992cc74263005bc18c96a0660a45e79644f072736df44a00f7d750,gx-no-cache=1458820969416 HTTP/1.1" 200 30
186.103.156.24 - - [24/Mar/2016:09:00:05 -0300] "POST /cormun/servlet/solicitudotadjuntos?44fa6517b57d04c14bbc0ab749571ed2,INS,2016,1098,,1, HTTP/1.1" 200 5449
186.103.156.24 - - [24/Mar/2016:09:00:05 -0300] "GET /home/sistema/apache-tomcat-7.0.65/webapps/cormun/PrivateTempStorage/upload_00000067.pdf HTTP/1.1" 404 1135
186.103.156.24 - - [24/Mar/2016:09:00:05 -0300] "GET /home/sistema/apache-tomcat-7.0.65/webapps/cormun/PrivateTempStorage/upload_00000067.pdf HTTP/1.1" 404 1135
186.103.156.24 - - [24/Mar/2016:09:00:05 -0300] "GET /cormun/static/Shared/jqueryui/images/ui-icons_82798d_256x240.png HTTP/1.1" 404 1089
186.103.156.24 - - [24/Mar/2016:09:00:05 -0300] "GET /cormun/static/Shared/jqueryui/images/ui-bg_highlight-soft_100_c6c2c8_1x100.png HTTP/1.1" 404 1117
186.103.156.24 - - [24/Mar/2016:09:00:05 -0300] "GET /cormun/PrivateTempStorage/upload_00000067.pdf HTTP/1.1" 200 324220
186.103.156.24 - - [24/Mar/2016:09:00:07 -0300] "GET /cormun/static/Shared/jqueryui/images/ui-bg_flat_55_994d53_40x100.png HTTP/1.1" 404 1097
186.103.156.24 - - [24/Mar/2016:09:00:12 -0300] "GET /cormun/static/Shared/jqueryui/images/ui-icons_ebccce_256x240.png HTTP/1.1" 404 1089
186.103.159.188 - - [24/Mar/2016:09:00:13 -0300] "GET /cormun/servlet/trcontratouno? HTTP/1.1" 200 12532
186.103.159.188 - - [24/Mar/2016:09:00:13 -0300] "GET /cormun/static/gxcfg.js?20163221610935 HTTP/1.1" 200 953
186.103.159.188 - - [24/Mar/2016:09:00:13 -0300] "GET /cormun/static/Resources/Spanish/PXTools.css?19284387 HTTP/1.1" 304 -
186.103.159.188 - - [24/Mar/2016:09:00:13 -0300] "GET /cormun/static/trcontratouno.js?20163221610166 HTTP/1.1" 200 39934
186.103.159.188 - - [24/Mar/2016:09:00:13 -0300] "GET /cormun/static/Resources/PXToolsAddSelectedAction.png HTTP/1.1" 200 3660
186.103.159.188 - - [24/Mar/2016:09:00:13 -0300] "GET /cormun/static/Resources/PXToolsRemoveAllAction.png HTTP/1.1" 200 3558
186.103.159.188 - - [24/Mar/2016:09:00:13 -0300] "GET /cormun/static/Resources/PXToolsAddAllAction.png HTTP/1.1" 200 3624
186.103.159.188 - - [24/Mar/2016:09:00:13 -0300] "GET /cormun/static/Resources/PXToolsRemoveSelectedAction.png HTTP/1.1" 200 3617
186.103.159.188 - - [24/Mar/2016:09:00:14 -0300] "GET /cormun/servlet/trcontratouno? HTTP/1.1" 200 12532
186.103.156.24 - - [24/Mar/2016:09:00:22 -0300] "GET /cormun/servlet/solicitudotadjuntos?59139eaa7d992cc74263005bc18c96a0ae640a4556e81c8309b737357250191076252d358c191aa3bab003bf499cb13c,gx-no-cache=1458820982015 HTTP/1.1" 200 30
186.103.156.211 - - [24/Mar/2016:09:00:35 -0300] "GET /cormun/servlet/trcontratoobservaciondir? HTTP/1.1" 200 5734
186.103.156.211 - - [24/Mar/2016:09:00:35 -0300] "GET /cormun/static/calendar-es.js?85251 HTTP/1.1" 200 1901
186.103.156.211 - - [24/Mar/2016:09:00:35 -0300] "GET /cormun/static/calendar-setup.js?85251 HTTP/1.1" 200 2588
186.103.156.211 - - [24/Mar/2016:09:00:35 -0300] "GET /cormun/static/calendar.js?85251 HTTP/1.1" 200 26246
186.103.156.211 - - [24/Mar/2016:09:00:36 -0300] "GET /cormun/static/gxcfg.js?20163231973482 HTTP/1.1" 200 953
186.103.156.211 - - [24/Mar/2016:09:00:36 -0300] "GET /cormun/static/gxdec.js?85251 HTTP/1.1" 200 19579
186.103.156.211 - - [24/Mar/2016:09:00:36 -0300] "GET /cormun/static/trcontratoobservaciondir.js?2016323197386 HTTP/1.1" 200 24069
186.103.156.211 - - [24/Mar/2016:09:00:36 -0300] "GET /cormun/static/Resources/Spanish/PXTools.css?19284387 HTTP/1.1" 200 89042
186.103.156.211 - - [24/Mar/2016:09:00:38 -0300] "GET /cormun/servlet/trcontratoobservaciondir? HTTP/1.1" 200 5733
186.103.156.211 - - [24/Mar/2016:09:00:39 -0300] "POST /cormun/servlet/acontrolpreferencessavestate?None,WPE%C3%91A,true HTTP/1.1" 200 35
186.103.156.24 - - [24/Mar/2016:09:00:48 -0300] "POST /cormun/servlet/solicitudotadjuntos?44fa6517b57d04c14bbc0ab749571ed2,INS,2016,1098,,1, HTTP/1.1" 200 5864
186.103.156.211 - - [24/Mar/2016:09:01:35 -0300] "POST /cormun/servlet/trcontratoobservaciondir?819f1c817ee28e2f18a60ed4601a5db8,,gx-no-cache=1458820922710 HTTP/1.1" 200 3385
186.103.156.211 - - [24/Mar/2016:09:01:49 -0300] "POST /cormun/servlet/trcontratoobservaciondir?819f1c817ee28e2f18a60ed4601a5db8,,gx-no-cache=1458820937566 HTTP/1.1" 200 3384
186.103.156.211 - - [24/Mar/2016:09:02:02 -0300] "POST /cormun/servlet/trcontratoobservaciondir?819f1c817ee28e2f18a60ed4601a5db8,,gx-no-cache=1458820950039 HTTP/1.1" 200 3384
186.103.156.211 - - [24/Mar/2016:09:02:06 -0300] "POST /cormun/servlet/trcontratoobservaciondir?819f1c817ee28e2f18a60ed4601a5db8,,gx-no-cache=1458820954138 HTTP/1.1" 200 3385
186.103.156.211 - - [24/Mar/2016:09:02:27 -0300] "GET /cormun/servlet/trcontratouno? HTTP/1.1" 200 10719
186.103.156.211 - - [24/Mar/2016:09:02:27 -0300] "GET /cormun/static/gxcfg.js?20163221610935 HTTP/1.1" 200 953
186.103.156.211 - - [24/Mar/2016:09:02:27 -0300] "GET /cormun/static/Resources/PXToolsAddSelectedAction.png HTTP/1.1" 200 3660
186.103.156.211 - - [24/Mar/2016:09:02:27 -0300] "GET /cormun/static/Resources/PXToolsAddAllAction.png HTTP/1.1" 200 3624
186.103.156.211 - - [24/Mar/2016:09:02:27 -0300] "GET /cormun/static/trcontratouno.js?20163221610166 HTTP/1.1" 200 39934
186.103.156.211 - - [24/Mar/2016:09:02:27 -0300] "GET /cormun/static/Resources/PXToolsRemoveSelectedAction.png HTTP/1.1" 200 3617
186.103.156.211 - - [24/Mar/2016:09:02:27 -0300] "GET /cormun/static/Resources/PXToolsRemoveAllAction.png HTTP/1.1" 200 3558
186.103.156.211 - - [24/Mar/2016:09:02:29 -0300] "GET /cormun/servlet/trcontratouno? HTTP/1.1" 200 10719
192.168.10.89 - - [24/Mar/2016:09:02:31 -0300] "GET /cormun/servlet/solicitudot?INS,0,0, HTTP/1.1" 200 11663
192.168.10.89 - - [24/Mar/2016:09:02:35 -0300] "GET /cormun/servlet/prfichaempleado?,MD,,gxPopupLevel%3D0%3B HTTP/1.1" 200 7926
192.168.10.89 - - [24/Mar/2016:09:02:43 -0300] "POST /cormun/servlet/prfichaempleado?64d4dc7050a36f2f882284abba5f20f5,,MD,,gxPopupLevel%3D0%3B,gx-no-cache=1458820707975 HTTP/1.1" 200 2767
192.168.10.89 - - [24/Mar/2016:09:02:46 -0300] "POST /cormun/servlet/solicitudot?gx-no-cache=1458820710922 HTTP/1.1" 200 2745
192.168.10.89 - - [24/Mar/2016:09:02:46 -0300] "POST /cormun/servlet/solicitudot?64d4dc7050a36f2f882284abba5f20f5,INS,0,0,,gx-no-cache=1458820711120 HTTP/1.1" 200 8456
192.168.10.89 - - [24/Mar/2016:09:02:52 -0300] "GET /cormun/servlet/solicitudot?85eb69c5d1a2313160b8d0928dc4f12451ffbd14b41baf0c6b7768675105c9d9db3db6cfe44e56958ce48bf125a48b51,gx-no-cache=1458820716892 HTTP/1.1" 200 30
192.168.10.89 - - [24/Mar/2016:09:02:55 -0300] "POST /cormun/servlet/solicitudot?gx-no-cache=1458820719924 HTTP/1.1" 200 30
192.168.10.89 - - [24/Mar/2016:09:02:58 -0300] "POST /cormun/servlet/solicitudot?gx-no-cache=1458820722768 HTTP/1.1" 200 30
192.168.10.89 - - [24/Mar/2016:09:03:01 -0300] "POST /cormun/servlet/solicitudot?gx-no-cache=1458820725828 HTTP/1.1" 200 452
192.168.10.89 - - [24/Mar/2016:09:03:01 -0300] "GET /cormun/servlet/solicitudot?85eb69c5d1a2313160b8d0928dc4f12495651ed245ce149609f467ad074189e1ae95f9f4f229a0ea06e67a3bed6ca4f38ec19579b04680a6995b51099d67bedc837580efcdccb2880904019e553d12b820d19794a3eddbaf2e1930cd99664215086ab1b1024c6ec99ac9f69f456b7cc1533d5fe8bd6ed9d6e53bc08ed9a4da71662d0b9ee1d830c3b30f67a15a757e4f,gx-no-cache=1458820725863 HTTP/1.1" 200 38
186.103.156.24 - - [24/Mar/2016:09:03:02 -0300] "GET /cormun/servlet/trsolicitudadjuntos?2016,1098, HTTP/1.1" 200 7940
186.103.156.24 - - [24/Mar/2016:09:03:03 -0300] "GET /cormun/servlet/solicitudotadjuntos?INS,2016,1098,,1, HTTP/1.1" 200 5574
186.103.156.24 - - [24/Mar/2016:09:03:03 -0300] "GET /cormun/servlet/trsolicitudadjuntos?2016,1098, HTTP/1.1" 200 7938
186.103.156.24 - - [24/Mar/2016:09:03:04 -0300] "GET /cormun/servlet/trsolicitudadjuntos?2016,1098, HTTP/1.1" 200 7941
192.168.10.89 - - [24/Mar/2016:09:03:05 -0300] "GET /cormun/servlet/solicitudot?85eb69c5d1a2313160b8d0928dc4f124912a498a578e04dd4ed2281ee950995bfe0d129bdb060f4a88e926a5cd073bef017b406430936dc0746d5a8e1562c1c46f88b479f1be4c767fca22397351eabaa9c5063808991f89ccde2613ad7d78961526ed665f176f38ecd6db160b4fee00d485998c88305d96e4327ea134a4ab7cb5d46327e5046db0788d7f5cd9132a2a38ccfebb879748403bffaec673207ff0,gx-no-cache=1458820730197 HTTP/1.1" 200 29
192.168.10.89 - - [24/Mar/2016:09:03:06 -0300] "POST /cormun/servlet/solicitudot?gx-no-cache=1458820731350 HTTP/1.1" 200 1128
186.103.156.211 - - [24/Mar/2016:09:03:18 -0300] "POST /cormun/servlet/trcontratouno?819f1c817ee28e2f18a60ed4601a5db8,,gx-no-cache=1458821025332 HTTP/1.1" 200 102
186.103.156.211 - - [24/Mar/2016:09:03:18 -0300] "GET /cormun/ContratoUno-698.xls HTTP/1.1" 200 10240
186.103.156.211 - - [24/Mar/2016:09:03:27 -0300] "GET /cormun/servlet/trcontratoobservaciondir? HTTP/1.1" 200 5760
186.103.156.211 - - [24/Mar/2016:09:03:28 -0300] "GET /cormun/servlet/trcontratoobservaciondir? HTTP/1.1" 200 5760
192.168.10.89 - - [24/Mar/2016:09:03:29 -0300] "GET /cormun/servlet/solicitudot?85eb69c5d1a2313160b8d0928dc4f1246ea756c1df8fd8e2327fea6e2ba8ad55f087591e6881cd15eac4fe74b2c78bba4cd359ec0753efb684b36c5db0fc6c3b81dc1b1ce420c9e7bc7d8d7dd0a69343ae3813dd138f51ef5d2e34cb096797f8004d9db5880971944b40c09a2842303ad6cbc6a247d0359a0d2b85ff6a1a5171a6d0d26940d0b3a9c46475869fa852005b08bf57890d0ee46cfe8692c53e2a48c012ef7af16992a151c21b888752e18b,gx-no-cache=1458820754170 HTTP/1.1" 200 30
192.168.10.89 - - [24/Mar/2016:09:03:34 -0300] "POST /cormun/servlet/solicitudot?64d4dc7050a36f2f882284abba5f20f5,INS,0,0,,gx-no-cache=1458820759120 HTTP/1.1" 200 93
192.168.10.89 - - [24/Mar/2016:09:03:34 -0300] "GET /cormun/servlet/hpexe_return? HTTP/1.1" 200 1006
192.168.10.89 - - [24/Mar/2016:09:03:35 -0300] "GET /cormun/servlet/trsolicitudot HTTP/1.1" 200 7757
192.168.10.89 - - [24/Mar/2016:09:03:38 -0300] "POST /cormun/servlet/trsolicitudot?64d4dc7050a36f2f882284abba5f20f5,gx-no-cache=1458820763139 HTTP/1.1" 200 3835
192.168.10.89 - - [24/Mar/2016:09:03:39 -0300] "POST /cormun/servlet/trsolicitudot?64d4dc7050a36f2f882284abba5f20f5,gx-no-cache=1458820763445 HTTP/1.1" 200 3686
192.168.10.89 - - [24/Mar/2016:09:03:39 -0300] "GET /cormun/static/Shared/jqueryui/images/ui-bg_flat_55_fafafa_40x100.png HTTP/1.1" 404 1097
192.168.10.89 - - [24/Mar/2016:09:03:39 -0300] "GET /cormun/static/Shared/jqueryui/images/ui-icons_8d78a5_256x240.png HTTP/1.1" 404 1089
192.168.10.89 - - [24/Mar/2016:09:03:39 -0300] "GET /cormun/static/Shared/jqueryui/images/ui-icons_82798d_256x240.png HTTP/1.1" 404 1089
192.168.10.89 - - [24/Mar/2016:09:03:39 -0300] "GET /cormun/static/Shared/jqueryui/images/ui-bg_highlight-soft_100_c6c2c8_1x100.png HTTP/1.1" 404 1117
192.168.10.89 - - [24/Mar/2016:09:03:41 -0300] "GET /cormun/servlet/trautorizarsolicitud? HTTP/1.1" 200 7691
186.103.156.24 - - [24/Mar/2016:09:03:41 -0300] "GET /cormun/servlet/trautorizarsolicitud? HTTP/1.1" 200 6404
186.103.156.24 - - [24/Mar/2016:09:03:42 -0300] "GET /cormun/static/Resources/Spanish/PXTools.css?19284387 HTTP/1.1" 304 -
186.103.156.24 - - [24/Mar/2016:09:03:42 -0300] "GET /cormun/static/gxcfg.js?201632119361219 HTTP/1.1" 200 953
186.103.156.24 - - [24/Mar/2016:09:03:42 -0300] "GET /cormun/static/trautorizarsolicitud.js?20163211936186 HTTP/1.1" 304 -
186.103.156.24 - - [24/Mar/2016:09:03:42 -0300] "GET /cormun/servlet/trautorizarsolicitud? HTTP/1.1" 200 6392
192.168.10.89 - - [24/Mar/2016:09:03:45 -0300] "POST /cormun/servlet/trautorizarsolicitud?64d4dc7050a36f2f882284abba5f20f5,,gx-no-cache=1458820769414 HTTP/1.1" 200 3807
192.168.10.89 - - [24/Mar/2016:09:03:45 -0300] "POST /cormun/servlet/trautorizarsolicitud?64d4dc7050a36f2f882284abba5f20f5,,gx-no-cache=1458820769711 HTTP/1.1" 200 3660
192.168.10.89 - - [24/Mar/2016:09:03:45 -0300] "GET /cormun/static/Shared/jqueryui/images/ui-bg_highlight-soft_100_c6c2c8_1x100.png HTTP/1.1" 404 1117
192.168.10.89 - - [24/Mar/2016:09:03:45 -0300] "GET /cormun/static/Shared/jqueryui/images/ui-bg_flat_55_fafafa_40x100.png HTTP/1.1" 404 1097
192.168.10.89 - - [24/Mar/2016:09:03:45 -0300] "GET /cormun/static/Shared/jqueryui/images/ui-icons_8d78a5_256x240.png HTTP/1.1" 404 1089
192.168.10.89 - - [24/Mar/2016:09:03:45 -0300] "GET /cormun/static/Shared/jqueryui/images/ui-icons_82798d_256x240.png HTTP/1.1" 404 1089
186.103.156.24 - - [24/Mar/2016:09:03:47 -0300] "GET /cormun/servlet/trsolicitudot? HTTP/1.1" 200 8237
192.168.10.89 - - [24/Mar/2016:09:03:47 -0300] "GET /cormun/servlet/trsolicitudot? HTTP/1.1" 200 6465
186.103.156.24 - - [24/Mar/2016:09:03:47 -0300] "GET /cormun/servlet/trsolicitudot? HTTP/1.1" 200 8237
186.103.156.24 - - [24/Mar/2016:09:03:54 -0300] "POST /cormun/servlet/trsolicitudot?44fa6517b57d04c14bbc0ab749571ed2,,gx-no-cache=1458821207943 HTTP/1.1" 200 5785
186.103.156.24 - - [24/Mar/2016:09:03:54 -0300] "GET /cormun/static/Shared/jqueryui/images/ui-bg_highlight-soft_100_c6c2c8_1x100.png HTTP/1.1" 404 1117
186.103.156.24 - - [24/Mar/2016:09:03:54 -0300] "GET /cormun/static/Shared/jqueryui/images/ui-icons_82798d_256x240.png HTTP/1.1" 404 1089
186.103.156.24 - - [24/Mar/2016:09:03:54 -0300] "GET /cormun/static/Shared/jqueryui/images/ui-bg_flat_55_fafafa_40x100.png HTTP/1.1" 404 1097
186.103.156.24 - - [24/Mar/2016:09:03:54 -0300] "GET /cormun/static/Shared/jqueryui/images/ui-icons_8d78a5_256x240.png HTTP/1.1" 404 1089
186.103.156.24 - - [24/Mar/2016:09:04:02 -0300] "POST /cormun/servlet/trsolicitudot?44fa6517b57d04c14bbc0ab749571ed2,,gx-no-cache=1458821214863 HTTP/1.1" 200 5593
186.103.156.211 - - [24/Mar/2016:09:04:04 -0300] "GET /cormun/servlet/trcontratouno? HTTP/1.1" 200 10722
186.103.156.24 - - [24/Mar/2016:09:04:05 -0300] "POST /cormun/servlet/trsolicitudot?44fa6517b57d04c14bbc0ab749571ed2,,gx-no-cache=1458821221142 HTTP/1.1" 200 5591
186.103.156.211 - - [24/Mar/2016:09:04:05 -0300] "GET /cormun/servlet/trcontratouno? HTTP/1.1" 200 10721
186.103.156.24 - - [24/Mar/2016:09:04:09 -0300] "POST /cormun/servlet/trsolicitudot?44fa6517b57d04c14bbc0ab749571ed2,,gx-no-cache=1458821224519 HTTP/1.1" 200 5785
