186.103.159.44 - - [24/Mar/2016:10:40:19 -0300] "GET /cormun/static/Shared/jqueryui/jquery-ui.min.js HTTP/1.1" 200 240427
186.103.159.44 - - [24/Mar/2016:10:40:19 -0300] "GET /cormun/static/scaMessage/scaMessageRender.js HTTP/1.1" 200 11977
186.103.159.44 - - [24/Mar/2016:10:40:19 -0300] "GET /cormun/static/hmpwkw03.js?201631622503633 HTTP/1.1" 200 3898
186.103.159.44 - - [24/Mar/2016:10:40:19 -0300] "GET /cormun/static/Resources/logo4.png HTTP/1.1" 200 6582
186.103.159.44 - - [24/Mar/2016:10:40:19 -0300] "GET /cormun/static/Resources/PXToolsHeaderActionsLeft.png HTTP/1.1" 200 1118
186.103.159.44 - - [24/Mar/2016:10:40:19 -0300] "GET /cormun/static/Resources/PXToolsHeaderHome.png HTTP/1.1" 200 4147
186.103.159.44 - - [24/Mar/2016:10:40:19 -0300] "GET /cormun/static/Resources/PXToolsHeaderLogin.png HTTP/1.1" 200 4279
186.103.159.44 - - [24/Mar/2016:10:40:19 -0300] "GET /cormun/static/Resources/PXToolsHeaderPreferences.png HTTP/1.1" 200 4189
186.103.159.44 - - [24/Mar/2016:10:40:19 -0300] "GET /cormun/static/Resources/PXToolsHeaderSecurity.png HTTP/1.1" 200 4166
186.103.159.44 - - [24/Mar/2016:10:40:20 -0300] "GET /cormun/static/Resources/PXToolsHeaderActionsRight.png HTTP/1.1" 200 1201
186.103.159.44 - - [24/Mar/2016:10:40:20 -0300] "GET /cormun/static/Resources/PXToolsFooterBackground2.png HTTP/1.1" 200 1172
186.103.159.44 - - [24/Mar/2016:10:40:20 -0300] "GET /cormun/static/Resources/PXToolsHeaderActionsBackground.png HTTP/1.1" 200 484
186.103.159.44 - - [24/Mar/2016:10:40:20 -0300] "GET /cormun/static/Resources/PXToolsDataTitle.png HTTP/1.1" 200 1173
186.103.159.44 - - [24/Mar/2016:10:40:20 -0300] "GET /cormun/static/Resources/PXToolsHeaderBackground2.png HTTP/1.1" 200 1174
186.103.159.44 - - [24/Mar/2016:10:40:20 -0300] "GET /cormun/static/Shared/ext/ext-all.js HTTP/1.1" 200 1289687
186.103.159.44 - - [24/Mar/2016:10:40:21 -0300] "GET /cormun/static/SmoothNavMenu/resources/images/down.gif HTTP/1.1" 200 854
186.103.159.188 - - [24/Mar/2016:10:40:35 -0300] "POST /cormun/servlet/trcontratouno?9f127294569ed0440f2837eb83a743c6,,gx-no-cache=1458827121313 HTTP/1.1" 200 7326
186.103.159.44 - - [24/Mar/2016:10:40:35 -0300] "GET /cormun/servlet/trsolicitudot? HTTP/1.1" 200 6435
186.103.159.44 - - [24/Mar/2016:10:40:35 -0300] "GET /cormun/static/gxui/gxui-all.css?120300 HTTP/1.1" 200 2179
186.103.159.44 - - [24/Mar/2016:10:40:35 -0300] "GET /cormun/static/calendar-system.css?85620 HTTP/1.1" 200 5572
186.103.159.44 - - [24/Mar/2016:10:40:35 -0300] "GET /cormun/static/gxcfg.js?201631022392470 HTTP/1.1" 200 953
186.103.159.44 - - [24/Mar/2016:10:40:35 -0300] "GET /cormun/static/calendar.js?85251 HTTP/1.1" 200 26246
186.103.159.44 - - [24/Mar/2016:10:40:35 -0300] "GET /cormun/static/calendar-setup.js?85251 HTTP/1.1" 200 2588
186.103.159.44 - - [24/Mar/2016:10:40:35 -0300] "GET /cormun/static/calendar-es.js?85251 HTTP/1.1" 200 1901
186.103.159.44 - - [24/Mar/2016:10:40:35 -0300] "GET /cormun/static/Resources/Spanish/PXTools.css?2139548 HTTP/1.1" 200 89042
186.103.159.44 - - [24/Mar/2016:10:40:35 -0300] "GET /cormun/static/Resources/PXTools/calendar.png HTTP/1.1" 200 1306
186.103.159.44 - - [24/Mar/2016:10:40:35 -0300] "GET /cormun/static/gxdec.js?85251 HTTP/1.1" 200 19579
186.103.159.44 - - [24/Mar/2016:10:40:35 -0300] "GET /cormun/static/trsolicitudot.js?201631022393178 HTTP/1.1" 200 44568
186.103.159.44 - - [24/Mar/2016:10:40:35 -0300] "GET /cormun/static/Resources/PXToolsGridNextDisabled.gif HTTP/1.1" 200 90
186.103.159.44 - - [24/Mar/2016:10:40:35 -0300] "GET /cormun/static/Resources/PXToolsGridLastDisabled.gif HTTP/1.1" 200 98
186.103.159.44 - - [24/Mar/2016:10:40:35 -0300] "GET /cormun/static/Resources/PXToolsGridPage.gif HTTP/1.1" 200 725
186.103.159.44 - - [24/Mar/2016:10:40:36 -0300] "GET /cormun/static/Resources/PXToolsActionExcel.png HTTP/1.1" 200 3187
186.103.159.44 - - [24/Mar/2016:10:40:36 -0300] "GET /cormun/static/Resources/PXToolsGridNew.png HTTP/1.1" 200 2949
186.103.159.44 - - [24/Mar/2016:10:40:36 -0300] "GET /cormun/static/Shared/ext/resources/css/ext-all.css?215870 HTTP/1.1" 200 416045
186.103.159.44 - - [24/Mar/2016:10:40:36 -0300] "GET /cormun/static/Resources/PXToolsGridFirstDisabled.gif HTTP/1.1" 200 100
186.103.159.44 - - [24/Mar/2016:10:40:36 -0300] "GET /cormun/static/Resources/PXToolsDataSearch.png HTTP/1.1" 200 419
186.103.159.44 - - [24/Mar/2016:10:40:36 -0300] "GET /cormun/static/Resources/PXToolsGridPreviousDisabled.gif HTTP/1.1" 200 90
186.103.159.44 - - [24/Mar/2016:10:40:37 -0300] "GET /cormun/static/Resources/asc.gif HTTP/1.1" 200 67
186.103.159.44 - - [24/Mar/2016:10:40:37 -0300] "GET /cormun/static/Resources/desc.gif HTTP/1.1" 200 65
186.103.159.44 - - [24/Mar/2016:10:40:37 -0300] "GET /cormun/static/Shared/ext/resources/themes/images/default/tools/tool-sprites.gif HTTP/1.1" 200 5434
186.103.159.44 - - [24/Mar/2016:10:40:37 -0300] "GET /cormun/static/Shared/ext/resources/themes/images/default/panel/bg-headersPanel.png HTTP/1.1" 200 255
186.103.159.44 - - [24/Mar/2016:10:40:41 -0300] "GET /cormun/servlet/solicitudot?INS,0,0, HTTP/1.1" 200 11634
186.103.159.44 - - [24/Mar/2016:10:40:41 -0300] "GET /cormun/static/calendar-system.css?75620 HTTP/1.1" 200 5572
186.103.159.44 - - [24/Mar/2016:10:40:41 -0300] "GET /cormun/static/Resources/Spanish/PXTools.css?22445990 HTTP/1.1" 200 89042
186.103.159.44 - - [24/Mar/2016:10:40:41 -0300] "GET /cormun/static/gxcfg.js?201631710541238 HTTP/1.1" 200 953
186.103.159.44 - - [24/Mar/2016:10:40:41 -0300] "GET /cormun/static/Resources/prompt.gif HTTP/1.1" 200 902
186.103.159.44 - - [24/Mar/2016:10:40:41 -0300] "GET /cormun/static/solicitudot.js?201631710541292 HTTP/1.1" 200 45515
186.103.159.44 - - [24/Mar/2016:10:40:45 -0300] "GET /cormun/static/Resources/resize.gif HTTP/1.1" 200 77
186.103.159.44 - - [24/Mar/2016:10:40:45 -0300] "GET /cormun/servlet/prfichaempleado?,MD,,gxPopupLevel%3D0%3B HTTP/1.1" 200 7953
186.103.159.44 - - [24/Mar/2016:10:40:45 -0300] "GET /cormun/static/Resources/Spanish/PXTools.css?16184758 HTTP/1.1" 200 89042
186.103.159.44 - - [24/Mar/2016:10:40:45 -0300] "GET /cormun/static/gxui/gxui-all.css?1917420 HTTP/1.1" 200 2179
186.103.159.44 - - [24/Mar/2016:10:40:45 -0300] "GET /cormun/static/scaMessage/css/jquery.pnotify.default.css?1816380 HTTP/1.1" 200 1707
186.103.159.44 - - [24/Mar/2016:10:40:45 -0300] "GET /cormun/static/gxcfg.js?201511151625694 HTTP/1.1" 200 953
186.103.159.44 - - [24/Mar/2016:10:40:45 -0300] "GET /cormun/static/scaMessage/css/jquery-ui.css?104140 HTTP/1.1" 404 1045
186.103.159.44 - - [24/Mar/2016:10:40:45 -0300] "GET /cormun/static/Resources/PXToolsMenuSearchCancel.png HTTP/1.1" 200 2972
186.103.159.44 - - [24/Mar/2016:10:40:45 -0300] "GET /cormun/static/Resources/PXToolsGridFirst.gif HTTP/1.1" 200 379
186.103.159.44 - - [24/Mar/2016:10:40:45 -0300] "GET /cormun/static/Resources/PXToolsGridPrevious.gif HTTP/1.1" 200 369
186.103.159.44 - - [24/Mar/2016:10:40:45 -0300] "GET /cormun/static/Resources/PXToolsMenuSearch.png HTTP/1.1" 200 2914
186.103.159.44 - - [24/Mar/2016:10:40:45 -0300] "GET /cormun/static/prfichaempleado.js?201511151625857 HTTP/1.1" 200 15035
186.103.159.44 - - [24/Mar/2016:10:40:45 -0300] "GET /cormun/static/menusearch.js?20163211930269 HTTP/1.1" 200 1424
186.103.159.44 - - [24/Mar/2016:10:40:45 -0300] "GET /cormun/static/hmpwkw01.js?201511211495945 HTTP/1.1" 200 2037
186.103.159.44 - - [24/Mar/2016:10:40:45 -0300] "GET /cormun/static/Resources/PXToolsGridNext.gif HTTP/1.1" 200 369
186.103.159.44 - - [24/Mar/2016:10:40:45 -0300] "GET /cormun/static/Shared/jqueryui/jquery-ui.min-1.8.js HTTP/1.1" 200 213511
186.103.159.44 - - [24/Mar/2016:10:40:45 -0300] "GET /cormun/static/Resources/PXToolsGridLast.gif HTTP/1.1" 200 370
186.103.159.188 - - [24/Mar/2016:10:41:07 -0300] "POST /cormun/servlet/trcontratouno?9f127294569ed0440f2837eb83a743c6,,gx-no-cache=1458827158887 HTTP/1.1" 200 7187
186.103.159.44 - - [24/Mar/2016:10:41:08 -0300] "POST /cormun/servlet/solicitudot?gx-no-cache=1458826875502 HTTP/1.1" 200 2668
186.103.159.44 - - [24/Mar/2016:10:41:09 -0300] "POST /cormun/servlet/solicitudot?16de3e8e60202df2841d2871633c2bc2,INS,0,0,,gx-no-cache=1458826875841 HTTP/1.1" 200 8325
186.103.159.44 - - [24/Mar/2016:10:41:09 -0300] "GET /cormun/servlet/solicitudot?5666405caf22858f25370750a981118819ff09b95e80f2eb769ed4e51805f3c3,gx-no-cache=1458826876168 HTTP/1.1" 200 111
186.103.159.44 - - [24/Mar/2016:10:41:09 -0300] "POST /cormun/servlet/solicitudot?gx-no-cache=1458826876366 HTTP/1.1" 200 120
186.103.159.44 - - [24/Mar/2016:10:41:09 -0300] "GET /cormun/static/Shared/jqueryui/images/ui-bg_flat_55_994d53_40x100.png HTTP/1.1" 404 1097
186.103.159.44 - - [24/Mar/2016:10:41:09 -0300] "GET /cormun/static/Shared/jqueryui/images/ui-icons_82798d_256x240.png HTTP/1.1" 404 1089
186.103.159.44 - - [24/Mar/2016:10:41:09 -0300] "GET /cormun/static/Shared/jqueryui/images/ui-bg_highlight-soft_100_c6c2c8_1x100.png HTTP/1.1" 404 1117
186.103.159.44 - - [24/Mar/2016:10:41:09 -0300] "GET /cormun/static/Shared/jqueryui/images/ui-icons_ebccce_256x240.png HTTP/1.1" 404 1089
186.103.159.44 - - [24/Mar/2016:10:41:14 -0300] "POST /cormun/servlet/solicitudot?gx-no-cache=1458826881019 HTTP/1.1" 200 120
186.103.159.44 - - [24/Mar/2016:10:41:15 -0300] "POST /cormun/servlet/solicitudot?gx-no-cache=1458826882283 HTTP/1.1" 200 120
186.103.159.44 - - [24/Mar/2016:10:41:17 -0300] "POST /cormun/servlet/solicitudot?gx-no-cache=1458826884226 HTTP/1.1" 200 122
186.103.159.44 - - [24/Mar/2016:10:41:17 -0300] "GET /cormun/static/Shared/jqueryui/images/ui-bg_flat_55_fafafa_40x100.png HTTP/1.1" 404 1097
186.103.159.44 - - [24/Mar/2016:10:41:17 -0300] "GET /cormun/static/Shared/jqueryui/images/ui-icons_8d78a5_256x240.png HTTP/1.1" 404 1089
186.103.159.188 - - [24/Mar/2016:10:41:26 -0300] "POST /cormun/servlet/trcontratouno?9f127294569ed0440f2837eb83a743c6,,gx-no-cache=1458827180068 HTTP/1.1" 200 7308
186.103.159.183 - - [24/Mar/2016:10:41:40 -0300] "GET /cormun/servlet/hlogin HTTP/1.1" 200 1744
186.78.36.52 - - [24/Mar/2016:10:42:00 -0300] "POST /cormun/servlet/trcontratouno?209537211fef14770a938406b883f64b,,gx-no-cache=1458826951965 HTTP/1.1" 200 12805
186.103.159.188 - - [24/Mar/2016:10:42:04 -0300] "POST /cormun/servlet/trcontratouno?9f127294569ed0440f2837eb83a743c6,,gx-no-cache=1458827220936 HTTP/1.1" 200 7200
186.103.159.188 - - [24/Mar/2016:10:42:20 -0300] "POST /cormun/servlet/trcontratouno?9f127294569ed0440f2837eb83a743c6,,gx-no-cache=1458827240076 HTTP/1.1" 200 7348
186.103.159.188 - - [24/Mar/2016:10:42:40 -0300] "POST /cormun/servlet/trcontratouno?9f127294569ed0440f2837eb83a743c6,,gx-no-cache=1458827262467 HTTP/1.1" 200 7218
186.103.159.188 - - [24/Mar/2016:10:42:57 -0300] "POST /cormun/servlet/trcontratouno?9f127294569ed0440f2837eb83a743c6,,gx-no-cache=1458827281877 HTTP/1.1" 200 6431
186.103.159.188 - - [24/Mar/2016:10:43:19 -0300] "POST /cormun/servlet/trcontratouno?9f127294569ed0440f2837eb83a743c6,,gx-no-cache=1458827306611 HTTP/1.1" 200 6262
186.103.159.188 - - [24/Mar/2016:10:44:20 -0300] "POST /cormun/servlet/trcontratouno?9f127294569ed0440f2837eb83a743c6,,gx-no-cache=1458827373445 HTTP/1.1" 200 6351
186.103.159.188 - - [24/Mar/2016:10:44:20 -0300] "GET /cormun/static/Shared/jqueryui/images/ui-bg_highlight-soft_100_c6c2c8_1x100.png HTTP/1.1" 404 1117
186.103.159.188 - - [24/Mar/2016:10:44:20 -0300] "GET /cormun/static/Shared/jqueryui/images/ui-icons_82798d_256x240.png HTTP/1.1" 404 1089
186.103.159.188 - - [24/Mar/2016:10:44:20 -0300] "GET /cormun/static/Shared/jqueryui/images/ui-bg_flat_55_fafafa_40x100.png HTTP/1.1" 404 1097
186.103.159.188 - - [24/Mar/2016:10:44:20 -0300] "GET /cormun/static/Shared/jqueryui/images/ui-icons_8d78a5_256x240.png HTTP/1.1" 404 1089
186.103.159.188 - - [24/Mar/2016:10:44:28 -0300] "GET /cormun/servlet/hhome HTTP/1.1" 200 3534
186.103.159.188 - - [24/Mar/2016:10:44:28 -0300] "GET /cormun/servlet/hhome HTTP/1.1" 200 3530
186.103.159.188 - - [24/Mar/2016:10:44:31 -0300] "GET /cormun/servlet/trcontratouno? HTTP/1.1" 200 9161
186.103.159.188 - - [24/Mar/2016:10:44:32 -0300] "GET /cormun/servlet/trcontratouno? HTTP/1.1" 200 9161
186.103.159.188 - - [24/Mar/2016:10:44:52 -0300] "POST /cormun/servlet/trcontratouno?9f127294569ed0440f2837eb83a743c6,,gx-no-cache=1458827410494 HTTP/1.1" 200 7259
186.103.159.188 - - [24/Mar/2016:10:45:19 -0300] "POST /cormun/servlet/trcontratouno?9f127294569ed0440f2837eb83a743c6,,gx-no-cache=1458827440324 HTTP/1.1" 200 7412
186.103.159.188 - - [24/Mar/2016:10:45:43 -0300] "POST /cormun/servlet/trcontratouno?9f127294569ed0440f2837eb83a743c6,,gx-no-cache=1458827467449 HTTP/1.1" 200 7701
200.111.191.210 - - [24/Mar/2016:10:46:27 -0300] "GET /cormun/servlet/trcontratouno? HTTP/1.1" 200 12979
200.111.191.210 - - [24/Mar/2016:10:46:28 -0300] "GET /cormun/servlet/trcontratouno? HTTP/1.1" 200 12969
200.111.191.210 - - [24/Mar/2016:10:46:40 -0300] "POST /cormun/servlet/trcontratouno?dddaa4a38e1a5a7897deddc9db269f5b,,gx-no-cache=1458827223534 HTTP/1.1" 200 6445
200.111.191.210 - - [24/Mar/2016:10:46:58 -0300] "GET /cormun/servlet/trvisualizadoreventos? HTTP/1.1" 200 6203
200.111.191.210 - - [24/Mar/2016:10:46:58 -0300] "GET /cormun/static/gxcfg.js?201631021481342 HTTP/1.1" 200 953
200.111.191.210 - - [24/Mar/2016:10:46:58 -0300] "GET /cormun/static/Resources/PXToolsActionPrint.png HTTP/1.1" 200 3317
200.111.191.210 - - [24/Mar/2016:10:46:58 -0300] "GET /cormun/static/trvisualizadoreventos.js?201631021481717 HTTP/1.1" 200 19288
200.111.191.210 - - [24/Mar/2016:10:46:58 -0300] "GET /cormun/servlet/trvisualizadoreventos? HTTP/1.1" 200 6203
192.168.10.89 - - [24/Mar/2016:10:47:02 -0300] "GET /cormun/servlet/trsolicitudot? HTTP/1.1" 200 6487
192.168.10.89 - - [24/Mar/2016:10:47:02 -0300] "GET /cormun/static/gxcfg.js?201631022392470 HTTP/1.1" 304 -
200.111.191.210 - - [24/Mar/2016:10:47:02 -0300] "GET /cormun/servlet/hlogin HTTP/1.1" 200 1743
192.168.10.89 - - [24/Mar/2016:10:47:05 -0300] "GET /cormun/static/menuarrow.gif HTTP/1.1" 404 1015
192.168.10.89 - - [24/Mar/2016:10:47:07 -0300] "POST /cormun/servlet/trsolicitudot?eaea8d0a3e84c9aeaa442e59d7698a09,,gx-no-cache=1458826972154 HTTP/1.1" 200 3724
192.168.10.89 - - [24/Mar/2016:10:47:09 -0300] "GET /cormun/servlet/solicitudot?INS,0,0, HTTP/1.1" 200 11698
192.168.10.89 - - [24/Mar/2016:10:47:09 -0300] "GET /cormun/static/gxcfg.js?201631710541238 HTTP/1.1" 304 -
192.168.10.89 - - [24/Mar/2016:10:47:11 -0300] "GET /cormun/servlet/prfichaempleado?,MD,,gxPopupLevel%3D0%3B HTTP/1.1" 200 7966
192.168.10.89 - - [24/Mar/2016:10:47:11 -0300] "GET /cormun/static/gxcfg.js?201511151625694 HTTP/1.1" 304 -
186.103.159.188 - - [24/Mar/2016:10:47:20 -0300] "POST /cormun/servlet/trcontratouno?9f127294569ed0440f2837eb83a743c6,,gx-no-cache=1458827574139 HTTP/1.1" 200 7508
192.168.10.89 - - [24/Mar/2016:10:47:22 -0300] "POST /cormun/servlet/prfichaempleado?eaea8d0a3e84c9aeaa442e59d7698a09,,MD,,gxPopupLevel%3D0%3B,gx-no-cache=1458826987285 HTTP/1.1" 200 2789
192.168.10.89 - - [24/Mar/2016:10:47:26 -0300] "POST /cormun/servlet/solicitudot?gx-no-cache=1458826990438 HTTP/1.1" 200 2777
192.168.10.89 - - [24/Mar/2016:10:47:26 -0300] "POST /cormun/servlet/solicitudot?eaea8d0a3e84c9aeaa442e59d7698a09,INS,0,0,,gx-no-cache=1458826990586 HTTP/1.1" 200 8509
192.168.10.89 - - [24/Mar/2016:10:47:28 -0300] "GET /cormun/servlet/solicitudot?8d26dde53cbea42dea03278da809cfdc02d478ed64c088be42a2b6fa5a912289c707d4888b33cfae624492c96a8435fc,gx-no-cache=1458826992703 HTTP/1.1" 200 30
192.168.10.89 - - [24/Mar/2016:10:47:28 -0300] "POST /cormun/servlet/solicitudot?gx-no-cache=1458826992742 HTTP/1.1" 200 30
192.168.10.89 - - [24/Mar/2016:10:47:30 -0300] "POST /cormun/servlet/solicitudot?gx-no-cache=1458826995323 HTTP/1.1" 200 30
192.168.10.89 - - [24/Mar/2016:10:47:32 -0300] "GET /cormun/servlet/prcontratosol?12692787,,,,,MD,,gxPopupLevel%3D0%3B HTTP/1.1" 200 5749
192.168.10.89 - - [24/Mar/2016:10:47:32 -0300] "GET /cormun/static/gxcfg.js?2016141247819 HTTP/1.1" 304 -
192.168.10.89 - - [24/Mar/2016:10:47:34 -0300] "POST /cormun/servlet/solicitudot?gx-no-cache=1458826998823 HTTP/1.1" 200 1171
192.168.10.89 - - [24/Mar/2016:10:47:34 -0300] "GET /cormun/servlet/solicitudot?8d26dde53cbea42dea03278da809cfdc39d5bb58a5f48c563a8bb558afa0e7c98251d78652a6b9d9137b51d82e9af4b38623691e301420aebda7db3ca7b9e825d344bb2e19cdc01d629d45cbe31a15608cec561365455c5d8187aa01d9d6fe03a400d273fde2ae125d5b1345067d23b266e170dd0146fa2e9df0485a326da8fed5aecf9a4657e2092af9083f4c716faf,gx-no-cache=1458826998937 HTTP/1.1" 200 38
192.168.10.89 - - [24/Mar/2016:10:47:34 -0300] "GET /cormun/servlet/solicitudot?8d26dde53cbea42dea03278da809cfdc0074266e23d92e77c472a233c8df467b2856965838ecb0486552db6829c421a9da4f0147f315d457fe74f8a6081c46e115f50305ba61230ade6aed1af2df4db8578f2f47264fc58b28b9e144aa3a2a699277e52563dcda8bac14d3be0ebd2b7a5e925260f6bfec8d3acb256da392dfdc1b5124825dba801485f47b2d28799322f803c5e6ec25baa4235e52bf74a4a6cd,gx-no-cache=1458826998958 HTTP/1.1" 200 29
192.168.10.89 - - [24/Mar/2016:10:47:34 -0300] "POST /cormun/servlet/solicitudot?gx-no-cache=1458826998978 HTTP/1.1" 200 1127
186.103.159.188 - - [24/Mar/2016:10:47:37 -0300] "POST /cormun/servlet/trcontratouno?9f127294569ed0440f2837eb83a743c6,,gx-no-cache=1458827594639 HTTP/1.1" 200 7651
186.78.36.52 - - [24/Mar/2016:10:47:40 -0300] "POST /cormun/servlet/trcontratouno?209537211fef14770a938406b883f64b,,gx-no-cache=1458827297659 HTTP/1.1" 200 12902
186.78.36.52 - - [24/Mar/2016:10:47:40 -0300] "GET /cormun/static/Shared/jqueryui/images/ui-bg_highlight-soft_100_c6c2c8_1x100.png HTTP/1.1" 404 1117
186.78.36.52 - - [24/Mar/2016:10:47:40 -0300] "GET /cormun/static/Shared/jqueryui/images/ui-icons_82798d_256x240.png HTTP/1.1" 404 1089
192.168.10.89 - - [24/Mar/2016:10:47:41 -0300] "GET /cormun/servlet/solicitudot?8d26dde53cbea42dea03278da809cfdc0074266e23d92e77c472a233c8df467b2856965838ecb0486552db6829c421a9ab8dd39d2305d9fb3bfb6264c006da0115f50305ba61230ade6aed1af2df4db8578f2f47264fc58b28b9e144aa3a2a699277e52563dcda8bac14d3be0ebd2b7a5e925260f6bfec8d3acb256da392dfdc1b5124825dba801485f47b2d28799322f803c5e6ec25baa4235e52bf74a4a6cd,gx-no-cache=1458827005578 HTTP/1.1" 200 29
186.78.36.52 - - [24/Mar/2016:10:47:41 -0300] "GET /cormun/static/Shared/jqueryui/images/ui-bg_flat_55_fafafa_40x100.png HTTP/1.1" 404 1097
186.78.36.52 - - [24/Mar/2016:10:47:41 -0300] "GET /cormun/static/Shared/jqueryui/images/ui-icons_8d78a5_256x240.png HTTP/1.1" 404 1089
192.168.10.89 - - [24/Mar/2016:10:47:43 -0300] "GET /cormun/servlet/solicitudot?8d26dde53cbea42dea03278da809cfdcf0bb43ac3cef0d3498e149bcb5b2062e30f7187df56be5988fe2cdd4238d336826897a641cc1b3ade031b807f13fc36758959d193d4d33ae4738bfa3145e57b092046be5b33001985555bbf8d7254017b12741641b30dab669db30cdcf1eac501ec8ffecfe8e251451d4f244079c6e0500da1248c5bcf8fe69ef5a0c3f9313979da44e4fb6d61f6ad29dd2feff1ab21023bdf37eb4eed0e74bd2888c75d53f6a,gx-no-cache=1458827007510 HTTP/1.1" 200 30
192.168.10.89 - - [24/Mar/2016:10:47:47 -0300] "POST /cormun/servlet/solicitudot?eaea8d0a3e84c9aeaa442e59d7698a09,INS,0,0,,gx-no-cache=1458827011945 HTTP/1.1" 200 93
192.168.10.89 - - [24/Mar/2016:10:47:47 -0300] "GET /cormun/servlet/hpexe_return? HTTP/1.1" 200 1008
192.168.10.89 - - [24/Mar/2016:10:47:47 -0300] "GET /cormun/static/gxcfg.js?2015111312145050 HTTP/1.1" 304 -
192.168.10.89 - - [24/Mar/2016:10:47:48 -0300] "GET /cormun/servlet/trsolicitudot? HTTP/1.1" 200 7796
192.168.10.89 - - [24/Mar/2016:10:47:51 -0300] "GET /cormun/servlet/solicitudot?INS,0,0, HTTP/1.1" 200 11698
192.168.10.89 - - [24/Mar/2016:10:47:58 -0300] "GET /cormun/servlet/prfichaempleado?,MD,,gxPopupLevel%3D0%3B HTTP/1.1" 200 7966
186.103.159.188 - - [24/Mar/2016:10:47:59 -0300] "POST /cormun/servlet/trcontratouno?9f127294569ed0440f2837eb83a743c6,,gx-no-cache=1458827618277 HTTP/1.1" 200 7592
191.112.8.11 - - [24/Mar/2016:10:47:59 -0300] "GET /cormun/servlet/trautorizarsolicitud? HTTP/1.1" 200 7541
191.112.8.11 - - [24/Mar/2016:10:48:00 -0300] "GET /cormun/servlet/trautorizarsolicitud? HTTP/1.1" 200 7541
192.168.10.89 - - [24/Mar/2016:10:48:04 -0300] "POST /cormun/servlet/prfichaempleado?eaea8d0a3e84c9aeaa442e59d7698a09,,MD,,gxPopupLevel%3D0%3B,gx-no-cache=1458827028702 HTTP/1.1" 200 2816
192.168.10.89 - - [24/Mar/2016:10:48:07 -0300] "POST /cormun/servlet/solicitudot?gx-no-cache=1458827031392 HTTP/1.1" 200 2767
192.168.10.89 - - [24/Mar/2016:10:48:07 -0300] "POST /cormun/servlet/solicitudot?eaea8d0a3e84c9aeaa442e59d7698a09,INS,0,0,,gx-no-cache=1458827031596 HTTP/1.1" 200 8499
192.168.10.89 - - [24/Mar/2016:10:48:08 -0300] "GET /cormun/servlet/solicitudot?8d26dde53cbea42dea03278da809cfdc570ff1b52ff1b3f8685f6da062a7ca64c707d4888b33cfae624492c96a8435fc,gx-no-cache=1458827032850 HTTP/1.1" 200 30
192.168.10.89 - - [24/Mar/2016:10:48:08 -0300] "POST /cormun/servlet/solicitudot?gx-no-cache=1458827032884 HTTP/1.1" 200 30
192.168.10.89 - - [24/Mar/2016:10:48:10 -0300] "POST /cormun/servlet/solicitudot?gx-no-cache=1458827034545 HTTP/1.1" 200 30
192.168.10.89 - - [24/Mar/2016:10:48:11 -0300] "GET /cormun/servlet/prcontratosol?11366364,,,,,MD,,gxPopupLevel%3D0%3B HTTP/1.1" 200 5750
186.78.36.52 - - [24/Mar/2016:10:48:11 -0300] "POST /cormun/servlet/trcontratouno?209537211fef14770a938406b883f64b,,gx-no-cache=1458827325756 HTTP/1.1" 200 12841
192.168.10.89 - - [24/Mar/2016:10:48:13 -0300] "POST /cormun/servlet/solicitudot?gx-no-cache=1458827037790 HTTP/1.1" 200 1171
192.168.10.89 - - [24/Mar/2016:10:48:13 -0300] "GET /cormun/servlet/solicitudot?8d26dde53cbea42dea03278da809cfdc39d5bb58a5f48c563a8bb558afa0e7c98251d78652a6b9d9137b51d82e9af4b38623691e301420aebda7db3ca7b9e825d344bb2e19cdc01d629d45cbe31a15608cec561365455c5d8187aa01d9d6fe03a400d273fde2ae125d5b1345067d23b266e170dd0146fa2e9df0485a326da8fed5aecf9a4657e2092af9083f4c716faf,gx-no-cache=1458827037907 HTTP/1.1" 200 38
192.168.10.89 - - [24/Mar/2016:10:48:13 -0300] "GET /cormun/servlet/solicitudot?8d26dde53cbea42dea03278da809cfdc0074266e23d92e77c472a233c8df467b2856965838ecb0486552db6829c421a9da4f0147f315d457fe74f8a6081c46e115f50305ba61230ade6aed1af2df4db8578f2f47264fc58b28b9e144aa3a2a699277e52563dcda8bac14d3be0ebd2b7a5e925260f6bfec8d3acb256da392dfdc1b5124825dba801485f47b2d28799322f803c5e6ec25baa4235e52bf74a4a6cd,gx-no-cache=1458827037928 HTTP/1.1" 200 29
192.168.10.89 - - [24/Mar/2016:10:48:13 -0300] "POST /cormun/servlet/solicitudot?gx-no-cache=1458827037948 HTTP/1.1" 200 1127
186.103.159.188 - - [24/Mar/2016:10:48:17 -0300] "POST /cormun/servlet/trcontratouno?9f127294569ed0440f2837eb83a743c6,,gx-no-cache=1458827639143 HTTP/1.1" 200 7665
192.168.10.89 - - [24/Mar/2016:10:48:20 -0300] "GET /cormun/servlet/solicitudot?8d26dde53cbea42dea03278da809cfdc0074266e23d92e77c472a233c8df467b2856965838ecb0486552db6829c421a9ab8dd39d2305d9fb3bfb6264c006da0115f50305ba61230ade6aed1af2df4db8578f2f47264fc58b28b9e144aa3a2a699277e52563dcda8bac14d3be0ebd2b7a5e925260f6bfec8d3acb256da392dfdc1b5124825dba801485f47b2d28799322f803c5e6ec25baa4235e52bf74a4a6cd,gx-no-cache=1458827044950 HTTP/1.1" 200 29
192.168.10.89 - - [24/Mar/2016:10:48:21 -0300] "GET /cormun/servlet/solicitudot?8d26dde53cbea42dea03278da809cfdcaff6088afbc1c0dc816970b3dafebd703a344bf215c0651cfe1ec28a370b839826897a641cc1b3ade031b807f13fc36758959d193d4d33ae4738bfa3145e57b092046be5b33001985555bbf8d7254017b12741641b30dab669db30cdcf1eac501ec8ffecfe8e251451d4f244079c6e0500da1248c5bcf8fe69ef5a0c3f9313979da44e4fb6d61f6ad29dd2feff1ab21023bdf37eb4eed0e74bd2888c75d53f6a,gx-no-cache=1458827045757 HTTP/1.1" 200 30
191.112.8.11 - - [24/Mar/2016:10:48:27 -0300] "POST /cormun/servlet/trautorizarsolicitud?da2784ddcb42d2e0c3a7c73151f40407,,gx-no-cache=1458830930022 HTTP/1.1" 200 3556
191.112.8.11 - - [24/Mar/2016:10:48:27 -0300] "POST /cormun/servlet/trautorizarsolicitud?da2784ddcb42d2e0c3a7c73151f40407,,gx-no-cache=1458830930546 HTTP/1.1" 200 3411
192.168.10.89 - - [24/Mar/2016:10:48:28 -0300] "POST /cormun/servlet/solicitudot?eaea8d0a3e84c9aeaa442e59d7698a09,INS,0,0,,gx-no-cache=1458827052520 HTTP/1.1" 200 93
192.168.10.89 - - [24/Mar/2016:10:48:28 -0300] "GET /cormun/servlet/hpexe_return? HTTP/1.1" 200 1008
192.168.10.89 - - [24/Mar/2016:10:48:28 -0300] "GET /cormun/servlet/trsolicitudot HTTP/1.1" 200 8124
186.78.36.52 - - [24/Mar/2016:10:48:32 -0300] "POST /cormun/servlet/trcontratouno?209537211fef14770a938406b883f64b,,gx-no-cache=1458827351996 HTTP/1.1" 200 12841
192.168.10.89 - - [24/Mar/2016:10:48:36 -0300] "GET /cormun/servlet/solicitudot?INS,0,0, HTTP/1.1" 200 11698
192.168.10.89 - - [24/Mar/2016:10:48:39 -0300] "GET /cormun/servlet/prfichaempleado?,MD,,gxPopupLevel%3D0%3B HTTP/1.1" 200 7961
186.103.159.188 - - [24/Mar/2016:10:48:41 -0300] "POST /cormun/servlet/trcontratouno?9f127294569ed0440f2837eb83a743c6,,gx-no-cache=1458827665608 HTTP/1.1" 200 7712
192.168.10.89 - - [24/Mar/2016:10:48:44 -0300] "POST /cormun/servlet/prfichaempleado?eaea8d0a3e84c9aeaa442e59d7698a09,,MD,,gxPopupLevel%3D0%3B,gx-no-cache=1458827068791 HTTP/1.1" 200 2773
192.168.10.89 - - [24/Mar/2016:10:48:50 -0300] "POST /cormun/servlet/solicitudot?gx-no-cache=1458827075184 HTTP/1.1" 200 2735
192.168.10.89 - - [24/Mar/2016:10:48:51 -0300] "POST /cormun/servlet/solicitudot?eaea8d0a3e84c9aeaa442e59d7698a09,INS,0,0,,gx-no-cache=1458827075361 HTTP/1.1" 200 8468
192.168.10.89 - - [24/Mar/2016:10:48:56 -0300] "GET /cormun/servlet/solicitudot?8d26dde53cbea42dea03278da809cfdcf5182a8324ed3021b86e4de8b1787961e7e5e56f0b629ee1a2ed419922a46264,gx-no-cache=1458827081074 HTTP/1.1" 200 30
192.168.10.89 - - [24/Mar/2016:10:48:56 -0300] "POST /cormun/servlet/solicitudot?gx-no-cache=1458827081092 HTTP/1.1" 200 30
192.168.10.89 - - [24/Mar/2016:10:48:58 -0300] "POST /cormun/servlet/solicitudot?gx-no-cache=1458827083189 HTTP/1.1" 200 30
186.103.159.188 - - [24/Mar/2016:10:49:00 -0300] "POST /cormun/servlet/trcontratouno?9f127294569ed0440f2837eb83a743c6,,gx-no-cache=1458827687377 HTTP/1.1" 200 7750
192.168.10.89 - - [24/Mar/2016:10:49:00 -0300] "GET /cormun/servlet/prcontratosol?9281012,,,,,MD,,gxPopupLevel%3D0%3B HTTP/1.1" 200 5749
192.168.10.89 - - [24/Mar/2016:10:49:02 -0300] "POST /cormun/servlet/solicitudot?gx-no-cache=1458827087085 HTTP/1.1" 200 1171
192.168.10.89 - - [24/Mar/2016:10:49:02 -0300] "GET /cormun/servlet/solicitudot?8d26dde53cbea42dea03278da809cfdc39d5bb58a5f48c563a8bb558afa0e7c98251d78652a6b9d9137b51d82e9af4b38623691e301420aebda7db3ca7b9e825d344bb2e19cdc01d629d45cbe31a15608cec561365455c5d8187aa01d9d6fe03a400d273fde2ae125d5b1345067d23b266e170dd0146fa2e9df0485a326da8fed5aecf9a4657e2092af9083f4c716faf,gx-no-cache=1458827087201 HTTP/1.1" 200 38
192.168.10.89 - - [24/Mar/2016:10:49:02 -0300] "GET /cormun/servlet/solicitudot?8d26dde53cbea42dea03278da809cfdc0074266e23d92e77c472a233c8df467b2856965838ecb0486552db6829c421a9da4f0147f315d457fe74f8a6081c46e115f50305ba61230ade6aed1af2df4db8578f2f47264fc58b28b9e144aa3a2a699277e52563dcda8bac14d3be0ebd2b7a5e925260f6bfec8d3acb256da392dfdc1b5124825dba801485f47b2d28799322f803c5e6ec25baa4235e52bf74a4a6cd,gx-no-cache=1458827087221 HTTP/1.1" 200 29
192.168.10.89 - - [24/Mar/2016:10:49:02 -0300] "POST /cormun/servlet/solicitudot?gx-no-cache=1458827087241 HTTP/1.1" 200 1127
192.168.10.89 - - [24/Mar/2016:10:49:09 -0300] "GET /cormun/servlet/solicitudot?8d26dde53cbea42dea03278da809cfdc0074266e23d92e77c472a233c8df467b2856965838ecb0486552db6829c421a9ab8dd39d2305d9fb3bfb6264c006da0115f50305ba61230ade6aed1af2df4db8578f2f47264fc58b28b9e144aa3a2a699277e52563dcda8bac14d3be0ebd2b7a5e925260f6bfec8d3acb256da392dfdc1b5124825dba801485f47b2d28799322f803c5e6ec25baa4235e52bf74a4a6cd,gx-no-cache=1458827093773 HTTP/1.1" 200 29
192.168.10.89 - - [24/Mar/2016:10:49:16 -0300] "GET /cormun/servlet/solicitudot?8d26dde53cbea42dea03278da809cfdcc9be400f6f983f75ccb8da443aa65368685093238ac235a7242a32b9f7a41d2c372bc6b6c5a77b4a306b5ee798f4f4f25b1688cf9078c38d50617473ea76c8a69bb5c152dfafb58594a06818c9d658fa434ac3978ba7580431b36e415b50f96879fb991dbdec770db1c1731e96fd8bb0004bb82d4fb1a52e6896dc5717cba022e70180afae6d20a8dbb91c1b2de3a018e5a141ca5080439e1ffa9bec958fcaed,gx-no-cache=1458827100463 HTTP/1.1" 200 30
186.78.36.52 - - [24/Mar/2016:10:49:18 -0300] "POST /cormun/servlet/trcontratouno?209537211fef14770a938406b883f64b,,gx-no-cache=1458827392927 HTTP/1.1" 200 6608
186.103.159.188 - - [24/Mar/2016:10:49:18 -0300] "POST /cormun/servlet/trcontratouno?9f127294569ed0440f2837eb83a743c6,,gx-no-cache=1458827708175 HTTP/1.1" 200 7985
192.168.10.89 - - [24/Mar/2016:10:49:19 -0300] "POST /cormun/servlet/solicitudot?eaea8d0a3e84c9aeaa442e59d7698a09,INS,0,0,,gx-no-cache=1458827103942 HTTP/1.1" 200 9393
192.168.10.89 - - [24/Mar/2016:10:49:19 -0300] "GET /cormun/static/Shared/jqueryui/images/ui-bg_flat_55_994d53_40x100.png HTTP/1.1" 404 1097
192.168.10.89 - - [24/Mar/2016:10:49:19 -0300] "GET /cormun/static/Shared/jqueryui/images/ui-icons_82798d_256x240.png HTTP/1.1" 404 1089
192.168.10.89 - - [24/Mar/2016:10:49:19 -0300] "GET /cormun/static/Shared/jqueryui/images/ui-icons_ebccce_256x240.png HTTP/1.1" 404 1089
192.168.10.89 - - [24/Mar/2016:10:49:19 -0300] "GET /cormun/static/Shared/jqueryui/images/ui-bg_highlight-soft_100_c6c2c8_1x100.png HTTP/1.1" 404 1117
186.78.36.52 - - [24/Mar/2016:10:49:25 -0300] "POST /cormun/servlet/trcontratouno?209537211fef14770a938406b883f64b,,gx-no-cache=1458827410000 HTTP/1.1" 200 6597
186.78.36.52 - - [24/Mar/2016:10:49:48 -0300] "POST /cormun/servlet/trcontratouno?209537211fef14770a938406b883f64b,,gx-no-cache=1458827432263 HTTP/1.1" 200 6597
186.78.36.52 - - [24/Mar/2016:10:49:51 -0300] "POST /cormun/servlet/trcontratouno?209537211fef14770a938406b883f64b,,gx-no-cache=1458827436760 HTTP/1.1" 200 4306
186.78.36.52 - - [24/Mar/2016:10:49:58 -0300] "POST /cormun/servlet/trcontratouno?209537211fef14770a938406b883f64b,,gx-no-cache=1458827443000 HTTP/1.1" 200 4306
192.168.10.89 - - [24/Mar/2016:10:50:08 -0300] "POST /cormun/servlet/solicitudot?eaea8d0a3e84c9aeaa442e59d7698a09,INS,0,0,,gx-no-cache=1458827152600 HTTP/1.1" 200 93
192.168.10.89 - - [24/Mar/2016:10:50:08 -0300] "GET /cormun/servlet/hpexe_return? HTTP/1.1" 200 1008
192.168.10.89 - - [24/Mar/2016:10:50:08 -0300] "GET /cormun/servlet/trsolicitudot HTTP/1.1" 200 8124
186.103.159.188 - - [24/Mar/2016:10:50:13 -0300] "POST /cormun/servlet/trcontratouno?9f127294569ed0440f2837eb83a743c6,,gx-no-cache=1458827769637 HTTP/1.1" 200 7897
186.103.159.188 - - [24/Mar/2016:10:50:30 -0300] "POST /cormun/servlet/trcontratouno?9f127294569ed0440f2837eb83a743c6,,gx-no-cache=1458827788884 HTTP/1.1" 200 7927
192.168.10.89 - - [24/Mar/2016:10:50:35 -0300] "GET /cormun/servlet/solicitudot?INS,0,0, HTTP/1.1" 200 11697
192.168.10.89 - - [24/Mar/2016:10:50:40 -0300] "GET /cormun/servlet/prfichaempleado?,MD,,gxPopupLevel%3D0%3B HTTP/1.1" 200 7961
192.168.10.89 - - [24/Mar/2016:10:50:46 -0300] "POST /cormun/servlet/prfichaempleado?eaea8d0a3e84c9aeaa442e59d7698a09,,MD,,gxPopupLevel%3D0%3B,gx-no-cache=1458827191156 HTTP/1.1" 200 2776
192.168.10.89 - - [24/Mar/2016:10:50:52 -0300] "POST /cormun/servlet/solicitudot?gx-no-cache=1458827196987 HTTP/1.1" 200 2775
192.168.10.89 - - [24/Mar/2016:10:50:52 -0300] "POST /cormun/servlet/solicitudot?eaea8d0a3e84c9aeaa442e59d7698a09,INS,0,0,,gx-no-cache=1458827197190 HTTP/1.1" 200 8508
192.168.10.89 - - [24/Mar/2016:10:50:54 -0300] "GET /cormun/servlet/solicitudot?8d26dde53cbea42dea03278da809cfdc5b5c13dd6d8f623dab32f649d5456a77c707d4888b33cfae624492c96a8435fc,gx-no-cache=1458827199210 HTTP/1.1" 200 30
192.168.10.89 - - [24/Mar/2016:10:50:54 -0300] "POST /cormun/servlet/solicitudot?gx-no-cache=1458827199246 HTTP/1.1" 200 30
192.168.10.89 - - [24/Mar/2016:10:50:57 -0300] "POST /cormun/servlet/solicitudot?gx-no-cache=1458827201567 HTTP/1.1" 200 30
192.168.10.89 - - [24/Mar/2016:10:50:58 -0300] "GET /cormun/servlet/prcontratosol?17477489,,,,,MD,,gxPopupLevel%3D0%3B HTTP/1.1" 200 5749
192.168.10.89 - - [24/Mar/2016:10:51:00 -0300] "POST /cormun/servlet/solicitudot?gx-no-cache=1458827205127 HTTP/1.1" 200 1171
192.168.10.89 - - [24/Mar/2016:10:51:00 -0300] "GET /cormun/servlet/solicitudot?8d26dde53cbea42dea03278da809cfdc39d5bb58a5f48c563a8bb558afa0e7c98251d78652a6b9d9137b51d82e9af4b38623691e301420aebda7db3ca7b9e825d344bb2e19cdc01d629d45cbe31a15608cec561365455c5d8187aa01d9d6fe03a400d273fde2ae125d5b1345067d23b266e170dd0146fa2e9df0485a326da8fed5aecf9a4657e2092af9083f4c716faf,gx-no-cache=1458827205243 HTTP/1.1" 200 38
192.168.10.89 - - [24/Mar/2016:10:51:00 -0300] "GET /cormun/servlet/solicitudot?8d26dde53cbea42dea03278da809cfdc0074266e23d92e77c472a233c8df467b2856965838ecb0486552db6829c421a9da4f0147f315d457fe74f8a6081c46e115f50305ba61230ade6aed1af2df4db8578f2f47264fc58b28b9e144aa3a2a699277e52563dcda8bac14d3be0ebd2b7a5e925260f6bfec8d3acb256da392dfdc1b5124825dba801485f47b2d28799322f803c5e6ec25baa4235e52bf74a4a6cd,gx-no-cache=1458827205264 HTTP/1.1" 200 29
192.168.10.89 - - [24/Mar/2016:10:51:00 -0300] "POST /cormun/servlet/solicitudot?gx-no-cache=1458827205284 HTTP/1.1" 200 1128
186.78.36.52 - - [24/Mar/2016:10:51:07 -0300] "POST /cormun/servlet/trcontratouno?209537211fef14770a938406b883f64b,,gx-no-cache=1458827504364 HTTP/1.1" 200 4457
186.103.159.188 - - [24/Mar/2016:10:51:07 -0300] "POST /cormun/servlet/trcontratouno?9f127294569ed0440f2837eb83a743c6,,gx-no-cache=1458827829992 HTTP/1.1" 200 8004
192.168.10.89 - - [24/Mar/2016:10:51:10 -0300] "GET /cormun/servlet/solicitudot?8d26dde53cbea42dea03278da809cfdc0074266e23d92e77c472a233c8df467b2856965838ecb0486552db6829c421a9ab8dd39d2305d9fb3bfb6264c006da0115f50305ba61230ade6aed1af2df4db8578f2f47264fc58b28b9e144aa3a2a699277e52563dcda8bac14d3be0ebd2b7a5e925260f6bfec8d3acb256da392dfdc1b5124825dba801485f47b2d28799322f803c5e6ec25baa4235e52bf74a4a6cd,gx-no-cache=1458827215242 HTTP/1.1" 200 29
186.78.36.52 - - [24/Mar/2016:10:51:20 -0300] "POST /cormun/servlet/trcontratouno?209537211fef14770a938406b883f64b,,gx-no-cache=1458827519831 HTTP/1.1" 200 4406
192.168.10.89 - - [24/Mar/2016:10:51:22 -0300] "GET /cormun/servlet/solicitudot?8d26dde53cbea42dea03278da809cfdc073ffa4959b3cc610a9e32234f96dd4c52cbaed03483029eca49c3a9d2ea5fc7a6b0a296ef9a6f461868482c60d2b6aa58959d193d4d33ae4738bfa3145e57b092046be5b33001985555bbf8d7254017b12741641b30dab669db30cdcf1eac501ec8ffecfe8e251451d4f244079c6e0500da1248c5bcf8fe69ef5a0c3f9313979da44e4fb6d61f6ad29dd2feff1ab21039175becdbf4ce2d82087574be9bc497,gx-no-cache=1458827227203 HTTP/1.1" 200 30
192.168.10.89 - - [24/Mar/2016:10:51:26 -0300] "POST /cormun/servlet/solicitudot?eaea8d0a3e84c9aeaa442e59d7698a09,INS,0,0,,gx-no-cache=1458827230469 HTTP/1.1" 200 93
192.168.10.89 - - [24/Mar/2016:10:51:26 -0300] "GET /cormun/servlet/hpexe_return? HTTP/1.1" 200 1008
192.168.10.89 - - [24/Mar/2016:10:51:26 -0300] "GET /cormun/servlet/trsolicitudot HTTP/1.1" 200 8439
186.103.159.188 - - [24/Mar/2016:10:51:27 -0300] "GET /cormun/servlet/hhome HTTP/1.1" 200 3534
186.103.159.188 - - [24/Mar/2016:10:51:28 -0300] "GET /cormun/servlet/hhome HTTP/1.1" 200 3530
192.168.10.89 - - [24/Mar/2016:10:51:30 -0300] "POST /cormun/servlet/trsolicitudot?eaea8d0a3e84c9aeaa442e59d7698a09,gx-no-cache=1458827234484 HTTP/1.1" 200 5526
192.168.10.89 - - [24/Mar/2016:10:51:30 -0300] "POST /cormun/servlet/trsolicitudot?eaea8d0a3e84c9aeaa442e59d7698a09,gx-no-cache=1458827234900 HTTP/1.1" 200 5468
192.168.10.89 - - [24/Mar/2016:10:51:30 -0300] "GET /cormun/static/Shared/jqueryui/images/ui-bg_highlight-soft_100_c6c2c8_1x100.png HTTP/1.1" 404 1117
192.168.10.89 - - [24/Mar/2016:10:51:30 -0300] "GET /cormun/static/Shared/jqueryui/images/ui-icons_8d78a5_256x240.png HTTP/1.1" 404 1089
192.168.10.89 - - [24/Mar/2016:10:51:30 -0300] "GET /cormun/static/Shared/jqueryui/images/ui-icons_82798d_256x240.png HTTP/1.1" 404 1089
192.168.10.89 - - [24/Mar/2016:10:51:30 -0300] "GET /cormun/static/Shared/jqueryui/images/ui-bg_flat_55_fafafa_40x100.png HTTP/1.1" 404 1097
186.103.159.188 - - [24/Mar/2016:10:51:31 -0300] "GET /cormun/servlet/trcontratoobservaciondir? HTTP/1.1" 200 6545
186.103.159.188 - - [24/Mar/2016:10:51:31 -0300] "GET /cormun/static/gxcfg.js?20163231973482 HTTP/1.1" 304 -
186.103.159.188 - - [24/Mar/2016:10:51:31 -0300] "GET /cormun/static/trcontratoobservaciondir.js?2016323197386 HTTP/1.1" 304 -
186.103.159.188 - - [24/Mar/2016:10:51:32 -0300] "GET /cormun/servlet/trcontratoobservaciondir? HTTP/1.1" 200 6544
192.168.10.89 - - [24/Mar/2016:10:51:34 -0300] "POST /cormun/servlet/trsolicitudot?eaea8d0a3e84c9aeaa442e59d7698a09,gx-no-cache=1458827238419 HTTP/1.1" 200 5198
192.168.10.89 - - [24/Mar/2016:10:51:34 -0300] "POST /cormun/servlet/trsolicitudot?eaea8d0a3e84c9aeaa442e59d7698a09,gx-no-cache=1458827238831 HTTP/1.1" 200 5138
192.168.10.89 - - [24/Mar/2016:10:51:36 -0300] "POST /cormun/servlet/trsolicitudot?eaea8d0a3e84c9aeaa442e59d7698a09,gx-no-cache=1458827240623 HTTP/1.1" 200 3858
192.168.10.89 - - [24/Mar/2016:10:51:36 -0300] "POST /cormun/servlet/trsolicitudot?eaea8d0a3e84c9aeaa442e59d7698a09,gx-no-cache=1458827241064 HTTP/1.1" 200 3702
186.103.159.188 - - [24/Mar/2016:10:53:46 -0300] "GET /cormun/servlet/hhome HTTP/1.1" 200 3534
186.103.159.188 - - [24/Mar/2016:10:53:47 -0300] "GET /cormun/servlet/hhome HTTP/1.1" 200 3530
186.103.159.188 - - [24/Mar/2016:10:53:52 -0300] "GET /cormun/servlet/trcontratouno? HTTP/1.1" 200 10504
186.103.159.188 - - [24/Mar/2016:10:53:53 -0300] "GET /cormun/servlet/trcontratouno? HTTP/1.1" 200 10503
192.168.10.89 - - [24/Mar/2016:10:53:55 -0300] "GET /cormun/servlet/trautorizarsolicitud? HTTP/1.1" 200 8366
192.168.10.89 - - [24/Mar/2016:10:53:55 -0300] "GET /cormun/static/gxcfg.js?201632119361219 HTTP/1.1" 304 -
192.168.10.89 - - [24/Mar/2016:10:53:57 -0300] "POST /cormun/servlet/trautorizarsolicitud?eaea8d0a3e84c9aeaa442e59d7698a09,,gx-no-cache=1458827382246 HTTP/1.1" 200 5493
192.168.10.89 - - [24/Mar/2016:10:53:58 -0300] "POST /cormun/servlet/trautorizarsolicitud?eaea8d0a3e84c9aeaa442e59d7698a09,,gx-no-cache=1458827382605 HTTP/1.1" 200 5436
192.168.10.89 - - [24/Mar/2016:10:53:58 -0300] "GET /cormun/static/Shared/jqueryui/images/ui-bg_highlight-soft_100_c6c2c8_1x100.png HTTP/1.1" 404 1117
192.168.10.89 - - [24/Mar/2016:10:53:58 -0300] "GET /cormun/static/Shared/jqueryui/images/ui-icons_8d78a5_256x240.png HTTP/1.1" 404 1089
192.168.10.89 - - [24/Mar/2016:10:53:58 -0300] "GET /cormun/static/Shared/jqueryui/images/ui-bg_flat_55_fafafa_40x100.png HTTP/1.1" 404 1097
192.168.10.89 - - [24/Mar/2016:10:53:58 -0300] "GET /cormun/static/Shared/jqueryui/images/ui-icons_82798d_256x240.png HTTP/1.1" 404 1089
192.168.10.89 - - [24/Mar/2016:10:53:59 -0300] "POST /cormun/servlet/trautorizarsolicitud?eaea8d0a3e84c9aeaa442e59d7698a09,,gx-no-cache=1458827383764 HTTP/1.1" 200 5164
192.168.10.89 - - [24/Mar/2016:10:53:59 -0300] "POST /cormun/servlet/trautorizarsolicitud?eaea8d0a3e84c9aeaa442e59d7698a09,,gx-no-cache=1458827384180 HTTP/1.1" 200 5107
192.168.10.89 - - [24/Mar/2016:10:54:01 -0300] "POST /cormun/servlet/trautorizarsolicitud?eaea8d0a3e84c9aeaa442e59d7698a09,,gx-no-cache=1458827385448 HTTP/1.1" 200 3822
192.168.10.89 - - [24/Mar/2016:10:54:01 -0300] "POST /cormun/servlet/trautorizarsolicitud?eaea8d0a3e84c9aeaa442e59d7698a09,,gx-no-cache=1458827385917 HTTP/1.1" 200 3670
186.103.159.188 - - [24/Mar/2016:10:54:16 -0300] "POST /cormun/servlet/trcontratouno?9f127294569ed0440f2837eb83a743c6,,gx-no-cache=1458828040823 HTTP/1.1" 200 7134
192.168.10.89 - - [24/Mar/2016:10:54:19 -0300] "GET /cormun/servlet/trsolicitudot? HTTP/1.1" 200 6492
192.168.10.89 - - [24/Mar/2016:10:54:22 -0300] "GET /cormun/servlet/solicitudot?INS,0,0, HTTP/1.1" 200 11697
192.168.10.89 - - [24/Mar/2016:10:54:24 -0300] "GET /cormun/servlet/prfichaempleado?,MD,,gxPopupLevel%3D0%3B HTTP/1.1" 200 7961
186.103.159.188 - - [24/Mar/2016:10:54:26 -0300] "GET /cormun/servlet/trvisualizadoreventos? HTTP/1.1" 200 6258
186.103.159.188 - - [24/Mar/2016:10:54:26 -0300] "GET /cormun/static/gxui/gxui-all.css?120300 HTTP/1.1" 200 2179
186.103.159.188 - - [24/Mar/2016:10:54:26 -0300] "GET /cormun/static/gxcfg.js?201631021481342 HTTP/1.1" 200 953
186.103.159.188 - - [24/Mar/2016:10:54:26 -0300] "GET /cormun/static/calendar-system.css?85620 HTTP/1.1" 200 5572
186.103.159.188 - - [24/Mar/2016:10:54:26 -0300] "GET /cormun/static/trvisualizadoreventos.js?201631021481717 HTTP/1.1" 200 19288
186.103.159.188 - - [24/Mar/2016:10:54:26 -0300] "GET /cormun/static/Resources/PXToolsActionPrint.png HTTP/1.1" 200 3317
186.103.159.188 - - [24/Mar/2016:10:54:26 -0300] "GET /cormun/static/Resources/Spanish/PXTools.css?2139548 HTTP/1.1" 200 89042
186.103.159.188 - - [24/Mar/2016:10:54:26 -0300] "GET /cormun/static/Shared/ext/resources/css/ext-all.css?215870 HTTP/1.1" 200 416045
186.103.159.188 - - [24/Mar/2016:10:54:27 -0300] "GET /cormun/servlet/trvisualizadoreventos? HTTP/1.1" 200 6256
192.168.10.89 - - [24/Mar/2016:10:54:30 -0300] "POST /cormun/servlet/prfichaempleado?eaea8d0a3e84c9aeaa442e59d7698a09,,MD,,gxPopupLevel%3D0%3B,gx-no-cache=1458827414598 HTTP/1.1" 200 2773
192.168.10.89 - - [24/Mar/2016:10:54:33 -0300] "POST /cormun/servlet/solicitudot?gx-no-cache=1458827417567 HTTP/1.1" 200 2735
192.168.10.89 - - [24/Mar/2016:10:54:33 -0300] "POST /cormun/servlet/solicitudot?eaea8d0a3e84c9aeaa442e59d7698a09,INS,0,0,,gx-no-cache=1458827417720 HTTP/1.1" 200 8466
192.168.10.89 - - [24/Mar/2016:10:54:40 -0300] "GET /cormun/servlet/solicitudot?8d26dde53cbea42dea03278da809cfdcf5182a8324ed3021b86e4de8b1787961e7e5e56f0b629ee1a2ed419922a46264,gx-no-cache=1458827424919 HTTP/1.1" 200 30
192.168.10.12 - - [24/Mar/2016:10:54:58 -0300] "GET /cormun/servlet/hlogin HTTP/1.1" 200 1724
192.168.10.12 - - [24/Mar/2016:10:54:58 -0300] "GET /cormun/static/gxtimezone.js?85251 HTTP/1.1" 200 5781
192.168.10.12 - - [24/Mar/2016:10:54:58 -0300] "GET /cormun/static/Resources/Spanish/PXTools.css?005343 HTTP/1.1" 200 89042
192.168.10.12 - - [24/Mar/2016:10:54:58 -0300] "GET /cormun/static/gxcfg.js?20151120045111 HTTP/1.1" 200 953
192.168.10.12 - - [24/Mar/2016:10:54:58 -0300] "GET /cormun/static/hlogin.js?20151120045126 HTTP/1.1" 200 2136
192.168.10.12 - - [24/Mar/2016:10:54:58 -0300] "GET /cormun/static/messages.spa.js?85251 HTTP/1.1" 200 32693
192.168.10.12 - - [24/Mar/2016:10:54:58 -0300] "GET /cormun/static/Resources/ComunLogin.png HTTP/1.1" 200 17326
192.168.10.12 - - [24/Mar/2016:10:54:58 -0300] "GET /cormun/static/gxgral.js?85251 HTTP/1.1" 200 384558
192.168.10.12 - - [24/Mar/2016:10:54:59 -0300] "GET /cormun/static/Resources/PXToolsLoginTop.png HTTP/1.1" 200 1337
192.168.10.12 - - [24/Mar/2016:10:54:59 -0300] "GET /cormun/static/Resources/PXToolsLoginBackground.png HTTP/1.1" 200 1164
192.168.10.12 - - [24/Mar/2016:10:54:59 -0300] "GET /cormun/static/Resources/PXToolsButtonBackground2.png HTTP/1.1" 200 1181
192.168.10.12 - - [24/Mar/2016:10:54:59 -0300] "GET /cormun/static/Resources/PXToolsButtonRight21.png HTTP/1.1" 200 1283
192.168.10.12 - - [24/Mar/2016:10:54:59 -0300] "GET /cormun/static/Resources/PXToolsLoginBottom.png HTTP/1.1" 200 1389
192.168.10.12 - - [24/Mar/2016:10:54:59 -0300] "GET /cormun/static/Resources/PXToolsButtonLeft21.png HTTP/1.1" 200 1287
192.168.10.12 - - [24/Mar/2016:10:54:59 -0300] "GET /cormun/static/Resources/indicator.gif HTTP/1.1" 200 1553
192.168.10.12 - - [24/Mar/2016:10:54:59 -0300] "GET /cormun/servlet/hlogin HTTP/1.1" 200 1727
192.168.10.12 - - [24/Mar/2016:10:54:59 -0300] "GET /favicon.ico HTTP/1.1" 200 21630
192.168.10.89 - - [24/Mar/2016:10:55:32 -0300] "POST /cormun/servlet/solicitudot?gx-no-cache=1458827476679 HTTP/1.1" 200 30
192.168.10.89 - - [24/Mar/2016:10:55:34 -0300] "POST /cormun/servlet/solicitudot?gx-no-cache=1458827478625 HTTP/1.1" 200 30
192.168.10.89 - - [24/Mar/2016:10:55:35 -0300] "GET /cormun/servlet/prcontratosol?9281012,,,,,MD,,gxPopupLevel%3D0%3B HTTP/1.1" 200 5749
192.168.10.89 - - [24/Mar/2016:10:55:37 -0300] "POST /cormun/servlet/solicitudot?gx-no-cache=1458827481995 HTTP/1.1" 200 1171
192.168.10.89 - - [24/Mar/2016:10:55:37 -0300] "GET /cormun/servlet/solicitudot?8d26dde53cbea42dea03278da809cfdc39d5bb58a5f48c563a8bb558afa0e7c98251d78652a6b9d9137b51d82e9af4b38623691e301420aebda7db3ca7b9e825d344bb2e19cdc01d629d45cbe31a15608cec561365455c5d8187aa01d9d6fe03a400d273fde2ae125d5b1345067d23b266e170dd0146fa2e9df0485a326da8fed5aecf9a4657e2092af9083f4c716faf,gx-no-cache=1458827482113 HTTP/1.1" 200 38
192.168.10.89 - - [24/Mar/2016:10:55:37 -0300] "GET /cormun/servlet/solicitudot?8d26dde53cbea42dea03278da809cfdc0074266e23d92e77c472a233c8df467b2856965838ecb0486552db6829c421a9da4f0147f315d457fe74f8a6081c46e115f50305ba61230ade6aed1af2df4db8578f2f47264fc58b28b9e144aa3a2a699277e52563dcda8bac14d3be0ebd2b7a5e925260f6bfec8d3acb256da392dfdc1b5124825dba801485f47b2d28799322f803c5e6ec25baa4235e52bf74a4a6cd,gx-no-cache=1458827482143 HTTP/1.1" 200 29
192.168.10.89 - - [24/Mar/2016:10:55:37 -0300] "POST /cormun/servlet/solicitudot?gx-no-cache=1458827482192 HTTP/1.1" 200 1127
192.168.10.89 - - [24/Mar/2016:10:55:43 -0300] "GET /cormun/servlet/solicitudot?8d26dde53cbea42dea03278da809cfdc0074266e23d92e77c472a233c8df467b2856965838ecb0486552db6829c421a9ab8dd39d2305d9fb3bfb6264c006da0115f50305ba61230ade6aed1af2df4db8578f2f47264fc58b28b9e144aa3a2a699277e52563dcda8bac14d3be0ebd2b7a5e925260f6bfec8d3acb256da392dfdc1b5124825dba801485f47b2d28799322f803c5e6ec25baa4235e52bf74a4a6cd,gx-no-cache=1458827487370 HTTP/1.1" 200 29
192.168.10.89 - - [24/Mar/2016:10:55:49 -0300] "GET /cormun/servlet/solicitudot?8d26dde53cbea42dea03278da809cfdcc9be400f6f983f75ccb8da443aa65368685093238ac235a7242a32b9f7a41d2c372bc6b6c5a77b4a306b5ee798f4f4f25b1688cf9078c38d50617473ea76c8a69bb5c152dfafb58594a06818c9d658fa434ac3978ba7580431b36e415b50f96879fb991dbdec770db1c1731e96fd8bb0004bb82d4fb1a52e6896dc5717cba022e70180afae6d20a8dbb91c1b2de3a018e5a141ca5080439e1ffa9bec958fcaed,gx-no-cache=1458827493638 HTTP/1.1" 200 30
192.168.10.89 - - [24/Mar/2016:10:56:14 -0300] "POST /cormun/servlet/solicitudot?gx-no-cache=1458827519026 HTTP/1.1" 200 30
192.168.10.89 - - [24/Mar/2016:10:56:14 -0300] "POST /cormun/servlet/solicitudot?gx-no-cache=1458827519061 HTTP/1.1" 200 30
192.168.10.89 - - [24/Mar/2016:10:56:14 -0300] "POST /cormun/servlet/solicitudot?gx-no-cache=1458827519098 HTTP/1.1" 200 1171
192.168.10.89 - - [24/Mar/2016:10:56:14 -0300] "GET /cormun/servlet/solicitudot?8d26dde53cbea42dea03278da809cfdc39d5bb58a5f48c563a8bb558afa0e7c98251d78652a6b9d9137b51d82e9af4b38623691e301420aebda7db3ca7b9e825d344bb2e19cdc01d629d45cbe31a15608cec561365455c5d8187aa01d9d6fe03a400d273fde2ae125d5b1345067d23b266e170dd0146fa2e9df0485a326da8fef208051249a033d918c71d1fced77ea50bedcfea8bcab7293075ca5d2dcda48b,gx-no-cache=1458827519131 HTTP/1.1" 200 41
192.168.10.89 - - [24/Mar/2016:10:56:14 -0300] "POST /cormun/servlet/solicitudot?gx-no-cache=1458827519154 HTTP/1.1" 200 1127
192.168.10.89 - - [24/Mar/2016:10:56:14 -0300] "GET /cormun/servlet/solicitudot?8d26dde53cbea42dea03278da809cfdcc9be400f6f983f75ccb8da443aa65368685093238ac235a7242a32b9f7a41d2c372bc6b6c5a77b4a306b5ee798f4f4f25b1688cf9078c38d50617473ea76c8a69bb5c152dfafb58594a06818c9d658fa434ac3978ba7580431b36e415b50f96879fb991dbdec770db1c1731e96fd8bb0004bb82d4fb1a52e6896dc5717cba022e70180afae6d20a8dbb91c1b2de3a018e5a141ca5080439e1ffa9bec958fcaed,gx-no-cache=1458827519185 HTTP/1.1" 200 30
192.168.10.89 - - [24/Mar/2016:10:56:14 -0300] "POST /cormun/servlet/solicitudot?eaea8d0a3e84c9aeaa442e59d7698a09,INS,0,0,,gx-no-cache=1458827519210 HTTP/1.1" 200 93
192.168.10.89 - - [24/Mar/2016:10:56:14 -0300] "GET /cormun/servlet/hpexe_return? HTTP/1.1" 200 1008
192.168.10.89 - - [24/Mar/2016:10:56:15 -0300] "GET /cormun/servlet/trsolicitudot HTTP/1.1" 200 7787
192.168.10.89 - - [24/Mar/2016:10:56:19 -0300] "POST /cormun/servlet/trsolicitudot?eaea8d0a3e84c9aeaa442e59d7698a09,gx-no-cache=1458827523535 HTTP/1.1" 200 3850
192.168.10.89 - - [24/Mar/2016:10:56:19 -0300] "POST /cormun/servlet/trsolicitudot?eaea8d0a3e84c9aeaa442e59d7698a09,gx-no-cache=1458827523840 HTTP/1.1" 200 3702
192.168.10.89 - - [24/Mar/2016:10:56:19 -0300] "GET /cormun/static/Shared/jqueryui/images/ui-icons_8d78a5_256x240.png HTTP/1.1" 404 1089
192.168.10.89 - - [24/Mar/2016:10:56:19 -0300] "GET /cormun/static/Shared/jqueryui/images/ui-bg_flat_55_fafafa_40x100.png HTTP/1.1" 404 1097
192.168.10.89 - - [24/Mar/2016:10:56:19 -0300] "GET /cormun/static/Shared/jqueryui/images/ui-icons_82798d_256x240.png HTTP/1.1" 404 1089
192.168.10.89 - - [24/Mar/2016:10:56:19 -0300] "GET /cormun/static/Shared/jqueryui/images/ui-bg_highlight-soft_100_c6c2c8_1x100.png HTTP/1.1" 404 1117
192.168.10.89 - - [24/Mar/2016:10:56:21 -0300] "GET /cormun/servlet/trautorizarsolicitud? HTTP/1.1" 200 7718
192.168.10.89 - - [24/Mar/2016:10:56:24 -0300] "POST /cormun/servlet/trautorizarsolicitud?eaea8d0a3e84c9aeaa442e59d7698a09,,gx-no-cache=1458827528616 HTTP/1.1" 200 3816
192.168.10.89 - - [24/Mar/2016:10:56:24 -0300] "POST /cormun/servlet/trautorizarsolicitud?eaea8d0a3e84c9aeaa442e59d7698a09,,gx-no-cache=1458827528901 HTTP/1.1" 200 3669
192.168.10.89 - - [24/Mar/2016:10:56:24 -0300] "GET /cormun/static/Shared/jqueryui/images/ui-icons_82798d_256x240.png HTTP/1.1" 404 1089
192.168.10.89 - - [24/Mar/2016:10:56:24 -0300] "GET /cormun/static/Shared/jqueryui/images/ui-icons_8d78a5_256x240.png HTTP/1.1" 404 1089
192.168.10.89 - - [24/Mar/2016:10:56:24 -0300] "GET /cormun/static/Shared/jqueryui/images/ui-bg_flat_55_fafafa_40x100.png HTTP/1.1" 404 1097
192.168.10.89 - - [24/Mar/2016:10:56:24 -0300] "GET /cormun/static/Shared/jqueryui/images/ui-bg_highlight-soft_100_c6c2c8_1x100.png HTTP/1.1" 404 1117
104.219.238.10 - - [24/Mar/2016:11:00:52 -0300] "GET / HTTP/1.0" 200 11197
192.168.10.98 - - [24/Mar/2016:11:01:24 -0300] "GET /cormun/servlet/hlogin HTTP/1.1" 200 1714
192.168.10.98 - - [24/Mar/2016:11:01:24 -0300] "GET /cormun/static/gxcfg.js?20151120045111 HTTP/1.1" 304 -
192.168.10.98 - - [24/Mar/2016:11:01:24 -0300] "GET /cormun/static/messages.spa.js?85251 HTTP/1.1" 304 -
186.103.157.235 - - [24/Mar/2016:11:01:42 -0300] "GET /cormun/servlet/hlogin HTTP/1.1" 200 1717
186.103.157.235 - - [24/Mar/2016:11:01:42 -0300] "GET /cormun/static/gxcfg.js?20151120045111 HTTP/1.1" 200 953
186.103.157.235 - - [24/Mar/2016:11:01:42 -0300] "GET /cormun/static/hlogin.js?20151120045126 HTTP/1.1" 304 -
186.103.157.235 - - [24/Mar/2016:11:01:42 -0300] "GET /cormun/static/messages.spa.js?85251 HTTP/1.1" 200 32693
