200.112.233.47 - - [24/Mar/2016:10:30:44 -0300] "GET /cormun/static/Resources/PXToolsHeaderActionsLeft.png HTTP/1.1" 304 -
200.112.233.47 - - [24/Mar/2016:10:30:44 -0300] "GET /cormun/static/Resources/PXToolsHeaderHome.png HTTP/1.1" 304 -
200.112.233.47 - - [24/Mar/2016:10:30:44 -0300] "GET /cormun/static/Resources/PXToolsHeaderBackground2.png HTTP/1.1" 304 -
200.112.233.47 - - [24/Mar/2016:10:30:44 -0300] "GET /cormun/static/Resources/PXToolsHeaderLogin.png HTTP/1.1" 304 -
200.112.233.47 - - [24/Mar/2016:10:30:44 -0300] "GET /cormun/static/Resources/PXToolsHeaderActionsBackground.png HTTP/1.1" 304 -
200.112.233.47 - - [24/Mar/2016:10:30:44 -0300] "GET /cormun/static/Resources/PXToolsHeaderPreferences.png HTTP/1.1" 304 -
200.112.233.47 - - [24/Mar/2016:10:30:44 -0300] "GET /cormun/static/Resources/PXToolsHeaderSecurity.png HTTP/1.1" 304 -
200.112.233.47 - - [24/Mar/2016:10:30:44 -0300] "GET /cormun/static/Resources/PXToolsHeaderActionsRight.png HTTP/1.1" 304 -
200.112.233.47 - - [24/Mar/2016:10:30:44 -0300] "GET /cormun/static/Resources/PXToolsDataTitle.png HTTP/1.1" 304 -
200.112.233.47 - - [24/Mar/2016:10:30:45 -0300] "GET /cormun/static/SmoothNavMenu/resources/images/down.gif HTTP/1.1" 304 -
200.112.233.47 - - [24/Mar/2016:10:31:07 -0300] "GET /cormun/servlet/trsolicitudot? HTTP/1.1" 200 6430
200.112.233.47 - - [24/Mar/2016:10:31:08 -0300] "GET /cormun/static/Shared/ext/resources/css/ext-all.css?215870 HTTP/1.1" 304 -
200.112.233.47 - - [24/Mar/2016:10:31:08 -0300] "GET /cormun/static/gxui/gxui-all.css?120300 HTTP/1.1" 304 -
200.112.233.47 - - [24/Mar/2016:10:31:08 -0300] "GET /cormun/static/calendar-system.css?85620 HTTP/1.1" 304 -
200.112.233.47 - - [24/Mar/2016:10:31:08 -0300] "GET /cormun/static/Resources/Spanish/PXTools.css?2139548 HTTP/1.1" 304 -
200.112.233.47 - - [24/Mar/2016:10:31:08 -0300] "GET /cormun/static/gxcfg.js?201631022392470 HTTP/1.1" 304 -
200.112.233.47 - - [24/Mar/2016:10:31:08 -0300] "GET /cormun/static/calendar.js?85251 HTTP/1.1" 304 -
200.112.233.47 - - [24/Mar/2016:10:31:08 -0300] "GET /cormun/static/calendar-setup.js?85251 HTTP/1.1" 304 -
200.112.233.47 - - [24/Mar/2016:10:31:08 -0300] "GET /cormun/static/calendar-es.js?85251 HTTP/1.1" 304 -
200.112.233.47 - - [24/Mar/2016:10:31:09 -0300] "GET /cormun/static/Resources/PXTools/calendar.png HTTP/1.1" 304 -
200.112.233.47 - - [24/Mar/2016:10:31:09 -0300] "GET /cormun/static/Resources/PXToolsDataSearch.png HTTP/1.1" 304 -
200.112.233.47 - - [24/Mar/2016:10:31:09 -0300] "GET /cormun/static/Resources/PXToolsGridFirstDisabled.gif HTTP/1.1" 304 -
200.112.233.47 - - [24/Mar/2016:10:31:09 -0300] "GET /cormun/static/Resources/PXToolsGridPreviousDisabled.gif HTTP/1.1" 304 -
200.112.233.47 - - [24/Mar/2016:10:31:09 -0300] "GET /cormun/static/Resources/PXToolsGridNextDisabled.gif HTTP/1.1" 304 -
200.112.233.47 - - [24/Mar/2016:10:31:09 -0300] "GET /cormun/static/Resources/PXToolsGridLastDisabled.gif HTTP/1.1" 304 -
200.112.233.47 - - [24/Mar/2016:10:31:09 -0300] "GET /cormun/static/Resources/PXToolsGridPage.gif HTTP/1.1" 304 -
200.112.233.47 - - [24/Mar/2016:10:31:09 -0300] "GET /cormun/static/Resources/PXToolsActionExcel.png HTTP/1.1" 304 -
200.112.233.47 - - [24/Mar/2016:10:31:09 -0300] "GET /cormun/static/Resources/PXToolsGridNew.png HTTP/1.1" 304 -
200.112.233.47 - - [24/Mar/2016:10:31:09 -0300] "GET /cormun/static/gxdec.js?85251 HTTP/1.1" 304 -
186.78.36.52 - - [24/Mar/2016:10:31:09 -0300] "POST /cormun/servlet/trvisualizadoreventos?209537211fef14770a938406b883f64b,,gx-no-cache=1458826311962 HTTP/1.1" 200 3884
200.112.233.47 - - [24/Mar/2016:10:31:09 -0300] "GET /cormun/static/trsolicitudot.js?201631022393178 HTTP/1.1" 304 -
200.112.233.47 - - [24/Mar/2016:10:31:09 -0300] "GET /cormun/static/Resources/asc.gif HTTP/1.1" 304 -
200.112.233.47 - - [24/Mar/2016:10:31:09 -0300] "GET /cormun/static/Resources/desc.gif HTTP/1.1" 304 -
200.112.233.47 - - [24/Mar/2016:10:31:10 -0300] "GET /cormun/static/Shared/ext/resources/themes/images/default/panel/bg-headersPanel.png HTTP/1.1" 304 -
200.112.233.47 - - [24/Mar/2016:10:31:10 -0300] "GET /cormun/static/Shared/ext/resources/themes/images/default/tools/tool-sprites.gif HTTP/1.1" 304 -
200.112.233.47 - - [24/Mar/2016:10:31:10 -0300] "GET /cormun/static/Shared/ext/resources/themes/images/default/tip/tip-corners.gif HTTP/1.1" 304 -
200.112.233.47 - - [24/Mar/2016:10:31:10 -0300] "GET /cormun/static/Shared/ext/resources/themes/images/default/tip/tip-sides.gif HTTP/1.1" 304 -
200.112.233.47 - - [24/Mar/2016:10:31:11 -0300] "GET /cormun/servlet/solicitudot?INS,0,0, HTTP/1.1" 200 11635
200.112.233.47 - - [24/Mar/2016:10:31:12 -0300] "GET /cormun/static/calendar-system.css?75620 HTTP/1.1" 304 -
200.112.233.47 - - [24/Mar/2016:10:31:12 -0300] "GET /cormun/static/Resources/Spanish/PXTools.css?22445990 HTTP/1.1" 304 -
200.112.233.47 - - [24/Mar/2016:10:31:12 -0300] "GET /cormun/static/gxcfg.js?201631710541238 HTTP/1.1" 200 953
200.112.233.47 - - [24/Mar/2016:10:31:12 -0300] "GET /cormun/static/Resources/prompt.gif HTTP/1.1" 304 -
200.112.233.47 - - [24/Mar/2016:10:31:13 -0300] "GET /cormun/static/solicitudot.js?201631710541292 HTTP/1.1" 304 -
200.112.233.47 - - [24/Mar/2016:10:31:32 -0300] "POST /cormun/servlet/solicitudot?gx-no-cache=1458829933546 HTTP/1.1" 200 2769
200.112.233.47 - - [24/Mar/2016:10:31:33 -0300] "POST /cormun/servlet/solicitudot?f4b0b72f865c8920a29730116d1b59ec,INS,0,0,,gx-no-cache=1458829933828 HTTP/1.1" 200 8447
200.112.233.47 - - [24/Mar/2016:10:31:36 -0300] "GET /cormun/servlet/solicitudot?1edf637cff0a78844db9ff301cf5e4eeb762ee3b2a54d1bf477cf49d86c2357e10e37dc65c523c3cfdd19880c58c1579,gx-no-cache=1458829936937 HTTP/1.1" 200 30
186.78.36.52 - - [24/Mar/2016:10:31:36 -0300] "GET /cormun/servlet/trcontratouno? HTTP/1.1" 200 13382
200.112.233.47 - - [24/Mar/2016:10:31:36 -0300] "POST /cormun/servlet/solicitudot?gx-no-cache=1458829937078 HTTP/1.1" 200 30
186.78.36.52 - - [24/Mar/2016:10:31:37 -0300] "GET /cormun/static/Resources/Spanish/PXTools.css?19284387 HTTP/1.1" 304 -
186.78.36.52 - - [24/Mar/2016:10:31:37 -0300] "GET /cormun/static/gxcfg.js?20163221610935 HTTP/1.1" 200 953
186.78.36.52 - - [24/Mar/2016:10:31:38 -0300] "GET /cormun/static/Resources/PXToolsAddSelectedAction.png HTTP/1.1" 200 3660
186.78.36.52 - - [24/Mar/2016:10:31:38 -0300] "GET /cormun/static/trcontratouno.js?20163221610166 HTTP/1.1" 200 39934
186.78.36.52 - - [24/Mar/2016:10:31:38 -0300] "GET /cormun/static/Resources/PXToolsAddAllAction.png HTTP/1.1" 200 3624
186.78.36.52 - - [24/Mar/2016:10:31:38 -0300] "GET /cormun/static/Resources/PXToolsRemoveAllAction.png HTTP/1.1" 200 3558
186.78.36.52 - - [24/Mar/2016:10:31:38 -0300] "GET /cormun/static/Resources/PXToolsRemoveSelectedAction.png HTTP/1.1" 200 3617
186.78.36.52 - - [24/Mar/2016:10:31:41 -0300] "GET /cormun/servlet/trcontratouno? HTTP/1.1" 200 13378
200.112.233.47 - - [24/Mar/2016:10:31:42 -0300] "POST /cormun/servlet/solicitudot?gx-no-cache=1458829943406 HTTP/1.1" 200 30
200.112.233.47 - - [24/Mar/2016:10:31:59 -0300] "POST /cormun/servlet/solicitudot?gx-no-cache=1458829959921 HTTP/1.1" 200 1171
200.112.233.47 - - [24/Mar/2016:10:31:59 -0300] "GET /cormun/servlet/solicitudot?1edf637cff0a78844db9ff301cf5e4ee03ac0870431247d25ca6c033d3141a934af16c9acc11d1bd462b7053f704a12a75a253b239a05e2a24d7bf85655a2224908709210b330396ae1128248a4a864a502714763b545f6d22c934c3890dd2e5fecfe06b5b08b3fa82058853b266e736a4c6e57ecdef1da771108ae40590c9dad02d0b6bad407f23c0d51f428d58e198,gx-no-cache=1458829960078 HTTP/1.1" 200 38
200.112.233.47 - - [24/Mar/2016:10:32:07 -0300] "GET /cormun/servlet/solicitudot?1edf637cff0a78844db9ff301cf5e4eed7ac28166a55fe7e8bf68acd97e66aca65e3a0b4d4bd573fe00c422d07b6112169932cdd900326f0c429e12b59008ff7e1b8f8456607b8cdae51c90f7c3501e89eba47882061a4354a536cee5c213a8431695c47619ff3693215011c055d87245fc1b2f0474007ed48f2c6936a1f1f89fdc07112c2930f64be41ff0fde31c73cfe17520560026e85e54e1420aa66a361,gx-no-cache=1458829968312 HTTP/1.1" 200 29
200.112.233.47 - - [24/Mar/2016:10:32:07 -0300] "POST /cormun/servlet/solicitudot?gx-no-cache=1458829968546 HTTP/1.1" 200 1127
186.78.36.52 - - [24/Mar/2016:10:32:15 -0300] "POST /cormun/servlet/trcontratouno?209537211fef14770a938406b883f64b,,gx-no-cache=1458826377019 HTTP/1.1" 200 12786
186.103.159.188 - - [24/Mar/2016:10:32:16 -0300] "POST /cormun/servlet/trcontratouno?d475ceeb4fe8b53fdf49c971c1dec718,,gx-no-cache=1458826565922 HTTP/1.1" 440 972
200.112.233.47 - - [24/Mar/2016:10:32:19 -0300] "GET /cormun/servlet/solicitudot?1edf637cff0a78844db9ff301cf5e4ee39a74a790b194a8c28c18be8575095b0654d4c814aecac51c995b2cdfe5db976ab63d1f96118022da47cc4f92c21b6de55c81717d87ef30564fd7d3eb8dc5ffc857ea4087b2ec91bd272483552ffa08b876e160969279e782e9b29dd470e2679093a9c9349e3002b53dd8628b86745c2233e9a10f51a3101d832016e4263ac19f661de4fbcd340e694bd7627ca691d567623c04ecc2da4049977605f8ca9e6f9,gx-no-cache=1458829980359 HTTP/1.1" 200 30
186.103.159.188 - - [24/Mar/2016:10:32:43 -0300] "GET /cormun/servlet/hlogin HTTP/1.1" 200 1724
186.103.159.188 - - [24/Mar/2016:10:32:44 -0300] "GET /cormun/static/gxcfg.js?20151120045111 HTTP/1.1" 304 -
186.103.159.188 - - [24/Mar/2016:10:32:44 -0300] "GET /cormun/static/messages.spa.js?85251 HTTP/1.1" 304 -
186.103.159.188 - - [24/Mar/2016:10:32:54 -0300] "POST /cormun/servlet/hlogin?9f127294569ed0440f2837eb83a743c6,gx-no-cache=1458826605345 HTTP/1.1" 200 90
186.103.159.188 - - [24/Mar/2016:10:32:54 -0300] "GET /cormun/servlet/hpexe_link HTTP/1.1" 200 952
186.103.159.188 - - [24/Mar/2016:10:32:54 -0300] "GET /cormun/static/gxcfg.js?20151120044395 HTTP/1.1" 304 -
186.103.159.188 - - [24/Mar/2016:10:32:54 -0300] "GET /cormun/servlet/hhome HTTP/1.1" 200 3534
186.103.159.188 - - [24/Mar/2016:10:32:54 -0300] "GET /cormun/static/gxcfg.js?2015112210564248 HTTP/1.1" 304 -
186.103.159.188 - - [24/Mar/2016:10:32:55 -0300] "GET /cormun/servlet/hhome HTTP/1.1" 200 3530
186.103.159.188 - - [24/Mar/2016:10:32:58 -0300] "GET /cormun/servlet/trcontratouno? HTTP/1.1" 200 12519
186.103.159.188 - - [24/Mar/2016:10:32:58 -0300] "GET /cormun/static/gxcfg.js?20163221610935 HTTP/1.1" 304 -
200.112.233.47 - - [24/Mar/2016:10:32:59 -0300] "POST /cormun/servlet/solicitudot?f4b0b72f865c8920a29730116d1b59ec,INS,0,0,,gx-no-cache=1458830020046 HTTP/1.1" 200 93
200.112.233.47 - - [24/Mar/2016:10:32:59 -0300] "GET /cormun/servlet/hpexe_return? HTTP/1.1" 200 1000
186.103.159.188 - - [24/Mar/2016:10:32:59 -0300] "GET /cormun/servlet/trcontratouno? HTTP/1.1" 200 12524
200.112.233.47 - - [24/Mar/2016:10:33:00 -0300] "GET /cormun/static/Resources/Spanish/PXTools.css?12112540 HTTP/1.1" 304 -
200.112.233.47 - - [24/Mar/2016:10:33:00 -0300] "GET /cormun/static/hpexe_return.js?2015111312145056 HTTP/1.1" 304 -
200.112.233.47 - - [24/Mar/2016:10:33:03 -0300] "GET /cormun/static/gxcfg.js?2015111312145050 HTTP/1.1" 200 953
200.112.233.47 - - [24/Mar/2016:10:33:03 -0300] "GET /cormun/servlet/trsolicitudot HTTP/1.1" 200 7731
200.112.233.47 - - [24/Mar/2016:10:33:04 -0300] "GET /cormun//static/Resources/PXToolsGridUpdate.png HTTP/1.1" 304 -
200.112.233.47 - - [24/Mar/2016:10:33:04 -0300] "GET /cormun//static/Resources/PXToolsGridDelete.png HTTP/1.1" 304 -
200.112.233.47 - - [24/Mar/2016:10:33:04 -0300] "GET /cormun//static/Resources/PXToolsRemoveAllAction.png HTTP/1.1" 304 -
200.112.233.47 - - [24/Mar/2016:10:33:04 -0300] "GET /cormun//static/Resources/PXToolsActionView.png HTTP/1.1" 304 -
200.112.233.47 - - [24/Mar/2016:10:33:04 -0300] "GET /cormun//static/Resources/PXTools/ActionInsert.png HTTP/1.1" 304 -
186.78.36.52 - - [24/Mar/2016:10:33:06 -0300] "POST /cormun/servlet/trcontratouno?209537211fef14770a938406b883f64b,,gx-no-cache=1458826411407 HTTP/1.1" 200 12786
186.103.159.188 - - [24/Mar/2016:10:33:10 -0300] "POST /cormun/servlet/trcontratouno?9f127294569ed0440f2837eb83a743c6,,gx-no-cache=1458826623212 HTTP/1.1" 200 5983
200.112.233.47 - - [24/Mar/2016:10:33:22 -0300] "POST /cormun/servlet/trsolicitudot?f4b0b72f865c8920a29730116d1b59ec,gx-no-cache=1458830042859 HTTP/1.1" 200 3790
200.112.233.47 - - [24/Mar/2016:10:33:22 -0300] "GET /cormun/static/Shared/jqueryui/images/ui-bg_highlight-soft_100_c6c2c8_1x100.png HTTP/1.1" 404 1117
200.112.233.47 - - [24/Mar/2016:10:33:22 -0300] "GET /cormun/static/Shared/jqueryui/images/ui-icons_82798d_256x240.png HTTP/1.1" 404 1089
200.112.233.47 - - [24/Mar/2016:10:33:22 -0300] "GET /cormun/static/Shared/jqueryui/images/ui-bg_flat_55_fafafa_40x100.png HTTP/1.1" 404 1097
200.112.233.47 - - [24/Mar/2016:10:33:22 -0300] "GET /cormun/static/Shared/jqueryui/images/ui-icons_8d78a5_256x240.png HTTP/1.1" 404 1089
200.112.233.47 - - [24/Mar/2016:10:33:22 -0300] "POST /cormun/servlet/trsolicitudot?f4b0b72f865c8920a29730116d1b59ec,gx-no-cache=1458830043250 HTTP/1.1" 200 3641
192.168.10.89 - - [24/Mar/2016:10:33:38 -0300] "GET /cormun/servlet/hhome HTTP/1.1" 200 3248
192.168.10.89 - - [24/Mar/2016:10:33:38 -0300] "GET /cormun/static/gxcfg.js?2015112210564248 HTTP/1.1" 304 -
192.168.10.89 - - [24/Mar/2016:10:33:38 -0300] "GET /cormun/static/messages.spa.js?85251 HTTP/1.1" 304 -
192.168.10.89 - - [24/Mar/2016:10:33:38 -0300] "GET /cormun/servlet/hlogin HTTP/1.1" 200 1731
192.168.10.89 - - [24/Mar/2016:10:33:38 -0300] "GET /cormun/static/gxcfg.js?20151120045111 HTTP/1.1" 304 -
186.103.159.188 - - [24/Mar/2016:10:33:45 -0300] "POST /cormun/servlet/trcontratouno?9f127294569ed0440f2837eb83a743c6,,gx-no-cache=1458826662211 HTTP/1.1" 200 6118
186.103.159.188 - - [24/Mar/2016:10:34:04 -0300] "POST /cormun/servlet/trcontratouno?9f127294569ed0440f2837eb83a743c6,,gx-no-cache=1458826684173 HTTP/1.1" 200 6167
186.103.159.188 - - [24/Mar/2016:10:34:30 -0300] "POST /cormun/servlet/trcontratouno?9f127294569ed0440f2837eb83a743c6,,gx-no-cache=1458826713144 HTTP/1.1" 200 6156
186.103.159.188 - - [24/Mar/2016:10:34:48 -0300] "POST /cormun/servlet/trcontratouno?9f127294569ed0440f2837eb83a743c6,,gx-no-cache=1458826733331 HTTP/1.1" 200 6257
186.103.159.188 - - [24/Mar/2016:10:35:10 -0300] "POST /cormun/servlet/trcontratouno?9f127294569ed0440f2837eb83a743c6,,gx-no-cache=1458826756730 HTTP/1.1" 200 6112
186.78.36.52 - - [24/Mar/2016:10:35:22 -0300] "POST /cormun/servlet/trcontratouno?209537211fef14770a938406b883f64b,,gx-no-cache=1458826566983 HTTP/1.1" 200 6543
186.103.159.188 - - [24/Mar/2016:10:35:24 -0300] "POST /cormun/servlet/trcontratouno?9f127294569ed0440f2837eb83a743c6,,gx-no-cache=1458826773612 HTTP/1.1" 200 6304
186.78.36.52 - - [24/Mar/2016:10:35:30 -0300] "POST /cormun/servlet/trcontratouno?209537211fef14770a938406b883f64b,,gx-no-cache=1458826575685 HTTP/1.1" 200 12807
186.78.36.52 - - [24/Mar/2016:10:35:33 -0300] "GET /cormun/servlet/trcontratoobservaciondir? HTTP/1.1" 200 5681
186.78.36.52 - - [24/Mar/2016:10:35:33 -0300] "GET /cormun/static/gxcfg.js?20163231973482 HTTP/1.1" 200 953
186.78.36.52 - - [24/Mar/2016:10:35:33 -0300] "GET /cormun/static/trcontratoobservaciondir.js?2016323197386 HTTP/1.1" 200 24069
186.78.36.52 - - [24/Mar/2016:10:35:34 -0300] "GET /cormun/servlet/trcontratoobservaciondir? HTTP/1.1" 200 5680
186.78.36.52 - - [24/Mar/2016:10:35:35 -0300] "POST /cormun/servlet/acontrolpreferencessavestate?None,HPINTO,true HTTP/1.1" 200 35
186.78.36.52 - - [24/Mar/2016:10:35:37 -0300] "GET /cormun/servlet/trcontratouno? HTTP/1.1" 200 15630
186.78.36.52 - - [24/Mar/2016:10:35:37 -0300] "GET /cormun/servlet/trcontratouno? HTTP/1.1" 200 15625
186.103.159.188 - - [24/Mar/2016:10:35:47 -0300] "POST /cormun/servlet/trcontratouno?9f127294569ed0440f2837eb83a743c6,,gx-no-cache=1458826798105 HTTP/1.1" 200 6516
186.103.159.183 - - [24/Mar/2016:10:35:58 -0300] "GET /cormun/servlet/solicitudotadjuntos?INS,2016,1111,,1, HTTP/1.1" 200 5552
186.103.159.183 - - [24/Mar/2016:10:35:59 -0300] "GET /cormun/static/about:blank HTTP/1.1" 404 1011
186.103.159.183 - - [24/Mar/2016:10:36:00 -0300] "GET /cormun/servlet/solicitudotadjuntos?INS,2016,1111,,1, HTTP/1.1" 200 5546
186.103.159.183 - - [24/Mar/2016:10:36:00 -0300] "GET /cormun/servlet/solicitudotadjuntos?88a09b0cc2252ee84c35b435711ecf3e0c7c6366296d22137a1d79a07b08729f1d00c982ff42a5fceb7355b8876487bc,gx-no-cache=1458830197888 HTTP/1.1" 200 30
186.103.159.183 - - [24/Mar/2016:10:36:00 -0300] "POST /cormun/servlet/solicitudotadjuntos?ddb8a4ef0e24fa32cd9def6b8e99bf34,INS,2016,1111,,1,,gx-no-cache=1458830197934 HTTP/1.1" 200 3367
186.103.159.183 - - [24/Mar/2016:10:36:03 -0300] "GET /cormun/servlet/solicitudotadjuntos?530d37ab590833332ed30f0adc84c2d4b3a4d2accd9396d48f1dcf9c34bd19e086ea59400d361f29a0668c70106449bfeb539439396be00ae4f3421bd8e640acf2d333a6cf60e13a48dacc8272cd97bcf7d6d03a29e8622eeeaf7ed8e2e25b835451b7afa50210c8948716558cbe7dab109bd0fc3c5f023dfff410b9341b402369f7434ebd073fbefb4b1b040963f471c6f41991943d183957a4d7d06d5bef3986d34f31cbdc5744c4f1918ae11cf4f05958a9d84b9fb4c7d467c5a0b50bbd3bd66653c88c45b75f72999f6ba2aafcd74083782f8d7ba8af0f363e0116923b65e37fd656bde2dd90cdda9ab26f21af76f1c0f92011f214fca941abab5c808ad1,gx-no-cache=1458830200708 HTTP/1.1" 200 26
186.103.159.188 - - [24/Mar/2016:10:36:04 -0300] "POST /cormun/servlet/trcontratouno?9f127294569ed0440f2837eb83a743c6,,gx-no-cache=1458826818395 HTTP/1.1" 200 6278
186.103.159.183 - - [24/Mar/2016:10:36:13 -0300] "GET /cormun/servlet/solicitudotadjuntos?88a09b0cc2252ee84c35b435711ecf3ec7fc5e1c76c986c8fd8dd251efb91ada,gx-no-cache=1458830212048 HTTP/1.1" 200 30
186.103.159.183 - - [24/Mar/2016:10:36:14 -0300] "GET /cormun/servlet/solicitudotadjuntos?88a09b0cc2252ee84c35b435711ecf3ec7fc5e1c76c986c8fd8dd251efb91ada,gx-no-cache=1458830212079 HTTP/1.1" 200 30
186.103.159.183 - - [24/Mar/2016:10:36:14 -0300] "POST /cormun/servlet/solicitudotadjuntos?ddb8a4ef0e24fa32cd9def6b8e99bf34,INS,2016,1111,,1, HTTP/1.1" 200 116
186.103.159.183 - - [24/Mar/2016:10:36:14 -0300] "GET /cormun/servlet/hpexe_return? HTTP/1.1" 200 1029
186.103.159.183 - - [24/Mar/2016:10:36:15 -0300] "GET /cormun/servlet/trsolicitudadjuntos?2016,1111, HTTP/1.1" 200 8064
186.103.159.183 - - [24/Mar/2016:10:36:17 -0300] "GET /cormun/servlet/trsolicitudadjuntos?2016,1111, HTTP/1.1" 200 8062
186.103.159.188 - - [24/Mar/2016:10:36:19 -0300] "POST /cormun/servlet/trcontratouno?9f127294569ed0440f2837eb83a743c6,,gx-no-cache=1458826835556 HTTP/1.1" 200 6523
186.103.159.183 - - [24/Mar/2016:10:36:24 -0300] "GET /cormun/servlet/trvisualizadoreventos? HTTP/1.1" 200 6263
186.103.159.183 - - [24/Mar/2016:10:36:24 -0300] "GET /cormun/static/gxcfg.js?201631021481342 HTTP/1.1" 200 953
186.103.159.183 - - [24/Mar/2016:10:36:24 -0300] "GET /cormun/static/messages.spa.js?85251 HTTP/1.1" 304 -
186.103.159.183 - - [24/Mar/2016:10:36:24 -0300] "GET /cormun/static/Resources/PXToolsActionPrint.png HTTP/1.1" 200 3317
186.103.159.183 - - [24/Mar/2016:10:36:24 -0300] "GET /cormun/static/trvisualizadoreventos.js?201631021481717 HTTP/1.1" 200 19288
186.103.159.183 - - [24/Mar/2016:10:36:26 -0300] "GET /cormun/servlet/trvisualizadoreventos? HTTP/1.1" 200 6254
192.168.10.89 - - [24/Mar/2016:10:36:33 -0300] "POST /cormun/servlet/hlogin?eaea8d0a3e84c9aeaa442e59d7698a09,gx-no-cache=1458826337489 HTTP/1.1" 200 447
186.103.159.188 - - [24/Mar/2016:10:36:36 -0300] "POST /cormun/servlet/trcontratouno?9f127294569ed0440f2837eb83a743c6,,gx-no-cache=1458826854194 HTTP/1.1" 200 6881
192.168.10.89 - - [24/Mar/2016:10:36:37 -0300] "POST /cormun/servlet/hlogin?eaea8d0a3e84c9aeaa442e59d7698a09,gx-no-cache=1458826341842 HTTP/1.1" 200 90
192.168.10.89 - - [24/Mar/2016:10:36:37 -0300] "GET /cormun/servlet/hpexe_link HTTP/1.1" 200 951
192.168.10.89 - - [24/Mar/2016:10:36:37 -0300] "GET /cormun/static/gxcfg.js?20151120044395 HTTP/1.1" 304 -
192.168.10.89 - - [24/Mar/2016:10:36:37 -0300] "GET /cormun/servlet/hhome HTTP/1.1" 200 3576
192.168.10.89 - - [24/Mar/2016:10:36:40 -0300] "GET /cormun/servlet/trcontratouno? HTTP/1.1" 200 10724
192.168.10.89 - - [24/Mar/2016:10:36:40 -0300] "GET /cormun/static/gxcfg.js?20163221610935 HTTP/1.1" 200 953
192.168.10.89 - - [24/Mar/2016:10:36:40 -0300] "GET /cormun/static/trcontratouno.js?20163221610166 HTTP/1.1" 304 -
186.103.159.188 - - [24/Mar/2016:10:36:53 -0300] "POST /cormun/servlet/trcontratouno?9f127294569ed0440f2837eb83a743c6,,gx-no-cache=1458826873997 HTTP/1.1" 200 6608
186.103.159.183 - - [24/Mar/2016:10:37:06 -0300] "POST /cormun/servlet/trvisualizadoreventos?ddb8a4ef0e24fa32cd9def6b8e99bf34,,gx-no-cache=1458830264478 HTTP/1.1" 200 3504
186.103.159.183 - - [24/Mar/2016:10:37:10 -0300] "GET /cormun/static/menuarrow.gif HTTP/1.1" 404 1015
186.103.159.188 - - [24/Mar/2016:10:37:12 -0300] "POST /cormun/servlet/trcontratouno?9f127294569ed0440f2837eb83a743c6,,gx-no-cache=1458826894862 HTTP/1.1" 200 6656
186.103.159.183 - - [24/Mar/2016:10:37:15 -0300] "POST /cormun/servlet/trvisualizadoreventos?ddb8a4ef0e24fa32cd9def6b8e99bf34,,gx-no-cache=1458830275217 HTTP/1.1" 200 3508
186.103.159.183 - - [24/Mar/2016:10:37:19 -0300] "POST /cormun/servlet/trvisualizadoreventos?ddb8a4ef0e24fa32cd9def6b8e99bf34,,gx-no-cache=1458830279456 HTTP/1.1" 200 3508
191.112.73.240 - - [24/Mar/2016:10:37:20 -0300] "GET /cormun/servlet/hlogin HTTP/1.1" 200 1723
191.112.73.240 - - [24/Mar/2016:10:37:21 -0300] "POST /cormun/servlet/hlogin?1efe125e3dd3ca3bdf065e67c0980549,gx-no-cache=1458826652086 HTTP/1.1" 200 90
191.112.73.240 - - [24/Mar/2016:10:37:21 -0300] "GET /cormun/servlet/hpexe_link HTTP/1.1" 200 951
191.112.73.240 - - [24/Mar/2016:10:37:22 -0300] "GET /cormun/servlet/hhome HTTP/1.1" 200 3565
191.112.73.240 - - [24/Mar/2016:10:37:23 -0300] "GET /cormun/servlet/hhome HTTP/1.1" 200 3562
186.78.36.52 - - [24/Mar/2016:10:37:28 -0300] "POST /cormun/servlet/trcontratouno?209537211fef14770a938406b883f64b,,gx-no-cache=1458826680519 HTTP/1.1" 200 90
186.103.159.188 - - [24/Mar/2016:10:37:28 -0300] "POST /cormun/servlet/trcontratouno?9f127294569ed0440f2837eb83a743c6,,gx-no-cache=1458826912860 HTTP/1.1" 200 6691
186.78.36.52 - - [24/Mar/2016:10:37:28 -0300] "GET /cormun/servlet/hpexe_link HTTP/1.1" 200 967
186.78.36.52 - - [24/Mar/2016:10:37:29 -0300] "GET /cormun/servlet/trvisualizadoreventos? HTTP/1.1" 200 6584
186.78.36.52 - - [24/Mar/2016:10:37:30 -0300] "GET /cormun/servlet/trvisualizadoreventos? HTTP/1.1" 200 6583
186.78.36.52 - - [24/Mar/2016:10:37:40 -0300] "GET /cormun/servlet/trcontratouno? HTTP/1.1" 200 15625
186.103.159.183 - - [24/Mar/2016:10:37:41 -0300] "POST /cormun/servlet/trvisualizadoreventos?ddb8a4ef0e24fa32cd9def6b8e99bf34,,gx-no-cache=1458830302578 HTTP/1.1" 200 3508
186.103.159.188 - - [24/Mar/2016:10:37:41 -0300] "POST /cormun/servlet/trcontratouno?9f127294569ed0440f2837eb83a743c6,,gx-no-cache=1458826927383 HTTP/1.1" 200 6977
186.78.36.52 - - [24/Mar/2016:10:37:42 -0300] "GET /cormun/servlet/trcontratouno? HTTP/1.1" 200 15623
186.103.159.183 - - [24/Mar/2016:10:37:43 -0300] "POST /cormun/servlet/acontrolpreferencessavestate?None,CE-34,true HTTP/1.1" 200 35
186.103.159.183 - - [24/Mar/2016:10:37:50 -0300] "GET /cormun/servlet/trvisualizadoreventos? HTTP/1.1" 200 6260
192.168.10.89 - - [24/Mar/2016:10:37:52 -0300] "POST /cormun/servlet/trcontratouno?eaea8d0a3e84c9aeaa442e59d7698a09,,gx-no-cache=1458826416702 HTTP/1.1" 200 103
192.168.10.89 - - [24/Mar/2016:10:37:52 -0300] "GET /cormun/ContratoUno-1990.xls HTTP/1.1" 200 10240
186.103.159.183 - - [24/Mar/2016:10:37:52 -0300] "GET /cormun/servlet/trvisualizadoreventos? HTTP/1.1" 200 6260
186.103.159.183 - - [24/Mar/2016:10:37:57 -0300] "POST /cormun/servlet/acontrolpreferencessavestate?None,CE-34,true HTTP/1.1" 200 35
186.103.159.188 - - [24/Mar/2016:10:38:00 -0300] "POST /cormun/servlet/trcontratouno?9f127294569ed0440f2837eb83a743c6,,gx-no-cache=1458826949286 HTTP/1.1" 200 7040
191.112.73.240 - - [24/Mar/2016:10:38:03 -0300] "GET /cormun/servlet/trcontratoobservaciondir? HTTP/1.1" 200 6302
191.112.73.240 - - [24/Mar/2016:10:38:03 -0300] "GET /cormun/static/gxcfg.js?20163231973482 HTTP/1.1" 200 953
191.112.73.240 - - [24/Mar/2016:10:38:03 -0300] "GET /cormun/static/trcontratoobservaciondir.js?2016323197386 HTTP/1.1" 200 24069
191.112.73.240 - - [24/Mar/2016:10:38:04 -0300] "GET /cormun/servlet/trcontratoobservaciondir? HTTP/1.1" 200 6301
186.103.159.183 - - [24/Mar/2016:10:38:10 -0300] "POST /cormun/servlet/trvisualizadoreventos?ddb8a4ef0e24fa32cd9def6b8e99bf34,,gx-no-cache=1458830332084 HTTP/1.1" 200 3501
186.103.159.183 - - [24/Mar/2016:10:38:17 -0300] "GET /cormun/servlet/trsolicitudot? HTTP/1.1" 200 7718
186.103.159.183 - - [24/Mar/2016:10:38:17 -0300] "GET /cormun/static/gxcfg.js?201631022392470 HTTP/1.1" 304 -
186.103.159.183 - - [24/Mar/2016:10:38:19 -0300] "GET /cormun/servlet/trsolicitudot? HTTP/1.1" 200 7718
186.103.159.188 - - [24/Mar/2016:10:38:19 -0300] "POST /cormun/servlet/trcontratouno?9f127294569ed0440f2837eb83a743c6,,gx-no-cache=1458826970022 HTTP/1.1" 200 7119
186.103.159.183 - - [24/Mar/2016:10:38:24 -0300] "GET /cormun/servlet/vesolicitudot?2016,1111,, HTTP/1.1" 200 7711
186.103.159.183 - - [24/Mar/2016:10:38:24 -0300] "GET /cormun/static/gxcfg.js?201631021474241 HTTP/1.1" 200 953
186.103.159.183 - - [24/Mar/2016:10:38:24 -0300] "GET /cormun/pexe_scrolldiv.js HTTP/1.1" 404 1009
186.103.159.183 - - [24/Mar/2016:10:38:24 -0300] "GET /cormun/static/Resources/PXToolsTabLastUnselected.png HTTP/1.1" 200 1291
186.103.159.183 - - [24/Mar/2016:10:38:24 -0300] "GET /cormun/static/Resources/PXToolsTabFirstSelected.png HTTP/1.1" 200 1259
186.103.159.183 - - [24/Mar/2016:10:38:24 -0300] "GET /cormun/static/Resources/PXToolsTabNext.gif HTTP/1.1" 200 168
186.103.159.183 - - [24/Mar/2016:10:38:24 -0300] "GET /cormun/static/Resources/PXToolsTabPrevious.gif HTTP/1.1" 200 172
186.103.159.183 - - [24/Mar/2016:10:38:24 -0300] "GET /cormun/static/hwcviewtabs.js?20151120014372 HTTP/1.1" 200 1074
186.103.159.183 - - [24/Mar/2016:10:38:24 -0300] "GET /cormun/static/hpexe_tabsview.js?20151120014350 HTTP/1.1" 200 1661
186.103.159.183 - - [24/Mar/2016:10:38:24 -0300] "GET /cormun/static/vesolicitudot.js?20163102147437 HTTP/1.1" 200 6091
186.78.36.52 - - [24/Mar/2016:10:38:24 -0300] "POST /cormun/servlet/trcontratouno?209537211fef14770a938406b883f64b,,gx-no-cache=1458826732703 HTTP/1.1" 200 12801
186.103.159.183 - - [24/Mar/2016:10:38:24 -0300] "GET /cormun/static/tbsolicitudot01.js?20163102250452 HTTP/1.1" 200 28324
186.103.159.183 - - [24/Mar/2016:10:38:24 -0300] "GET /cormun/pexe_scrolldiv.js HTTP/1.1" 404 1009
186.103.159.183 - - [24/Mar/2016:10:38:26 -0300] "GET /cormun/static/calendar-system.css HTTP/1.1" 200 5572
186.103.159.183 - - [24/Mar/2016:10:38:26 -0300] "GET /cormun/static/Resources/PXToolsTabUnselectedUnselected.png HTTP/1.1" 200 1459
186.103.159.183 - - [24/Mar/2016:10:38:26 -0300] "GET /cormun/static/Resources/PXToolsTabBackUnselected.png HTTP/1.1" 200 1175
186.103.159.183 - - [24/Mar/2016:10:38:26 -0300] "GET /cormun/static/Resources/PXToolsTabSelectedUnselected.png HTTP/1.1" 200 1428
186.103.159.183 - - [24/Mar/2016:10:38:26 -0300] "GET /cormun/static/Resources/PXToolsTabBackSelected.png HTTP/1.1" 200 1157
186.103.159.183 - - [24/Mar/2016:10:38:26 -0300] "GET /cormun/servlet/vesolicitudot?2016,1111,, HTTP/1.1" 200 7710
186.103.159.188 - - [24/Mar/2016:10:38:33 -0300] "POST /cormun/servlet/trcontratouno?9f127294569ed0440f2837eb83a743c6,,gx-no-cache=1458826985841 HTTP/1.1" 200 7118
186.103.159.183 - - [24/Mar/2016:10:38:40 -0300] "POST /cormun/servlet/vesolicitudot?ddb8a4ef0e24fa32cd9def6b8e99bf34,2016,1111,,,gx-no-cache=1458830363862 HTTP/1.1" 200 93
186.103.159.183 - - [24/Mar/2016:10:38:40 -0300] "GET /cormun/servlet/hpexe_return? HTTP/1.1" 200 1014
186.103.159.183 - - [24/Mar/2016:10:38:40 -0300] "GET /cormun/servlet/trsolicitudot HTTP/1.1" 200 7722
186.103.159.183 - - [24/Mar/2016:10:38:42 -0300] "GET /cormun/servlet/trsolicitudot HTTP/1.1" 200 7718
186.103.159.183 - - [24/Mar/2016:10:38:49 -0300] "POST /cormun/servlet/trsolicitudot?ddb8a4ef0e24fa32cd9def6b8e99bf34,gx-no-cache=1458830373389 HTTP/1.1" 200 3795
186.103.159.183 - - [24/Mar/2016:10:38:50 -0300] "GET /cormun/static/Shared/jqueryui/images/ui-bg_highlight-soft_100_c6c2c8_1x100.png HTTP/1.1" 404 1117
186.103.159.183 - - [24/Mar/2016:10:38:50 -0300] "GET /cormun/static/Shared/jqueryui/images/ui-icons_82798d_256x240.png HTTP/1.1" 404 1089
186.103.159.183 - - [24/Mar/2016:10:38:50 -0300] "GET /cormun/static/Shared/jqueryui/images/ui-bg_flat_55_fafafa_40x100.png HTTP/1.1" 404 1097
186.103.159.183 - - [24/Mar/2016:10:38:50 -0300] "GET /cormun/static/Shared/jqueryui/images/ui-icons_8d78a5_256x240.png HTTP/1.1" 404 1089
186.103.159.183 - - [24/Mar/2016:10:38:50 -0300] "POST /cormun/servlet/trsolicitudot?ddb8a4ef0e24fa32cd9def6b8e99bf34,gx-no-cache=1458830373838 HTTP/1.1" 200 3641
186.103.159.183 - - [24/Mar/2016:10:38:59 -0300] "GET /cormun/servlet/hlogin HTTP/1.1" 200 1739
186.103.159.183 - - [24/Mar/2016:10:38:59 -0300] "GET /cormun/static/gxcfg.js?20151120045111 HTTP/1.1" 304 -
186.103.157.246 - - [24/Mar/2016:10:39:06 -0300] "GET /cormun/servlet/hlogin HTTP/1.1" 200 1711
186.103.157.246 - - [24/Mar/2016:10:39:06 -0300] "GET /cormun/static/gxtimezone.js?85251 HTTP/1.1" 200 5781
186.103.157.246 - - [24/Mar/2016:10:39:06 -0300] "GET /cormun/static/gxcfg.js?20151120045111 HTTP/1.1" 200 953
186.103.157.246 - - [24/Mar/2016:10:39:06 -0300] "GET /cormun/static/hlogin.js?20151120045126 HTTP/1.1" 200 2136
186.103.157.246 - - [24/Mar/2016:10:39:06 -0300] "GET /cormun/static/Resources/ComunLogin.png HTTP/1.1" 200 17326
186.103.157.246 - - [24/Mar/2016:10:39:06 -0300] "GET /cormun/static/messages.spa.js?85251 HTTP/1.1" 200 32693
186.103.157.246 - - [24/Mar/2016:10:39:06 -0300] "GET /cormun/static/Resources/Spanish/PXTools.css?005343 HTTP/1.1" 200 89042
186.103.159.188 - - [24/Mar/2016:10:39:06 -0300] "POST /cormun/servlet/trcontratouno?9f127294569ed0440f2837eb83a743c6,,gx-no-cache=1458827021460 HTTP/1.1" 200 6143
186.103.157.246 - - [24/Mar/2016:10:39:06 -0300] "GET /cormun/static/gxgral.js?85251 HTTP/1.1" 200 384558
186.103.157.246 - - [24/Mar/2016:10:39:07 -0300] "GET /cormun/servlet/hlogin HTTP/1.1" 200 1721
186.103.157.246 - - [24/Mar/2016:10:39:07 -0300] "GET /cormun/static/Resources/indicator.gif HTTP/1.1" 200 1553
186.103.157.246 - - [24/Mar/2016:10:39:07 -0300] "GET /cormun/static/Resources/PXToolsLoginBackground.png HTTP/1.1" 200 1164
186.103.157.246 - - [24/Mar/2016:10:39:07 -0300] "GET /cormun/static/Resources/PXToolsButtonLeft21.png HTTP/1.1" 200 1287
186.103.157.246 - - [24/Mar/2016:10:39:07 -0300] "GET /cormun/static/Resources/PXToolsButtonRight21.png HTTP/1.1" 200 1283
186.103.157.246 - - [24/Mar/2016:10:39:07 -0300] "GET /cormun/static/Resources/PXToolsButtonBackground2.png HTTP/1.1" 200 1181
186.103.157.246 - - [24/Mar/2016:10:39:07 -0300] "GET /cormun/static/Resources/PXToolsLoginTop.png HTTP/1.1" 200 1337
186.103.157.246 - - [24/Mar/2016:10:39:07 -0300] "GET /cormun/static/Resources/PXToolsLoginBottom.png HTTP/1.1" 200 1389
186.103.157.246 - - [24/Mar/2016:10:39:07 -0300] "GET /favicon.ico HTTP/1.1" 200 21630
186.103.159.188 - - [24/Mar/2016:10:39:18 -0300] "POST /cormun/servlet/trcontratouno?9f127294569ed0440f2837eb83a743c6,,gx-no-cache=1458827036269 HTTP/1.1" 200 7165
186.78.36.52 - - [24/Mar/2016:10:39:21 -0300] "GET /cormun/servlet/trcontratoobservaciondir? HTTP/1.1" 200 5686
186.78.36.52 - - [24/Mar/2016:10:39:26 -0300] "GET /cormun/servlet/trcontratoobservaciondir? HTTP/1.1" 200 5686
186.103.157.246 - - [24/Mar/2016:10:39:30 -0300] "POST /cormun/servlet/hlogin?7af76803f2b2bb5e981f5d5f2c2f2136,gx-no-cache=1458826798477 HTTP/1.1" 200 90
186.103.157.246 - - [24/Mar/2016:10:39:30 -0300] "GET /cormun/servlet/hpexe_link HTTP/1.1" 200 945
186.103.157.246 - - [24/Mar/2016:10:39:30 -0300] "GET /cormun/static/gxcfg.js?20151120044395 HTTP/1.1" 200 953
186.103.157.246 - - [24/Mar/2016:10:39:30 -0300] "GET /cormun/static/hpexe_link.js?20151120044398 HTTP/1.1" 200 625
186.78.36.52 - - [24/Mar/2016:10:39:31 -0300] "POST /cormun/servlet/trcontratoobservaciondir?209537211fef14770a938406b883f64b,,gx-no-cache=1458826813666 HTTP/1.1" 200 3351
186.103.157.246 - - [24/Mar/2016:10:39:31 -0300] "GET /cormun/servlet/hhome HTTP/1.1" 200 3505
186.103.157.246 - - [24/Mar/2016:10:39:31 -0300] "GET /cormun/static/gxcfg.js?2015112210564248 HTTP/1.1" 200 953
186.103.157.246 - - [24/Mar/2016:10:39:31 -0300] "GET /cormun/static/SmoothNavMenu/resources/ddsmoothmenu-v.css?1012540 HTTP/1.1" 200 1188
186.103.157.246 - - [24/Mar/2016:10:39:31 -0300] "GET /cormun/static/SmoothNavMenu/resources/ddsmoothmenu.css?1012540 HTTP/1.1" 200 2223
186.103.157.246 - - [24/Mar/2016:10:39:31 -0300] "GET /cormun/static/scaMessage/css/jquery.pnotify.default.css?1716380 HTTP/1.1" 200 1707
186.103.157.246 - - [24/Mar/2016:10:39:31 -0300] "GET /cormun/static/Resources/Spanish/PXTools.css?10515224 HTTP/1.1" 200 89042
186.103.157.246 - - [24/Mar/2016:10:39:31 -0300] "GET /cormun/static/Shared/jqueryui/jquery-ui.min.css?1245370 HTTP/1.1" 200 30288
186.103.157.246 - - [24/Mar/2016:10:39:31 -0300] "GET /cormun/static/PXToolsJavascripts/pexe_windows.js HTTP/1.1" 200 15207
186.103.157.246 - - [24/Mar/2016:10:39:31 -0300] "GET /cormun/static/PXToolsJavascripts/pexe_link.js HTTP/1.1" 200 5671
186.103.157.246 - - [24/Mar/2016:10:39:31 -0300] "GET /cormun/static/Resources/PXToolsHeaderLogin.png HTTP/1.1" 200 4279
186.103.157.246 - - [24/Mar/2016:10:39:31 -0300] "GET /cormun/static/Resources/PXToolsHeaderPreferences.png HTTP/1.1" 200 4189
186.103.157.246 - - [24/Mar/2016:10:39:31 -0300] "GET /cormun/static/Resources/PXToolsHeaderSecurity.png HTTP/1.1" 200 4166
186.103.157.246 - - [24/Mar/2016:10:39:31 -0300] "GET /cormun/static/Resources/PXToolsHeaderActionsLeft.png HTTP/1.1" 200 1118
186.103.157.246 - - [24/Mar/2016:10:39:31 -0300] "GET /cormun/static/Resources/logo4.png HTTP/1.1" 200 6582
186.103.157.246 - - [24/Mar/2016:10:39:31 -0300] "GET /cormun/static/Resources/PXToolsHeaderHome.png HTTP/1.1" 200 4147
186.103.157.246 - - [24/Mar/2016:10:39:31 -0300] "GET /cormun/static/Resources/PXToolsHeaderActionsRight.png HTTP/1.1" 200 1201
186.103.157.246 - - [24/Mar/2016:10:39:31 -0300] "GET /cormun/static/Resources/PXToolsFooterBackground2.png HTTP/1.1" 200 1172
186.103.157.246 - - [24/Mar/2016:10:39:31 -0300] "GET /cormun/static/Resources/PXToolsHeaderActionsBackground.png HTTP/1.1" 200 484
186.103.157.246 - - [24/Mar/2016:10:39:31 -0300] "GET /cormun/static/Resources/PXToolsDataTitle.png HTTP/1.1" 200 1173
186.103.157.246 - - [24/Mar/2016:10:39:31 -0300] "GET /cormun/static/Resources/PXToolsHeaderBackground2.png HTTP/1.1" 200 1174
186.103.157.246 - - [24/Mar/2016:10:39:31 -0300] "GET /cormun/static/hpexe_messagecontroller.js?2015112210524422 HTTP/1.1" 200 870
186.103.157.246 - - [24/Mar/2016:10:39:31 -0300] "GET /cormun/static/hpexe_recentlink.js?2015111312121342 HTTP/1.1" 200 2144
186.103.157.246 - - [24/Mar/2016:10:39:31 -0300] "GET /cormun/static/hhome.js?2015112210564255 HTTP/1.1" 200 777
186.103.157.246 - - [24/Mar/2016:10:39:31 -0300] "GET /cormun/static/hwchdr01.js?20162241650484 HTTP/1.1" 200 1183
186.103.157.246 - - [24/Mar/2016:10:39:31 -0300] "GET /cormun/static/hpexe_scripts.js?20151120014546 HTTP/1.1" 200 1544
186.103.157.246 - - [24/Mar/2016:10:39:31 -0300] "GET /cormun/static/hpexe_messagepopupcomponent.js?201632119295953 HTTP/1.1" 200 605
186.103.157.246 - - [24/Mar/2016:10:39:31 -0300] "GET /cormun/static/hpexe_messagegenexuscomponent.js?20151120014314 HTTP/1.1" 200 587
186.103.157.246 - - [24/Mar/2016:10:39:31 -0300] "GET /cormun/static/cmcontrolpreferences.js?20151120014525 HTTP/1.1" 200 1375
186.103.157.246 - - [24/Mar/2016:10:39:31 -0300] "GET /cormun/static/scaMessage/scaMessageRender.js HTTP/1.1" 200 11977
186.103.157.246 - - [24/Mar/2016:10:39:31 -0300] "GET /cormun/static/hmpwkw03.js?201631622503633 HTTP/1.1" 200 3898
186.103.157.246 - - [24/Mar/2016:10:39:32 -0300] "GET /cormun/static/SmoothNavMenu/resources/images/down.gif HTTP/1.1" 200 854
186.78.36.52 - - [24/Mar/2016:10:39:34 -0300] "GET /cormun/servlet/trcontratouno? HTTP/1.1" 200 15624
186.78.36.52 - - [24/Mar/2016:10:39:35 -0300] "GET /cormun/servlet/trcontratouno? HTTP/1.1" 200 15623
186.103.159.183 - - [24/Mar/2016:10:39:38 -0300] "POST /cormun/servlet/hlogin?ddb8a4ef0e24fa32cd9def6b8e99bf34,gx-no-cache=1458830423555 HTTP/1.1" 200 90
186.103.159.183 - - [24/Mar/2016:10:39:38 -0300] "GET /cormun/servlet/hpexe_link HTTP/1.1" 200 952
186.103.159.183 - - [24/Mar/2016:10:39:38 -0300] "GET /cormun/static/gxcfg.js?20151120044395 HTTP/1.1" 304 -
186.103.159.183 - - [24/Mar/2016:10:39:38 -0300] "GET /cormun/servlet/hhome HTTP/1.1" 200 3520
186.103.159.183 - - [24/Mar/2016:10:39:38 -0300] "GET /cormun/static/gxcfg.js?2015112210564248 HTTP/1.1" 304 -
186.103.159.183 - - [24/Mar/2016:10:39:39 -0300] "GET /cormun/servlet/hhome HTTP/1.1" 200 3517
186.103.157.246 - - [24/Mar/2016:10:39:40 -0300] "GET /cormun/servlet/trautorizarsolicitud? HTTP/1.1" 200 7666
186.103.157.246 - - [24/Mar/2016:10:39:40 -0300] "GET /cormun/static/gxui/gxui-all.css?110300 HTTP/1.1" 200 2179
186.103.157.246 - - [24/Mar/2016:10:39:40 -0300] "GET /cormun/static/gxcfg.js?201632119361219 HTTP/1.1" 200 953
186.103.157.246 - - [24/Mar/2016:10:39:40 -0300] "GET /cormun/static/calendar-system.css?75620 HTTP/1.1" 200 5572
186.103.157.246 - - [24/Mar/2016:10:39:40 -0300] "GET /cormun/static/calendar.js?85251 HTTP/1.1" 200 26246
186.103.157.246 - - [24/Mar/2016:10:39:40 -0300] "GET /cormun/static/calendar-setup.js?85251 HTTP/1.1" 200 2588
186.103.157.246 - - [24/Mar/2016:10:39:40 -0300] "GET /cormun/static/calendar-es.js?85251 HTTP/1.1" 200 1901
186.103.157.246 - - [24/Mar/2016:10:39:40 -0300] "GET /cormun/static/gxdec.js?85251 HTTP/1.1" 200 19579
186.103.157.246 - - [24/Mar/2016:10:39:40 -0300] "GET /cormun/static/Resources/Spanish/PXTools.css?19284387 HTTP/1.1" 200 89042
186.103.157.246 - - [24/Mar/2016:10:39:40 -0300] "GET /cormun/static/Resources/PXToolsGridFirstDisabled.gif HTTP/1.1" 200 100
186.103.157.246 - - [24/Mar/2016:10:39:40 -0300] "GET /cormun/static/trautorizarsolicitud.js?20163211936186 HTTP/1.1" 200 44547
186.103.157.246 - - [24/Mar/2016:10:39:40 -0300] "GET /cormun/static/Resources/PXToolsGridPreviousDisabled.gif HTTP/1.1" 200 90
186.103.157.246 - - [24/Mar/2016:10:39:40 -0300] "GET /cormun/static/Resources/PXToolsGridNextDisabled.gif HTTP/1.1" 200 90
186.103.157.246 - - [24/Mar/2016:10:39:40 -0300] "GET /cormun/static/Resources/PXToolsGridLastDisabled.gif HTTP/1.1" 200 98
186.103.157.246 - - [24/Mar/2016:10:39:40 -0300] "GET /cormun/static/Resources/PXToolsGridPage.gif HTTP/1.1" 200 725
186.103.157.246 - - [24/Mar/2016:10:39:40 -0300] "GET /cormun/static/Resources/PXToolsActionExcel.png HTTP/1.1" 200 3187
186.103.157.246 - - [24/Mar/2016:10:39:41 -0300] "GET /cormun/static/Resources/PXTools/calendar.png HTTP/1.1" 200 1306
186.103.157.246 - - [24/Mar/2016:10:39:41 -0300] "GET /cormun/static/Resources/PXToolsDataSearch.png HTTP/1.1" 200 419
186.103.157.246 - - [24/Mar/2016:10:39:41 -0300] "GET /cormun/static/Shared/ext/resources/css/ext-all.css?205870 HTTP/1.1" 200 416045
186.103.157.246 - - [24/Mar/2016:10:39:41 -0300] "GET /cormun/static/Resources/asc.gif HTTP/1.1" 200 67
186.103.157.246 - - [24/Mar/2016:10:39:41 -0300] "GET /cormun/static/Resources/desc.gif HTTP/1.1" 200 65
186.103.157.246 - - [24/Mar/2016:10:39:41 -0300] "GET /cormun//static/Resources/PXToolsRemoveAllAction.png HTTP/1.1" 200 3558
186.103.157.246 - - [24/Mar/2016:10:39:41 -0300] "GET /cormun//static/Resources/PXToolsGridDelete.png HTTP/1.1" 200 357
186.103.157.246 - - [24/Mar/2016:10:39:41 -0300] "GET /cormun//static/Resources/PXToolsActionView.png HTTP/1.1" 200 2995
186.103.157.246 - - [24/Mar/2016:10:39:41 -0300] "GET /cormun//static/Resources/PXToolsGridUpdate.png HTTP/1.1" 200 2984
186.103.157.246 - - [24/Mar/2016:10:39:41 -0300] "GET /cormun//static/Resources/PXTools/ActionInsert.png HTTP/1.1" 200 1482
186.103.157.246 - - [24/Mar/2016:10:39:42 -0300] "GET /cormun/static/Shared/ext/resources/themes/images/default/tools/tool-sprites.gif HTTP/1.1" 200 5434
186.103.157.246 - - [24/Mar/2016:10:39:42 -0300] "GET /cormun/static/Shared/ext/resources/themes/images/default/panel/bg-headersPanel.png HTTP/1.1" 200 255
186.103.159.183 - - [24/Mar/2016:10:39:45 -0300] "GET /cormun/servlet/trautorizarsolicitud? HTTP/1.1" 200 7652
186.103.159.183 - - [24/Mar/2016:10:39:45 -0300] "GET /cormun/static/gxui/gxui-all.css?110300 HTTP/1.1" 200 2179
186.103.159.183 - - [24/Mar/2016:10:39:45 -0300] "GET /cormun/static/gxcfg.js?201632119361219 HTTP/1.1" 200 953
186.103.159.183 - - [24/Mar/2016:10:39:45 -0300] "GET /cormun/static/trautorizarsolicitud.js?20163211936186 HTTP/1.1" 200 44547
186.103.159.183 - - [24/Mar/2016:10:39:45 -0300] "GET /cormun/static/Resources/Spanish/PXTools.css?19284387 HTTP/1.1" 200 89042
186.103.159.183 - - [24/Mar/2016:10:39:45 -0300] "GET /cormun/static/Shared/ext/resources/css/ext-all.css?205870 HTTP/1.1" 200 416045
186.103.159.183 - - [24/Mar/2016:10:39:47 -0300] "GET /cormun/servlet/trautorizarsolicitud? HTTP/1.1" 200 7650
186.103.159.188 - - [24/Mar/2016:10:39:48 -0300] "POST /cormun/servlet/trcontratouno?9f127294569ed0440f2837eb83a743c6,,gx-no-cache=1458827069898 HTTP/1.1" 200 7283
186.103.157.246 - - [24/Mar/2016:10:39:52 -0300] "POST /cormun/servlet/trautorizarsolicitud?7af76803f2b2bb5e981f5d5f2c2f2136,,gx-no-cache=1458826819372 HTTP/1.1" 200 3797
186.103.157.246 - - [24/Mar/2016:10:39:52 -0300] "POST /cormun/servlet/trautorizarsolicitud?7af76803f2b2bb5e981f5d5f2c2f2136,,gx-no-cache=1458826820455 HTTP/1.1" 200 3641
186.103.157.246 - - [24/Mar/2016:10:39:53 -0300] "GET /cormun/static/Shared/jqueryui/images/ui-bg_highlight-soft_100_c6c2c8_1x100.png HTTP/1.1" 404 1117
186.103.157.246 - - [24/Mar/2016:10:39:53 -0300] "GET /cormun/static/Shared/jqueryui/images/ui-icons_82798d_256x240.png HTTP/1.1" 404 1089
186.103.157.246 - - [24/Mar/2016:10:39:53 -0300] "GET /cormun/static/Shared/jqueryui/images/ui-bg_flat_55_fafafa_40x100.png HTTP/1.1" 404 1097
186.103.157.246 - - [24/Mar/2016:10:39:53 -0300] "GET /cormun/static/Shared/jqueryui/images/ui-icons_8d78a5_256x240.png HTTP/1.1" 404 1089
186.103.159.183 - - [24/Mar/2016:10:40:00 -0300] "POST /cormun/servlet/trautorizarsolicitud?ddb8a4ef0e24fa32cd9def6b8e99bf34,,gx-no-cache=1458830447059 HTTP/1.1" 200 3804
186.103.159.183 - - [24/Mar/2016:10:40:01 -0300] "GET /cormun/static/Shared/jqueryui/images/ui-bg_highlight-soft_100_c6c2c8_1x100.png HTTP/1.1" 404 1117
186.103.159.183 - - [24/Mar/2016:10:40:01 -0300] "GET /cormun/static/Shared/jqueryui/images/ui-icons_82798d_256x240.png HTTP/1.1" 404 1089
186.103.159.183 - - [24/Mar/2016:10:40:01 -0300] "GET /cormun/static/Shared/jqueryui/images/ui-icons_8d78a5_256x240.png HTTP/1.1" 404 1089
186.103.159.183 - - [24/Mar/2016:10:40:01 -0300] "GET /cormun/static/Shared/jqueryui/images/ui-bg_flat_55_fafafa_40x100.png HTTP/1.1" 404 1097
186.103.159.183 - - [24/Mar/2016:10:40:01 -0300] "POST /cormun/servlet/trautorizarsolicitud?ddb8a4ef0e24fa32cd9def6b8e99bf34,,gx-no-cache=1458830447449 HTTP/1.1" 200 3652
186.103.159.44 - - [24/Mar/2016:10:40:06 -0300] "GET /cormun/servlet/hlogin HTTP/1.1" 200 1722
186.103.159.44 - - [24/Mar/2016:10:40:06 -0300] "GET /cormun/static/gxtimezone.js?85251 HTTP/1.1" 200 5781
186.103.159.44 - - [24/Mar/2016:10:40:06 -0300] "GET /cormun/static/gxcfg.js?20151120045111 HTTP/1.1" 200 953
186.103.159.44 - - [24/Mar/2016:10:40:06 -0300] "GET /cormun/static/Resources/Spanish/PXTools.css?005343 HTTP/1.1" 200 89042
186.103.159.44 - - [24/Mar/2016:10:40:06 -0300] "GET /cormun/static/Resources/ComunLogin.png HTTP/1.1" 200 17326
186.103.159.44 - - [24/Mar/2016:10:40:06 -0300] "GET /cormun/static/messages.spa.js?85251 HTTP/1.1" 200 32693
186.103.159.44 - - [24/Mar/2016:10:40:06 -0300] "GET /cormun/static/hlogin.js?20151120045126 HTTP/1.1" 200 2136
186.103.159.44 - - [24/Mar/2016:10:40:06 -0300] "GET /cormun/static/gxgral.js?85251 HTTP/1.1" 200 384558
186.103.159.44 - - [24/Mar/2016:10:40:06 -0300] "GET /cormun/static/Resources/indicator.gif HTTP/1.1" 200 1553
186.103.159.44 - - [24/Mar/2016:10:40:06 -0300] "GET /cormun/static/Resources/PXToolsLoginBackground.png HTTP/1.1" 200 1164
186.103.159.44 - - [24/Mar/2016:10:40:06 -0300] "GET /cormun/static/Resources/PXToolsButtonLeft21.png HTTP/1.1" 200 1287
186.103.159.44 - - [24/Mar/2016:10:40:06 -0300] "GET /favicon.ico HTTP/1.1" 200 21630
186.103.159.44 - - [24/Mar/2016:10:40:06 -0300] "GET /cormun/static/Resources/PXToolsButtonRight21.png HTTP/1.1" 200 1283
186.103.159.44 - - [24/Mar/2016:10:40:06 -0300] "GET /cormun/static/Resources/PXToolsButtonBackground2.png HTTP/1.1" 200 1181
186.103.159.44 - - [24/Mar/2016:10:40:06 -0300] "GET /cormun/static/Resources/PXToolsLoginTop.png HTTP/1.1" 200 1337
186.103.159.44 - - [24/Mar/2016:10:40:06 -0300] "GET /cormun/static/Resources/PXToolsLoginBottom.png HTTP/1.1" 200 1389
186.103.159.44 - - [24/Mar/2016:10:40:18 -0300] "POST /cormun/servlet/hlogin?16de3e8e60202df2841d2871633c2bc2,gx-no-cache=1458826825490 HTTP/1.1" 200 90
186.103.159.44 - - [24/Mar/2016:10:40:18 -0300] "GET /cormun/servlet/hpexe_link HTTP/1.1" 200 956
186.103.159.44 - - [24/Mar/2016:10:40:18 -0300] "GET /cormun/static/gxcfg.js?20151120044395 HTTP/1.1" 200 953
186.103.159.44 - - [24/Mar/2016:10:40:18 -0300] "GET /cormun/static/hpexe_link.js?20151120044398 HTTP/1.1" 200 625
186.103.159.44 - - [24/Mar/2016:10:40:18 -0300] "GET /cormun/servlet/hhome HTTP/1.1" 200 3513
186.103.159.44 - - [24/Mar/2016:10:40:18 -0300] "GET /cormun/static/SmoothNavMenu/resources/ddsmoothmenu.css?1012540 HTTP/1.1" 200 2223
186.103.159.44 - - [24/Mar/2016:10:40:18 -0300] "GET /cormun/static/SmoothNavMenu/resources/ddsmoothmenu-v.css?1012540 HTTP/1.1" 200 1188
186.103.159.44 - - [24/Mar/2016:10:40:18 -0300] "GET /cormun/static/Resources/Spanish/PXTools.css?10515224 HTTP/1.1" 200 89042
186.103.159.44 - - [24/Mar/2016:10:40:18 -0300] "GET /cormun/static/scaMessage/css/jquery.pnotify.default.css?1716380 HTTP/1.1" 200 1707
186.103.159.44 - - [24/Mar/2016:10:40:18 -0300] "GET /cormun/static/Shared/jqueryui/jquery-ui.min.css?1245370 HTTP/1.1" 200 30288
186.103.159.44 - - [24/Mar/2016:10:40:18 -0300] "GET /cormun/static/gxcfg.js?2015112210564248 HTTP/1.1" 200 953
186.103.159.44 - - [24/Mar/2016:10:40:19 -0300] "GET /cormun/static/PXToolsJavascripts/pexe_autoreload.js HTTP/1.1" 200 1762
186.103.159.44 - - [24/Mar/2016:10:40:19 -0300] "GET /cormun/static/PXToolsJavascripts/pexe_cookies.js HTTP/1.1" 200 792
186.103.159.44 - - [24/Mar/2016:10:40:19 -0300] "GET /cormun/static/PXToolsJavascripts/pexe_windows.js HTTP/1.1" 200 15207
186.103.159.44 - - [24/Mar/2016:10:40:19 -0300] "GET /cormun/static/PXToolsJavascripts/pexe_grid.js HTTP/1.1" 200 7559
186.103.159.44 - - [24/Mar/2016:10:40:19 -0300] "GET /cormun/static/PXToolsJavascripts/pexe_griddivfix.js HTTP/1.1" 200 6644
186.103.159.44 - - [24/Mar/2016:10:40:19 -0300] "GET /cormun/static/PXToolsJavascripts/pexe_link.js HTTP/1.1" 200 5671
186.103.159.44 - - [24/Mar/2016:10:40:19 -0300] "GET /cormun/static/PXToolsJavascripts/pexe_menudivfix.js HTTP/1.1" 200 333
186.103.159.44 - - [24/Mar/2016:10:40:19 -0300] "GET /cormun/static/PXToolsJavascripts/pexe_menus.js HTTP/1.1" 200 1286
186.103.159.44 - - [24/Mar/2016:10:40:19 -0300] "GET /cormun/static/PXToolsJavascripts/pexe_layers.js HTTP/1.1" 200 4114
186.103.159.44 - - [24/Mar/2016:10:40:19 -0300] "GET /cormun/static/PXToolsJavascripts/pexe_oavdivfix.js HTTP/1.1" 200 639
186.103.159.44 - - [24/Mar/2016:10:40:19 -0300] "GET /cormun/static/PXToolsJavascripts/pexe_oav.js HTTP/1.1" 200 645
186.103.159.44 - - [24/Mar/2016:10:40:19 -0300] "GET /cormun/static/PXToolsJavascripts/pexe_picture.js HTTP/1.1" 200 689
186.103.159.44 - - [24/Mar/2016:10:40:19 -0300] "GET /cormun/static/PXToolsJavascripts/pexe_popup.js HTTP/1.1" 200 13458
186.103.159.44 - - [24/Mar/2016:10:40:19 -0300] "GET /cormun/static/PXToolsJavascripts/pexe_scrolldiv.js HTTP/1.1" 200 4138
186.103.159.44 - - [24/Mar/2016:10:40:19 -0300] "GET /cormun/static/PXToolsJavascripts/pexe_tabdivfix.js HTTP/1.1" 200 876
186.103.159.44 - - [24/Mar/2016:10:40:19 -0300] "GET /cormun/static/PXToolsJavascripts/pexe_tabs.js HTTP/1.1" 200 3748
186.103.159.44 - - [24/Mar/2016:10:40:19 -0300] "GET /cormun/static/PXToolsJavascripts/PXToolsJavascriptsRender.js HTTP/1.1" 200 367
186.103.159.44 - - [24/Mar/2016:10:40:19 -0300] "GET /cormun/static/PXToolsJavascripts/pexe_upload.js HTTP/1.1" 200 1423
186.103.159.44 - - [24/Mar/2016:10:40:19 -0300] "GET /cormun/static/RunJS/RunJS.js HTTP/1.1" 200 288
186.103.159.44 - - [24/Mar/2016:10:40:19 -0300] "GET /cormun/static/gxui/gxui-all.js HTTP/1.1" 200 107772
186.103.159.44 - - [24/Mar/2016:10:40:19 -0300] "GET /cormun/static/Shared/ext/locale/ext-lang-en.js HTTP/1.1" 200 10940
186.103.159.44 - - [24/Mar/2016:10:40:19 -0300] "GET /cormun/static/hhome.js?2015112210564255 HTTP/1.1" 200 777
186.103.159.44 - - [24/Mar/2016:10:40:19 -0300] "GET /cormun/static/hwchdr01.js?20162241650484 HTTP/1.1" 200 1183
186.103.159.44 - - [24/Mar/2016:10:40:19 -0300] "GET /cormun/static/hpexe_recentlink.js?2015111312121342 HTTP/1.1" 200 2144
186.103.159.44 - - [24/Mar/2016:10:40:19 -0300] "GET /cormun/static/hpexe_messagepopupcomponent.js?201632119295953 HTTP/1.1" 200 605
186.103.159.44 - - [24/Mar/2016:10:40:19 -0300] "GET /cormun/static/hpexe_messagecontroller.js?2015112210524422 HTTP/1.1" 200 870
186.103.159.44 - - [24/Mar/2016:10:40:19 -0300] "GET /cormun/static/hpexe_messagegenexuscomponent.js?20151120014314 HTTP/1.1" 200 587
186.103.159.44 - - [24/Mar/2016:10:40:19 -0300] "GET /cormun/static/cmcontrolpreferences.js?20151120014525 HTTP/1.1" 200 1375
186.103.159.44 - - [24/Mar/2016:10:40:19 -0300] "GET /cormun/static/Shared/jquery/jquery-1.4.2.min.js HTTP/1.1" 200 72174
186.103.159.44 - - [24/Mar/2016:10:40:19 -0300] "GET /cormun/static/Shared/jquery/jquery-1.10.2.min.js HTTP/1.1" 200 273199
186.103.159.44 - - [24/Mar/2016:10:40:19 -0300] "GET /cormun/static/SmoothNavMenu/resources/ddsmoothmenu.js HTTP/1.1" 200 12712
186.103.159.44 - - [24/Mar/2016:10:40:19 -0300] "GET /cormun/static/SmoothNavMenu/resources/SmoothNavMenuRender.js HTTP/1.1" 200 5951
186.103.159.44 - - [24/Mar/2016:10:40:19 -0300] "GET /cormun/static/scaMessage/js/jquery.pnotify.min.js HTTP/1.1" 200 13038
186.103.159.44 - - [24/Mar/2016:10:40:19 -0300] "GET /cormun/static/hpexe_scripts.js?20151120014546 HTTP/1.1" 200 1544
