186.103.159.46 - - [24/Mar/2016:15:44:09 -0300] "GET /cormun/servlet/hhome HTTP/1.1" 200 3525
186.103.159.46 - - [24/Mar/2016:15:44:10 -0300] "GET /cormun/servlet/hhome HTTP/1.1" 200 3521
191.112.20.177 - - [24/Mar/2016:15:44:11 -0300] "POST /cormun/servlet/trautorizarsolicitud?a553e2141393aab83df3ec3ef380684f,gx-no-cache=1458845076197 HTTP/1.1" 200 5145
191.112.20.177 - - [24/Mar/2016:15:44:11 -0300] "GET /cormun/static/Shared/jqueryui/images/ui-bg_highlight-soft_100_c6c2c8_1x100.png HTTP/1.1" 404 1117
191.112.20.177 - - [24/Mar/2016:15:44:11 -0300] "GET /cormun/static/Shared/jqueryui/images/ui-icons_82798d_256x240.png HTTP/1.1" 404 1089
191.112.20.177 - - [24/Mar/2016:15:44:11 -0300] "GET /cormun/static/Shared/jqueryui/images/ui-bg_flat_55_fafafa_40x100.png HTTP/1.1" 404 1097
191.112.20.177 - - [24/Mar/2016:15:44:11 -0300] "GET /cormun/static/Shared/jqueryui/images/ui-icons_8d78a5_256x240.png HTTP/1.1" 404 1089
191.112.20.177 - - [24/Mar/2016:15:44:11 -0300] "POST /cormun/servlet/trautorizarsolicitud?a553e2141393aab83df3ec3ef380684f,gx-no-cache=1458845076949 HTTP/1.1" 200 5090
191.112.20.177 - - [24/Mar/2016:15:44:15 -0300] "POST /cormun/servlet/trautorizarsolicitud?a553e2141393aab83df3ec3ef380684f,gx-no-cache=1458845080709 HTTP/1.1" 200 3791
191.112.20.177 - - [24/Mar/2016:15:44:16 -0300] "POST /cormun/servlet/trautorizarsolicitud?a553e2141393aab83df3ec3ef380684f,gx-no-cache=1458845081280 HTTP/1.1" 200 3645
186.103.159.46 - - [24/Mar/2016:15:44:16 -0300] "GET /cormun/servlet/trautorizarsolicitud? HTTP/1.1" 200 6375
186.103.159.46 - - [24/Mar/2016:15:44:16 -0300] "GET /cormun/static/gxcfg.js?201632119361219 HTTP/1.1" 200 953
186.103.159.46 - - [24/Mar/2016:15:44:17 -0300] "GET /cormun/static/Resources/PXTools/calendar.png HTTP/1.1" 200 1306
186.103.159.46 - - [24/Mar/2016:15:44:17 -0300] "GET /cormun/static/trautorizarsolicitud.js?20163211936186 HTTP/1.1" 200 44547
186.103.159.46 - - [24/Mar/2016:15:44:18 -0300] "GET /cormun/servlet/trautorizarsolicitud? HTTP/1.1" 200 6374
186.103.159.46 - - [24/Mar/2016:15:44:23 -0300] "POST /cormun/servlet/trsolicitudot?6ef90b9e93b0b4dcdb5ee31dcd1e03ee,gx-no-cache=1458848682042 HTTP/1.1" 200 3765
186.103.159.46 - - [24/Mar/2016:15:44:23 -0300] "GET /cormun/static/Shared/jqueryui/images/ui-bg_flat_55_fafafa_40x100.png HTTP/1.1" 404 1097
186.103.159.46 - - [24/Mar/2016:15:44:23 -0300] "GET /cormun/static/Shared/jqueryui/images/ui-icons_8d78a5_256x240.png HTTP/1.1" 404 1089
186.103.159.46 - - [24/Mar/2016:15:44:24 -0300] "POST /cormun/servlet/trsolicitudot?6ef90b9e93b0b4dcdb5ee31dcd1e03ee,gx-no-cache=1458848682934 HTTP/1.1" 200 3642
186.103.159.46 - - [24/Mar/2016:15:44:51 -0300] "GET /cormun/servlet/trautorizarsolicitud? HTTP/1.1" 200 7635
186.103.159.46 - - [24/Mar/2016:15:44:52 -0300] "GET /cormun//static/Resources/PXToolsRemoveAllAction.png HTTP/1.1" 200 3558
186.103.159.46 - - [24/Mar/2016:15:44:52 -0300] "GET /cormun//static/Resources/PXTools/ActionInsert.png HTTP/1.1" 200 1482
186.103.159.46 - - [24/Mar/2016:15:44:52 -0300] "GET /cormun//static/Resources/PXToolsActionView.png HTTP/1.1" 200 2995
186.103.159.46 - - [24/Mar/2016:15:44:52 -0300] "GET /cormun/servlet/trautorizarsolicitud? HTTP/1.1" 200 7635
186.103.159.46 - - [24/Mar/2016:15:44:58 -0300] "POST /cormun/servlet/trautorizarsolicitud?3521b1d2660af7f79cdd47b7d20fd893,,gx-no-cache=1458845115340 HTTP/1.1" 200 3775
186.103.159.46 - - [24/Mar/2016:15:44:58 -0300] "GET /cormun/static/Shared/jqueryui/images/ui-bg_highlight-soft_100_c6c2c8_1x100.png HTTP/1.1" 404 1117
186.103.159.46 - - [24/Mar/2016:15:44:58 -0300] "GET /cormun/static/Shared/jqueryui/images/ui-icons_82798d_256x240.png HTTP/1.1" 404 1089
186.103.159.46 - - [24/Mar/2016:15:44:58 -0300] "GET /cormun/static/Shared/jqueryui/images/ui-bg_flat_55_fafafa_40x100.png HTTP/1.1" 404 1097
186.103.159.46 - - [24/Mar/2016:15:44:58 -0300] "GET /cormun/static/Shared/jqueryui/images/ui-icons_8d78a5_256x240.png HTTP/1.1" 404 1089
186.103.159.46 - - [24/Mar/2016:15:44:58 -0300] "POST /cormun/servlet/trautorizarsolicitud?3521b1d2660af7f79cdd47b7d20fd893,,gx-no-cache=1458845115672 HTTP/1.1" 200 3653
186.103.159.46 - - [24/Mar/2016:15:45:57 -0300] "GET /cormun/servlet/hlogin HTTP/1.1" 200 1713
200.111.191.210 - - [24/Mar/2016:15:45:59 -0300] "GET /cormun/servlet/trsolicitudot? HTTP/1.1" 200 5974
200.111.191.210 - - [24/Mar/2016:15:45:59 -0300] "GET /cormun/static/gxcfg.js?201631022392470 HTTP/1.1" 304 -
200.111.191.210 - - [24/Mar/2016:15:45:59 -0300] "GET /cormun/static/messages.spa.js?85251 HTTP/1.1" 304 -
200.111.191.210 - - [24/Mar/2016:15:46:00 -0300] "GET /cormun/servlet/hlogin HTTP/1.1" 200 1737
200.111.191.210 - - [24/Mar/2016:15:46:00 -0300] "GET /cormun/servlet/trsolicitudot? HTTP/1.1" 200 5984
200.111.191.210 - - [24/Mar/2016:15:46:00 -0300] "GET /cormun/static/gxcfg.js?20151120045111 HTTP/1.1" 304 -
200.111.191.210 - - [24/Mar/2016:15:46:09 -0300] "POST /cormun/servlet/hlogin?4c788185aea49a31d04683da884a0c97,gx-no-cache=1458845192549 HTTP/1.1" 200 90
200.111.191.210 - - [24/Mar/2016:15:46:09 -0300] "GET /cormun/servlet/hpexe_link HTTP/1.1" 200 952
200.111.191.210 - - [24/Mar/2016:15:46:09 -0300] "GET /cormun/static/gxcfg.js?20151120044395 HTTP/1.1" 304 -
200.111.191.210 - - [24/Mar/2016:15:46:09 -0300] "GET /cormun/servlet/hhome HTTP/1.1" 200 3447
200.111.191.210 - - [24/Mar/2016:15:46:09 -0300] "GET /cormun/static/gxcfg.js?2015112210564248 HTTP/1.1" 200 953
200.111.191.210 - - [24/Mar/2016:15:46:09 -0300] "GET /cormun/static/hhome.js?2015112210564255 HTTP/1.1" 200 777
200.111.191.210 - - [24/Mar/2016:15:46:09 -0300] "GET /cormun/static/Resources/Spanish/PXTools.css?10515224 HTTP/1.1" 200 89042
200.111.191.210 - - [24/Mar/2016:15:46:10 -0300] "GET /cormun/servlet/hhome HTTP/1.1" 200 3445
200.111.191.210 - - [24/Mar/2016:15:46:26 -0300] "GET /cormun/servlet/trsolicitudot? HTTP/1.1" 200 6361
200.111.191.210 - - [24/Mar/2016:15:46:27 -0300] "GET /cormun/servlet/trsolicitudot? HTTP/1.1" 200 6360
200.111.191.210 - - [24/Mar/2016:15:46:31 -0300] "GET /cormun/servlet/solicitudot?INS,0,0, HTTP/1.1" 200 11564
200.111.191.210 - - [24/Mar/2016:15:46:31 -0300] "GET /cormun/static/gxcfg.js?201631710541238 HTTP/1.1" 200 953
200.111.191.210 - - [24/Mar/2016:15:46:31 -0300] "GET /cormun/static/Resources/prompt.gif HTTP/1.1" 200 902
200.111.191.210 - - [24/Mar/2016:15:46:31 -0300] "GET /cormun/static/solicitudot.js?201631710541292 HTTP/1.1" 200 45515
200.111.191.210 - - [24/Mar/2016:15:46:31 -0300] "GET /cormun/static/Resources/Spanish/PXTools.css?22445990 HTTP/1.1" 200 89042
200.111.191.210 - - [24/Mar/2016:15:46:32 -0300] "GET /cormun/servlet/solicitudot?INS,0,0, HTTP/1.1" 200 11569
200.111.191.210 - - [24/Mar/2016:15:46:42 -0300] "POST /cormun/servlet/solicitudot?gx-no-cache=1458845225382 HTTP/1.1" 200 2668
200.111.191.210 - - [24/Mar/2016:15:46:43 -0300] "POST /cormun/servlet/solicitudot?4c788185aea49a31d04683da884a0c97,INS,0,0,,gx-no-cache=1458845225531 HTTP/1.1" 200 8320
200.111.191.210 - - [24/Mar/2016:15:46:45 -0300] "GET /cormun/servlet/solicitudot?1dc80dfc5fb66aa67c919264cd67ca31c94b9bbbac0e511257d5b3b2b9872410960b2ca07554f1bd8e393df677745bec,gx-no-cache=1458845228817 HTTP/1.1" 200 30
186.78.36.52 - - [24/Mar/2016:15:46:49 -0300] "GET /cormun/servlet/hlogin HTTP/1.1" 200 1711
186.78.36.52 - - [24/Mar/2016:15:46:49 -0300] "GET /cormun/static/gxcfg.js?20151120045111 HTTP/1.1" 304 -
186.78.36.52 - - [24/Mar/2016:15:46:49 -0300] "GET /cormun/static/messages.spa.js?85251 HTTP/1.1" 304 -
186.78.36.52 - - [24/Mar/2016:15:47:01 -0300] "POST /cormun/servlet/hlogin?400c110775e67478835c8d9bf5cbfd8e,gx-no-cache=1458848917646 HTTP/1.1" 200 90
186.78.36.52 - - [24/Mar/2016:15:47:01 -0300] "GET /cormun/servlet/hpexe_link HTTP/1.1" 200 946
186.78.36.52 - - [24/Mar/2016:15:47:01 -0300] "GET /cormun/static/gxcfg.js?20151120044395 HTTP/1.1" 304 -
186.78.36.52 - - [24/Mar/2016:15:47:01 -0300] "GET /cormun/servlet/hhome HTTP/1.1" 200 3497
186.78.36.52 - - [24/Mar/2016:15:47:01 -0300] "GET /cormun/static/gxcfg.js?2015112210564248 HTTP/1.1" 304 -
186.78.36.52 - - [24/Mar/2016:15:47:02 -0300] "GET /cormun/servlet/hhome HTTP/1.1" 200 3495
186.103.159.46 - - [24/Mar/2016:15:47:13 -0300] "POST /cormun/servlet/hlogin?cd840cb4ec7abb61604109a86ac004fe,gx-no-cache=1458845250224 HTTP/1.1" 200 90
186.103.159.46 - - [24/Mar/2016:15:47:13 -0300] "GET /cormun/servlet/hpexe_link HTTP/1.1" 200 947
186.103.159.46 - - [24/Mar/2016:15:47:13 -0300] "GET /cormun/static/hpexe_link.js?20151120044398 HTTP/1.1" 200 625
186.103.159.46 - - [24/Mar/2016:15:47:13 -0300] "GET /cormun/servlet/hhome HTTP/1.1" 200 3517
186.103.159.46 - - [24/Mar/2016:15:47:14 -0300] "GET /cormun/servlet/hhome HTTP/1.1" 200 3517
186.103.159.44 - - [24/Mar/2016:15:47:18 -0300] "POST /cormun/servlet/trcontratouno?a876655186a1f2b792dd7e4e5909ef33,,gx-no-cache=1458845243935 HTTP/1.1" 200 6470
186.103.159.46 - - [24/Mar/2016:15:47:23 -0300] "GET /cormun/servlet/trcontratouno? HTTP/1.1" 200 13009
186.103.159.46 - - [24/Mar/2016:15:47:25 -0300] "GET /cormun/servlet/trcontratouno? HTTP/1.1" 200 13009
186.103.159.46 - - [24/Mar/2016:15:47:51 -0300] "POST /cormun/servlet/trcontratouno?cd840cb4ec7abb61604109a86ac004fe,,gx-no-cache=1458845287944 HTTP/1.1" 200 103
186.103.159.46 - - [24/Mar/2016:15:47:51 -0300] "GET /cormun/ContratoUno-2433.xls HTTP/1.1" 200 23552
186.78.36.52 - - [24/Mar/2016:15:47:55 -0300] "GET /cormun/servlet/trsolicitudot? HTTP/1.1" 200 7707
186.78.36.52 - - [24/Mar/2016:15:47:55 -0300] "GET /cormun/static/gxcfg.js?201631022392470 HTTP/1.1" 304 -
186.78.36.52 - - [24/Mar/2016:15:47:56 -0300] "GET /cormun/servlet/trsolicitudot? HTTP/1.1" 200 7705
186.78.36.52 - - [24/Mar/2016:15:48:00 -0300] "GET /cormun/static/menuarrow.gif HTTP/1.1" 404 1015
186.103.159.46 - - [24/Mar/2016:15:48:08 -0300] "POST /cormun/servlet/trcontratouno?cd840cb4ec7abb61604109a86ac004fe,,gx-no-cache=1458845304882 HTTP/1.1" 200 12148
186.78.36.52 - - [24/Mar/2016:15:48:08 -0300] "POST /cormun/servlet/trsolicitudot?400c110775e67478835c8d9bf5cbfd8e,,gx-no-cache=1458848984764 HTTP/1.1" 200 5787
186.103.159.46 - - [24/Mar/2016:15:48:14 -0300] "POST /cormun/servlet/trcontratouno?cd840cb4ec7abb61604109a86ac004fe,,gx-no-cache=1458845311537 HTTP/1.1" 200 12146
200.111.191.210 - - [24/Mar/2016:15:48:21 -0300] "POST /cormun/servlet/solicitudot?gx-no-cache=1458845324758 HTTP/1.1" 200 30
186.103.159.46 - - [24/Mar/2016:15:48:27 -0300] "POST /cormun/servlet/trcontratouno?cd840cb4ec7abb61604109a86ac004fe,,gx-no-cache=1458845324059 HTTP/1.1" 200 11152
200.111.191.210 - - [24/Mar/2016:15:48:38 -0300] "POST /cormun/servlet/solicitudot?gx-no-cache=1458845341297 HTTP/1.1" 200 122
200.111.191.210 - - [24/Mar/2016:15:48:38 -0300] "GET /cormun/static/Shared/jqueryui/images/ui-bg_highlight-soft_100_c6c2c8_1x100.png HTTP/1.1" 404 1117
200.111.191.210 - - [24/Mar/2016:15:48:38 -0300] "GET /cormun/static/Shared/jqueryui/images/ui-icons_82798d_256x240.png HTTP/1.1" 404 1089
200.111.191.210 - - [24/Mar/2016:15:48:38 -0300] "GET /cormun/static/Shared/jqueryui/images/ui-bg_flat_55_fafafa_40x100.png HTTP/1.1" 404 1097
200.111.191.210 - - [24/Mar/2016:15:48:38 -0300] "GET /cormun/static/Shared/jqueryui/images/ui-icons_8d78a5_256x240.png HTTP/1.1" 404 1089
200.111.191.210 - - [24/Mar/2016:15:50:20 -0300] "GET /cormun/servlet/prfichaempleado?,MD,,gxPopupLevel%3D0%3B HTTP/1.1" 200 7882
200.111.191.210 - - [24/Mar/2016:15:50:20 -0300] "GET /cormun/static/Resources/resize.gif HTTP/1.1" 200 77
200.111.191.210 - - [24/Mar/2016:15:50:20 -0300] "GET /cormun/static/gxui/gxui-all.css?1917420 HTTP/1.1" 200 2179
200.111.191.210 - - [24/Mar/2016:15:50:20 -0300] "GET /cormun/static/scaMessage/css/jquery-ui.css?104140 HTTP/1.1" 404 1045
200.111.191.210 - - [24/Mar/2016:15:50:20 -0300] "GET /cormun/static/scaMessage/css/jquery.pnotify.default.css?1816380 HTTP/1.1" 200 1707
200.111.191.210 - - [24/Mar/2016:15:50:20 -0300] "GET /cormun/static/gxcfg.js?201511151625694 HTTP/1.1" 200 953
200.111.191.210 - - [24/Mar/2016:15:50:20 -0300] "GET /cormun/static/prfichaempleado.js?201511151625857 HTTP/1.1" 200 15035
200.111.191.210 - - [24/Mar/2016:15:50:20 -0300] "GET /cormun/static/menusearch.js?20163211930269 HTTP/1.1" 200 1424
200.111.191.210 - - [24/Mar/2016:15:50:20 -0300] "GET /cormun/static/hmpwkw01.js?201511211495945 HTTP/1.1" 200 2037
200.111.191.210 - - [24/Mar/2016:15:50:20 -0300] "GET /cormun/static/Resources/PXToolsMenuSearch.png HTTP/1.1" 200 2914
200.111.191.210 - - [24/Mar/2016:15:50:20 -0300] "GET /cormun/static/Resources/PXToolsMenuSearchCancel.png HTTP/1.1" 200 2972
200.111.191.210 - - [24/Mar/2016:15:50:20 -0300] "GET /cormun/static/Resources/PXToolsGridFirst.gif HTTP/1.1" 200 379
200.111.191.210 - - [24/Mar/2016:15:50:20 -0300] "GET /cormun/static/Resources/Spanish/PXTools.css?16184758 HTTP/1.1" 200 89042
200.111.191.210 - - [24/Mar/2016:15:50:20 -0300] "GET /cormun/static/Resources/PXToolsGridPrevious.gif HTTP/1.1" 200 369
200.111.191.210 - - [24/Mar/2016:15:50:20 -0300] "GET /cormun/static/Resources/PXToolsGridNext.gif HTTP/1.1" 200 369
200.111.191.210 - - [24/Mar/2016:15:50:20 -0300] "GET /cormun/static/Resources/PXToolsGridLast.gif HTTP/1.1" 200 370
200.111.191.210 - - [24/Mar/2016:15:50:21 -0300] "GET /cormun/static/Shared/jqueryui/jquery-ui.min-1.8.js HTTP/1.1" 200 213511
200.111.191.210 - - [24/Mar/2016:15:50:26 -0300] "POST /cormun/servlet/prfichaempleado?4c788185aea49a31d04683da884a0c97,,MD,,gxPopupLevel%3D0%3B,gx-no-cache=1458845449624 HTTP/1.1" 200 3616
200.111.191.210 - - [24/Mar/2016:15:50:32 -0300] "POST /cormun/servlet/solicitudot?gx-no-cache=1458845455014 HTTP/1.1" 200 1169
186.103.159.46 - - [24/Mar/2016:15:50:39 -0300] "GET /cormun/servlet/hlogin HTTP/1.1" 200 1730
192.168.10.89 - - [24/Mar/2016:15:51:09 -0300] "GET /cormun/servlet/hlogin HTTP/1.1" 200 1739
200.111.191.210 - - [24/Mar/2016:15:51:10 -0300] "GET /cormun/static/menuarrow.gif HTTP/1.1" 404 1015
200.111.191.210 - - [24/Mar/2016:15:51:15 -0300] "GET /cormun/servlet/solicitudot?1dc80dfc5fb66aa67c919264cd67ca312742ed3b3f2ca70a5ea246ea98e49b2edfcd405441d8b1fcb01350b97926f5c126a0f5d4b9353f1a64a80416fd6b669697d687c7230247f4a5aaec219b54b20c3d11e3a4bdbda69a47c0accd819d31cad010537472e85e4989c66a4e876c10ffb9990bc3ccce96a50d3487689c8a5204c23f39a962f224004e0cf5822929af6dce8fe9efac430086f2bde5b7fc066a2a,gx-no-cache=1458845498679 HTTP/1.1" 200 38
200.111.191.210 - - [24/Mar/2016:15:51:43 -0300] "GET /cormun/servlet/solicitudot?1dc80dfc5fb66aa67c919264cd67ca31060b1d7bcab4ba3591458a3df3ce46651e00add9ccda7c56b160a6727eceecbb5e429d4256ede03b48b587c34038ffd261c70afdd6227549a461f60b618ea6a523120fb9ce78204bfab8e7b4d1df1b16463f439e2d5d7eea14fbc60500335068,gx-no-cache=1458845526615 HTTP/1.1" 200 29
200.111.191.210 - - [24/Mar/2016:15:51:43 -0300] "POST /cormun/servlet/solicitudot?gx-no-cache=1458845526679 HTTP/1.1" 200 1127
192.168.10.89 - - [24/Mar/2016:15:51:43 -0300] "POST /cormun/servlet/hlogin?51f229204a3a09e10c57fcc5c0b4a41e,gx-no-cache=1458845247995 HTTP/1.1" 200 90
192.168.10.89 - - [24/Mar/2016:15:51:43 -0300] "GET /cormun/servlet/hpexe_link HTTP/1.1" 200 950
192.168.10.89 - - [24/Mar/2016:15:51:43 -0300] "GET /cormun/servlet/hhome HTTP/1.1" 200 3516
192.168.10.89 - - [24/Mar/2016:15:51:48 -0300] "GET /cormun/servlet/trsolicitudot? HTTP/1.1" 200 7731
192.168.10.89 - - [24/Mar/2016:15:51:48 -0300] "GET /cormun/static/Resources/Spanish/PXTools.css?2139548 HTTP/1.1" 304 -
192.168.10.89 - - [24/Mar/2016:15:51:48 -0300] "GET /cormun/static/gxcfg.js?201631022392470 HTTP/1.1" 304 -
192.168.10.89 - - [24/Mar/2016:15:51:48 -0300] "GET /cormun/static/trsolicitudot.js?201631022393178 HTTP/1.1" 304 -
192.168.10.89 - - [24/Mar/2016:15:51:50 -0300] "GET /cormun/static/menuarrow.gif HTTP/1.1" 404 1015
192.168.10.89 - - [24/Mar/2016:15:51:55 -0300] "POST /cormun/servlet/trsolicitudot?51f229204a3a09e10c57fcc5c0b4a41e,,gx-no-cache=1458845259884 HTTP/1.1" 200 5826
192.168.10.89 - - [24/Mar/2016:15:52:05 -0300] "GET /cormun/servlet/trautorizarsolicitud? HTTP/1.1" 200 7656
192.168.10.89 - - [24/Mar/2016:15:52:05 -0300] "GET /cormun/static/gxcfg.js?201632119361219 HTTP/1.1" 304 -
192.168.10.89 - - [24/Mar/2016:15:52:05 -0300] "GET /cormun/static/trautorizarsolicitud.js?20163211936186 HTTP/1.1" 304 -
192.168.10.89 - - [24/Mar/2016:15:52:07 -0300] "GET /cormun/static/menuarrow.gif HTTP/1.1" 404 1015
200.111.191.210 - - [24/Mar/2016:15:52:12 -0300] "GET /cormun/servlet/solicitudot?1dc80dfc5fb66aa67c919264cd67ca3134684cc063e8b7329646f3de221018b75d5a2272b41cf6c7af4e2857b64e4eeb27976d77e454e711d33547e57c1ddcc4a2f44dabf6d47b2a24da7663c63e7d86d911b2645d5cf7654a0e5c2aca40708c15abd9687428aaf3ae7692e4401b075053692d30ee9b4a29a425b19464367e1a8d459f1fba8190c68ca5250177eb3e35de52ceb2181bf5c5a1720b0b72f9d123533f6a0003e259ed1cc61c78c7f2f5bf742778474c0950cbcbc705b3edd3e51b,gx-no-cache=1458845555748 HTTP/1.1" 200 30
192.168.10.89 - - [24/Mar/2016:15:52:13 -0300] "POST /cormun/servlet/trautorizarsolicitud?51f229204a3a09e10c57fcc5c0b4a41e,,gx-no-cache=1458845277792 HTTP/1.1" 200 5096
200.111.191.210 - - [24/Mar/2016:15:52:32 -0300] "POST /cormun/servlet/solicitudot?4c788185aea49a31d04683da884a0c97,INS,0,0,,gx-no-cache=1458845575242 HTTP/1.1" 200 93
200.111.191.210 - - [24/Mar/2016:15:52:32 -0300] "GET /cormun/servlet/hpexe_return? HTTP/1.1" 200 1009
200.111.191.210 - - [24/Mar/2016:15:52:32 -0300] "GET /cormun/static/gxcfg.js?2015111312145050 HTTP/1.1" 200 953
200.111.191.210 - - [24/Mar/2016:15:52:32 -0300] "GET /cormun/static/hpexe_return.js?2015111312145056 HTTP/1.1" 200 1633
200.111.191.210 - - [24/Mar/2016:15:52:32 -0300] "GET /cormun/static/Resources/Spanish/PXTools.css?12112540 HTTP/1.1" 200 89042
200.111.191.210 - - [24/Mar/2016:15:52:32 -0300] "GET /cormun/servlet/trsolicitudot HTTP/1.1" 200 7719
200.111.191.210 - - [24/Mar/2016:15:52:33 -0300] "GET /cormun//static/Resources/PXToolsActionView.png HTTP/1.1" 200 2995
200.111.191.210 - - [24/Mar/2016:15:52:33 -0300] "GET /cormun//static/Resources/PXToolsGridUpdate.png HTTP/1.1" 200 2984
200.111.191.210 - - [24/Mar/2016:15:52:33 -0300] "GET /cormun//static/Resources/PXToolsRemoveAllAction.png HTTP/1.1" 200 3558
200.111.191.210 - - [24/Mar/2016:15:52:33 -0300] "GET /cormun//static/Resources/PXTools/ActionInsert.png HTTP/1.1" 200 1482
200.111.191.210 - - [24/Mar/2016:15:52:33 -0300] "GET /cormun//static/Resources/PXToolsGridDelete.png HTTP/1.1" 200 357
200.111.191.210 - - [24/Mar/2016:15:52:33 -0300] "GET /cormun/servlet/trsolicitudot HTTP/1.1" 200 7715
200.111.191.210 - - [24/Mar/2016:15:52:35 -0300] "POST /cormun/servlet/trsolicitudot?4c788185aea49a31d04683da884a0c97,gx-no-cache=1458845578216 HTTP/1.1" 200 106
200.111.191.210 - - [24/Mar/2016:15:52:35 -0300] "GET /cormun/servlet/trsolicitudadjuntos?2016,1133, HTTP/1.1" 200 5388
200.111.191.210 - - [24/Mar/2016:15:52:35 -0300] "GET /cormun/static/gxcfg.js?2016311731090 HTTP/1.1" 200 953
200.111.191.210 - - [24/Mar/2016:15:52:35 -0300] "GET /cormun/static/trsolicitudadjuntos.js?2016311731342 HTTP/1.1" 200 17913
200.111.191.210 - - [24/Mar/2016:15:52:35 -0300] "GET /cormun/static/Resources/Spanish/PXTools.css?171692 HTTP/1.1" 200 89042
200.111.191.210 - - [24/Mar/2016:15:52:35 -0300] "GET /cormun/servlet/trsolicitudadjuntos?2016,1133, HTTP/1.1" 200 5388
200.111.191.210 - - [24/Mar/2016:15:52:38 -0300] "GET /cormun/servlet/solicitudotadjuntos?INS,2016,1133,,1, HTTP/1.1" 200 5475
200.111.191.210 - - [24/Mar/2016:15:52:38 -0300] "GET /cormun/static/gxcfg.js?201631622493247 HTTP/1.1" 200 953
200.111.191.210 - - [24/Mar/2016:15:52:38 -0300] "GET /cormun/static/solicitudotadjuntos.js?201631622493267 HTTP/1.1" 200 11762
200.111.191.210 - - [24/Mar/2016:15:52:38 -0300] "GET /cormun/static/about:blank HTTP/1.1" 404 1011
200.111.191.210 - - [24/Mar/2016:15:52:38 -0300] "GET /cormun/servlet/solicitudotadjuntos?INS,2016,1133,,1, HTTP/1.1" 200 5469
200.111.191.210 - - [24/Mar/2016:15:52:38 -0300] "GET /cormun/servlet/solicitudotadjuntos?1dc80dfc5fb66aa67c919264cd67ca31a64f65eed582bc49b5e3cc0055d9860f4bf22000805a8a0278e9d6ab48370049,gx-no-cache=1458845581965 HTTP/1.1" 200 30
200.111.191.210 - - [24/Mar/2016:15:52:39 -0300] "POST /cormun/servlet/solicitudotadjuntos?4c788185aea49a31d04683da884a0c97,INS,2016,1133,,1,,gx-no-cache=1458845582002 HTTP/1.1" 200 3394
200.111.191.210 - - [24/Mar/2016:15:52:40 -0300] "POST /cormun/servlet/solicitudotadjuntos?gx-no-cache=1458845583609 HTTP/1.1" 200 26
200.111.191.210 - - [24/Mar/2016:15:52:48 -0300] "GET /cormun/servlet/solicitudotadjuntos?1dc80dfc5fb66aa67c919264cd67ca31eab4cf13ca0f993dd76b178a29dccf02,gx-no-cache=1458845591983 HTTP/1.1" 200 30
200.111.191.210 - - [24/Mar/2016:15:52:48 -0300] "GET /cormun/servlet/solicitudotadjuntos?1dc80dfc5fb66aa67c919264cd67ca31eab4cf13ca0f993dd76b178a29dccf02,gx-no-cache=1458845591992 HTTP/1.1" 200 30
200.111.191.210 - - [24/Mar/2016:15:52:51 -0300] "POST /cormun/servlet/solicitudotadjuntos?4c788185aea49a31d04683da884a0c97,INS,2016,1133,,1, HTTP/1.1" 200 116
200.111.191.210 - - [24/Mar/2016:15:52:51 -0300] "GET /cormun/servlet/hpexe_return? HTTP/1.1" 200 1027
200.111.191.210 - - [24/Mar/2016:15:52:51 -0300] "GET /cormun/servlet/trsolicitudadjuntos?2016,1133, HTTP/1.1" 200 7274
200.111.191.210 - - [24/Mar/2016:15:52:51 -0300] "GET /cormun/servlet/trsolicitudadjuntos?2016,1133, HTTP/1.1" 200 7270
200.111.191.210 - - [24/Mar/2016:15:52:53 -0300] "GET /cormun/servlet/solicitudotadjuntos?INS,2016,1133,,1, HTTP/1.1" 200 5475
200.111.191.210 - - [24/Mar/2016:15:52:53 -0300] "GET /cormun/static/about:blank HTTP/1.1" 404 1011
200.111.191.210 - - [24/Mar/2016:15:52:53 -0300] "GET /cormun/servlet/solicitudotadjuntos?INS,2016,1133,,1, HTTP/1.1" 200 5469
200.111.191.210 - - [24/Mar/2016:15:52:54 -0300] "GET /cormun/servlet/solicitudotadjuntos?1dc80dfc5fb66aa67c919264cd67ca31a64f65eed582bc49b5e3cc0055d9860f4bf22000805a8a0278e9d6ab48370049,gx-no-cache=1458845597425 HTTP/1.1" 200 30
200.111.191.210 - - [24/Mar/2016:15:52:54 -0300] "POST /cormun/servlet/solicitudotadjuntos?4c788185aea49a31d04683da884a0c97,INS,2016,1133,,1,,gx-no-cache=1458845597460 HTTP/1.1" 200 3394
200.111.191.210 - - [24/Mar/2016:15:52:56 -0300] "POST /cormun/servlet/solicitudotadjuntos?gx-no-cache=1458845599176 HTTP/1.1" 200 26
200.111.191.210 - - [24/Mar/2016:15:53:01 -0300] "GET /cormun/servlet/solicitudotadjuntos?1dc80dfc5fb66aa67c919264cd67ca31eab4cf13ca0f993dd76b178a29dccf02,gx-no-cache=1458845604040 HTTP/1.1" 200 30
200.111.191.210 - - [24/Mar/2016:15:53:01 -0300] "GET /cormun/servlet/solicitudotadjuntos?1dc80dfc5fb66aa67c919264cd67ca31eab4cf13ca0f993dd76b178a29dccf02,gx-no-cache=1458845604072 HTTP/1.1" 200 30
192.168.10.89 - - [24/Mar/2016:15:53:01 -0300] "POST /cormun/servlet/trautorizarsolicitud?51f229204a3a09e10c57fcc5c0b4a41e,,gx-no-cache=1458845325389 HTTP/1.1" 200 115
192.168.10.89 - - [24/Mar/2016:15:53:01 -0300] "GET /cormun/servlet/solicitudotlog?INS,2016,1128,0,REC, HTTP/1.1" 200 5217
192.168.10.89 - - [24/Mar/2016:15:53:01 -0300] "GET /cormun/static/Resources/Spanish/PXTools.css?22445990 HTTP/1.1" 304 -
192.168.10.89 - - [24/Mar/2016:15:53:01 -0300] "GET /cormun/static/gxcfg.js?201631622494164 HTTP/1.1" 200 953
192.168.10.89 - - [24/Mar/2016:15:53:01 -0300] "GET /cormun/static/solicitudotlog.js?201631622494176 HTTP/1.1" 304 -
192.168.10.89 - - [24/Mar/2016:15:53:02 -0300] "GET /cormun/servlet/solicitudotlog?02047c342a79332aa7f0dfefeec11960eb1cb493946a87b5590ada726568edd5,gx-no-cache=1458845326564 HTTP/1.1" 200 26
200.111.191.210 - - [24/Mar/2016:15:53:03 -0300] "POST /cormun/servlet/solicitudotadjuntos?4c788185aea49a31d04683da884a0c97,INS,2016,1133,,1, HTTP/1.1" 200 116
200.111.191.210 - - [24/Mar/2016:15:53:03 -0300] "GET /cormun/servlet/hpexe_return? HTTP/1.1" 200 1027
200.111.191.210 - - [24/Mar/2016:15:53:04 -0300] "GET /cormun/servlet/trsolicitudadjuntos?2016,1133, HTTP/1.1" 200 7416
200.111.191.210 - - [24/Mar/2016:15:53:05 -0300] "GET /cormun/servlet/trsolicitudadjuntos?2016,1133, HTTP/1.1" 200 7411
200.111.191.210 - - [24/Mar/2016:15:53:06 -0300] "GET /cormun/servlet/solicitudotadjuntos?INS,2016,1133,,1, HTTP/1.1" 200 5475
200.111.191.210 - - [24/Mar/2016:15:53:06 -0300] "GET /cormun/static/about:blank HTTP/1.1" 404 1011
200.111.191.210 - - [24/Mar/2016:15:53:06 -0300] "GET /cormun/servlet/solicitudotadjuntos?INS,2016,1133,,1, HTTP/1.1" 200 5469
192.168.10.89 - - [24/Mar/2016:15:53:07 -0300] "POST /cormun/servlet/solicitudotlog?51f229204a3a09e10c57fcc5c0b4a41e,INS,2016,1128,0,REC,,gx-no-cache=1458845331406 HTTP/1.1" 200 93
192.168.10.89 - - [24/Mar/2016:15:53:07 -0300] "GET /cormun/servlet/hpexe_return? HTTP/1.1" 200 1029
192.168.10.89 - - [24/Mar/2016:15:53:07 -0300] "GET /cormun/static/Resources/Spanish/PXTools.css?12112540 HTTP/1.1" 304 -
192.168.10.89 - - [24/Mar/2016:15:53:07 -0300] "GET /cormun/static/gxcfg.js?2015111312145050 HTTP/1.1" 304 -
192.168.10.89 - - [24/Mar/2016:15:53:07 -0300] "GET /cormun/static/hpexe_return.js?2015111312145056 HTTP/1.1" 304 -
200.111.191.210 - - [24/Mar/2016:15:53:07 -0300] "GET /cormun/servlet/solicitudotadjuntos?1dc80dfc5fb66aa67c919264cd67ca31a64f65eed582bc49b5e3cc0055d9860f4bf22000805a8a0278e9d6ab48370049,gx-no-cache=1458845610350 HTTP/1.1" 200 30
200.111.191.210 - - [24/Mar/2016:15:53:07 -0300] "POST /cormun/servlet/solicitudotadjuntos?4c788185aea49a31d04683da884a0c97,INS,2016,1133,,1,,gx-no-cache=1458845610373 HTTP/1.1" 200 3394
192.168.10.89 - - [24/Mar/2016:15:53:07 -0300] "GET /cormun/servlet/trautorizarsolicitud? HTTP/1.1" 200 6382
200.111.191.210 - - [24/Mar/2016:15:53:09 -0300] "POST /cormun/servlet/solicitudotadjuntos?gx-no-cache=1458845612218 HTTP/1.1" 200 26
192.168.10.89 - - [24/Mar/2016:15:53:09 -0300] "GET /cormun/servlet/trsolicitudot? HTTP/1.1" 200 8706
200.111.191.210 - - [24/Mar/2016:15:53:14 -0300] "GET /cormun/servlet/solicitudotadjuntos?1dc80dfc5fb66aa67c919264cd67ca31eab4cf13ca0f993dd76b178a29dccf02,gx-no-cache=1458845617499 HTTP/1.1" 200 30
200.111.191.210 - - [24/Mar/2016:15:53:14 -0300] "GET /cormun/servlet/solicitudotadjuntos?1dc80dfc5fb66aa67c919264cd67ca31eab4cf13ca0f993dd76b178a29dccf02,gx-no-cache=1458845617556 HTTP/1.1" 200 30
200.111.191.210 - - [24/Mar/2016:15:53:17 -0300] "POST /cormun/servlet/solicitudotadjuntos?4c788185aea49a31d04683da884a0c97,INS,2016,1133,,1, HTTP/1.1" 200 116
200.111.191.210 - - [24/Mar/2016:15:53:17 -0300] "GET /cormun/servlet/hpexe_return? HTTP/1.1" 200 1027
200.111.191.210 - - [24/Mar/2016:15:53:18 -0300] "GET /cormun/servlet/trsolicitudadjuntos?2016,1133, HTTP/1.1" 200 7575
200.111.191.210 - - [24/Mar/2016:15:53:18 -0300] "GET /cormun/servlet/trsolicitudadjuntos?2016,1133, HTTP/1.1" 200 7571
192.168.10.89 - - [24/Mar/2016:15:53:20 -0300] "POST /cormun/servlet/trsolicitudot?51f229204a3a09e10c57fcc5c0b4a41e,,gx-no-cache=1458845344573 HTTP/1.1" 200 105
192.168.10.89 - - [24/Mar/2016:15:53:20 -0300] "GET /cormun/servlet/solicitudot?UPD,2016,1128, HTTP/1.1" 200 12872
192.168.10.89 - - [24/Mar/2016:15:53:20 -0300] "GET /cormun/static/gxcfg.js?201631710541238 HTTP/1.1" 304 -
200.111.191.210 - - [24/Mar/2016:15:53:20 -0300] "GET /cormun/servlet/solicitudotadjuntos?INS,2016,1133,,1, HTTP/1.1" 200 5474
192.168.10.89 - - [24/Mar/2016:15:53:20 -0300] "GET /cormun/static/solicitudot.js?201631710541292 HTTP/1.1" 304 -
200.111.191.210 - - [24/Mar/2016:15:53:20 -0300] "GET /cormun/static/about:blank HTTP/1.1" 404 1011
200.111.191.210 - - [24/Mar/2016:15:53:20 -0300] "GET /cormun/servlet/solicitudotadjuntos?INS,2016,1133,,1, HTTP/1.1" 200 5468
200.111.191.210 - - [24/Mar/2016:15:53:21 -0300] "GET /cormun/servlet/solicitudotadjuntos?1dc80dfc5fb66aa67c919264cd67ca31a64f65eed582bc49b5e3cc0055d9860f4bf22000805a8a0278e9d6ab48370049,gx-no-cache=1458845624323 HTTP/1.1" 200 30
200.111.191.210 - - [24/Mar/2016:15:53:21 -0300] "POST /cormun/servlet/solicitudotadjuntos?4c788185aea49a31d04683da884a0c97,INS,2016,1133,,1,,gx-no-cache=1458845624346 HTTP/1.1" 200 3394
192.168.10.89 - - [24/Mar/2016:15:53:21 -0300] "POST /cormun/servlet/solicitudot?gx-no-cache=1458845345976 HTTP/1.1" 200 2772
192.168.10.89 - - [24/Mar/2016:15:53:21 -0300] "POST /cormun/servlet/solicitudot?51f229204a3a09e10c57fcc5c0b4a41e,UPD,2016,1128,,gx-no-cache=1458845346152 HTTP/1.1" 200 9168
192.168.10.89 - - [24/Mar/2016:15:53:22 -0300] "GET /cormun/servlet/solicitudot?02047c342a79332aa7f0dfefeec1196000d1b27faa03457945b8fde8d6ba9613910ee5a411b29ea76ad4944b538d5a92,gx-no-cache=1458845346381 HTTP/1.1" 200 30
192.168.10.89 - - [24/Mar/2016:15:53:22 -0300] "POST /cormun/servlet/solicitudot?gx-no-cache=1458845346470 HTTP/1.1" 200 30
192.168.10.89 - - [24/Mar/2016:15:53:22 -0300] "POST /cormun/servlet/solicitudot?gx-no-cache=1458845346489 HTTP/1.1" 200 33
192.168.10.89 - - [24/Mar/2016:15:53:22 -0300] "POST /cormun/servlet/solicitudot?gx-no-cache=1458845346525 HTTP/1.1" 200 1170
192.168.10.89 - - [24/Mar/2016:15:53:22 -0300] "GET /cormun/servlet/solicitudot?02047c342a79332aa7f0dfefeec11960fa351b7c9b472406f0f9c6bf7fb314e8b49643a111a5df607ecac94a5639bfac4cb146c2fde671cc851052604cf19ef8791e744e6893701e01f48d127d57a292c25069392c61ade8cd2a078829162148e29b7190a8ad77962e4ab7b3cd013cf24014a8e2178714452be02df8cfe1062b15e12b6d3e06c3704aa7aaa68e55970a035352d98e86a5f375f00d609a20d739,gx-no-cache=1458845346558 HTTP/1.1" 200 41
200.111.191.210 - - [24/Mar/2016:15:53:23 -0300] "POST /cormun/servlet/solicitudotadjuntos?gx-no-cache=1458845626491 HTTP/1.1" 200 26
192.168.10.89 - - [24/Mar/2016:15:53:25 -0300] "POST /cormun/servlet/solicitudot?gx-no-cache=1458845349818 HTTP/1.1" 200 30
192.168.10.89 - - [24/Mar/2016:15:53:26 -0300] "GET /cormun/servlet/prcontratosol?13302901,,,,,MD,,gxPopupLevel%3D0%3B HTTP/1.1" 200 5698
192.168.10.89 - - [24/Mar/2016:15:53:26 -0300] "GET /cormun/static/Resources/Spanish/PXTools.css?1423257 HTTP/1.1" 304 -
192.168.10.89 - - [24/Mar/2016:15:53:26 -0300] "GET /cormun/static/gxcfg.js?2016141247819 HTTP/1.1" 304 -
192.168.10.89 - - [24/Mar/2016:15:53:26 -0300] "GET /cormun/static/prcontratosol.js?2016141247993 HTTP/1.1" 304 -
192.168.10.89 - - [24/Mar/2016:15:53:26 -0300] "GET /cormun/static/menusearch.js?20163211930269 HTTP/1.1" 304 -
192.168.10.89 - - [24/Mar/2016:15:53:26 -0300] "GET /cormun/static/hmpwkw011.js?201631021445036 HTTP/1.1" 304 -
200.111.191.210 - - [24/Mar/2016:15:53:28 -0300] "GET /cormun/servlet/solicitudotadjuntos?1dc80dfc5fb66aa67c919264cd67ca31eab4cf13ca0f993dd76b178a29dccf02,gx-no-cache=1458845631269 HTTP/1.1" 200 30
200.111.191.210 - - [24/Mar/2016:15:53:28 -0300] "GET /cormun/servlet/solicitudotadjuntos?1dc80dfc5fb66aa67c919264cd67ca31eab4cf13ca0f993dd76b178a29dccf02,gx-no-cache=1458845631286 HTTP/1.1" 200 30
200.111.191.210 - - [24/Mar/2016:15:53:29 -0300] "POST /cormun/servlet/solicitudotadjuntos?4c788185aea49a31d04683da884a0c97,INS,2016,1133,,1, HTTP/1.1" 200 116
200.111.191.210 - - [24/Mar/2016:15:53:29 -0300] "GET /cormun/servlet/hpexe_return? HTTP/1.1" 200 1027
200.111.191.210 - - [24/Mar/2016:15:53:29 -0300] "GET /cormun/servlet/trsolicitudadjuntos?2016,1133, HTTP/1.1" 200 7703
200.111.191.210 - - [24/Mar/2016:15:53:30 -0300] "GET /cormun/servlet/trsolicitudadjuntos?2016,1133, HTTP/1.1" 200 7701
192.168.10.89 - - [24/Mar/2016:15:53:30 -0300] "POST /cormun/servlet/solicitudot?gx-no-cache=1458845354876 HTTP/1.1" 200 1170
192.168.10.89 - - [24/Mar/2016:15:53:30 -0300] "GET /cormun/servlet/solicitudot?02047c342a79332aa7f0dfefeec11960fa351b7c9b472406f0f9c6bf7fb314e8b49643a111a5df607ecac94a5639bfac4cb146c2fde671cc851052604cf19ef8791e744e6893701e01f48d127d57a292c25069392c61ade8cd2a078829162148e29b7190a8ad77962e4ab7b3cd013cf24014a8e2178714452be02df8cfe1062b15e12b6d3e06c3704aa7aaa68e55970a035352d98e86a5f375f00d609a20d739,gx-no-cache=1458845354909 HTTP/1.1" 200 41
192.168.10.89 - - [24/Mar/2016:15:53:30 -0300] "GET /cormun/servlet/solicitudot?02047c342a79332aa7f0dfefeec11960783247eb28a9e72dd38987ea716fc92f6ddcd48b3e5721a2dcb492eb9ee668226c829d2813945723e7d355fc6f18c3f400d9b130cd192a415734fad41dbf4b8d3c32f05f8bee664de3254a29d16d38bf129fc792df9699eefefffbae1d4104d82c4ec08def5415ecc4d72d24ae58a500266b69f59a17119b14a449182c6869ea023d7df7c6850360d73cd82d218429a5,gx-no-cache=1458845354930 HTTP/1.1" 200 29
192.168.10.89 - - [24/Mar/2016:15:53:30 -0300] "POST /cormun/servlet/solicitudot?gx-no-cache=1458845354949 HTTP/1.1" 200 1127
200.111.191.210 - - [24/Mar/2016:15:53:32 -0300] "GET /cormun/servlet/solicitudotadjuntos?INS,2016,1133,,1, HTTP/1.1" 200 5474
200.111.191.210 - - [24/Mar/2016:15:53:33 -0300] "GET /cormun/static/about:blank HTTP/1.1" 404 1011
200.111.191.210 - - [24/Mar/2016:15:53:33 -0300] "GET /cormun/servlet/solicitudotadjuntos?INS,2016,1133,,1, HTTP/1.1" 200 5468
200.111.191.210 - - [24/Mar/2016:15:53:33 -0300] "GET /cormun/servlet/solicitudotadjuntos?1dc80dfc5fb66aa67c919264cd67ca31a64f65eed582bc49b5e3cc0055d9860f4bf22000805a8a0278e9d6ab48370049,gx-no-cache=1458845636812 HTTP/1.1" 200 30
200.111.191.210 - - [24/Mar/2016:15:53:33 -0300] "POST /cormun/servlet/solicitudotadjuntos?4c788185aea49a31d04683da884a0c97,INS,2016,1133,,1,,gx-no-cache=1458845636837 HTTP/1.1" 200 3394
200.111.191.210 - - [24/Mar/2016:15:53:35 -0300] "POST /cormun/servlet/solicitudotadjuntos?gx-no-cache=1458845638846 HTTP/1.1" 200 26
200.111.191.210 - - [24/Mar/2016:15:53:40 -0300] "GET /cormun/servlet/solicitudotadjuntos?1dc80dfc5fb66aa67c919264cd67ca31eab4cf13ca0f993dd76b178a29dccf02,gx-no-cache=1458845643302 HTTP/1.1" 200 30
200.111.191.210 - - [24/Mar/2016:15:53:40 -0300] "GET /cormun/servlet/solicitudotadjuntos?1dc80dfc5fb66aa67c919264cd67ca31eab4cf13ca0f993dd76b178a29dccf02,gx-no-cache=1458845643355 HTTP/1.1" 200 30
200.111.191.210 - - [24/Mar/2016:15:53:47 -0300] "POST /cormun/servlet/solicitudotadjuntos?4c788185aea49a31d04683da884a0c97,INS,2016,1133,,1, HTTP/1.1" 200 116
200.111.191.210 - - [24/Mar/2016:15:53:47 -0300] "GET /cormun/servlet/hpexe_return? HTTP/1.1" 200 1027
200.111.191.210 - - [24/Mar/2016:15:53:48 -0300] "GET /cormun/servlet/trsolicitudadjuntos?2016,1133, HTTP/1.1" 200 7831
200.111.191.210 - - [24/Mar/2016:15:53:49 -0300] "GET /cormun/servlet/trsolicitudadjuntos?2016,1133, HTTP/1.1" 200 7828
200.111.191.210 - - [24/Mar/2016:15:53:50 -0300] "GET /cormun/servlet/solicitudotadjuntos?INS,2016,1133,,1, HTTP/1.1" 200 5474
200.111.191.210 - - [24/Mar/2016:15:53:50 -0300] "GET /cormun/static/about:blank HTTP/1.1" 404 1011
200.111.191.210 - - [24/Mar/2016:15:53:51 -0300] "GET /cormun/servlet/solicitudotadjuntos?INS,2016,1133,,1, HTTP/1.1" 200 5468
200.111.191.210 - - [24/Mar/2016:15:53:51 -0300] "GET /cormun/servlet/solicitudotadjuntos?1dc80dfc5fb66aa67c919264cd67ca31a64f65eed582bc49b5e3cc0055d9860f4bf22000805a8a0278e9d6ab48370049,gx-no-cache=1458845654698 HTTP/1.1" 200 30
200.111.191.210 - - [24/Mar/2016:15:53:51 -0300] "POST /cormun/servlet/solicitudotadjuntos?4c788185aea49a31d04683da884a0c97,INS,2016,1133,,1,,gx-no-cache=1458845654730 HTTP/1.1" 200 3394
200.111.191.210 - - [24/Mar/2016:15:53:53 -0300] "POST /cormun/servlet/solicitudotadjuntos?gx-no-cache=1458845656872 HTTP/1.1" 200 26
192.168.10.89 - - [24/Mar/2016:15:53:54 -0300] "GET /cormun/servlet/solicitudot?02047c342a79332aa7f0dfefeec1196098affb6adfe5b115bb6810b383c1c189c65857784aa257b49b15cbec1ac78fd02459500db6a87f462dce148cd9707253c2e1f08d1f580995cd58df8ab8204a3ecec838d33d80a88937b7c9c036a7f9df7223788b0c76bcc69bf921b1bf26af32cf9096bd308bea501c2a47ede1a9a568d6cc28023d5d16f22be2031a6556d963d7450919249d315526e97338428ce64b9885fc43b59ab0d8d71fcb75f667ac64,gx-no-cache=1458845378887 HTTP/1.1" 200 30
192.168.10.89 - - [24/Mar/2016:15:53:54 -0300] "POST /cormun/servlet/solicitudot?51f229204a3a09e10c57fcc5c0b4a41e,UPD,2016,1128,,gx-no-cache=1458845378929 HTTP/1.1" 200 93
192.168.10.89 - - [24/Mar/2016:15:53:54 -0300] "GET /cormun/servlet/hpexe_return? HTTP/1.1" 200 1013
192.168.10.89 - - [24/Mar/2016:15:53:55 -0300] "GET /cormun/servlet/trsolicitudot HTTP/1.1" 200 8724
192.168.10.89 - - [24/Mar/2016:15:53:58 -0300] "POST /cormun/servlet/trsolicitudot?51f229204a3a09e10c57fcc5c0b4a41e,gx-no-cache=1458845383042 HTTP/1.1" 200 5867
200.111.191.210 - - [24/Mar/2016:15:53:58 -0300] "GET /cormun/servlet/solicitudotadjuntos?1dc80dfc5fb66aa67c919264cd67ca31eab4cf13ca0f993dd76b178a29dccf02,gx-no-cache=1458845661944 HTTP/1.1" 200 30
200.111.191.210 - - [24/Mar/2016:15:53:58 -0300] "GET /cormun/servlet/solicitudotadjuntos?1dc80dfc5fb66aa67c919264cd67ca31eab4cf13ca0f993dd76b178a29dccf02,gx-no-cache=1458845661979 HTTP/1.1" 200 30
192.168.10.89 - - [24/Mar/2016:15:53:59 -0300] "POST /cormun/servlet/trsolicitudot?51f229204a3a09e10c57fcc5c0b4a41e,gx-no-cache=1458845383406 HTTP/1.1" 200 5806
192.168.10.89 - - [24/Mar/2016:15:53:59 -0300] "GET /cormun/static/Shared/jqueryui/images/ui-bg_flat_55_fafafa_40x100.png HTTP/1.1" 404 1097
192.168.10.89 - - [24/Mar/2016:15:53:59 -0300] "GET /cormun/static/Shared/jqueryui/images/ui-icons_8d78a5_256x240.png HTTP/1.1" 404 1089
192.168.10.89 - - [24/Mar/2016:15:53:59 -0300] "GET /cormun/static/Shared/jqueryui/images/ui-icons_82798d_256x240.png HTTP/1.1" 404 1089
192.168.10.89 - - [24/Mar/2016:15:53:59 -0300] "GET /cormun/static/Shared/jqueryui/images/ui-bg_highlight-soft_100_c6c2c8_1x100.png HTTP/1.1" 404 1117
192.168.10.89 - - [24/Mar/2016:15:54:01 -0300] "GET /cormun/servlet/trautorizarsolicitud? HTTP/1.1" 200 7674
200.111.191.210 - - [24/Mar/2016:15:54:03 -0300] "POST /cormun/servlet/solicitudotadjuntos?4c788185aea49a31d04683da884a0c97,INS,2016,1133,,1, HTTP/1.1" 200 116
200.111.191.210 - - [24/Mar/2016:15:54:03 -0300] "GET /cormun/servlet/hpexe_return? HTTP/1.1" 200 1027
200.111.191.210 - - [24/Mar/2016:15:54:04 -0300] "GET /cormun/servlet/trsolicitudadjuntos?2016,1133, HTTP/1.1" 200 7928
200.111.191.210 - - [24/Mar/2016:15:54:05 -0300] "GET /cormun/servlet/trsolicitudadjuntos?2016,1133, HTTP/1.1" 200 7922
192.168.10.89 - - [24/Mar/2016:15:54:06 -0300] "POST /cormun/servlet/trautorizarsolicitud?51f229204a3a09e10c57fcc5c0b4a41e,,gx-no-cache=1458845390578 HTTP/1.1" 200 3804
192.168.10.89 - - [24/Mar/2016:15:54:06 -0300] "POST /cormun/servlet/trautorizarsolicitud?51f229204a3a09e10c57fcc5c0b4a41e,,gx-no-cache=1458845390882 HTTP/1.1" 200 3658
192.168.10.89 - - [24/Mar/2016:15:54:06 -0300] "GET /cormun/static/Shared/jqueryui/images/ui-icons_8d78a5_256x240.png HTTP/1.1" 404 1089
192.168.10.89 - - [24/Mar/2016:15:54:06 -0300] "GET /cormun/static/Shared/jqueryui/images/ui-bg_highlight-soft_100_c6c2c8_1x100.png HTTP/1.1" 404 1117
192.168.10.89 - - [24/Mar/2016:15:54:06 -0300] "GET /cormun/static/Shared/jqueryui/images/ui-icons_82798d_256x240.png HTTP/1.1" 404 1089
192.168.10.89 - - [24/Mar/2016:15:54:06 -0300] "GET /cormun/static/Shared/jqueryui/images/ui-bg_flat_55_fafafa_40x100.png HTTP/1.1" 404 1097
200.111.191.210 - - [24/Mar/2016:15:54:08 -0300] "GET /cormun/servlet/trsolicitudot? HTTP/1.1" 200 7720
200.111.191.210 - - [24/Mar/2016:15:54:08 -0300] "GET /cormun/servlet/trsolicitudot? HTTP/1.1" 200 7715
200.111.191.210 - - [24/Mar/2016:15:54:13 -0300] "POST /cormun/servlet/trsolicitudot?4c788185aea49a31d04683da884a0c97,,gx-no-cache=1458845676026 HTTP/1.1" 200 3830
200.111.191.210 - - [24/Mar/2016:15:54:13 -0300] "GET /cormun/static/Shared/jqueryui/images/ui-bg_highlight-soft_100_c6c2c8_1x100.png HTTP/1.1" 404 1117
200.111.191.210 - - [24/Mar/2016:15:54:13 -0300] "GET /cormun/static/Shared/jqueryui/images/ui-icons_82798d_256x240.png HTTP/1.1" 404 1089
200.111.191.210 - - [24/Mar/2016:15:54:13 -0300] "GET /cormun/static/Shared/jqueryui/images/ui-bg_flat_55_fafafa_40x100.png HTTP/1.1" 404 1097
200.111.191.210 - - [24/Mar/2016:15:54:13 -0300] "GET /cormun/static/Shared/jqueryui/images/ui-icons_8d78a5_256x240.png HTTP/1.1" 404 1089
200.111.191.210 - - [24/Mar/2016:15:54:13 -0300] "POST /cormun/servlet/trsolicitudot?4c788185aea49a31d04683da884a0c97,,gx-no-cache=1458845676275 HTTP/1.1" 200 3645
192.168.10.89 - - [24/Mar/2016:15:54:16 -0300] "GET /cormun/servlet/hlogin HTTP/1.1" 200 1716
200.111.191.210 - - [24/Mar/2016:15:54:16 -0300] "GET /cormun/servlet/trsolicitudot? HTTP/1.1" 200 6360
200.111.191.210 - - [24/Mar/2016:15:54:17 -0300] "GET /cormun/servlet/trsolicitudot? HTTP/1.1" 200 6360
200.111.191.210 - - [24/Mar/2016:15:54:17 -0300] "GET /cormun/servlet/hlogin HTTP/1.1" 200 1737
192.168.10.89 - - [24/Mar/2016:15:54:21 -0300] "POST /cormun/servlet/hlogin?51f229204a3a09e10c57fcc5c0b4a41e,gx-no-cache=1458845406122 HTTP/1.1" 200 90
192.168.10.89 - - [24/Mar/2016:15:54:21 -0300] "GET /cormun/servlet/hpexe_link HTTP/1.1" 200 950
192.168.10.89 - - [24/Mar/2016:15:54:22 -0300] "GET /cormun/servlet/hhome HTTP/1.1" 200 3990
200.111.191.210 - - [24/Mar/2016:15:54:23 -0300] "POST /cormun/servlet/hlogin?4c788185aea49a31d04683da884a0c97,gx-no-cache=1458845686928 HTTP/1.1" 200 90
200.111.191.210 - - [24/Mar/2016:15:54:23 -0300] "GET /cormun/servlet/hpexe_link HTTP/1.1" 200 952
200.111.191.210 - - [24/Mar/2016:15:54:24 -0300] "GET /cormun/servlet/hhome HTTP/1.1" 200 3488
200.111.191.210 - - [24/Mar/2016:15:54:24 -0300] "GET /cormun/servlet/hhome HTTP/1.1" 200 3484
200.111.191.210 - - [24/Mar/2016:15:54:26 -0300] "GET /cormun/servlet/trautorizarsolicitud? HTTP/1.1" 200 7686
200.111.191.210 - - [24/Mar/2016:15:54:26 -0300] "GET /cormun/static/gxcfg.js?201632119361219 HTTP/1.1" 200 953
200.111.191.210 - - [24/Mar/2016:15:54:26 -0300] "GET /cormun/static/trautorizarsolicitud.js?20163211936186 HTTP/1.1" 200 44547
200.111.191.210 - - [24/Mar/2016:15:54:27 -0300] "GET /cormun/servlet/trautorizarsolicitud? HTTP/1.1" 200 7685
192.168.10.89 - - [24/Mar/2016:15:54:28 -0300] "GET /cormun/servlet/trsolicitudgral? HTTP/1.1" 200 8784
192.168.10.89 - - [24/Mar/2016:15:54:28 -0300] "GET /cormun/static/gxcfg.js?201631022384633 HTTP/1.1" 304 -
192.168.10.89 - - [24/Mar/2016:15:54:28 -0300] "GET /cormun/static/trsolicitudgral.js?201631022385371 HTTP/1.1" 304 -
192.168.10.89 - - [24/Mar/2016:15:54:35 -0300] "POST /cormun/servlet/trsolicitudgral?51f229204a3a09e10c57fcc5c0b4a41e,,gx-no-cache=1458845419715 HTTP/1.1" 200 4719
200.111.191.210 - - [24/Mar/2016:15:54:36 -0300] "POST /cormun/servlet/trautorizarsolicitud?4c788185aea49a31d04683da884a0c97,,gx-no-cache=1458845699653 HTTP/1.1" 200 3831
200.111.191.210 - - [24/Mar/2016:15:54:36 -0300] "POST /cormun/servlet/trautorizarsolicitud?4c788185aea49a31d04683da884a0c97,,gx-no-cache=1458845699824 HTTP/1.1" 200 3646
192.168.10.89 - - [24/Mar/2016:15:54:37 -0300] "GET /cormun/static/menuarrow.gif HTTP/1.1" 404 1015
192.168.10.89 - - [24/Mar/2016:15:55:15 -0300] "POST /cormun/servlet/trsolicitudgral?51f229204a3a09e10c57fcc5c0b4a41e,,gx-no-cache=1458845459788 HTTP/1.1" 200 4725
192.168.10.89 - - [24/Mar/2016:15:55:18 -0300] "POST /cormun/servlet/trsolicitudgral?51f229204a3a09e10c57fcc5c0b4a41e,,gx-no-cache=1458845462843 HTTP/1.1" 200 6510
192.168.10.89 - - [24/Mar/2016:15:55:28 -0300] "POST /cormun/servlet/trsolicitudgral?51f229204a3a09e10c57fcc5c0b4a41e,,gx-no-cache=1458845472843 HTTP/1.1" 200 4725
192.168.10.89 - - [24/Mar/2016:15:55:30 -0300] "POST /cormun/servlet/trsolicitudgral?51f229204a3a09e10c57fcc5c0b4a41e,,gx-no-cache=1458845474951 HTTP/1.1" 200 7802
192.168.10.89 - - [24/Mar/2016:15:55:37 -0300] "POST /cormun/servlet/trsolicitudgral?51f229204a3a09e10c57fcc5c0b4a41e,,gx-no-cache=1458845481303 HTTP/1.1" 200 6200
192.168.10.89 - - [24/Mar/2016:15:55:40 -0300] "POST /cormun/servlet/trsolicitudgral?51f229204a3a09e10c57fcc5c0b4a41e,,gx-no-cache=1458845484718 HTTP/1.1" 200 6128
192.168.10.89 - - [24/Mar/2016:15:55:43 -0300] "POST /cormun/servlet/trsolicitudgral?51f229204a3a09e10c57fcc5c0b4a41e,,gx-no-cache=1458845488079 HTTP/1.1" 200 9505
186.103.159.44 - - [24/Mar/2016:15:55:53 -0300] "POST /cormun/servlet/trcontratouno?a876655186a1f2b792dd7e4e5909ef33,,gx-no-cache=1458845759205 HTTP/1.1" 200 6412
186.103.159.44 - - [24/Mar/2016:15:57:00 -0300] "POST /cormun/servlet/trcontratouno?a876655186a1f2b792dd7e4e5909ef33,,gx-no-cache=1458845826079 HTTP/1.1" 200 6509
192.168.10.89 - - [24/Mar/2016:15:58:42 -0300] "GET /cormun/servlet/hlogin HTTP/1.1" 200 1740
115.231.222.40 - - [24/Mar/2016:15:59:23 -0300] "GET /cgi-bin/common/attr?id=260714&r=0.9107362503785031 HTTP/1.1" 404 999
186.103.159.44 - - [24/Mar/2016:15:59:40 -0300] "POST /cormun/servlet/trcontratouno?a876655186a1f2b792dd7e4e5909ef33,,gx-no-cache=1458845985417 HTTP/1.1" 200 6292
186.103.159.44 - - [24/Mar/2016:16:00:53 -0300] "POST /cormun/servlet/trcontratouno?a876655186a1f2b792dd7e4e5909ef33,,gx-no-cache=1458846055205 HTTP/1.1" 200 6471
186.103.159.44 - - [24/Mar/2016:16:02:48 -0300] "POST /cormun/servlet/trcontratouno?a876655186a1f2b792dd7e4e5909ef33,,gx-no-cache=1458846170383 HTTP/1.1" 200 6543
186.103.159.44 - - [24/Mar/2016:16:03:22 -0300] "POST /cormun/servlet/trcontratouno?a876655186a1f2b792dd7e4e5909ef33,,gx-no-cache=1458846206811 HTTP/1.1" 200 6449
186.103.159.44 - - [24/Mar/2016:16:04:05 -0300] "POST /cormun/servlet/trcontratouno?a876655186a1f2b792dd7e4e5909ef33,,gx-no-cache=1458846251284 HTTP/1.1" 200 5663
186.103.159.44 - - [24/Mar/2016:16:04:19 -0300] "POST /cormun/servlet/trcontratouno?a876655186a1f2b792dd7e4e5909ef33,,gx-no-cache=1458846264027 HTTP/1.1" 200 6551
186.103.159.44 - - [24/Mar/2016:16:04:50 -0300] "POST /cormun/servlet/trcontratouno?a876655186a1f2b792dd7e4e5909ef33,,gx-no-cache=1458846296309 HTTP/1.1" 200 6459
186.103.159.44 - - [24/Mar/2016:16:05:24 -0300] "POST /cormun/servlet/trcontratouno?a876655186a1f2b792dd7e4e5909ef33,,gx-no-cache=1458846329545 HTTP/1.1" 200 6658
186.103.159.44 - - [24/Mar/2016:16:06:10 -0300] "POST /cormun/servlet/trcontratouno?a876655186a1f2b792dd7e4e5909ef33,,gx-no-cache=1458846375282 HTTP/1.1" 200 5672
186.103.159.44 - - [24/Mar/2016:16:06:24 -0300] "POST /cormun/servlet/trcontratouno?a876655186a1f2b792dd7e4e5909ef33,,gx-no-cache=1458846389459 HTTP/1.1" 200 5596
186.103.159.44 - - [24/Mar/2016:16:06:39 -0300] "POST /cormun/servlet/trcontratouno?a876655186a1f2b792dd7e4e5909ef33,,gx-no-cache=1458846405055 HTTP/1.1" 200 5596
115.239.228.8 - - [24/Mar/2016:16:06:47 -0300] "GET /cgi-bin/common/attr?id=260714&r=0.6147631660111155 HTTP/1.1" 404 999
186.103.159.44 - - [24/Mar/2016:16:08:10 -0300] "POST /cormun/servlet/trcontratouno?a876655186a1f2b792dd7e4e5909ef33,,gx-no-cache=1458846495380 HTTP/1.1" 200 6684
186.103.159.44 - - [24/Mar/2016:16:08:56 -0300] "POST /cormun/servlet/trcontratouno?a876655186a1f2b792dd7e4e5909ef33,,gx-no-cache=1458846542281 HTTP/1.1" 200 6640
186.103.157.98 - - [24/Mar/2016:16:09:00 -0300] "POST /cormun/servlet/trcontratouno?d7f225a90eabae1b658f3290bea85e63,,gx-no-cache=1458846567439 HTTP/1.1" 440 972
186.103.157.98 - - [24/Mar/2016:16:09:03 -0300] "GET /cormun/servlet/trcontratouno? HTTP/1.1" 200 12404
186.103.157.98 - - [24/Mar/2016:16:09:03 -0300] "GET /cormun/servlet/hlogin HTTP/1.1" 200 1724
186.103.157.98 - - [24/Mar/2016:16:09:03 -0300] "GET /cormun/servlet/trcontratouno? HTTP/1.1" 200 12394
186.103.157.98 - - [24/Mar/2016:16:09:05 -0300] "POST /cormun/servlet/hlogin?3b8fd4048c8748153a9adb53064359eb,gx-no-cache=1458846573049 HTTP/1.1" 200 90
186.103.157.98 - - [24/Mar/2016:16:09:05 -0300] "GET /cormun/servlet/hpexe_link HTTP/1.1" 200 945
186.103.157.98 - - [24/Mar/2016:16:09:06 -0300] "GET /cormun/servlet/trcontratouno HTTP/1.1" 200 12728
186.103.157.98 - - [24/Mar/2016:16:09:06 -0300] "GET /cormun/servlet/trcontratouno HTTP/1.1" 200 12698
186.103.159.44 - - [24/Mar/2016:16:09:56 -0300] "POST /cormun/servlet/trcontratouno?a876655186a1f2b792dd7e4e5909ef33,,gx-no-cache=1458846602245 HTTP/1.1" 200 5783
186.103.159.44 - - [24/Mar/2016:16:10:00 -0300] "POST /cormun/servlet/trcontratouno?a876655186a1f2b792dd7e4e5909ef33,,gx-no-cache=1458846606007 HTTP/1.1" 200 5723
186.103.159.44 - - [24/Mar/2016:16:10:11 -0300] "POST /cormun/servlet/trcontratouno?a876655186a1f2b792dd7e4e5909ef33,,gx-no-cache=1458846617073 HTTP/1.1" 200 7052
186.103.159.44 - - [24/Mar/2016:16:11:36 -0300] "POST /cormun/servlet/trcontratouno?a876655186a1f2b792dd7e4e5909ef33,,gx-no-cache=1458846701752 HTTP/1.1" 200 6698
200.111.191.210 - - [24/Mar/2016:16:11:47 -0300] "GET /cormun/servlet/hlogin HTTP/1.1" 200 1742
186.103.159.44 - - [24/Mar/2016:16:11:59 -0300] "POST /cormun/servlet/trcontratouno?a876655186a1f2b792dd7e4e5909ef33,,gx-no-cache=1458846724637 HTTP/1.1" 200 6988
186.103.159.44 - - [24/Mar/2016:16:12:35 -0300] "POST /cormun/servlet/trcontratouno?a876655186a1f2b792dd7e4e5909ef33,,gx-no-cache=1458846756527 HTTP/1.1" 200 6967
186.103.159.44 - - [24/Mar/2016:16:12:56 -0300] "POST /cormun/servlet/trcontratouno?a876655186a1f2b792dd7e4e5909ef33,,gx-no-cache=1458846781992 HTTP/1.1" 200 7246
186.103.157.98 - - [24/Mar/2016:16:12:57 -0300] "POST /cormun/servlet/trcontratouno?3b8fd4048c8748153a9adb53064359eb,gx-no-cache=1458846804689 HTTP/1.1" 200 11602
186.103.157.98 - - [24/Mar/2016:16:13:14 -0300] "POST /cormun/servlet/trcontratouno?3b8fd4048c8748153a9adb53064359eb,gx-no-cache=1458846821105 HTTP/1.1" 200 6107
186.103.159.44 - - [24/Mar/2016:16:13:44 -0300] "POST /cormun/servlet/trcontratouno?a876655186a1f2b792dd7e4e5909ef33,,gx-no-cache=1458846829766 HTTP/1.1" 200 7197
186.103.157.98 - - [24/Mar/2016:16:14:03 -0300] "POST /cormun/servlet/trcontratouno?3b8fd4048c8748153a9adb53064359eb,gx-no-cache=1458846870104 HTTP/1.1" 200 11665
186.103.159.44 - - [24/Mar/2016:16:14:29 -0300] "POST /cormun/servlet/trcontratouno?a876655186a1f2b792dd7e4e5909ef33,,gx-no-cache=1458846873988 HTTP/1.1" 200 6121
186.103.159.44 - - [24/Mar/2016:16:14:39 -0300] "POST /cormun/servlet/trcontratouno?a876655186a1f2b792dd7e4e5909ef33,,gx-no-cache=1458846885448 HTTP/1.1" 200 7056
186.78.50.141 - - [24/Mar/2016:16:14:44 -0300] "GET /cormun/servlet/trcontratouno? HTTP/1.1" 200 12423
186.78.50.141 - - [24/Mar/2016:16:14:45 -0300] "GET /cormun/static/Resources/Spanish/PXTools.css?19284387 HTTP/1.1" 304 -
186.78.50.141 - - [24/Mar/2016:16:14:45 -0300] "GET /cormun/static/gxcfg.js?20163221610935 HTTP/1.1" 304 -
186.78.50.141 - - [24/Mar/2016:16:14:45 -0300] "GET /cormun/static/messages.spa.js?85251 HTTP/1.1" 304 -
186.78.50.141 - - [24/Mar/2016:16:14:46 -0300] "GET /cormun/static/hwchdr01.js?20162241650484 HTTP/1.1" 304 -
186.78.50.141 - - [24/Mar/2016:16:14:46 -0300] "GET /cormun/static/hpexe_recentlink.js?2015111312121342 HTTP/1.1" 304 -
186.78.50.141 - - [24/Mar/2016:16:14:46 -0300] "GET /cormun/static/hpexe_scripts.js?20151120014546 HTTP/1.1" 304 -
