191.112.20.177 - - [24/Mar/2016:15:25:54 -0300] "GET /cormun/static/gxcfg.js?20151120054269 HTTP/1.1" 200 953
191.112.20.177 - - [24/Mar/2016:15:25:54 -0300] "GET /cormun/static/wbsecusr01.js?2015112005432 HTTP/1.1" 200 4681
191.112.20.177 - - [24/Mar/2016:15:25:54 -0300] "GET /cormun/static/menusearch.js?20163211930269 HTTP/1.1" 200 1424
191.112.20.177 - - [24/Mar/2016:15:25:54 -0300] "GET /cormun/static/hpexe_tabsmenus.js?2015112210524244 HTTP/1.1" 200 1952
191.112.20.177 - - [24/Mar/2016:15:25:54 -0300] "GET /cormun/static/hpexe_topmenus.js?2015111923314393 HTTP/1.1" 200 743
191.112.20.177 - - [24/Mar/2016:15:25:54 -0300] "GET /cormun/static/hmpwkw01.js?201511211495945 HTTP/1.1" 200 2037
191.112.20.177 - - [24/Mar/2016:15:25:54 -0300] "GET /cormun/static/Resources/PXToolsMenuTopLastUnselected.gif HTTP/1.1" 200 580
191.112.20.177 - - [24/Mar/2016:15:25:54 -0300] "GET /cormun/static/Resources/PXToolsTabPrevious.gif HTTP/1.1" 200 172
191.112.20.177 - - [24/Mar/2016:15:25:54 -0300] "GET /cormun/static/Resources/PXToolsTabNext.gif HTTP/1.1" 200 168
191.112.20.177 - - [24/Mar/2016:15:25:54 -0300] "GET /cormun/static/Resources/PXToolsMenuSearch.png HTTP/1.1" 200 2914
191.112.20.177 - - [24/Mar/2016:15:25:54 -0300] "GET /cormun/static/Resources/PXToolsMenuSearchCancel.png HTTP/1.1" 200 2972
191.112.20.177 - - [24/Mar/2016:15:25:54 -0300] "GET /cormun/static/Shared/jqueryui/jquery-ui.min-1.8.js HTTP/1.1" 200 213511
191.112.20.177 - - [24/Mar/2016:15:25:56 -0300] "GET /cormun/static/Resources/PXToolsMenuTopBackUnselected.gif HTTP/1.1" 200 368
191.112.20.177 - - [24/Mar/2016:15:25:56 -0300] "GET /cormun/static/Resources/PXToolsMenuTopFirstUnselected.gif HTTP/1.1" 200 580
191.112.20.177 - - [24/Mar/2016:15:25:56 -0300] "GET /cormun/static/Resources/PXToolsMenuTopUnselectedUnselected.gif HTTP/1.1" 200 580
191.112.20.177 - - [24/Mar/2016:15:26:11 -0300] "GET /cormun/servlet/hhome HTTP/1.1" 200 3557
191.112.20.177 - - [24/Mar/2016:15:26:12 -0300] "GET /cormun/servlet/hhome HTTP/1.1" 200 3554
191.112.20.177 - - [24/Mar/2016:15:26:18 -0300] "GET /cormun/servlet/hhome HTTP/1.1" 200 3554
191.112.20.177 - - [24/Mar/2016:15:26:19 -0300] "GET /cormun/servlet/hhome HTTP/1.1" 200 3554
186.103.159.44 - - [24/Mar/2016:15:26:29 -0300] "GET /cormun/servlet/hlogin HTTP/1.1" 200 1712
186.103.159.44 - - [24/Mar/2016:15:26:29 -0300] "GET /cormun/static/gxtimezone.js?85251 HTTP/1.1" 304 -
186.103.159.44 - - [24/Mar/2016:15:26:29 -0300] "GET /cormun/static/Resources/ComunLogin.png HTTP/1.1" 304 -
186.103.159.44 - - [24/Mar/2016:15:26:29 -0300] "GET /cormun/static/gxcfg.js?20151120045111 HTTP/1.1" 304 -
186.103.159.44 - - [24/Mar/2016:15:26:29 -0300] "GET /cormun/static/messages.spa.js?85251 HTTP/1.1" 304 -
186.103.159.44 - - [24/Mar/2016:15:26:29 -0300] "GET /cormun/static/gxgral.js?85251 HTTP/1.1" 304 -
186.103.159.44 - - [24/Mar/2016:15:26:29 -0300] "GET /cormun/static/hlogin.js?20151120045126 HTTP/1.1" 304 -
186.103.159.44 - - [24/Mar/2016:15:26:30 -0300] "GET /cormun/static/Resources/Spanish/PXTools.css?005343 HTTP/1.1" 304 -
186.103.159.44 - - [24/Mar/2016:15:26:30 -0300] "GET /cormun/static/Resources/indicator.gif HTTP/1.1" 304 -
191.112.20.177 - - [24/Mar/2016:15:26:30 -0300] "GET /cormun/servlet/hhome HTTP/1.1" 200 3554
191.112.20.177 - - [24/Mar/2016:15:26:31 -0300] "GET /cormun/servlet/hhome HTTP/1.1" 200 3554
192.168.10.89 - - [24/Mar/2016:15:26:36 -0300] "POST /cormun/servlet/trcontratoobservaciongral?51f229204a3a09e10c57fcc5c0b4a41e,,gx-no-cache=1458843740544 HTTP/1.1" 200 5192
191.112.20.177 - - [24/Mar/2016:15:26:49 -0300] "GET /cormun/servlet/hlogin HTTP/1.1" 200 1716
186.103.159.44 - - [24/Mar/2016:15:26:50 -0300] "POST /cormun/servlet/hlogin?a876655186a1f2b792dd7e4e5909ef33,gx-no-cache=1458844016424 HTTP/1.1" 200 90
186.103.159.44 - - [24/Mar/2016:15:26:50 -0300] "GET /cormun/servlet/hpexe_link HTTP/1.1" 200 946
186.103.159.44 - - [24/Mar/2016:15:26:50 -0300] "GET /cormun/static/gxcfg.js?20151120044395 HTTP/1.1" 304 -
186.103.159.44 - - [24/Mar/2016:15:26:51 -0300] "GET /cormun/servlet/hhome HTTP/1.1" 200 3516
186.103.159.44 - - [24/Mar/2016:15:26:51 -0300] "GET /cormun/static/gxcfg.js?2015112210564248 HTTP/1.1" 304 -
186.103.159.44 - - [24/Mar/2016:15:26:55 -0300] "GET /cormun/servlet/trcontratouno? HTTP/1.1" 200 12863
191.112.20.177 - - [24/Mar/2016:15:26:55 -0300] "GET /cormun/servlet/hlogin HTTP/1.1" 200 1716
186.103.157.98 - - [24/Mar/2016:15:27:05 -0300] "POST /cormun/servlet/trcontratouno?d7f225a90eabae1b658f3290bea85e63,,gx-no-cache=1458844051405 HTTP/1.1" 200 11912
186.103.157.98 - - [24/Mar/2016:15:27:05 -0300] "GET /cormun/static/Resources/PXToolsGridNext.gif HTTP/1.1" 200 369
186.103.157.98 - - [24/Mar/2016:15:27:05 -0300] "GET /cormun/static/Resources/PXToolsGridLast.gif HTTP/1.1" 200 370
186.103.157.98 - - [24/Mar/2016:15:27:10 -0300] "POST /cormun/servlet/trcontratouno?d7f225a90eabae1b658f3290bea85e63,,gx-no-cache=1458844057159 HTTP/1.1" 200 6351
186.103.157.98 - - [24/Mar/2016:15:27:10 -0300] "GET /cormun/static/Resources/PXToolsGridPrevious.gif HTTP/1.1" 200 369
186.103.157.98 - - [24/Mar/2016:15:27:10 -0300] "GET /cormun/static/Resources/PXToolsGridFirst.gif HTTP/1.1" 200 379
191.112.20.177 - - [24/Mar/2016:15:27:13 -0300] "POST /cormun/servlet/hlogin?919dccda4dcc92b756baeffbe79c682d,gx-no-cache=1458844058984 HTTP/1.1" 200 90
191.112.20.177 - - [24/Mar/2016:15:27:14 -0300] "GET /cormun/servlet/hpexe_link HTTP/1.1" 200 947
191.112.20.177 - - [24/Mar/2016:15:27:14 -0300] "GET /cormun/servlet/hhome HTTP/1.1" 200 3469
191.112.20.177 - - [24/Mar/2016:15:27:17 -0300] "GET /cormun/servlet/hhome HTTP/1.1" 200 3469
191.112.20.177 - - [24/Mar/2016:15:27:21 -0300] "GET /cormun/servlet/trsolicitudot? HTTP/1.1" 200 6386
191.112.20.177 - - [24/Mar/2016:15:27:22 -0300] "GET /cormun/static/gxui/gxui-all.css?120300 HTTP/1.1" 200 2179
191.112.20.177 - - [24/Mar/2016:15:27:22 -0300] "GET /cormun/static/calendar-system.css?85620 HTTP/1.1" 200 5572
191.112.20.177 - - [24/Mar/2016:15:27:22 -0300] "GET /cormun/static/gxcfg.js?201631022392470 HTTP/1.1" 200 953
191.112.20.177 - - [24/Mar/2016:15:27:22 -0300] "GET /cormun/static/Resources/PXToolsGridNew.png HTTP/1.1" 200 2949
191.112.20.177 - - [24/Mar/2016:15:27:22 -0300] "GET /cormun/static/trsolicitudot.js?201631022393178 HTTP/1.1" 200 44568
191.112.20.177 - - [24/Mar/2016:15:27:23 -0300] "GET /cormun/static/Resources/Spanish/PXTools.css?2139548 HTTP/1.1" 200 89042
191.112.20.177 - - [24/Mar/2016:15:27:24 -0300] "GET /cormun/static/Shared/ext/resources/css/ext-all.css?215870 HTTP/1.1" 200 416045
191.112.20.177 - - [24/Mar/2016:15:27:27 -0300] "GET /cormun/servlet/trsolicitudot? HTTP/1.1" 200 6386
191.112.20.177 - - [24/Mar/2016:15:27:33 -0300] "GET /cormun/servlet/solicitudot?INS,0,0, HTTP/1.1" 200 11580
191.112.20.177 - - [24/Mar/2016:15:27:33 -0300] "GET /cormun/static/Resources/Spanish/PXTools.css?22445990 HTTP/1.1" 200 89042
191.112.20.177 - - [24/Mar/2016:15:27:33 -0300] "GET /cormun/static/Resources/prompt.gif HTTP/1.1" 200 902
191.112.20.177 - - [24/Mar/2016:15:27:33 -0300] "GET /cormun/static/gxcfg.js?201631710541238 HTTP/1.1" 200 953
191.112.20.177 - - [24/Mar/2016:15:27:33 -0300] "GET /cormun/static/solicitudot.js?201631710541292 HTTP/1.1" 200 45515
191.112.20.177 - - [24/Mar/2016:15:27:35 -0300] "GET /cormun/servlet/solicitudot?INS,0,0, HTTP/1.1" 200 11585
191.112.20.177 - - [24/Mar/2016:15:28:29 -0300] "POST /cormun/servlet/solicitudot?gx-no-cache=1458844134866 HTTP/1.1" 200 2773
191.112.20.177 - - [24/Mar/2016:15:28:30 -0300] "POST /cormun/servlet/solicitudot?919dccda4dcc92b756baeffbe79c682d,INS,0,0,,gx-no-cache=1458844135513 HTTP/1.1" 200 8450
191.112.20.177 - - [24/Mar/2016:15:28:30 -0300] "GET /cormun/servlet/solicitudot?d544a28f21717bd30ef917cfcdaf47ed57d3e460814a985062eee7f52a301f77816f661db35bb07abc8fbbe35fdaac03,gx-no-cache=1458844136119 HTTP/1.1" 200 30
191.112.20.177 - - [24/Mar/2016:15:28:36 -0300] "POST /cormun/servlet/solicitudot?gx-no-cache=1458844141899 HTTP/1.1" 200 30
191.112.20.177 - - [24/Mar/2016:15:28:43 -0300] "POST /cormun/servlet/solicitudot?gx-no-cache=1458844148703 HTTP/1.1" 200 30
191.112.20.177 - - [24/Mar/2016:15:28:45 -0300] "POST /cormun/servlet/solicitudot?gx-no-cache=1458844151120 HTTP/1.1" 200 1171
191.112.20.177 - - [24/Mar/2016:15:28:46 -0300] "GET /cormun/servlet/solicitudot?d544a28f21717bd30ef917cfcdaf47ed03adcf4d0ed43fe738317f661c74b188700224a9e1b147a9555d49c690b8309e2eedef224c8dfd59951c6b6e8b459968c622d9274eb5cf43da9f9fc78dd670250524ef942f993c176b74751c4c06eb20d0d4b34105151770a0ccf4711a7052cb88bb1708b6908ab6ffc1dc5a878ec69604f6d7dbcf790b64864de0e770be61a0,gx-no-cache=1458844151339 HTTP/1.1" 200 38
191.112.20.177 - - [24/Mar/2016:15:28:50 -0300] "GET /cormun/servlet/solicitudot?d544a28f21717bd30ef917cfcdaf47ed6735060d8ddd526801342f6f8cb88c2668dd85a8885735084168f9da774505113755c135cad263afb394e832427a510688cc7116fc347fd8839a15b5f1b97f0f2fa4dff58d051d96c36edc5ca50eccadfd8102b000060cb9c8eeb51b7e4d0d66118d1a7305d00007a7b4b3c288f8deac267dcf996584fc46c70c6ca4cd849bc097abea31c06998b3ef4476ecfac3d0e384b49b8743a0071e16e46ed2608d589f03870d369de557c3982d82e96a9111c856bc24bb0f40d638ea420766c5a03e8a,gx-no-cache=1458844156246 HTTP/1.1" 200 29
191.112.20.177 - - [24/Mar/2016:15:28:53 -0300] "POST /cormun/servlet/solicitudot?gx-no-cache=1458844158587 HTTP/1.1" 200 1129
191.112.20.177 - - [24/Mar/2016:15:29:01 -0300] "GET /cormun/static/menuarrow.gif HTTP/1.1" 404 1015
191.112.111.2 - - [24/Mar/2016:15:29:12 -0300] "GET /cormun/servlet/hlogin HTTP/1.1" 200 1723
191.112.111.2 - - [24/Mar/2016:15:29:13 -0300] "GET /cormun/static/gxtimezone.js?85251 HTTP/1.1" 200 5781
191.112.111.2 - - [24/Mar/2016:15:29:14 -0300] "GET /cormun/static/gxcfg.js?20151120045111 HTTP/1.1" 200 953
191.112.111.2 - - [24/Mar/2016:15:29:14 -0300] "GET /cormun/static/hlogin.js?20151120045126 HTTP/1.1" 200 2136
191.112.111.2 - - [24/Mar/2016:15:29:14 -0300] "GET /cormun/static/messages.spa.js?85251 HTTP/1.1" 200 32693
191.112.111.2 - - [24/Mar/2016:15:29:14 -0300] "GET /cormun/static/Resources/ComunLogin.png HTTP/1.1" 200 17326
191.112.111.2 - - [24/Mar/2016:15:29:15 -0300] "GET /cormun/static/Resources/Spanish/PXTools.css?005343 HTTP/1.1" 200 89042
191.112.111.2 - - [24/Mar/2016:15:29:16 -0300] "GET /cormun/static/gxgral.js?85251 HTTP/1.1" 200 384558
191.112.20.177 - - [24/Mar/2016:15:29:21 -0300] "GET /cormun/servlet/solicitudot?d544a28f21717bd30ef917cfcdaf47ed97ff8dd4bc942e12f0ccc502feaf39ddf0402fc7f4790de339eafb6b31c9de6a7bc3cfa743a07718f331fc71702b2df0fd25d769e6e9654adf4aa0856ec7c28886b2dc0ae51f0569d9f881f02baf6f0c9b24f40743be6370e964e55bd5b8157ab36fa8db82c3c2db1a160bbee68c60884f92cd6c583d0b59450947a98ae2c4830498b2c305392e78340e60a1df6546cdca535987fe5d7ee25da240c754e97501,gx-no-cache=1458844186842 HTTP/1.1" 200 30
191.112.111.2 - - [24/Mar/2016:15:29:22 -0300] "GET /cormun/static/Resources/PXToolsLoginTop.png HTTP/1.1" 200 1337
191.112.111.2 - - [24/Mar/2016:15:29:22 -0300] "GET /cormun/static/Resources/PXToolsLoginBackground.png HTTP/1.1" 200 1164
191.112.111.2 - - [24/Mar/2016:15:29:22 -0300] "GET /cormun/static/Resources/PXToolsButtonLeft21.png HTTP/1.1" 200 1287
191.112.111.2 - - [24/Mar/2016:15:29:22 -0300] "GET /cormun/static/Resources/PXToolsButtonRight21.png HTTP/1.1" 200 1283
191.112.111.2 - - [24/Mar/2016:15:29:22 -0300] "GET /cormun/static/Resources/PXToolsLoginBottom.png HTTP/1.1" 200 1389
191.112.111.2 - - [24/Mar/2016:15:29:22 -0300] "GET /cormun/static/Resources/PXToolsButtonBackground2.png HTTP/1.1" 200 1181
191.112.111.2 - - [24/Mar/2016:15:29:22 -0300] "GET /cormun/servlet/hlogin HTTP/1.1" 200 1728
191.112.111.2 - - [24/Mar/2016:15:29:22 -0300] "GET /cormun/static/Resources/indicator.gif HTTP/1.1" 200 1553
191.112.111.2 - - [24/Mar/2016:15:29:23 -0300] "GET /cormun/static/Resources/indicator.gif HTTP/1.1" 200 1553
191.112.111.2 - - [24/Mar/2016:15:29:24 -0300] "GET /favicon.ico HTTP/1.1" 200 21630
191.112.20.177 - - [24/Mar/2016:15:29:31 -0300] "POST /cormun/servlet/solicitudot?919dccda4dcc92b756baeffbe79c682d,INS,0,0,,gx-no-cache=1458844196483 HTTP/1.1" 200 93
191.112.20.177 - - [24/Mar/2016:15:29:31 -0300] "GET /cormun/servlet/hpexe_return? HTTP/1.1" 200 1004
191.112.20.177 - - [24/Mar/2016:15:29:31 -0300] "GET /cormun/static/gxcfg.js?2015111312145050 HTTP/1.1" 200 953
191.112.20.177 - - [24/Mar/2016:15:29:31 -0300] "GET /cormun/static/hpexe_return.js?2015111312145056 HTTP/1.1" 200 1633
191.112.20.177 - - [24/Mar/2016:15:29:32 -0300] "GET /cormun/static/Resources/Spanish/PXTools.css?12112540 HTTP/1.1" 200 89042
191.112.20.177 - - [24/Mar/2016:15:29:32 -0300] "GET /cormun/servlet/trsolicitudot HTTP/1.1" 200 7702
191.112.20.177 - - [24/Mar/2016:15:29:34 -0300] "GET /cormun/servlet/trsolicitudot HTTP/1.1" 200 7698
191.112.20.177 - - [24/Mar/2016:15:29:34 -0300] "GET /cormun//static/Resources/PXToolsActionView.png HTTP/1.1" 200 2995
191.112.20.177 - - [24/Mar/2016:15:29:34 -0300] "GET /cormun//static/Resources/PXToolsGridUpdate.png HTTP/1.1" 200 2984
191.112.20.177 - - [24/Mar/2016:15:29:34 -0300] "GET /cormun//static/Resources/PXToolsGridDelete.png HTTP/1.1" 200 357
191.112.20.177 - - [24/Mar/2016:15:29:34 -0300] "GET /cormun//static/Resources/PXToolsRemoveAllAction.png HTTP/1.1" 200 3558
191.112.20.177 - - [24/Mar/2016:15:29:34 -0300] "GET /cormun//static/Resources/PXTools/ActionInsert.png HTTP/1.1" 200 1482
191.112.20.177 - - [24/Mar/2016:15:29:38 -0300] "GET /cormun/servlet/solicitudot?INS,0,0, HTTP/1.1" 200 11580
191.112.20.177 - - [24/Mar/2016:15:29:41 -0300] "GET /cormun/servlet/solicitudot?INS,0,0, HTTP/1.1" 200 11585
191.112.20.177 - - [24/Mar/2016:15:29:53 -0300] "POST /cormun/servlet/solicitudot?gx-no-cache=1458844218104 HTTP/1.1" 200 2770
191.112.20.177 - - [24/Mar/2016:15:29:54 -0300] "POST /cormun/servlet/solicitudot?919dccda4dcc92b756baeffbe79c682d,INS,0,0,,gx-no-cache=1458844218989 HTTP/1.1" 200 8450
191.112.20.177 - - [24/Mar/2016:15:29:55 -0300] "GET /cormun/servlet/solicitudot?d544a28f21717bd30ef917cfcdaf47ed203887ca0cb06150e735143bb1d6d4f12f077684b4975dd3e0dfb94c638586eb,gx-no-cache=1458844220453 HTTP/1.1" 200 30
191.112.20.177 - - [24/Mar/2016:15:29:58 -0300] "POST /cormun/servlet/solicitudot?gx-no-cache=1458844223952 HTTP/1.1" 200 30
191.112.20.177 - - [24/Mar/2016:15:29:58 -0300] "POST /cormun/servlet/solicitudot?gx-no-cache=1458844224084 HTTP/1.1" 200 33
191.112.20.177 - - [24/Mar/2016:15:29:58 -0300] "POST /cormun/servlet/solicitudot?gx-no-cache=1458844224246 HTTP/1.1" 200 1170
191.112.20.177 - - [24/Mar/2016:15:29:59 -0300] "GET /cormun/servlet/solicitudot?d544a28f21717bd30ef917cfcdaf47ed03adcf4d0ed43fe738317f661c74b188700224a9e1b147a9555d49c690b8309e2eedef224c8dfd59951c6b6e8b459968c622d9274eb5cf43da9f9fc78dd670250524ef942f993c176b74751c4c06eb20d0d4b34105151770a0ccf4711a7052cb88bb1708b6908ab6ffc1dc5a878ec69604f6d7dbcf790b64864de0e770be61a0,gx-no-cache=1458844224466 HTTP/1.1" 200 38
191.112.20.177 - - [24/Mar/2016:15:30:16 -0300] "GET /cormun/servlet/solicitudot?d544a28f21717bd30ef917cfcdaf47ed6735060d8ddd526801342f6f8cb88c2668dd85a8885735084168f9da774505113755c135cad263afb394e832427a510688cc7116fc347fd8839a15b5f1b97f0f2fa4dff58d051d96c36edc5ca50eccadfd8102b000060cb9c8eeb51b7e4d0d66118d1a7305d00007a7b4b3c288f8deac267dcf996584fc46c70c6ca4cd849bc097abea31c06998b3ef4476ecfac3d0e384b49b8743a0071e16e46ed2608d589f03870d369de557c3982d82e96a9111c856bc24bb0f40d638ea420766c5a03e8a,gx-no-cache=1458844242151 HTTP/1.1" 200 29
191.112.20.177 - - [24/Mar/2016:15:30:21 -0300] "POST /cormun/servlet/solicitudot?gx-no-cache=1458844246367 HTTP/1.1" 200 1127
191.112.20.177 - - [24/Mar/2016:15:30:53 -0300] "GET /cormun/servlet/solicitudot?d544a28f21717bd30ef917cfcdaf47ed5b10919d3fdefc16bfa5267a7dfc024abcdcf015f1c228bc352342fc34967b939bebb7a9911c1e22cecce23dbd7aeb424d216046aa6b17ee402bd01a325066a6e5f174b9aa700f43f9c8c88c77724cdac4149477af5c2e0fe6d6c4771273b75e4abbdae728e14d719f637f3abbe84aaf2a164c648c3d11a18ab252a932dfa7c8080712a7b06e5de194866f60b844e45508dd6c346221ffd0076c9564c6288478,gx-no-cache=1458844278850 HTTP/1.1" 200 30
186.103.159.46 - - [24/Mar/2016:15:30:59 -0300] "GET /cormun/servlet/hhome HTTP/1.1" 200 3248
186.103.159.46 - - [24/Mar/2016:15:31:00 -0300] "GET /cormun/static/Resources/Spanish/PXTools.css?10515224 HTTP/1.1" 304 -
186.103.159.46 - - [24/Mar/2016:15:31:00 -0300] "GET /cormun/static/gxcfg.js?2015112210564248 HTTP/1.1" 200 953
186.103.159.46 - - [24/Mar/2016:15:31:00 -0300] "GET /cormun/static/hhome.js?2015112210564255 HTTP/1.1" 304 -
186.103.159.46 - - [24/Mar/2016:15:31:00 -0300] "GET /cormun/static/hwchdr01.js?20162241650484 HTTP/1.1" 304 -
186.103.159.46 - - [24/Mar/2016:15:31:00 -0300] "GET /cormun/static/messages.spa.js?85251 HTTP/1.1" 200 32693
186.103.159.46 - - [24/Mar/2016:15:31:00 -0300] "GET /cormun/static/hpexe_recentlink.js?2015111312121342 HTTP/1.1" 304 -
186.103.159.46 - - [24/Mar/2016:15:31:00 -0300] "GET /cormun/static/hpexe_scripts.js?20151120014546 HTTP/1.1" 304 -
186.103.159.46 - - [24/Mar/2016:15:31:00 -0300] "GET /cormun/static/hpexe_messagecontroller.js?2015112210524422 HTTP/1.1" 304 -
186.103.159.46 - - [24/Mar/2016:15:31:00 -0300] "GET /cormun/static/hpexe_messagepopupcomponent.js?201632119295953 HTTP/1.1" 304 -
186.103.159.46 - - [24/Mar/2016:15:31:00 -0300] "GET /cormun/static/hpexe_messagegenexuscomponent.js?20151120014314 HTTP/1.1" 304 -
186.103.159.46 - - [24/Mar/2016:15:31:00 -0300] "GET /cormun/static/cmcontrolpreferences.js?20151120014525 HTTP/1.1" 304 -
186.103.159.46 - - [24/Mar/2016:15:31:01 -0300] "GET /cormun/static/hmpwkw03.js?201631622503633 HTTP/1.1" 304 -
186.103.159.46 - - [24/Mar/2016:15:31:02 -0300] "GET /cormun/servlet/hhome HTTP/1.1" 200 3260
186.103.159.46 - - [24/Mar/2016:15:31:03 -0300] "GET /cormun/servlet/hlogin HTTP/1.1" 200 1732
186.103.159.46 - - [24/Mar/2016:15:31:03 -0300] "GET /cormun/static/Resources/Spanish/PXTools.css?005343 HTTP/1.1" 304 -
186.103.159.46 - - [24/Mar/2016:15:31:03 -0300] "GET /cormun/static/gxcfg.js?20151120045111 HTTP/1.1" 200 953
186.103.159.46 - - [24/Mar/2016:15:31:03 -0300] "GET /cormun/static/hlogin.js?20151120045126 HTTP/1.1" 304 -
191.112.20.177 - - [24/Mar/2016:15:31:05 -0300] "POST /cormun/servlet/solicitudot?919dccda4dcc92b756baeffbe79c682d,INS,0,0,,gx-no-cache=1458844290549 HTTP/1.1" 200 93
191.112.20.177 - - [24/Mar/2016:15:31:06 -0300] "GET /cormun/servlet/hpexe_return? HTTP/1.1" 200 1004
191.112.20.177 - - [24/Mar/2016:15:31:06 -0300] "GET /cormun/servlet/trsolicitudot HTTP/1.1" 200 8035
191.112.20.177 - - [24/Mar/2016:15:31:08 -0300] "GET /cormun/servlet/trsolicitudot HTTP/1.1" 200 8032
191.112.20.177 - - [24/Mar/2016:15:31:17 -0300] "POST /cormun/servlet/trsolicitudot?919dccda4dcc92b756baeffbe79c682d,gx-no-cache=1458844302574 HTTP/1.1" 200 5700
191.112.20.177 - - [24/Mar/2016:15:31:17 -0300] "GET /cormun/static/Shared/jqueryui/images/ui-bg_highlight-soft_100_c6c2c8_1x100.png HTTP/1.1" 404 1117
191.112.20.177 - - [24/Mar/2016:15:31:17 -0300] "GET /cormun/static/Shared/jqueryui/images/ui-icons_82798d_256x240.png HTTP/1.1" 404 1089
191.112.20.177 - - [24/Mar/2016:15:31:17 -0300] "GET /cormun/static/Shared/jqueryui/images/ui-bg_flat_55_fafafa_40x100.png HTTP/1.1" 404 1097
191.112.20.177 - - [24/Mar/2016:15:31:17 -0300] "GET /cormun/static/Shared/jqueryui/images/ui-icons_8d78a5_256x240.png HTTP/1.1" 404 1089
191.112.20.177 - - [24/Mar/2016:15:31:30 -0300] "POST /cormun/servlet/trsolicitudot?919dccda4dcc92b756baeffbe79c682d,gx-no-cache=1458844315425 HTTP/1.1" 200 5137
191.112.20.177 - - [24/Mar/2016:15:31:30 -0300] "POST /cormun/servlet/trsolicitudot?919dccda4dcc92b756baeffbe79c682d,gx-no-cache=1458844316055 HTTP/1.1" 200 5078
191.112.20.177 - - [24/Mar/2016:15:32:34 -0300] "POST /cormun/servlet/trsolicitudot?919dccda4dcc92b756baeffbe79c682d,gx-no-cache=1458844379660 HTTP/1.1" 200 105
191.112.20.177 - - [24/Mar/2016:15:32:34 -0300] "GET /cormun/servlet/solicitudot?DLT,2016,1130, HTTP/1.1" 200 8540
191.112.20.177 - - [24/Mar/2016:15:32:37 -0300] "GET /cormun/servlet/solicitudot?DLT,2016,1130, HTTP/1.1" 200 8549
191.112.20.177 - - [24/Mar/2016:15:32:59 -0300] "GET /cormun/servlet/hlogin HTTP/1.1" 200 1719
191.112.20.177 - - [24/Mar/2016:15:33:11 -0300] "POST /cormun/servlet/hlogin?c901b1a83f5e5e320806764279b2fcd6,gx-no-cache=1458844417048 HTTP/1.1" 200 90
191.112.20.177 - - [24/Mar/2016:15:33:11 -0300] "GET /cormun/servlet/hpexe_link HTTP/1.1" 200 952
191.112.20.177 - - [24/Mar/2016:15:33:12 -0300] "GET /cormun/servlet/hhome HTTP/1.1" 200 3474
186.103.159.46 - - [24/Mar/2016:15:33:13 -0300] "GET /cormun/servlet/hhome HTTP/1.1" 200 3248
191.112.20.177 - - [24/Mar/2016:15:33:14 -0300] "GET /cormun/servlet/hhome HTTP/1.1" 200 3474
186.103.159.46 - - [24/Mar/2016:15:33:16 -0300] "GET /cormun/servlet/hhome HTTP/1.1" 200 3260
186.103.159.46 - - [24/Mar/2016:15:33:16 -0300] "GET /cormun/servlet/hlogin HTTP/1.1" 200 1732
191.112.20.177 - - [24/Mar/2016:15:33:19 -0300] "GET /cormun/servlet/trsolicitudot? HTTP/1.1" 200 7696
191.112.20.177 - - [24/Mar/2016:15:33:21 -0300] "GET /cormun/servlet/trsolicitudot? HTTP/1.1" 200 7695
186.103.159.46 - - [24/Mar/2016:15:33:26 -0300] "GET /cormun/servlet/hhome HTTP/1.1" 200 3248
191.112.20.177 - - [24/Mar/2016:15:33:29 -0300] "GET /cormun/servlet/solicitudot?INS,0,0, HTTP/1.1" 200 11587
186.103.159.46 - - [24/Mar/2016:15:33:30 -0300] "GET /cormun/servlet/hhome HTTP/1.1" 200 3260
186.103.159.46 - - [24/Mar/2016:15:33:30 -0300] "GET /cormun/servlet/hlogin HTTP/1.1" 200 1732
191.112.20.177 - - [24/Mar/2016:15:33:31 -0300] "GET /cormun/servlet/solicitudot?INS,0,0, HTTP/1.1" 200 11592
186.103.159.46 - - [24/Mar/2016:15:33:46 -0300] "POST /cormun/servlet/hlogin?6ef90b9e93b0b4dcdb5ee31dcd1e03ee,gx-no-cache=1458848045105 HTTP/1.1" 200 90
186.103.159.46 - - [24/Mar/2016:15:33:46 -0300] "GET /cormun/servlet/hpexe_link HTTP/1.1" 200 953
186.103.159.46 - - [24/Mar/2016:15:33:46 -0300] "GET /cormun/static/gxcfg.js?20151120044395 HTTP/1.1" 200 953
186.103.159.46 - - [24/Mar/2016:15:33:46 -0300] "GET /cormun/static/hpexe_link.js?20151120044398 HTTP/1.1" 304 -
186.103.159.46 - - [24/Mar/2016:15:33:47 -0300] "GET /cormun/servlet/hhome HTTP/1.1" 200 3450
186.103.159.46 - - [24/Mar/2016:15:33:50 -0300] "GET /cormun/servlet/hhome HTTP/1.1" 200 3447
191.112.20.177 - - [24/Mar/2016:15:34:06 -0300] "POST /cormun/servlet/solicitudot?gx-no-cache=1458844471907 HTTP/1.1" 200 2770
191.112.20.177 - - [24/Mar/2016:15:34:07 -0300] "POST /cormun/servlet/solicitudot?c901b1a83f5e5e320806764279b2fcd6,INS,0,0,,gx-no-cache=1458844472514 HTTP/1.1" 200 8457
191.112.20.177 - - [24/Mar/2016:15:34:14 -0300] "GET /cormun/servlet/solicitudot?2ab3761916aa72f3c3d0d59f86caf3c0546a9c2e3be12cf2e5b5d6359575df7aa82a00f20ed0b1f5c2fd75714ef62d52,gx-no-cache=1458844479637 HTTP/1.1" 200 30
191.112.20.177 - - [24/Mar/2016:15:34:14 -0300] "POST /cormun/servlet/solicitudot?gx-no-cache=1458844479790 HTTP/1.1" 200 30
191.112.20.177 - - [24/Mar/2016:15:34:26 -0300] "POST /cormun/servlet/solicitudot?gx-no-cache=1458844491873 HTTP/1.1" 200 30
186.103.159.44 - - [24/Mar/2016:15:34:27 -0300] "POST /cormun/servlet/trcontratouno?a876655186a1f2b792dd7e4e5909ef33,,gx-no-cache=1458844472690 HTTP/1.1" 200 6332
186.103.159.46 - - [24/Mar/2016:15:34:27 -0300] "GET /cormun/servlet/trsolicitudot? HTTP/1.1" 200 6368
186.103.159.46 - - [24/Mar/2016:15:34:28 -0300] "GET /cormun/static/Resources/Spanish/PXTools.css?2139548 HTTP/1.1" 304 -
186.103.159.46 - - [24/Mar/2016:15:34:28 -0300] "GET /cormun/static/gxcfg.js?201631022392470 HTTP/1.1" 200 953
186.103.159.46 - - [24/Mar/2016:15:34:28 -0300] "GET /cormun/static/trsolicitudot.js?201631022393178 HTTP/1.1" 304 -
191.112.20.177 - - [24/Mar/2016:15:34:28 -0300] "POST /cormun/servlet/solicitudot?gx-no-cache=1458844493932 HTTP/1.1" 200 1170
191.112.20.177 - - [24/Mar/2016:15:34:28 -0300] "GET /cormun/servlet/solicitudot?2ab3761916aa72f3c3d0d59f86caf3c01cacbbfab5ff5cbbd00722a12a2136b1384bff340e2edf8bcb43a3fc0037770cfbd7a142195d3a2e4ff2213e846890cadda1a6d5ae4630625590bfc6800c3b466b7c6dafa6fa05fd9e7c11978b5ae842aac8d47d137d3677a86f957de6abca56067955790bc459eaab8c4d79f833758cdfb45cb8f71e437191bb9d8dc4e1f13c,gx-no-cache=1458844494113 HTTP/1.1" 200 38
191.112.20.177 - - [24/Mar/2016:15:34:30 -0300] "GET /cormun/servlet/solicitudot?2ab3761916aa72f3c3d0d59f86caf3c06e0b8cc9e1f655a57ae867d2cb923a1ba097c08a61bf47dbd1a390fa755eb807eaa043d60ba3ebe939d987fe38ead84db18612afd1a48c8c8c4310f2eb0f0ea9240bcb801330a4467d8d7b3ba0693e4e9ee558fa6a05b7bff64fc33c5d2f07f950cc0a2050a7e8c7e6a723d27bcd890c2eeb6cb32cf9d035d4bf417f096824f9911f6dadd4965bdc741b2cc5798e5dea67f1a0f4bd90a92d98612f348f1ef57ffe9e29e4d50f8a1ff5dd68be6b828792805fbfb890e2908e2c904cd9939245f3,gx-no-cache=1458844495565 HTTP/1.1" 200 29
186.103.159.46 - - [24/Mar/2016:15:34:30 -0300] "GET /cormun/servlet/trsolicitudot? HTTP/1.1" 200 6368
191.112.20.177 - - [24/Mar/2016:15:34:35 -0300] "POST /cormun/servlet/solicitudot?gx-no-cache=1458844500819 HTTP/1.1" 200 1127
191.112.20.177 - - [24/Mar/2016:15:34:35 -0300] "GET /cormun/static/menuarrow.gif HTTP/1.1" 404 1015
186.103.159.46 - - [24/Mar/2016:15:34:37 -0300] "GET /cormun/servlet/solicitudot?INS,0,0, HTTP/1.1" 200 11573
186.103.159.46 - - [24/Mar/2016:15:34:37 -0300] "GET /cormun/static/gxcfg.js?201631710541238 HTTP/1.1" 200 953
186.103.159.46 - - [24/Mar/2016:15:34:37 -0300] "GET /cormun/static/solicitudot.js?201631710541292 HTTP/1.1" 304 -
186.103.159.46 - - [24/Mar/2016:15:34:37 -0300] "GET /cormun/static/Resources/Spanish/PXTools.css?22445990 HTTP/1.1" 304 -
186.103.159.46 - - [24/Mar/2016:15:34:40 -0300] "GET /cormun/servlet/solicitudot?INS,0,0, HTTP/1.1" 200 11578
191.112.20.177 - - [24/Mar/2016:15:34:47 -0300] "GET /cormun/servlet/solicitudot?2ab3761916aa72f3c3d0d59f86caf3c0984c6edaad1a84e01c1a19e4f837a520b25916dc127dd1fd17d2109a04a0626fb84645318bdd51ec61d4cac9bc0a449588f345ff98a0c75db37c386a852110c857ea90e0507cd8cc3fe3569e99aa2c1ed0d50d1b86bd11fd5cf5d8e7ae840471f7b3a799084fc01b26986a584b65805d353ca6127a9b8671697aff7a4fe87fd0a45da53962e454a94c665a00b0126f6a60f32d48f42c03a049fd01e715630ef5,gx-no-cache=1458844512450 HTTP/1.1" 200 30
191.112.20.177 - - [24/Mar/2016:15:35:02 -0300] "POST /cormun/servlet/solicitudot?c901b1a83f5e5e320806764279b2fcd6,INS,0,0,,gx-no-cache=1458844526981 HTTP/1.1" 200 93
191.112.20.177 - - [24/Mar/2016:15:35:02 -0300] "GET /cormun/servlet/hpexe_return? HTTP/1.1" 200 1011
191.112.20.177 - - [24/Mar/2016:15:35:02 -0300] "GET /cormun/servlet/trsolicitudot HTTP/1.1" 200 7957
191.112.20.177 - - [24/Mar/2016:15:35:05 -0300] "GET /cormun/servlet/trsolicitudot HTTP/1.1" 200 7953
186.103.159.46 - - [24/Mar/2016:15:35:16 -0300] "POST /cormun/servlet/solicitudot?gx-no-cache=1458848135174 HTTP/1.1" 200 2668
186.103.159.46 - - [24/Mar/2016:15:35:16 -0300] "POST /cormun/servlet/solicitudot?6ef90b9e93b0b4dcdb5ee31dcd1e03ee,INS,0,0,,gx-no-cache=1458848135517 HTTP/1.1" 200 8320
191.112.20.177 - - [24/Mar/2016:15:35:21 -0300] "POST /cormun/servlet/trsolicitudot?c901b1a83f5e5e320806764279b2fcd6,gx-no-cache=1458844546734 HTTP/1.1" 200 5143
191.112.20.177 - - [24/Mar/2016:15:35:22 -0300] "GET /cormun/static/Shared/jqueryui/images/ui-bg_highlight-soft_100_c6c2c8_1x100.png HTTP/1.1" 404 1117
191.112.20.177 - - [24/Mar/2016:15:35:22 -0300] "GET /cormun/static/Shared/jqueryui/images/ui-icons_82798d_256x240.png HTTP/1.1" 404 1089
191.112.20.177 - - [24/Mar/2016:15:35:22 -0300] "GET /cormun/static/Shared/jqueryui/images/ui-bg_flat_55_fafafa_40x100.png HTTP/1.1" 404 1097
191.112.20.177 - - [24/Mar/2016:15:35:22 -0300] "GET /cormun/static/Shared/jqueryui/images/ui-icons_8d78a5_256x240.png HTTP/1.1" 404 1089
191.112.20.177 - - [24/Mar/2016:15:35:22 -0300] "POST /cormun/servlet/trsolicitudot?c901b1a83f5e5e320806764279b2fcd6,gx-no-cache=1458844547570 HTTP/1.1" 200 5085
186.103.159.46 - - [24/Mar/2016:15:35:23 -0300] "POST /cormun/servlet/solicitudot?6ef90b9e93b0b4dcdb5ee31dcd1e03ee,INS,0,0,,gx-no-cache=1458848142137 HTTP/1.1" 200 8697
186.103.159.46 - - [24/Mar/2016:15:35:23 -0300] "GET /cormun/static/Shared/jqueryui/images/ui-bg_highlight-soft_100_c6c2c8_1x100.png HTTP/1.1" 404 1117
186.103.159.46 - - [24/Mar/2016:15:35:23 -0300] "GET /cormun/static/Shared/jqueryui/images/ui-icons_82798d_256x240.png HTTP/1.1" 404 1089
186.103.159.46 - - [24/Mar/2016:15:35:23 -0300] "GET /cormun/static/Shared/jqueryui/images/ui-bg_flat_55_994d53_40x100.png HTTP/1.1" 404 1097
186.103.159.46 - - [24/Mar/2016:15:35:23 -0300] "GET /cormun/static/Shared/jqueryui/images/ui-icons_ebccce_256x240.png HTTP/1.1" 404 1089
186.103.159.44 - - [24/Mar/2016:15:35:31 -0300] "POST /cormun/servlet/trcontratouno?a876655186a1f2b792dd7e4e5909ef33,,gx-no-cache=1458844536646 HTTP/1.1" 200 6427
191.112.20.177 - - [24/Mar/2016:15:35:32 -0300] "POST /cormun/servlet/trsolicitudot?c901b1a83f5e5e320806764279b2fcd6,gx-no-cache=1458844557628 HTTP/1.1" 200 105
186.103.159.46 - - [24/Mar/2016:15:35:32 -0300] "GET /cormun/servlet/solicitudot?de8e39e6484d4cee464e5d64e80d88d502178e7535d1a3c539002973c70d90855d8d0fd5a7897c6239ec6aa97dff7a7b,gx-no-cache=1458848151638 HTTP/1.1" 200 111
191.112.20.177 - - [24/Mar/2016:15:35:32 -0300] "GET /cormun/servlet/solicitudot?DLT,2016,1130, HTTP/1.1" 200 8545
191.112.20.177 - - [24/Mar/2016:15:35:34 -0300] "GET /cormun/servlet/solicitudot?DLT,2016,1130, HTTP/1.1" 200 8557
186.103.159.46 - - [24/Mar/2016:15:35:36 -0300] "GET /cormun/servlet/hlogin HTTP/1.1" 200 1722
191.112.20.177 - - [24/Mar/2016:15:35:42 -0300] "POST /cormun/servlet/solicitudot?c901b1a83f5e5e320806764279b2fcd6,DLT,2016,1130,,gx-no-cache=1458844567340 HTTP/1.1" 200 93
191.112.20.177 - - [24/Mar/2016:15:35:42 -0300] "GET /cormun/servlet/hpexe_return? HTTP/1.1" 200 1037
191.112.20.177 - - [24/Mar/2016:15:35:42 -0300] "GET /cormun/servlet/trsolicitudot?gx-no-cache=1458844547570 HTTP/1.1" 200 7699
191.112.20.177 - - [24/Mar/2016:15:35:44 -0300] "GET /cormun/servlet/trsolicitudot?gx-no-cache=1458844547570 HTTP/1.1" 200 7717
191.112.20.177 - - [24/Mar/2016:15:36:03 -0300] "POST /cormun/servlet/trsolicitudot?c901b1a83f5e5e320806764279b2fcd6,gx-no-cache=1458844547570,gx-no-cache=1458844588813 HTTP/1.1" 200 5353
191.112.20.177 - - [24/Mar/2016:15:36:11 -0300] "POST /cormun/servlet/trsolicitudot?c901b1a83f5e5e320806764279b2fcd6,gx-no-cache=1458844547570,gx-no-cache=1458844597086 HTTP/1.1" 200 105
191.112.20.177 - - [24/Mar/2016:15:36:12 -0300] "GET /cormun/servlet/solicitudot?UPD,2016,1130, HTTP/1.1" 200 12848
191.112.20.177 - - [24/Mar/2016:15:36:13 -0300] "GET /cormun/servlet/solicitudot?UPD,2016,1130, HTTP/1.1" 200 12834
191.112.20.177 - - [24/Mar/2016:15:36:14 -0300] "POST /cormun/servlet/solicitudot?gx-no-cache=1458844599744 HTTP/1.1" 200 2770
191.112.20.177 - - [24/Mar/2016:15:36:15 -0300] "POST /cormun/servlet/solicitudot?c901b1a83f5e5e320806764279b2fcd6,UPD,2016,1130,,gx-no-cache=1458844600220 HTTP/1.1" 200 9167
191.112.20.177 - - [24/Mar/2016:15:36:15 -0300] "GET /cormun/servlet/solicitudot?2ab3761916aa72f3c3d0d59f86caf3c0546a9c2e3be12cf2e5b5d6359575df7a592e6cd4bfc2a867c7bf684478bd7fcd,gx-no-cache=1458844601185 HTTP/1.1" 200 30
191.112.20.177 - - [24/Mar/2016:15:36:16 -0300] "POST /cormun/servlet/solicitudot?gx-no-cache=1458844601337 HTTP/1.1" 200 30
191.112.20.177 - - [24/Mar/2016:15:36:16 -0300] "POST /cormun/servlet/solicitudot?gx-no-cache=1458844601458 HTTP/1.1" 200 33
191.112.20.177 - - [24/Mar/2016:15:36:16 -0300] "POST /cormun/servlet/solicitudot?gx-no-cache=1458844601628 HTTP/1.1" 200 1170
191.112.20.177 - - [24/Mar/2016:15:36:16 -0300] "GET /cormun/servlet/solicitudot?2ab3761916aa72f3c3d0d59f86caf3c01cacbbfab5ff5cbbd00722a12a2136b1384bff340e2edf8bcb43a3fc0037770cfbd7a142195d3a2e4ff2213e846890cadda1a6d5ae4630625590bfc6800c3b466b7c6dafa6fa05fd9e7c11978b5ae842aac8d47d137d3677a86f957de6abca56067955790bc459eaab8c4d79f833758cddbb7c005f5d25e826aee4d772a333ae2d725e602b811886ad45a8bd8a922d69,gx-no-cache=1458844601903 HTTP/1.1" 200 41
191.112.20.177 - - [24/Mar/2016:15:36:23 -0300] "POST /cormun/servlet/solicitudot?gx-no-cache=1458844608754 HTTP/1.1" 200 30
186.103.159.46 - - [24/Mar/2016:15:36:24 -0300] "POST /cormun/servlet/solicitudot?gx-no-cache=1458848202612 HTTP/1.1" 200 2739
186.103.159.46 - - [24/Mar/2016:15:36:24 -0300] "POST /cormun/servlet/solicitudot?6ef90b9e93b0b4dcdb5ee31dcd1e03ee,INS,0,0,,gx-no-cache=1458848203558 HTTP/1.1" 200 8523
186.103.159.46 - - [24/Mar/2016:15:36:25 -0300] "GET /cormun/servlet/solicitudot?de8e39e6484d4cee464e5d64e80d88d5a6e339f8aa5e4142c9a5bce7bf4d2649aefdcfc395e77ac880210a35f7fc0548,gx-no-cache=1458848204061 HTTP/1.1" 200 30
191.112.20.177 - - [24/Mar/2016:15:36:27 -0300] "POST /cormun/servlet/solicitudot?gx-no-cache=1458844612635 HTTP/1.1" 200 30
191.112.20.177 - - [24/Mar/2016:15:36:29 -0300] "GET /cormun/static/Resources/resize.gif HTTP/1.1" 200 77
191.112.20.177 - - [24/Mar/2016:15:36:29 -0300] "GET /cormun/servlet/prcontratosol?13776741,,,,,MD,,gxPopupLevel%3D0%3B HTTP/1.1" 200 5695
191.112.20.177 - - [24/Mar/2016:15:36:30 -0300] "GET /cormun/static/Shared/jqueryui/jquery-ui.min.css?1345370 HTTP/1.1" 200 30288
191.112.20.177 - - [24/Mar/2016:15:36:30 -0300] "GET /cormun/static/gxcfg.js?2016141247819 HTTP/1.1" 200 953
191.112.20.177 - - [24/Mar/2016:15:36:30 -0300] "GET /cormun/static/Resources/Spanish/PXTools.css?1423257 HTTP/1.1" 200 89042
191.112.20.177 - - [24/Mar/2016:15:36:30 -0300] "GET /cormun/static/prcontratosol.js?2016141247993 HTTP/1.1" 200 14084
191.112.20.177 - - [24/Mar/2016:15:36:30 -0300] "GET /cormun/static/hmpwkw011.js?201631021445036 HTTP/1.1" 200 1968
186.103.159.46 - - [24/Mar/2016:15:36:32 -0300] "POST /cormun/servlet/solicitudot?gx-no-cache=1458848211008 HTTP/1.1" 200 30
186.103.159.46 - - [24/Mar/2016:15:36:32 -0300] "POST /cormun/servlet/solicitudot?gx-no-cache=1458848211071 HTTP/1.1" 200 33
186.103.159.46 - - [24/Mar/2016:15:36:32 -0300] "POST /cormun/servlet/solicitudot?gx-no-cache=1458848211166 HTTP/1.1" 200 1170
186.103.159.46 - - [24/Mar/2016:15:36:32 -0300] "GET /cormun/servlet/solicitudot?de8e39e6484d4cee464e5d64e80d88d5fa6e4ea3ffe26f56c6412737af6b411b4120fccda742ebfa80e4316cf1fa1acee8e38b159f0013e2cfdc3b517a147ceb24d153383c4ecdfc1cb33675d5ebb722f8141d6390bc938e0132c4d66941006d37f959e1b5b58f6095e8e5d1e7c1f1e426e421fe80c86328b1dca317650c24df05cb0c6a6509ddbf8b44ba7a625f6956,gx-no-cache=1458848211281 HTTP/1.1" 200 38
191.112.20.177 - - [24/Mar/2016:15:36:34 -0300] "POST /cormun/servlet/solicitudot?gx-no-cache=1458844619728 HTTP/1.1" 200 1170
191.112.20.177 - - [24/Mar/2016:15:36:34 -0300] "GET /cormun/servlet/solicitudot?2ab3761916aa72f3c3d0d59f86caf3c01cacbbfab5ff5cbbd00722a12a2136b1384bff340e2edf8bcb43a3fc0037770cfbd7a142195d3a2e4ff2213e846890cadda1a6d5ae4630625590bfc6800c3b466b7c6dafa6fa05fd9e7c11978b5ae842aac8d47d137d3677a86f957de6abca56067955790bc459eaab8c4d79f833758cddbb7c005f5d25e826aee4d772a333ae2d725e602b811886ad45a8bd8a922d69,gx-no-cache=1458844619969 HTTP/1.1" 200 41
191.112.20.177 - - [24/Mar/2016:15:36:34 -0300] "GET /cormun/servlet/solicitudot?2ab3761916aa72f3c3d0d59f86caf3c014e4c44c7f7a09f53321cc51c1def07a1ab8e595c37dfe501f866dad1e46c290b71d7ea16eaeab207cf16c8c28593fd6a225be8251fcaf4b4292a6f84d65f976c2238b74c54a152ac675b0d2ac509b9ee29a9f4fa3316865b58551cf7ab10bec64ab116e975037cd4ec511dd80e4183ceb874f9e2d52da6104ea18cbfee3bbd05158b33c8c184ced761bc2359188158f45044595028a4eec27c0b8c56e11dbe1ef287515145f06628f777d2f02b26a2252321d8acb70910e8bb671af5be3ed82,gx-no-cache=1458844620066 HTTP/1.1" 200 29
191.112.20.177 - - [24/Mar/2016:15:36:34 -0300] "POST /cormun/servlet/solicitudot?gx-no-cache=1458844620150 HTTP/1.1" 200 1127
186.103.159.46 - - [24/Mar/2016:15:36:37 -0300] "GET /cormun/servlet/solicitudot?de8e39e6484d4cee464e5d64e80d88d57926d036ab50f5b6c920c3cb2cd9568750857cdcea0ada9ec85ae698dcf50f3a61bbac69952069193cc4250a50441d4ba9685656c27748bbde92fcaccdfb0c23b72213843dde845592c59d38a13f14b3fad704a898ba49e2967c6fabe80032a5e576a969b0f8ff742e4938c4205c31b4fbd096b6dea6eac315dd06efe4f62b4c6a91d59ccbb3cf8ce752da4b411dadec,gx-no-cache=1458848215997 HTTP/1.1" 200 29
186.103.159.46 - - [24/Mar/2016:15:36:37 -0300] "POST /cormun/servlet/solicitudot?gx-no-cache=1458848216076 HTTP/1.1" 200 1127
186.103.159.46 - - [24/Mar/2016:15:36:37 -0300] "GET /cormun/static/menuarrow.gif HTTP/1.1" 404 1015
191.112.20.177 - - [24/Mar/2016:15:36:42 -0300] "GET /cormun/servlet/solicitudot?2ab3761916aa72f3c3d0d59f86caf3c0984c6edaad1a84e01c1a19e4f837a5200ea4340f09399036fa61ac005bb0d927b9e6f50de096088fb5caab26ff3ccbf2f3224394e32e3fa1c9b7c602f7ef808832d031819dbc2e452aebefd506d32e439a9c012a74ba5a0d7b1ec830767227fd393895d5038fbd06db2c24b156b73c15ebd1de0afc6c563d59529e5b868d4b1d06989c239040db4653950769e5d91e5ab11ecd0309d5a8cd275ff408a89e2bcb,gx-no-cache=1458844627746 HTTP/1.1" 200 30
191.112.20.177 - - [24/Mar/2016:15:36:42 -0300] "POST /cormun/servlet/solicitudot?c901b1a83f5e5e320806764279b2fcd6,UPD,2016,1130,,gx-no-cache=1458844627867 HTTP/1.1" 200 93
191.112.20.177 - - [24/Mar/2016:15:36:43 -0300] "GET /cormun/servlet/hpexe_return? HTTP/1.1" 200 1037
191.112.20.177 - - [24/Mar/2016:15:36:43 -0300] "GET /cormun/servlet/trsolicitudot?gx-no-cache=1458844547570 HTTP/1.1" 200 7700
191.112.20.177 - - [24/Mar/2016:15:36:45 -0300] "GET /cormun/servlet/trsolicitudot?gx-no-cache=1458844547570 HTTP/1.1" 200 7717
191.112.20.177 - - [24/Mar/2016:15:36:53 -0300] "POST /cormun/servlet/trsolicitudot?c901b1a83f5e5e320806764279b2fcd6,gx-no-cache=1458844547570,gx-no-cache=1458844638314 HTTP/1.1" 200 3787
191.112.20.177 - - [24/Mar/2016:15:36:53 -0300] "POST /cormun/servlet/trsolicitudot?c901b1a83f5e5e320806764279b2fcd6,gx-no-cache=1458844547570,gx-no-cache=1458844638850 HTTP/1.1" 200 3638
191.112.20.177 - - [24/Mar/2016:15:36:56 -0300] "GET /cormun/static/Shared/jqueryui/images/ui-bg_highlight-soft_100_eae6ea_1x100.png HTTP/1.1" 404 1117
186.103.159.46 - - [24/Mar/2016:15:37:00 -0300] "POST /cormun/servlet/solicitudot?gx-no-cache=1458848239430 HTTP/1.1" 200 30
191.112.20.177 - - [24/Mar/2016:15:37:09 -0300] "GET /cormun/servlet/hlogin HTTP/1.1" 200 1712
186.103.159.46 - - [24/Mar/2016:15:37:11 -0300] "POST /cormun/servlet/solicitudot?gx-no-cache=1458848250083 HTTP/1.1" 200 1170
186.103.159.46 - - [24/Mar/2016:15:37:11 -0300] "GET /cormun/servlet/solicitudot?de8e39e6484d4cee464e5d64e80d88d5fa6e4ea3ffe26f56c6412737af6b411b4120fccda742ebfa80e4316cf1fa1acee8e38b159f0013e2cfdc3b517a147ceb24d153383c4ecdfc1cb33675d5ebb722f8141d6390bc938e0132c4d66941006d37f959e1b5b58f6095e8e5d1e7c1f1e426e421fe80c86328b1dca317650c24df05cb0c6a6509ddbf8b44ba7a625f6956,gx-no-cache=1458848250269 HTTP/1.1" 200 38
186.103.159.46 - - [24/Mar/2016:15:37:17 -0300] "POST /cormun/servlet/solicitudot?gx-no-cache=1458848256355 HTTP/1.1" 200 1127
186.103.159.46 - - [24/Mar/2016:15:37:37 -0300] "GET /cormun/servlet/solicitudot?de8e39e6484d4cee464e5d64e80d88d5d617ebe950c89fe2a86ef0b890fc52e9fc65aa8c3477d84f4e4b57b5057330f01b86c840c8929be5dbcfdc4669357f1a6c49098f7e8d178e73871e45ec8f26635b5a674df1d9f0ef4555b77536464c591d9c1b3230382d69e37061eca06fb8f2e6e4dd155c994acc8825b9e2bedfbf8e61d749c446f06144abb3d80f1cc6bc9aefc2558757d71262e5dfab5de6297c7a9e53854784c979abfba02eaf9e00bb0e,gx-no-cache=1458848276831 HTTP/1.1" 200 30
191.112.20.177 - - [24/Mar/2016:15:37:41 -0300] "POST /cormun/servlet/hlogin?a553e2141393aab83df3ec3ef380684f,gx-no-cache=1458844686842 HTTP/1.1" 200 424
191.112.20.177 - - [24/Mar/2016:15:38:03 -0300] "POST /cormun/servlet/hlogin?a553e2141393aab83df3ec3ef380684f,gx-no-cache=1458844709136 HTTP/1.1" 200 424
191.112.20.177 - - [24/Mar/2016:15:38:12 -0300] "POST /cormun/servlet/hlogin?a553e2141393aab83df3ec3ef380684f,gx-no-cache=1458844717371 HTTP/1.1" 200 421
186.103.159.46 - - [24/Mar/2016:15:38:23 -0300] "GET /cormun/servlet/solicitudot?de8e39e6484d4cee464e5d64e80d88d5d617ebe950c89fe2a86ef0b890fc52e9fc65aa8c3477d84f4e4b57b5057330f01b86c840c8929be5dbcfdc4669357f1a6c49098f7e8d178e73871e45ec8f26635b5a674df1d9f0ef4555b77536464c591d9c1b3230382d69e37061eca06fb8f2e6e4dd155c994acc8825b9e2bedfbf8e61d749c446f06144abb3d80f1cc6bc9aefc2558757d71262e5dfab5de6297c7a9e53854784c979abfba02eaf9e00bb0e,gx-no-cache=1458848322750 HTTP/1.1" 200 30
191.112.20.177 - - [24/Mar/2016:15:38:26 -0300] "POST /cormun/servlet/hlogin?a553e2141393aab83df3ec3ef380684f,gx-no-cache=1458844731418 HTTP/1.1" 200 90
191.112.20.177 - - [24/Mar/2016:15:38:26 -0300] "GET /cormun/servlet/hpexe_link HTTP/1.1" 200 945
191.112.20.177 - - [24/Mar/2016:15:38:26 -0300] "GET /cormun/servlet/hhome HTTP/1.1" 200 3555
191.112.20.177 - - [24/Mar/2016:15:38:28 -0300] "GET /cormun/servlet/hhome HTTP/1.1" 200 3551
186.103.159.46 - - [24/Mar/2016:15:38:32 -0300] "POST /cormun/servlet/solicitudot?6ef90b9e93b0b4dcdb5ee31dcd1e03ee,INS,0,0,,gx-no-cache=1458848331674 HTTP/1.1" 200 9454
191.112.20.177 - - [24/Mar/2016:15:38:35 -0300] "GET /cormun/servlet/trautorizarsolicitud? HTTP/1.1" 200 8305
191.112.20.177 - - [24/Mar/2016:15:38:37 -0300] "GET /cormun/servlet/trautorizarsolicitud? HTTP/1.1" 200 8303
191.112.20.177 - - [24/Mar/2016:15:39:01 -0300] "GET /cormun/servlet/treventos?2016,1129, HTTP/1.1" 200 6420
191.112.20.177 - - [24/Mar/2016:15:39:02 -0300] "GET /cormun/static/gxcfg.js?2016311731661 HTTP/1.1" 200 953
191.112.20.177 - - [24/Mar/2016:15:39:02 -0300] "GET /cormun/static/treventos.js?2016311731865 HTTP/1.1" 200 15094
191.112.20.177 - - [24/Mar/2016:15:39:02 -0300] "GET /cormun/static/Resources/Spanish/PXTools.css?171692 HTTP/1.1" 200 89042
191.112.20.177 - - [24/Mar/2016:15:39:04 -0300] "GET /cormun/servlet/treventos?2016,1129, HTTP/1.1" 200 6419
186.103.159.46 - - [24/Mar/2016:15:39:05 -0300] "GET /cormun/servlet/solicitudot?de8e39e6484d4cee464e5d64e80d88d5d617ebe950c89fe2a86ef0b890fc52e9fc65aa8c3477d84f4e4b57b5057330f01b86c840c8929be5dbcfdc4669357f1a6c49098f7e8d178e73871e45ec8f26635b5a674df1d9f0ef4555b77536464c591d9c1b3230382d69e37061eca06fb8f2e6e4dd155c994acc8825b9e2bedfbf8e61d749c446f06144abb3d80f1cc6bc9aefc2558757d71262e5dfab5de6297c7a9e53854784c979abfba02eaf9e00bb0e,gx-no-cache=1458848364666 HTTP/1.1" 200 30
186.103.159.46 - - [24/Mar/2016:15:39:06 -0300] "POST /cormun/servlet/solicitudot?6ef90b9e93b0b4dcdb5ee31dcd1e03ee,INS,0,0,,gx-no-cache=1458848364783 HTTP/1.1" 200 9496
191.112.20.177 - - [24/Mar/2016:15:39:16 -0300] "GET /cormun/servlet/trautorizarsolicitud? HTTP/1.1" 200 8303
191.112.20.177 - - [24/Mar/2016:15:39:18 -0300] "GET /cormun/servlet/trautorizarsolicitud? HTTP/1.1" 200 8303
186.103.159.44 - - [24/Mar/2016:15:40:37 -0300] "POST /cormun/servlet/trcontratouno?a876655186a1f2b792dd7e4e5909ef33,,gx-no-cache=1458844840513 HTTP/1.1" 200 5403
186.103.159.46 - - [24/Mar/2016:15:40:49 -0300] "POST /cormun/servlet/solicitudot?6ef90b9e93b0b4dcdb5ee31dcd1e03ee,INS,0,0,,gx-no-cache=1458848468564 HTTP/1.1" 200 9542
186.103.159.46 - - [24/Mar/2016:15:41:08 -0300] "GET /cormun/servlet/solicitudot?de8e39e6484d4cee464e5d64e80d88d57926d036ab50f5b6c920c3cb2cd9568750857cdcea0ada9ec85ae698dcf50f3a77c2b05da179fad852ef14b9c89e98caa9685656c27748bbde92fcaccdfb0c23b72213843dde845592c59d38a13f14b3fad704a898ba49e2967c6fabe80032a5e576a969b0f8ff742e4938c4205c31b4fbd096b6dea6eac315dd06efe4f62b4c6a91d59ccbb3cf8ce752da4b411dadec,gx-no-cache=1458848487336 HTTP/1.1" 200 29
186.103.159.46 - - [24/Mar/2016:15:41:10 -0300] "GET /cormun/servlet/solicitudot?de8e39e6484d4cee464e5d64e80d88d5d617ebe950c89fe2a86ef0b890fc52e9fc65aa8c3477d84f4e4b57b5057330f01b86c840c8929be5dbcfdc4669357f1a6c49098f7e8d178e73871e45ec8f26635b5a674df1d9f0ef4555b77536464c591d9c1b3230382d69e37061eca06fb8f2e6e4dd155c994acc8825b9e2bedfbf8e61d749c446f06144abb3d80f1cc6bc9aefc2558757d71262e5dfab5de6297c7a9e53854784c979abfba02eaf9e00bb0e,gx-no-cache=1458848488988 HTTP/1.1" 200 30
186.103.159.46 - - [24/Mar/2016:15:41:10 -0300] "POST /cormun/servlet/solicitudot?6ef90b9e93b0b4dcdb5ee31dcd1e03ee,INS,0,0,,gx-no-cache=1458848489077 HTTP/1.1" 200 9581
186.103.159.44 - - [24/Mar/2016:15:41:23 -0300] "POST /cormun/servlet/trcontratouno?a876655186a1f2b792dd7e4e5909ef33,,gx-no-cache=1458844887959 HTTP/1.1" 200 6283
186.103.159.46 - - [24/Mar/2016:15:41:24 -0300] "GET /cormun/servlet/solicitudot?de8e39e6484d4cee464e5d64e80d88d5d617ebe950c89fe2a86ef0b890fc52e9fc65aa8c3477d84f4e4b57b5057330f01b86c840c8929be5dbcfdc4669357f1a6c49098f7e8d178e73871e45ec8f26635b5a674df1d9f0ef4555b77536464c591d9c1b3230382d69e37061eca06fb8f2e6e4dd155c994acc8825b9e2bedfbf8e61d749c446f06144abb3d80f1cc6bc9aefc2558757d71262e5dfab5de6297c7a9e53854784c979abfba02eaf9e00bb0e,gx-no-cache=1458848503633 HTTP/1.1" 200 30
186.103.159.46 - - [24/Mar/2016:15:41:24 -0300] "POST /cormun/servlet/solicitudot?6ef90b9e93b0b4dcdb5ee31dcd1e03ee,INS,0,0,,gx-no-cache=1458848503728 HTTP/1.1" 200 9638
191.112.20.177 - - [24/Mar/2016:15:41:45 -0300] "GET /cormun/servlet/treventos?2016,1129, HTTP/1.1" 200 6420
191.112.20.177 - - [24/Mar/2016:15:41:47 -0300] "GET /cormun/servlet/treventos?2016,1129, HTTP/1.1" 200 6419
186.103.159.46 - - [24/Mar/2016:15:41:52 -0300] "GET /cormun/servlet/prcontratosol?7798370,,,,,MD,,gxPopupLevel%3D0%3B HTTP/1.1" 200 5675
186.103.159.46 - - [24/Mar/2016:15:41:52 -0300] "GET /cormun/static/gxcfg.js?2016141247819 HTTP/1.1" 200 953
186.103.159.46 - - [24/Mar/2016:15:41:52 -0300] "GET /cormun/static/prcontratosol.js?2016141247993 HTTP/1.1" 200 14084
186.103.159.46 - - [24/Mar/2016:15:41:52 -0300] "GET /cormun/static/menusearch.js?20163211930269 HTTP/1.1" 304 -
186.103.159.46 - - [24/Mar/2016:15:41:52 -0300] "GET /cormun/static/hmpwkw011.js?201631021445036 HTTP/1.1" 200 1968
186.103.159.46 - - [24/Mar/2016:15:41:52 -0300] "GET /cormun/static/Shared/jqueryui/jquery-ui.min.css?1345370 HTTP/1.1" 200 30288
186.103.159.46 - - [24/Mar/2016:15:41:52 -0300] "GET /cormun/static/Resources/Spanish/PXTools.css?1423257 HTTP/1.1" 200 89042
186.103.159.46 - - [24/Mar/2016:15:41:56 -0300] "POST /cormun/servlet/acontrolpreferencessavestate?None,CA-JAR,true HTTP/1.1" 200 35
186.103.159.46 - - [24/Mar/2016:15:42:08 -0300] "POST /cormun/servlet/solicitudot?gx-no-cache=1458848547254 HTTP/1.1" 200 1170
186.103.159.46 - - [24/Mar/2016:15:42:08 -0300] "GET /cormun/servlet/solicitudot?de8e39e6484d4cee464e5d64e80d88d5fa6e4ea3ffe26f56c6412737af6b411b4120fccda742ebfa80e4316cf1fa1acee8e38b159f0013e2cfdc3b517a147ceb24d153383c4ecdfc1cb33675d5ebb722f8141d6390bc938e0132c4d66941006d37f959e1b5b58f6095e8e5d1e7c1f1e426e421fe80c86328b1dca317650c24df80355b5d7634800252b37bdd813352b45d8d0fd5a7897c6239ec6aa97dff7a7b,gx-no-cache=1458848547449 HTTP/1.1" 200 41
186.103.159.46 - - [24/Mar/2016:15:42:08 -0300] "POST /cormun/servlet/solicitudot?gx-no-cache=1458848547510 HTTP/1.1" 200 1127
191.112.20.177 - - [24/Mar/2016:15:42:12 -0300] "GET /cormun/servlet/trautorizarsolicitud? HTTP/1.1" 200 8303
191.112.20.177 - - [24/Mar/2016:15:42:15 -0300] "GET /cormun/servlet/trautorizarsolicitud? HTTP/1.1" 200 8303
191.112.20.177 - - [24/Mar/2016:15:42:50 -0300] "GET /cormun/servlet/treventos?2016,1130, HTTP/1.1" 200 6420
191.112.20.177 - - [24/Mar/2016:15:42:52 -0300] "GET /cormun/servlet/treventos?2016,1130, HTTP/1.1" 200 6419
191.112.20.177 - - [24/Mar/2016:15:43:14 -0300] "GET /cormun/servlet/trautorizarsolicitud? HTTP/1.1" 200 8303
191.112.20.177 - - [24/Mar/2016:15:43:17 -0300] "GET /cormun/servlet/trautorizarsolicitud? HTTP/1.1" 200 8303
191.112.20.177 - - [24/Mar/2016:15:43:26 -0300] "POST /cormun/servlet/trautorizarsolicitud?a553e2141393aab83df3ec3ef380684f,,gx-no-cache=1458845031938 HTTP/1.1" 200 115
191.112.20.177 - - [24/Mar/2016:15:43:27 -0300] "GET /cormun/servlet/solicitudotlog?INS,2016,1131,0,REC, HTTP/1.1" 200 5258
191.112.20.177 - - [24/Mar/2016:15:43:27 -0300] "GET /cormun/static/gxcfg.js?201631622494164 HTTP/1.1" 200 953
191.112.20.177 - - [24/Mar/2016:15:43:27 -0300] "GET /cormun/static/solicitudotlog.js?201631622494176 HTTP/1.1" 200 8270
191.112.20.177 - - [24/Mar/2016:15:43:29 -0300] "GET /cormun/servlet/solicitudotlog?INS,2016,1131,0,REC, HTTP/1.1" 200 5258
191.112.20.177 - - [24/Mar/2016:15:43:29 -0300] "GET /cormun/servlet/solicitudotlog?5b18dacb1d5c93c4256b8fb33daa38d78a8c416dec0eb00f4169b1a7cd9c63a7,gx-no-cache=1458845035250 HTTP/1.1" 200 26
191.112.20.177 - - [24/Mar/2016:15:43:41 -0300] "POST /cormun/servlet/solicitudotlog?a553e2141393aab83df3ec3ef380684f,INS,2016,1131,0,REC,,gx-no-cache=1458845046572 HTTP/1.1" 200 93
191.112.20.177 - - [24/Mar/2016:15:43:41 -0300] "GET /cormun/servlet/hpexe_return? HTTP/1.1" 200 1023
186.103.159.46 - - [24/Mar/2016:15:43:41 -0300] "GET /cormun/servlet/solicitudot?de8e39e6484d4cee464e5d64e80d88d5d617ebe950c89fe2a86ef0b890fc52e9bf4c1c5c76e05f0b18f4625e4c0ba488ae20412301150e0f919ceff362f5477c28894fc807dc7cd9bc084af00d12e4a2bc2af898d9da8ce3d8289a57154f9d7e7a75f37f2d97dc99dbaea477f084bf5cd6635567a2a2035b36e8e8c279795260237f4c8f393c8f57559ee848b25df0c5dc813840f9df9f435aa5bcd704d421e05c1132ef15ebd3c076492803e4fd80ae,gx-no-cache=1458848640703 HTTP/1.1" 200 30
186.103.159.46 - - [24/Mar/2016:15:43:41 -0300] "POST /cormun/servlet/solicitudot?6ef90b9e93b0b4dcdb5ee31dcd1e03ee,INS,0,0,,gx-no-cache=1458848640789 HTTP/1.1" 200 93
191.112.20.177 - - [24/Mar/2016:15:43:41 -0300] "GET /cormun/servlet/trautorizarsolicitud HTTP/1.1" 200 8064
186.103.159.46 - - [24/Mar/2016:15:43:41 -0300] "GET /cormun/servlet/hpexe_return? HTTP/1.1" 200 1008
186.103.159.46 - - [24/Mar/2016:15:43:42 -0300] "GET /cormun/static/Resources/Spanish/PXTools.css?12112540 HTTP/1.1" 304 -
186.103.159.46 - - [24/Mar/2016:15:43:42 -0300] "GET /cormun/static/hpexe_return.js?2015111312145056 HTTP/1.1" 304 -
186.103.159.46 - - [24/Mar/2016:15:43:42 -0300] "GET /cormun/static/gxcfg.js?2015111312145050 HTTP/1.1" 200 953
186.103.159.46 - - [24/Mar/2016:15:43:43 -0300] "GET /cormun/servlet/trsolicitudot HTTP/1.1" 200 7642
191.112.20.177 - - [24/Mar/2016:15:43:44 -0300] "GET /cormun/servlet/trautorizarsolicitud HTTP/1.1" 200 8061
186.103.159.46 - - [24/Mar/2016:15:43:45 -0300] "GET /cormun/servlet/trsolicitudot HTTP/1.1" 200 7639
186.103.159.46 - - [24/Mar/2016:15:44:09 -0300] "POST /cormun/servlet/hlogin?3521b1d2660af7f79cdd47b7d20fd893,gx-no-cache=1458845066383 HTTP/1.1" 200 90
186.103.159.46 - - [24/Mar/2016:15:44:09 -0300] "GET /cormun/servlet/hpexe_link HTTP/1.1" 200 953
186.103.159.46 - - [24/Mar/2016:15:44:09 -0300] "GET /cormun/static/hpexe_link.js?20151120044398 HTTP/1.1" 200 625
