186.103.156.24 - - [24/Mar/2016:09:04:14 -0300] "POST /cormun/servlet/trsolicitudot?44fa6517b57d04c14bbc0ab749571ed2,,gx-no-cache=1458821231679 HTTP/1.1" 200 106
186.103.156.24 - - [24/Mar/2016:09:04:14 -0300] "GET /cormun/servlet/trsolicitudadjuntos?2016,1102, HTTP/1.1" 200 5491
186.103.159.188 - - [24/Mar/2016:09:04:15 -0300] "POST /cormun/servlet/trcontratouno?d475ceeb4fe8b53fdf49c971c1dec718,,gx-no-cache=1458821292836 HTTP/1.1" 200 6170
186.103.156.24 - - [24/Mar/2016:09:04:15 -0300] "GET /cormun/servlet/trsolicitudadjuntos?2016,1102, HTTP/1.1" 200 5491
186.103.156.24 - - [24/Mar/2016:09:04:19 -0300] "GET /cormun/servlet/solicitudotadjuntos?INS,2016,1102,,1, HTTP/1.1" 200 5574
186.103.156.24 - - [24/Mar/2016:09:04:20 -0300] "GET /cormun/static/about:blank HTTP/1.1" 404 1011
186.103.156.24 - - [24/Mar/2016:09:04:20 -0300] "GET /cormun/servlet/solicitudotadjuntos?INS,2016,1102,,1, HTTP/1.1" 200 5568
186.103.156.24 - - [24/Mar/2016:09:04:20 -0300] "GET /cormun/servlet/solicitudotadjuntos?59139eaa7d992cc74263005bc18c96a0c323c8df5f63a207ca8be7d96e81e8a59c15d7d834db240cc482072561e074d9,gx-no-cache=1458821238311 HTTP/1.1" 200 30
186.103.156.24 - - [24/Mar/2016:09:04:21 -0300] "POST /cormun/servlet/solicitudotadjuntos?44fa6517b57d04c14bbc0ab749571ed2,INS,2016,1102,,1,,gx-no-cache=1458821238356 HTTP/1.1" 200 3447
186.103.156.24 - - [24/Mar/2016:09:04:26 -0300] "POST /cormun/servlet/solicitudotadjuntos?gx-no-cache=1458821244146 HTTP/1.1" 200 26
186.103.156.24 - - [24/Mar/2016:09:04:37 -0300] "GET /cormun/servlet/solicitudotadjuntos?59139eaa7d992cc74263005bc18c96a0660a45e79644f072736df44a00f7d750,gx-no-cache=1458821256711 HTTP/1.1" 200 30
186.103.156.24 - - [24/Mar/2016:09:04:37 -0300] "GET /cormun/servlet/solicitudotadjuntos?59139eaa7d992cc74263005bc18c96a0660a45e79644f072736df44a00f7d750,gx-no-cache=1458821256732 HTTP/1.1" 200 30
186.103.156.24 - - [24/Mar/2016:09:04:38 -0300] "POST /cormun/servlet/solicitudotadjuntos?44fa6517b57d04c14bbc0ab749571ed2,INS,2016,1102,,1, HTTP/1.1" 200 116
186.103.156.24 - - [24/Mar/2016:09:04:38 -0300] "GET /cormun/servlet/hpexe_return? HTTP/1.1" 200 1028
186.103.156.24 - - [24/Mar/2016:09:04:39 -0300] "GET /cormun/servlet/trsolicitudadjuntos?2016,1102, HTTP/1.1" 200 7352
186.103.156.24 - - [24/Mar/2016:09:04:40 -0300] "GET /cormun/servlet/trsolicitudadjuntos?2016,1102, HTTP/1.1" 200 7349
186.103.156.24 - - [24/Mar/2016:09:04:43 -0300] "GET /cormun/servlet/solicitudotadjuntos?INS,2016,1102,,1, HTTP/1.1" 200 5574
186.103.156.24 - - [24/Mar/2016:09:04:43 -0300] "GET /cormun/static/about:blank HTTP/1.1" 404 1011
186.103.156.24 - - [24/Mar/2016:09:04:44 -0300] "GET /cormun/servlet/solicitudotadjuntos?INS,2016,1102,,1, HTTP/1.1" 200 5568
186.103.156.24 - - [24/Mar/2016:09:04:44 -0300] "GET /cormun/servlet/solicitudotadjuntos?59139eaa7d992cc74263005bc18c96a0c323c8df5f63a207ca8be7d96e81e8a59c15d7d834db240cc482072561e074d9,gx-no-cache=1458821264313 HTTP/1.1" 200 30
186.103.156.24 - - [24/Mar/2016:09:04:44 -0300] "POST /cormun/servlet/solicitudotadjuntos?44fa6517b57d04c14bbc0ab749571ed2,INS,2016,1102,,1,,gx-no-cache=1458821264346 HTTP/1.1" 200 3447
186.78.50.141 - - [24/Mar/2016:09:04:50 -0300] "GET /cormun/servlet/solicitudot?c151cc56fcea670b757b0331d043436450d3c2445bb1222bdbeabaa32fa065ef95f6eb29c1717bbd2fe2dfb0299378fa3fbe45cb9da698cbf9a6d7cbfcd8477300679274ebdc00aadbea41a3358b30c2070f5e1743277d282f5b7ff9d55836168423004e0f4232e295bc0fb6088b2887,gx-no-cache=1458821106197 HTTP/1.1" 200 29
186.78.50.141 - - [24/Mar/2016:09:04:51 -0300] "POST /cormun/servlet/solicitudot?gx-no-cache=1458821108111 HTTP/1.1" 200 1128
186.103.156.24 - - [24/Mar/2016:09:04:53 -0300] "POST /cormun/servlet/solicitudotadjuntos?gx-no-cache=1458821273953 HTTP/1.1" 200 26
186.103.156.24 - - [24/Mar/2016:09:05:02 -0300] "GET /cormun/servlet/solicitudotadjuntos?59139eaa7d992cc74263005bc18c96a0660a45e79644f072736df44a00f7d750,gx-no-cache=1458821284833 HTTP/1.1" 200 30
186.103.156.24 - - [24/Mar/2016:09:05:02 -0300] "GET /cormun/servlet/solicitudotadjuntos?59139eaa7d992cc74263005bc18c96a0660a45e79644f072736df44a00f7d750,gx-no-cache=1458821284855 HTTP/1.1" 200 30
186.78.50.141 - - [24/Mar/2016:09:05:05 -0300] "GET /cormun/static/menuarrow.gif HTTP/1.1" 404 1015
186.103.159.188 - - [24/Mar/2016:09:05:06 -0300] "GET /cormun/servlet/hlogin HTTP/1.1" 200 1720
186.103.159.188 - - [24/Mar/2016:09:05:06 -0300] "GET /cormun/static/gxcfg.js?20151120045111 HTTP/1.1" 200 953
186.103.159.188 - - [24/Mar/2016:09:05:06 -0300] "GET /cormun/static/Resources/Spanish/PXTools.css?005343 HTTP/1.1" 304 -
186.103.159.188 - - [24/Mar/2016:09:05:06 -0300] "GET /cormun/static/hlogin.js?20151120045126 HTTP/1.1" 304 -
186.103.159.188 - - [24/Mar/2016:09:05:06 -0300] "GET /cormun/static/messages.spa.js?85251 HTTP/1.1" 200 32693
186.103.159.188 - - [24/Mar/2016:09:05:06 -0300] "GET /cormun/servlet/hlogin HTTP/1.1" 200 1730
186.103.156.24 - - [24/Mar/2016:09:05:08 -0300] "POST /cormun/servlet/solicitudotadjuntos?44fa6517b57d04c14bbc0ab749571ed2,INS,2016,1102,,1, HTTP/1.1" 200 116
186.103.159.188 - - [24/Mar/2016:09:05:09 -0300] "POST /cormun/servlet/hlogin?616d9cdcdfc70a04137f8eba670aa5ac,gx-no-cache=1458821151801 HTTP/1.1" 200 90
186.103.159.188 - - [24/Mar/2016:09:05:09 -0300] "GET /cormun/servlet/hpexe_link HTTP/1.1" 200 951
186.103.159.188 - - [24/Mar/2016:09:05:09 -0300] "GET /cormun/static/gxcfg.js?20151120044395 HTTP/1.1" 200 953
186.103.156.24 - - [24/Mar/2016:09:05:09 -0300] "GET /cormun/servlet/hpexe_return? HTTP/1.1" 200 1028
186.103.159.188 - - [24/Mar/2016:09:05:09 -0300] "GET /cormun/servlet/hhome HTTP/1.1" 200 3513
186.103.159.188 - - [24/Mar/2016:09:05:09 -0300] "GET /cormun/static/Resources/Spanish/PXTools.css?10515224 HTTP/1.1" 304 -
186.103.159.188 - - [24/Mar/2016:09:05:09 -0300] "GET /cormun/static/gxcfg.js?2015112210564248 HTTP/1.1" 200 953
186.103.159.188 - - [24/Mar/2016:09:05:09 -0300] "GET /cormun/static/hhome.js?2015112210564255 HTTP/1.1" 304 -
186.103.159.188 - - [24/Mar/2016:09:05:09 -0300] "GET /cormun/static/hpexe_recentlink.js?2015111312121342 HTTP/1.1" 304 -
186.103.159.188 - - [24/Mar/2016:09:05:09 -0300] "GET /cormun/static/hwchdr01.js?20162241650484 HTTP/1.1" 304 -
186.103.159.188 - - [24/Mar/2016:09:05:09 -0300] "GET /cormun/static/hpexe_scripts.js?20151120014546 HTTP/1.1" 304 -
186.103.159.188 - - [24/Mar/2016:09:05:09 -0300] "GET /cormun/static/hpexe_messagecontroller.js?2015112210524422 HTTP/1.1" 304 -
186.103.159.188 - - [24/Mar/2016:09:05:09 -0300] "GET /cormun/static/hpexe_messagepopupcomponent.js?201632119295953 HTTP/1.1" 304 -
186.103.159.188 - - [24/Mar/2016:09:05:09 -0300] "GET /cormun/static/cmcontrolpreferences.js?20151120014525 HTTP/1.1" 304 -
186.103.159.188 - - [24/Mar/2016:09:05:09 -0300] "GET /cormun/static/hmpwkw03.js?201631622503633 HTTP/1.1" 304 -
186.103.159.188 - - [24/Mar/2016:09:05:09 -0300] "GET /cormun/static/hpexe_messagegenexuscomponent.js?20151120014314 HTTP/1.1" 304 -
186.103.156.24 - - [24/Mar/2016:09:05:09 -0300] "GET /cormun/servlet/trsolicitudadjuntos?2016,1102, HTTP/1.1" 200 7504
186.103.159.188 - - [24/Mar/2016:09:05:10 -0300] "GET /cormun/servlet/hhome HTTP/1.1" 200 3509
186.103.156.24 - - [24/Mar/2016:09:05:10 -0300] "GET /cormun/servlet/trsolicitudadjuntos?2016,1102, HTTP/1.1" 200 7515
186.103.159.188 - - [24/Mar/2016:09:05:11 -0300] "GET /cormun/static/hpexe_link.js?20151120044398 HTTP/1.1" 304 -
186.103.156.24 - - [24/Mar/2016:09:05:15 -0300] "GET /cormun/servlet/solicitudotadjuntos?INS,2016,1102,,1, HTTP/1.1" 200 5574
186.103.156.24 - - [24/Mar/2016:09:05:15 -0300] "GET /cormun/static/about:blank HTTP/1.1" 404 1011
186.103.156.24 - - [24/Mar/2016:09:05:15 -0300] "GET /cormun/servlet/solicitudotadjuntos?INS,2016,1102,,1, HTTP/1.1" 200 5568
186.103.156.24 - - [24/Mar/2016:09:05:16 -0300] "GET /cormun/servlet/solicitudotadjuntos?59139eaa7d992cc74263005bc18c96a0c323c8df5f63a207ca8be7d96e81e8a59c15d7d834db240cc482072561e074d9,gx-no-cache=1458821298914 HTTP/1.1" 200 30
186.103.156.24 - - [24/Mar/2016:09:05:16 -0300] "POST /cormun/servlet/solicitudotadjuntos?44fa6517b57d04c14bbc0ab749571ed2,INS,2016,1102,,1,,gx-no-cache=1458821298975 HTTP/1.1" 200 3447
186.103.159.188 - - [24/Mar/2016:09:05:19 -0300] "GET /cormun/servlet/trcontratoobservacion? HTTP/1.1" 200 5638
186.103.159.188 - - [24/Mar/2016:09:05:19 -0300] "GET /cormun/static/gxcfg.js?20163231972551 HTTP/1.1" 200 953
186.103.159.188 - - [24/Mar/2016:09:05:19 -0300] "GET /cormun/static/Resources/Spanish/PXTools.css?19284387 HTTP/1.1" 200 89042
186.103.159.188 - - [24/Mar/2016:09:05:19 -0300] "GET /cormun/static/trcontratoobservacion.js?20163231972920 HTTP/1.1" 200 22032
186.103.156.24 - - [24/Mar/2016:09:05:20 -0300] "POST /cormun/servlet/solicitudotadjuntos?gx-no-cache=1458821302919 HTTP/1.1" 200 26
186.103.159.188 - - [24/Mar/2016:09:05:20 -0300] "GET /cormun/servlet/trcontratoobservacion? HTTP/1.1" 200 5639
186.78.50.141 - - [24/Mar/2016:09:05:20 -0300] "GET /cormun/servlet/solicitudot?c151cc56fcea670b757b0331d04343643f1982f36251d0c368e087b46481c34177be150e5ac730b548399e67d78e69ca5e89f707a239bd04318746c26645e237076a161d0f712788d1ba9695639c758c5cd963e27a83f46a369d7d764a17583c1cd9a0c5b02e6be70aef937b30ec4252a155f02473445bc49d346700fe0e4f50638dc97c38c1b0a60b4b7303b2f27fab87440861f8b7d2ebd40a7a442f05986ff1e15fc54f6f1c75f7d36644350f1b53,gx-no-cache=1458821137267 HTTP/1.1" 200 30
186.103.156.24 - - [24/Mar/2016:09:05:26 -0300] "GET /cormun/servlet/solicitudotadjuntos?59139eaa7d992cc74263005bc18c96a0660a45e79644f072736df44a00f7d750,gx-no-cache=1458821309727 HTTP/1.1" 200 30
186.103.156.24 - - [24/Mar/2016:09:05:26 -0300] "GET /cormun/servlet/solicitudotadjuntos?59139eaa7d992cc74263005bc18c96a0660a45e79644f072736df44a00f7d750,gx-no-cache=1458821309799 HTTP/1.1" 200 30
186.103.156.24 - - [24/Mar/2016:09:05:30 -0300] "POST /cormun/servlet/solicitudotadjuntos?44fa6517b57d04c14bbc0ab749571ed2,INS,2016,1102,,1, HTTP/1.1" 200 116
186.103.156.24 - - [24/Mar/2016:09:05:30 -0300] "GET /cormun/servlet/hpexe_return? HTTP/1.1" 200 1028
186.103.156.24 - - [24/Mar/2016:09:05:30 -0300] "GET /cormun/servlet/trsolicitudadjuntos?2016,1102, HTTP/1.1" 200 7673
186.103.156.24 - - [24/Mar/2016:09:05:32 -0300] "GET /cormun/servlet/trsolicitudadjuntos?2016,1102, HTTP/1.1" 200 7667
186.103.159.188 - - [24/Mar/2016:09:05:33 -0300] "GET /cormun/servlet/trvisualizadoreventos? HTTP/1.1" 200 6235
186.103.159.188 - - [24/Mar/2016:09:05:33 -0300] "GET /cormun/static/gxcfg.js?201631021481342 HTTP/1.1" 200 953
186.103.159.188 - - [24/Mar/2016:09:05:33 -0300] "GET /cormun/static/Resources/Spanish/PXTools.css?2139548 HTTP/1.1" 304 -
186.103.159.188 - - [24/Mar/2016:09:05:33 -0300] "GET /cormun/static/Resources/PXToolsActionPrint.png HTTP/1.1" 200 3317
186.103.159.188 - - [24/Mar/2016:09:05:33 -0300] "GET /cormun/static/trvisualizadoreventos.js?201631021481717 HTTP/1.1" 200 19288
186.103.159.188 - - [24/Mar/2016:09:05:34 -0300] "GET /cormun/servlet/trvisualizadoreventos? HTTP/1.1" 200 6235
186.103.156.24 - - [24/Mar/2016:09:05:35 -0300] "GET /cormun/servlet/solicitudotadjuntos?INS,2016,1102,,1, HTTP/1.1" 200 5574
186.103.156.24 - - [24/Mar/2016:09:05:35 -0300] "GET /cormun/static/about:blank HTTP/1.1" 404 1011
186.103.156.24 - - [24/Mar/2016:09:05:36 -0300] "GET /cormun/servlet/solicitudotadjuntos?INS,2016,1102,,1, HTTP/1.1" 200 5568
186.103.156.24 - - [24/Mar/2016:09:05:36 -0300] "GET /cormun/servlet/solicitudotadjuntos?59139eaa7d992cc74263005bc18c96a0c323c8df5f63a207ca8be7d96e81e8a59c15d7d834db240cc482072561e074d9,gx-no-cache=1458821320841 HTTP/1.1" 200 30
186.103.156.24 - - [24/Mar/2016:09:05:37 -0300] "POST /cormun/servlet/solicitudotadjuntos?44fa6517b57d04c14bbc0ab749571ed2,INS,2016,1102,,1,,gx-no-cache=1458821320881 HTTP/1.1" 200 3448
186.103.156.24 - - [24/Mar/2016:09:05:42 -0300] "POST /cormun/servlet/solicitudotadjuntos?gx-no-cache=1458821326784 HTTP/1.1" 200 26
192.168.10.89 - - [24/Mar/2016:09:05:44 -0300] "GET /cormun/servlet/trsolicitudot? HTTP/1.1" 200 6465
192.168.10.89 - - [24/Mar/2016:09:05:47 -0300] "GET /cormun/servlet/solicitudot?INS,0,0, HTTP/1.1" 200 11662
186.103.159.188 - - [24/Mar/2016:09:05:49 -0300] "GET /cormun/servlet/trcontratoobservacion? HTTP/1.1" 200 5639
186.78.50.141 - - [24/Mar/2016:09:05:49 -0300] "POST /cormun/servlet/solicitudot?581731e5e3743efd281bcb6345f0dbe6,INS,0,0,,gx-no-cache=1458821163562 HTTP/1.1" 200 93
186.103.159.188 - - [24/Mar/2016:09:05:50 -0300] "GET /cormun/servlet/trcontratoobservacion? HTTP/1.1" 200 5639
186.78.50.141 - - [24/Mar/2016:09:05:50 -0300] "GET /cormun/servlet/hpexe_return? HTTP/1.1" 200 1008
192.168.10.89 - - [24/Mar/2016:09:05:51 -0300] "GET /cormun/servlet/prfichaempleado?,MD,,gxPopupLevel%3D0%3B HTTP/1.1" 200 7926
186.78.50.141 - - [24/Mar/2016:09:05:54 -0300] "GET /cormun/static/Resources/Spanish/PXTools.css?12112540 HTTP/1.1" 304 -
186.78.50.141 - - [24/Mar/2016:09:05:54 -0300] "GET /cormun/static/gxcfg.js?2015111312145050 HTTP/1.1" 200 953
186.78.50.141 - - [24/Mar/2016:09:05:55 -0300] "GET /cormun/static/hpexe_return.js?2015111312145056 HTTP/1.1" 304 -
186.103.156.24 - - [24/Mar/2016:09:05:55 -0300] "GET /cormun/servlet/solicitudotadjuntos?59139eaa7d992cc74263005bc18c96a0660a45e79644f072736df44a00f7d750,gx-no-cache=1458821341449 HTTP/1.1" 200 30
186.103.156.24 - - [24/Mar/2016:09:05:55 -0300] "GET /cormun/servlet/solicitudotadjuntos?59139eaa7d992cc74263005bc18c96a0660a45e79644f072736df44a00f7d750,gx-no-cache=1458821341519 HTTP/1.1" 200 30
186.78.50.141 - - [24/Mar/2016:09:05:56 -0300] "GET /cormun/servlet/trsolicitudot HTTP/1.1" 200 7750
192.168.10.89 - - [24/Mar/2016:09:05:57 -0300] "POST /cormun/servlet/prfichaempleado?64d4dc7050a36f2f882284abba5f20f5,,MD,,gxPopupLevel%3D0%3B,gx-no-cache=1458820901902 HTTP/1.1" 200 2767
192.168.10.89 - - [24/Mar/2016:09:06:00 -0300] "POST /cormun/servlet/solicitudot?gx-no-cache=1458820904901 HTTP/1.1" 200 2776
192.168.10.89 - - [24/Mar/2016:09:06:00 -0300] "POST /cormun/servlet/solicitudot?64d4dc7050a36f2f882284abba5f20f5,INS,0,0,,gx-no-cache=1458820905035 HTTP/1.1" 200 8479
186.103.156.24 - - [24/Mar/2016:09:06:01 -0300] "POST /cormun/servlet/solicitudotadjuntos?44fa6517b57d04c14bbc0ab749571ed2,INS,2016,1102,,1, HTTP/1.1" 200 116
186.103.156.24 - - [24/Mar/2016:09:06:01 -0300] "GET /cormun/servlet/hpexe_return? HTTP/1.1" 200 1028
186.103.156.24 - - [24/Mar/2016:09:06:02 -0300] "GET /cormun/servlet/trsolicitudadjuntos?2016,1102, HTTP/1.1" 200 7797
192.168.10.89 - - [24/Mar/2016:09:06:02 -0300] "GET /cormun/servlet/solicitudot?85eb69c5d1a2313160b8d0928dc4f124f38f65454b0f0ae708e3f548a66d5e94602dedfce44de46aff2918ed3abbf4cf,gx-no-cache=1458820906898 HTTP/1.1" 200 30
192.168.10.89 - - [24/Mar/2016:09:06:02 -0300] "POST /cormun/servlet/solicitudot?gx-no-cache=1458820906935 HTTP/1.1" 200 30
186.78.50.141 - - [24/Mar/2016:09:06:02 -0300] "POST /cormun/servlet/trsolicitudot?581731e5e3743efd281bcb6345f0dbe6,gx-no-cache=1458821177439 HTTP/1.1" 200 106
186.103.156.24 - - [24/Mar/2016:09:06:03 -0300] "GET /cormun/servlet/trsolicitudadjuntos?2016,1102, HTTP/1.1" 200 7797
186.78.50.141 - - [24/Mar/2016:09:06:03 -0300] "GET /cormun/servlet/trsolicitudadjuntos?2016,1104, HTTP/1.1" 200 5493
186.78.50.141 - - [24/Mar/2016:09:06:04 -0300] "GET /cormun/static/Resources/Spanish/PXTools.css?171692 HTTP/1.1" 304 -
186.78.50.141 - - [24/Mar/2016:09:06:04 -0300] "GET /cormun/static/gxcfg.js?2016311731090 HTTP/1.1" 200 953
186.78.50.141 - - [24/Mar/2016:09:06:04 -0300] "GET /cormun/static/trsolicitudadjuntos.js?2016311731342 HTTP/1.1" 304 -
192.168.10.89 - - [24/Mar/2016:09:06:04 -0300] "POST /cormun/servlet/solicitudot?gx-no-cache=1458820908952 HTTP/1.1" 200 30
192.168.10.89 - - [24/Mar/2016:09:06:06 -0300] "GET /cormun/servlet/prcontratosol?15104893,,,,,MD,,gxPopupLevel%3D0%3B HTTP/1.1" 200 5713
186.103.156.24 - - [24/Mar/2016:09:06:07 -0300] "GET /cormun/servlet/solicitudotadjuntos?INS,2016,1102,,1, HTTP/1.1" 200 5574
186.103.159.188 - - [24/Mar/2016:09:06:08 -0300] "GET /cormun/servlet/trcontratoobservacion? HTTP/1.1" 200 5639
186.103.156.24 - - [24/Mar/2016:09:06:08 -0300] "GET /cormun/static/about:blank HTTP/1.1" 404 1011
186.103.156.24 - - [24/Mar/2016:09:06:08 -0300] "GET /cormun/servlet/solicitudotadjuntos?INS,2016,1102,,1, HTTP/1.1" 200 5568
186.103.159.188 - - [24/Mar/2016:09:06:08 -0300] "GET /cormun/servlet/trcontratoobservacion? HTTP/1.1" 200 5639
192.168.10.89 - - [24/Mar/2016:09:06:09 -0300] "POST /cormun/servlet/solicitudot?gx-no-cache=1458820913472 HTTP/1.1" 200 1170
186.103.156.24 - - [24/Mar/2016:09:06:09 -0300] "GET /cormun/servlet/solicitudotadjuntos?59139eaa7d992cc74263005bc18c96a0c323c8df5f63a207ca8be7d96e81e8a59c15d7d834db240cc482072561e074d9,gx-no-cache=1458821355610 HTTP/1.1" 200 30
186.103.156.24 - - [24/Mar/2016:09:06:09 -0300] "POST /cormun/servlet/solicitudotadjuntos?44fa6517b57d04c14bbc0ab749571ed2,INS,2016,1102,,1,,gx-no-cache=1458821355650 HTTP/1.1" 200 3448
192.168.10.89 - - [24/Mar/2016:09:06:09 -0300] "GET /cormun/servlet/solicitudot?85eb69c5d1a2313160b8d0928dc4f12495651ed245ce149609f467ad074189e1ae95f9f4f229a0ea06e67a3bed6ca4f38ec19579b04680a6995b51099d67bedc837580efcdccb2880904019e553d12b820d19794a3eddbaf2e1930cd99664215086ab1b1024c6ec99ac9f69f456b7cc1533d5fe8bd6ed9d6e53bc08ed9a4da71662d0b9ee1d830c3b30f67a15a757e4f,gx-no-cache=1458820913593 HTTP/1.1" 200 38
192.168.10.89 - - [24/Mar/2016:09:06:09 -0300] "GET /cormun/servlet/solicitudot?85eb69c5d1a2313160b8d0928dc4f124912a498a578e04dd4ed2281ee950995bfe0d129bdb060f4a88e926a5cd073bef7dadd4fb62cac8c57cb18478137a447eaf752c0cf0c74560b00bab909f04481ba0006ed2cd0a7b8dfb1436b3e4913a9c8b12ff8f85d3a2b9913028ce8facdc2b,gx-no-cache=1458820913618 HTTP/1.1" 200 29
192.168.10.89 - - [24/Mar/2016:09:06:09 -0300] "POST /cormun/servlet/solicitudot?gx-no-cache=1458820913640 HTTP/1.1" 200 1128
186.78.50.141 - - [24/Mar/2016:09:06:11 -0300] "GET /cormun/servlet/solicitudotadjuntos?INS,2016,1104,,1, HTTP/1.1" 200 5581
186.78.50.141 - - [24/Mar/2016:09:06:11 -0300] "GET /cormun/static/gxcfg.js?201631622493247 HTTP/1.1" 200 953
186.78.50.141 - - [24/Mar/2016:09:06:11 -0300] "GET /cormun/static/solicitudotadjuntos.js?201631622493267 HTTP/1.1" 304 -
186.78.50.141 - - [24/Mar/2016:09:06:11 -0300] "HEAD /cormun/static/about:blank HTTP/1.1" 404 -
186.78.50.141 - - [24/Mar/2016:09:06:12 -0300] "GET /cormun/servlet/solicitudotadjuntos?c151cc56fcea670b757b0331d0434364551977ccf19e2c5bebb663b5b43cb4c36223ad736e0a4d22f1c65b855aeda0db,gx-no-cache=1458821189010 HTTP/1.1" 200 30
186.78.50.141 - - [24/Mar/2016:09:06:13 -0300] "POST /cormun/servlet/solicitudotadjuntos?581731e5e3743efd281bcb6345f0dbe6,INS,2016,1104,,1,,gx-no-cache=1458821189086 HTTP/1.1" 200 3407
186.103.156.24 - - [24/Mar/2016:09:06:13 -0300] "POST /cormun/servlet/solicitudotadjuntos?gx-no-cache=1458821183562 HTTP/1.1" 200 26
186.78.50.141 - - [24/Mar/2016:09:06:15 -0300] "POST /cormun/servlet/solicitudotadjuntos?gx-no-cache=1458821192142 HTTP/1.1" 200 26
186.103.156.24 - - [24/Mar/2016:09:06:28 -0300] "GET /cormun/servlet/solicitudotadjuntos?59139eaa7d992cc74263005bc18c96a0660a45e79644f072736df44a00f7d750,gx-no-cache=1458821199328 HTTP/1.1" 200 30
186.103.156.24 - - [24/Mar/2016:09:06:28 -0300] "GET /cormun/servlet/solicitudotadjuntos?59139eaa7d992cc74263005bc18c96a0660a45e79644f072736df44a00f7d750,gx-no-cache=1458821199350 HTTP/1.1" 200 30
186.103.156.24 - - [24/Mar/2016:09:06:31 -0300] "POST /cormun/servlet/solicitudotadjuntos?44fa6517b57d04c14bbc0ab749571ed2,INS,2016,1102,,1, HTTP/1.1" 200 116
186.103.156.24 - - [24/Mar/2016:09:06:32 -0300] "GET /cormun/servlet/hpexe_return? HTTP/1.1" 200 1028
192.168.10.89 - - [24/Mar/2016:09:06:32 -0300] "GET /cormun/servlet/solicitudot?85eb69c5d1a2313160b8d0928dc4f1245aab6ba680f775d53a1ee1c384ea2d8b54d0ebe3a65f110bc40a79a41c9f924fec61ea1321e303bbd6dde59531734ef524e068faeff76aaa0cde23b77857af756ad722db0768bff3aaac3aca6f1501cf70d8950904c747417449e07a957e0734dd5868b9e49a5cfb152026f0ae32e769694b8d8d3892a7f794d69802af3b59e9fcb5065d0121c37c82043c91a1bb5d02cc0943094c3a5242dd5d6dc45739ab1d,gx-no-cache=1458820936979 HTTP/1.1" 200 30
186.103.156.24 - - [24/Mar/2016:09:06:32 -0300] "GET /cormun/servlet/trsolicitudadjuntos?2016,1102, HTTP/1.1" 200 7935
186.103.156.24 - - [24/Mar/2016:09:06:34 -0300] "GET /cormun/servlet/trsolicitudadjuntos?2016,1102, HTTP/1.1" 200 7937
192.168.10.89 - - [24/Mar/2016:09:06:36 -0300] "POST /cormun/servlet/solicitudot?64d4dc7050a36f2f882284abba5f20f5,INS,0,0,,gx-no-cache=1458820940783 HTTP/1.1" 200 93
192.168.10.89 - - [24/Mar/2016:09:06:36 -0300] "GET /cormun/servlet/hpexe_return? HTTP/1.1" 200 1006
192.168.10.89 - - [24/Mar/2016:09:06:37 -0300] "GET /cormun/servlet/trsolicitudot HTTP/1.1" 200 7749
192.168.10.89 - - [24/Mar/2016:09:06:50 -0300] "POST /cormun/servlet/trsolicitudot?64d4dc7050a36f2f882284abba5f20f5,gx-no-cache=1458820954441 HTTP/1.1" 200 3847
192.168.10.89 - - [24/Mar/2016:09:06:50 -0300] "POST /cormun/servlet/trsolicitudot?64d4dc7050a36f2f882284abba5f20f5,gx-no-cache=1458820954759 HTTP/1.1" 200 3687
192.168.10.89 - - [24/Mar/2016:09:06:50 -0300] "GET /cormun/static/Shared/jqueryui/images/ui-bg_flat_55_fafafa_40x100.png HTTP/1.1" 404 1097
192.168.10.89 - - [24/Mar/2016:09:06:50 -0300] "GET /cormun/static/Shared/jqueryui/images/ui-bg_highlight-soft_100_c6c2c8_1x100.png HTTP/1.1" 404 1117
192.168.10.89 - - [24/Mar/2016:09:06:50 -0300] "GET /cormun/static/Shared/jqueryui/images/ui-icons_8d78a5_256x240.png HTTP/1.1" 404 1089
192.168.10.89 - - [24/Mar/2016:09:06:50 -0300] "GET /cormun/static/Shared/jqueryui/images/ui-icons_82798d_256x240.png HTTP/1.1" 404 1089
192.168.10.89 - - [24/Mar/2016:09:06:53 -0300] "GET /cormun/servlet/trautorizarsolicitud? HTTP/1.1" 200 7685
192.168.10.89 - - [24/Mar/2016:09:06:56 -0300] "POST /cormun/servlet/trautorizarsolicitud?64d4dc7050a36f2f882284abba5f20f5,,gx-no-cache=1458820960937 HTTP/1.1" 200 3820
192.168.10.89 - - [24/Mar/2016:09:06:56 -0300] "POST /cormun/servlet/trautorizarsolicitud?64d4dc7050a36f2f882284abba5f20f5,,gx-no-cache=1458820961332 HTTP/1.1" 200 3660
192.168.10.89 - - [24/Mar/2016:09:06:57 -0300] "GET /cormun/static/Shared/jqueryui/images/ui-bg_highlight-soft_100_c6c2c8_1x100.png HTTP/1.1" 404 1117
192.168.10.89 - - [24/Mar/2016:09:06:57 -0300] "GET /cormun/static/Shared/jqueryui/images/ui-icons_8d78a5_256x240.png HTTP/1.1" 404 1089
192.168.10.89 - - [24/Mar/2016:09:06:57 -0300] "GET /cormun/static/Shared/jqueryui/images/ui-bg_flat_55_fafafa_40x100.png HTTP/1.1" 404 1097
192.168.10.89 - - [24/Mar/2016:09:06:57 -0300] "GET /cormun/static/Shared/jqueryui/images/ui-icons_82798d_256x240.png HTTP/1.1" 404 1089
186.103.159.188 - - [24/Mar/2016:09:07:41 -0300] "GET /cormun/servlet/hhome HTTP/1.1" 200 3523
186.103.159.188 - - [24/Mar/2016:09:07:42 -0300] "GET /cormun/servlet/hhome HTTP/1.1" 200 3519
186.103.159.188 - - [24/Mar/2016:09:07:49 -0300] "GET /cormun/servlet/trcontratouno? HTTP/1.1" 200 8937
186.103.159.188 - - [24/Mar/2016:09:07:50 -0300] "GET /cormun/servlet/trcontratouno? HTTP/1.1" 200 8936
186.103.159.188 - - [24/Mar/2016:09:07:55 -0300] "GET /cormun/servlet/trcontratoobservaciondir? HTTP/1.1" 200 5691
186.103.159.188 - - [24/Mar/2016:09:07:55 -0300] "GET /cormun/static/gxcfg.js?20163231973482 HTTP/1.1" 200 953
186.103.159.188 - - [24/Mar/2016:09:07:55 -0300] "GET /cormun/static/trcontratoobservaciondir.js?2016323197386 HTTP/1.1" 200 24069
186.103.159.188 - - [24/Mar/2016:09:07:55 -0300] "GET /cormun/servlet/trcontratoobservaciondir? HTTP/1.1" 200 5691
186.103.159.188 - - [24/Mar/2016:09:07:56 -0300] "POST /cormun/servlet/acontrolpreferencessavestate?None,ASAAVEDRA,true HTTP/1.1" 200 35
186.103.159.188 - - [24/Mar/2016:09:07:59 -0300] "GET /cormun/servlet/trcontratouno? HTTP/1.1" 200 8946
186.103.159.188 - - [24/Mar/2016:09:08:00 -0300] "GET /cormun/servlet/trcontratouno? HTTP/1.1" 200 8943
186.103.159.188 - - [24/Mar/2016:09:08:02 -0300] "GET /cormun/servlet/trcontratouno? HTTP/1.1" 200 8944
186.103.159.188 - - [24/Mar/2016:09:08:02 -0300] "GET /cormun/servlet/trcontratouno? HTTP/1.1" 200 8943
186.103.159.188 - - [24/Mar/2016:09:08:32 -0300] "POST /cormun/servlet/trcontratouno?d475ceeb4fe8b53fdf49c971c1dec718,,gx-no-cache=1458821581554 HTTP/1.1" 200 103
186.103.159.188 - - [24/Mar/2016:09:08:32 -0300] "GET /cormun/ContratoUno-9013.xls HTTP/1.1" 200 5120
186.78.50.141 - - [24/Mar/2016:09:08:50 -0300] "GET /cormun/servlet/solicitudotadjuntos?c151cc56fcea670b757b0331d0434364410046577a452c66cdf4c6b96f2afe2f,gx-no-cache=1458821346667 HTTP/1.1" 200 30
186.78.50.141 - - [24/Mar/2016:09:08:50 -0300] "GET /cormun/servlet/solicitudotadjuntos?c151cc56fcea670b757b0331d0434364410046577a452c66cdf4c6b96f2afe2f,gx-no-cache=1458821346944 HTTP/1.1" 200 30
186.78.50.141 - - [24/Mar/2016:09:08:57 -0300] "POST /cormun/servlet/solicitudotadjuntos?581731e5e3743efd281bcb6345f0dbe6,INS,2016,1104,,1, HTTP/1.1" 200 116
186.78.50.141 - - [24/Mar/2016:09:08:57 -0300] "GET /cormun/servlet/hpexe_return? HTTP/1.1" 200 1026
186.78.50.141 - - [24/Mar/2016:09:08:58 -0300] "GET /cormun/servlet/trsolicitudadjuntos?2016,1104, HTTP/1.1" 200 7352
186.78.50.141 - - [24/Mar/2016:09:09:02 -0300] "GET /cormun/servlet/solicitudotadjuntos?INS,2016,1104,,1, HTTP/1.1" 200 5580
186.78.50.141 - - [24/Mar/2016:09:09:02 -0300] "HEAD /cormun/static/about:blank HTTP/1.1" 404 -
186.78.50.141 - - [24/Mar/2016:09:09:03 -0300] "GET /cormun/servlet/solicitudotadjuntos?c151cc56fcea670b757b0331d0434364551977ccf19e2c5bebb663b5b43cb4c36223ad736e0a4d22f1c65b855aeda0db,gx-no-cache=1458821359889 HTTP/1.1" 200 30
186.78.50.141 - - [24/Mar/2016:09:09:03 -0300] "POST /cormun/servlet/solicitudotadjuntos?581731e5e3743efd281bcb6345f0dbe6,INS,2016,1104,,1,,gx-no-cache=1458821360003 HTTP/1.1" 200 3407
186.78.50.141 - - [24/Mar/2016:09:09:06 -0300] "POST /cormun/servlet/solicitudotadjuntos?gx-no-cache=1458821363022 HTTP/1.1" 200 26
186.103.159.188 - - [24/Mar/2016:09:09:11 -0300] "GET /cormun/servlet/hhome HTTP/1.1" 200 3531
186.103.159.188 - - [24/Mar/2016:09:09:11 -0300] "GET /cormun/servlet/hhome HTTP/1.1" 200 3527
186.78.50.141 - - [24/Mar/2016:09:09:20 -0300] "GET /cormun/servlet/solicitudotadjuntos?c151cc56fcea670b757b0331d0434364410046577a452c66cdf4c6b96f2afe2f,gx-no-cache=1458821376509 HTTP/1.1" 200 30
186.78.50.141 - - [24/Mar/2016:09:09:20 -0300] "GET /cormun/servlet/solicitudotadjuntos?c151cc56fcea670b757b0331d0434364410046577a452c66cdf4c6b96f2afe2f,gx-no-cache=1458821376595 HTTP/1.1" 200 30
186.78.50.141 - - [24/Mar/2016:09:09:21 -0300] "POST /cormun/servlet/solicitudotadjuntos?581731e5e3743efd281bcb6345f0dbe6,INS,2016,1104,,1, HTTP/1.1" 200 116
186.78.50.141 - - [24/Mar/2016:09:09:22 -0300] "GET /cormun/servlet/hpexe_return? HTTP/1.1" 200 1026
186.78.50.141 - - [24/Mar/2016:09:09:22 -0300] "GET /cormun/servlet/trsolicitudadjuntos?2016,1104, HTTP/1.1" 200 7504
186.103.159.188 - - [24/Mar/2016:09:09:23 -0300] "GET /cormun/servlet/trcontratouno? HTTP/1.1" 200 8946
186.103.159.188 - - [24/Mar/2016:09:09:24 -0300] "GET /cormun/servlet/trcontratouno? HTTP/1.1" 200 8943
186.78.50.141 - - [24/Mar/2016:09:09:26 -0300] "GET /cormun/servlet/solicitudotadjuntos?INS,2016,1104,,1, HTTP/1.1" 200 5582
186.78.50.141 - - [24/Mar/2016:09:09:26 -0300] "HEAD /cormun/static/about:blank HTTP/1.1" 404 -
186.78.50.141 - - [24/Mar/2016:09:09:27 -0300] "GET /cormun/servlet/solicitudotadjuntos?c151cc56fcea670b757b0331d0434364551977ccf19e2c5bebb663b5b43cb4c36223ad736e0a4d22f1c65b855aeda0db,gx-no-cache=1458821383639 HTTP/1.1" 200 30
186.78.50.141 - - [24/Mar/2016:09:09:27 -0300] "POST /cormun/servlet/solicitudotadjuntos?581731e5e3743efd281bcb6345f0dbe6,INS,2016,1104,,1,,gx-no-cache=1458821383986 HTTP/1.1" 200 3409
186.78.50.141 - - [24/Mar/2016:09:09:30 -0300] "POST /cormun/servlet/solicitudotadjuntos?gx-no-cache=1458821387139 HTTP/1.1" 200 26
186.78.50.141 - - [24/Mar/2016:09:09:37 -0300] "GET /cormun/servlet/solicitudotadjuntos?c151cc56fcea670b757b0331d0434364410046577a452c66cdf4c6b96f2afe2f,gx-no-cache=1458821393715 HTTP/1.1" 200 30
186.78.50.141 - - [24/Mar/2016:09:09:37 -0300] "GET /cormun/servlet/solicitudotadjuntos?c151cc56fcea670b757b0331d0434364410046577a452c66cdf4c6b96f2afe2f,gx-no-cache=1458821393807 HTTP/1.1" 200 30
186.103.159.188 - - [24/Mar/2016:09:09:51 -0300] "POST /cormun/servlet/trcontratouno?d475ceeb4fe8b53fdf49c971c1dec718,,gx-no-cache=1458821668426 HTTP/1.1" 200 6157
186.78.50.141 - - [24/Mar/2016:09:09:54 -0300] "POST /cormun/servlet/solicitudotadjuntos?581731e5e3743efd281bcb6345f0dbe6,INS,2016,1104,,1, HTTP/1.1" 200 116
186.78.50.141 - - [24/Mar/2016:09:09:54 -0300] "GET /cormun/servlet/hpexe_return? HTTP/1.1" 200 1026
186.78.50.141 - - [24/Mar/2016:09:09:55 -0300] "GET /cormun/servlet/trsolicitudadjuntos?2016,1104, HTTP/1.1" 200 7647
186.78.50.141 - - [24/Mar/2016:09:09:58 -0300] "GET /cormun/servlet/solicitudotadjuntos?INS,2016,1104,,1, HTTP/1.1" 200 5582
186.78.50.141 - - [24/Mar/2016:09:09:58 -0300] "HEAD /cormun/static/about:blank HTTP/1.1" 404 -
186.78.50.141 - - [24/Mar/2016:09:09:59 -0300] "GET /cormun/servlet/solicitudotadjuntos?c151cc56fcea670b757b0331d0434364551977ccf19e2c5bebb663b5b43cb4c36223ad736e0a4d22f1c65b855aeda0db,gx-no-cache=1458821415615 HTTP/1.1" 200 30
186.78.50.141 - - [24/Mar/2016:09:10:00 -0300] "POST /cormun/servlet/solicitudotadjuntos?581731e5e3743efd281bcb6345f0dbe6,INS,2016,1104,,1,,gx-no-cache=1458821415789 HTTP/1.1" 200 3409
186.78.50.141 - - [24/Mar/2016:09:10:05 -0300] "POST /cormun/servlet/solicitudotadjuntos?gx-no-cache=1458821421508 HTTP/1.1" 200 26
186.78.50.141 - - [24/Mar/2016:09:10:10 -0300] "GET /cormun/servlet/solicitudotadjuntos?c151cc56fcea670b757b0331d0434364410046577a452c66cdf4c6b96f2afe2f,gx-no-cache=1458821427084 HTTP/1.1" 200 30
186.78.50.141 - - [24/Mar/2016:09:10:11 -0300] "GET /cormun/servlet/solicitudotadjuntos?c151cc56fcea670b757b0331d0434364410046577a452c66cdf4c6b96f2afe2f,gx-no-cache=1458821427326 HTTP/1.1" 200 30
186.78.50.141 - - [24/Mar/2016:09:10:17 -0300] "POST /cormun/servlet/solicitudotadjuntos?581731e5e3743efd281bcb6345f0dbe6,INS,2016,1104,,1, HTTP/1.1" 200 116
186.78.50.141 - - [24/Mar/2016:09:10:17 -0300] "GET /cormun/servlet/hpexe_return? HTTP/1.1" 200 1026
186.78.50.141 - - [24/Mar/2016:09:10:18 -0300] "GET /cormun/servlet/trsolicitudadjuntos?2016,1104, HTTP/1.1" 200 7760
186.78.50.141 - - [24/Mar/2016:09:10:22 -0300] "GET /cormun/servlet/solicitudotadjuntos?INS,2016,1104,,1, HTTP/1.1" 200 5582
186.78.50.141 - - [24/Mar/2016:09:10:22 -0300] "HEAD /cormun/static/about:blank HTTP/1.1" 404 -
186.103.156.24 - - [24/Mar/2016:09:10:23 -0300] "GET /cormun/servlet/solicitudotadjuntos?INS,2016,1102,,1, HTTP/1.1" 200 5574
186.103.156.24 - - [24/Mar/2016:09:10:23 -0300] "GET /cormun/static/about:blank HTTP/1.1" 404 1011
186.78.50.141 - - [24/Mar/2016:09:10:23 -0300] "GET /cormun/servlet/solicitudotadjuntos?c151cc56fcea670b757b0331d0434364551977ccf19e2c5bebb663b5b43cb4c36223ad736e0a4d22f1c65b855aeda0db,gx-no-cache=1458821439943 HTTP/1.1" 200 30
186.78.50.141 - - [24/Mar/2016:09:10:24 -0300] "POST /cormun/servlet/solicitudotadjuntos?581731e5e3743efd281bcb6345f0dbe6,INS,2016,1104,,1,,gx-no-cache=1458821440236 HTTP/1.1" 200 3408
186.103.156.24 - - [24/Mar/2016:09:10:24 -0300] "GET /cormun/servlet/solicitudotadjuntos?59139eaa7d992cc74263005bc18c96a0c323c8df5f63a207ca8be7d96e81e8a59c15d7d834db240cc482072561e074d9,gx-no-cache=1458821439576 HTTP/1.1" 200 30
186.103.156.24 - - [24/Mar/2016:09:10:24 -0300] "POST /cormun/servlet/solicitudotadjuntos?44fa6517b57d04c14bbc0ab749571ed2,INS,2016,1102,,1,,gx-no-cache=1458821439633 HTTP/1.1" 200 3447
186.103.156.24 - - [24/Mar/2016:09:10:25 -0300] "GET /cormun/servlet/solicitudotadjuntos?INS,2016,1102,,1, HTTP/1.1" 200 5568
186.78.50.141 - - [24/Mar/2016:09:10:28 -0300] "POST /cormun/servlet/solicitudotadjuntos?gx-no-cache=1458821444578 HTTP/1.1" 200 26
186.103.156.24 - - [24/Mar/2016:09:10:29 -0300] "POST /cormun/servlet/solicitudotadjuntos?gx-no-cache=1458821444586 HTTP/1.1" 200 26
186.78.50.141 - - [24/Mar/2016:09:10:29 -0300] "GET /cormun/servlet/solicitudotadjuntos?c151cc56fcea670b757b0331d0434364410046577a452c66cdf4c6b96f2afe2f,gx-no-cache=1458821446146 HTTP/1.1" 200 30
186.78.50.141 - - [24/Mar/2016:09:10:30 -0300] "GET /cormun/servlet/solicitudotadjuntos?c151cc56fcea670b757b0331d0434364410046577a452c66cdf4c6b96f2afe2f,gx-no-cache=1458821446335 HTTP/1.1" 200 30
186.78.50.141 - - [24/Mar/2016:09:10:30 -0300] "POST /cormun/servlet/solicitudotadjuntos?581731e5e3743efd281bcb6345f0dbe6,INS,2016,1104,,1,,gx-no-cache=1458821446639 HTTP/1.1" 200 93
186.78.50.141 - - [24/Mar/2016:09:10:30 -0300] "GET /cormun/servlet/hpexe_return? HTTP/1.1" 200 1026
186.78.50.141 - - [24/Mar/2016:09:10:31 -0300] "GET /cormun/servlet/trsolicitudadjuntos?2016,1104, HTTP/1.1" 200 7833
186.103.156.24 - - [24/Mar/2016:09:10:38 -0300] "GET /cormun/servlet/solicitudotadjuntos?59139eaa7d992cc74263005bc18c96a0660a45e79644f072736df44a00f7d750,gx-no-cache=1458821454618 HTTP/1.1" 200 30
186.103.156.24 - - [24/Mar/2016:09:10:38 -0300] "GET /cormun/servlet/solicitudotadjuntos?59139eaa7d992cc74263005bc18c96a0660a45e79644f072736df44a00f7d750,gx-no-cache=1458821454696 HTTP/1.1" 200 30
186.78.50.141 - - [24/Mar/2016:09:10:38 -0300] "GET /cormun/servlet/solicitudotadjuntos?DLT,2016,1104,CERTIF5,0, HTTP/1.1" 200 5477
186.78.50.141 - - [24/Mar/2016:09:10:39 -0300] "HEAD /cormun/static/about:blank HTTP/1.1" 404 -
186.103.156.24 - - [24/Mar/2016:09:10:39 -0300] "POST /cormun/servlet/solicitudotadjuntos?44fa6517b57d04c14bbc0ab749571ed2,INS,2016,1102,,1, HTTP/1.1" 200 116
186.78.50.141 - - [24/Mar/2016:09:10:39 -0300] "GET /cormun/static/Shared/jqueryui/images/ui-bg_flat_55_fafafa_40x100.png HTTP/1.1" 404 1097
186.103.156.24 - - [24/Mar/2016:09:10:39 -0300] "GET /cormun/servlet/hpexe_return? HTTP/1.1" 200 1028
186.78.50.141 - - [24/Mar/2016:09:10:39 -0300] "GET /cormun/static/Shared/jqueryui/images/ui-icons_8d78a5_256x240.png HTTP/1.1" 404 1089
186.78.50.141 - - [24/Mar/2016:09:10:39 -0300] "GET /cormun/static/Shared/jqueryui/images/ui-icons_82798d_256x240.png HTTP/1.1" 404 1089
186.78.50.141 - - [24/Mar/2016:09:10:39 -0300] "GET /cormun/static/Shared/jqueryui/images/ui-bg_highlight-soft_100_c6c2c8_1x100.png HTTP/1.1" 404 1117
186.103.156.24 - - [24/Mar/2016:09:10:40 -0300] "GET /cormun/servlet/trsolicitudadjuntos?2016,1102, HTTP/1.1" 200 8063
186.103.156.24 - - [24/Mar/2016:09:10:43 -0300] "GET /cormun/servlet/trsolicitudadjuntos?2016,1102, HTTP/1.1" 200 8061
186.78.50.141 - - [24/Mar/2016:09:10:43 -0300] "POST /cormun/servlet/solicitudotadjuntos?581731e5e3743efd281bcb6345f0dbe6,DLT,2016,1104,CERTIF5,0,,gx-no-cache=1458821459536 HTTP/1.1" 200 93
186.78.50.141 - - [24/Mar/2016:09:10:44 -0300] "GET /cormun/servlet/hpexe_return? HTTP/1.1" 200 1033
186.78.50.141 - - [24/Mar/2016:09:10:45 -0300] "GET /cormun/servlet/trsolicitudadjuntos?2016,1104, HTTP/1.1" 200 7761
186.78.50.141 - - [24/Mar/2016:09:10:52 -0300] "GET /cormun/servlet/solicitudotadjuntos?INS,2016,1104,,1, HTTP/1.1" 200 5582
186.78.50.141 - - [24/Mar/2016:09:10:53 -0300] "HEAD /cormun/static/about:blank HTTP/1.1" 404 -
186.78.50.141 - - [24/Mar/2016:09:10:53 -0300] "GET /cormun/servlet/solicitudotadjuntos?c151cc56fcea670b757b0331d0434364551977ccf19e2c5bebb663b5b43cb4c36223ad736e0a4d22f1c65b855aeda0db,gx-no-cache=1458821470121 HTTP/1.1" 200 30
186.78.50.141 - - [24/Mar/2016:09:10:54 -0300] "POST /cormun/servlet/solicitudotadjuntos?581731e5e3743efd281bcb6345f0dbe6,INS,2016,1104,,1,,gx-no-cache=1458821470194 HTTP/1.1" 200 3408
192.168.10.89 - - [24/Mar/2016:09:10:55 -0300] "GET /cormun/servlet/hlogin HTTP/1.1" 200 1737
186.78.50.141 - - [24/Mar/2016:09:10:57 -0300] "POST /cormun/servlet/solicitudotadjuntos?gx-no-cache=1458821473811 HTTP/1.1" 200 26
186.78.50.141 - - [24/Mar/2016:09:11:03 -0300] "GET /cormun/servlet/solicitudotadjuntos?c151cc56fcea670b757b0331d0434364410046577a452c66cdf4c6b96f2afe2f,gx-no-cache=1458821479818 HTTP/1.1" 200 30
186.78.50.141 - - [24/Mar/2016:09:11:03 -0300] "GET /cormun/servlet/solicitudotadjuntos?c151cc56fcea670b757b0331d0434364410046577a452c66cdf4c6b96f2afe2f,gx-no-cache=1458821480105 HTTP/1.1" 200 30
186.78.50.141 - - [24/Mar/2016:09:11:14 -0300] "POST /cormun/servlet/solicitudotadjuntos?581731e5e3743efd281bcb6345f0dbe6,INS,2016,1104,,1, HTTP/1.1" 200 116
186.78.50.141 - - [24/Mar/2016:09:11:14 -0300] "GET /cormun/servlet/hpexe_return? HTTP/1.1" 200 1026
186.78.50.141 - - [24/Mar/2016:09:11:15 -0300] "GET /cormun/servlet/trsolicitudadjuntos?2016,1104, HTTP/1.1" 200 7877
192.168.10.89 - - [24/Mar/2016:09:11:22 -0300] "POST /cormun/servlet/hlogin?64d4dc7050a36f2f882284abba5f20f5,gx-no-cache=1458821227100 HTTP/1.1" 200 459
186.78.50.141 - - [24/Mar/2016:09:11:23 -0300] "GET /cormun/servlet/solicitudotadjuntos?INS,2016,1104,,1, HTTP/1.1" 200 5582
186.78.50.141 - - [24/Mar/2016:09:11:24 -0300] "HEAD /cormun/static/about:blank HTTP/1.1" 404 -
186.78.50.141 - - [24/Mar/2016:09:11:25 -0300] "GET /cormun/servlet/solicitudotadjuntos?c151cc56fcea670b757b0331d0434364551977ccf19e2c5bebb663b5b43cb4c36223ad736e0a4d22f1c65b855aeda0db,gx-no-cache=1458821501330 HTTP/1.1" 200 30
186.78.50.141 - - [24/Mar/2016:09:11:26 -0300] "POST /cormun/servlet/solicitudotadjuntos?581731e5e3743efd281bcb6345f0dbe6,INS,2016,1104,,1,,gx-no-cache=1458821501595 HTTP/1.1" 200 3409
186.78.50.141 - - [24/Mar/2016:09:11:29 -0300] "POST /cormun/servlet/solicitudotadjuntos?gx-no-cache=1458821505843 HTTP/1.1" 200 26
192.168.10.89 - - [24/Mar/2016:09:11:30 -0300] "POST /cormun/servlet/hlogin?64d4dc7050a36f2f882284abba5f20f5,gx-no-cache=1458821234830 HTTP/1.1" 200 90
192.168.10.89 - - [24/Mar/2016:09:11:30 -0300] "GET /cormun/servlet/hpexe_link HTTP/1.1" 200 948
192.168.10.89 - - [24/Mar/2016:09:11:31 -0300] "GET /cormun/servlet/hhome HTTP/1.1" 200 3558
186.78.50.141 - - [24/Mar/2016:09:11:35 -0300] "GET /cormun/servlet/solicitudotadjuntos?c151cc56fcea670b757b0331d0434364410046577a452c66cdf4c6b96f2afe2f,gx-no-cache=1458821511634 HTTP/1.1" 200 30
186.78.50.141 - - [24/Mar/2016:09:11:35 -0300] "GET /cormun/servlet/solicitudotadjuntos?c151cc56fcea670b757b0331d0434364410046577a452c66cdf4c6b96f2afe2f,gx-no-cache=1458821511846 HTTP/1.1" 200 30
186.78.50.141 - - [24/Mar/2016:09:11:36 -0300] "POST /cormun/servlet/solicitudotadjuntos?581731e5e3743efd281bcb6345f0dbe6,INS,2016,1104,,1, HTTP/1.1" 200 116
186.78.50.141 - - [24/Mar/2016:09:11:36 -0300] "GET /cormun/servlet/hpexe_return? HTTP/1.1" 200 1026
186.78.50.141 - - [24/Mar/2016:09:11:36 -0300] "GET /cormun/servlet/trsolicitudadjuntos?2016,1104, HTTP/1.1" 200 7982
192.168.10.89 - - [24/Mar/2016:09:11:38 -0300] "GET /cormun/servlet/trsolicitudot? HTTP/1.1" 200 7768
186.103.156.24 - - [24/Mar/2016:09:11:41 -0300] "GET /cormun/servlet/trsolicitudot? HTTP/1.1" 200 8243
186.103.156.24 - - [24/Mar/2016:09:11:42 -0300] "GET /cormun/servlet/trsolicitudot? HTTP/1.1" 200 8237
186.78.50.141 - - [24/Mar/2016:09:11:47 -0300] "GET /cormun/servlet/trautorizarsolicitud? HTTP/1.1" 200 6407
186.78.50.141 - - [24/Mar/2016:09:11:47 -0300] "GET /cormun/static/Resources/Spanish/PXTools.css?19284387 HTTP/1.1" 304 -
186.78.50.141 - - [24/Mar/2016:09:11:47 -0300] "GET /cormun/static/gxcfg.js?201632119361219 HTTP/1.1" 200 953
186.78.50.141 - - [24/Mar/2016:09:11:47 -0300] "GET /cormun/static/trautorizarsolicitud.js?20163211936186 HTTP/1.1" 304 -
186.103.156.24 - - [24/Mar/2016:09:11:49 -0300] "POST /cormun/servlet/trsolicitudot?44fa6517b57d04c14bbc0ab749571ed2,,gx-no-cache=1458821538337 HTTP/1.1" 200 5320
186.103.156.24 - - [24/Mar/2016:09:11:49 -0300] "POST /cormun/servlet/trsolicitudot?44fa6517b57d04c14bbc0ab749571ed2,,gx-no-cache=1458821538739 HTTP/1.1" 200 5262
186.103.156.24 - - [24/Mar/2016:09:11:54 -0300] "POST /cormun/servlet/trsolicitudot?44fa6517b57d04c14bbc0ab749571ed2,,gx-no-cache=1458821544217 HTTP/1.1" 200 106
186.103.156.24 - - [24/Mar/2016:09:11:54 -0300] "GET /cormun/servlet/trsolicitudadjuntos?2016,1100, HTTP/1.1" 200 5490
186.103.156.24 - - [24/Mar/2016:09:11:55 -0300] "GET /cormun/servlet/trsolicitudadjuntos?2016,1100, HTTP/1.1" 200 5490
186.78.50.141 - - [24/Mar/2016:09:11:55 -0300] "GET /cormun/servlet/trsolicitudot? HTTP/1.1" 200 7747
192.168.10.89 - - [24/Mar/2016:09:11:57 -0300] "GET /cormun/servlet/trautorizarsolicitud? HTTP/1.1" 200 7722
186.103.156.24 - - [24/Mar/2016:09:12:00 -0300] "GET /cormun/servlet/solicitudotadjuntos?INS,2016,1100,,1, HTTP/1.1" 200 5574
186.103.156.24 - - [24/Mar/2016:09:12:00 -0300] "GET /cormun/static/about:blank HTTP/1.1" 404 1011
186.103.156.24 - - [24/Mar/2016:09:12:01 -0300] "GET /cormun/servlet/solicitudotadjuntos?INS,2016,1100,,1, HTTP/1.1" 200 5568
186.103.156.24 - - [24/Mar/2016:09:12:01 -0300] "GET /cormun/servlet/solicitudotadjuntos?59139eaa7d992cc74263005bc18c96a00eb76230ef26b6d5b57d3310fe3946ba9c15d7d834db240cc482072561e074d9,gx-no-cache=1458821552053 HTTP/1.1" 200 30
186.103.156.24 - - [24/Mar/2016:09:12:01 -0300] "POST /cormun/servlet/solicitudotadjuntos?44fa6517b57d04c14bbc0ab749571ed2,INS,2016,1100,,1,,gx-no-cache=1458821552157 HTTP/1.1" 200 3447
186.78.50.141 - - [24/Mar/2016:09:12:03 -0300] "POST /cormun/servlet/trsolicitudot?581731e5e3743efd281bcb6345f0dbe6,,gx-no-cache=1458821539093 HTTP/1.1" 200 3831
186.78.50.141 - - [24/Mar/2016:09:12:03 -0300] "POST /cormun/servlet/trsolicitudot?581731e5e3743efd281bcb6345f0dbe6,,gx-no-cache=1458821539857 HTTP/1.1" 200 3679
186.78.50.141 - - [24/Mar/2016:09:12:04 -0300] "GET /cormun/static/Shared/jqueryui/images/ui-icons_8d78a5_256x240.png HTTP/1.1" 404 1089
186.78.50.141 - - [24/Mar/2016:09:12:04 -0300] "GET /cormun/static/Shared/jqueryui/images/ui-bg_highlight-soft_100_c6c2c8_1x100.png HTTP/1.1" 404 1117
186.78.50.141 - - [24/Mar/2016:09:12:04 -0300] "GET /cormun/static/Shared/jqueryui/images/ui-bg_flat_55_fafafa_40x100.png HTTP/1.1" 404 1097
186.78.50.141 - - [24/Mar/2016:09:12:04 -0300] "GET /cormun/static/Shared/jqueryui/images/ui-icons_82798d_256x240.png HTTP/1.1" 404 1089
186.103.156.24 - - [24/Mar/2016:09:12:05 -0300] "POST /cormun/servlet/solicitudotadjuntos?gx-no-cache=1458821556150 HTTP/1.1" 200 26
186.78.50.141 - - [24/Mar/2016:09:12:08 -0300] "GET /cormun/servlet/trautorizarsolicitud? HTTP/1.1" 200 7684
192.168.10.89 - - [24/Mar/2016:09:12:15 -0300] "GET /cormun/servlet/hlogin HTTP/1.1" 200 1737
186.103.156.24 - - [24/Mar/2016:09:12:16 -0300] "GET /cormun/servlet/solicitudotadjuntos?59139eaa7d992cc74263005bc18c96a0660a45e79644f072736df44a00f7d750,gx-no-cache=1458821568394 HTTP/1.1" 200 30
186.103.156.24 - - [24/Mar/2016:09:12:16 -0300] "GET /cormun/servlet/solicitudotadjuntos?59139eaa7d992cc74263005bc18c96a0660a45e79644f072736df44a00f7d750,gx-no-cache=1458821568442 HTTP/1.1" 200 30
186.78.50.141 - - [24/Mar/2016:09:12:18 -0300] "POST /cormun/servlet/trautorizarsolicitud?581731e5e3743efd281bcb6345f0dbe6,,gx-no-cache=1458821553532 HTTP/1.1" 200 3800
186.78.50.141 - - [24/Mar/2016:09:12:18 -0300] "POST /cormun/servlet/trautorizarsolicitud?581731e5e3743efd281bcb6345f0dbe6,,gx-no-cache=1458821554738 HTTP/1.1" 200 3652
186.78.50.141 - - [24/Mar/2016:09:12:19 -0300] "GET /cormun/static/Shared/jqueryui/images/ui-icons_8d78a5_256x240.png HTTP/1.1" 404 1089
186.78.50.141 - - [24/Mar/2016:09:12:19 -0300] "GET /cormun/static/Shared/jqueryui/images/ui-bg_flat_55_fafafa_40x100.png HTTP/1.1" 404 1097
186.78.50.141 - - [24/Mar/2016:09:12:19 -0300] "GET /cormun/static/Shared/jqueryui/images/ui-icons_82798d_256x240.png HTTP/1.1" 404 1089
186.78.50.141 - - [24/Mar/2016:09:12:19 -0300] "GET /cormun/static/Shared/jqueryui/images/ui-bg_highlight-soft_100_c6c2c8_1x100.png HTTP/1.1" 404 1117
186.103.156.24 - - [24/Mar/2016:09:12:20 -0300] "POST /cormun/servlet/solicitudotadjuntos?44fa6517b57d04c14bbc0ab749571ed2,INS,2016,1100,,1, HTTP/1.1" 200 116
186.103.156.24 - - [24/Mar/2016:09:12:20 -0300] "GET /cormun/servlet/hpexe_return? HTTP/1.1" 200 1028
186.103.156.24 - - [24/Mar/2016:09:12:20 -0300] "GET /cormun/servlet/trsolicitudadjuntos?2016,1100, HTTP/1.1" 200 7363
186.103.156.24 - - [24/Mar/2016:09:12:21 -0300] "GET /cormun/servlet/trsolicitudadjuntos?2016,1100, HTTP/1.1" 200 7358
192.168.10.89 - - [24/Mar/2016:09:12:23 -0300] "POST /cormun/servlet/hlogin?64d4dc7050a36f2f882284abba5f20f5,gx-no-cache=1458821287632 HTTP/1.1" 200 90
192.168.10.89 - - [24/Mar/2016:09:12:23 -0300] "GET /cormun/servlet/hpexe_link HTTP/1.1" 200 948
192.168.10.89 - - [24/Mar/2016:09:12:24 -0300] "GET /cormun/servlet/hhome HTTP/1.1" 200 3993
186.103.156.24 - - [24/Mar/2016:09:12:24 -0300] "GET /cormun/servlet/solicitudotadjuntos?INS,2016,1100,,1, HTTP/1.1" 200 5574
186.103.156.24 - - [24/Mar/2016:09:12:24 -0300] "GET /cormun/static/about:blank HTTP/1.1" 404 1011
186.103.156.24 - - [24/Mar/2016:09:12:25 -0300] "GET /cormun/servlet/solicitudotadjuntos?INS,2016,1100,,1, HTTP/1.1" 200 5568
186.103.156.24 - - [24/Mar/2016:09:12:25 -0300] "GET /cormun/servlet/solicitudotadjuntos?59139eaa7d992cc74263005bc18c96a00eb76230ef26b6d5b57d3310fe3946ba9c15d7d834db240cc482072561e074d9,gx-no-cache=1458821578274 HTTP/1.1" 200 30
186.103.156.24 - - [24/Mar/2016:09:12:25 -0300] "POST /cormun/servlet/solicitudotadjuntos?44fa6517b57d04c14bbc0ab749571ed2,INS,2016,1100,,1,,gx-no-cache=1458821578351 HTTP/1.1" 200 3447
192.168.10.89 - - [24/Mar/2016:09:12:28 -0300] "GET /cormun/servlet/trsolicitudgral? HTTP/1.1" 200 8800
192.168.10.89 - - [24/Mar/2016:09:12:28 -0300] "GET /cormun/static/gxcfg.js?201631022384633 HTTP/1.1" 200 953
192.168.10.89 - - [24/Mar/2016:09:12:28 -0300] "GET /cormun/static/trsolicitudgral.js?201631022385371 HTTP/1.1" 304 -
186.103.156.24 - - [24/Mar/2016:09:12:31 -0300] "POST /cormun/servlet/solicitudotadjuntos?gx-no-cache=1458821584232 HTTP/1.1" 200 26
192.168.10.89 - - [24/Mar/2016:09:12:34 -0300] "POST /cormun/servlet/trsolicitudgral?64d4dc7050a36f2f882284abba5f20f5,,gx-no-cache=1458821298279 HTTP/1.1" 200 4717
192.168.10.89 - - [24/Mar/2016:09:12:35 -0300] "GET /cormun/static/menuarrow.gif HTTP/1.1" 404 1015
186.103.156.24 - - [24/Mar/2016:09:12:40 -0300] "GET /cormun/servlet/solicitudotadjuntos?59139eaa7d992cc74263005bc18c96a0660a45e79644f072736df44a00f7d750,gx-no-cache=1458821594528 HTTP/1.1" 200 30
186.103.156.24 - - [24/Mar/2016:09:12:40 -0300] "GET /cormun/servlet/solicitudotadjuntos?59139eaa7d992cc74263005bc18c96a0660a45e79644f072736df44a00f7d750,gx-no-cache=1458821594575 HTTP/1.1" 200 30
192.168.10.89 - - [24/Mar/2016:09:12:40 -0300] "POST /cormun/servlet/trsolicitudgral?64d4dc7050a36f2f882284abba5f20f5,,gx-no-cache=1458821304912 HTTP/1.1" 200 5844
186.78.50.141 - - [24/Mar/2016:09:12:41 -0300] "GET /cormun/servlet/trcontratouno? HTTP/1.1" 200 12882
186.78.50.141 - - [24/Mar/2016:09:12:41 -0300] "GET /cormun/static/gxcfg.js?20163221610935 HTTP/1.1" 200 953
186.78.50.141 - - [24/Mar/2016:09:12:41 -0300] "GET /cormun/static/trcontratouno.js?20163221610166 HTTP/1.1" 304 -
186.103.156.24 - - [24/Mar/2016:09:12:43 -0300] "POST /cormun/servlet/solicitudotadjuntos?44fa6517b57d04c14bbc0ab749571ed2,INS,2016,1100,,1, HTTP/1.1" 200 116
192.168.10.89 - - [24/Mar/2016:09:12:44 -0300] "POST /cormun/servlet/trsolicitudgral?64d4dc7050a36f2f882284abba5f20f5,,gx-no-cache=1458821307797 HTTP/1.1" 200 6729
186.103.156.24 - - [24/Mar/2016:09:12:44 -0300] "GET /cormun/servlet/hpexe_return? HTTP/1.1" 200 1028
186.103.156.24 - - [24/Mar/2016:09:12:45 -0300] "GET /cormun/servlet/trsolicitudadjuntos?2016,1100, HTTP/1.1" 200 7526
186.103.156.24 - - [24/Mar/2016:09:12:49 -0300] "GET /cormun/servlet/trsolicitudadjuntos?2016,1100, HTTP/1.1" 200 7523
192.168.10.89 - - [24/Mar/2016:09:12:49 -0300] "POST /cormun/servlet/trsolicitudgral?64d4dc7050a36f2f882284abba5f20f5,,gx-no-cache=1458821313681 HTTP/1.1" 200 4722
186.103.156.24 - - [24/Mar/2016:09:12:51 -0300] "GET /cormun/servlet/solicitudotadjuntos?INS,2016,1100,,1, HTTP/1.1" 200 5574
186.103.156.24 - - [24/Mar/2016:09:12:51 -0300] "GET /cormun/static/about:blank HTTP/1.1" 404 1011
186.103.156.24 - - [24/Mar/2016:09:12:52 -0300] "GET /cormun/servlet/solicitudotadjuntos?INS,2016,1100,,1, HTTP/1.1" 200 5568
192.168.10.89 - - [24/Mar/2016:09:12:52 -0300] "POST /cormun/servlet/trsolicitudgral?64d4dc7050a36f2f882284abba5f20f5,,gx-no-cache=1458821316360 HTTP/1.1" 200 6158
186.103.156.24 - - [24/Mar/2016:09:12:52 -0300] "GET /cormun/servlet/solicitudotadjuntos?59139eaa7d992cc74263005bc18c96a00eb76230ef26b6d5b57d3310fe3946ba9c15d7d834db240cc482072561e074d9,gx-no-cache=1458821607303 HTTP/1.1" 200 30
186.103.156.24 - - [24/Mar/2016:09:12:53 -0300] "POST /cormun/servlet/solicitudotadjuntos?44fa6517b57d04c14bbc0ab749571ed2,INS,2016,1100,,1,,gx-no-cache=1458821607373 HTTP/1.1" 200 3447
192.168.10.89 - - [24/Mar/2016:09:12:55 -0300] "POST /cormun/servlet/trsolicitudgral?64d4dc7050a36f2f882284abba5f20f5,,gx-no-cache=1458821319728 HTTP/1.1" 200 6754
186.103.156.24 - - [24/Mar/2016:09:13:00 -0300] "POST /cormun/servlet/solicitudotadjuntos?gx-no-cache=1458821615405 HTTP/1.1" 200 26
192.168.10.89 - - [24/Mar/2016:09:13:00 -0300] "POST /cormun/servlet/trsolicitudgral?64d4dc7050a36f2f882284abba5f20f5,,gx-no-cache=1458821324047 HTTP/1.1" 200 4725
192.168.10.89 - - [24/Mar/2016:09:13:04 -0300] "POST /cormun/servlet/trsolicitudgral?64d4dc7050a36f2f882284abba5f20f5,,gx-no-cache=1458821327792 HTTP/1.1" 200 8935
186.103.159.188 - - [24/Mar/2016:09:13:10 -0300] "POST /cormun/servlet/trcontratouno?d475ceeb4fe8b53fdf49c971c1dec718,,gx-no-cache=1458821622693 HTTP/1.1" 200 6062
186.103.156.24 - - [24/Mar/2016:09:13:11 -0300] "GET /cormun/servlet/solicitudotadjuntos?59139eaa7d992cc74263005bc18c96a0660a45e79644f072736df44a00f7d750,gx-no-cache=1458821627826 HTTP/1.1" 200 30
186.103.156.24 - - [24/Mar/2016:09:13:11 -0300] "GET /cormun/servlet/solicitudotadjuntos?59139eaa7d992cc74263005bc18c96a0660a45e79644f072736df44a00f7d750,gx-no-cache=1458821627860 HTTP/1.1" 200 30
186.103.156.24 - - [24/Mar/2016:09:13:12 -0300] "POST /cormun/servlet/solicitudotadjuntos?44fa6517b57d04c14bbc0ab749571ed2,INS,2016,1100,,1, HTTP/1.1" 200 116
186.103.156.24 - - [24/Mar/2016:09:13:12 -0300] "GET /cormun/servlet/hpexe_return? HTTP/1.1" 200 1028
186.103.156.24 - - [24/Mar/2016:09:13:13 -0300] "GET /cormun/servlet/trsolicitudadjuntos?2016,1100, HTTP/1.1" 200 7664
186.103.156.24 - - [24/Mar/2016:09:13:14 -0300] "GET /cormun/servlet/trsolicitudadjuntos?2016,1100, HTTP/1.1" 200 7656
