186.103.156.24 - - [23/Mar/2016:17:46:43 -0300] "GET /cormun/static/Shared/jqueryui/images/ui-bg_highlight-soft_100_c6c2c8_1x100.png HTTP/1.1" 404 1117
186.103.156.24 - - [23/Mar/2016:17:46:43 -0300] "GET /cormun/static/Shared/jqueryui/images/ui-icons_82798d_256x240.png HTTP/1.1" 404 1089
186.103.156.24 - - [23/Mar/2016:17:46:43 -0300] "GET /cormun/static/Shared/jqueryui/images/ui-bg_flat_55_fafafa_40x100.png HTTP/1.1" 404 1097
186.103.156.24 - - [23/Mar/2016:17:46:43 -0300] "GET /cormun/static/Shared/jqueryui/images/ui-icons_8d78a5_256x240.png HTTP/1.1" 404 1089
186.103.156.24 - - [23/Mar/2016:17:46:43 -0300] "POST /cormun/servlet/trsolicitudot?71df9be8f8d558d66e0147e99c17095d,gx-no-cache=1458766041705 HTTP/1.1" 200 3416
186.103.156.24 - - [23/Mar/2016:17:46:47 -0300] "GET /cormun/servlet/trautorizarsolicitud? HTTP/1.1" 200 7704
186.103.156.24 - - [23/Mar/2016:17:46:48 -0300] "GET /cormun/servlet/trautorizarsolicitud? HTTP/1.1" 200 7704
186.103.159.44 - - [23/Mar/2016:17:46:49 -0300] "GET /cormun/servlet/hlogin HTTP/1.1" 200 1712
186.103.156.24 - - [23/Mar/2016:17:46:52 -0300] "POST /cormun/servlet/trautorizarsolicitud?71df9be8f8d558d66e0147e99c17095d,,gx-no-cache=1458766050877 HTTP/1.1" 200 3804
186.103.156.24 - - [23/Mar/2016:17:46:52 -0300] "POST /cormun/servlet/trautorizarsolicitud?71df9be8f8d558d66e0147e99c17095d,,gx-no-cache=1458766051147 HTTP/1.1" 200 3651
192.168.10.98 - - [23/Mar/2016:17:46:58 -0300] "POST /cormun/servlet/solicitudot?gx-no-cache=1458765763629 HTTP/1.1" 200 1171
192.168.10.98 - - [23/Mar/2016:17:46:59 -0300] "GET /cormun/servlet/solicitudot?3ad8241ba582dee062e8097244048d40dc904b4900c128370a0635e0f57fe34a57228e752d6138824a59f13ba14212450a1837dd39842660f1a759f4a13d65b9872c5992d8d068b16a9b6a7b03277411dfde01c2ee91cc0e86092c681d57a3727d6bcb1af4c8bfd7094dbdd4e015744ea970c90acc0b94fb1f37e97366c8591f8a58e4d9c08c87d6bc0f63a814a653c8311cbfc7aff583938232e20c709afcc6,gx-no-cache=1458765763719 HTTP/1.1" 200 41
192.168.10.98 - - [23/Mar/2016:17:46:59 -0300] "GET /cormun/servlet/solicitudot?3ad8241ba582dee062e8097244048d40d685cd7740bccfeeaecee11e6c38e418e96a289e8274343dc0dd0542e9b232b39baf1214d48c351c3ec7d967512cfa0e379d19c7f94cc52933c3d19617dbcf2e54a7409332726c79d16081209e30449634dfdf01f6c1e3895dba93e04a858e99067deb6b30ecefe65d74d33e4b16e03b,gx-no-cache=1458765763767 HTTP/1.1" 200 29
192.168.10.98 - - [23/Mar/2016:17:46:59 -0300] "POST /cormun/servlet/solicitudot?gx-no-cache=1458765763786 HTTP/1.1" 200 1127
186.103.159.44 - - [23/Mar/2016:17:47:01 -0300] "POST /cormun/servlet/hlogin?ecf289336dc631d86ca4f4e909a6dc6b,gx-no-cache=1458766047471 HTTP/1.1" 200 90
186.103.159.44 - - [23/Mar/2016:17:47:01 -0300] "GET /cormun/servlet/hpexe_link HTTP/1.1" 200 951
186.103.159.44 - - [23/Mar/2016:17:47:01 -0300] "GET /cormun/servlet/trsolicitudot HTTP/1.1" 200 6425
186.103.159.44 - - [23/Mar/2016:17:47:05 -0300] "GET /cormun/servlet/trsolicitudot? HTTP/1.1" 200 6423
186.103.159.44 - - [23/Mar/2016:17:47:09 -0300] "GET /cormun/servlet/solicitudot?INS,0,0, HTTP/1.1" 200 11625
186.103.159.44 - - [23/Mar/2016:17:47:22 -0300] "POST /cormun/servlet/solicitudot?gx-no-cache=1458766068648 HTTP/1.1" 200 2781
186.103.159.44 - - [23/Mar/2016:17:47:22 -0300] "POST /cormun/servlet/solicitudot?ecf289336dc631d86ca4f4e909a6dc6b,INS,0,0,,gx-no-cache=1458766068796 HTTP/1.1" 200 8455
200.112.233.47 - - [23/Mar/2016:17:47:23 -0300] "POST /cormun/servlet/solicitudot?gx-no-cache=1458769653656 HTTP/1.1" 200 1171
200.112.233.47 - - [23/Mar/2016:17:47:23 -0300] "GET /cormun/servlet/solicitudot?39a9825f9b85d89bb0544093ad757117d3358b142e4d04d8733b539e43de07ba856e67fe727b6c9a04a4571bfba69f05f70f065648feda5347dcac37c836234a3813b7637f24f79ff878bd2a8bc6ea5e177e51e2420a02792f07428e18d0608582f469a42315e47b5f55c10a0bc1d664188dbe8d5c56815abb8e25a7fe636417b57ac4af6f0e87c405d92b0c7d096a5b0485a828237b1493182c75a96532b06f,gx-no-cache=1458769653812 HTTP/1.1" 200 41
200.112.233.47 - - [23/Mar/2016:17:47:23 -0300] "POST /cormun/servlet/solicitudot?gx-no-cache=1458769653875 HTTP/1.1" 200 1127
200.112.233.47 - - [23/Mar/2016:17:47:23 -0300] "GET /cormun/servlet/solicitudot?39a9825f9b85d89bb0544093ad757117970d829e6978db2eb7e98a30b421672528fa63cc288fe1792ca2bda797d101455cfd9a202da7309ef511c4e591478d82fa430a66f71de2ef7e88ec9f9fc3464422353b1bdd58555793f64e60b88fc1cdce22bc2b0772515ce7040e5f697aa1e1e49977447357f269376444abcafdbf85b68667a2e256fd8a5a855b1aff58d22b713becddab761226f80bd4d77c17a391ee2f3b5ce129a6456e39be6bf4ffbd33,gx-no-cache=1458769654000 HTTP/1.1" 200 30
200.112.233.47 - - [23/Mar/2016:17:47:23 -0300] "POST /cormun/servlet/solicitudot?193bc36a2a0ae150b798973b976ae8bf,UPD,2016,1090,,gx-no-cache=1458769654093 HTTP/1.1" 200 93
200.112.233.47 - - [23/Mar/2016:17:47:24 -0300] "GET /cormun/servlet/hpexe_return? HTTP/1.1" 200 1005
200.112.233.47 - - [23/Mar/2016:17:47:24 -0300] "GET /cormun/servlet/trsolicitudot HTTP/1.1" 200 7735
192.168.10.98 - - [23/Mar/2016:17:47:26 -0300] "GET /cormun/servlet/solicitudot?3ad8241ba582dee062e8097244048d404523d59ac4a8bda7299ef915df376148ba3d9fcac285e4c1f1b22542fd3656d0039ef15b4744b3c59eac923b2b783d601757ba739ffdb7607772fa742841166b9564e4e08337dd024ff0c9fffe858f6448d94f794cd380d25666072e4bdc3a89c971773ce80e698ccbc5da7f3097b2408511a3ea5eb5ea18d8cd39b44e01985042d3a79037370041b38af15b8e6564b6808388fd3c38650b6f41ee1c55bf2162,gx-no-cache=1458765790918 HTTP/1.1" 200 30
186.103.159.44 - - [23/Mar/2016:17:47:26 -0300] "GET /cormun/servlet/solicitudot?f10e78a30da142d8e669cb13a14d85473e2f477dc4c7dd5c3bc052a65fe4578546aad126584cad623eaacba085e9ec66,gx-no-cache=1458766073177 HTTP/1.1" 200 30
186.103.159.44 - - [23/Mar/2016:17:47:26 -0300] "POST /cormun/servlet/solicitudot?gx-no-cache=1458766073220 HTTP/1.1" 200 30
186.103.159.44 - - [23/Mar/2016:17:47:29 -0300] "POST /cormun/servlet/solicitudot?gx-no-cache=1458766076013 HTTP/1.1" 200 30
186.103.159.44 - - [23/Mar/2016:17:47:31 -0300] "GET /cormun/servlet/prcontratosol?19400481,,,,,MD,,gxPopupLevel%3D0%3B HTTP/1.1" 200 5727
186.103.159.44 - - [23/Mar/2016:17:47:38 -0300] "POST /cormun/servlet/solicitudot?gx-no-cache=1458766085243 HTTP/1.1" 200 1171
186.103.159.44 - - [23/Mar/2016:17:47:38 -0300] "GET /cormun/servlet/solicitudot?f10e78a30da142d8e669cb13a14d85476f43a77bdf3bcd3e3e2caaacc8fd4035f14d69557386c3f3356fb8f88dddfb0cb57a89bdb6b52e42a5eeac878a5b94a79abc5db71e36bacfa997e5d85b1b3ed2dc61ff9159070bde054ee2d3e2e41619674058200553ebdd0a94ff5d61041c4d964071a2c730fa444305249eb6ea57eead29bde85ce2494d6312eae44b1bb483,gx-no-cache=1458766085372 HTTP/1.1" 200 38
186.103.159.44 - - [23/Mar/2016:17:47:38 -0300] "GET /cormun/servlet/solicitudot?f10e78a30da142d8e669cb13a14d85476e3db028b047860e30448336eddc87c80becf3f161c12404932f3765a62b0b8949e6367b7a9e2393728173ba19d07a1cf4fe897d499651335211a02f7fc7cd83940a81822bdf9af99b03d0d50af0259e39df45a4d5b0bb0fb77a2edf7ce6910e510289eafaa9e71b9e17f8f0aefdc740a5c3d873e79fa722cf56e2e7719ac596347738dd88a4c98a93152712729b1da8,gx-no-cache=1458766085424 HTTP/1.1" 200 29
186.103.159.44 - - [23/Mar/2016:17:47:38 -0300] "POST /cormun/servlet/solicitudot?gx-no-cache=1458766085479 HTTP/1.1" 200 1128
186.103.159.189 - - [23/Mar/2016:17:47:51 -0300] "POST /cormun/servlet/trcontratouno?41623ebffcda9c6cbeefe58339667231,,gx-no-cache=1458769880273 HTTP/1.1" 200 7798
186.103.159.44 - - [23/Mar/2016:17:47:53 -0300] "POST /cormun/servlet/solicitudot?gx-no-cache=1458766100134 HTTP/1.1" 200 1171
186.103.159.44 - - [23/Mar/2016:17:47:53 -0300] "GET /cormun/servlet/solicitudot?f10e78a30da142d8e669cb13a14d85476f43a77bdf3bcd3e3e2caaacc8fd4035f14d69557386c3f3356fb8f88dddfb0cb57a89bdb6b52e42a5eeac878a5b94a79abc5db71e36bacfa997e5d85b1b3ed2dc61ff9159070bde054ee2d3e2e41619674058200553ebdd0a94ff5d61041c4d964071a2c730fa444305249eb6ea57eead29bde85ce2494d6312eae44b1bb483,gx-no-cache=1458766100180 HTTP/1.1" 200 38
192.168.10.98 - - [23/Mar/2016:17:48:00 -0300] "POST /cormun/servlet/solicitudot?bd03f3630243022a70777721048a1273,UPD,2016,1090,,gx-no-cache=1458765825226 HTTP/1.1" 200 9450
192.168.10.98 - - [23/Mar/2016:17:48:00 -0300] "GET /cormun/static/Shared/jqueryui/images/ui-icons_82798d_256x240.png HTTP/1.1" 404 1089
192.168.10.98 - - [23/Mar/2016:17:48:00 -0300] "GET /cormun/static/Shared/jqueryui/images/ui-icons_ebccce_256x240.png HTTP/1.1" 404 1089
192.168.10.98 - - [23/Mar/2016:17:48:00 -0300] "GET /cormun/static/Shared/jqueryui/images/ui-bg_flat_55_994d53_40x100.png HTTP/1.1" 404 1097
192.168.10.98 - - [23/Mar/2016:17:48:00 -0300] "GET /cormun/static/Shared/jqueryui/images/ui-bg_highlight-soft_100_c6c2c8_1x100.png HTTP/1.1" 404 1117
186.103.159.44 - - [23/Mar/2016:17:48:03 -0300] "POST /cormun/servlet/solicitudot?gx-no-cache=1458766109864 HTTP/1.1" 200 1128
186.103.159.44 - - [23/Mar/2016:17:48:03 -0300] "GET /cormun/static/menuarrow.gif HTTP/1.1" 404 1015
192.168.10.98 - - [23/Mar/2016:17:48:12 -0300] "POST /cormun/servlet/solicitudot?bd03f3630243022a70777721048a1273,UPD,2016,1090,,gx-no-cache=1458765837619 HTTP/1.1" 200 93
192.168.10.98 - - [23/Mar/2016:17:48:13 -0300] "GET /cormun/servlet/hpexe_return? HTTP/1.1" 200 1017
192.168.10.98 - - [23/Mar/2016:17:48:13 -0300] "GET /cormun/static/gxcfg.js?2015111312145050 HTTP/1.1" 200 953
192.168.10.98 - - [23/Mar/2016:17:48:13 -0300] "GET /cormun/static/hpexe_return.js?2015111312145056 HTTP/1.1" 304 -
192.168.10.98 - - [23/Mar/2016:17:48:13 -0300] "GET /cormun/static/Resources/Spanish/PXTools.css?12112540 HTTP/1.1" 304 -
192.168.10.98 - - [23/Mar/2016:17:48:13 -0300] "GET /cormun/servlet/trsolicitudot HTTP/1.1" 200 7738
192.168.10.98 - - [23/Mar/2016:17:48:14 -0300] "GET /cormun/servlet/trsolicitudot HTTP/1.1" 200 7734
186.103.159.44 - - [23/Mar/2016:17:48:16 -0300] "GET /cormun/servlet/solicitudot?f10e78a30da142d8e669cb13a14d8547a66b8db53215f96bdcceac523fb10625c1d2f4b088c1588f8ec134f64d0914b2166c66f32096751de62c34c0c8591e208a932e448e7f2288c6d5d8743d382f4931f815c8fbb90a01e617e37c500407c6cbec3f578e4ef10c5beb49703899084dd1e706390fe441980e8dc6a1ab8ac5885147715b54c653d8086be592ac8dc8f20e12f3e2bd2c755ef2432bf87f873236a4f56e5a7a947b3bc44490f70d03ec22,gx-no-cache=1458766122777 HTTP/1.1" 200 30
186.103.159.44 - - [23/Mar/2016:17:48:33 -0300] "POST /cormun/servlet/solicitudot?ecf289336dc631d86ca4f4e909a6dc6b,INS,0,0,,gx-no-cache=1458766139297 HTTP/1.1" 200 93
186.103.159.44 - - [23/Mar/2016:17:48:33 -0300] "GET /cormun/servlet/hpexe_return? HTTP/1.1" 200 1004
186.103.159.44 - - [23/Mar/2016:17:48:33 -0300] "GET /cormun/servlet/trsolicitudot HTTP/1.1" 200 6427
192.168.10.98 - - [23/Mar/2016:17:48:47 -0300] "POST /cormun/servlet/trsolicitudot?bd03f3630243022a70777721048a1273,gx-no-cache=1458765872518 HTTP/1.1" 200 3715
192.168.10.98 - - [23/Mar/2016:17:48:50 -0300] "POST /cormun/servlet/trsolicitudot?bd03f3630243022a70777721048a1273,gx-no-cache=1458765875097 HTTP/1.1" 200 3717
192.168.10.98 - - [23/Mar/2016:17:48:52 -0300] "POST /cormun/servlet/trsolicitudot?bd03f3630243022a70777721048a1273,gx-no-cache=1458765877158 HTTP/1.1" 200 3717
186.103.159.44 - - [23/Mar/2016:17:48:53 -0300] "GET /cormun/servlet/solicitudot?INS,0,0, HTTP/1.1" 200 11626
192.168.10.98 - - [23/Mar/2016:17:48:54 -0300] "POST /cormun/servlet/trsolicitudot?bd03f3630243022a70777721048a1273,gx-no-cache=1458765878967 HTTP/1.1" 200 5156
200.112.233.47 - - [23/Mar/2016:17:48:55 -0300] "GET /cormun/servlet/solicitudot?INS,0,0, HTTP/1.1" 200 11637
186.103.159.44 - - [23/Mar/2016:17:49:00 -0300] "POST /cormun/servlet/solicitudot?gx-no-cache=1458766166454 HTTP/1.1" 200 2781
186.103.159.44 - - [23/Mar/2016:17:49:00 -0300] "POST /cormun/servlet/solicitudot?ecf289336dc631d86ca4f4e909a6dc6b,INS,0,0,,gx-no-cache=1458766166636 HTTP/1.1" 200 8455
186.103.159.44 - - [23/Mar/2016:17:49:03 -0300] "GET /cormun/servlet/solicitudot?f10e78a30da142d8e669cb13a14d85473e2f477dc4c7dd5c3bc052a65fe4578546aad126584cad623eaacba085e9ec66,gx-no-cache=1458766169910 HTTP/1.1" 200 30
186.103.159.44 - - [23/Mar/2016:17:49:03 -0300] "POST /cormun/servlet/solicitudot?gx-no-cache=1458766169978 HTTP/1.1" 200 30
186.103.159.44 - - [23/Mar/2016:17:49:07 -0300] "POST /cormun/servlet/solicitudot?gx-no-cache=1458766174348 HTTP/1.1" 200 30
200.112.233.47 - - [23/Mar/2016:17:49:10 -0300] "POST /cormun/servlet/solicitudot?gx-no-cache=1458769760968 HTTP/1.1" 200 2737
186.103.159.44 - - [23/Mar/2016:17:49:10 -0300] "GET /cormun/servlet/prcontratosol?19400481,,,,,MD,,gxPopupLevel%3D0%3B HTTP/1.1" 200 5727
200.112.233.47 - - [23/Mar/2016:17:49:11 -0300] "POST /cormun/servlet/solicitudot?193bc36a2a0ae150b798973b976ae8bf,INS,0,0,,gx-no-cache=1458769761390 HTTP/1.1" 200 8421
200.112.233.47 - - [23/Mar/2016:17:49:14 -0300] "GET /cormun/servlet/solicitudot?39a9825f9b85d89bb0544093ad757117d09372a54a41f1c642d181d9fdf6849a0e58b9d71cf2fa006ea884e451813ee0,gx-no-cache=1458769764515 HTTP/1.1" 200 30
200.112.233.47 - - [23/Mar/2016:17:49:14 -0300] "POST /cormun/servlet/solicitudot?gx-no-cache=1458769764593 HTTP/1.1" 200 30
200.112.233.47 - - [23/Mar/2016:17:49:17 -0300] "POST /cormun/servlet/solicitudot?gx-no-cache=1458769768093 HTTP/1.1" 200 30
186.103.159.44 - - [23/Mar/2016:17:49:18 -0300] "POST /cormun/servlet/solicitudot?gx-no-cache=1458766185377 HTTP/1.1" 200 1171
186.103.159.44 - - [23/Mar/2016:17:49:19 -0300] "GET /cormun/servlet/solicitudot?f10e78a30da142d8e669cb13a14d85476f43a77bdf3bcd3e3e2caaacc8fd4035f14d69557386c3f3356fb8f88dddfb0cb57a89bdb6b52e42a5eeac878a5b94a79abc5db71e36bacfa997e5d85b1b3ed2dc61ff9159070bde054ee2d3e2e41619674058200553ebdd0a94ff5d61041c4d964071a2c730fa444305249eb6ea57eead29bde85ce2494d6312eae44b1bb483,gx-no-cache=1458766185514 HTTP/1.1" 200 38
186.103.159.44 - - [23/Mar/2016:17:49:19 -0300] "GET /cormun/servlet/solicitudot?f10e78a30da142d8e669cb13a14d85476e3db028b047860e30448336eddc87c80becf3f161c12404932f3765a62b0b8949e6367b7a9e2393728173ba19d07a1cf4fe897d499651335211a02f7fc7cd83940a81822bdf9af99b03d0d50af0259e39df45a4d5b0bb0fb77a2edf7ce6910e510289eafaa9e71b9e17f8f0aefdc740a5c3d873e79fa722cf56e2e7719ac596347738dd88a4c98a93152712729b1da8,gx-no-cache=1458766185547 HTTP/1.1" 200 29
186.103.159.44 - - [23/Mar/2016:17:49:19 -0300] "POST /cormun/servlet/solicitudot?gx-no-cache=1458766185603 HTTP/1.1" 200 1128
200.112.233.47 - - [23/Mar/2016:17:49:29 -0300] "POST /cormun/servlet/solicitudot?gx-no-cache=1458769780203 HTTP/1.1" 200 1171
200.112.233.47 - - [23/Mar/2016:17:49:30 -0300] "GET /cormun/servlet/solicitudot?39a9825f9b85d89bb0544093ad757117d3358b142e4d04d8733b539e43de07ba856e67fe727b6c9a04a4571bfba69f05f70f065648feda5347dcac37c836234a3813b7637f24f79ff878bd2a8bc6ea5e177e51e2420a02792f07428e18d0608582f469a42315e47b5f55c10a0bc1d664188dbe8d5c56815abb8e25a7fe6364175f5839a26f0e1bc4b05efe35c577e63b,gx-no-cache=1458769780500 HTTP/1.1" 200 38
186.103.159.44 - - [23/Mar/2016:17:49:32 -0300] "POST /cormun/servlet/solicitudot?gx-no-cache=1458766198722 HTTP/1.1" 200 1171
186.103.159.44 - - [23/Mar/2016:17:49:32 -0300] "GET /cormun/servlet/solicitudot?f10e78a30da142d8e669cb13a14d85476f43a77bdf3bcd3e3e2caaacc8fd4035f14d69557386c3f3356fb8f88dddfb0cb57a89bdb6b52e42a5eeac878a5b94a79abc5db71e36bacfa997e5d85b1b3ed2dc61ff9159070bde054ee2d3e2e41619674058200553ebdd0a94ff5d61041c4d964071a2c730fa444305249eb6ea57eead29bde85ce2494d6312eae44b1bb483,gx-no-cache=1458766198801 HTTP/1.1" 200 38
192.168.10.98 - - [23/Mar/2016:17:49:34 -0300] "POST /cormun/servlet/trsolicitudot?bd03f3630243022a70777721048a1273,gx-no-cache=1458765919443 HTTP/1.1" 200 3716
200.112.233.47 - - [23/Mar/2016:17:49:37 -0300] "GET /cormun/servlet/solicitudot?39a9825f9b85d89bb0544093ad757117ed5f8bdfdb9533d20dc71b6b2dfa109e9cac3d6214890b3a549f1b2167e59d8986b5bd6806a30489ed4e714c859f4d207250de46d8c221d253da3fc0f8530c1a0f30b27da5b8ccca0ab3c33cdb68e2395bd4e6ef1965412cbe550c0018e3e977888ad115bea7275a093d95d98e4caec6730096ea9cf4472762b50c8c94c0f1bb7367a29c8e8f11edc9caa92fce4c2b6e,gx-no-cache=1458769787500 HTTP/1.1" 200 29
200.112.233.47 - - [23/Mar/2016:17:49:37 -0300] "POST /cormun/servlet/solicitudot?gx-no-cache=1458769787562 HTTP/1.1" 200 1127
192.168.10.98 - - [23/Mar/2016:17:49:38 -0300] "POST /cormun/servlet/trsolicitudot?bd03f3630243022a70777721048a1273,gx-no-cache=1458765923326 HTTP/1.1" 200 5157
186.103.159.44 - - [23/Mar/2016:17:49:43 -0300] "POST /cormun/servlet/solicitudot?gx-no-cache=1458766210175 HTTP/1.1" 200 1128
186.103.159.44 - - [23/Mar/2016:17:49:43 -0300] "GET /cormun/static/menuarrow.gif HTTP/1.1" 404 1015
200.112.233.47 - - [23/Mar/2016:17:49:45 -0300] "GET /cormun/servlet/solicitudot?39a9825f9b85d89bb0544093ad757117877ce15f22739d86989f7d01d0d39777e3b6fa9b021e4a6d2036f737e35be56428b216b9194abbd861d071f4b245218ed21ee82a586c640481362849aa453dcec1f21c7ff6344515c152c9bd9ce970d512206de87474960db0350bf5c1a6743190cd704cdab98f4d508182d7a131679bc62a156f0ee8ec773dd21a0a61e6829bbcf86dc460e83b3ded74adf541cdcb486672a04b3b4ae4829f337f7954269234,gx-no-cache=1458769796187 HTTP/1.1" 200 30
186.103.159.44 - - [23/Mar/2016:17:49:52 -0300] "GET /cormun/servlet/solicitudot?f10e78a30da142d8e669cb13a14d8547a66b8db53215f96bdcceac523fb10625c1d2f4b088c1588f8ec134f64d0914b2166c66f32096751de62c34c0c8591e208a932e448e7f2288c6d5d8743d382f4931f815c8fbb90a01e617e37c500407c6cbec3f578e4ef10c5beb49703899084dd1e706390fe441980e8dc6a1ab8ac5885147715b54c653d8086be592ac8dc8f20e12f3e2bd2c755ef2432bf87f873236a4f56e5a7a947b3bc44490f70d03ec22,gx-no-cache=1458766219144 HTTP/1.1" 200 30
186.103.159.44 - - [23/Mar/2016:17:50:01 -0300] "POST /cormun/servlet/solicitudot?ecf289336dc631d86ca4f4e909a6dc6b,INS,0,0,,gx-no-cache=1458766227880 HTTP/1.1" 200 93
186.103.159.44 - - [23/Mar/2016:17:50:01 -0300] "GET /cormun/servlet/hpexe_return? HTTP/1.1" 200 1004
186.103.159.44 - - [23/Mar/2016:17:50:01 -0300] "GET /cormun/servlet/trsolicitudot HTTP/1.1" 200 6427
186.103.159.44 - - [23/Mar/2016:17:50:05 -0300] "POST /cormun/servlet/trsolicitudot?ecf289336dc631d86ca4f4e909a6dc6b,gx-no-cache=1458766231779 HTTP/1.1" 200 3654
186.103.159.44 - - [23/Mar/2016:17:50:06 -0300] "POST /cormun/servlet/trsolicitudot?ecf289336dc631d86ca4f4e909a6dc6b,gx-no-cache=1458766232918 HTTP/1.1" 200 3654
186.103.159.44 - - [23/Mar/2016:17:50:12 -0300] "GET /cormun/servlet/trcontratoobservacion? HTTP/1.1" 200 5631
186.103.159.44 - - [23/Mar/2016:17:50:12 -0300] "GET /cormun/static/gxui/gxui-all.css?110300 HTTP/1.1" 200 2179
186.103.159.44 - - [23/Mar/2016:17:50:12 -0300] "GET /cormun/static/gxcfg.js?20163162321242 HTTP/1.1" 200 953
186.103.159.44 - - [23/Mar/2016:17:50:12 -0300] "GET /cormun/static/Shared/ext/resources/css/ext-all.css?205870 HTTP/1.1" 200 416045
186.103.159.44 - - [23/Mar/2016:17:50:12 -0300] "GET /cormun/static/trcontratoobservacion.js?20163162321531 HTTP/1.1" 200 21166
200.112.233.47 - - [23/Mar/2016:17:50:25 -0300] "POST /cormun/servlet/solicitudot?gx-no-cache=1458769835437 HTTP/1.1" 200 1171
200.112.233.47 - - [23/Mar/2016:17:50:25 -0300] "GET /cormun/servlet/solicitudot?39a9825f9b85d89bb0544093ad757117d3358b142e4d04d8733b539e43de07ba856e67fe727b6c9a04a4571bfba69f05f70f065648feda5347dcac37c836234a3813b7637f24f79ff878bd2a8bc6ea5e177e51e2420a02792f07428e18d0608582f469a42315e47b5f55c10a0bc1d664188dbe8d5c56815abb8e25a7fe636417b57ac4af6f0e87c405d92b0c7d096a5b0485a828237b1493182c75a96532b06f,gx-no-cache=1458769835656 HTTP/1.1" 200 41
200.112.233.47 - - [23/Mar/2016:17:50:25 -0300] "POST /cormun/servlet/solicitudot?gx-no-cache=1458769835734 HTTP/1.1" 200 1127
200.112.233.47 - - [23/Mar/2016:17:50:25 -0300] "GET /cormun/servlet/solicitudot?39a9825f9b85d89bb0544093ad757117877ce15f22739d86989f7d01d0d397778564a84342cd4c8b1f4ab1051b7a8c1ccb3bac3cf5996552680335bba39b2226e9b3cf844a4090e4f895f0866838bda9b75627fab177dce16d9a9246918f9b0b87ccec4f013811cbf55d994a5940630d56d6ac655016041bcaf87872e71ed7f0a25e5b6da439d2a6fffe79ddfd7070ef32a627a43464e644a107517743d32a1ec25dca8bb468693cd0095dfb4d76ab2c,gx-no-cache=1458769835906 HTTP/1.1" 200 30
200.112.233.47 - - [23/Mar/2016:17:50:25 -0300] "POST /cormun/servlet/solicitudot?193bc36a2a0ae150b798973b976ae8bf,INS,0,0,,gx-no-cache=1458769835968 HTTP/1.1" 200 93
200.112.233.47 - - [23/Mar/2016:17:50:25 -0300] "GET /cormun/servlet/hpexe_return? HTTP/1.1" 200 999
200.112.233.47 - - [23/Mar/2016:17:50:26 -0300] "GET /cormun/servlet/trsolicitudot HTTP/1.1" 200 8054
186.103.159.44 - - [23/Mar/2016:17:50:31 -0300] "POST /cormun/servlet/trcontratoobservacion?ecf289336dc631d86ca4f4e909a6dc6b,,gx-no-cache=1458766258160 HTTP/1.1" 200 3302
192.168.10.98 - - [23/Mar/2016:17:50:36 -0300] "POST /cormun/servlet/trsolicitudot?bd03f3630243022a70777721048a1273,gx-no-cache=1458765980900 HTTP/1.1" 200 5485
192.168.10.98 - - [23/Mar/2016:17:50:41 -0300] "POST /cormun/servlet/trsolicitudot?bd03f3630243022a70777721048a1273,gx-no-cache=1458765985858 HTTP/1.1" 200 105
192.168.10.98 - - [23/Mar/2016:17:50:41 -0300] "GET /cormun/servlet/solicitudot?UPD,2016,1090, HTTP/1.1" 200 12866
192.168.10.98 - - [23/Mar/2016:17:50:42 -0300] "GET /cormun/servlet/solicitudot?UPD,2016,1090, HTTP/1.1" 200 12875
192.168.10.98 - - [23/Mar/2016:17:50:42 -0300] "POST /cormun/servlet/solicitudot?gx-no-cache=1458765987371 HTTP/1.1" 200 2747
192.168.10.98 - - [23/Mar/2016:17:50:42 -0300] "POST /cormun/servlet/solicitudot?bd03f3630243022a70777721048a1273,UPD,2016,1090,,gx-no-cache=1458765987560 HTTP/1.1" 200 9173
192.168.10.98 - - [23/Mar/2016:17:50:43 -0300] "GET /cormun/servlet/solicitudot?3ad8241ba582dee062e8097244048d4015d8ced0d4462c6e08bae499f229358f4602b7a0b8ad64948676bdaacdd760df,gx-no-cache=1458765987748 HTTP/1.1" 200 30
192.168.10.98 - - [23/Mar/2016:17:50:43 -0300] "POST /cormun/servlet/solicitudot?gx-no-cache=1458765987786 HTTP/1.1" 200 30
192.168.10.98 - - [23/Mar/2016:17:50:43 -0300] "POST /cormun/servlet/solicitudot?gx-no-cache=1458765987802 HTTP/1.1" 200 30
192.168.10.98 - - [23/Mar/2016:17:50:43 -0300] "POST /cormun/servlet/solicitudot?gx-no-cache=1458765987826 HTTP/1.1" 200 1171
192.168.10.98 - - [23/Mar/2016:17:50:43 -0300] "GET /cormun/servlet/solicitudot?3ad8241ba582dee062e8097244048d40dc904b4900c128370a0635e0f57fe34a57228e752d6138824a59f13ba14212450a1837dd39842660f1a759f4a13d65b9872c5992d8d068b16a9b6a7b03277411dfde01c2ee91cc0e86092c681d57a3727d6bcb1af4c8bfd7094dbdd4e015744ea970c90acc0b94fb1f37e97366c8591f8a58e4d9c08c87d6bc0f63a814a653c8311cbfc7aff583938232e20c709afcc6,gx-no-cache=1458765987923 HTTP/1.1" 200 41
186.103.159.44 - - [23/Mar/2016:17:50:44 -0300] "POST /cormun/servlet/trcontratoobservacion?ecf289336dc631d86ca4f4e909a6dc6b,,gx-no-cache=1458766270558 HTTP/1.1" 200 3307
186.103.159.44 - - [23/Mar/2016:17:50:46 -0300] "POST /cormun/servlet/trcontratoobservacion?ecf289336dc631d86ca4f4e909a6dc6b,,gx-no-cache=1458766272605 HTTP/1.1" 200 3307
192.168.10.98 - - [23/Mar/2016:17:50:48 -0300] "GET /cormun/servlet/solicitudot?3ad8241ba582dee062e8097244048d40d685cd7740bccfeeaecee11e6c38e418e96a289e8274343dc0dd0542e9b232b39baf1214d48c351c3ec7d967512cfa0e379d19c7f94cc52933c3d19617dbcf2e54a7409332726c79d16081209e30449634dfdf01f6c1e3895dba93e04a858e99067deb6b30ecefe65d74d33e4b16e03b,gx-no-cache=1458765993414 HTTP/1.1" 200 29
192.168.10.98 - - [23/Mar/2016:17:50:48 -0300] "POST /cormun/servlet/solicitudot?gx-no-cache=1458765993476 HTTP/1.1" 200 1127
192.168.10.98 - - [23/Mar/2016:17:50:48 -0300] "GET /cormun/servlet/solicitudot?3ad8241ba582dee062e8097244048d404523d59ac4a8bda7299ef915df37614856450a86377906c902928368bc0f52c2039ef15b4744b3c59eac923b2b783d601757ba739ffdb7607772fa742841166b9564e4e08337dd024ff0c9fffe858f6448d94f794cd380d25666072e4bdc3a89c971773ce80e698ccbc5da7f3097b2408511a3ea5eb5ea18d8cd39b44e01985042d3a79037370041b38af15b8e6564b619cda5f1b231c3514a7835665474a7a4,gx-no-cache=1458765993509 HTTP/1.1" 200 32
192.168.10.98 - - [23/Mar/2016:17:51:03 -0300] "POST /cormun/servlet/solicitudot?bd03f3630243022a70777721048a1273,UPD,2016,1090,,gx-no-cache=1458766007996 HTTP/1.1" 200 93
192.168.10.98 - - [23/Mar/2016:17:51:03 -0300] "GET /cormun/servlet/hpexe_return? HTTP/1.1" 200 1038
192.168.10.98 - - [23/Mar/2016:17:51:03 -0300] "GET /cormun/servlet/trsolicitudot?gx-no-cache=1458765980900 HTTP/1.1" 200 8058
192.168.10.98 - - [23/Mar/2016:17:51:04 -0300] "GET /cormun/servlet/trsolicitudot?gx-no-cache=1458765980900 HTTP/1.1" 200 8076
200.112.233.47 - - [23/Mar/2016:17:52:08 -0300] "GET /cormun/servlet/solicitudot?INS,0,0, HTTP/1.1" 200 11637
186.103.159.189 - - [23/Mar/2016:17:52:12 -0300] "POST /cormun/servlet/trcontratouno?41623ebffcda9c6cbeefe58339667231,,gx-no-cache=1458770142217 HTTP/1.1" 200 8095
186.103.159.189 - - [23/Mar/2016:17:52:18 -0300] "POST /cormun/servlet/trcontratouno?41623ebffcda9c6cbeefe58339667231,,gx-no-cache=1458770148278 HTTP/1.1" 200 8100
200.112.233.47 - - [23/Mar/2016:17:52:48 -0300] "POST /cormun/servlet/solicitudot?gx-no-cache=1458769978593 HTTP/1.1" 200 2746
200.112.233.47 - - [23/Mar/2016:17:52:48 -0300] "POST /cormun/servlet/solicitudot?193bc36a2a0ae150b798973b976ae8bf,INS,0,0,,gx-no-cache=1458769978828 HTTP/1.1" 200 8412
200.112.233.47 - - [23/Mar/2016:17:53:02 -0300] "GET /cormun/servlet/solicitudot?39a9825f9b85d89bb0544093ad757117f956790578ae69364076151d26b574440e58b9d71cf2fa006ea884e451813ee0,gx-no-cache=1458769993250 HTTP/1.1" 200 30
200.112.233.47 - - [23/Mar/2016:17:53:03 -0300] "POST /cormun/servlet/solicitudot?gx-no-cache=1458769993328 HTTP/1.1" 200 30
200.112.233.47 - - [23/Mar/2016:17:53:05 -0300] "POST /cormun/servlet/solicitudot?gx-no-cache=1458769995453 HTTP/1.1" 200 30
200.112.233.47 - - [23/Mar/2016:17:53:07 -0300] "POST /cormun/servlet/solicitudot?gx-no-cache=1458769997906 HTTP/1.1" 200 1171
200.112.233.47 - - [23/Mar/2016:17:53:07 -0300] "GET /cormun/servlet/solicitudot?39a9825f9b85d89bb0544093ad757117d3358b142e4d04d8733b539e43de07ba856e67fe727b6c9a04a4571bfba69f05f70f065648feda5347dcac37c836234a3813b7637f24f79ff878bd2a8bc6ea5e177e51e2420a02792f07428e18d0608582f469a42315e47b5f55c10a0bc1d664188dbe8d5c56815abb8e25a7fe6364175f5839a26f0e1bc4b05efe35c577e63b,gx-no-cache=1458769998046 HTTP/1.1" 200 38
200.112.233.47 - - [23/Mar/2016:17:53:28 -0300] "GET /cormun/servlet/solicitudot?39a9825f9b85d89bb0544093ad757117ed5f8bdfdb9533d20dc71b6b2dfa109e9cac3d6214890b3a549f1b2167e59d8986b5bd6806a30489ed4e714c859f4d207250de46d8c221d253da3fc0f8530c1a0f30b27da5b8ccca0ab3c33cdb68e2395bd4e6ef1965412cbe550c0018e3e977888ad115bea7275a093d95d98e4caec6730096ea9cf4472762b50c8c94c0f1bb7367a29c8e8f11edc9caa92fce4c2b6e,gx-no-cache=1458770018421 HTTP/1.1" 200 29
200.112.233.47 - - [23/Mar/2016:17:53:28 -0300] "POST /cormun/servlet/solicitudot?gx-no-cache=1458770018484 HTTP/1.1" 200 1128
200.112.233.47 - - [23/Mar/2016:17:53:34 -0300] "GET /cormun/servlet/solicitudot?39a9825f9b85d89bb0544093ad7571177edb1ab3a926545e3938a5dae4b9e1c4e3b6fa9b021e4a6d2036f737e35be56428b216b9194abbd861d071f4b245218ed21ee82a586c640481362849aa453dcec1f21c7ff6344515c152c9bd9ce970d512206de87474960db0350bf5c1a6743190cd704cdab98f4d508182d7a131679bc62a156f0ee8ec773dd21a0a61e6829bbcf86dc460e83b3ded74adf541cdcb486672a04b3b4ae4829f337f7954269234,gx-no-cache=1458770025062 HTTP/1.1" 200 30
200.112.233.47 - - [23/Mar/2016:17:53:55 -0300] "POST /cormun/servlet/solicitudot?gx-no-cache=1458770046234 HTTP/1.1" 200 30
186.78.63.199 - - [23/Mar/2016:17:54:10 -0300] "POST /cormun/servlet/trcontratouno?54f41f623543199a4b779671ca19a9c4,,gx-no-cache=1458766464728 HTTP/1.1" 200 6161
186.103.159.189 - - [23/Mar/2016:17:54:15 -0300] "POST /cormun/servlet/trcontratouno?41623ebffcda9c6cbeefe58339667231,,gx-no-cache=1458770265211 HTTP/1.1" 200 8222
200.112.233.47 - - [23/Mar/2016:17:54:47 -0300] "POST /cormun/servlet/solicitudot?gx-no-cache=1458770097656 HTTP/1.1" 200 1171
200.112.233.47 - - [23/Mar/2016:17:54:47 -0300] "GET /cormun/servlet/solicitudot?39a9825f9b85d89bb0544093ad757117d3358b142e4d04d8733b539e43de07ba856e67fe727b6c9a04a4571bfba69f05f70f065648feda5347dcac37c836234a3813b7637f24f79ff878bd2a8bc6ea5e177e51e2420a02792f07428e18d0608582f469a42315e47b5f55c10a0bc1d664188dbe8d5c56815abb8e25a7fe636417b57ac4af6f0e87c405d92b0c7d096a5b0485a828237b1493182c75a96532b06f,gx-no-cache=1458770097812 HTTP/1.1" 200 41
200.112.233.47 - - [23/Mar/2016:17:54:47 -0300] "POST /cormun/servlet/solicitudot?gx-no-cache=1458770097906 HTTP/1.1" 200 1128
200.112.233.47 - - [23/Mar/2016:17:54:47 -0300] "GET /cormun/servlet/solicitudot?39a9825f9b85d89bb0544093ad7571177edb1ab3a926545e3938a5dae4b9e1c45fe0f55cef56602a363b15054abbd5925cfd9a202da7309ef511c4e591478d82fa430a66f71de2ef7e88ec9f9fc3464422353b1bdd58555793f64e60b88fc1cdce22bc2b0772515ce7040e5f697aa1e1e49977447357f269376444abcafdbf85b68667a2e256fd8a5a855b1aff58d22b713becddab761226f80bd4d77c17a391ee2f3b5ce129a6456e39be6bf4ffbd33,gx-no-cache=1458770098046 HTTP/1.1" 200 30
200.112.233.47 - - [23/Mar/2016:17:54:47 -0300] "POST /cormun/servlet/solicitudot?193bc36a2a0ae150b798973b976ae8bf,INS,0,0,,gx-no-cache=1458770098109 HTTP/1.1" 200 93
200.112.233.47 - - [23/Mar/2016:17:54:48 -0300] "GET /cormun/servlet/hpexe_return? HTTP/1.1" 200 999
200.112.233.47 - - [23/Mar/2016:17:54:48 -0300] "GET /cormun/servlet/trsolicitudot HTTP/1.1" 200 8361
192.168.10.98 - - [23/Mar/2016:17:54:53 -0300] "POST /cormun/servlet/trsolicitudot?bd03f3630243022a70777721048a1273,gx-no-cache=1458765980900,gx-no-cache=1458766238096 HTTP/1.1" 200 5784
192.168.10.98 - - [23/Mar/2016:17:56:08 -0300] "GET /cormun/servlet/trcontratouno? HTTP/1.1" 200 13141
192.168.10.98 - - [23/Mar/2016:17:56:08 -0300] "GET /cormun/static/gxcfg.js?20163221610935 HTTP/1.1" 200 953
192.168.10.98 - - [23/Mar/2016:17:56:08 -0300] "GET /cormun/static/trcontratouno.js?20163221610166 HTTP/1.1" 200 39934
192.168.10.98 - - [23/Mar/2016:17:56:08 -0300] "GET /cormun/static/Resources/Spanish/PXTools.css?19284387 HTTP/1.1" 304 -
192.168.10.98 - - [23/Mar/2016:17:56:09 -0300] "GET /cormun/servlet/trcontratouno? HTTP/1.1" 200 13116
192.168.10.98 - - [23/Mar/2016:17:56:16 -0300] "GET /cormun/servlet/trcontratoobservaciondir? HTTP/1.1" 200 7011
192.168.10.98 - - [23/Mar/2016:17:56:17 -0300] "GET /cormun/servlet/trcontratoobservaciondir? HTTP/1.1" 200 7011
186.103.159.189 - - [23/Mar/2016:17:57:35 -0300] "POST /cormun/servlet/trcontratouno?41623ebffcda9c6cbeefe58339667231,,gx-no-cache=1458770464622 HTTP/1.1" 200 7923
186.103.159.189 - - [23/Mar/2016:17:57:40 -0300] "POST /cormun/servlet/trcontratouno?41623ebffcda9c6cbeefe58339667231,,gx-no-cache=1458770469927 HTTP/1.1" 200 7896
192.168.10.89 - - [23/Mar/2016:17:58:15 -0300] "POST /cormun/servlet/hlogin?e0b454c58f7da05c38a412119f346c6c,gx-no-cache=1458766439893 HTTP/1.1" 440 972
192.168.10.89 - - [23/Mar/2016:17:58:16 -0300] "GET /cormun/servlet/hlogin HTTP/1.1" 200 1729
192.168.10.89 - - [23/Mar/2016:17:58:24 -0300] "POST /cormun/servlet/hlogin?aad461cf345e6eb8d7ea2db1a3bf0004,gx-no-cache=1458766449528 HTTP/1.1" 200 90
192.168.10.89 - - [23/Mar/2016:17:58:24 -0300] "GET /cormun/servlet/hpexe_link HTTP/1.1" 200 951
192.168.10.89 - - [23/Mar/2016:17:58:25 -0300] "GET /cormun/servlet/hhome HTTP/1.1" 200 3509
192.168.10.89 - - [23/Mar/2016:17:58:28 -0300] "GET /cormun/servlet/trsolicitudot? HTTP/1.1" 200 8471
192.168.10.89 - - [23/Mar/2016:17:58:31 -0300] "GET /cormun/static/menuarrow.gif HTTP/1.1" 404 1015
186.103.159.189 - - [23/Mar/2016:17:58:35 -0300] "POST /cormun/servlet/trcontratouno?41623ebffcda9c6cbeefe58339667231,,gx-no-cache=1458770524665 HTTP/1.1" 200 7862
186.103.159.189 - - [23/Mar/2016:17:58:43 -0300] "POST /cormun/servlet/trcontratouno?41623ebffcda9c6cbeefe58339667231,,gx-no-cache=1458770533392 HTTP/1.1" 200 7896
192.168.10.89 - - [23/Mar/2016:17:58:47 -0300] "POST /cormun/servlet/trsolicitudot?aad461cf345e6eb8d7ea2db1a3bf0004,,gx-no-cache=1458766472527 HTTP/1.1" 200 105
192.168.10.89 - - [23/Mar/2016:17:58:48 -0300] "GET /cormun/servlet/solicitudot?DLT,2016,1095, HTTP/1.1" 200 8610
192.168.10.89 - - [23/Mar/2016:17:58:49 -0300] "GET /cormun/static/Shared/jqueryui/images/ui-icons_82798d_256x240.png HTTP/1.1" 404 1089
192.168.10.89 - - [23/Mar/2016:17:58:49 -0300] "GET /cormun/static/Shared/jqueryui/images/ui-bg_highlight-soft_100_c6c2c8_1x100.png HTTP/1.1" 404 1117
192.168.10.89 - - [23/Mar/2016:17:58:49 -0300] "GET /cormun/static/Shared/jqueryui/images/ui-bg_flat_55_fafafa_40x100.png HTTP/1.1" 404 1097
192.168.10.89 - - [23/Mar/2016:17:58:49 -0300] "GET /cormun/static/Shared/jqueryui/images/ui-icons_8d78a5_256x240.png HTTP/1.1" 404 1089
192.168.10.89 - - [23/Mar/2016:17:58:51 -0300] "POST /cormun/servlet/solicitudot?aad461cf345e6eb8d7ea2db1a3bf0004,DLT,2016,1095,,gx-no-cache=1458766476102 HTTP/1.1" 200 93
192.168.10.89 - - [23/Mar/2016:17:58:51 -0300] "GET /cormun/servlet/hpexe_return? HTTP/1.1" 200 1014
192.168.10.89 - - [23/Mar/2016:17:58:52 -0300] "GET /cormun/servlet/trsolicitudot HTTP/1.1" 200 8260
192.168.10.89 - - [23/Mar/2016:17:58:58 -0300] "POST /cormun/servlet/trsolicitudot?aad461cf345e6eb8d7ea2db1a3bf0004,gx-no-cache=1458766483037 HTTP/1.1" 200 105
192.168.10.89 - - [23/Mar/2016:17:58:58 -0300] "GET /cormun/servlet/solicitudot?DLT,2016,1094, HTTP/1.1" 200 8608
192.168.10.89 - - [23/Mar/2016:17:58:59 -0300] "GET /cormun/static/Shared/jqueryui/images/ui-icons_8d78a5_256x240.png HTTP/1.1" 404 1089
192.168.10.89 - - [23/Mar/2016:17:58:59 -0300] "GET /cormun/static/Shared/jqueryui/images/ui-icons_82798d_256x240.png HTTP/1.1" 404 1089
192.168.10.89 - - [23/Mar/2016:17:58:59 -0300] "GET /cormun/static/Shared/jqueryui/images/ui-bg_flat_55_fafafa_40x100.png HTTP/1.1" 404 1097
192.168.10.89 - - [23/Mar/2016:17:58:59 -0300] "GET /cormun/static/Shared/jqueryui/images/ui-bg_highlight-soft_100_c6c2c8_1x100.png HTTP/1.1" 404 1117
186.103.159.189 - - [23/Mar/2016:17:59:00 -0300] "POST /cormun/servlet/trcontratouno?41623ebffcda9c6cbeefe58339667231,,gx-no-cache=1458770549785 HTTP/1.1" 200 7862
192.168.10.89 - - [23/Mar/2016:17:59:01 -0300] "POST /cormun/servlet/solicitudot?aad461cf345e6eb8d7ea2db1a3bf0004,DLT,2016,1094,,gx-no-cache=1458766485812 HTTP/1.1" 200 93
192.168.10.89 - - [23/Mar/2016:17:59:01 -0300] "GET /cormun/servlet/hpexe_return? HTTP/1.1" 200 1014
192.168.10.89 - - [23/Mar/2016:17:59:01 -0300] "GET /cormun/servlet/trsolicitudot HTTP/1.1" 200 8010
192.168.10.89 - - [23/Mar/2016:17:59:07 -0300] "POST /cormun/servlet/trsolicitudot?aad461cf345e6eb8d7ea2db1a3bf0004,gx-no-cache=1458766492422 HTTP/1.1" 200 105
192.168.10.89 - - [23/Mar/2016:17:59:07 -0300] "GET /cormun/servlet/solicitudot?DLT,2016,1092, HTTP/1.1" 200 8610
192.168.10.89 - - [23/Mar/2016:17:59:09 -0300] "GET /cormun/static/Shared/jqueryui/images/ui-bg_highlight-soft_100_c6c2c8_1x100.png HTTP/1.1" 404 1117
192.168.10.89 - - [23/Mar/2016:17:59:09 -0300] "GET /cormun/static/Shared/jqueryui/images/ui-icons_82798d_256x240.png HTTP/1.1" 404 1089
192.168.10.89 - - [23/Mar/2016:17:59:09 -0300] "GET /cormun/static/Shared/jqueryui/images/ui-bg_flat_55_fafafa_40x100.png HTTP/1.1" 404 1097
192.168.10.89 - - [23/Mar/2016:17:59:09 -0300] "GET /cormun/static/Shared/jqueryui/images/ui-icons_8d78a5_256x240.png HTTP/1.1" 404 1089
192.168.10.89 - - [23/Mar/2016:17:59:10 -0300] "POST /cormun/servlet/solicitudot?aad461cf345e6eb8d7ea2db1a3bf0004,DLT,2016,1092,,gx-no-cache=1458766495174 HTTP/1.1" 200 93
192.168.10.89 - - [23/Mar/2016:17:59:10 -0300] "GET /cormun/servlet/hpexe_return? HTTP/1.1" 200 1014
192.168.10.89 - - [23/Mar/2016:17:59:11 -0300] "GET /cormun/servlet/trsolicitudot HTTP/1.1" 200 7736
192.168.10.89 - - [23/Mar/2016:17:59:21 -0300] "POST /cormun/servlet/trsolicitudot?aad461cf345e6eb8d7ea2db1a3bf0004,gx-no-cache=1458766506185 HTTP/1.1" 200 105
192.168.10.89 - - [23/Mar/2016:17:59:21 -0300] "GET /cormun/servlet/solicitudot?UPD,2016,1091, HTTP/1.1" 200 12901
192.168.10.89 - - [23/Mar/2016:17:59:23 -0300] "POST /cormun/servlet/solicitudot?gx-no-cache=1458766507785 HTTP/1.1" 200 2781
192.168.10.89 - - [23/Mar/2016:17:59:23 -0300] "POST /cormun/servlet/solicitudot?aad461cf345e6eb8d7ea2db1a3bf0004,UPD,2016,1091,,gx-no-cache=1458766507973 HTTP/1.1" 200 9153
192.168.10.89 - - [23/Mar/2016:17:59:23 -0300] "GET /cormun/servlet/solicitudot?886edc267f8a5f0381c02ed2711f9f49162b937a2f0f38b625ecc9248e023932551921eadd5a190dfd3c23e6ed83eb79,gx-no-cache=1458766508159 HTTP/1.1" 200 30
192.168.10.89 - - [23/Mar/2016:17:59:23 -0300] "POST /cormun/servlet/solicitudot?gx-no-cache=1458766508232 HTTP/1.1" 200 30
192.168.10.89 - - [23/Mar/2016:17:59:23 -0300] "POST /cormun/servlet/solicitudot?gx-no-cache=1458766508276 HTTP/1.1" 200 30
192.168.10.89 - - [23/Mar/2016:17:59:23 -0300] "POST /cormun/servlet/solicitudot?gx-no-cache=1458766508316 HTTP/1.1" 200 1171
192.168.10.89 - - [23/Mar/2016:17:59:23 -0300] "GET /cormun/servlet/solicitudot?886edc267f8a5f0381c02ed2711f9f49d3b508172dce32fe21a4b3d3ad6c008c1684f987de0535ecf3ecd87e127ac9e1cf9023475f52e5f1430b60259b1e4231c0d38b75113bc15c1417d95af7550be3b71d6074b1f1eb2496d60de84d09dd1ec311007a9b47a74172ee28ef1e55d5c30ad539f00c0ff94632cc9c2689f4d579096e66c8472260c6950a800e49f4fbccda5e0397bdebadc39ec84bb8d2ae7dbd,gx-no-cache=1458766508349 HTTP/1.1" 200 41
192.168.10.89 - - [23/Mar/2016:17:59:28 -0300] "GET /cormun/servlet/solicitudot?886edc267f8a5f0381c02ed2711f9f49e5684134791bf2ab9c3bf3560b845fcaab0cf8fc75b5d3d352d5410e2489f6d7215500208dae519e4b3bc17d92805b248ef2d274831880732f9b865268466d54381d7fa9b95b5c140e3d6fd9001657f8c68837ae7a2f167b330b9c9448998660752079ca5db6baaad78a262923aa109e7d0d7cb96bdb1463914257da12d8c1a4a96a13a50a0ba124ee860b1738d5b9cb,gx-no-cache=1458766513046 HTTP/1.1" 200 29
192.168.10.89 - - [23/Mar/2016:17:59:28 -0300] "POST /cormun/servlet/solicitudot?gx-no-cache=1458766513067 HTTP/1.1" 200 1128
192.168.10.89 - - [23/Mar/2016:17:59:28 -0300] "GET /cormun/servlet/solicitudot?886edc267f8a5f0381c02ed2711f9f492aa5fb356112cc355dc01e1e45d11094551e171af420cdc5e354d31c3a68a2efab98854acbdff4a4536b76c7187fd7acbf57518d9ec2540fd312b3b9f7080df3f69b9b49bcc6445983e15c50cc8520d210ddc006925d9a06ccc1f54f4f8d6920aa673ea1363238177a1fcf129d13113a06772476ed3f03ece194abf9fbb3470bf51d2fc3b6b28b3efe27f6cd6447281d398fea0c04d56d6a225875ccf88ba973,gx-no-cache=1458766513101 HTTP/1.1" 200 32
192.168.10.89 - - [23/Mar/2016:17:59:28 -0300] "POST /cormun/servlet/solicitudot?aad461cf345e6eb8d7ea2db1a3bf0004,UPD,2016,1091,,gx-no-cache=1458766513128 HTTP/1.1" 200 93
192.168.10.89 - - [23/Mar/2016:17:59:28 -0300] "GET /cormun/servlet/hpexe_return? HTTP/1.1" 200 1014
192.168.10.89 - - [23/Mar/2016:17:59:29 -0300] "GET /cormun/servlet/trsolicitudot HTTP/1.1" 200 7736
192.168.10.89 - - [23/Mar/2016:18:00:06 -0300] "POST /cormun/servlet/trsolicitudot?aad461cf345e6eb8d7ea2db1a3bf0004,gx-no-cache=1458766550855 HTTP/1.1" 200 3796
192.168.10.89 - - [23/Mar/2016:18:00:06 -0300] "POST /cormun/servlet/trsolicitudot?aad461cf345e6eb8d7ea2db1a3bf0004,gx-no-cache=1458766551131 HTTP/1.1" 200 3639
192.168.10.89 - - [23/Mar/2016:18:00:06 -0300] "GET /cormun/static/Shared/jqueryui/images/ui-icons_8d78a5_256x240.png HTTP/1.1" 404 1089
192.168.10.89 - - [23/Mar/2016:18:00:06 -0300] "GET /cormun/static/Shared/jqueryui/images/ui-bg_highlight-soft_100_c6c2c8_1x100.png HTTP/1.1" 404 1117
192.168.10.89 - - [23/Mar/2016:18:00:06 -0300] "GET /cormun/static/Shared/jqueryui/images/ui-bg_flat_55_fafafa_40x100.png HTTP/1.1" 404 1097
192.168.10.89 - - [23/Mar/2016:18:00:06 -0300] "GET /cormun/static/Shared/jqueryui/images/ui-icons_82798d_256x240.png HTTP/1.1" 404 1089
186.103.159.189 - - [23/Mar/2016:18:00:10 -0300] "POST /cormun/servlet/trcontratouno?41623ebffcda9c6cbeefe58339667231,,gx-no-cache=1458770620129 HTTP/1.1" 200 7862
192.168.10.89 - - [23/Mar/2016:18:00:18 -0300] "GET /cormun/servlet/hlogin HTTP/1.1" 200 1736
186.103.159.189 - - [23/Mar/2016:18:00:33 -0300] "POST /cormun/servlet/trcontratouno?41623ebffcda9c6cbeefe58339667231,,gx-no-cache=1458770642783 HTTP/1.1" 200 7862
186.103.159.189 - - [23/Mar/2016:18:01:13 -0300] "POST /cormun/servlet/trcontratouno?41623ebffcda9c6cbeefe58339667231,,gx-no-cache=1458770683272 HTTP/1.1" 200 7896
186.103.159.189 - - [23/Mar/2016:18:01:37 -0300] "POST /cormun/servlet/trcontratouno?41623ebffcda9c6cbeefe58339667231,,gx-no-cache=1458770706688 HTTP/1.1" 200 7896
186.78.63.199 - - [23/Mar/2016:18:01:54 -0300] "GET /cormun/servlet/hlogin HTTP/1.1" 200 1726
186.103.159.189 - - [23/Mar/2016:18:02:00 -0300] "GET /cormun/servlet/trcontratoobservaciondir? HTTP/1.1" 200 7334
186.103.159.189 - - [23/Mar/2016:18:02:00 -0300] "GET /cormun/static/gxcfg.js?201631623404677 HTTP/1.1" 200 953
186.103.159.189 - - [23/Mar/2016:18:02:00 -0300] "GET /cormun/static/trcontratoobservaciondir.js?201631623404996 HTTP/1.1" 200 23203
186.103.159.189 - - [23/Mar/2016:18:02:00 -0300] "GET /cormun/static/Resources/Spanish/PXTools.css?22445990 HTTP/1.1" 200 89042
186.103.159.189 - - [23/Mar/2016:18:02:01 -0300] "GET /cormun/servlet/trcontratoobservaciondir? HTTP/1.1" 200 7333
186.103.159.189 - - [23/Mar/2016:18:02:01 -0300] "GET /cormun/servlet/trcontratoobservaciondir? HTTP/1.1" 200 7333
186.103.159.189 - - [23/Mar/2016:18:02:02 -0300] "GET /cormun/servlet/trcontratoobservaciondir? HTTP/1.1" 200 7333
186.103.159.189 - - [23/Mar/2016:18:02:39 -0300] "GET /cormun/servlet/contratoobservaciondir?DLT,201603,1155,7738406,D-16, HTTP/1.1" 200 5445
186.103.159.189 - - [23/Mar/2016:18:02:39 -0300] "GET /cormun/static/gxcfg.js?201631623481275 HTTP/1.1" 200 953
186.103.159.189 - - [23/Mar/2016:18:02:39 -0300] "GET /cormun/static/contratoobservaciondir.js?201631623481299 HTTP/1.1" 200 13097
186.103.159.189 - - [23/Mar/2016:18:02:40 -0300] "GET /cormun/servlet/contratoobservaciondir?DLT,201603,1155,7738406,D-16, HTTP/1.1" 200 5446
186.103.159.189 - - [23/Mar/2016:18:02:56 -0300] "POST /cormun/servlet/contratoobservaciondir?41623ebffcda9c6cbeefe58339667231,DLT,201603,1155,7738406,D-16,,gx-no-cache=1458770786487 HTTP/1.1" 200 93
186.103.159.189 - - [23/Mar/2016:18:02:56 -0300] "GET /cormun/servlet/hpexe_return? HTTP/1.1" 200 1037
186.103.159.189 - - [23/Mar/2016:18:02:57 -0300] "GET /cormun/static/hpexe_return.js?2015111312145056 HTTP/1.1" 200 1633
186.103.159.189 - - [23/Mar/2016:18:02:57 -0300] "GET /cormun/static/gxcfg.js?2015111312145050 HTTP/1.1" 200 953
186.103.159.189 - - [23/Mar/2016:18:02:57 -0300] "GET /cormun/static/Resources/Spanish/PXTools.css?12112540 HTTP/1.1" 200 89042
186.103.159.189 - - [23/Mar/2016:18:02:57 -0300] "GET /cormun/servlet/trcontratoobservaciondir HTTP/1.1" 200 7337
186.103.159.189 - - [23/Mar/2016:18:02:57 -0300] "GET /cormun/servlet/trcontratoobservaciondir HTTP/1.1" 200 7333
186.103.159.189 - - [23/Mar/2016:18:03:01 -0300] "GET /cormun/servlet/contratoobservaciondir?DLT,201603,1155,7738406,D-16, HTTP/1.1" 200 5445
186.103.159.189 - - [23/Mar/2016:18:03:02 -0300] "GET /cormun/servlet/contratoobservaciondir?DLT,201603,1155,7738406,D-16, HTTP/1.1" 200 5446
186.103.159.189 - - [23/Mar/2016:18:03:05 -0300] "POST /cormun/servlet/contratoobservaciondir?41623ebffcda9c6cbeefe58339667231,DLT,201603,1155,7738406,D-16,,gx-no-cache=1458770794319 HTTP/1.1" 200 93
186.103.159.189 - - [23/Mar/2016:18:03:05 -0300] "GET /cormun/servlet/hpexe_return? HTTP/1.1" 200 1037
186.103.159.189 - - [23/Mar/2016:18:03:05 -0300] "GET /cormun/servlet/trcontratoobservaciondir HTTP/1.1" 200 7222
186.103.159.189 - - [23/Mar/2016:18:03:05 -0300] "GET /cormun/servlet/trcontratoobservaciondir HTTP/1.1" 200 7218
186.103.159.189 - - [23/Mar/2016:18:03:13 -0300] "GET /cormun/servlet/contratoobservaciondir?DLT,201603,1416,17099418,D-16, HTTP/1.1" 200 5440
186.103.159.189 - - [23/Mar/2016:18:03:13 -0300] "GET /cormun/servlet/contratoobservaciondir?DLT,201603,1416,17099418,D-16, HTTP/1.1" 200 5441
186.103.159.189 - - [23/Mar/2016:18:03:15 -0300] "POST /cormun/servlet/contratoobservaciondir?41623ebffcda9c6cbeefe58339667231,DLT,201603,1416,17099418,D-16,,gx-no-cache=1458770804759 HTTP/1.1" 200 93
186.103.159.189 - - [23/Mar/2016:18:03:15 -0300] "GET /cormun/servlet/hpexe_return? HTTP/1.1" 200 1036
186.103.159.189 - - [23/Mar/2016:18:03:15 -0300] "GET /cormun/servlet/trcontratoobservaciondir HTTP/1.1" 200 7106
186.103.159.189 - - [23/Mar/2016:18:03:15 -0300] "GET /cormun/servlet/trcontratoobservaciondir HTTP/1.1" 200 7102
186.103.159.189 - - [23/Mar/2016:18:03:18 -0300] "GET /cormun/servlet/contratoobservaciondir?DLT,201603,1418,7778577,D-16, HTTP/1.1" 200 5445
186.103.159.189 - - [23/Mar/2016:18:03:18 -0300] "GET /cormun/servlet/contratoobservaciondir?DLT,201603,1418,7778577,D-16, HTTP/1.1" 200 5446
186.103.159.189 - - [23/Mar/2016:18:03:25 -0300] "POST /cormun/servlet/contratoobservaciondir?41623ebffcda9c6cbeefe58339667231,DLT,201603,1418,7778577,D-16,,gx-no-cache=1458770814649 HTTP/1.1" 200 93
186.103.159.189 - - [23/Mar/2016:18:03:25 -0300] "GET /cormun/servlet/hpexe_return? HTTP/1.1" 200 1037
186.103.159.189 - - [23/Mar/2016:18:03:25 -0300] "GET /cormun/servlet/trcontratoobservaciondir HTTP/1.1" 200 7024
186.103.159.189 - - [23/Mar/2016:18:03:25 -0300] "GET /cormun/servlet/trcontratoobservaciondir HTTP/1.1" 200 7020
186.103.159.189 - - [23/Mar/2016:18:03:28 -0300] "GET /cormun/servlet/contratoobservaciondir?DLT,201603,1419,7778577,D-16, HTTP/1.1" 200 5444
186.103.159.189 - - [23/Mar/2016:18:03:29 -0300] "GET /cormun/servlet/contratoobservaciondir?DLT,201603,1419,7778577,D-16, HTTP/1.1" 200 5445
186.103.159.189 - - [23/Mar/2016:18:03:31 -0300] "POST /cormun/servlet/contratoobservaciondir?41623ebffcda9c6cbeefe58339667231,DLT,201603,1419,7778577,D-16,,gx-no-cache=1458770820687 HTTP/1.1" 200 93
186.103.159.189 - - [23/Mar/2016:18:03:31 -0300] "GET /cormun/servlet/hpexe_return? HTTP/1.1" 200 1037
186.103.159.189 - - [23/Mar/2016:18:03:31 -0300] "GET /cormun/servlet/trcontratoobservaciondir HTTP/1.1" 200 6891
186.103.159.189 - - [23/Mar/2016:18:03:31 -0300] "GET /cormun/servlet/trcontratoobservaciondir HTTP/1.1" 200 6887
186.103.159.189 - - [23/Mar/2016:18:03:34 -0300] "GET /cormun/servlet/contratoobservaciondir?DLT,201603,1595,15125673,D-16, HTTP/1.1" 200 5442
186.103.159.189 - - [23/Mar/2016:18:03:34 -0300] "GET /cormun/servlet/contratoobservaciondir?DLT,201603,1595,15125673,D-16, HTTP/1.1" 200 5443
186.103.159.189 - - [23/Mar/2016:18:03:37 -0300] "POST /cormun/servlet/contratoobservaciondir?41623ebffcda9c6cbeefe58339667231,DLT,201603,1595,15125673,D-16,,gx-no-cache=1458770826625 HTTP/1.1" 200 93
186.103.159.189 - - [23/Mar/2016:18:03:37 -0300] "GET /cormun/servlet/hpexe_return? HTTP/1.1" 200 1036
186.103.159.189 - - [23/Mar/2016:18:03:37 -0300] "GET /cormun/servlet/trcontratoobservaciondir HTTP/1.1" 200 6772
186.103.159.189 - - [23/Mar/2016:18:03:37 -0300] "GET /cormun/servlet/trcontratoobservaciondir HTTP/1.1" 200 6768
186.103.159.189 - - [23/Mar/2016:18:03:39 -0300] "GET /cormun/servlet/contratoobservaciondir?DLT,201603,2377,15738609,D-16, HTTP/1.1" 200 5442
186.103.159.189 - - [23/Mar/2016:18:03:40 -0300] "GET /cormun/servlet/contratoobservaciondir?DLT,201603,2377,15738609,D-16, HTTP/1.1" 200 5443
186.103.159.189 - - [23/Mar/2016:18:03:41 -0300] "POST /cormun/servlet/contratoobservaciondir?41623ebffcda9c6cbeefe58339667231,DLT,201603,2377,15738609,D-16,,gx-no-cache=1458770831580 HTTP/1.1" 200 93
186.103.159.189 - - [23/Mar/2016:18:03:41 -0300] "GET /cormun/servlet/hpexe_return? HTTP/1.1" 200 1037
186.103.159.189 - - [23/Mar/2016:18:03:42 -0300] "GET /cormun/servlet/trcontratoobservaciondir HTTP/1.1" 200 6673
186.103.159.189 - - [23/Mar/2016:18:03:42 -0300] "GET /cormun/servlet/trcontratoobservaciondir HTTP/1.1" 200 6669
186.103.159.189 - - [23/Mar/2016:18:03:44 -0300] "GET /cormun/servlet/contratoobservaciondir?DLT,201603,2378,16816763,D-16, HTTP/1.1" 200 5443
186.103.159.189 - - [23/Mar/2016:18:03:44 -0300] "GET /cormun/servlet/contratoobservaciondir?DLT,201603,2378,16816763,D-16, HTTP/1.1" 200 5444
186.103.159.189 - - [23/Mar/2016:18:03:46 -0300] "POST /cormun/servlet/contratoobservaciondir?41623ebffcda9c6cbeefe58339667231,DLT,201603,2378,16816763,D-16,,gx-no-cache=1458770836417 HTTP/1.1" 200 93
186.103.159.189 - - [23/Mar/2016:18:03:46 -0300] "GET /cormun/servlet/hpexe_return? HTTP/1.1" 200 1037
186.103.159.189 - - [23/Mar/2016:18:03:46 -0300] "GET /cormun/servlet/trcontratoobservaciondir HTTP/1.1" 200 6553
186.103.159.189 - - [23/Mar/2016:18:03:47 -0300] "GET /cormun/servlet/trcontratoobservaciondir HTTP/1.1" 200 6548
186.103.159.189 - - [23/Mar/2016:18:03:49 -0300] "GET /cormun/servlet/contratoobservaciondir?DLT,201603,2950,15738609,D-16, HTTP/1.1" 200 5441
186.103.159.189 - - [23/Mar/2016:18:03:49 -0300] "GET /cormun/servlet/contratoobservaciondir?DLT,201603,2950,15738609,D-16, HTTP/1.1" 200 5442
186.103.159.189 - - [23/Mar/2016:18:03:51 -0300] "POST /cormun/servlet/contratoobservaciondir?41623ebffcda9c6cbeefe58339667231,DLT,201603,2950,15738609,D-16,,gx-no-cache=1458770841367 HTTP/1.1" 200 93
186.103.159.189 - - [23/Mar/2016:18:03:51 -0300] "GET /cormun/servlet/hpexe_return? HTTP/1.1" 200 1038
186.103.159.189 - - [23/Mar/2016:18:03:51 -0300] "GET /cormun/servlet/trcontratoobservaciondir HTTP/1.1" 200 6417
186.103.159.189 - - [23/Mar/2016:18:03:52 -0300] "GET /cormun/servlet/trcontratoobservaciondir HTTP/1.1" 200 6414
186.103.159.189 - - [23/Mar/2016:18:03:54 -0300] "GET /cormun/servlet/contratoobservaciondir?DLT,201603,3424,15993780,D-16, HTTP/1.1" 200 5444
186.103.159.189 - - [23/Mar/2016:18:03:54 -0300] "GET /cormun/servlet/contratoobservaciondir?DLT,201603,3424,15993780,D-16, HTTP/1.1" 200 5445
186.103.159.189 - - [23/Mar/2016:18:03:56 -0300] "POST /cormun/servlet/contratoobservaciondir?41623ebffcda9c6cbeefe58339667231,DLT,201603,3424,15993780,D-16,,gx-no-cache=1458770846163 HTTP/1.1" 200 93
186.103.159.189 - - [23/Mar/2016:18:03:56 -0300] "GET /cormun/servlet/hpexe_return? HTTP/1.1" 200 1038
186.103.159.189 - - [23/Mar/2016:18:03:56 -0300] "GET /cormun/servlet/trcontratoobservaciondir HTTP/1.1" 200 5720
186.103.159.189 - - [23/Mar/2016:18:03:57 -0300] "GET /cormun/servlet/trcontratoobservaciondir HTTP/1.1" 200 5716
186.103.159.189 - - [23/Mar/2016:18:04:03 -0300] "GET /cormun/servlet/trcontratouno? HTTP/1.1" 200 10604
186.103.159.189 - - [23/Mar/2016:18:04:03 -0300] "GET /cormun/servlet/trcontratouno? HTTP/1.1" 200 10604
186.103.159.44 - - [23/Mar/2016:18:06:34 -0300] "GET /cormun/servlet/hlogin HTTP/1.1" 200 1718
186.103.159.44 - - [23/Mar/2016:18:06:34 -0300] "GET /cormun/servlet/hlogin HTTP/1.1" 200 1728
186.103.159.189 - - [23/Mar/2016:18:07:10 -0300] "POST /cormun/servlet/trcontratouno?41623ebffcda9c6cbeefe58339667231,,gx-no-cache=1458771040174 HTTP/1.1" 200 7879
