186.78.50.54 - - [21/Mar/2016:09:37:26 -0300] "GET /cormun/static/scaMessage/js/jquery.pnotify.min.js HTTP/1.1" 200 13038
186.78.50.54 - - [21/Mar/2016:09:37:27 -0300] "GET /cormun/static/scaMessage/scaMessageRender.js HTTP/1.1" 200 11977
186.78.50.54 - - [21/Mar/2016:09:37:27 -0300] "GET /cormun/static/hmpwkw03.js?2016315203380 HTTP/1.1" 200 3898
186.103.159.182 - - [21/Mar/2016:09:37:27 -0300] "GET /cormun/Manuales/manual.pdf HTTP/1.1" 200 850295
186.78.50.54 - - [21/Mar/2016:09:37:27 -0300] "GET /cormun/static/Resources/PXToolsFooterBackground2.png HTTP/1.1" 200 1172
186.78.50.54 - - [21/Mar/2016:09:37:28 -0300] "GET /cormun/static/Resources/PXToolsHeaderBackground2.png HTTP/1.1" 200 1174
186.78.50.54 - - [21/Mar/2016:09:37:28 -0300] "GET /cormun/static/Shared/jquery/jquery-1.10.2.min.js HTTP/1.1" 200 273199
186.78.50.54 - - [21/Mar/2016:09:37:28 -0300] "GET /cormun/static/Resources/PXToolsDataTitle.png HTTP/1.1" 200 1173
186.78.50.54 - - [21/Mar/2016:09:37:28 -0300] "GET /cormun/static/Resources/PXToolsHeaderActionsBackground.png HTTP/1.1" 200 484
186.78.50.54 - - [21/Mar/2016:09:37:29 -0300] "GET /cormun/static/Resources/logo4.png HTTP/1.1" 200 6582
186.78.50.54 - - [21/Mar/2016:09:37:29 -0300] "GET /cormun/static/Resources/PXToolsHeaderPreferences.png HTTP/1.1" 200 4189
186.78.50.54 - - [21/Mar/2016:09:37:29 -0300] "GET /cormun/static/Shared/jquery/jquery-1.4.2.min.js HTTP/1.1" 200 72174
186.78.50.54 - - [21/Mar/2016:09:37:29 -0300] "GET /cormun/static/Resources/PXToolsHeaderHome.png HTTP/1.1" 200 4147
186.78.50.54 - - [21/Mar/2016:09:37:29 -0300] "GET /cormun/static/Resources/PXToolsHeaderActionsRight.png HTTP/1.1" 200 1201
186.78.50.54 - - [21/Mar/2016:09:37:30 -0300] "GET /cormun/static/Resources/PXToolsHeaderSecurity.png HTTP/1.1" 200 4166
186.78.50.54 - - [21/Mar/2016:09:37:30 -0300] "GET /cormun/static/Resources/PXToolsHeaderActionsLeft.png HTTP/1.1" 200 1118
186.78.50.54 - - [21/Mar/2016:09:37:30 -0300] "GET /cormun/static/Resources/PXToolsHeaderLogin.png HTTP/1.1" 200 4279
186.78.50.54 - - [21/Mar/2016:09:37:33 -0300] "GET /cormun/static/Shared/jqueryui/jquery-ui.min.js HTTP/1.1" 200 240427
186.78.50.54 - - [21/Mar/2016:09:37:34 -0300] "GET /cormun/static/Shared/ext/ext-all.js HTTP/1.1" 200 1289687
186.78.50.54 - - [21/Mar/2016:09:37:36 -0300] "GET /cormun/servlet/hhome HTTP/1.1" 200 3457
186.78.50.54 - - [21/Mar/2016:09:37:36 -0300] "GET /cormun/static/SmoothNavMenu/resources/images/down.gif HTTP/1.1" 200 854
186.78.50.54 - - [21/Mar/2016:09:37:59 -0300] "GET /cormun/servlet/trsolicitudot? HTTP/1.1" 200 6374
186.78.50.54 - - [21/Mar/2016:09:38:00 -0300] "GET /cormun/static/calendar-system.css?85620 HTTP/1.1" 200 5572
186.78.50.54 - - [21/Mar/2016:09:38:00 -0300] "GET /cormun/static/gxcfg.js?201631022392470 HTTP/1.1" 200 953
186.78.50.54 - - [21/Mar/2016:09:38:00 -0300] "GET /cormun/static/calendar-setup.js?85251 HTTP/1.1" 200 2588
186.78.50.54 - - [21/Mar/2016:09:38:00 -0300] "GET /cormun/static/gxui/gxui-all.css?120300 HTTP/1.1" 200 2179
186.78.50.54 - - [21/Mar/2016:09:38:00 -0300] "GET /cormun/static/calendar.js?85251 HTTP/1.1" 200 26246
186.78.50.54 - - [21/Mar/2016:09:38:00 -0300] "GET /cormun/static/calendar-es.js?85251 HTTP/1.1" 200 1901
186.78.50.54 - - [21/Mar/2016:09:38:00 -0300] "GET /cormun/static/Resources/PXTools/calendar.png HTTP/1.1" 200 1306
186.78.50.54 - - [21/Mar/2016:09:38:00 -0300] "GET /cormun/static/Resources/Spanish/PXTools.css?2139548 HTTP/1.1" 200 89042
186.78.50.54 - - [21/Mar/2016:09:38:01 -0300] "GET /cormun/static/gxdec.js?85251 HTTP/1.1" 200 19579
186.78.50.54 - - [21/Mar/2016:09:38:01 -0300] "GET /cormun/static/trsolicitudot.js?201631022393178 HTTP/1.1" 200 44568
186.78.50.54 - - [21/Mar/2016:09:38:01 -0300] "GET /cormun/static/Resources/PXToolsDataSearch.png HTTP/1.1" 200 419
186.78.50.54 - - [21/Mar/2016:09:38:01 -0300] "GET /cormun/static/Resources/PXToolsGridFirstDisabled.gif HTTP/1.1" 200 100
186.78.50.54 - - [21/Mar/2016:09:38:02 -0300] "GET /cormun/static/Resources/PXToolsGridPreviousDisabled.gif HTTP/1.1" 200 90
186.78.50.54 - - [21/Mar/2016:09:38:02 -0300] "GET /cormun/static/Resources/PXToolsGridNextDisabled.gif HTTP/1.1" 200 90
186.78.50.54 - - [21/Mar/2016:09:38:02 -0300] "GET /cormun/static/Shared/ext/resources/css/ext-all.css?215870 HTTP/1.1" 200 416045
186.78.50.54 - - [21/Mar/2016:09:38:02 -0300] "GET /cormun/static/Resources/PXToolsGridLastDisabled.gif HTTP/1.1" 200 98
186.78.50.54 - - [21/Mar/2016:09:38:03 -0300] "GET /cormun/static/Resources/PXToolsGridPage.gif HTTP/1.1" 200 725
186.78.50.54 - - [21/Mar/2016:09:38:03 -0300] "GET /cormun/static/Resources/PXToolsActionExcel.png HTTP/1.1" 200 3187
186.78.50.54 - - [21/Mar/2016:09:38:03 -0300] "GET /cormun/static/Resources/PXToolsGridNew.png HTTP/1.1" 200 2949
186.78.50.54 - - [21/Mar/2016:09:38:04 -0300] "GET /cormun/static/Resources/asc.gif HTTP/1.1" 200 67
186.78.50.54 - - [21/Mar/2016:09:38:04 -0300] "GET /cormun/static/Resources/desc.gif HTTP/1.1" 200 65
186.78.50.54 - - [21/Mar/2016:09:38:04 -0300] "GET /cormun/servlet/trsolicitudot? HTTP/1.1" 200 6373
186.78.50.54 - - [21/Mar/2016:09:38:04 -0300] "GET /cormun/static/Shared/ext/resources/themes/images/default/tools/tool-sprites.gif HTTP/1.1" 200 5434
186.78.50.54 - - [21/Mar/2016:09:38:04 -0300] "GET /cormun/static/Shared/ext/resources/themes/images/default/panel/bg-headersPanel.png HTTP/1.1" 200 255
186.78.50.54 - - [21/Mar/2016:09:38:14 -0300] "GET /cormun/servlet/solicitudot?INS,0,0, HTTP/1.1" 200 11596
186.78.50.54 - - [21/Mar/2016:09:38:18 -0300] "GET /cormun/static/gxcfg.js?201631022504872 HTTP/1.1" 200 953
186.78.50.54 - - [21/Mar/2016:09:38:18 -0300] "GET /cormun/static/Resources/prompt.gif HTTP/1.1" 200 902
186.78.50.54 - - [21/Mar/2016:09:38:23 -0300] "GET /cormun/static/solicitudot.js?201631022504927 HTTP/1.1" 200 45515
186.78.50.54 - - [21/Mar/2016:09:38:33 -0300] "GET /cormun/servlet/solicitudot?INS,0,0, HTTP/1.1" 200 11601
186.78.50.54 - - [21/Mar/2016:09:38:53 -0300] "GET /cormun/static/Resources/resize.gif HTTP/1.1" 200 77
186.78.50.54 - - [21/Mar/2016:09:38:53 -0300] "GET /cormun/servlet/prfichaempleado?,MD,,gxPopupLevel%3D0%3B HTTP/1.1" 200 7888
186.78.50.54 - - [21/Mar/2016:09:38:53 -0300] "GET /cormun/static/gxui/gxui-all.css?1917420 HTTP/1.1" 200 2179
186.78.50.54 - - [21/Mar/2016:09:38:53 -0300] "GET /cormun/static/prfichaempleado.js?201511151625857 HTTP/1.1" 200 15035
186.78.50.54 - - [21/Mar/2016:09:38:53 -0300] "GET /cormun/static/scaMessage/css/jquery-ui.css?104140 HTTP/1.1" 404 1045
186.78.50.54 - - [21/Mar/2016:09:38:53 -0300] "GET /cormun/static/gxcfg.js?201511151625694 HTTP/1.1" 200 953
186.78.50.54 - - [21/Mar/2016:09:38:53 -0300] "GET /cormun/static/scaMessage/css/jquery.pnotify.default.css?1816380 HTTP/1.1" 200 1707
186.78.50.54 - - [21/Mar/2016:09:38:53 -0300] "GET /cormun/static/Resources/PXToolsMenuSearch.png HTTP/1.1" 200 2914
186.78.50.54 - - [21/Mar/2016:09:38:53 -0300] "GET /cormun/static/hmpwkw01.js?201511211495945 HTTP/1.1" 200 2037
186.78.50.54 - - [21/Mar/2016:09:38:53 -0300] "GET /cormun/static/Resources/PXToolsMenuSearchCancel.png HTTP/1.1" 200 2972
186.78.50.54 - - [21/Mar/2016:09:38:53 -0300] "GET /cormun/static/Resources/Spanish/PXTools.css?16184758 HTTP/1.1" 200 89042
186.78.50.54 - - [21/Mar/2016:09:38:53 -0300] "GET /cormun/static/Resources/PXToolsGridFirst.gif HTTP/1.1" 200 379
186.78.50.54 - - [21/Mar/2016:09:38:54 -0300] "GET /cormun/static/menusearch.js?201631622463431 HTTP/1.1" 200 1424
186.78.50.54 - - [21/Mar/2016:09:38:54 -0300] "GET /cormun/static/Resources/PXToolsGridPrevious.gif HTTP/1.1" 200 369
186.78.50.54 - - [21/Mar/2016:09:38:54 -0300] "GET /cormun/static/Resources/PXToolsGridNext.gif HTTP/1.1" 200 369
186.78.50.54 - - [21/Mar/2016:09:38:54 -0300] "GET /cormun/static/Resources/PXToolsGridLast.gif HTTP/1.1" 200 370
186.78.50.54 - - [21/Mar/2016:09:38:54 -0300] "GET /cormun/static/Shared/jqueryui/jquery-ui.min-1.8.js HTTP/1.1" 200 213511
186.78.50.54 - - [21/Mar/2016:09:39:13 -0300] "POST /cormun/servlet/prfichaempleado?4a544762716b810426745f18c5a4cd63,,MD,,gxPopupLevel%3D0%3B,gx-no-cache=1458563967303 HTTP/1.1" 200 2567
200.111.191.210 - - [21/Mar/2016:09:39:13 -0300] "POST /cormun/servlet/trsolicitudot?481119bd67c8ba9b1eb3539c1732f5d4,gx-no-cache=1458563977996 HTTP/1.1" 200 106
200.111.191.210 - - [21/Mar/2016:09:39:13 -0300] "GET /cormun/servlet/trsolicitudadjuntos?2016,1006, HTTP/1.1" 200 5385
200.111.191.210 - - [21/Mar/2016:09:39:13 -0300] "GET /cormun/static/Resources/Spanish/PXTools.css?171692 HTTP/1.1" 304 -
200.111.191.210 - - [21/Mar/2016:09:39:13 -0300] "GET /cormun/static/gxcfg.js?2016311731090 HTTP/1.1" 304 -
200.111.191.210 - - [21/Mar/2016:09:39:13 -0300] "GET /cormun/static/trsolicitudadjuntos.js?2016311731342 HTTP/1.1" 304 -
186.103.159.182 - - [21/Mar/2016:09:39:13 -0300] "GET /cormun/servlet/trcontratoobservaciondir HTTP/1.1" 200 5707
200.111.191.210 - - [21/Mar/2016:09:39:14 -0300] "GET /cormun/servlet/trsolicitudadjuntos?2016,1006, HTTP/1.1" 200 5385
186.103.159.182 - - [21/Mar/2016:09:39:17 -0300] "GET /cormun/servlet/trcontratoobservaciondir HTTP/1.1" 200 5706
200.111.191.210 - - [21/Mar/2016:09:39:18 -0300] "GET /cormun/servlet/solicitudotadjuntos?INS,2016,1006,,1, HTTP/1.1" 200 5478
200.111.191.210 - - [21/Mar/2016:09:39:18 -0300] "GET /cormun/static/gxcfg.js?201631021435892 HTTP/1.1" 304 -
200.111.191.210 - - [21/Mar/2016:09:39:18 -0300] "GET /cormun/static/solicitudotadjuntos.js?201631021435912 HTTP/1.1" 304 -
200.111.191.210 - - [21/Mar/2016:09:39:19 -0300] "GET /cormun/static/about:blank HTTP/1.1" 404 1011
200.111.191.210 - - [21/Mar/2016:09:39:19 -0300] "GET /cormun/servlet/solicitudotadjuntos?INS,2016,1006,,1, HTTP/1.1" 200 5472
200.111.191.210 - - [21/Mar/2016:09:39:19 -0300] "GET /cormun/servlet/solicitudotadjuntos?38a111ec17cb2e13a2c535a99e92e1d332baa90eb34838223aea45b13ced8ec4d55939bc6ca86d6b619530257f09d729,gx-no-cache=1458563984179 HTTP/1.1" 200 30
200.111.191.210 - - [21/Mar/2016:09:39:19 -0300] "POST /cormun/servlet/solicitudotadjuntos?481119bd67c8ba9b1eb3539c1732f5d4,INS,2016,1006,,1,,gx-no-cache=1458563984203 HTTP/1.1" 200 3366
200.111.191.210 - - [21/Mar/2016:09:39:21 -0300] "POST /cormun/servlet/solicitudotadjuntos?gx-no-cache=1458563985501 HTTP/1.1" 200 26
200.111.191.210 - - [21/Mar/2016:09:39:30 -0300] "GET /cormun/servlet/solicitudotadjuntos?38a111ec17cb2e13a2c535a99e92e1d3fd8d5c056f91e548af3dc319a653e8c8,gx-no-cache=1458563994661 HTTP/1.1" 200 30
200.111.191.210 - - [21/Mar/2016:09:39:30 -0300] "GET /cormun/servlet/solicitudotadjuntos?38a111ec17cb2e13a2c535a99e92e1d3fd8d5c056f91e548af3dc319a653e8c8,gx-no-cache=1458563994672 HTTP/1.1" 200 30
200.111.191.210 - - [21/Mar/2016:09:39:31 -0300] "POST /cormun/servlet/solicitudotadjuntos?481119bd67c8ba9b1eb3539c1732f5d4,INS,2016,1006,,1, HTTP/1.1" 200 116
200.111.191.210 - - [21/Mar/2016:09:39:31 -0300] "GET /cormun/servlet/hpexe_return? HTTP/1.1" 200 1030
200.111.191.210 - - [21/Mar/2016:09:39:31 -0300] "GET /cormun/servlet/trsolicitudadjuntos?2016,1006, HTTP/1.1" 200 7271
200.111.191.210 - - [21/Mar/2016:09:39:32 -0300] "GET /cormun/servlet/trsolicitudadjuntos?2016,1006, HTTP/1.1" 200 7267
200.111.191.210 - - [21/Mar/2016:09:39:33 -0300] "GET /cormun/servlet/solicitudotadjuntos?INS,2016,1006,,1, HTTP/1.1" 200 5478
200.111.191.210 - - [21/Mar/2016:09:39:34 -0300] "GET /cormun/static/about:blank HTTP/1.1" 404 1011
200.111.191.210 - - [21/Mar/2016:09:39:34 -0300] "GET /cormun/servlet/solicitudotadjuntos?INS,2016,1006,,1, HTTP/1.1" 200 5472
200.111.191.210 - - [21/Mar/2016:09:39:34 -0300] "GET /cormun/servlet/solicitudotadjuntos?38a111ec17cb2e13a2c535a99e92e1d332baa90eb34838223aea45b13ced8ec4d55939bc6ca86d6b619530257f09d729,gx-no-cache=1458563999090 HTTP/1.1" 200 30
200.111.191.210 - - [21/Mar/2016:09:39:34 -0300] "POST /cormun/servlet/solicitudotadjuntos?481119bd67c8ba9b1eb3539c1732f5d4,INS,2016,1006,,1,,gx-no-cache=1458563999142 HTTP/1.1" 200 3366
200.111.191.210 - - [21/Mar/2016:09:39:36 -0300] "POST /cormun/servlet/solicitudotadjuntos?gx-no-cache=1458564001092 HTTP/1.1" 200 26
186.103.159.182 - - [21/Mar/2016:09:39:39 -0300] "GET /cormun/servlet/trsolicitudot? HTTP/1.1" 200 6446
186.103.159.182 - - [21/Mar/2016:09:39:41 -0300] "GET /cormun/servlet/trsolicitudot? HTTP/1.1" 200 6446
200.111.191.210 - - [21/Mar/2016:09:39:41 -0300] "GET /cormun/servlet/solicitudotadjuntos?38a111ec17cb2e13a2c535a99e92e1d3fd8d5c056f91e548af3dc319a653e8c8,gx-no-cache=1458564006332 HTTP/1.1" 200 30
200.111.191.210 - - [21/Mar/2016:09:39:41 -0300] "GET /cormun/servlet/solicitudotadjuntos?38a111ec17cb2e13a2c535a99e92e1d3fd8d5c056f91e548af3dc319a653e8c8,gx-no-cache=1458564006368 HTTP/1.1" 200 30
200.111.191.210 - - [21/Mar/2016:09:39:43 -0300] "POST /cormun/servlet/solicitudotadjuntos?481119bd67c8ba9b1eb3539c1732f5d4,INS,2016,1006,,1, HTTP/1.1" 200 116
186.78.50.54 - - [21/Mar/2016:09:39:43 -0300] "POST /cormun/servlet/solicitudot?gx-no-cache=1458564000156 HTTP/1.1" 200 2668
200.111.191.210 - - [21/Mar/2016:09:39:43 -0300] "GET /cormun/servlet/hpexe_return? HTTP/1.1" 200 1030
200.111.191.210 - - [21/Mar/2016:09:39:43 -0300] "GET /cormun/servlet/trsolicitudadjuntos?2016,1006, HTTP/1.1" 200 7425
200.111.191.210 - - [21/Mar/2016:09:39:44 -0300] "GET /cormun/servlet/trsolicitudadjuntos?2016,1006, HTTP/1.1" 200 7419
186.78.50.54 - - [21/Mar/2016:09:39:46 -0300] "POST /cormun/servlet/solicitudot?4a544762716b810426745f18c5a4cd63,INS,0,0,,gx-no-cache=1458564003628 HTTP/1.1" 200 8337
200.111.191.210 - - [21/Mar/2016:09:39:46 -0300] "GET /cormun/servlet/solicitudotadjuntos?INS,2016,1006,,1, HTTP/1.1" 200 5478
200.111.191.210 - - [21/Mar/2016:09:39:46 -0300] "GET /cormun/static/about:blank HTTP/1.1" 404 1011
200.111.191.210 - - [21/Mar/2016:09:39:46 -0300] "GET /cormun/servlet/solicitudotadjuntos?INS,2016,1006,,1, HTTP/1.1" 200 5472
200.111.191.210 - - [21/Mar/2016:09:39:47 -0300] "GET /cormun/servlet/solicitudotadjuntos?38a111ec17cb2e13a2c535a99e92e1d332baa90eb34838223aea45b13ced8ec4d55939bc6ca86d6b619530257f09d729,gx-no-cache=1458564011438 HTTP/1.1" 200 30
186.103.159.182 - - [21/Mar/2016:09:39:47 -0300] "GET /cormun/servlet/solicitudot?INS,0,0, HTTP/1.1" 200 11649
186.103.159.182 - - [21/Mar/2016:09:39:47 -0300] "GET /cormun/static/gxcfg.js?201631022504872 HTTP/1.1" 200 953
200.111.191.210 - - [21/Mar/2016:09:39:47 -0300] "POST /cormun/servlet/solicitudotadjuntos?481119bd67c8ba9b1eb3539c1732f5d4,INS,2016,1006,,1,,gx-no-cache=1458564011502 HTTP/1.1" 200 3366
186.103.159.182 - - [21/Mar/2016:09:39:47 -0300] "GET /cormun/static/Resources/prompt.gif HTTP/1.1" 200 902
186.103.159.182 - - [21/Mar/2016:09:39:47 -0300] "GET /cormun/static/solicitudot.js?201631022504927 HTTP/1.1" 200 45515
186.103.159.182 - - [21/Mar/2016:09:39:49 -0300] "GET /cormun/servlet/solicitudot?INS,0,0, HTTP/1.1" 200 11654
200.111.191.210 - - [21/Mar/2016:09:39:49 -0300] "POST /cormun/servlet/solicitudotadjuntos?gx-no-cache=1458564013733 HTTP/1.1" 200 26
66.249.83.109 - - [21/Mar/2016:09:39:52 -0300] "GET /cormun/servlet/hlogin HTTP/1.1" 200 1717
66.249.83.105 - - [21/Mar/2016:09:39:52 -0300] "GET /cormun/servlet/hlogin?_escaped_fragment_= HTTP/1.1" 200 1717
200.111.191.210 - - [21/Mar/2016:09:39:54 -0300] "GET /cormun/servlet/solicitudotadjuntos?38a111ec17cb2e13a2c535a99e92e1d3fd8d5c056f91e548af3dc319a653e8c8,gx-no-cache=1458564018477 HTTP/1.1" 200 30
200.111.191.210 - - [21/Mar/2016:09:39:54 -0300] "GET /cormun/servlet/solicitudotadjuntos?38a111ec17cb2e13a2c535a99e92e1d3fd8d5c056f91e548af3dc319a653e8c8,gx-no-cache=1458564018537 HTTP/1.1" 200 30
200.111.191.210 - - [21/Mar/2016:09:39:56 -0300] "POST /cormun/servlet/solicitudotadjuntos?481119bd67c8ba9b1eb3539c1732f5d4,INS,2016,1006,,1, HTTP/1.1" 200 116
200.111.191.210 - - [21/Mar/2016:09:39:56 -0300] "GET /cormun/servlet/hpexe_return? HTTP/1.1" 200 1030
200.111.191.210 - - [21/Mar/2016:09:39:56 -0300] "GET /cormun/servlet/trsolicitudadjuntos?2016,1006, HTTP/1.1" 200 7576
200.111.191.210 - - [21/Mar/2016:09:39:57 -0300] "GET /cormun/servlet/trsolicitudadjuntos?2016,1006, HTTP/1.1" 200 7571
200.111.191.210 - - [21/Mar/2016:09:39:59 -0300] "GET /cormun/servlet/solicitudotadjuntos?INS,2016,1006,,1, HTTP/1.1" 200 5478
200.111.191.210 - - [21/Mar/2016:09:39:59 -0300] "GET /cormun/static/about:blank HTTP/1.1" 404 1011
200.111.191.210 - - [21/Mar/2016:09:39:59 -0300] "GET /cormun/servlet/solicitudotadjuntos?INS,2016,1006,,1, HTTP/1.1" 200 5472
186.103.159.182 - - [21/Mar/2016:09:39:59 -0300] "GET /cormun/servlet/trvisualizadoreventos? HTTP/1.1" 200 6259
200.111.191.210 - - [21/Mar/2016:09:40:00 -0300] "GET /cormun/servlet/solicitudotadjuntos?38a111ec17cb2e13a2c535a99e92e1d332baa90eb34838223aea45b13ced8ec4d55939bc6ca86d6b619530257f09d729,gx-no-cache=1458564024460 HTTP/1.1" 200 30
200.111.191.210 - - [21/Mar/2016:09:40:00 -0300] "POST /cormun/servlet/solicitudotadjuntos?481119bd67c8ba9b1eb3539c1732f5d4,INS,2016,1006,,1,,gx-no-cache=1458564024522 HTTP/1.1" 200 3366
186.78.50.54 - - [21/Mar/2016:09:40:01 -0300] "GET /cormun/servlet/solicitudot?b23780b35715b4f475cb2eb979c8598e96d90b170546231387c7f5de90cc5c6b46a49b1d0357c3b12b30e6a33cf1d070,gx-no-cache=1458564020398 HTTP/1.1" 200 30
186.103.159.182 - - [21/Mar/2016:09:40:01 -0300] "GET /cormun/servlet/trvisualizadoreventos? HTTP/1.1" 200 6254
200.111.191.210 - - [21/Mar/2016:09:40:02 -0300] "POST /cormun/servlet/solicitudotadjuntos?gx-no-cache=1458564026911 HTTP/1.1" 200 26
200.111.191.210 - - [21/Mar/2016:09:40:06 -0300] "GET /cormun/servlet/solicitudotadjuntos?38a111ec17cb2e13a2c535a99e92e1d3fd8d5c056f91e548af3dc319a653e8c8,gx-no-cache=1458564031040 HTTP/1.1" 200 30
200.111.191.210 - - [21/Mar/2016:09:40:06 -0300] "GET /cormun/servlet/solicitudotadjuntos?38a111ec17cb2e13a2c535a99e92e1d3fd8d5c056f91e548af3dc319a653e8c8,gx-no-cache=1458564031051 HTTP/1.1" 200 30
200.111.191.210 - - [21/Mar/2016:09:40:07 -0300] "POST /cormun/servlet/solicitudotadjuntos?481119bd67c8ba9b1eb3539c1732f5d4,INS,2016,1006,,1, HTTP/1.1" 200 116
200.111.191.210 - - [21/Mar/2016:09:40:07 -0300] "GET /cormun/servlet/hpexe_return? HTTP/1.1" 200 1030
200.111.191.210 - - [21/Mar/2016:09:40:08 -0300] "GET /cormun/servlet/trsolicitudadjuntos?2016,1006, HTTP/1.1" 200 7692
200.111.191.210 - - [21/Mar/2016:09:40:08 -0300] "GET /cormun/servlet/trsolicitudadjuntos?2016,1006, HTTP/1.1" 200 7690
186.103.159.182 - - [21/Mar/2016:09:40:09 -0300] "POST /cormun/servlet/trvisualizadoreventos?c9228998ee9aedb2f0ed8fd8b0a6e94d,,gx-no-cache=1458564038133 HTTP/1.1" 200 3560
200.111.191.210 - - [21/Mar/2016:09:40:10 -0300] "GET /cormun/servlet/solicitudotadjuntos?INS,2016,1006,,1, HTTP/1.1" 200 5478
200.111.191.210 - - [21/Mar/2016:09:40:10 -0300] "GET /cormun/static/about:blank HTTP/1.1" 404 1011
200.111.191.210 - - [21/Mar/2016:09:40:11 -0300] "GET /cormun/servlet/solicitudotadjuntos?INS,2016,1006,,1, HTTP/1.1" 200 5472
200.111.191.210 - - [21/Mar/2016:09:40:11 -0300] "GET /cormun/servlet/solicitudotadjuntos?38a111ec17cb2e13a2c535a99e92e1d332baa90eb34838223aea45b13ced8ec4d55939bc6ca86d6b619530257f09d729,gx-no-cache=1458564035899 HTTP/1.1" 200 30
200.111.191.210 - - [21/Mar/2016:09:40:11 -0300] "POST /cormun/servlet/solicitudotadjuntos?481119bd67c8ba9b1eb3539c1732f5d4,INS,2016,1006,,1,,gx-no-cache=1458564035975 HTTP/1.1" 200 3366
186.103.159.182 - - [21/Mar/2016:09:40:12 -0300] "POST /cormun/servlet/trvisualizadoreventos?c9228998ee9aedb2f0ed8fd8b0a6e94d,,gx-no-cache=1458564041230 HTTP/1.1" 200 3556
186.103.159.182 - - [21/Mar/2016:09:40:13 -0300] "POST /cormun/servlet/trvisualizadoreventos?c9228998ee9aedb2f0ed8fd8b0a6e94d,,gx-no-cache=1458564042147 HTTP/1.1" 200 3556
200.111.191.210 - - [21/Mar/2016:09:40:13 -0300] "POST /cormun/servlet/solicitudotadjuntos?gx-no-cache=1458564038329 HTTP/1.1" 200 26
200.111.191.210 - - [21/Mar/2016:09:40:19 -0300] "GET /cormun/servlet/solicitudotadjuntos?38a111ec17cb2e13a2c535a99e92e1d3fd8d5c056f91e548af3dc319a653e8c8,gx-no-cache=1458564043545 HTTP/1.1" 200 30
200.111.191.210 - - [21/Mar/2016:09:40:19 -0300] "GET /cormun/servlet/solicitudotadjuntos?38a111ec17cb2e13a2c535a99e92e1d3fd8d5c056f91e548af3dc319a653e8c8,gx-no-cache=1458564043588 HTTP/1.1" 200 30
200.111.191.210 - - [21/Mar/2016:09:40:22 -0300] "POST /cormun/servlet/solicitudotadjuntos?481119bd67c8ba9b1eb3539c1732f5d4,INS,2016,1006,,1, HTTP/1.1" 200 116
200.111.191.210 - - [21/Mar/2016:09:40:22 -0300] "GET /cormun/servlet/hpexe_return? HTTP/1.1" 200 1030
200.111.191.210 - - [21/Mar/2016:09:40:23 -0300] "GET /cormun/servlet/trsolicitudadjuntos?2016,1006, HTTP/1.1" 200 7839
200.111.191.210 - - [21/Mar/2016:09:40:24 -0300] "GET /cormun/servlet/trsolicitudadjuntos?2016,1006, HTTP/1.1" 200 7832
200.111.191.210 - - [21/Mar/2016:09:40:25 -0300] "GET /cormun/servlet/solicitudotadjuntos?INS,2016,1006,,1, HTTP/1.1" 200 5477
200.111.191.210 - - [21/Mar/2016:09:40:25 -0300] "GET /cormun/static/about:blank HTTP/1.1" 404 1011
200.111.191.210 - - [21/Mar/2016:09:40:26 -0300] "GET /cormun/servlet/solicitudotadjuntos?INS,2016,1006,,1, HTTP/1.1" 200 5471
186.103.159.182 - - [21/Mar/2016:09:40:26 -0300] "POST /cormun/servlet/trvisualizadoreventos?c9228998ee9aedb2f0ed8fd8b0a6e94d,,gx-no-cache=1458564055434 HTTP/1.1" 200 3560
200.111.191.210 - - [21/Mar/2016:09:40:26 -0300] "GET /cormun/servlet/solicitudotadjuntos?38a111ec17cb2e13a2c535a99e92e1d332baa90eb34838223aea45b13ced8ec4d55939bc6ca86d6b619530257f09d729,gx-no-cache=1458564050916 HTTP/1.1" 200 30
200.111.191.210 - - [21/Mar/2016:09:40:26 -0300] "POST /cormun/servlet/solicitudotadjuntos?481119bd67c8ba9b1eb3539c1732f5d4,INS,2016,1006,,1,,gx-no-cache=1458564050949 HTTP/1.1" 200 3364
200.111.191.210 - - [21/Mar/2016:09:40:28 -0300] "POST /cormun/servlet/solicitudotadjuntos?gx-no-cache=1458564053346 HTTP/1.1" 200 26
186.103.159.182 - - [21/Mar/2016:09:40:28 -0300] "POST /cormun/servlet/trvisualizadoreventos?c9228998ee9aedb2f0ed8fd8b0a6e94d,,gx-no-cache=1458564057982 HTTP/1.1" 200 3962
200.111.191.210 - - [21/Mar/2016:09:40:36 -0300] "GET /cormun/servlet/solicitudotadjuntos?38a111ec17cb2e13a2c535a99e92e1d3fd8d5c056f91e548af3dc319a653e8c8,gx-no-cache=1458564060588 HTTP/1.1" 200 30
200.111.191.210 - - [21/Mar/2016:09:40:36 -0300] "GET /cormun/servlet/solicitudotadjuntos?38a111ec17cb2e13a2c535a99e92e1d3fd8d5c056f91e548af3dc319a653e8c8,gx-no-cache=1458564060617 HTTP/1.1" 200 30
200.111.191.210 - - [21/Mar/2016:09:40:38 -0300] "POST /cormun/servlet/solicitudotadjuntos?481119bd67c8ba9b1eb3539c1732f5d4,INS,2016,1006,,1, HTTP/1.1" 200 116
200.111.191.210 - - [21/Mar/2016:09:40:38 -0300] "GET /cormun/servlet/hpexe_return? HTTP/1.1" 200 1030
200.111.191.210 - - [21/Mar/2016:09:40:39 -0300] "GET /cormun/servlet/trsolicitudadjuntos?2016,1006, HTTP/1.1" 200 7935
200.111.191.210 - - [21/Mar/2016:09:40:40 -0300] "GET /cormun/servlet/trsolicitudadjuntos?2016,1006, HTTP/1.1" 200 7935
186.103.159.182 - - [21/Mar/2016:09:40:46 -0300] "POST /cormun/servlet/trvisualizadoreventos?c9228998ee9aedb2f0ed8fd8b0a6e94d,,gx-no-cache=1458564075607 HTTP/1.1" 200 3887
186.103.159.182 - - [21/Mar/2016:09:40:53 -0300] "POST /cormun/servlet/trvisualizadoreventos?c9228998ee9aedb2f0ed8fd8b0a6e94d,,gx-no-cache=1458564082562 HTTP/1.1" 200 4082
200.111.191.210 - - [21/Mar/2016:09:41:02 -0300] "GET /cormun/servlet/hlogin HTTP/1.1" 200 1752
200.111.191.210 - - [21/Mar/2016:09:41:10 -0300] "POST /cormun/servlet/hlogin?481119bd67c8ba9b1eb3539c1732f5d4,gx-no-cache=1458564094677 HTTP/1.1" 200 90
200.111.191.210 - - [21/Mar/2016:09:41:10 -0300] "GET /cormun/servlet/hpexe_link HTTP/1.1" 200 955
200.111.191.210 - - [21/Mar/2016:09:41:10 -0300] "GET /cormun/servlet/hhome HTTP/1.1" 200 3474
200.111.191.210 - - [21/Mar/2016:09:41:10 -0300] "GET /cormun/static/Resources/Spanish/PXTools.css?10515224 HTTP/1.1" 304 -
200.111.191.210 - - [21/Mar/2016:09:41:10 -0300] "GET /cormun/static/gxcfg.js?2015112210564248 HTTP/1.1" 304 -
200.111.191.210 - - [21/Mar/2016:09:41:10 -0300] "GET /cormun/static/hhome.js?2015112210564255 HTTP/1.1" 304 -
200.111.191.210 - - [21/Mar/2016:09:41:10 -0300] "GET /cormun/servlet/hhome HTTP/1.1" 200 3470
200.111.191.210 - - [21/Mar/2016:09:41:14 -0300] "GET /cormun/servlet/trautorizarsolicitud? HTTP/1.1" 200 6322
200.111.191.210 - - [21/Mar/2016:09:41:14 -0300] "GET /cormun/static/Resources/Spanish/PXTools.css?22445990 HTTP/1.1" 304 -
200.111.191.210 - - [21/Mar/2016:09:41:14 -0300] "GET /cormun/static/gxcfg.js?201631622521611 HTTP/1.1" 304 -
200.111.191.210 - - [21/Mar/2016:09:41:14 -0300] "GET /cormun/static/trautorizarsolicitud.js?201631622522238 HTTP/1.1" 304 -
200.111.191.210 - - [21/Mar/2016:09:41:14 -0300] "GET /cormun/servlet/trautorizarsolicitud? HTTP/1.1" 200 6322
186.103.159.183 - - [21/Mar/2016:09:41:14 -0300] "GET /cormun/servlet/hlogin HTTP/1.1" 200 1722
186.103.159.183 - - [21/Mar/2016:09:41:14 -0300] "GET /cormun/static/gxtimezone.js?85251 HTTP/1.1" 200 5781
186.103.159.183 - - [21/Mar/2016:09:41:14 -0300] "GET /cormun/static/gxcfg.js?20151120045111 HTTP/1.1" 200 953
186.103.159.183 - - [21/Mar/2016:09:41:14 -0300] "GET /cormun/static/hlogin.js?20151120045126 HTTP/1.1" 200 2136
186.103.159.183 - - [21/Mar/2016:09:41:14 -0300] "GET /cormun/static/messages.spa.js?85251 HTTP/1.1" 200 30736
186.103.159.183 - - [21/Mar/2016:09:41:14 -0300] "GET /cormun/static/Resources/Spanish/PXTools.css?005343 HTTP/1.1" 200 89042
186.103.159.183 - - [21/Mar/2016:09:41:14 -0300] "GET /cormun/static/gxgral.js?85251 HTTP/1.1" 200 384558
186.103.159.183 - - [21/Mar/2016:09:41:15 -0300] "GET /cormun/static/Resources/ComunLogin.png HTTP/1.1" 200 17326
186.103.159.183 - - [21/Mar/2016:09:41:15 -0300] "GET /cormun/static/Resources/PXToolsLoginTop.png HTTP/1.1" 200 1337
186.103.159.183 - - [21/Mar/2016:09:41:15 -0300] "GET /cormun/static/Resources/PXToolsLoginBackground.png HTTP/1.1" 200 1164
186.103.159.183 - - [21/Mar/2016:09:41:15 -0300] "GET /cormun/static/Resources/PXToolsButtonLeft21.png HTTP/1.1" 200 1287
186.103.159.183 - - [21/Mar/2016:09:41:15 -0300] "GET /cormun/static/Resources/PXToolsButtonBackground2.png HTTP/1.1" 200 1181
186.103.159.183 - - [21/Mar/2016:09:41:15 -0300] "GET /cormun/static/Resources/PXToolsLoginBottom.png HTTP/1.1" 200 1389
186.103.159.183 - - [21/Mar/2016:09:41:15 -0300] "GET /cormun/static/Resources/PXToolsButtonRight21.png HTTP/1.1" 200 1283
186.103.159.183 - - [21/Mar/2016:09:41:15 -0300] "GET /cormun/static/Resources/indicator.gif HTTP/1.1" 200 1553
186.103.159.183 - - [21/Mar/2016:09:41:15 -0300] "GET /cormun/servlet/hlogin HTTP/1.1" 200 1732
186.103.159.183 - - [21/Mar/2016:09:41:15 -0300] "GET /favicon.ico HTTP/1.1" 200 21630
200.111.191.210 - - [21/Mar/2016:09:41:18 -0300] "GET /cormun/servlet/hlogin HTTP/1.1" 200 1745
186.103.159.182 - - [21/Mar/2016:09:41:23 -0300] "GET /cormun/servlet/avisualizareventos?2016,0,ENV,20160101,20160321,PU HTTP/1.1" 200 1237
186.103.159.182 - - [21/Mar/2016:09:41:23 -0300] "GET /cormun/servlet/avisualizareventos?2016,0,ENV,20160101,20160321,PU HTTP/1.1" 200 1239
186.103.159.183 - - [21/Mar/2016:09:41:24 -0300] "POST /cormun/servlet/hlogin?16bfd5a390513caa790199f6521aa978,gx-no-cache=1458567711062 HTTP/1.1" 200 90
186.103.159.183 - - [21/Mar/2016:09:41:24 -0300] "GET /cormun/servlet/hpexe_link HTTP/1.1" 200 952
186.103.159.183 - - [21/Mar/2016:09:41:24 -0300] "GET /cormun/static/gxcfg.js?20151120044395 HTTP/1.1" 200 953
186.103.159.183 - - [21/Mar/2016:09:41:24 -0300] "GET /cormun/static/hpexe_link.js?20151120044398 HTTP/1.1" 200 625
186.103.159.183 - - [21/Mar/2016:09:41:24 -0300] "GET /cormun/servlet/hhome HTTP/1.1" 200 3508
186.103.159.183 - - [21/Mar/2016:09:41:24 -0300] "GET /cormun/static/Resources/Spanish/PXTools.css?10515224 HTTP/1.1" 200 89042
186.103.159.183 - - [21/Mar/2016:09:41:24 -0300] "GET /cormun/static/Shared/jqueryui/jquery-ui.min.css?1245370 HTTP/1.1" 200 30288
186.103.159.183 - - [21/Mar/2016:09:41:24 -0300] "GET /cormun/static/SmoothNavMenu/resources/ddsmoothmenu.css?1012540 HTTP/1.1" 200 2223
186.103.159.183 - - [21/Mar/2016:09:41:24 -0300] "GET /cormun/static/SmoothNavMenu/resources/ddsmoothmenu-v.css?1012540 HTTP/1.1" 200 1188
186.103.159.183 - - [21/Mar/2016:09:41:24 -0300] "GET /cormun/static/scaMessage/css/jquery.pnotify.default.css?1716380 HTTP/1.1" 200 1707
186.103.159.183 - - [21/Mar/2016:09:41:24 -0300] "GET /cormun/static/gxcfg.js?2015112210564248 HTTP/1.1" 200 953
186.103.159.183 - - [21/Mar/2016:09:41:24 -0300] "GET /cormun/static/PXToolsJavascripts/pexe_cookies.js HTTP/1.1" 200 792
186.103.159.183 - - [21/Mar/2016:09:41:24 -0300] "GET /cormun/static/PXToolsJavascripts/pexe_autoreload.js HTTP/1.1" 200 1762
186.103.159.183 - - [21/Mar/2016:09:41:24 -0300] "GET /cormun/static/PXToolsJavascripts/pexe_windows.js HTTP/1.1" 200 15207
186.103.159.183 - - [21/Mar/2016:09:41:24 -0300] "GET /cormun/static/PXToolsJavascripts/pexe_grid.js HTTP/1.1" 200 7559
186.103.159.183 - - [21/Mar/2016:09:41:24 -0300] "GET /cormun/static/PXToolsJavascripts/pexe_griddivfix.js HTTP/1.1" 200 6644
186.103.159.183 - - [21/Mar/2016:09:41:24 -0300] "GET /cormun/static/PXToolsJavascripts/pexe_link.js HTTP/1.1" 200 5671
186.103.159.183 - - [21/Mar/2016:09:41:24 -0300] "GET /cormun/static/PXToolsJavascripts/pexe_menudivfix.js HTTP/1.1" 200 333
186.103.159.183 - - [21/Mar/2016:09:41:24 -0300] "GET /cormun/static/PXToolsJavascripts/pexe_menus.js HTTP/1.1" 200 1286
186.103.159.183 - - [21/Mar/2016:09:41:24 -0300] "GET /cormun/static/PXToolsJavascripts/pexe_layers.js HTTP/1.1" 200 4114
186.103.159.183 - - [21/Mar/2016:09:41:24 -0300] "GET /cormun/static/PXToolsJavascripts/pexe_oav.js HTTP/1.1" 200 645
186.103.159.183 - - [21/Mar/2016:09:41:24 -0300] "GET /cormun/static/PXToolsJavascripts/pexe_oavdivfix.js HTTP/1.1" 200 639
186.103.159.183 - - [21/Mar/2016:09:41:24 -0300] "GET /cormun/static/PXToolsJavascripts/pexe_picture.js HTTP/1.1" 200 689
186.103.159.183 - - [21/Mar/2016:09:41:24 -0300] "GET /cormun/static/PXToolsJavascripts/pexe_popup.js HTTP/1.1" 200 13458
186.103.159.183 - - [21/Mar/2016:09:41:24 -0300] "GET /cormun/static/PXToolsJavascripts/pexe_scrolldiv.js HTTP/1.1" 200 4138
186.103.159.183 - - [21/Mar/2016:09:41:24 -0300] "GET /cormun/static/PXToolsJavascripts/pexe_tabs.js HTTP/1.1" 200 3748
186.103.159.183 - - [21/Mar/2016:09:41:24 -0300] "GET /cormun/static/PXToolsJavascripts/pexe_tabdivfix.js HTTP/1.1" 200 876
186.103.159.183 - - [21/Mar/2016:09:41:24 -0300] "GET /cormun/static/PXToolsJavascripts/pexe_upload.js HTTP/1.1" 200 1423
186.103.159.183 - - [21/Mar/2016:09:41:24 -0300] "GET /cormun/static/PXToolsJavascripts/PXToolsJavascriptsRender.js HTTP/1.1" 200 367
186.103.159.183 - - [21/Mar/2016:09:41:24 -0300] "GET /cormun/static/RunJS/RunJS.js HTTP/1.1" 200 288
186.103.159.183 - - [21/Mar/2016:09:41:24 -0300] "GET /cormun/static/Shared/ext/locale/ext-lang-en.js HTTP/1.1" 200 10940
186.103.159.183 - - [21/Mar/2016:09:41:24 -0300] "GET /cormun/static/hhome.js?2015112210564255 HTTP/1.1" 200 777
186.103.159.183 - - [21/Mar/2016:09:41:24 -0300] "GET /cormun/static/hwchdr01.js?20162241650484 HTTP/1.1" 200 1183
186.103.159.183 - - [21/Mar/2016:09:41:25 -0300] "GET /cormun/static/hpexe_recentlink.js?2015111312121342 HTTP/1.1" 200 2144
186.103.159.183 - - [21/Mar/2016:09:41:25 -0300] "GET /cormun/static/hpexe_scripts.js?20151120014546 HTTP/1.1" 200 1544
186.103.159.183 - - [21/Mar/2016:09:41:25 -0300] "GET /cormun/static/hpexe_messagecontroller.js?2015112210524422 HTTP/1.1" 200 870
186.103.159.183 - - [21/Mar/2016:09:41:25 -0300] "GET /cormun/static/hpexe_messagepopupcomponent.js?201631622463126 HTTP/1.1" 200 605
186.103.159.183 - - [21/Mar/2016:09:41:25 -0300] "GET /cormun/static/hpexe_messagegenexuscomponent.js?20151120014314 HTTP/1.1" 200 587
186.103.159.183 - - [21/Mar/2016:09:41:25 -0300] "GET /cormun/static/gxui/gxui-all.js HTTP/1.1" 200 107772
186.103.159.183 - - [21/Mar/2016:09:41:25 -0300] "GET /cormun/static/cmcontrolpreferences.js?20151120014525 HTTP/1.1" 200 1375
186.103.159.183 - - [21/Mar/2016:09:41:25 -0300] "GET /cormun/static/SmoothNavMenu/resources/ddsmoothmenu.js HTTP/1.1" 200 12712
186.103.159.183 - - [21/Mar/2016:09:41:25 -0300] "GET /cormun/static/Shared/jquery/jquery-1.4.2.min.js HTTP/1.1" 200 72174
186.103.159.183 - - [21/Mar/2016:09:41:25 -0300] "GET /cormun/static/scaMessage/js/jquery.pnotify.min.js HTTP/1.1" 200 13038
186.103.159.183 - - [21/Mar/2016:09:41:25 -0300] "GET /cormun/static/scaMessage/scaMessageRender.js HTTP/1.1" 200 11977
186.103.159.183 - - [21/Mar/2016:09:41:25 -0300] "GET /cormun/static/hmpwkw03.js?2016315203380 HTTP/1.1" 200 3898
186.103.159.183 - - [21/Mar/2016:09:41:25 -0300] "GET /cormun/static/Resources/PXToolsFooterBackground2.png HTTP/1.1" 200 1172
186.103.159.183 - - [21/Mar/2016:09:41:25 -0300] "GET /cormun/static/Resources/PXToolsHeaderBackground2.png HTTP/1.1" 200 1174
186.103.159.183 - - [21/Mar/2016:09:41:25 -0300] "GET /cormun/static/Resources/PXToolsHeaderActionsBackground.png HTTP/1.1" 200 484
186.103.159.183 - - [21/Mar/2016:09:41:25 -0300] "GET /cormun/static/Resources/PXToolsDataTitle.png HTTP/1.1" 200 1173
186.103.159.183 - - [21/Mar/2016:09:41:25 -0300] "GET /cormun/static/Resources/logo4.png HTTP/1.1" 200 6582
186.103.159.183 - - [21/Mar/2016:09:41:25 -0300] "GET /cormun/static/Resources/PXToolsHeaderActionsLeft.png HTTP/1.1" 200 1118
186.103.159.183 - - [21/Mar/2016:09:41:25 -0300] "GET /cormun/static/Resources/PXToolsHeaderHome.png HTTP/1.1" 200 4147
186.103.159.183 - - [21/Mar/2016:09:41:25 -0300] "GET /cormun/static/Resources/PXToolsHeaderPreferences.png HTTP/1.1" 200 4189
186.103.159.183 - - [21/Mar/2016:09:41:25 -0300] "GET /cormun/static/Resources/PXToolsHeaderSecurity.png HTTP/1.1" 200 4166
186.103.159.183 - - [21/Mar/2016:09:41:25 -0300] "GET /cormun/static/Shared/jqueryui/jquery-ui.min.js HTTP/1.1" 200 240427
186.103.159.183 - - [21/Mar/2016:09:41:25 -0300] "GET /cormun/static/Resources/PXToolsHeaderActionsRight.png HTTP/1.1" 200 1201
186.103.159.183 - - [21/Mar/2016:09:41:25 -0300] "GET /cormun/static/Shared/ext/ext-all.js HTTP/1.1" 200 1289687
186.103.159.183 - - [21/Mar/2016:09:41:25 -0300] "GET /cormun/static/SmoothNavMenu/resources/SmoothNavMenuRender.js HTTP/1.1" 200 5951
186.103.159.183 - - [21/Mar/2016:09:41:26 -0300] "GET /cormun/static/Resources/PXToolsHeaderLogin.png HTTP/1.1" 200 4279
186.103.159.183 - - [21/Mar/2016:09:41:26 -0300] "GET /cormun/static/Shared/jquery/jquery-1.10.2.min.js HTTP/1.1" 200 273199
200.111.191.210 - - [21/Mar/2016:09:41:26 -0300] "POST /cormun/servlet/hlogin?481119bd67c8ba9b1eb3539c1732f5d4,gx-no-cache=1458564111112 HTTP/1.1" 200 90
200.111.191.210 - - [21/Mar/2016:09:41:26 -0300] "GET /cormun/servlet/hpexe_link HTTP/1.1" 200 955
200.111.191.210 - - [21/Mar/2016:09:41:26 -0300] "GET /cormun/servlet/hhome HTTP/1.1" 200 3445
200.111.191.210 - - [21/Mar/2016:09:41:27 -0300] "GET /cormun/servlet/hhome HTTP/1.1" 200 3442
186.103.159.183 - - [21/Mar/2016:09:41:27 -0300] "GET /cormun/static/SmoothNavMenu/resources/images/down.gif HTTP/1.1" 200 854
186.103.159.183 - - [21/Mar/2016:09:41:27 -0300] "GET /cormun/servlet/hhome HTTP/1.1" 200 3504
200.111.191.210 - - [21/Mar/2016:09:41:32 -0300] "GET /cormun/servlet/trsolicitudot? HTTP/1.1" 200 7639
200.111.191.210 - - [21/Mar/2016:09:41:32 -0300] "GET /cormun/servlet/trsolicitudot? HTTP/1.1" 200 7639
200.111.191.210 - - [21/Mar/2016:09:41:35 -0300] "POST /cormun/servlet/trsolicitudot?481119bd67c8ba9b1eb3539c1732f5d4,,gx-no-cache=1458564119332 HTTP/1.1" 200 3782
200.111.191.210 - - [21/Mar/2016:09:41:35 -0300] "GET /cormun/static/Shared/jqueryui/images/ui-bg_highlight-soft_100_c6c2c8_1x100.png HTTP/1.1" 404 1117
200.111.191.210 - - [21/Mar/2016:09:41:35 -0300] "GET /cormun/static/Shared/jqueryui/images/ui-icons_82798d_256x240.png HTTP/1.1" 404 1089
200.111.191.210 - - [21/Mar/2016:09:41:35 -0300] "GET /cormun/static/Shared/jqueryui/images/ui-bg_flat_55_fafafa_40x100.png HTTP/1.1" 404 1097
200.111.191.210 - - [21/Mar/2016:09:41:35 -0300] "GET /cormun/static/Shared/jqueryui/images/ui-icons_8d78a5_256x240.png HTTP/1.1" 404 1089
200.111.191.210 - - [21/Mar/2016:09:41:35 -0300] "POST /cormun/servlet/trsolicitudot?481119bd67c8ba9b1eb3539c1732f5d4,,gx-no-cache=1458564119584 HTTP/1.1" 200 3634
186.103.159.183 - - [21/Mar/2016:09:41:37 -0300] "GET /cormun/servlet/trsolicitudot? HTTP/1.1" 200 6430
186.103.159.183 - - [21/Mar/2016:09:41:38 -0300] "GET /cormun/static/gxui/gxui-all.css?120300 HTTP/1.1" 200 2179
186.103.159.183 - - [21/Mar/2016:09:41:38 -0300] "GET /cormun/static/calendar.js?85251 HTTP/1.1" 200 26246
186.103.159.183 - - [21/Mar/2016:09:41:38 -0300] "GET /cormun/static/gxcfg.js?201631022392470 HTTP/1.1" 200 953
186.103.159.183 - - [21/Mar/2016:09:41:38 -0300] "GET /cormun/static/calendar-system.css?85620 HTTP/1.1" 200 5572
186.103.159.183 - - [21/Mar/2016:09:41:38 -0300] "GET /cormun/static/calendar-setup.js?85251 HTTP/1.1" 200 2588
186.103.159.183 - - [21/Mar/2016:09:41:38 -0300] "GET /cormun/static/gxdec.js?85251 HTTP/1.1" 200 19579
186.103.159.183 - - [21/Mar/2016:09:41:38 -0300] "GET /cormun/static/Resources/Spanish/PXTools.css?2139548 HTTP/1.1" 200 89042
186.103.159.183 - - [21/Mar/2016:09:41:38 -0300] "GET /cormun/static/trsolicitudot.js?201631022393178 HTTP/1.1" 200 44568
200.111.191.210 - - [21/Mar/2016:09:41:38 -0300] "GET /cormun/servlet/trsolicitudot? HTTP/1.1" 200 6360
186.103.159.183 - - [21/Mar/2016:09:41:38 -0300] "GET /cormun/static/Shared/ext/resources/css/ext-all.css?215870 HTTP/1.1" 200 416045
200.111.191.210 - - [21/Mar/2016:09:41:38 -0300] "GET /cormun/servlet/trsolicitudot? HTTP/1.1" 200 6360
186.103.159.183 - - [21/Mar/2016:09:41:38 -0300] "GET /cormun/static/calendar-es.js?85251 HTTP/1.1" 200 1901
186.103.159.183 - - [21/Mar/2016:09:41:38 -0300] "GET /cormun/static/Resources/PXTools/calendar.png HTTP/1.1" 200 1306
186.103.159.183 - - [21/Mar/2016:09:41:38 -0300] "GET /cormun/static/Resources/PXToolsGridNew.png HTTP/1.1" 200 2949
200.111.191.210 - - [21/Mar/2016:09:41:39 -0300] "GET /cormun/servlet/hlogin HTTP/1.1" 200 1741
186.103.159.183 - - [21/Mar/2016:09:41:39 -0300] "GET /cormun/static/Resources/PXToolsDataSearch.png HTTP/1.1" 200 419
186.103.159.183 - - [21/Mar/2016:09:41:39 -0300] "GET /cormun/static/Resources/PXToolsGridPreviousDisabled.gif HTTP/1.1" 200 90
186.103.159.183 - - [21/Mar/2016:09:41:39 -0300] "GET /cormun/static/Resources/PXToolsGridFirstDisabled.gif HTTP/1.1" 200 100
186.103.159.183 - - [21/Mar/2016:09:41:39 -0300] "GET /cormun/static/Resources/PXToolsGridNextDisabled.gif HTTP/1.1" 200 90
186.103.159.183 - - [21/Mar/2016:09:41:39 -0300] "GET /cormun/static/Resources/PXToolsGridLastDisabled.gif HTTP/1.1" 200 98
186.103.159.183 - - [21/Mar/2016:09:41:39 -0300] "GET /cormun/static/Resources/PXToolsGridPage.gif HTTP/1.1" 200 725
186.103.159.183 - - [21/Mar/2016:09:41:39 -0300] "GET /cormun/static/Resources/PXToolsActionExcel.png HTTP/1.1" 200 3187
186.103.159.183 - - [21/Mar/2016:09:41:40 -0300] "GET /cormun/static/Resources/asc.gif HTTP/1.1" 200 67
186.103.159.183 - - [21/Mar/2016:09:41:40 -0300] "GET /cormun/static/Resources/desc.gif HTTP/1.1" 200 65
186.103.159.183 - - [21/Mar/2016:09:41:40 -0300] "GET /cormun/static/Shared/ext/resources/themes/images/default/panel/bg-headersPanel.png HTTP/1.1" 200 255
186.103.159.183 - - [21/Mar/2016:09:41:40 -0300] "GET /cormun/static/Shared/ext/resources/themes/images/default/tools/tool-sprites.gif HTTP/1.1" 200 5434
186.103.159.183 - - [21/Mar/2016:09:41:40 -0300] "GET /cormun/servlet/trsolicitudot? HTTP/1.1" 200 6429
186.103.159.183 - - [21/Mar/2016:09:41:41 -0300] "GET /cormun/servlet/solicitudot?INS,0,0, HTTP/1.1" 200 11632
186.103.159.183 - - [21/Mar/2016:09:41:42 -0300] "GET /cormun/static/gxcfg.js?201631022504872 HTTP/1.1" 200 953
186.103.159.183 - - [21/Mar/2016:09:41:42 -0300] "GET /cormun/static/solicitudot.js?201631022504927 HTTP/1.1" 200 45515
186.103.159.183 - - [21/Mar/2016:09:41:42 -0300] "GET /cormun/static/Resources/prompt.gif HTTP/1.1" 200 902
186.103.159.183 - - [21/Mar/2016:09:41:43 -0300] "GET /cormun/servlet/solicitudot?INS,0,0, HTTP/1.1" 200 11637
186.103.159.182 - - [21/Mar/2016:09:41:45 -0300] "POST /cormun/servlet/trvisualizadoreventos?c9228998ee9aedb2f0ed8fd8b0a6e94d,,gx-no-cache=1458564134123 HTTP/1.1" 200 4025
200.111.191.210 - - [21/Mar/2016:09:41:48 -0300] "POST /cormun/servlet/hlogin?481119bd67c8ba9b1eb3539c1732f5d4,gx-no-cache=1458564133209 HTTP/1.1" 200 90
200.111.191.210 - - [21/Mar/2016:09:41:48 -0300] "GET /cormun/servlet/hpexe_link HTTP/1.1" 200 955
200.111.191.210 - - [21/Mar/2016:09:41:49 -0300] "GET /cormun/servlet/hhome HTTP/1.1" 200 3474
200.111.191.210 - - [21/Mar/2016:09:41:49 -0300] "GET /cormun/servlet/hhome HTTP/1.1" 200 3470
200.111.191.210 - - [21/Mar/2016:09:41:51 -0300] "GET /cormun/servlet/trautorizarsolicitud? HTTP/1.1" 200 7597
200.111.191.210 - - [21/Mar/2016:09:41:52 -0300] "GET /cormun/servlet/trautorizarsolicitud? HTTP/1.1" 200 7596
186.103.159.182 - - [21/Mar/2016:09:41:54 -0300] "POST /cormun/servlet/trvisualizadoreventos?c9228998ee9aedb2f0ed8fd8b0a6e94d,,gx-no-cache=1458564143786 HTTP/1.1" 200 3906
200.111.191.210 - - [21/Mar/2016:09:42:06 -0300] "POST /cormun/servlet/trautorizarsolicitud?481119bd67c8ba9b1eb3539c1732f5d4,,gx-no-cache=1458564151008 HTTP/1.1" 200 3795
200.111.191.210 - - [21/Mar/2016:09:42:06 -0300] "POST /cormun/servlet/trautorizarsolicitud?481119bd67c8ba9b1eb3539c1732f5d4,,gx-no-cache=1458564151243 HTTP/1.1" 200 3649
186.103.159.182 - - [21/Mar/2016:09:42:08 -0300] "POST /cormun/servlet/trvisualizadoreventos?c9228998ee9aedb2f0ed8fd8b0a6e94d,,gx-no-cache=1458564157564 HTTP/1.1" 200 3893
186.103.159.183 - - [21/Mar/2016:09:42:08 -0300] "POST /cormun/servlet/solicitudot?gx-no-cache=1458567755785 HTTP/1.1" 200 2783
186.103.159.183 - - [21/Mar/2016:09:42:09 -0300] "POST /cormun/servlet/solicitudot?16bfd5a390513caa790199f6521aa978,INS,0,0,,gx-no-cache=1458567756125 HTTP/1.1" 200 8443
200.111.191.210 - - [21/Mar/2016:09:42:10 -0300] "GET /cormun/servlet/trsolicitudot? HTTP/1.1" 200 6381
200.111.191.210 - - [21/Mar/2016:09:42:10 -0300] "GET /cormun/servlet/trsolicitudot? HTTP/1.1" 200 6381
186.103.159.182 - - [21/Mar/2016:09:42:18 -0300] "POST /cormun/servlet/trvisualizadoreventos?c9228998ee9aedb2f0ed8fd8b0a6e94d,,gx-no-cache=1458564167933 HTTP/1.1" 200 3896
186.103.159.183 - - [21/Mar/2016:09:42:24 -0300] "GET /cormun/servlet/solicitudot?a129980e6ec7662e5c6cdacdd2edfce114ed5c91d47e10d1b3438d0903cc24c9a5a8c51f5146e417b23764b37200d6ab,gx-no-cache=1458567771937 HTTP/1.1" 200 30
186.103.159.183 - - [21/Mar/2016:09:42:24 -0300] "POST /cormun/servlet/solicitudot?gx-no-cache=1458567772021 HTTP/1.1" 200 30
186.103.159.182 - - [21/Mar/2016:09:42:28 -0300] "POST /cormun/servlet/trvisualizadoreventos?c9228998ee9aedb2f0ed8fd8b0a6e94d,,gx-no-cache=1458564177930 HTTP/1.1" 200 3893
186.103.159.182 - - [21/Mar/2016:09:42:44 -0300] "POST /cormun/servlet/trvisualizadoreventos?c9228998ee9aedb2f0ed8fd8b0a6e94d,,gx-no-cache=1458564193690 HTTP/1.1" 200 3551
186.103.159.183 - - [21/Mar/2016:09:42:48 -0300] "POST /cormun/servlet/solicitudot?gx-no-cache=1458567795055 HTTP/1.1" 200 33
186.103.159.183 - - [21/Mar/2016:09:42:48 -0300] "POST /cormun/servlet/solicitudot?gx-no-cache=1458567795241 HTTP/1.1" 200 452
186.103.159.183 - - [21/Mar/2016:09:42:48 -0300] "GET /cormun/servlet/solicitudot?a129980e6ec7662e5c6cdacdd2edfce166ca7195b7ab766a1bc7bc1f3da7a511ceb303cdb283ebf5d7ed49ff392cd7f0efa2ce993e7d74c6ac92602f119587ed05005187c4d8e8dc359bcfc51cf00243602a14c306e82ce7ee1a3a4fc536d965a4389f0f4b1bdd4512cf16004e36292dc7c24095009083bdaa4cfc5414dc29d33eeb97c0030e11012cb0df3473f62b80,gx-no-cache=1458567795415 HTTP/1.1" 200 38
186.103.159.182 - - [21/Mar/2016:09:42:48 -0300] "POST /cormun/servlet/trvisualizadoreventos?c9228998ee9aedb2f0ed8fd8b0a6e94d,,gx-no-cache=1458564197402 HTTP/1.1" 200 3893
200.111.191.210 - - [21/Mar/2016:09:42:56 -0300] "GET /cormun/servlet/hlogin HTTP/1.1" 200 1741
186.103.159.182 - - [21/Mar/2016:09:42:59 -0300] "POST /cormun/servlet/trvisualizadoreventos?c9228998ee9aedb2f0ed8fd8b0a6e94d,,gx-no-cache=1458564208134 HTTP/1.1" 200 111
186.103.159.182 - - [21/Mar/2016:09:42:59 -0300] "GET /cormun/VisualizadorEventos-4546.xls HTTP/1.1" 200 4608
186.103.159.183 - - [21/Mar/2016:09:43:06 -0300] "GET /cormun/servlet/solicitudot?a129980e6ec7662e5c6cdacdd2edfce17e3503a93d8909602ceb33f2045d48ab182fb3ed682867e9c3cad965a568f69161c66f18ab779c0c7698729d5eb9a5e89397a8825cf0338728d491b778e14756fc4a941aefc4eb0d71c7d26ee89890f171768cf64a1b7cadc9bc9706eaa20c82,gx-no-cache=1458567813143 HTTP/1.1" 200 29
186.103.159.183 - - [21/Mar/2016:09:43:06 -0300] "POST /cormun/servlet/solicitudot?gx-no-cache=1458567813186 HTTP/1.1" 200 404
186.103.159.183 - - [21/Mar/2016:09:43:06 -0300] "GET /cormun/static/menuarrow.gif HTTP/1.1" 404 1015
186.103.159.183 - - [21/Mar/2016:09:43:19 -0300] "GET /cormun/servlet/solicitudot?a129980e6ec7662e5c6cdacdd2edfce1d3df191321d3c312c2790da93bc76bfcf1af87f6314e705117efd103aff94f5e757be25a5754ceb415f3dd5b4b1dda87845ad9961dddeb6c753de40d6617fe87d44932b268b96e1cf05ae25552651657fc8f00f7f5e075aacbbd2bcc46a92818064caab231be404ac27d3b1808735160807f7bd66837f9faf3dcd3667d86fa5c575544b44fda7ed6735d934d2ef1c44692f5ff384775d4af36ae393def925ef0,gx-no-cache=1458567826768 HTTP/1.1" 200 30
186.78.50.54 - - [21/Mar/2016:09:44:08 -0300] "POST /cormun/servlet/solicitudot?gx-no-cache=1458564266309 HTTP/1.1" 200 30
186.78.50.54 - - [21/Mar/2016:09:44:14 -0300] "POST /cormun/servlet/solicitudot?gx-no-cache=1458564273419 HTTP/1.1" 200 30
186.78.50.54 - - [21/Mar/2016:09:44:37 -0300] "POST /cormun/servlet/solicitudot?gx-no-cache=1458564296797 HTTP/1.1" 200 452
186.78.50.54 - - [21/Mar/2016:09:44:38 -0300] "GET /cormun/servlet/solicitudot?b23780b35715b4f475cb2eb979c8598e678ffe5627b436766dcbf9bc0586969b1e465b565774b3d43d57571ac2041ce3bfe4ef59d58b49d2648b7211b486a40c49d9eaf2b0ebce4de4776267c553a1b8158304c3ac27342d415cb644c9d288ad920ef9600fd98e2af33cdbad89a164c5decc10de3097def771768dd24540548baa9e639be258e9c0cf9b17b640634f60,gx-no-cache=1458564296985 HTTP/1.1" 200 38
186.78.50.54 - - [21/Mar/2016:09:44:49 -0300] "GET /cormun/servlet/solicitudot?b23780b35715b4f475cb2eb979c8598e63d4f156e808d1a506b2b96f3390b436418445632be50f34579cbeeebf419f17b87f4d98ecd54f3d337898ac016e0668ba0195d94b32a1eecbd41c88d4b21b723c06f11087a07b85850d5fc879666195084ea8e0887d2140b38cb35164221b27,gx-no-cache=1458564307981 HTTP/1.1" 200 29
186.78.50.54 - - [21/Mar/2016:09:44:50 -0300] "POST /cormun/servlet/solicitudot?gx-no-cache=1458564309006 HTTP/1.1" 200 1128
186.103.159.183 - - [21/Mar/2016:09:45:42 -0300] "POST /cormun/servlet/solicitudot?gx-no-cache=1458567970139 HTTP/1.1" 200 30
186.103.159.183 - - [21/Mar/2016:09:46:03 -0300] "POST /cormun/servlet/solicitudot?gx-no-cache=1458567988115 HTTP/1.1" 200 33
186.103.159.183 - - [21/Mar/2016:09:46:03 -0300] "POST /cormun/servlet/solicitudot?gx-no-cache=1458567990309 HTTP/1.1" 200 452
186.103.159.183 - - [21/Mar/2016:09:46:03 -0300] "GET /cormun/servlet/solicitudot?a129980e6ec7662e5c6cdacdd2edfce166ca7195b7ab766a1bc7bc1f3da7a511ceb303cdb283ebf5d7ed49ff392cd7f0efa2ce993e7d74c6ac92602f119587ed05005187c4d8e8dc359bcfc51cf00243602a14c306e82ce7ee1a3a4fc536d965a4389f0f4b1bdd4512cf16004e36292dc7c24095009083bdaa4cfc5414dc29d37053a73af298d2496aef0d0c2fa3b9d1f589202e19259c53ac0f8bae6605b367,gx-no-cache=1458567990433 HTTP/1.1" 200 41
186.103.159.183 - - [21/Mar/2016:09:46:04 -0300] "POST /cormun/servlet/solicitudot?gx-no-cache=1458567991449 HTTP/1.1" 200 404
186.78.50.54 - - [21/Mar/2016:09:46:05 -0300] "GET /cormun/static/menuarrow.gif HTTP/1.1" 404 1015
186.78.50.54 - - [21/Mar/2016:09:46:21 -0300] "GET /cormun/servlet/solicitudot?b23780b35715b4f475cb2eb979c8598e43c08aefd6fa131cc97d03467e8640277c0adfe58e7da23fb4990426ba6e7505e115b2cab8b23198feba1a4741c682835f7393190aeb41d209f15a54d9fb56d18598f870583cc3cb62347ef7f073f499a8ea40b8329a0e4f0a4cdf309cac722fcc03df67624464c65d90027be77f63d4f24b22a39fa11246586e31e2452953016e50fcf4fc688cb941329668c985e06dbd814d0f36288e020db23e471266a37f,gx-no-cache=1458564399962 HTTP/1.1" 200 30
186.78.50.54 - - [21/Mar/2016:09:48:11 -0300] "GET /cormun/servlet/solicitudot?b23780b35715b4f475cb2eb979c8598e43c08aefd6fa131cc97d03467e8640277c0adfe58e7da23fb4990426ba6e7505e115b2cab8b23198feba1a4741c682835f7393190aeb41d209f15a54d9fb56d18598f870583cc3cb62347ef7f073f499a8ea40b8329a0e4f0a4cdf309cac722fcc03df67624464c65d90027be77f63d4f24b22a39fa11246586e31e2452953016e50fcf4fc688cb941329668c985e06dbd814d0f36288e020db23e471266a37f,gx-no-cache=1458564510251 HTTP/1.1" 200 30
186.78.50.54 - - [21/Mar/2016:09:48:11 -0300] "POST /cormun/servlet/solicitudot?4a544762716b810426745f18c5a4cd63,INS,0,0,,gx-no-cache=1458564510435 HTTP/1.1" 200 93
186.78.50.54 - - [21/Mar/2016:09:48:11 -0300] "GET /cormun/servlet/hpexe_return? HTTP/1.1" 200 1012
186.78.50.54 - - [21/Mar/2016:09:48:12 -0300] "GET /cormun/static/gxcfg.js?2015111312145050 HTTP/1.1" 200 953
186.78.50.54 - - [21/Mar/2016:09:48:12 -0300] "GET /cormun/static/hpexe_return.js?2015111312145056 HTTP/1.1" 200 1633
186.78.50.54 - - [21/Mar/2016:09:48:12 -0300] "GET /cormun/static/Resources/Spanish/PXTools.css?12112540 HTTP/1.1" 200 89042
186.78.50.54 - - [21/Mar/2016:09:48:12 -0300] "GET /cormun/servlet/trsolicitudot HTTP/1.1" 200 7649
186.78.50.54 - - [21/Mar/2016:09:48:13 -0300] "GET /cormun//static/Resources/PXToolsActionView.png HTTP/1.1" 200 2995
186.78.50.54 - - [21/Mar/2016:09:48:13 -0300] "GET /cormun//static/Resources/PXToolsGridUpdate.png HTTP/1.1" 200 2984
186.78.50.54 - - [21/Mar/2016:09:48:13 -0300] "GET /cormun/servlet/trsolicitudot HTTP/1.1" 200 7645
186.78.50.54 - - [21/Mar/2016:09:48:13 -0300] "GET /cormun//static/Resources/PXToolsGridDelete.png HTTP/1.1" 200 357
186.78.50.54 - - [21/Mar/2016:09:48:13 -0300] "GET /cormun//static/Resources/PXToolsRemoveAllAction.png HTTP/1.1" 200 3558
186.78.50.54 - - [21/Mar/2016:09:48:13 -0300] "GET /cormun//static/Resources/PXTools/ActionInsert.png HTTP/1.1" 200 1482
186.78.50.54 - - [21/Mar/2016:09:48:17 -0300] "POST /cormun/servlet/trsolicitudot?4a544762716b810426745f18c5a4cd63,gx-no-cache=1458564515297 HTTP/1.1" 200 106
186.78.50.54 - - [21/Mar/2016:09:48:17 -0300] "GET /cormun/servlet/trsolicitudadjuntos?2016,1007, HTTP/1.1" 200 5397
