186.103.157.235 - - [17/Mar/2016:09:09:09 -0300] "GET /cormun/servlet/solicitudot?3ab694bf46e6fefa5984008a8e9f71f69ca73ff9036eb32dd87fe385ca6b6ab36a593f61cf5262255aaf1a710b90497d383a027e8e973509ccbc2e0ffb712ff771b70f80d3abf88104e2a19780178e1cc7ee1d132c5752d49fda9507eb9e41f281a4cc69055bbc1d201f7c44a4b52a3e02ee366ddf1f3d228def8e8643b3e5def776f7d6981c5f795f1fa5a037b3007b,gx-no-cache=1458216580235 HTTP/1.1" 200 38
186.103.157.235 - - [17/Mar/2016:09:09:28 -0300] "GET /cormun/servlet/solicitudot?3ab694bf46e6fefa5984008a8e9f71f6de2a3970b614d47eb41af98bdacc6ac29b684bdcd926194706934353ff81fcdd0b7bec3bdbc0bfed8d2e292d119ff48079e5382faa2248c9759b8b1e54c4f7a1307df359cc38abe012bbad3c3c7caba78fd954bbdd5e55a2f66892106ca84dd530c27c0139411132f220f959c2a0b75fbe9a14e87a64cf0c7ff1c43f19788258b51384bccec0d41c75031b5904f10384,gx-no-cache=1458216598883 HTTP/1.1" 200 29
186.103.157.235 - - [17/Mar/2016:09:09:33 -0300] "POST /cormun/servlet/solicitudot?gx-no-cache=1458216604492 HTTP/1.1" 200 1128
186.103.158.250 - - [17/Mar/2016:09:09:37 -0300] "GET /cormun/servlet/solicitudot?INS,0,0, HTTP/1.1" 200 11152
186.103.158.250 - - [17/Mar/2016:09:09:38 -0300] "GET /cormun/static/Resources/Spanish/PXTools.css?2139548 HTTP/1.1" 200 89042
186.103.158.250 - - [17/Mar/2016:09:09:38 -0300] "GET /cormun/static/SmoothNavMenu/resources/ddsmoothmenu.css?1012540 HTTP/1.1" 200 2223
186.103.158.250 - - [17/Mar/2016:09:09:38 -0300] "GET /cormun/static/SmoothNavMenu/resources/ddsmoothmenu-v.css?1012540 HTTP/1.1" 200 1188
186.103.158.250 - - [17/Mar/2016:09:09:38 -0300] "GET /cormun/static/scaMessage/css/jquery.pnotify.default.css?1716380 HTTP/1.1" 200 1707
186.103.158.250 - - [17/Mar/2016:09:09:38 -0300] "GET /cormun/static/Shared/jqueryui/jquery-ui.min.css?1245370 HTTP/1.1" 200 30288
186.103.158.250 - - [17/Mar/2016:09:09:38 -0300] "GET /cormun/static/gxcfg.js?201631022504872 HTTP/1.1" 200 953
186.103.158.250 - - [17/Mar/2016:09:09:40 -0300] "GET /cormun/static/hpexe_messagepopupcomponent.js?201631622463126 HTTP/1.1" 200 605
186.103.158.250 - - [17/Mar/2016:09:09:40 -0300] "GET /cormun/static/hmpwkw03.js?2016315203380 HTTP/1.1" 200 3898
186.103.158.250 - - [17/Mar/2016:09:09:40 -0300] "GET /cormun/static/solicitudot.js?201631022504927 HTTP/1.1" 200 45515
186.103.158.250 - - [17/Mar/2016:09:09:40 -0300] "GET /cormun/static/Resources/prompt.gif HTTP/1.1" 200 902
186.103.158.250 - - [17/Mar/2016:09:09:42 -0300] "GET /cormun/servlet/solicitudot?INS,0,0, HTTP/1.1" 200 11170
186.103.158.250 - - [17/Mar/2016:09:09:42 -0300] "GET /cormun/servlet/hlogin HTTP/1.1" 200 1737
186.103.158.250 - - [17/Mar/2016:09:09:51 -0300] "POST /cormun/servlet/hlogin?6e16123c92c2589885a92a0d058084ce,gx-no-cache=1458216617007 HTTP/1.1" 200 90
186.103.158.250 - - [17/Mar/2016:09:09:51 -0300] "GET /cormun/servlet/hpexe_link HTTP/1.1" 200 958
186.103.158.250 - - [17/Mar/2016:09:09:51 -0300] "GET /cormun/servlet/solicitudot?INS,0,0, HTTP/1.1" 200 11427
186.103.158.250 - - [17/Mar/2016:09:09:54 -0300] "GET /cormun/servlet/solicitudot?INS,0,0, HTTP/1.1" 200 11431
186.103.158.250 - - [17/Mar/2016:09:10:00 -0300] "GET /cormun/servlet/trvisualizadoreventos? HTTP/1.1" 200 6194
186.103.158.250 - - [17/Mar/2016:09:10:00 -0300] "GET /cormun/static/gxcfg.js?201631021481342 HTTP/1.1" 200 953
186.103.158.250 - - [17/Mar/2016:09:10:00 -0300] "GET /cormun/static/trvisualizadoreventos.js?201631021481717 HTTP/1.1" 200 19288
186.103.158.250 - - [17/Mar/2016:09:10:00 -0300] "GET /cormun/static/Resources/PXToolsGridFirstDisabled.gif HTTP/1.1" 200 100
186.103.158.250 - - [17/Mar/2016:09:10:00 -0300] "GET /cormun/static/Resources/PXToolsGridPreviousDisabled.gif HTTP/1.1" 200 90
186.103.158.250 - - [17/Mar/2016:09:10:00 -0300] "GET /cormun/static/Resources/PXToolsGridNextDisabled.gif HTTP/1.1" 200 90
186.103.158.250 - - [17/Mar/2016:09:10:00 -0300] "GET /cormun/static/Resources/PXToolsGridLastDisabled.gif HTTP/1.1" 200 98
186.103.158.250 - - [17/Mar/2016:09:10:00 -0300] "GET /cormun/static/Resources/PXToolsGridPage.gif HTTP/1.1" 200 725
186.103.158.250 - - [17/Mar/2016:09:10:01 -0300] "GET /cormun/servlet/trvisualizadoreventos? HTTP/1.1" 200 6188
186.103.157.235 - - [17/Mar/2016:09:10:06 -0300] "GET /cormun/servlet/solicitudot?3ab694bf46e6fefa5984008a8e9f71f6f0f668a7f06e12a85a64b7824dfa687a943c40f83b18fefed6a7f4292ea84415c184703e34ac74551d8758a5270b91c05c5735a1317f6b2250f429c6b1c3f5cbca8ba3b624559ca9b931be12e9d690c6a5ab403eb065533ae6a94ef14e9be86aafc5f1fb52bffa97cbdd2fefb0d4468a0ffa458ef044c6135e8e7390885452fed98cab171618f7e179d049744664e7df191c3b98e0e1b4abd727fc7f347bec70,gx-no-cache=1458216637397 HTTP/1.1" 200 30
186.103.157.235 - - [17/Mar/2016:09:10:07 -0300] "POST /cormun/servlet/solicitudot?29b717c75291c55079a716b1c07267b0,INS,0,0,,gx-no-cache=1458216637768 HTTP/1.1" 500 10
201.223.37.60 - - [17/Mar/2016:09:10:20 -0300] "GET /cormun/servlet/solicitudot?INS,0,0, HTTP/1.1" 200 11593
201.223.37.60 - - [17/Mar/2016:09:10:22 -0300] "GET /cormun/servlet/solicitudot?INS,0,0, HTTP/1.1" 200 11597
186.103.158.250 - - [17/Mar/2016:09:10:29 -0300] "GET /cormun/servlet/solicitudot?INS,0,0, HTTP/1.1" 200 11414
186.103.158.250 - - [17/Mar/2016:09:10:32 -0300] "GET /cormun/servlet/solicitudot?INS,0,0, HTTP/1.1" 200 11430
186.103.158.250 - - [17/Mar/2016:09:11:11 -0300] "POST /cormun/servlet/solicitudot?gx-no-cache=1458216696630 HTTP/1.1" 200 2757
186.103.158.250 - - [17/Mar/2016:09:11:11 -0300] "POST /cormun/servlet/solicitudot?6e16123c92c2589885a92a0d058084ce,INS,0,0,,gx-no-cache=1458216696911 HTTP/1.1" 200 8147
186.103.158.250 - - [17/Mar/2016:09:11:15 -0300] "GET /cormun/servlet/solicitudot?3f4e3df3c307cb8b4d264830b2251b4a956e62d0a2570e466ce8889b10c1f20346e087c1cad67e80d7d291dd849da0ef,gx-no-cache=1458216701197 HTTP/1.1" 200 30
186.103.158.250 - - [17/Mar/2016:09:11:15 -0300] "POST /cormun/servlet/solicitudot?gx-no-cache=1458216701268 HTTP/1.1" 200 30
186.103.158.250 - - [17/Mar/2016:09:11:15 -0300] "POST /cormun/servlet/solicitudot?gx-no-cache=1458216701301 HTTP/1.1" 200 33
186.103.158.250 - - [17/Mar/2016:09:11:15 -0300] "POST /cormun/servlet/solicitudot?gx-no-cache=1458216701352 HTTP/1.1" 200 1171
186.103.158.250 - - [17/Mar/2016:09:11:16 -0300] "GET /cormun/servlet/solicitudot?3f4e3df3c307cb8b4d264830b2251b4a3036e5afccd60a2bd0263913f9b5a0bdb6b41a3fe5d2607eb410df7f134b272e11349692156a10a8510edebbe334e535648fe4b3a75ee1bf9ba9ff8538f7f52b27ae6e637dedb19fbcd1af75167a31ec651215ebbb20d250ba0806ad6e68be1f6d5b032554586ee67f5b55ab86fde5306b6c4fe568a10744265d6636ce9e2cf8,gx-no-cache=1458216701450 HTTP/1.1" 200 38
186.103.158.250 - - [17/Mar/2016:09:11:23 -0300] "GET /cormun/servlet/solicitudot?3f4e3df3c307cb8b4d264830b2251b4a331fc1ace22dfe30ad8bde9347f29663271af7f4f3fe35931b8d58d24e95313718a90ba3558fbc644522a800892f982920c674251415a8da1c8b4f972e52835972e396ee45af209b9675d01703abe07a8d61d06f9962359fee5c9b709267477a20555fc91fbcaea4a11532f3502c2fee8efe33954c590b621e1bc8446e7c27ef95c3df0696c4c4be2c3fbdfba440028d,gx-no-cache=1458216709178 HTTP/1.1" 200 29
186.103.158.250 - - [17/Mar/2016:09:11:23 -0300] "POST /cormun/servlet/solicitudot?gx-no-cache=1458216709218 HTTP/1.1" 200 1127
186.103.158.250 - - [17/Mar/2016:09:11:23 -0300] "GET /cormun/static/menuarrow.gif HTTP/1.1" 404 1015
201.223.37.60 - - [17/Mar/2016:09:11:26 -0300] "POST /cormun/servlet/solicitudot?gx-no-cache=1458216711618 HTTP/1.1" 200 2668
201.223.37.60 - - [17/Mar/2016:09:11:27 -0300] "POST /cormun/servlet/solicitudot?e27f0c4a8994fcb698d2fe184f1771b0,INS,0,0,,gx-no-cache=1458216711972 HTTP/1.1" 200 8339
201.223.37.60 - - [17/Mar/2016:09:11:27 -0300] "GET /cormun/servlet/solicitudot?0b7f48f7cef340579f951a6472d75aad3d75ddf62a896a530d429307a748409c2281ca9137c32279b6ddf921d8b1ce92,gx-no-cache=1458216712924 HTTP/1.1" 200 111
201.223.37.60 - - [17/Mar/2016:09:11:27 -0300] "GET /cormun/static/Shared/jqueryui/images/ui-bg_highlight-soft_100_c6c2c8_1x100.png HTTP/1.1" 404 1117
201.223.37.60 - - [17/Mar/2016:09:11:27 -0300] "GET /cormun/static/Shared/jqueryui/images/ui-icons_82798d_256x240.png HTTP/1.1" 404 1089
201.223.37.60 - - [17/Mar/2016:09:11:27 -0300] "GET /cormun/static/Shared/jqueryui/images/ui-bg_flat_55_994d53_40x100.png HTTP/1.1" 404 1097
201.223.37.60 - - [17/Mar/2016:09:11:27 -0300] "GET /cormun/static/Shared/jqueryui/images/ui-icons_ebccce_256x240.png HTTP/1.1" 404 1089
201.223.37.60 - - [17/Mar/2016:09:11:30 -0300] "GET /cormun/servlet/solicitudot?0b7f48f7cef340579f951a6472d75aada524fcbc41e583845febea74fd6618ccf2ea6aec573986cef1fda97aecfc9379,gx-no-cache=1458216715393 HTTP/1.1" 200 30
186.103.158.250 - - [17/Mar/2016:09:11:36 -0300] "GET /cormun/servlet/solicitudot?3f4e3df3c307cb8b4d264830b2251b4a8b77e95d626d50e342459b337d20169bb2cda743f02ef5ca8f9dfd03c13e37eef0a2243e4e12f5de2781cc10b41093b109d4f038ff742c964af03832d4de07b81ce09441e8e44249589c25afe3091671d8f84a7f3fd3bf3fd2f95f6a5123598ab1175b07d845625646351a1c0ee02c2617136111f92c6f73b685909b188b24b1f15243afacd3403c5eb2df6e774a7b5f416970febeff46de276bb07e0313b8cf,gx-no-cache=1458216721646 HTTP/1.1" 200 30
186.103.158.250 - - [17/Mar/2016:09:11:57 -0300] "POST /cormun/servlet/solicitudot?6e16123c92c2589885a92a0d058084ce,INS,0,0,,gx-no-cache=1458216742478 HTTP/1.1" 200 93
186.103.158.250 - - [17/Mar/2016:09:11:57 -0300] "GET /cormun/servlet/hpexe_return? HTTP/1.1" 200 1004
186.103.158.250 - - [17/Mar/2016:09:11:58 -0300] "GET /cormun/static/gxcfg.js?2015111312145050 HTTP/1.1" 200 953
186.103.158.250 - - [17/Mar/2016:09:11:58 -0300] "GET /cormun/static/Resources/Spanish/PXTools.css?12112540 HTTP/1.1" 200 89042
186.103.158.250 - - [17/Mar/2016:09:11:58 -0300] "GET /cormun/static/hpexe_return.js?2015111312145056 HTTP/1.1" 200 1633
186.103.158.250 - - [17/Mar/2016:09:11:58 -0300] "GET /cormun/servlet/hhome HTTP/1.1" 200 3462
186.103.158.250 - - [17/Mar/2016:09:12:00 -0300] "GET /cormun/servlet/hhome HTTP/1.1" 200 3457
186.103.158.250 - - [17/Mar/2016:09:12:07 -0300] "GET /cormun/servlet/trvisualizadoreventos? HTTP/1.1" 200 6183
186.103.158.250 - - [17/Mar/2016:09:12:09 -0300] "GET /cormun/servlet/trvisualizadoreventos? HTTP/1.1" 200 6183
186.103.158.250 - - [17/Mar/2016:09:12:13 -0300] "POST /cormun/servlet/trvisualizadoreventos?6e16123c92c2589885a92a0d058084ce,,gx-no-cache=1458216759227 HTTP/1.1" 200 3477
186.103.158.250 - - [17/Mar/2016:09:12:16 -0300] "POST /cormun/servlet/trvisualizadoreventos?6e16123c92c2589885a92a0d058084ce,,gx-no-cache=1458216762268 HTTP/1.1" 200 3477
186.103.158.250 - - [17/Mar/2016:09:12:18 -0300] "POST /cormun/servlet/trvisualizadoreventos?6e16123c92c2589885a92a0d058084ce,,gx-no-cache=1458216763549 HTTP/1.1" 200 3477
186.103.158.250 - - [17/Mar/2016:09:12:23 -0300] "POST /cormun/servlet/trvisualizadoreventos?6e16123c92c2589885a92a0d058084ce,,gx-no-cache=1458216768988 HTTP/1.1" 200 3482
201.223.37.60 - - [17/Mar/2016:09:12:26 -0300] "GET /cormun/servlet/solicitudot?0b7f48f7cef340579f951a6472d75aad1b98929c0fb591d7699574d2c5d2b46a80e5a8c6e99de34046b7db9a1ad037ac7ab1f43ed5b0a6d8e0f9057fc22d63290176750cadd970752cf9b5e97751c1766147c2c383b96c60fb6c5ae2cdca443504ed963c7c634abac1a4fd3b7bd6d846df0bfabec3a7e3411d284c61294bb6ed2e9060c9225ec1d5b511c407e12ba49d01b347a9d4377d89fb93f2a5fcd787f7a81969386a9a7831156dd896a7a38a2c7ee910a6d068abd3daaa79a24f2c7c2c5e232ccbcc4a44ab86886d12e00982ab0ae49ca67d1320b0dee51ee40e3e0ab7627a14740c9d6cac3998205e121a502dda023b0d75d7d5a911f82a3ca99e4f9eb7802b29197490271dfed278295c628ba6ee23ccc9e1505517f545dd9d4a53d07ab1f43ed5b0a6d8e0f9057fc22d6329008b653ba8870dcf8ea6d932c20df2199fdd183237f6663f32bf734677c808c304ed963c7c634abac1a4fd3b7bd6d846df0bfabec3a7e3411d284c61294bb6eddc2e8a3b6f61829c585057bfd50eab7301b347a9d4377d89fb93f2a5fcd787f7318dd55b35856fc773197d9214e619a2240e010875c06aeb861eef3adf8d52715e232ccbcc4a44ab86886d12e00982ab52312e3fb38b00d10ef794ec5d3680f3,gx-no-cache=1458216771882 HTTP/1.1" 200 30
186.103.158.250 - - [17/Mar/2016:09:12:28 -0300] "GET /cormun/servlet/trvisualizadoreventos? HTTP/1.1" 200 6186
186.103.158.250 - - [17/Mar/2016:09:12:30 -0300] "GET /cormun/servlet/trvisualizadoreventos? HTTP/1.1" 200 6186
201.223.37.60 - - [17/Mar/2016:09:12:38 -0300] "POST /cormun/servlet/solicitudot?gx-no-cache=1458216783352 HTTP/1.1" 200 30
186.103.158.250 - - [17/Mar/2016:09:12:44 -0300] "POST /cormun/servlet/trvisualizadoreventos?6e16123c92c2589885a92a0d058084ce,,gx-no-cache=1458216789663 HTTP/1.1" 200 3890
201.223.37.60 - - [17/Mar/2016:09:12:45 -0300] "POST /cormun/servlet/solicitudot?gx-no-cache=1458216790341 HTTP/1.1" 200 1168
201.223.37.60 - - [17/Mar/2016:09:12:47 -0300] "GET /cormun/servlet/prlicenciaspermisos?18044187,L,,MD,,gxPopupLevel%3D0%3B HTTP/1.1" 200 5613
201.223.37.60 - - [17/Mar/2016:09:12:52 -0300] "GET /cormun/servlet/solicitudot?0b7f48f7cef340579f951a6472d75aad14a14e41b1edf451f5e25636d65e8fa9242538fd548fb2f64b8d4a37bd378e8a4f1c28aeea59f2639169982c85ce16fbcf14700fa9ef3b631fc4563334fbae5a9b301a8856e71dcfaffecee4e0d9c95b867ace27de517741e78eac9ff8626457ad910bcdbfa38f073151f0a0f8d3034e851fa80d334de97128722ce74440bc64,gx-no-cache=1458216797125 HTTP/1.1" 200 38
186.103.158.250 - - [17/Mar/2016:09:13:01 -0300] "GET /cormun/servlet/trvisualizadoreventos? HTTP/1.1" 200 6569
201.223.37.60 - - [17/Mar/2016:09:13:02 -0300] "GET /cormun/servlet/solicitudot?0b7f48f7cef340579f951a6472d75aad84d1473de767ef85ce10a9e983cec2a1d268580d44dcd144c0aeac957e70968233ac4befce0cdc2e00b31be4abe08f95433d3337f262d8c9fec62d50c5a94c41f01f14a4f431409c0161c85892a565319607df7844f62b8c5b1b026360600b88,gx-no-cache=1458216807379 HTTP/1.1" 200 29
186.103.158.250 - - [17/Mar/2016:09:13:03 -0300] "GET /cormun/servlet/trvisualizadoreventos? HTTP/1.1" 200 6569
201.223.37.60 - - [17/Mar/2016:09:13:09 -0300] "POST /cormun/servlet/solicitudot?gx-no-cache=1458216814896 HTTP/1.1" 200 1128
201.223.37.60 - - [17/Mar/2016:09:13:29 -0300] "GET /cormun/servlet/solicitudot?0b7f48f7cef340579f951a6472d75aad30eb7452a397509ea32e78adbe8d57a980fcbaf7cf108769c005a42576008e4b22d56dfb99c511a0790b1269486ea656f1d8745282065161e8e10b007e2861a0078e3765affcc86aa9baf29af1b423f5bea12868a9627d7a24296e1ef6a190ecb3f090ae8fe2e1179306cd9008977da6f01f14a4f431409c0161c85892a56531f9962bf1b642cb3f18458fb9de08bb03c39263fa4e3918225f1e8b20be7867c2,gx-no-cache=1458216834095 HTTP/1.1" 200 30
186.103.158.250 - - [17/Mar/2016:09:13:40 -0300] "GET /cormun/servlet/hlogin HTTP/1.1" 200 1722
201.223.37.60 - - [17/Mar/2016:09:13:43 -0300] "POST /cormun/servlet/solicitudot?e27f0c4a8994fcb698d2fe184f1771b0,INS,0,0,,gx-no-cache=1458216848084 HTTP/1.1" 200 93
201.223.37.60 - - [17/Mar/2016:09:13:43 -0300] "GET /cormun/servlet/hpexe_return? HTTP/1.1" 200 1013
201.223.37.60 - - [17/Mar/2016:09:13:43 -0300] "GET /cormun/static/hpexe_return.js?2015111312145056 HTTP/1.1" 200 1633
201.223.37.60 - - [17/Mar/2016:09:13:43 -0300] "GET /cormun/static/gxcfg.js?2015111312145050 HTTP/1.1" 200 953
201.223.37.60 - - [17/Mar/2016:09:13:43 -0300] "GET /cormun/static/Resources/Spanish/PXTools.css?12112540 HTTP/1.1" 200 89042
201.223.37.60 - - [17/Mar/2016:09:13:44 -0300] "GET /cormun/servlet/trsolicitudot HTTP/1.1" 200 7704
201.223.37.60 - - [17/Mar/2016:09:13:45 -0300] "GET /cormun//static/Resources/PXToolsGridUpdate.png HTTP/1.1" 200 2984
201.223.37.60 - - [17/Mar/2016:09:13:45 -0300] "GET /cormun//static/Resources/PXToolsGridDelete.png HTTP/1.1" 200 357
201.223.37.60 - - [17/Mar/2016:09:13:45 -0300] "GET /cormun//static/Resources/PXToolsActionView.png HTTP/1.1" 200 2995
201.223.37.60 - - [17/Mar/2016:09:13:45 -0300] "GET /cormun//static/Resources/PXToolsRemoveAllAction.png HTTP/1.1" 200 3558
201.223.37.60 - - [17/Mar/2016:09:13:45 -0300] "GET /cormun//static/Resources/PXTools/ActionInsert.png HTTP/1.1" 200 1482
201.223.37.60 - - [17/Mar/2016:09:13:45 -0300] "GET /cormun/servlet/trsolicitudot HTTP/1.1" 200 7700
186.103.158.250 - - [17/Mar/2016:09:13:59 -0300] "GET /cormun/servlet/hlogin HTTP/1.1" 200 1714
186.103.158.250 - - [17/Mar/2016:09:14:14 -0300] "POST /cormun/servlet/hlogin?6e16123c92c2589885a92a0d058084ce,gx-no-cache=1458216879886 HTTP/1.1" 200 90
186.103.158.250 - - [17/Mar/2016:09:14:14 -0300] "GET /cormun/servlet/hpexe_link HTTP/1.1" 200 946
186.103.158.250 - - [17/Mar/2016:09:14:14 -0300] "GET /cormun/servlet/hhome HTTP/1.1" 200 3497
186.103.158.250 - - [17/Mar/2016:09:14:16 -0300] "GET /cormun/servlet/hhome HTTP/1.1" 200 3494
186.103.158.250 - - [17/Mar/2016:09:14:20 -0300] "GET /cormun/servlet/trvisualizadoreventos? HTTP/1.1" 200 6612
186.103.158.250 - - [17/Mar/2016:09:14:22 -0300] "GET /cormun/servlet/trvisualizadoreventos? HTTP/1.1" 200 6612
186.103.158.250 - - [17/Mar/2016:09:14:37 -0300] "POST /cormun/servlet/trvisualizadoreventos?6e16123c92c2589885a92a0d058084ce,,gx-no-cache=1458216902984 HTTP/1.1" 200 3950
186.103.157.235 - - [17/Mar/2016:09:14:38 -0300] "GET /cormun/servlet/trsolicitudot? HTTP/1.1" 200 6442
186.103.157.235 - - [17/Mar/2016:09:14:38 -0300] "GET /cormun/servlet/trsolicitudot? HTTP/1.1" 200 6441
192.168.10.89 - - [17/Mar/2016:09:15:16 -0300] "GET /cormun/servlet/hlogin HTTP/1.1" 200 1720
192.168.10.89 - - [17/Mar/2016:09:15:25 -0300] "POST /cormun/servlet/hlogin?42023b601bc1be04bedc30efc9d7b1b7,gx-no-cache=1458216672596 HTTP/1.1" 200 90
192.168.10.89 - - [17/Mar/2016:09:15:25 -0300] "GET /cormun/servlet/hpexe_link HTTP/1.1" 200 952
192.168.10.89 - - [17/Mar/2016:09:15:25 -0300] "GET /cormun/servlet/hhome HTTP/1.1" 200 3454
192.168.10.89 - - [17/Mar/2016:09:15:28 -0300] "GET /cormun/servlet/trsolicitudot? HTTP/1.1" 200 7699
192.168.10.89 - - [17/Mar/2016:09:15:33 -0300] "POST /cormun/servlet/trsolicitudot?42023b601bc1be04bedc30efc9d7b1b7,,gx-no-cache=1458216680338 HTTP/1.1" 200 104
192.168.10.89 - - [17/Mar/2016:09:15:33 -0300] "GET /cormun/servlet/solicitudot?UPD,2016,966, HTTP/1.1" 200 12846
192.168.10.89 - - [17/Mar/2016:09:15:34 -0300] "POST /cormun/servlet/solicitudot?gx-no-cache=1458216681718 HTTP/1.1" 200 2745
192.168.10.89 - - [17/Mar/2016:09:15:34 -0300] "POST /cormun/servlet/solicitudot?42023b601bc1be04bedc30efc9d7b1b7,UPD,2016,966,,gx-no-cache=1458216681878 HTTP/1.1" 200 9112
192.168.10.89 - - [17/Mar/2016:09:15:35 -0300] "GET /cormun/servlet/solicitudot?b7f4305bc2fe4d896fb59180dc429e81d5b6ceb21addadabf29f6304e800440d1473e9f1a271828c8570af8b295215d6,gx-no-cache=1458216682126 HTTP/1.1" 200 30
192.168.10.89 - - [17/Mar/2016:09:15:35 -0300] "POST /cormun/servlet/solicitudot?gx-no-cache=1458216682197 HTTP/1.1" 200 30
192.168.10.89 - - [17/Mar/2016:09:15:35 -0300] "POST /cormun/servlet/solicitudot?gx-no-cache=1458216682218 HTTP/1.1" 200 30
192.168.10.89 - - [17/Mar/2016:09:15:35 -0300] "POST /cormun/servlet/solicitudot?gx-no-cache=1458216682258 HTTP/1.1" 200 1168
192.168.10.89 - - [17/Mar/2016:09:15:35 -0300] "GET /cormun/servlet/solicitudot?b7f4305bc2fe4d896fb59180dc429e81ede5cdcd719621ef48b53e67c22ea03c1e5a0559cdc3c7882ca61bc24e2a04af2670c7cc4ade86d69d21f058a4960cdfb858f3d299c76fc7593149e994530211797c79688b4ba30f09eb3a2a74564c0d6375b9b2244e6d2ddc1da0b56de4ddc88f7bb38d92c2da9c842157e916fa6c04bdc4050ee3254a29a61ed8e07db943c70a8c840fd0aa40dfd2c22eb59616f57b,gx-no-cache=1458216682363 HTTP/1.1" 200 41
192.168.10.89 - - [17/Mar/2016:09:15:52 -0300] "GET /cormun/servlet/solicitudot?b7f4305bc2fe4d896fb59180dc429e81b435064f510eb94dbdb014581d26d7d119999472572473dbc6388c131b3ca0b39736d62f433f9ddbae096be30583038f457e797cd2bb22b6830149a3018229dcea311859511e97c3689b4ff2ae4d418e9f645cff21daee41e9a03741f8ca3e93,gx-no-cache=1458216699696 HTTP/1.1" 200 29
192.168.10.89 - - [17/Mar/2016:09:15:52 -0300] "POST /cormun/servlet/solicitudot?gx-no-cache=1458216699721 HTTP/1.1" 200 1128
192.168.10.89 - - [17/Mar/2016:09:15:52 -0300] "GET /cormun/servlet/solicitudot?b7f4305bc2fe4d896fb59180dc429e81dad100e17521fa2c9c174aff10b461e972c6b5549db46a56693f792ca6bcde1c3596cc3767df32fd00c8e8b8c447e47cfff848237ef975a8986081cbd221528cb2a175a27ab5cf3befd5e07fbf0d257b805e660c5e83d3039aa4c1928ec981285116247ba4667858d71c77eff0f358256b1a7e4f827ce3b06f06b99a842da4cc526607391f5cc72324a2b5fdafe88bb9cd2c42ccd6050911a772c5903ec1e66860504d66fff26299b8856f70d9113379,gx-no-cache=1458216699759 HTTP/1.1" 200 32
192.168.10.89 - - [17/Mar/2016:09:15:52 -0300] "POST /cormun/servlet/solicitudot?42023b601bc1be04bedc30efc9d7b1b7,UPD,2016,966,,gx-no-cache=1458216699793 HTTP/1.1" 200 93
192.168.10.89 - - [17/Mar/2016:09:15:52 -0300] "GET /cormun/servlet/hpexe_return? HTTP/1.1" 200 1016
192.168.10.89 - - [17/Mar/2016:09:15:53 -0300] "GET /cormun/static/Resources/Spanish/PXTools.css?12112540 HTTP/1.1" 200 89042
192.168.10.89 - - [17/Mar/2016:09:15:53 -0300] "GET /cormun/static/gxcfg.js?2015111312145050 HTTP/1.1" 200 953
192.168.10.89 - - [17/Mar/2016:09:15:53 -0300] "GET /cormun/static/hpexe_return.js?2015111312145056 HTTP/1.1" 200 1633
192.168.10.89 - - [17/Mar/2016:09:15:53 -0300] "GET /cormun/servlet/trsolicitudot HTTP/1.1" 200 7702
192.168.10.89 - - [17/Mar/2016:09:15:57 -0300] "POST /cormun/servlet/trsolicitudot?42023b601bc1be04bedc30efc9d7b1b7,gx-no-cache=1458216704192 HTTP/1.1" 200 5329
192.168.10.89 - - [17/Mar/2016:09:15:57 -0300] "GET /cormun/static/Shared/jqueryui/images/ui-bg_highlight-soft_100_c6c2c8_1x100.png HTTP/1.1" 404 1117
192.168.10.89 - - [17/Mar/2016:09:15:57 -0300] "GET /cormun/static/Shared/jqueryui/images/ui-icons_8d78a5_256x240.png HTTP/1.1" 404 1089
192.168.10.89 - - [17/Mar/2016:09:15:57 -0300] "GET /cormun/static/Shared/jqueryui/images/ui-bg_flat_55_fafafa_40x100.png HTTP/1.1" 404 1097
192.168.10.89 - - [17/Mar/2016:09:15:57 -0300] "GET /cormun/static/Shared/jqueryui/images/ui-icons_82798d_256x240.png HTTP/1.1" 404 1089
192.168.10.89 - - [17/Mar/2016:09:16:40 -0300] "GET /cormun/servlet/hlogin HTTP/1.1" 200 1735
192.168.10.89 - - [17/Mar/2016:09:16:40 -0300] "GET /cormun/static/gxcfg.js?20151120045111 HTTP/1.1" 304 -
192.168.10.89 - - [17/Mar/2016:09:17:04 -0300] "POST /cormun/servlet/hlogin?42023b601bc1be04bedc30efc9d7b1b7,gx-no-cache=1458216771797 HTTP/1.1" 200 90
192.168.10.89 - - [17/Mar/2016:09:17:04 -0300] "GET /cormun/servlet/hpexe_link HTTP/1.1" 200 952
192.168.10.89 - - [17/Mar/2016:09:17:04 -0300] "GET /cormun/static/gxcfg.js?20151120044395 HTTP/1.1" 304 -
192.168.10.89 - - [17/Mar/2016:09:17:05 -0300] "GET /cormun/servlet/hhome HTTP/1.1" 200 3502
192.168.10.89 - - [17/Mar/2016:09:17:05 -0300] "GET /cormun/static/gxcfg.js?2015112210564248 HTTP/1.1" 304 -
192.168.10.89 - - [17/Mar/2016:09:17:07 -0300] "GET /cormun/servlet/trautorizarsolicitud? HTTP/1.1" 200 6355
192.168.10.89 - - [17/Mar/2016:09:17:07 -0300] "GET /cormun/static/gxui/gxui-all.css?110300 HTTP/1.1" 200 2179
192.168.10.89 - - [17/Mar/2016:09:17:07 -0300] "GET /cormun/static/calendar-system.css?75620 HTTP/1.1" 200 5572
192.168.10.89 - - [17/Mar/2016:09:17:07 -0300] "GET /cormun/static/Resources/Spanish/PXTools.css?22445990 HTTP/1.1" 200 89042
192.168.10.89 - - [17/Mar/2016:09:17:07 -0300] "GET /cormun/static/gxcfg.js?201631622521611 HTTP/1.1" 200 953
192.168.10.89 - - [17/Mar/2016:09:17:07 -0300] "GET /cormun/static/Shared/ext/resources/css/ext-all.css?205870 HTTP/1.1" 200 416045
192.168.10.89 - - [17/Mar/2016:09:17:07 -0300] "GET /cormun/static/trautorizarsolicitud.js?201631622522238 HTTP/1.1" 200 44547
192.168.10.89 - - [17/Mar/2016:09:17:09 -0300] "GET /cormun/static/menuarrow.gif HTTP/1.1" 404 1015
192.168.10.89 - - [17/Mar/2016:09:17:13 -0300] "POST /cormun/servlet/trautorizarsolicitud?42023b601bc1be04bedc30efc9d7b1b7,,gx-no-cache=1458216780858 HTTP/1.1" 200 3678
192.168.10.89 - - [17/Mar/2016:09:17:22 -0300] "GET /cormun/servlet/trsolicitudot? HTTP/1.1" 200 7716
192.168.10.89 - - [17/Mar/2016:09:17:22 -0300] "GET /cormun/static/gxcfg.js?201631022392470 HTTP/1.1" 304 -
192.168.10.89 - - [17/Mar/2016:09:17:29 -0300] "POST /cormun/servlet/trsolicitudot?42023b601bc1be04bedc30efc9d7b1b7,,gx-no-cache=1458216796625 HTTP/1.1" 200 5379
192.168.10.89 - - [17/Mar/2016:09:17:30 -0300] "GET /cormun/static/Shared/jqueryui/images/ui-bg_highlight-soft_100_c6c2c8_1x100.png HTTP/1.1" 404 1117
192.168.10.89 - - [17/Mar/2016:09:17:30 -0300] "GET /cormun/static/Shared/jqueryui/images/ui-bg_flat_55_fafafa_40x100.png HTTP/1.1" 404 1097
192.168.10.89 - - [17/Mar/2016:09:17:30 -0300] "GET /cormun/static/Shared/jqueryui/images/ui-icons_82798d_256x240.png HTTP/1.1" 404 1089
192.168.10.89 - - [17/Mar/2016:09:17:30 -0300] "GET /cormun/static/Shared/jqueryui/images/ui-icons_8d78a5_256x240.png HTTP/1.1" 404 1089
192.168.10.89 - - [17/Mar/2016:09:17:40 -0300] "POST /cormun/servlet/trsolicitudot?42023b601bc1be04bedc30efc9d7b1b7,,gx-no-cache=1458216807593 HTTP/1.1" 200 105
192.168.10.89 - - [17/Mar/2016:09:17:40 -0300] "GET /cormun/servlet/solicitudot?UPD,2016,965, HTTP/1.1" 200 12862
192.168.10.89 - - [17/Mar/2016:09:17:42 -0300] "POST /cormun/servlet/solicitudot?gx-no-cache=1458216809010 HTTP/1.1" 200 2757
192.168.10.89 - - [17/Mar/2016:09:17:42 -0300] "POST /cormun/servlet/solicitudot?42023b601bc1be04bedc30efc9d7b1b7,UPD,2016,965,,gx-no-cache=1458216809180 HTTP/1.1" 200 9190
192.168.10.89 - - [17/Mar/2016:09:17:42 -0300] "GET /cormun/servlet/solicitudot?b7f4305bc2fe4d896fb59180dc429e81f29334970b3e21095381a356177367b91473e9f1a271828c8570af8b295215d6,gx-no-cache=1458216809439 HTTP/1.1" 200 30
192.168.10.89 - - [17/Mar/2016:09:17:42 -0300] "POST /cormun/servlet/solicitudot?gx-no-cache=1458216809509 HTTP/1.1" 200 30
192.168.10.89 - - [17/Mar/2016:09:17:42 -0300] "POST /cormun/servlet/solicitudot?gx-no-cache=1458216809528 HTTP/1.1" 200 33
192.168.10.89 - - [17/Mar/2016:09:17:42 -0300] "POST /cormun/servlet/solicitudot?gx-no-cache=1458216809566 HTTP/1.1" 200 1171
192.168.10.89 - - [17/Mar/2016:09:17:42 -0300] "GET /cormun/servlet/solicitudot?b7f4305bc2fe4d896fb59180dc429e81ede5cdcd719621ef48b53e67c22ea03c1e5a0559cdc3c7882ca61bc24e2a04af2670c7cc4ade86d69d21f058a4960cdfb858f3d299c76fc7593149e994530211797c79688b4ba30f09eb3a2a74564c0d6375b9b2244e6d2ddc1da0b56de4ddc88f7bb38d92c2da9c842157e916fa6c046fa6012ad6763cc8c29ef7f798ada0097c038b3fb3a11e4faf759980e7a6b728,gx-no-cache=1458216809601 HTTP/1.1" 200 41
192.168.10.89 - - [17/Mar/2016:09:17:47 -0300] "POST /cormun/servlet/solicitudot?gx-no-cache=1458216814851 HTTP/1.1" 200 30
192.168.10.89 - - [17/Mar/2016:09:17:52 -0300] "POST /cormun/servlet/solicitudot?gx-no-cache=1458216819012 HTTP/1.1" 200 1171
192.168.10.89 - - [17/Mar/2016:09:17:52 -0300] "GET /cormun/servlet/solicitudot?b7f4305bc2fe4d896fb59180dc429e81ede5cdcd719621ef48b53e67c22ea03c1e5a0559cdc3c7882ca61bc24e2a04af2670c7cc4ade86d69d21f058a4960cdfb858f3d299c76fc7593149e994530211797c79688b4ba30f09eb3a2a74564c0d6375b9b2244e6d2ddc1da0b56de4ddc88f7bb38d92c2da9c842157e916fa6c046fa6012ad6763cc8c29ef7f798ada0097c038b3fb3a11e4faf759980e7a6b728,gx-no-cache=1458216819052 HTTP/1.1" 200 41
192.168.10.89 - - [17/Mar/2016:09:17:52 -0300] "GET /cormun/servlet/solicitudot?b7f4305bc2fe4d896fb59180dc429e811ee2a58d87ec25e358f0d2f4f20fcdca19999472572473dbc6388c131b3ca0b32982f0ed7e5e4e2eff4a5df3a21bc44e710fbe370a00e303008a94c84c16b53d3789fd832dcf3e93746e640f6f2b1de2f9f249d2d64b3167cd5cb4b95f2e707933120499d3fc836f1a3b7aef8662069a377570ffd37fb77f8a432988ad6453be4c96e0df3a44bd751f711cec66584044,gx-no-cache=1458216819075 HTTP/1.1" 200 29
192.168.10.89 - - [17/Mar/2016:09:17:52 -0300] "POST /cormun/servlet/solicitudot?gx-no-cache=1458216819105 HTTP/1.1" 200 1127
192.168.10.89 - - [17/Mar/2016:09:17:52 -0300] "GET /cormun/servlet/solicitudot?b7f4305bc2fe4d896fb59180dc429e816ec210acc50a622269606dfccea9dd40b78757e6571ba6d199fb6ed8d54f05dc6e13903c699422a6b642688e803d03e21f5c6eb68a1d44929c2def85954d087a1e45d83bade2366a5e0f3bb3d3e124ae4ed601ec3d5b545c2c638bc23ec489025f43fd8ff540f3b59653f738a4fddeb5438f7434a90570e2db3722b3e63151f5a56aadc8c937760847aa970689e00028a5ad7eb1e0abbf0750298744bdf3a3bb,gx-no-cache=1458216819142 HTTP/1.1" 200 30
192.168.10.89 - - [17/Mar/2016:09:17:56 -0300] "POST /cormun/servlet/solicitudot?42023b601bc1be04bedc30efc9d7b1b7,UPD,2016,965,,gx-no-cache=1458216823777 HTTP/1.1" 200 93
192.168.10.89 - - [17/Mar/2016:09:17:56 -0300] "GET /cormun/servlet/hpexe_return? HTTP/1.1" 200 1015
192.168.10.89 - - [17/Mar/2016:09:17:57 -0300] "GET /cormun/servlet/trsolicitudot? HTTP/1.1" 200 7721
192.168.10.89 - - [17/Mar/2016:09:18:01 -0300] "POST /cormun/servlet/trsolicitudot?42023b601bc1be04bedc30efc9d7b1b7,,gx-no-cache=1458216827821 HTTP/1.1" 200 3829
186.103.157.235 - - [17/Mar/2016:09:18:01 -0300] "GET /cormun/servlet/solicitudot?INS,0,0, HTTP/1.1" 200 11654
192.168.10.89 - - [17/Mar/2016:09:18:01 -0300] "POST /cormun/servlet/trsolicitudot?42023b601bc1be04bedc30efc9d7b1b7,,gx-no-cache=1458216828264 HTTP/1.1" 200 3679
192.168.10.89 - - [17/Mar/2016:09:18:01 -0300] "GET /cormun/static/Shared/jqueryui/images/ui-icons_82798d_256x240.png HTTP/1.1" 404 1089
192.168.10.89 - - [17/Mar/2016:09:18:01 -0300] "GET /cormun/static/Shared/jqueryui/images/ui-icons_8d78a5_256x240.png HTTP/1.1" 404 1089
192.168.10.89 - - [17/Mar/2016:09:18:01 -0300] "GET /cormun/static/Shared/jqueryui/images/ui-bg_flat_55_fafafa_40x100.png HTTP/1.1" 404 1097
192.168.10.89 - - [17/Mar/2016:09:18:01 -0300] "GET /cormun/static/Shared/jqueryui/images/ui-bg_highlight-soft_100_c6c2c8_1x100.png HTTP/1.1" 404 1117
186.103.157.235 - - [17/Mar/2016:09:18:01 -0300] "GET /cormun/servlet/solicitudot?INS,0,0, HTTP/1.1" 200 11659
192.168.10.89 - - [17/Mar/2016:09:18:11 -0300] "GET /cormun/servlet/hlogin HTTP/1.1" 200 1736
186.103.157.235 - - [17/Mar/2016:09:18:12 -0300] "POST /cormun/servlet/solicitudot?gx-no-cache=1458217123169 HTTP/1.1" 200 2773
186.103.157.235 - - [17/Mar/2016:09:18:12 -0300] "POST /cormun/servlet/solicitudot?29b717c75291c55079a716b1c07267b0,INS,0,0,,gx-no-cache=1458217123306 HTTP/1.1" 200 8508
186.103.157.235 - - [17/Mar/2016:09:18:15 -0300] "GET /cormun/servlet/solicitudot?3ab694bf46e6fefa5984008a8e9f71f6c98d3ad1b451c9aa1ea9f3b1cbafc7d85edb72d27ccdf9aa490a965b49a8d1c6,gx-no-cache=1458217126044 HTTP/1.1" 200 30
186.103.157.235 - - [17/Mar/2016:09:18:15 -0300] "POST /cormun/servlet/solicitudot?gx-no-cache=1458217126088 HTTP/1.1" 200 30
192.168.10.89 - - [17/Mar/2016:09:18:20 -0300] "POST /cormun/servlet/hlogin?42023b601bc1be04bedc30efc9d7b1b7,gx-no-cache=1458216847692 HTTP/1.1" 200 90
192.168.10.89 - - [17/Mar/2016:09:18:20 -0300] "GET /cormun/servlet/hpexe_link HTTP/1.1" 200 952
192.168.10.89 - - [17/Mar/2016:09:18:21 -0300] "GET /cormun/servlet/hhome HTTP/1.1" 200 3454
186.103.157.235 - - [17/Mar/2016:09:18:22 -0300] "POST /cormun/servlet/solicitudot?gx-no-cache=1458217133202 HTTP/1.1" 200 122
186.103.157.235 - - [17/Mar/2016:09:18:22 -0300] "GET /cormun/static/Shared/jqueryui/images/ui-bg_flat_55_fafafa_40x100.png HTTP/1.1" 404 1097
186.103.157.235 - - [17/Mar/2016:09:18:22 -0300] "GET /cormun/static/Shared/jqueryui/images/ui-icons_8d78a5_256x240.png HTTP/1.1" 404 1089
186.103.158.250 - - [17/Mar/2016:09:18:24 -0300] "GET /cormun/servlet/hlogin HTTP/1.1" 200 1723
186.103.156.24 - - [17/Mar/2016:09:18:27 -0300] "GET /cormun/servlet/trsolicitudot? HTTP/1.1" 200 5953
186.103.156.24 - - [17/Mar/2016:09:18:27 -0300] "GET /cormun/static/SmoothNavMenu/resources/ddsmoothmenu.css?1012540 HTTP/1.1" 200 2223
186.103.156.24 - - [17/Mar/2016:09:18:27 -0300] "GET /cormun/static/SmoothNavMenu/resources/ddsmoothmenu-v.css?1012540 HTTP/1.1" 200 1188
186.103.156.24 - - [17/Mar/2016:09:18:27 -0300] "GET /cormun/static/scaMessage/css/jquery.pnotify.default.css?1716380 HTTP/1.1" 200 1707
186.103.156.24 - - [17/Mar/2016:09:18:27 -0300] "GET /cormun/static/Shared/jqueryui/jquery-ui.min.css?1245370 HTTP/1.1" 200 30288
186.103.156.24 - - [17/Mar/2016:09:18:27 -0300] "GET /cormun/static/Resources/Spanish/PXTools.css?2139548 HTTP/1.1" 200 89042
186.103.156.24 - - [17/Mar/2016:09:18:27 -0300] "GET /cormun/static/gxcfg.js?201631022392470 HTTP/1.1" 200 953
186.103.156.24 - - [17/Mar/2016:09:18:28 -0300] "GET /cormun/static/hmpwkw03.js?2016315203380 HTTP/1.1" 200 3898
186.103.156.24 - - [17/Mar/2016:09:18:28 -0300] "GET /cormun/static/hpexe_messagepopupcomponent.js?201631622463126 HTTP/1.1" 200 605
186.103.156.24 - - [17/Mar/2016:09:18:28 -0300] "GET /cormun/static/trsolicitudot.js?201631022393178 HTTP/1.1" 200 44568
186.103.156.24 - - [17/Mar/2016:09:18:28 -0300] "GET /cormun/static/Resources/PXToolsGridFirstDisabled.gif HTTP/1.1" 200 100
186.103.156.24 - - [17/Mar/2016:09:18:28 -0300] "GET /cormun/static/Resources/PXToolsGridPreviousDisabled.gif HTTP/1.1" 200 90
186.103.156.24 - - [17/Mar/2016:09:18:28 -0300] "GET /cormun/static/Resources/PXToolsGridPage.gif HTTP/1.1" 200 725
186.103.156.24 - - [17/Mar/2016:09:18:28 -0300] "GET /cormun/static/Resources/PXToolsGridLastDisabled.gif HTTP/1.1" 200 98
186.103.156.24 - - [17/Mar/2016:09:18:28 -0300] "GET /cormun/static/Resources/PXToolsGridNextDisabled.gif HTTP/1.1" 200 90
186.103.157.235 - - [17/Mar/2016:09:18:29 -0300] "POST /cormun/servlet/solicitudot?gx-no-cache=1458217139914 HTTP/1.1" 200 30
186.103.156.24 - - [17/Mar/2016:09:18:29 -0300] "GET /cormun/servlet/trsolicitudot? HTTP/1.1" 200 5963
186.103.156.24 - - [17/Mar/2016:09:18:29 -0300] "GET /cormun/servlet/hlogin HTTP/1.1" 200 1734
186.103.156.24 - - [17/Mar/2016:09:18:33 -0300] "POST /cormun/servlet/hlogin?2e9b1e89191b04ee84cc85010f421fc0,gx-no-cache=1458217129841 HTTP/1.1" 200 90
186.103.156.24 - - [17/Mar/2016:09:18:33 -0300] "GET /cormun/servlet/hpexe_link HTTP/1.1" 200 954
192.168.10.89 - - [17/Mar/2016:09:18:34 -0300] "GET /cormun/servlet/trsolicitudot? HTTP/1.1" 200 7699
186.103.156.24 - - [17/Mar/2016:09:18:34 -0300] "GET /cormun/servlet/trsolicitudot HTTP/1.1" 200 6284
186.103.156.24 - - [17/Mar/2016:09:18:35 -0300] "GET /cormun/servlet/trsolicitudot HTTP/1.1" 200 6282
186.103.158.250 - - [17/Mar/2016:09:18:35 -0300] "POST /cormun/servlet/hlogin?960328ca8657542f6b5d9aca22d3ce3b,gx-no-cache=1458217141053 HTTP/1.1" 200 90
186.103.158.250 - - [17/Mar/2016:09:18:35 -0300] "GET /cormun/servlet/hpexe_link HTTP/1.1" 200 955
186.103.158.250 - - [17/Mar/2016:09:18:35 -0300] "GET /cormun/servlet/hhome HTTP/1.1" 200 3502
186.103.157.235 - - [17/Mar/2016:09:18:37 -0300] "POST /cormun/servlet/solicitudot?gx-no-cache=1458217147885 HTTP/1.1" 200 452
186.103.157.235 - - [17/Mar/2016:09:18:37 -0300] "GET /cormun/servlet/solicitudot?3ab694bf46e6fefa5984008a8e9f71f69ca73ff9036eb32dd87fe385ca6b6ab36a593f61cf5262255aaf1a710b90497d383a027e8e973509ccbc2e0ffb712ff771b70f80d3abf88104e2a19780178e1cc7ee1d132c5752d49fda9507eb9e41f281a4cc69055bbc1d201f7c44a4b52a3e02ee366ddf1f3d228def8e8643b3e5def776f7d6981c5f795f1fa5a037b3007b,gx-no-cache=1458217147929 HTTP/1.1" 200 38
186.103.156.24 - - [17/Mar/2016:09:18:39 -0300] "GET /cormun/servlet/solicitudot?INS,0,0, HTTP/1.1" 200 11669
186.103.156.24 - - [17/Mar/2016:09:18:39 -0300] "GET /cormun/static/gxcfg.js?201631022504872 HTTP/1.1" 200 953
186.103.156.24 - - [17/Mar/2016:09:18:39 -0300] "GET /cormun/static/solicitudot.js?201631022504927 HTTP/1.1" 200 45515
186.103.156.24 - - [17/Mar/2016:09:18:40 -0300] "GET /cormun/servlet/solicitudot?INS,0,0, HTTP/1.1" 200 11674
186.103.156.24 - - [17/Mar/2016:09:18:45 -0300] "GET /cormun/servlet/prfichaempleado?,MD,,gxPopupLevel%3D0%3B HTTP/1.1" 200 7919
186.103.156.24 - - [17/Mar/2016:09:18:46 -0300] "GET /cormun/static/scaMessage/css/jquery-ui.css?104140 HTTP/1.1" 404 1045
186.103.156.24 - - [17/Mar/2016:09:18:46 -0300] "GET /cormun/static/menusearch.js?201631622463431 HTTP/1.1" 200 1424
186.103.157.235 - - [17/Mar/2016:09:18:51 -0300] "GET /cormun/servlet/solicitudot?3ab694bf46e6fefa5984008a8e9f71f6de2a3970b614d47eb41af98bdacc6ac29b684bdcd926194706934353ff81fcdd0b7bec3bdbc0bfed8d2e292d119ff48079e5382faa2248c9759b8b1e54c4f7a1307df359cc38abe012bbad3c3c7caba78fd954bbdd5e55a2f66892106ca84dd530c27c0139411132f220f959c2a0b75fbe9a14e87a64cf0c7ff1c43f19788258b51384bccec0d41c75031b5904f10384,gx-no-cache=1458217161845 HTTP/1.1" 200 29
186.103.157.235 - - [17/Mar/2016:09:18:52 -0300] "POST /cormun/servlet/solicitudot?gx-no-cache=1458217163103 HTTP/1.1" 200 1128
186.103.158.250 - - [17/Mar/2016:09:18:55 -0300] "GET /cormun/servlet/trautorizarsolicitud? HTTP/1.1" 200 7653
186.103.156.24 - - [17/Mar/2016:09:19:04 -0300] "GET /cormun/servlet/prfichaempleado?193a459bbee9d173d5f4bd58c57ea605ec838e1661e3c2a6513727a55e912d5b7e548b5df1a2a9785e78b95e157b59183c12688953dd40b462ef62672761f559,gx-no-cache=1458217161124 HTTP/1.1" 200 463
186.103.156.24 - - [17/Mar/2016:09:19:06 -0300] "GET /cormun/servlet/prfichaempleado?193a459bbee9d173d5f4bd58c57ea605b1985d50ef9621a86e978a17bf64dc0ae84c019762700bdf48f0495b275d933360f315e9c07390880c2e7e2b4ccaeb109df8a9fedc6f0fc1e399fdb73a6eed0b,gx-no-cache=1458217163287 HTTP/1.1" 200 462
186.103.156.24 - - [17/Mar/2016:09:19:10 -0300] "GET /cormun/servlet/prfichaempleado?193a459bbee9d173d5f4bd58c57ea6057be790d094773c2d72bbeb109f34f95acc4941903e57161242e976ce245eded046925f89086757fd7f177046a673f122b2bbbef01343434f5ec010bb6d48756e,gx-no-cache=1458217167767 HTTP/1.1" 200 473
186.103.156.24 - - [17/Mar/2016:09:19:11 -0300] "GET /cormun/servlet/prfichaempleado?193a459bbee9d173d5f4bd58c57ea6057be790d094773c2d72bbeb109f34f95a43fd326577a62752590d3e1f88b778adfd6ebbe454b7c33e1aaf660c65974b6ffeb2cf5af99b6bfbad28f1df5a49a7f6,gx-no-cache=1458217168257 HTTP/1.1" 200 473
186.103.156.24 - - [17/Mar/2016:09:19:12 -0300] "GET /cormun/servlet/prfichaempleado?193a459bbee9d173d5f4bd58c57ea6057be790d094773c2d72bbeb109f34f95a54c512560e5f7711cf89f7aad6ace04b22b5b7566cec92b9674d4b9449e31f865537df7036692426d03d59b032d8cbf7,gx-no-cache=1458217169110 HTTP/1.1" 200 477
186.103.158.250 - - [17/Mar/2016:09:19:12 -0300] "POST /cormun/servlet/trautorizarsolicitud?960328ca8657542f6b5d9aca22d3ce3b,,gx-no-cache=1458217177312 HTTP/1.1" 200 3794
186.103.158.250 - - [17/Mar/2016:09:19:12 -0300] "POST /cormun/servlet/trautorizarsolicitud?960328ca8657542f6b5d9aca22d3ce3b,,gx-no-cache=1458217178148 HTTP/1.1" 200 3650
186.103.156.24 - - [17/Mar/2016:09:19:13 -0300] "GET /cormun/servlet/prfichaempleado?193a459bbee9d173d5f4bd58c57ea6057be790d094773c2d72bbeb109f34f95ae24362fa7042d5faad27b8452b29f8407e548b5df1a2a9785e78b95e157b5918d5ef52c44873149482fae72af8a36460,gx-no-cache=1458217170358 HTTP/1.1" 200 480
186.103.158.250 - - [17/Mar/2016:09:19:13 -0300] "GET /cormun/static/Shared/jqueryui/images/ui-bg_highlight-soft_100_c6c2c8_1x100.png HTTP/1.1" 404 1117
186.103.158.250 - - [17/Mar/2016:09:19:13 -0300] "GET /cormun/static/Shared/jqueryui/images/ui-bg_flat_55_fafafa_40x100.png HTTP/1.1" 404 1097
186.103.158.250 - - [17/Mar/2016:09:19:13 -0300] "GET /cormun/static/Shared/jqueryui/images/ui-icons_82798d_256x240.png HTTP/1.1" 404 1089
186.103.158.250 - - [17/Mar/2016:09:19:13 -0300] "GET /cormun/static/Shared/jqueryui/images/ui-icons_8d78a5_256x240.png HTTP/1.1" 404 1089
186.103.156.24 - - [17/Mar/2016:09:19:14 -0300] "POST /cormun/servlet/prfichaempleado?2e9b1e89191b04ee84cc85010f421fc0,,MD,,gxPopupLevel%3D0%3B,gx-no-cache=1458217171963 HTTP/1.1" 200 2957
186.103.156.24 - - [17/Mar/2016:09:19:20 -0300] "POST /cormun/servlet/solicitudot?gx-no-cache=1458217178119 HTTP/1.1" 200 2788
186.103.156.24 - - [17/Mar/2016:09:19:20 -0300] "POST /cormun/servlet/solicitudot?2e9b1e89191b04ee84cc85010f421fc0,INS,0,0,,gx-no-cache=1458217178260 HTTP/1.1" 200 8526
186.103.156.24 - - [17/Mar/2016:09:19:27 -0300] "GET /cormun/servlet/solicitudot?4e224a04ea5c5dd60107bbb2346d9abff39ea5226f830eeafac6295821886a43b2bbbef01343434f5ec010bb6d48756e,gx-no-cache=1458217185296 HTTP/1.1" 200 30
186.103.156.24 - - [17/Mar/2016:09:19:27 -0300] "POST /cormun/servlet/solicitudot?gx-no-cache=1458217185358 HTTP/1.1" 200 30
186.103.156.24 - - [17/Mar/2016:09:19:31 -0300] "POST /cormun/servlet/solicitudot?gx-no-cache=1458217190031 HTTP/1.1" 200 30
186.103.156.24 - - [17/Mar/2016:09:19:32 -0300] "POST /cormun/servlet/solicitudot?gx-no-cache=1458217191955 HTTP/1.1" 200 452
186.103.156.24 - - [17/Mar/2016:09:19:32 -0300] "GET /cormun/servlet/solicitudot?4e224a04ea5c5dd60107bbb2346d9abf0976309bd3ed6a2d6fd013d63ed005f3b338def4ab8e024ad3a4e415eb6fc470ad1ce8d585985d2cc8fa583bba64c95bf3631fb63d43ee9b9646a239d4a59cc4bf2c0bc459528f038b69a3ff876f43c61bb8a221e4ee7819f4228cc90e312f8a206be38cbd08f557d97ab6c3c8902866fc837a6303657d354c418af10a37de1d,gx-no-cache=1458217192027 HTTP/1.1" 200 38
192.168.10.89 - - [17/Mar/2016:09:19:34 -0300] "POST /cormun/servlet/trsolicitudot?42023b601bc1be04bedc30efc9d7b1b7,,gx-no-cache=1458216921567 HTTP/1.1" 200 105
192.168.10.89 - - [17/Mar/2016:09:19:34 -0300] "GET /cormun/servlet/trsolicitudadjuntos?2016,966, HTTP/1.1" 200 5394
192.168.10.89 - - [17/Mar/2016:09:19:34 -0300] "GET /cormun/static/Resources/Spanish/PXTools.css?171692 HTTP/1.1" 200 89042
192.168.10.89 - - [17/Mar/2016:09:19:34 -0300] "GET /cormun/static/gxcfg.js?2016311731090 HTTP/1.1" 200 953
192.168.10.89 - - [17/Mar/2016:09:19:34 -0300] "GET /cormun/static/trsolicitudadjuntos.js?2016311731342 HTTP/1.1" 200 17913
115.231.222.40 - - [17/Mar/2016:09:19:48 -0300] "GET /cgi-bin/common/attr?id=260714&r=0.9684073834851289 HTTP/1.1" 404 999
186.103.156.24 - - [17/Mar/2016:09:20:32 -0300] "GET /cormun/servlet/solicitudot?4e224a04ea5c5dd60107bbb2346d9abf9f0a230d0d05dd182d2c7c0c6aaf3e9a6e793549cb2f304d2df4f75b9663ed8cb81966b2ffda054eafea1c8d0e08e729154270dce4cbe00f3670a4cb49b344050a7012254eeec044fb07e07c898285cc9e174efd703942c2ac4f4e74e85811d030f7ea7e08b5522779d87197f98050c2cc0b1436bad855fce78c71fe4bc39dc1511d77aea6b4a9fbf9ba7ebb660b882f13e67ce9171b04d46fa4480454e7c0f8fd11407cca6065495b802f1d6ec270e3c0b5b117c3345f6193e01be9b71c9ec1,gx-no-cache=1458217258545 HTTP/1.1" 200 29
186.103.156.24 - - [17/Mar/2016:09:20:33 -0300] "POST /cormun/servlet/solicitudot?gx-no-cache=1458217259917 HTTP/1.1" 200 1128
186.103.156.24 - - [17/Mar/2016:09:21:11 -0300] "GET /cormun/static/menuarrow.gif HTTP/1.1" 404 1015
186.103.156.24 - - [17/Mar/2016:09:21:33 -0300] "GET /cormun/servlet/solicitudot?4e224a04ea5c5dd60107bbb2346d9abf5f7d374d7245d3ab563ee1c527ef41015e3b04d3f1881ab4fe881b087592fd9ecb7065dd7badfc7d7e19a8c8d5442bae687c180a65d52cc7ceff43e75ed3b0ff58e11988a7345b084ca46035a35849ec267db2690de73ab0e1b28c95057b860f7d01c83831ea3254141cb1f197756f6cacee3078c40fd117cc184810a478496df8e323c8273721aff7fef04d4bb64c5e829547b331eb46e18c7541e4d4e35136,gx-no-cache=1458217327978 HTTP/1.1" 200 30
186.103.157.235 - - [17/Mar/2016:09:21:56 -0300] "GET /cormun/servlet/solicitudot?3ab694bf46e6fefa5984008a8e9f71f6f0f668a7f06e12a85a64b7824dfa687a943c40f83b18fefed6a7f4292ea84415c184703e34ac74551d8758a5270b91c05c5735a1317f6b2250f429c6b1c3f5cbca8ba3b624559ca9b931be12e9d690c6a5ab403eb065533ae6a94ef14e9be86aafc5f1fb52bffa97cbdd2fefb0d4468a0ffa458ef044c6135e8e7390885452fed98cab171618f7e179d049744664e7df191c3b98e0e1b4abd727fc7f347bec70,gx-no-cache=1458217347353 HTTP/1.1" 200 30
186.103.157.235 - - [17/Mar/2016:09:21:57 -0300] "POST /cormun/servlet/solicitudot?29b717c75291c55079a716b1c07267b0,INS,0,0,,gx-no-cache=1458217347714 HTTP/1.1" 200 93
186.103.157.235 - - [17/Mar/2016:09:21:57 -0300] "GET /cormun/servlet/hpexe_return? HTTP/1.1" 200 1008
186.103.157.235 - - [17/Mar/2016:09:21:57 -0300] "GET /cormun/servlet/trsolicitudot HTTP/1.1" 200 7743
186.103.157.235 - - [17/Mar/2016:09:21:57 -0300] "GET /cormun/servlet/trsolicitudot HTTP/1.1" 200 7739
186.103.157.235 - - [17/Mar/2016:09:22:09 -0300] "GET /cormun/servlet/solicitudot?INS,0,0, HTTP/1.1" 200 11654
186.103.157.235 - - [17/Mar/2016:09:22:09 -0300] "GET /cormun/servlet/solicitudot?INS,0,0, HTTP/1.1" 200 11659
186.103.156.24 - - [17/Mar/2016:09:22:17 -0300] "POST /cormun/servlet/solicitudot?2e9b1e89191b04ee84cc85010f421fc0,INS,0,0,,gx-no-cache=1458217377178 HTTP/1.1" 200 93
186.103.156.24 - - [17/Mar/2016:09:22:17 -0300] "GET /cormun/servlet/hpexe_return? HTTP/1.1" 200 1007
186.103.156.24 - - [17/Mar/2016:09:22:18 -0300] "GET /cormun/servlet/trsolicitudot HTTP/1.1" 200 7638
186.103.156.24 - - [17/Mar/2016:09:22:19 -0300] "GET /cormun/servlet/trsolicitudot HTTP/1.1" 200 7634
186.103.157.235 - - [17/Mar/2016:09:22:24 -0300] "POST /cormun/servlet/solicitudot?gx-no-cache=1458217375164 HTTP/1.1" 200 2773
186.103.157.235 - - [17/Mar/2016:09:22:24 -0300] "POST /cormun/servlet/solicitudot?29b717c75291c55079a716b1c07267b0,INS,0,0,,gx-no-cache=1458217375358 HTTP/1.1" 200 8509
186.103.157.235 - - [17/Mar/2016:09:22:27 -0300] "GET /cormun/servlet/solicitudot?3ab694bf46e6fefa5984008a8e9f71f6c98d3ad1b451c9aa1ea9f3b1cbafc7d85edb72d27ccdf9aa490a965b49a8d1c6,gx-no-cache=1458217378468 HTTP/1.1" 200 30
186.103.157.235 - - [17/Mar/2016:09:22:27 -0300] "POST /cormun/servlet/solicitudot?gx-no-cache=1458217378505 HTTP/1.1" 200 30
186.103.156.24 - - [17/Mar/2016:09:22:27 -0300] "POST /cormun/servlet/trsolicitudot?2e9b1e89191b04ee84cc85010f421fc0,gx-no-cache=1458217388334 HTTP/1.1" 200 3575
186.103.156.24 - - [17/Mar/2016:09:22:27 -0300] "GET /cormun/static/Shared/jqueryui/images/ui-bg_highlight-soft_100_c6c2c8_1x100.png HTTP/1.1" 404 1117
186.103.156.24 - - [17/Mar/2016:09:22:27 -0300] "GET /cormun/static/Shared/jqueryui/images/ui-bg_flat_55_fafafa_40x100.png HTTP/1.1" 404 1097
186.103.156.24 - - [17/Mar/2016:09:22:27 -0300] "GET /cormun/static/Shared/jqueryui/images/ui-icons_82798d_256x240.png HTTP/1.1" 404 1089
186.103.156.24 - - [17/Mar/2016:09:22:27 -0300] "GET /cormun/static/Shared/jqueryui/images/ui-icons_8d78a5_256x240.png HTTP/1.1" 404 1089
186.103.156.24 - - [17/Mar/2016:09:22:28 -0300] "POST /cormun/servlet/trsolicitudot?2e9b1e89191b04ee84cc85010f421fc0,gx-no-cache=1458217388681 HTTP/1.1" 200 3420
186.103.157.235 - - [17/Mar/2016:09:22:33 -0300] "POST /cormun/servlet/solicitudot?gx-no-cache=1458217384564 HTTP/1.1" 200 30
186.103.156.24 - - [17/Mar/2016:09:22:33 -0300] "GET /cormun/servlet/trautorizarsolicitud? HTTP/1.1" 200 7701
186.103.156.24 - - [17/Mar/2016:09:22:34 -0300] "GET /cormun/static/gxui/gxui-all.css?110300 HTTP/1.1" 200 2179
186.103.156.24 - - [17/Mar/2016:09:22:34 -0300] "GET /cormun/static/calendar-system.css?75620 HTTP/1.1" 200 5572
186.103.156.24 - - [17/Mar/2016:09:22:34 -0300] "GET /cormun/static/gxcfg.js?201631622521611 HTTP/1.1" 200 953
186.103.156.24 - - [17/Mar/2016:09:22:34 -0300] "GET /cormun/static/trautorizarsolicitud.js?201631622522238 HTTP/1.1" 200 44547
186.103.156.24 - - [17/Mar/2016:09:22:34 -0300] "GET /cormun/static/Resources/Spanish/PXTools.css?22445990 HTTP/1.1" 200 89042
186.103.156.24 - - [17/Mar/2016:09:22:34 -0300] "GET /cormun/static/Shared/ext/resources/css/ext-all.css?205870 HTTP/1.1" 200 416045
186.103.156.24 - - [17/Mar/2016:09:22:35 -0300] "GET /cormun/servlet/trautorizarsolicitud? HTTP/1.1" 200 7701
186.103.157.235 - - [17/Mar/2016:09:22:36 -0300] "POST /cormun/servlet/solicitudot?gx-no-cache=1458217386838 HTTP/1.1" 200 452
186.103.157.235 - - [17/Mar/2016:09:22:36 -0300] "GET /cormun/servlet/solicitudot?3ab694bf46e6fefa5984008a8e9f71f69ca73ff9036eb32dd87fe385ca6b6ab36a593f61cf5262255aaf1a710b90497d383a027e8e973509ccbc2e0ffb712ff771b70f80d3abf88104e2a19780178e1cc7ee1d132c5752d49fda9507eb9e41f281a4cc69055bbc1d201f7c44a4b52a3e02ee366ddf1f3d228def8e8643b3e5def776f7d6981c5f795f1fa5a037b3007b,gx-no-cache=1458217386889 HTTP/1.1" 200 38
186.103.156.24 - - [17/Mar/2016:09:22:39 -0300] "POST /cormun/servlet/trautorizarsolicitud?2e9b1e89191b04ee84cc85010f421fc0,,gx-no-cache=1458217401486 HTTP/1.1" 200 3809
186.103.156.24 - - [17/Mar/2016:09:22:39 -0300] "POST /cormun/servlet/trautorizarsolicitud?2e9b1e89191b04ee84cc85010f421fc0,,gx-no-cache=1458217401744 HTTP/1.1" 200 3654
186.103.157.235 - - [17/Mar/2016:09:22:46 -0300] "GET /cormun/servlet/solicitudot?3ab694bf46e6fefa5984008a8e9f71f6de2a3970b614d47eb41af98bdacc6ac29b684bdcd926194706934353ff81fcdd0b7bec3bdbc0bfed8d2e292d119ff48079e5382faa2248c9759b8b1e54c4f7a1307df359cc38abe012bbad3c3c7caba78fd954bbdd5e55a2f66892106ca84dd530c27c0139411132f220f959c2a0b75fbe9a14e87a64cf0c7ff1c43f19788258b51384bccec0d41c75031b5904f10384,gx-no-cache=1458217397189 HTTP/1.1" 200 29
186.103.157.235 - - [17/Mar/2016:09:22:47 -0300] "POST /cormun/servlet/solicitudot?gx-no-cache=1458217398468 HTTP/1.1" 200 1128
186.103.156.24 - - [17/Mar/2016:09:22:53 -0300] "POST /cormun/servlet/trautorizarsolicitud?2e9b1e89191b04ee84cc85010f421fc0,,gx-no-cache=1458217416865 HTTP/1.1" 200 3676
186.103.157.235 - - [17/Mar/2016:09:23:06 -0300] "GET /cormun/static/menuarrow.gif HTTP/1.1" 404 1015
186.103.157.235 - - [17/Mar/2016:09:23:18 -0300] "GET /cormun/servlet/solicitudot?3ab694bf46e6fefa5984008a8e9f71f6f0f668a7f06e12a85a64b7824dfa687a943c40f83b18fefed6a7f4292ea84415c184703e34ac74551d8758a5270b91c05c5735a1317f6b2250f429c6b1c3f5cbca8ba3b624559ca9b931be12e9d690c6a5ab403eb065533ae6a94ef14e9be86aafc5f1fb52bffa97cbdd2fefb0d4468a0ffa458ef044c6135e8e7390885452fed98cab171618f7e179d049744664e7df191c3b98e0e1b4abd727fc7f347bec70,gx-no-cache=1458217429654 HTTP/1.1" 200 30
186.103.157.235 - - [17/Mar/2016:09:25:32 -0300] "POST /cormun/servlet/solicitudot?29b717c75291c55079a716b1c07267b0,INS,0,0,,gx-no-cache=1458217563208 HTTP/1.1" 200 93
186.103.157.235 - - [17/Mar/2016:09:25:32 -0300] "GET /cormun/servlet/hpexe_return? HTTP/1.1" 200 1008
186.103.157.235 - - [17/Mar/2016:09:25:32 -0300] "GET /cormun/servlet/trsolicitudot HTTP/1.1" 200 8016
186.103.157.235 - - [17/Mar/2016:09:25:33 -0300] "GET /cormun/servlet/trsolicitudot HTTP/1.1" 200 8012
186.103.157.235 - - [17/Mar/2016:09:26:31 -0300] "POST /cormun/servlet/trsolicitudot?29b717c75291c55079a716b1c07267b0,gx-no-cache=1458217622002 HTTP/1.1" 200 5170
186.103.157.235 - - [17/Mar/2016:09:26:32 -0300] "GET /cormun/static/Shared/jqueryui/images/ui-bg_highlight-soft_100_c6c2c8_1x100.png HTTP/1.1" 404 1117
186.103.157.235 - - [17/Mar/2016:09:26:32 -0300] "GET /cormun/static/Shared/jqueryui/images/ui-icons_82798d_256x240.png HTTP/1.1" 404 1089
186.103.157.235 - - [17/Mar/2016:09:26:32 -0300] "GET /cormun/static/Shared/jqueryui/images/ui-bg_flat_55_fafafa_40x100.png HTTP/1.1" 404 1097
186.103.157.235 - - [17/Mar/2016:09:26:32 -0300] "GET /cormun/static/Shared/jqueryui/images/ui-icons_8d78a5_256x240.png HTTP/1.1" 404 1089
186.103.157.235 - - [17/Mar/2016:09:26:32 -0300] "POST /cormun/servlet/trsolicitudot?29b717c75291c55079a716b1c07267b0,gx-no-cache=1458217622879 HTTP/1.1" 200 5111
186.103.157.235 - - [17/Mar/2016:09:26:34 -0300] "POST /cormun/servlet/trsolicitudot?29b717c75291c55079a716b1c07267b0,gx-no-cache=1458217624949 HTTP/1.1" 200 3830
