186.103.157.98 - - [16/Mar/2016:12:24:16 -0300] "GET /cormun/servlet/trsolicitudadjuntos?2016,933, HTTP/1.1" 200 7851
186.103.157.98 - - [16/Mar/2016:12:24:17 -0300] "GET /cormun/servlet/trsolicitudadjuntos?2016,933, HTTP/1.1" 200 7848
186.103.158.250 - - [16/Mar/2016:12:24:17 -0300] "POST /cormun/servlet/hlogin?87aa3422397664a5420eacab262dd069,gx-no-cache=1458141884019 HTTP/1.1" 200 90
186.103.158.250 - - [16/Mar/2016:12:24:18 -0300] "GET /cormun/servlet/hpexe_link HTTP/1.1" 200 949
186.103.158.250 - - [16/Mar/2016:12:24:18 -0300] "GET /cormun/servlet/hhome HTTP/1.1" 200 3408
186.103.157.235 - - [16/Mar/2016:12:24:18 -0300] "GET /cormun/static/menuarrow.gif HTTP/1.1" 404 1015
186.103.157.98 - - [16/Mar/2016:12:24:25 -0300] "GET /cormun/PublicTempStorage/afp3974854.pdf HTTP/1.1" 200 226924
186.103.158.250 - - [16/Mar/2016:12:24:28 -0300] "GET /cormun/servlet/trsolicitudot? HTTP/1.1" 200 6170
186.103.158.250 - - [16/Mar/2016:12:24:28 -0300] "GET /cormun/static/Resources/Spanish/PXTools.css?18502099 HTTP/1.1" 304 -
186.103.158.250 - - [16/Mar/2016:12:24:28 -0300] "GET /cormun/static/gxcfg.js?201631185636 HTTP/1.1" 304 -
186.103.158.250 - - [16/Mar/2016:12:24:29 -0300] "GET /cormun/static/trsolicitudot.js?2016311856838 HTTP/1.1" 304 -
186.103.158.250 - - [16/Mar/2016:12:24:29 -0300] "GET /cormun/static/Resources/PXToolsGridNew.png HTTP/1.1" 304 -
186.103.157.98 - - [16/Mar/2016:12:24:30 -0300] "GET /cormun/servlet/trsolicitudadjuntos?2016,933, HTTP/1.1" 200 7853
186.103.157.98 - - [16/Mar/2016:12:24:31 -0300] "GET /cormun/servlet/trsolicitudadjuntos?2016,933, HTTP/1.1" 200 7848
186.103.157.98 - - [16/Mar/2016:12:24:33 -0300] "GET /cormun/servlet/solicitudotadjuntos?INS,2016,933,,1, HTTP/1.1" 200 5506
186.103.157.98 - - [16/Mar/2016:12:24:34 -0300] "GET /cormun/static/about:blank HTTP/1.1" 404 1011
186.103.157.98 - - [16/Mar/2016:12:24:34 -0300] "GET /cormun/servlet/solicitudotadjuntos?INS,2016,933,,1, HTTP/1.1" 200 5500
186.103.157.98 - - [16/Mar/2016:12:24:34 -0300] "GET /cormun/servlet/solicitudotadjuntos?2e5dcab6a456341bd6bbdc345b378083b7e642f2712ca831a1c76b7ca2fb5cb0e34bb2f808beebef31addacd719970bd,gx-no-cache=1458141902480 HTTP/1.1" 200 30
186.103.157.98 - - [16/Mar/2016:12:24:34 -0300] "POST /cormun/servlet/solicitudotadjuntos?dce974c9d08436c4bced33bf616d9019,INS,2016,933,,1,,gx-no-cache=1458141902534 HTTP/1.1" 200 3380
186.103.157.98 - - [16/Mar/2016:12:24:40 -0300] "POST /cormun/servlet/solicitudotadjuntos?gx-no-cache=1458141908421 HTTP/1.1" 200 26
186.103.158.250 - - [16/Mar/2016:12:24:50 -0300] "POST /cormun/servlet/trsolicitudot?87aa3422397664a5420eacab262dd069,,gx-no-cache=1458141916361 HTTP/1.1" 200 3476
186.103.157.235 - - [16/Mar/2016:12:24:54 -0300] "GET /cormun/servlet/solicitudot?9cbcffde1ede77d5b2d4b23167acc0dc1eec58a2ca2105f887f8aa2536ad2decd700fc8e86afb9985c6f408017685e0f6b16612b8a09070c195a4e84551582cfbde4b994eef86487dc9a34ba75bb2dd46a5abc2cdeb66857d9f70911dad281c1eebe139abc2e3e11ae43c42eb0f245581a940274425de572cec104690fa44fa08f79ae74559329549b9ee164fe0e3edcb123885866831f28a05f02a91ffd59c9402750b35d305e7a84df13bc16bf86aa,gx-no-cache=1458141920443 HTTP/1.1" 200 30
186.103.157.98 - - [16/Mar/2016:12:25:03 -0300] "GET /cormun/servlet/solicitudotadjuntos?2e5dcab6a456341bd6bbdc345b378083cf2da6e79bf2533203a52a7d3272037a,gx-no-cache=1458141930697 HTTP/1.1" 200 30
186.103.157.98 - - [16/Mar/2016:12:25:03 -0300] "GET /cormun/servlet/solicitudotadjuntos?2e5dcab6a456341bd6bbdc345b378083cf2da6e79bf2533203a52a7d3272037a,gx-no-cache=1458141930756 HTTP/1.1" 200 30
186.103.157.98 - - [16/Mar/2016:12:25:04 -0300] "POST /cormun/servlet/solicitudotadjuntos?dce974c9d08436c4bced33bf616d9019,INS,2016,933,,1, HTTP/1.1" 200 5298
186.103.157.98 - - [16/Mar/2016:12:25:04 -0300] "GET /home/sistema/apache-tomcat-7.0.65/webapps/cormun/PrivateTempStorage/upload_00008280.pdf HTTP/1.1" 404 1135
186.103.157.98 - - [16/Mar/2016:12:25:04 -0300] "GET /home/sistema/apache-tomcat-7.0.65/webapps/cormun/PrivateTempStorage/upload_00008280.pdf HTTP/1.1" 404 1135
186.103.157.98 - - [16/Mar/2016:12:25:05 -0300] "GET /cormun/PrivateTempStorage/upload_00008280.pdf HTTP/1.1" 206 1553748
186.103.157.98 - - [16/Mar/2016:12:25:14 -0300] "POST /cormun/servlet/solicitudotadjuntos?dce974c9d08436c4bced33bf616d9019,INS,2016,933,,1, HTTP/1.1" 200 116
186.103.157.98 - - [16/Mar/2016:12:25:14 -0300] "GET /cormun/servlet/hpexe_return? HTTP/1.1" 200 1023
186.103.157.98 - - [16/Mar/2016:12:25:15 -0300] "GET /cormun/servlet/trsolicitudadjuntos?2016,933, HTTP/1.1" 200 7851
186.103.157.98 - - [16/Mar/2016:12:25:16 -0300] "GET /cormun/servlet/trsolicitudadjuntos?2016,933, HTTP/1.1" 200 7850
186.103.157.98 - - [16/Mar/2016:12:25:20 -0300] "GET /cormun/PublicTempStorage/cedula9730792.pdf HTTP/1.1" 200 394966
186.103.157.98 - - [16/Mar/2016:12:25:20 -0300] "GET /cormun/PublicTempStorage/cedula9730792.pdf HTTP/1.1" 206 211204
186.103.157.235 - - [16/Mar/2016:12:25:22 -0300] "POST /cormun/servlet/solicitudot?c6d04390fae8938f54de78d47cb54db9,INS,0,0,,gx-no-cache=1458141948264 HTTP/1.1" 200 93
186.103.157.235 - - [16/Mar/2016:12:25:22 -0300] "GET /cormun/servlet/hpexe_return? HTTP/1.1" 200 1012
186.103.157.235 - - [16/Mar/2016:12:25:22 -0300] "GET /cormun/static/Resources/Spanish/PXTools.css?12112540 HTTP/1.1" 200 89042
186.103.157.235 - - [16/Mar/2016:12:25:22 -0300] "GET /cormun/static/gxcfg.js?2015111312145050 HTTP/1.1" 200 953
186.103.157.235 - - [16/Mar/2016:12:25:22 -0300] "GET /cormun/static/hpexe_return.js?2015111312145056 HTTP/1.1" 200 1633
186.103.157.235 - - [16/Mar/2016:12:25:23 -0300] "GET /cormun/servlet/trsolicitudot? HTTP/1.1" 200 7514
186.103.158.250 - - [16/Mar/2016:12:25:23 -0300] "GET /cormun/servlet/trsolicitudot?a3b1e52cb5415e720b4d8e5652a2959534e836c74ff4855cfdf1a8ef49b384d61e704782a70188eb8a41124f68ddb9e8d9006c5cc4b4dda24393c2b43d51fd1bd8bb9a9fc1410c0705c8ce6cffbd7d9074e01a099209a04854aa931bf823cfcd,gx-no-cache=1458141949630 HTTP/1.1" 200 759
186.103.157.98 - - [16/Mar/2016:12:25:24 -0300] "GET /cormun/servlet/trsolicitudadjuntos?2016,933, HTTP/1.1" 200 7850
186.103.157.98 - - [16/Mar/2016:12:25:25 -0300] "GET /cormun/servlet/trsolicitudadjuntos?2016,933, HTTP/1.1" 200 7850
186.103.157.235 - - [16/Mar/2016:12:25:26 -0300] "GET /cormun/servlet/trsolicitudot? HTTP/1.1" 200 7510
186.103.157.235 - - [16/Mar/2016:12:25:37 -0300] "POST /cormun/servlet/trsolicitudot?c6d04390fae8938f54de78d47cb54db9,,gx-no-cache=1458141959496 HTTP/1.1" 200 4919
186.103.157.235 - - [16/Mar/2016:12:25:38 -0300] "POST /cormun/servlet/trsolicitudot?c6d04390fae8938f54de78d47cb54db9,,gx-no-cache=1458141964504 HTTP/1.1" 200 4919
186.103.157.235 - - [16/Mar/2016:12:25:39 -0300] "POST /cormun/servlet/trsolicitudot?c6d04390fae8938f54de78d47cb54db9,,gx-no-cache=1458141964941 HTTP/1.1" 200 4919
186.103.157.235 - - [16/Mar/2016:12:25:39 -0300] "POST /cormun/servlet/trsolicitudot?c6d04390fae8938f54de78d47cb54db9,,gx-no-cache=1458141966282 HTTP/1.1" 200 4920
186.103.158.250 - - [16/Mar/2016:12:25:49 -0300] "GET /cormun/servlet/trsolicitudot?a3b1e52cb5415e720b4d8e5652a2959534e836c74ff4855cfdf1a8ef49b384d61e704782a70188eb8a41124f68ddb9e8d9006c5cc4b4dda24393c2b43d51fd1bd8bb9a9fc1410c0705c8ce6cffbd7d9074e01a099209a04854aa931bf823cfcd,gx-no-cache=1458141975924 HTTP/1.1" 200 759
186.103.157.98 - - [16/Mar/2016:12:25:51 -0300] "GET /cormun/servlet/solicitudotadjuntos?INS,2016,933,,1, HTTP/1.1" 200 5505
186.103.157.98 - - [16/Mar/2016:12:25:51 -0300] "GET /cormun/static/about:blank HTTP/1.1" 404 1011
186.103.157.98 - - [16/Mar/2016:12:25:52 -0300] "GET /cormun/servlet/solicitudotadjuntos?INS,2016,933,,1, HTTP/1.1" 200 5499
186.103.157.98 - - [16/Mar/2016:12:25:52 -0300] "GET /cormun/servlet/solicitudotadjuntos?2e5dcab6a456341bd6bbdc345b378083b7e642f2712ca831a1c76b7ca2fb5cb0e34bb2f808beebef31addacd719970bd,gx-no-cache=1458141980333 HTTP/1.1" 200 30
186.103.157.98 - - [16/Mar/2016:12:25:52 -0300] "POST /cormun/servlet/solicitudotadjuntos?dce974c9d08436c4bced33bf616d9019,INS,2016,933,,1,,gx-no-cache=1458141980418 HTTP/1.1" 200 3380
186.103.157.98 - - [16/Mar/2016:12:25:56 -0300] "POST /cormun/servlet/solicitudotadjuntos?gx-no-cache=1458141984014 HTTP/1.1" 200 26
186.103.157.235 - - [16/Mar/2016:12:25:58 -0300] "POST /cormun/servlet/trsolicitudot?c6d04390fae8938f54de78d47cb54db9,,gx-no-cache=1458141984425 HTTP/1.1" 200 3507
186.103.157.235 - - [16/Mar/2016:12:25:58 -0300] "GET /cormun/servlet/trsolicitudot?2734e191a4c1833c0bd0efb08db6e19f7692776894330d10ac275196704e407502a7bf175b0f6aa5f4a43a7e891caafabdc1665199e1a4771a583e6142def46d57a00c74161dcbd3eb205d1ca8c78bc406ded6c302ab45930454cc134d449f79,gx-no-cache=1458141984831 HTTP/1.1" 200 773
186.103.158.250 - - [16/Mar/2016:12:26:07 -0300] "GET /cormun/servlet/trsolicitudot?a3b1e52cb5415e720b4d8e5652a295959547d8e8d2f9b4e90415a93a2b1047da8283324a586bda41a871273f1ac83394cc39c3762bf314b112ed903a1ad8f6e3947896a6a47233c8eb74c01c323b8b65b67a62cabeaf092871c7a71c359a2d9c,gx-no-cache=1458141993827 HTTP/1.1" 200 759
186.103.158.250 - - [16/Mar/2016:12:26:08 -0300] "POST /cormun/servlet/trsolicitudot?87aa3422397664a5420eacab262dd069,,gx-no-cache=1458141994702 HTTP/1.1" 200 3475
186.103.158.250 - - [16/Mar/2016:12:26:09 -0300] "POST /cormun/servlet/trsolicitudot?87aa3422397664a5420eacab262dd069,,gx-no-cache=1458141995863 HTTP/1.1" 200 3476
186.103.157.98 - - [16/Mar/2016:12:26:09 -0300] "GET /cormun/servlet/solicitudotadjuntos?2e5dcab6a456341bd6bbdc345b378083cf2da6e79bf2533203a52a7d3272037a,gx-no-cache=1458141997462 HTTP/1.1" 200 30
186.103.157.98 - - [16/Mar/2016:12:26:09 -0300] "GET /cormun/servlet/solicitudotadjuntos?2e5dcab6a456341bd6bbdc345b378083cf2da6e79bf2533203a52a7d3272037a,gx-no-cache=1458141997513 HTTP/1.1" 200 30
186.103.157.235 - - [16/Mar/2016:12:26:09 -0300] "GET /cormun/servlet/trautorizarsolicitud? HTTP/1.1" 200 6178
186.103.157.98 - - [16/Mar/2016:12:26:11 -0300] "POST /cormun/servlet/solicitudotadjuntos?dce974c9d08436c4bced33bf616d9019,INS,2016,933,,1, HTTP/1.1" 200 5304
186.103.157.235 - - [16/Mar/2016:12:26:11 -0300] "GET /cormun/servlet/trautorizarsolicitud? HTTP/1.1" 200 6178
186.103.157.98 - - [16/Mar/2016:12:26:11 -0300] "GET /home/sistema/apache-tomcat-7.0.65/webapps/cormun/PrivateTempStorage/upload_00008304.pdf HTTP/1.1" 404 1135
186.103.157.98 - - [16/Mar/2016:12:26:11 -0300] "GET /home/sistema/apache-tomcat-7.0.65/webapps/cormun/PrivateTempStorage/upload_00008304.pdf HTTP/1.1" 404 1135
186.103.157.98 - - [16/Mar/2016:12:26:12 -0300] "GET /cormun/PrivateTempStorage/upload_00008304.pdf HTTP/1.1" 206 1471148
186.103.157.98 - - [16/Mar/2016:12:26:15 -0300] "GET /cormun/servlet/solicitudotadjuntos?2e5dcab6a456341bd6bbdc345b37808393f5fb5675e11ab3bc118e1b0995fc7ee34bb2f808beebef31addacd719970bd,gx-no-cache=1458142002782 HTTP/1.1" 200 30
186.103.157.235 - - [16/Mar/2016:12:26:16 -0300] "POST /cormun/servlet/trautorizarsolicitud?c6d04390fae8938f54de78d47cb54db9,,gx-no-cache=1458142002537 HTTP/1.1" 200 3479
186.103.157.235 - - [16/Mar/2016:12:26:16 -0300] "POST /cormun/servlet/trautorizarsolicitud?c6d04390fae8938f54de78d47cb54db9,,gx-no-cache=1458142002896 HTTP/1.1" 200 3479
186.103.157.235 - - [16/Mar/2016:12:26:17 -0300] "POST /cormun/servlet/trautorizarsolicitud?c6d04390fae8938f54de78d47cb54db9,,gx-no-cache=1458142003255 HTTP/1.1" 200 3479
186.103.157.98 - - [16/Mar/2016:12:26:17 -0300] "POST /cormun/servlet/solicitudotadjuntos?dce974c9d08436c4bced33bf616d9019,INS,2016,933,,1, HTTP/1.1" 200 5305
186.103.157.98 - - [16/Mar/2016:12:26:17 -0300] "GET /home/sistema/apache-tomcat-7.0.65/webapps/cormun/PrivateTempStorage/upload_00008316.pdf HTTP/1.1" 404 1135
186.103.157.235 - - [16/Mar/2016:12:26:17 -0300] "POST /cormun/servlet/trautorizarsolicitud?c6d04390fae8938f54de78d47cb54db9,,gx-no-cache=1458142003707 HTTP/1.1" 200 3479
186.103.158.250 - - [16/Mar/2016:12:26:18 -0300] "GET /cormun/servlet/trsolicitudot?a3b1e52cb5415e720b4d8e5652a29595b89ebc9a1eed889c24de3b68cec0cfa0033732134a1d4621222df42d171c68efe69f2d95fa81449d8de8c50a621d53d39ec45e22b99f9cad5973f02bd55c22d0,gx-no-cache=1458142004170 HTTP/1.1" 200 759
186.103.157.98 - - [16/Mar/2016:12:26:18 -0300] "GET /cormun/PrivateTempStorage/upload_00008316.pdf HTTP/1.1" 206 1528548
186.103.157.235 - - [16/Mar/2016:12:26:20 -0300] "POST /cormun/servlet/trautorizarsolicitud?c6d04390fae8938f54de78d47cb54db9,,gx-no-cache=1458142007077 HTTP/1.1" 200 4877
186.103.157.235 - - [16/Mar/2016:12:26:21 -0300] "GET /cormun/servlet/trautorizarsolicitud?2734e191a4c1833c0bd0efb08db6e19ffdd098992a7a3c409478ddb213d7db5dd4ff8cabeaa2ebd889c629f69fe9d1677e11a5f3422ee6ee9488d63024333cbe2a68c7884a12f9279fa51f94214db1e3fab3bd3d08b0d5215fb983a024adde74,gx-no-cache=1458142007638 HTTP/1.1" 200 2183
186.103.158.250 - - [16/Mar/2016:12:26:21 -0300] "GET /cormun/servlet/trsolicitudot?a3b1e52cb5415e720b4d8e5652a2959589b97ba54837e248845386b318ef8389f9bb60d6dae5a94fb03903458d980139e565375f22303fbb04ad5e1957c215eb540212bef264f9404d5f2a77a08c5e5d,gx-no-cache=1458142007697 HTTP/1.1" 200 759
186.103.158.250 - - [16/Mar/2016:12:26:27 -0300] "GET /cormun/servlet/trsolicitudot?a3b1e52cb5415e720b4d8e5652a29595177988a7ef2e8dbd959dcc64ab74b2ab375bdc9c2cf9d3acfde7fa81ae2deaa266f721aa8fa2188e1a47ef01e59aa1f2fc79178d96315f37918f0b9bdf586a5432fb8a68be9c03e44b1d94e59882dfc0,gx-no-cache=1458142013832 HTTP/1.1" 200 759
186.103.158.250 - - [16/Mar/2016:12:26:32 -0300] "GET /cormun/servlet/trsolicitudot?a3b1e52cb5415e720b4d8e5652a29595979a860c7f635ec6956e64cb2f54854c98f91de9eeef96ebd85d665ea57eaea28792f9138a692e92b3ea05d6fe5ab7ddcce0df2d7059b93ea5763cf9ff134b0a7282ffdf1cf41f02bfebc014a6825f58,gx-no-cache=1458142018149 HTTP/1.1" 200 759
186.103.157.235 - - [16/Mar/2016:12:26:33 -0300] "GET /cormun/servlet/trautorizarsolicitud? HTTP/1.1" 200 7447
186.103.157.235 - - [16/Mar/2016:12:26:34 -0300] "GET /cormun/servlet/trautorizarsolicitud? HTTP/1.1" 200 7447
186.103.158.250 - - [16/Mar/2016:12:26:36 -0300] "POST /cormun/servlet/trsolicitudot?87aa3422397664a5420eacab262dd069,,gx-no-cache=1458142022945 HTTP/1.1" 200 3483
186.103.157.235 - - [16/Mar/2016:12:26:40 -0300] "POST /cormun/servlet/trautorizarsolicitud?c6d04390fae8938f54de78d47cb54db9,,gx-no-cache=1458142027095 HTTP/1.1" 200 4877
186.103.157.235 - - [16/Mar/2016:12:26:41 -0300] "POST /cormun/servlet/trautorizarsolicitud?c6d04390fae8938f54de78d47cb54db9,,gx-no-cache=1458142027485 HTTP/1.1" 200 4877
186.103.157.235 - - [16/Mar/2016:12:26:41 -0300] "POST /cormun/servlet/trautorizarsolicitud?c6d04390fae8938f54de78d47cb54db9,,gx-no-cache=1458142027860 HTTP/1.1" 200 4877
186.103.157.235 - - [16/Mar/2016:12:26:41 -0300] "POST /cormun/servlet/trautorizarsolicitud?c6d04390fae8938f54de78d47cb54db9,,gx-no-cache=1458142028250 HTTP/1.1" 200 4876
186.103.158.250 - - [16/Mar/2016:12:26:43 -0300] "GET /cormun/servlet/trsolicitudot?a3b1e52cb5415e720b4d8e5652a29595979a860c7f635ec6956e64cb2f54854c22cb24767892988cebaa99dd5eecb59df2a4d4f03f6667d3415606c480510b03e1985cf1cebd86d45035ef3ea387f32db921db3c2011d40ca52b6f278793ffa5,gx-no-cache=1458142029434 HTTP/1.1" 200 763
186.103.157.98 - - [16/Mar/2016:12:26:43 -0300] "POST /cormun/servlet/solicitudotadjuntos?dce974c9d08436c4bced33bf616d9019,INS,2016,933,,1, HTTP/1.1" 200 116
186.103.157.98 - - [16/Mar/2016:12:26:43 -0300] "GET /cormun/servlet/hpexe_return? HTTP/1.1" 200 1023
186.103.157.98 - - [16/Mar/2016:12:26:44 -0300] "GET /cormun/servlet/trsolicitudadjuntos?2016,933, HTTP/1.1" 200 7850
186.103.157.235 - - [16/Mar/2016:12:26:45 -0300] "POST /cormun/servlet/trautorizarsolicitud?c6d04390fae8938f54de78d47cb54db9,,gx-no-cache=1458142031931 HTTP/1.1" 200 3478
186.103.157.98 - - [16/Mar/2016:12:26:45 -0300] "GET /cormun/servlet/trsolicitudadjuntos?2016,933, HTTP/1.1" 200 7850
186.103.157.235 - - [16/Mar/2016:12:26:45 -0300] "GET /cormun/servlet/trautorizarsolicitud?2734e191a4c1833c0bd0efb08db6e19f7692776894330d10ac275196704e407502a7bf175b0f6aa5f4a43a7e891caafa7e11a5f3422ee6ee9488d63024333cbe333edaa064e162b60e21e57a6e1715835695f0f1c8d9af975db4a1d8e732760a642ca4f05d5e95d1bde1d4e03d488d09,gx-no-cache=1458142032352 HTTP/1.1" 200 763
186.103.158.250 - - [16/Mar/2016:12:26:48 -0300] "GET /cormun/servlet/trsolicitudot?a3b1e52cb5415e720b4d8e5652a29595979a860c7f635ec6956e64cb2f54854cda84de2ad7a62eb3e2550c46e2b13714d9006c5cc4b4dda24393c2b43d51fd1bd8bb9a9fc1410c0705c8ce6cffbd7d9074e01a099209a04854aa931bf823cfcd,gx-no-cache=1458142034941 HTTP/1.1" 200 763
186.103.158.250 - - [16/Mar/2016:12:26:54 -0300] "GET /cormun/servlet/trsolicitudot?a3b1e52cb5415e720b4d8e5652a29595979a860c7f635ec6956e64cb2f54854c98f91de9eeef96ebd85d665ea57eaea28792f9138a692e92b3ea05d6fe5ab7ddcce0df2d7059b93ea5763cf9ff134b0a7282ffdf1cf41f02bfebc014a6825f58,gx-no-cache=1458142041104 HTTP/1.1" 200 763
186.103.157.98 - - [16/Mar/2016:12:26:56 -0300] "GET /cormun/servlet/solicitudotadjuntos?DLT,2016,933,CERTIF3,0, HTTP/1.1" 200 5481
186.103.157.98 - - [16/Mar/2016:12:26:57 -0300] "GET /cormun/static/Shared/jqueryui/images/ui-bg_flat_55_fafafa_40x100.png HTTP/1.1" 404 1097
186.103.157.98 - - [16/Mar/2016:12:26:57 -0300] "GET /cormun/static/Shared/jqueryui/images/ui-icons_8d78a5_256x240.png HTTP/1.1" 404 1089
186.103.157.98 - - [16/Mar/2016:12:26:57 -0300] "GET /cormun/servlet/solicitudotadjuntos?DLT,2016,933,CERTIF3,0, HTTP/1.1" 200 5473
186.103.157.98 - - [16/Mar/2016:12:26:57 -0300] "GET /cormun/PublicTempStorage/afp3257996.pdf HTTP/1.1" 200 226924
186.103.157.98 - - [16/Mar/2016:12:26:59 -0300] "POST /cormun/servlet/solicitudotadjuntos?dce974c9d08436c4bced33bf616d9019,DLT,2016,933,CERTIF3,0,,gx-no-cache=1458142046970 HTTP/1.1" 200 93
186.103.157.98 - - [16/Mar/2016:12:26:59 -0300] "GET /cormun/servlet/hpexe_return? HTTP/1.1" 200 1029
186.103.157.98 - - [16/Mar/2016:12:27:00 -0300] "GET /cormun/servlet/trsolicitudadjuntos?2016,933, HTTP/1.1" 200 7850
186.103.157.98 - - [16/Mar/2016:12:27:01 -0300] "GET /cormun/servlet/trsolicitudadjuntos?2016,933, HTTP/1.1" 200 7849
186.103.157.98 - - [16/Mar/2016:12:27:05 -0300] "GET /cormun/PublicTempStorage/afp9905417.pdf HTTP/1.1" 200 226924
186.103.158.250 - - [16/Mar/2016:12:27:05 -0300] "GET /cormun/servlet/trsolicitudot?a3b1e52cb5415e720b4d8e5652a29595979a860c7f635ec6956e64cb2f54854c2fc27b9cf30cdc0648df94214d26ba73f2a4d4f03f6667d3415606c480510b03e1985cf1cebd86d45035ef3ea387f32db921db3c2011d40ca52b6f278793ffa5,gx-no-cache=1458142051838 HTTP/1.1" 200 763
186.103.158.250 - - [16/Mar/2016:12:27:12 -0300] "GET /cormun/servlet/trsolicitudot?a3b1e52cb5415e720b4d8e5652a29595979a860c7f635ec6956e64cb2f54854c22b37f3d2e99e7c04437fcccfd69fa2cd9006c5cc4b4dda24393c2b43d51fd1bd8bb9a9fc1410c0705c8ce6cffbd7d9074e01a099209a04854aa931bf823cfcd,gx-no-cache=1458142058324 HTTP/1.1" 200 763
186.103.158.250 - - [16/Mar/2016:12:27:19 -0300] "GET /cormun/servlet/trsolicitudot?a3b1e52cb5415e720b4d8e5652a29595979a860c7f635ec6956e64cb2f54854c8e956ee62a1860ef0d8a18f14cadc1fff2a4d4f03f6667d3415606c480510b03e1985cf1cebd86d45035ef3ea387f32db921db3c2011d40ca52b6f278793ffa5,gx-no-cache=1458142065675 HTTP/1.1" 200 763
186.103.158.250 - - [16/Mar/2016:12:27:29 -0300] "GET /cormun/servlet/trsolicitudot? HTTP/1.1" 200 6180
186.103.158.250 - - [16/Mar/2016:12:27:34 -0300] "POST /cormun/servlet/trsolicitudot?87aa3422397664a5420eacab262dd069,,gx-no-cache=1458142080684 HTTP/1.1" 200 3484
186.103.157.235 - - [16/Mar/2016:12:27:34 -0300] "POST /cormun/servlet/trautorizarsolicitud?c6d04390fae8938f54de78d47cb54db9,,gx-no-cache=1458142081100 HTTP/1.1" 200 4888
186.103.157.235 - - [16/Mar/2016:12:27:35 -0300] "GET /cormun/servlet/trautorizarsolicitud?2734e191a4c1833c0bd0efb08db6e19fe832c10e3279ef4107c0332a343981bcd4ff8cabeaa2ebd889c629f69fe9d1677e11a5f3422ee6ee9488d63024333cbe333edaa064e162b60e21e57a6e1715835695f0f1c8d9af975db4a1d8e732760a642ca4f05d5e95d1bde1d4e03d488d09,gx-no-cache=1458142081708 HTTP/1.1" 200 2190
186.103.157.98 - - [16/Mar/2016:12:27:46 -0300] "GET /cormun/servlet/trsolicitudadjuntos?2016,933, HTTP/1.1" 200 7850
186.103.157.98 - - [16/Mar/2016:12:27:47 -0300] "GET /cormun/servlet/trsolicitudadjuntos?2016,933, HTTP/1.1" 200 7850
186.103.158.250 - - [16/Mar/2016:12:27:52 -0300] "GET /cormun/servlet/trsolicitudot?a3b1e52cb5415e720b4d8e5652a295959547d8e8d2f9b4e90415a93a2b1047dae086cfa3e98dee9e18bcadec1b2282a149c8ba7dbdbfc02cb22fbc90cd80a33e8390f2c420127fba8e4dbd36f03beee41ace540c0c35ee93f678c143872c5e74,gx-no-cache=1458142098756 HTTP/1.1" 200 763
186.103.158.250 - - [16/Mar/2016:12:27:53 -0300] "POST /cormun/servlet/trsolicitudot?87aa3422397664a5420eacab262dd069,,gx-no-cache=1458142099378 HTTP/1.1" 200 3485
186.103.158.250 - - [16/Mar/2016:12:27:54 -0300] "POST /cormun/servlet/trsolicitudot?87aa3422397664a5420eacab262dd069,,gx-no-cache=1458142100335 HTTP/1.1" 200 3485
186.103.158.250 - - [16/Mar/2016:12:27:55 -0300] "POST /cormun/servlet/trsolicitudot?87aa3422397664a5420eacab262dd069,,gx-no-cache=1458142101388 HTTP/1.1" 200 3485
186.103.157.235 - - [16/Mar/2016:12:28:01 -0300] "POST /cormun/servlet/trautorizarsolicitud?c6d04390fae8938f54de78d47cb54db9,,gx-no-cache=1458142107916 HTTP/1.1" 200 3478
186.103.157.235 - - [16/Mar/2016:12:28:01 -0300] "GET /cormun/servlet/trautorizarsolicitud?2734e191a4c1833c0bd0efb08db6e19f7692776894330d10ac275196704e407502a7bf175b0f6aa5f4a43a7e891caafa7e11a5f3422ee6ee9488d63024333cbe04cc4b1fcd9bedc6257ae31f7d8dfe4c5695f0f1c8d9af975db4a1d8e732760a642ca4f05d5e95d1bde1d4e03d488d09,gx-no-cache=1458142108369 HTTP/1.1" 200 763
186.103.157.98 - - [16/Mar/2016:12:28:02 -0300] "GET /cormun/servlet/solicitudotadjuntos?INS,2016,933,,2, HTTP/1.1" 200 5503
186.103.157.98 - - [16/Mar/2016:12:28:03 -0300] "GET /cormun/static/about:blank HTTP/1.1" 404 1011
186.103.157.98 - - [16/Mar/2016:12:28:03 -0300] "GET /cormun/servlet/solicitudotadjuntos?INS,2016,933,,2, HTTP/1.1" 200 5497
186.103.157.98 - - [16/Mar/2016:12:28:03 -0300] "GET /cormun/servlet/solicitudotadjuntos?2e5dcab6a456341bd6bbdc345b378083b7e642f2712ca831a1c76b7ca2fb5cb0e34bb2f808beebef31addacd719970bd,gx-no-cache=1458142111444 HTTP/1.1" 200 30
186.103.157.98 - - [16/Mar/2016:12:28:03 -0300] "POST /cormun/servlet/solicitudotadjuntos?dce974c9d08436c4bced33bf616d9019,INS,2016,933,,2,,gx-no-cache=1458142111485 HTTP/1.1" 200 3522
186.103.157.235 - - [16/Mar/2016:12:28:07 -0300] "GET /cormun/servlet/trautorizarsolicitud? HTTP/1.1" 200 6178
186.103.157.235 - - [16/Mar/2016:12:28:10 -0300] "GET /cormun/servlet/trautorizarsolicitud? HTTP/1.1" 200 6178
186.103.157.235 - - [16/Mar/2016:12:28:16 -0300] "POST /cormun/servlet/trautorizarsolicitud?c6d04390fae8938f54de78d47cb54db9,,gx-no-cache=1458142123314 HTTP/1.1" 200 3479
186.103.157.235 - - [16/Mar/2016:12:28:17 -0300] "POST /cormun/servlet/trautorizarsolicitud?c6d04390fae8938f54de78d47cb54db9,,gx-no-cache=1458142123641 HTTP/1.1" 200 3480
186.103.158.250 - - [16/Mar/2016:12:28:17 -0300] "GET /cormun/servlet/trsolicitudot?a3b1e52cb5415e720b4d8e5652a29595ab203a103bccb56f2ebe1b2214fe927ea8ceec99199aad6b06c26eae33640229ae2609cd92e2a881cb7be0cd1ad2661f6195eb9feda312262b73a8f47e8e3d99b65a459134002e21b70a86fb0b076fce,gx-no-cache=1458142123392 HTTP/1.1" 200 763
186.103.157.235 - - [16/Mar/2016:12:28:17 -0300] "POST /cormun/servlet/trautorizarsolicitud?c6d04390fae8938f54de78d47cb54db9,,gx-no-cache=1458142123922 HTTP/1.1" 200 3479
186.103.157.235 - - [16/Mar/2016:12:28:17 -0300] "POST /cormun/servlet/trautorizarsolicitud?c6d04390fae8938f54de78d47cb54db9,,gx-no-cache=1458142124218 HTTP/1.1" 200 3479
186.103.158.250 - - [16/Mar/2016:12:28:18 -0300] "POST /cormun/servlet/trsolicitudot?87aa3422397664a5420eacab262dd069,,gx-no-cache=1458142124628 HTTP/1.1" 200 3484
186.103.158.250 - - [16/Mar/2016:12:28:20 -0300] "POST /cormun/servlet/trsolicitudot?87aa3422397664a5420eacab262dd069,,gx-no-cache=1458142126210 HTTP/1.1" 200 3485
186.103.157.235 - - [16/Mar/2016:12:28:20 -0300] "POST /cormun/servlet/trautorizarsolicitud?c6d04390fae8938f54de78d47cb54db9,,gx-no-cache=1458142126699 HTTP/1.1" 200 4888
186.103.157.235 - - [16/Mar/2016:12:28:20 -0300] "GET /cormun/servlet/trautorizarsolicitud?2734e191a4c1833c0bd0efb08db6e19fe832c10e3279ef4107c0332a343981bcd4ff8cabeaa2ebd889c629f69fe9d1677e11a5f3422ee6ee9488d63024333cbe2a68c7884a12f9279fa51f94214db1e3fab3bd3d08b0d5215fb983a024adde74,gx-no-cache=1458142127136 HTTP/1.1" 200 2190
186.103.158.250 - - [16/Mar/2016:12:28:21 -0300] "POST /cormun/servlet/trsolicitudot?87aa3422397664a5420eacab262dd069,,gx-no-cache=1458142127868 HTTP/1.1" 200 3485
186.103.157.235 - - [16/Mar/2016:12:28:32 -0300] "POST /cormun/servlet/trautorizarsolicitud?c6d04390fae8938f54de78d47cb54db9,,gx-no-cache=1458142138711 HTTP/1.1" 200 4876
186.103.157.235 - - [16/Mar/2016:12:28:32 -0300] "GET /cormun/servlet/trautorizarsolicitud?2734e191a4c1833c0bd0efb08db6e19ffdd098992a7a3c409478ddb213d7db5d02a7bf175b0f6aa5f4a43a7e891caafa7e11a5f3422ee6ee9488d63024333cbe04cc4b1fcd9bedc6257ae31f7d8dfe4c5695f0f1c8d9af975db4a1d8e732760a642ca4f05d5e95d1bde1d4e03d488d09,gx-no-cache=1458142139195 HTTP/1.1" 200 2183
186.103.158.250 - - [16/Mar/2016:12:28:35 -0300] "GET /cormun/servlet/hlogin HTTP/1.1" 200 1719
186.103.157.98 - - [16/Mar/2016:12:28:37 -0300] "POST /cormun/servlet/solicitudotadjuntos?gx-no-cache=1458142144817 HTTP/1.1" 200 26
186.103.157.235 - - [16/Mar/2016:12:28:44 -0300] "POST /cormun/servlet/trautorizarsolicitud?c6d04390fae8938f54de78d47cb54db9,,gx-no-cache=1458142151272 HTTP/1.1" 200 3479
186.103.157.235 - - [16/Mar/2016:12:28:45 -0300] "GET /cormun/servlet/trautorizarsolicitud?2734e191a4c1833c0bd0efb08db6e19f7692776894330d10ac275196704e407502a7bf175b0f6aa5f4a43a7e891caafa7e11a5f3422ee6ee9488d63024333cbe333edaa064e162b60e21e57a6e1715835695f0f1c8d9af975db4a1d8e732760a642ca4f05d5e95d1bde1d4e03d488d09,gx-no-cache=1458142151724 HTTP/1.1" 200 763
186.103.157.98 - - [16/Mar/2016:12:28:50 -0300] "POST /cormun/servlet/solicitudotadjuntos?dce974c9d08436c4bced33bf616d9019,INS,2016,933,,2, HTTP/1.1" 200 116
186.103.157.98 - - [16/Mar/2016:12:28:50 -0300] "GET /cormun/servlet/hpexe_return? HTTP/1.1" 200 1023
186.103.158.250 - - [16/Mar/2016:12:28:51 -0300] "POST /cormun/servlet/hlogin?519985922b072843579d14149a4b68af,gx-no-cache=1458142157124 HTTP/1.1" 200 90
186.103.158.250 - - [16/Mar/2016:12:28:51 -0300] "GET /cormun/servlet/hpexe_link HTTP/1.1" 200 952
186.103.157.98 - - [16/Mar/2016:12:28:51 -0300] "GET /cormun/servlet/trsolicitudadjuntos?2016,933, HTTP/1.1" 200 7849
186.103.158.250 - - [16/Mar/2016:12:28:51 -0300] "GET /cormun/servlet/hhome HTTP/1.1" 200 3413
186.103.157.235 - - [16/Mar/2016:12:28:52 -0300] "GET /cormun/servlet/trvisualizadoreventos? HTTP/1.1" 200 5979
186.103.157.98 - - [16/Mar/2016:12:28:52 -0300] "GET /cormun/servlet/trsolicitudadjuntos?2016,933, HTTP/1.1" 200 7850
186.103.157.235 - - [16/Mar/2016:12:28:54 -0300] "GET /cormun/servlet/trvisualizadoreventos? HTTP/1.1" 200 5979
186.103.157.98 - - [16/Mar/2016:12:28:55 -0300] "GET /cormun/PublicTempStorage/afp1474771.pdf HTTP/1.1" 200 226924
186.103.158.250 - - [16/Mar/2016:12:29:00 -0300] "GET /cormun/servlet/trsolicitudot? HTTP/1.1" 200 6175
186.103.158.250 - - [16/Mar/2016:12:29:04 -0300] "POST /cormun/servlet/trsolicitudot?519985922b072843579d14149a4b68af,,gx-no-cache=1458142170888 HTTP/1.1" 200 3481
186.103.158.250 - - [16/Mar/2016:12:29:12 -0300] "GET /cormun/servlet/hlogin HTTP/1.1" 200 1714
186.103.158.250 - - [16/Mar/2016:12:29:12 -0300] "GET /cormun/static/gxcfg.js?20151120045111 HTTP/1.1" 200 953
186.103.158.250 - - [16/Mar/2016:12:29:12 -0300] "GET /cormun/static/gxtimezone.js?85251 HTTP/1.1" 200 5781
186.103.158.250 - - [16/Mar/2016:12:29:12 -0300] "GET /cormun/static/messages.spa.js?85251 HTTP/1.1" 200 30736
186.103.158.250 - - [16/Mar/2016:12:29:12 -0300] "GET /cormun/static/hlogin.js?20151120045126 HTTP/1.1" 200 2136
186.103.158.250 - - [16/Mar/2016:12:29:12 -0300] "GET /cormun/static/Resources/ComunLogin.png HTTP/1.1" 200 17326
186.103.158.250 - - [16/Mar/2016:12:29:12 -0300] "GET /cormun/static/Resources/Spanish/PXTools.css?005343 HTTP/1.1" 200 89042
186.103.158.250 - - [16/Mar/2016:12:29:12 -0300] "GET /cormun/static/gxgral.js?85251 HTTP/1.1" 200 384558
186.103.158.250 - - [16/Mar/2016:12:29:13 -0300] "GET /cormun/static/Resources/indicator.gif HTTP/1.1" 200 1553
186.103.158.250 - - [16/Mar/2016:12:29:13 -0300] "GET /cormun/servlet/hlogin HTTP/1.1" 200 1724
186.103.158.250 - - [16/Mar/2016:12:29:13 -0300] "GET /cormun/static/Resources/PXToolsLoginBackground.png HTTP/1.1" 200 1164
186.103.158.250 - - [16/Mar/2016:12:29:13 -0300] "GET /cormun/static/Resources/PXToolsLoginTop.png HTTP/1.1" 200 1337
186.103.158.250 - - [16/Mar/2016:12:29:13 -0300] "GET /cormun/static/Resources/PXToolsButtonRight21.png HTTP/1.1" 200 1283
186.103.158.250 - - [16/Mar/2016:12:29:13 -0300] "GET /cormun/static/Resources/PXToolsButtonBackground2.png HTTP/1.1" 200 1181
186.103.158.250 - - [16/Mar/2016:12:29:13 -0300] "GET /cormun/static/Resources/PXToolsLoginBottom.png HTTP/1.1" 200 1389
186.103.158.250 - - [16/Mar/2016:12:29:13 -0300] "GET /cormun/static/Resources/PXToolsButtonLeft21.png HTTP/1.1" 200 1287
186.103.158.250 - - [16/Mar/2016:12:29:13 -0300] "GET /favicon.ico HTTP/1.1" 200 21630
186.103.158.250 - - [16/Mar/2016:12:29:21 -0300] "GET /cormun/servlet/trsolicitudot?74374292550745c1d977181e5ee2442f779fb96fad1a35ae94cf66bdbec4594db51cf9c941b1f02872e2b01080442a8ef325dc609299707fb1cf86b5de29361fa6a884e5a12caed560da9f6593c291fa799fb73cee39b02d5a5e147f87d1449e,gx-no-cache=1458142187473 HTTP/1.1" 200 759
186.103.158.250 - - [16/Mar/2016:12:29:22 -0300] "POST /cormun/servlet/trsolicitudot?519985922b072843579d14149a4b68af,,gx-no-cache=1458142188111 HTTP/1.1" 200 3481
186.103.158.250 - - [16/Mar/2016:12:29:23 -0300] "POST /cormun/servlet/trsolicitudot?519985922b072843579d14149a4b68af,,gx-no-cache=1458142189162 HTTP/1.1" 200 3481
186.103.158.250 - - [16/Mar/2016:12:29:26 -0300] "POST /cormun/servlet/hlogin?92df9df36b46705b016a033dfea24681,gx-no-cache=1458145707812 HTTP/1.1" 200 90
186.103.158.250 - - [16/Mar/2016:12:29:26 -0300] "GET /cormun/servlet/trsolicitudot?74374292550745c1d977181e5ee2442f5a19d96a7b0a6fc54dd617837c11d1a841c5f2cdd8921891836aabe6ab30c890cd8426f9ad2a5e28cbbaca3d7e9068d77839d1b9b114b915de2bb8f26d8ffcdc,gx-no-cache=1458142193029 HTTP/1.1" 200 759
186.103.158.250 - - [16/Mar/2016:12:29:27 -0300] "GET /cormun/servlet/hpexe_link HTTP/1.1" 200 948
186.103.158.250 - - [16/Mar/2016:12:29:27 -0300] "GET /cormun/static/gxcfg.js?20151120044395 HTTP/1.1" 200 953
186.103.158.250 - - [16/Mar/2016:12:29:27 -0300] "GET /cormun/static/hpexe_link.js?20151120044398 HTTP/1.1" 200 625
186.103.158.250 - - [16/Mar/2016:12:29:27 -0300] "GET /cormun/servlet/hhome HTTP/1.1" 200 3407
186.103.158.250 - - [16/Mar/2016:12:29:27 -0300] "GET /cormun/static/gxcfg.js?2015112210564248 HTTP/1.1" 200 953
186.103.158.250 - - [16/Mar/2016:12:29:27 -0300] "GET /cormun/static/SmoothNavMenu/resources/ddsmoothmenu.css?1112540 HTTP/1.1" 200 2223
186.103.158.250 - - [16/Mar/2016:12:29:27 -0300] "GET /cormun/static/SmoothNavMenu/resources/ddsmoothmenu-v.css?1112540 HTTP/1.1" 200 1188
186.103.158.250 - - [16/Mar/2016:12:29:27 -0300] "GET /cormun/static/scaMessage/css/jquery.pnotify.default.css?1816380 HTTP/1.1" 200 1707
186.103.158.250 - - [16/Mar/2016:12:29:27 -0300] "GET /cormun/static/PXToolsJavascripts/pexe_cookies.js HTTP/1.1" 200 792
186.103.158.250 - - [16/Mar/2016:12:29:27 -0300] "GET /cormun/static/PXToolsJavascripts/pexe_autoreload.js HTTP/1.1" 200 1762
186.103.158.250 - - [16/Mar/2016:12:29:27 -0300] "GET /cormun/static/PXToolsJavascripts/pexe_windows.js HTTP/1.1" 200 15207
186.103.158.250 - - [16/Mar/2016:12:29:27 -0300] "GET /cormun/static/PXToolsJavascripts/pexe_grid.js HTTP/1.1" 200 7559
186.103.158.250 - - [16/Mar/2016:12:29:27 -0300] "GET /cormun/static/Shared/jqueryui/jquery-ui.min.css?1345370 HTTP/1.1" 200 30288
186.103.158.250 - - [16/Mar/2016:12:29:27 -0300] "GET /cormun/static/Resources/Spanish/PXTools.css?10515224 HTTP/1.1" 200 89042
186.103.158.250 - - [16/Mar/2016:12:29:27 -0300] "GET /cormun/static/PXToolsJavascripts/pexe_griddivfix.js HTTP/1.1" 200 6644
186.103.158.250 - - [16/Mar/2016:12:29:27 -0300] "GET /cormun/static/PXToolsJavascripts/pexe_menudivfix.js HTTP/1.1" 200 333
186.103.158.250 - - [16/Mar/2016:12:29:27 -0300] "GET /cormun/static/PXToolsJavascripts/pexe_link.js HTTP/1.1" 200 5671
186.103.158.250 - - [16/Mar/2016:12:29:27 -0300] "GET /cormun/static/PXToolsJavascripts/pexe_menus.js HTTP/1.1" 200 1286
186.103.158.250 - - [16/Mar/2016:12:29:27 -0300] "GET /cormun/static/PXToolsJavascripts/pexe_oav.js HTTP/1.1" 200 645
186.103.158.250 - - [16/Mar/2016:12:29:27 -0300] "GET /cormun/static/PXToolsJavascripts/pexe_oavdivfix.js HTTP/1.1" 200 639
186.103.158.250 - - [16/Mar/2016:12:29:27 -0300] "GET /cormun/static/PXToolsJavascripts/pexe_picture.js HTTP/1.1" 200 689
186.103.158.250 - - [16/Mar/2016:12:29:27 -0300] "GET /cormun/static/PXToolsJavascripts/pexe_layers.js HTTP/1.1" 200 4114
186.103.158.250 - - [16/Mar/2016:12:29:27 -0300] "GET /cormun/static/PXToolsJavascripts/pexe_popup.js HTTP/1.1" 200 13458
186.103.158.250 - - [16/Mar/2016:12:29:27 -0300] "GET /cormun/static/PXToolsJavascripts/pexe_scrolldiv.js HTTP/1.1" 200 4138
186.103.158.250 - - [16/Mar/2016:12:29:27 -0300] "GET /cormun/static/PXToolsJavascripts/pexe_tabdivfix.js HTTP/1.1" 200 876
186.103.158.250 - - [16/Mar/2016:12:29:27 -0300] "GET /cormun/static/PXToolsJavascripts/pexe_tabs.js HTTP/1.1" 200 3748
186.103.158.250 - - [16/Mar/2016:12:29:27 -0300] "GET /cormun/static/PXToolsJavascripts/pexe_upload.js HTTP/1.1" 200 1423
186.103.158.250 - - [16/Mar/2016:12:29:27 -0300] "GET /cormun/static/PXToolsJavascripts/PXToolsJavascriptsRender.js HTTP/1.1" 200 367
186.103.158.250 - - [16/Mar/2016:12:29:27 -0300] "GET /cormun/static/Resources/logo4.png HTTP/1.1" 200 6582
186.103.158.250 - - [16/Mar/2016:12:29:27 -0300] "GET /cormun/static/Resources/PXToolsHeaderPreferences.png HTTP/1.1" 200 4189
186.103.158.250 - - [16/Mar/2016:12:29:27 -0300] "GET /cormun/static/Resources/PXToolsHeaderSecurity.png HTTP/1.1" 200 4166
186.103.158.250 - - [16/Mar/2016:12:29:27 -0300] "GET /cormun/static/Resources/PXToolsHeaderActionsRight.png HTTP/1.1" 200 1201
186.103.158.250 - - [16/Mar/2016:12:29:27 -0300] "GET /cormun/static/RunJS/RunJS.js HTTP/1.1" 200 288
186.103.158.250 - - [16/Mar/2016:12:29:27 -0300] "GET /cormun/static/Shared/ext/locale/ext-lang-en.js HTTP/1.1" 200 10940
186.103.158.250 - - [16/Mar/2016:12:29:27 -0300] "GET /cormun/static/gxui/gxui-all.js HTTP/1.1" 200 107772
186.103.158.250 - - [16/Mar/2016:12:29:28 -0300] "GET /cormun/static/Resources/PXToolsHeaderHome.png HTTP/1.1" 200 4147
186.103.158.250 - - [16/Mar/2016:12:29:28 -0300] "GET /cormun/static/Resources/PXToolsHeaderActionsLeft.png HTTP/1.1" 200 1118
186.103.158.250 - - [16/Mar/2016:12:29:28 -0300] "GET /cormun/static/hwchdr01.js?20162241650484 HTTP/1.1" 200 1183
186.103.158.250 - - [16/Mar/2016:12:29:28 -0300] "GET /cormun/static/hpexe_recentlink.js?2015111312121342 HTTP/1.1" 200 2144
186.103.158.250 - - [16/Mar/2016:12:29:28 -0300] "GET /cormun/static/Resources/PXToolsHeaderLogin.png HTTP/1.1" 200 4279
186.103.158.250 - - [16/Mar/2016:12:29:28 -0300] "GET /cormun/static/hpexe_scripts.js?20151120014546 HTTP/1.1" 200 1544
186.103.158.250 - - [16/Mar/2016:12:29:28 -0300] "GET /cormun/static/hpexe_messagecontroller.js?2015112210524422 HTTP/1.1" 200 870
186.103.158.250 - - [16/Mar/2016:12:29:28 -0300] "GET /cormun/static/hpexe_messagepopupcomponent.js?20163219454551 HTTP/1.1" 200 605
186.103.158.250 - - [16/Mar/2016:12:29:28 -0300] "GET /cormun/static/hhome.js?2015112210564255 HTTP/1.1" 200 777
186.103.158.250 - - [16/Mar/2016:12:29:28 -0300] "GET /cormun/static/cmcontrolpreferences.js?20151120014525 HTTP/1.1" 200 1375
186.103.158.250 - - [16/Mar/2016:12:29:28 -0300] "GET /cormun/static/hpexe_messagegenexuscomponent.js?20151120014314 HTTP/1.1" 200 587
186.103.158.250 - - [16/Mar/2016:12:29:28 -0300] "GET /cormun/static/SmoothNavMenu/resources/ddsmoothmenu.js HTTP/1.1" 200 12712
186.103.158.250 - - [16/Mar/2016:12:29:28 -0300] "GET /cormun/static/Shared/jquery/jquery-1.4.2.min.js HTTP/1.1" 200 72174
186.103.158.250 - - [16/Mar/2016:12:29:28 -0300] "GET /cormun/static/Shared/jquery/jquery-1.10.2.min.js HTTP/1.1" 200 273199
186.103.158.250 - - [16/Mar/2016:12:29:29 -0300] "GET /cormun/static/SmoothNavMenu/resources/SmoothNavMenuRender.js HTTP/1.1" 200 5951
186.103.158.250 - - [16/Mar/2016:12:29:29 -0300] "GET /cormun/static/scaMessage/js/jquery.pnotify.min.js HTTP/1.1" 200 13038
186.103.158.250 - - [16/Mar/2016:12:29:29 -0300] "GET /cormun/static/scaMessage/scaMessageRender.js HTTP/1.1" 200 11977
186.103.158.250 - - [16/Mar/2016:12:29:29 -0300] "GET /cormun/static/hmpwkw03.js?2016311993330 HTTP/1.1" 200 3898
186.103.158.250 - - [16/Mar/2016:12:29:29 -0300] "GET /cormun/static/Resources/PXToolsHeaderActionsBackground.png HTTP/1.1" 200 484
186.103.158.250 - - [16/Mar/2016:12:29:29 -0300] "GET /cormun/static/Resources/PXToolsHeaderBackground2.png HTTP/1.1" 200 1174
186.103.158.250 - - [16/Mar/2016:12:29:29 -0300] "GET /cormun/static/Resources/PXToolsDataTitle.png HTTP/1.1" 200 1173
186.103.158.250 - - [16/Mar/2016:12:29:29 -0300] "GET /cormun/static/Resources/PXToolsFooterBackground2.png HTTP/1.1" 200 1172
186.103.158.250 - - [16/Mar/2016:12:29:30 -0300] "GET /cormun/static/Shared/jqueryui/jquery-ui.min.js HTTP/1.1" 200 240427
186.103.158.250 - - [16/Mar/2016:12:29:31 -0300] "GET /cormun/static/Shared/ext/ext-all.js HTTP/1.1" 200 1289687
186.103.158.250 - - [16/Mar/2016:12:29:33 -0300] "GET /cormun/static/SmoothNavMenu/resources/images/down.gif HTTP/1.1" 200 854
186.103.158.250 - - [16/Mar/2016:12:29:39 -0300] "GET /cormun/servlet/trsolicitudot? HTTP/1.1" 200 6167
186.103.158.250 - - [16/Mar/2016:12:29:39 -0300] "GET /cormun/static/gxui/gxui-all.css?120300 HTTP/1.1" 200 2179
186.103.158.250 - - [16/Mar/2016:12:29:39 -0300] "GET /cormun/static/gxcfg.js?201631185636 HTTP/1.1" 200 953
186.103.158.250 - - [16/Mar/2016:12:29:39 -0300] "GET /cormun/static/calendar.js?85251 HTTP/1.1" 200 26246
186.103.158.250 - - [16/Mar/2016:12:29:39 -0300] "GET /cormun/static/calendar-system.css?85620 HTTP/1.1" 200 5572
186.103.158.250 - - [16/Mar/2016:12:29:39 -0300] "GET /cormun/static/calendar-setup.js?85251 HTTP/1.1" 200 2588
186.103.158.250 - - [16/Mar/2016:12:29:39 -0300] "GET /cormun/static/calendar-es.js?85251 HTTP/1.1" 200 1901
186.103.158.250 - - [16/Mar/2016:12:29:39 -0300] "GET /cormun/static/Resources/PXTools/calendar.png HTTP/1.1" 200 1306
186.103.158.250 - - [16/Mar/2016:12:29:39 -0300] "GET /cormun/static/Resources/PXToolsDataSearch.png HTTP/1.1" 200 419
186.103.158.250 - - [16/Mar/2016:12:29:39 -0300] "GET /cormun/static/Resources/PXToolsGridFirst.gif HTTP/1.1" 200 379
186.103.158.250 - - [16/Mar/2016:12:29:39 -0300] "GET /cormun/static/Resources/PXToolsGridPrevious.gif HTTP/1.1" 200 369
186.103.158.250 - - [16/Mar/2016:12:29:39 -0300] "GET /cormun/static/Resources/PXToolsGridNext.gif HTTP/1.1" 200 369
186.103.158.250 - - [16/Mar/2016:12:29:39 -0300] "GET /cormun/static/Resources/Spanish/PXTools.css?18502099 HTTP/1.1" 200 89042
186.103.158.250 - - [16/Mar/2016:12:29:39 -0300] "GET /cormun/static/Resources/PXToolsGridLast.gif HTTP/1.1" 200 370
186.103.158.250 - - [16/Mar/2016:12:29:39 -0300] "GET /cormun/static/Resources/PXToolsActionExcel.png HTTP/1.1" 200 3187
186.103.158.250 - - [16/Mar/2016:12:29:39 -0300] "GET /cormun/static/Resources/PXToolsGridNew.png HTTP/1.1" 200 2949
186.103.158.250 - - [16/Mar/2016:12:29:39 -0300] "GET /cormun/static/gxdec.js?85251 HTTP/1.1" 200 19579
186.103.158.250 - - [16/Mar/2016:12:29:39 -0300] "GET /cormun/static/trsolicitudot.js?2016311856838 HTTP/1.1" 200 45326
186.103.158.250 - - [16/Mar/2016:12:29:41 -0300] "GET /cormun/static/Shared/ext/resources/css/ext-all.css?215870 HTTP/1.1" 200 416045
186.103.158.250 - - [16/Mar/2016:12:29:43 -0300] "GET /cormun/static/Resources/asc.gif HTTP/1.1" 200 67
186.103.158.250 - - [16/Mar/2016:12:29:43 -0300] "GET /cormun/static/Resources/desc.gif HTTP/1.1" 200 65
186.103.158.250 - - [16/Mar/2016:12:29:43 -0300] "GET /cormun/static/Shared/ext/resources/themes/images/default/panel/bg-headersPanel.png HTTP/1.1" 200 255
186.103.158.250 - - [16/Mar/2016:12:29:43 -0300] "GET /cormun/static/Shared/ext/resources/themes/images/default/tools/tool-sprites.gif HTTP/1.1" 200 5434
186.103.158.250 - - [16/Mar/2016:12:30:08 -0300] "POST /cormun/servlet/trsolicitudot?92df9df36b46705b016a033dfea24681,,gx-no-cache=1458145749368 HTTP/1.1" 200 3477
186.103.158.250 - - [16/Mar/2016:12:30:16 -0300] "GET /cormun/servlet/solicitudot?INS,0,0, HTTP/1.1" 200 11421
186.103.158.250 - - [16/Mar/2016:12:30:17 -0300] "GET /cormun/static/gxcfg.js?20163219435133 HTTP/1.1" 200 953
186.103.158.250 - - [16/Mar/2016:12:30:17 -0300] "GET /cormun/static/Resources/prompt.gif HTTP/1.1" 200 902
186.103.158.250 - - [16/Mar/2016:12:30:17 -0300] "GET /cormun/static/solicitudot.js?20163219435183 HTTP/1.1" 200 44151
186.103.158.250 - - [16/Mar/2016:12:30:17 -0300] "GET /cormun/static/Resources/Spanish/PXTools.css?1944839 HTTP/1.1" 200 89042
186.103.158.250 - - [16/Mar/2016:12:30:38 -0300] "POST /cormun/servlet/solicitudot?gx-no-cache=1458145779696 HTTP/1.1" 200 2756
186.103.158.250 - - [16/Mar/2016:12:30:38 -0300] "POST /cormun/servlet/solicitudot?92df9df36b46705b016a033dfea24681,INS,0,0,,gx-no-cache=1458145780061 HTTP/1.1" 200 8373
186.78.51.154 - - [16/Mar/2016:12:30:47 -0300] "GET /cormun/servlet/hlogin HTTP/1.1" 200 1716
186.78.51.154 - - [16/Mar/2016:12:31:04 -0300] "POST /cormun/servlet/hlogin?a8d36153533a7c2ef4150865b056782f,gx-no-cache=1458145945590 HTTP/1.1" 200 90
186.78.51.154 - - [16/Mar/2016:12:31:04 -0300] "GET /cormun/servlet/hpexe_link HTTP/1.1" 200 950
186.78.51.154 - - [16/Mar/2016:12:31:04 -0300] "GET /cormun/servlet/hhome HTTP/1.1" 200 3451
186.78.51.154 - - [16/Mar/2016:12:31:04 -0300] "GET /cormun/servlet/hhome HTTP/1.1" 200 3448
186.78.51.154 - - [16/Mar/2016:12:31:08 -0300] "GET /cormun/servlet/trsolicitudot? HTTP/1.1" 200 6218
186.78.51.154 - - [16/Mar/2016:12:31:08 -0300] "GET /cormun/servlet/trsolicitudot? HTTP/1.1" 200 6217
186.78.51.154 - - [16/Mar/2016:12:31:11 -0300] "GET /cormun/static/menuarrow.gif HTTP/1.1" 404 1015
186.78.51.154 - - [16/Mar/2016:12:31:18 -0300] "POST /cormun/servlet/trsolicitudot?a8d36153533a7c2ef4150865b056782f,,gx-no-cache=1458145960189 HTTP/1.1" 200 5627
186.78.51.154 - - [16/Mar/2016:12:31:19 -0300] "POST /cormun/servlet/trsolicitudot?a8d36153533a7c2ef4150865b056782f,,gx-no-cache=1458145960690 HTTP/1.1" 200 5628
186.78.51.154 - - [16/Mar/2016:12:31:19 -0300] "POST /cormun/servlet/trsolicitudot?a8d36153533a7c2ef4150865b056782f,,gx-no-cache=1458145961207 HTTP/1.1" 200 5627
186.78.51.154 - - [16/Mar/2016:12:31:20 -0300] "POST /cormun/servlet/trsolicitudot?a8d36153533a7c2ef4150865b056782f,,gx-no-cache=1458145961637 HTTP/1.1" 200 5628
186.78.51.154 - - [16/Mar/2016:12:31:20 -0300] "POST /cormun/servlet/trsolicitudot?a8d36153533a7c2ef4150865b056782f,,gx-no-cache=1458145962062 HTTP/1.1" 200 5628
186.78.51.154 - - [16/Mar/2016:12:31:21 -0300] "POST /cormun/servlet/trsolicitudot?a8d36153533a7c2ef4150865b056782f,,gx-no-cache=1458145962498 HTTP/1.1" 200 5627
186.78.51.154 - - [16/Mar/2016:12:31:21 -0300] "POST /cormun/servlet/trsolicitudot?a8d36153533a7c2ef4150865b056782f,,gx-no-cache=1458145962929 HTTP/1.1" 200 5628
186.78.51.154 - - [16/Mar/2016:12:31:22 -0300] "POST /cormun/servlet/trsolicitudot?a8d36153533a7c2ef4150865b056782f,,gx-no-cache=1458145963356 HTTP/1.1" 200 5627
186.78.51.154 - - [16/Mar/2016:12:31:25 -0300] "POST /cormun/servlet/trsolicitudot?a8d36153533a7c2ef4150865b056782f,,gx-no-cache=1458145967310 HTTP/1.1" 200 106
186.78.51.154 - - [16/Mar/2016:12:31:26 -0300] "GET /cormun/servlet/trsolicitudadjuntos?2016,501, HTTP/1.1" 200 7725
186.78.51.154 - - [16/Mar/2016:12:31:26 -0300] "GET /cormun/servlet/trsolicitudadjuntos?2016,501, HTTP/1.1" 200 7729
186.78.51.154 - - [16/Mar/2016:12:31:31 -0300] "GET /cormun/servlet/solicitudotadjuntos?INS,2016,501,,1, HTTP/1.1" 200 5482
186.78.51.154 - - [16/Mar/2016:12:31:31 -0300] "GET /cormun/static/about:blank HTTP/1.1" 404 1011
186.78.51.154 - - [16/Mar/2016:12:31:31 -0300] "GET /cormun/servlet/solicitudotadjuntos?INS,2016,501,,1, HTTP/1.1" 200 5476
186.78.51.154 - - [16/Mar/2016:12:31:32 -0300] "GET /cormun/servlet/solicitudotadjuntos?48fb47988401e84ea905a0439fb396c0ac874b977dd6390a87a0f36866b99d39197b70396115cdbd3975de4e7c4adcd6,gx-no-cache=1458145973914 HTTP/1.1" 200 30
186.78.51.154 - - [16/Mar/2016:12:31:32 -0300] "POST /cormun/servlet/solicitudotadjuntos?a8d36153533a7c2ef4150865b056782f,INS,2016,501,,1,,gx-no-cache=1458145974000 HTTP/1.1" 200 3361
186.78.51.154 - - [16/Mar/2016:12:31:38 -0300] "POST /cormun/servlet/solicitudotadjuntos?a8d36153533a7c2ef4150865b056782f,INS,2016,501,,1,,gx-no-cache=1458145979691 HTTP/1.1" 200 93
186.78.51.154 - - [16/Mar/2016:12:31:38 -0300] "GET /cormun/servlet/hpexe_return? HTTP/1.1" 200 1024
186.78.51.154 - - [16/Mar/2016:12:31:38 -0300] "GET /cormun/servlet/trsolicitudadjuntos?2016,501, HTTP/1.1" 200 7731
186.78.51.154 - - [16/Mar/2016:12:31:39 -0300] "GET /cormun/servlet/trsolicitudadjuntos?2016,501, HTTP/1.1" 200 7729
186.78.51.154 - - [16/Mar/2016:12:31:45 -0300] "GET /cormun/servlet/solicitudotadjuntos?INS,2016,501,,2, HTTP/1.1" 200 5481
186.78.51.154 - - [16/Mar/2016:12:31:46 -0300] "GET /cormun/static/about:blank HTTP/1.1" 404 1011
186.78.51.154 - - [16/Mar/2016:12:31:46 -0300] "GET /cormun/servlet/solicitudotadjuntos?INS,2016,501,,2, HTTP/1.1" 200 5475
186.78.51.154 - - [16/Mar/2016:12:31:46 -0300] "GET /cormun/servlet/solicitudotadjuntos?48fb47988401e84ea905a0439fb396c0ac874b977dd6390a87a0f36866b99d39197b70396115cdbd3975de4e7c4adcd6,gx-no-cache=1458145988136 HTTP/1.1" 200 30
186.78.51.154 - - [16/Mar/2016:12:31:46 -0300] "POST /cormun/servlet/solicitudotadjuntos?a8d36153533a7c2ef4150865b056782f,INS,2016,501,,2,,gx-no-cache=1458145988237 HTTP/1.1" 200 3508
115.231.222.40 - - [16/Mar/2016:12:31:49 -0300] "GET /cgi-bin/common/attr?id=260714&r=0.0340588607170641 HTTP/1.1" 404 999
115.231.222.40 - - [16/Mar/2016:12:31:51 -0300] "GET /cgi-bin/common/attr?id=260714&r=0.6343603567153050 HTTP/1.1" 404 999
186.78.51.154 - - [16/Mar/2016:12:32:24 -0300] "POST /cormun/servlet/solicitudotadjuntos?gx-no-cache=1458146026253 HTTP/1.1" 200 26
186.78.51.154 - - [16/Mar/2016:12:32:24 -0300] "GET /cormun/servlet/solicitudotadjuntos?48fb47988401e84ea905a0439fb396c075947ccb2ab6e394fe303951b3da1340,gx-no-cache=1458146026376 HTTP/1.1" 200 30
186.78.51.154 - - [16/Mar/2016:12:32:24 -0300] "GET /cormun/servlet/solicitudotadjuntos?48fb47988401e84ea905a0439fb396c075947ccb2ab6e394fe303951b3da1340,gx-no-cache=1458146026440 HTTP/1.1" 200 30
186.78.51.154 - - [16/Mar/2016:12:32:25 -0300] "POST /cormun/servlet/solicitudotadjuntos?a8d36153533a7c2ef4150865b056782f,INS,2016,501,,2,,gx-no-cache=1458146026508 HTTP/1.1" 200 93
186.78.51.154 - - [16/Mar/2016:12:32:25 -0300] "GET /cormun/servlet/hpexe_return? HTTP/1.1" 200 1024
186.78.51.154 - - [16/Mar/2016:12:32:25 -0300] "GET /cormun/servlet/trsolicitudadjuntos?2016,501, HTTP/1.1" 200 7900
186.78.51.154 - - [16/Mar/2016:12:32:25 -0300] "GET /cormun/servlet/trsolicitudadjuntos?2016,501, HTTP/1.1" 200 7899
191.112.95.7 - - [16/Mar/2016:12:32:30 -0300] "GET /cormun/servlet/hlogin HTTP/1.1" 200 1726
191.112.95.7 - - [16/Mar/2016:12:32:34 -0300] "GET /cormun/static/gxtimezone.js?85251 HTTP/1.1" 200 5781
191.112.95.7 - - [16/Mar/2016:12:32:34 -0300] "GET /cormun/static/gxcfg.js?20151120045111 HTTP/1.1" 200 953
191.112.95.7 - - [16/Mar/2016:12:32:34 -0300] "GET /cormun/static/hlogin.js?20151120045126 HTTP/1.1" 200 2136
191.112.95.7 - - [16/Mar/2016:12:32:34 -0300] "GET /cormun/static/messages.spa.js?85251 HTTP/1.1" 200 30736
191.112.95.7 - - [16/Mar/2016:12:32:34 -0300] "GET /cormun/static/Resources/ComunLogin.png HTTP/1.1" 200 17326
191.112.95.7 - - [16/Mar/2016:12:32:34 -0300] "GET /cormun/static/Resources/Spanish/PXTools.css?005343 HTTP/1.1" 200 89042
191.112.95.7 - - [16/Mar/2016:12:32:35 -0300] "GET /cormun/static/gxgral.js?85251 HTTP/1.1" 200 384558
186.78.51.154 - - [16/Mar/2016:12:32:38 -0300] "GET /cormun/servlet/solicitudotadjuntos?INS,2016,501,,2, HTTP/1.1" 200 5479
186.78.51.154 - - [16/Mar/2016:12:32:39 -0300] "GET /cormun/static/about:blank HTTP/1.1" 404 1011
186.78.51.154 - - [16/Mar/2016:12:32:39 -0300] "GET /cormun/servlet/solicitudotadjuntos?INS,2016,501,,2, HTTP/1.1" 200 5473
186.78.51.154 - - [16/Mar/2016:12:32:39 -0300] "GET /cormun/servlet/solicitudotadjuntos?48fb47988401e84ea905a0439fb396c0ac874b977dd6390a87a0f36866b99d39197b70396115cdbd3975de4e7c4adcd6,gx-no-cache=1458146041127 HTTP/1.1" 200 30
186.78.51.154 - - [16/Mar/2016:12:32:39 -0300] "POST /cormun/servlet/solicitudotadjuntos?a8d36153533a7c2ef4150865b056782f,INS,2016,501,,2,,gx-no-cache=1458146041208 HTTP/1.1" 200 3507
191.112.95.7 - - [16/Mar/2016:12:32:46 -0300] "GET /cormun/static/Resources/PXToolsLoginTop.png HTTP/1.1" 200 1337
191.112.95.7 - - [16/Mar/2016:12:32:46 -0300] "GET /cormun/static/Resources/PXToolsLoginBackground.png HTTP/1.1" 200 1164
186.78.51.154 - - [16/Mar/2016:12:32:48 -0300] "POST /cormun/servlet/solicitudotadjuntos?gx-no-cache=1458146050422 HTTP/1.1" 200 26
191.112.95.7 - - [16/Mar/2016:12:32:49 -0300] "GET /cormun/static/Resources/PXToolsButtonLeft21.png HTTP/1.1" 200 1287
191.112.95.7 - - [16/Mar/2016:12:32:49 -0300] "GET /cormun/static/Resources/PXToolsButtonRight21.png HTTP/1.1" 200 1283
191.112.95.7 - - [16/Mar/2016:12:32:49 -0300] "GET /cormun/static/Resources/PXToolsButtonBackground2.png HTTP/1.1" 200 1181
191.112.95.7 - - [16/Mar/2016:12:32:49 -0300] "GET /cormun/static/Resources/PXToolsLoginBottom.png HTTP/1.1" 200 1389
191.112.95.7 - - [16/Mar/2016:12:32:49 -0300] "GET /cormun/static/Resources/indicator.gif HTTP/1.1" 200 1553
186.78.51.154 - - [16/Mar/2016:12:35:29 -0300] "GET /cormun/servlet/solicitudotadjuntos?48fb47988401e84ea905a0439fb396c075947ccb2ab6e394fe303951b3da1340,gx-no-cache=1458146211402 HTTP/1.1" 200 30
186.78.51.154 - - [16/Mar/2016:12:35:30 -0300] "GET /cormun/servlet/solicitudotadjuntos?48fb47988401e84ea905a0439fb396c075947ccb2ab6e394fe303951b3da1340,gx-no-cache=1458146211572 HTTP/1.1" 200 30
