186.78.35.140 - - [16/Mar/2016:12:12:25 -0300] "POST /cormun/servlet/solicitudot?953d43f81e648d11b2dd7b9cd42dda9f,INS,0,0,,gx-no-cache=1458141172968 HTTP/1.1" 200 9495
186.103.196.84 - - [16/Mar/2016:12:12:26 -0300] "GET /cormun/servlet/solicitudot?INS,0,0, HTTP/1.1" 200 11454
192.168.10.99 - - [16/Mar/2016:12:12:28 -0300] "POST /cormun/servlet/trsolicitudgral?ab6cee6ac13d1323e5769ee4ec08ee2e,gx-no-cache=1458140895749 HTTP/1.1" 200 4201
192.168.10.99 - - [16/Mar/2016:12:12:28 -0300] "GET /cormun/servlet/trsolicitudgral?5c0a520b6984a783767c955c3b031a2e13d9c2249daeeb80354fa0c7f24e7558b0268aea0efc6914b84134a081f85ea63985d8a2a7d6ab587d6af0b6590c47a3a4b1f40209691b997b90373ebc367e745cbc9e33f70eb2d54210a5e2566e9523,gx-no-cache=1458140896161 HTTP/1.1" 200 636
192.168.10.99 - - [16/Mar/2016:12:12:44 -0300] "POST /cormun/servlet/trsolicitudgral?ab6cee6ac13d1323e5769ee4ec08ee2e,gx-no-cache=1458140911940 HTTP/1.1" 200 4209
192.168.10.99 - - [16/Mar/2016:12:12:44 -0300] "POST /cormun/servlet/trsolicitudgral?ab6cee6ac13d1323e5769ee4ec08ee2e,gx-no-cache=1458140912103 HTTP/1.1" 200 4209
192.168.10.99 - - [16/Mar/2016:12:12:44 -0300] "POST /cormun/servlet/trsolicitudgral?ab6cee6ac13d1323e5769ee4ec08ee2e,gx-no-cache=1458140912255 HTTP/1.1" 200 4209
192.168.10.99 - - [16/Mar/2016:12:12:44 -0300] "POST /cormun/servlet/trsolicitudgral?ab6cee6ac13d1323e5769ee4ec08ee2e,gx-no-cache=1458140912407 HTTP/1.1" 200 4208
192.168.10.99 - - [16/Mar/2016:12:12:48 -0300] "POST /cormun/servlet/trsolicitudgral?ab6cee6ac13d1323e5769ee4ec08ee2e,gx-no-cache=1458140915815 HTTP/1.1" 200 5400
192.168.10.99 - - [16/Mar/2016:12:12:48 -0300] "GET /cormun/servlet/trsolicitudgral?5c0a520b6984a783767c955c3b031a2e0aa853df0852e83ff8b27317da823fcdc5c5e892d3817f1487553ec31c2b4e893a955b3e29392df6a54c5e3ea5b171131514aac12d9f49fe2b189418b6fc9686,gx-no-cache=1458140916219 HTTP/1.1" 200 1833
186.103.196.84 - - [16/Mar/2016:12:12:53 -0300] "POST /cormun/servlet/solicitudot?a0ddc3a2275f8af81f0a009925fbd559,INS,0,0,,gx-no-cache=1458141197273 HTTP/1.1" 200 90
186.103.196.84 - - [16/Mar/2016:12:12:55 -0300] "GET /cormun/servlet/hpexe_link HTTP/1.1" 200 959
192.168.10.99 - - [16/Mar/2016:12:12:56 -0300] "POST /cormun/servlet/trsolicitudgral?ab6cee6ac13d1323e5769ee4ec08ee2e,gx-no-cache=1458140923695 HTTP/1.1" 200 5376
186.78.35.140 - - [16/Mar/2016:12:12:56 -0300] "POST /cormun/servlet/solicitudot?953d43f81e648d11b2dd7b9cd42dda9f,INS,0,0,,gx-no-cache=1458141203433 HTTP/1.1" 200 9555
186.103.196.84 - - [16/Mar/2016:12:12:56 -0300] "GET /cormun/servlet/trsolicitudot? HTTP/1.1" 200 6203
192.168.10.99 - - [16/Mar/2016:12:12:56 -0300] "GET /cormun/servlet/trsolicitudgral?5c0a520b6984a783767c955c3b031a2e44f3ea2cc8f5af31b1134fe216bf53fb15b20048d46bf877703fc006617a75cd0d97be7d7c338034614c91b1387fbec10f0b94c6d3beda732db9dfea481e58a182faa9e4884afc7ecc907131e10f6648,gx-no-cache=1458140924111 HTTP/1.1" 200 1814
186.103.196.84 - - [16/Mar/2016:12:12:58 -0300] "GET /cormun/servlet/trsolicitudot? HTTP/1.1" 200 6201
192.168.10.99 - - [16/Mar/2016:12:13:00 -0300] "POST /cormun/servlet/trsolicitudgral?ab6cee6ac13d1323e5769ee4ec08ee2e,gx-no-cache=1458140927823 HTTP/1.1" 200 4208
192.168.10.99 - - [16/Mar/2016:12:13:00 -0300] "GET /cormun/servlet/trsolicitudgral?5c0a520b6984a783767c955c3b031a2e13d9c2249daeeb80354fa0c7f24e755815b20048d46bf877703fc006617a75cdc3647610c1788a09095d1631c7f8a6822a19003777293e02b9c7ef52dfef5afd82faa9e4884afc7ecc907131e10f6648,gx-no-cache=1458140928238 HTTP/1.1" 200 640
192.168.10.89 - - [16/Mar/2016:12:13:02 -0300] "GET /cormun/servlet/hlogin HTTP/1.1" 200 1736
192.168.10.99 - - [16/Mar/2016:12:13:05 -0300] "POST /cormun/servlet/trsolicitudgral?ab6cee6ac13d1323e5769ee4ec08ee2e,gx-no-cache=1458140932655 HTTP/1.1" 200 7274
186.103.196.84 - - [16/Mar/2016:12:13:05 -0300] "GET /cormun/servlet/trautorizarsolicitud? HTTP/1.1" 200 6140
192.168.10.99 - - [16/Mar/2016:12:13:05 -0300] "GET /cormun/servlet/trsolicitudgral?5c0a520b6984a783767c955c3b031a2e47cb0b64c811af79833f2d58b11e3eb2c5c5e892d3817f1487553ec31c2b4e89c3647610c1788a09095d1631c7f8a6822a19003777293e02b9c7ef52dfef5afd82faa9e4884afc7ecc907131e10f6648,gx-no-cache=1458140933066 HTTP/1.1" 200 4122
186.103.196.84 - - [16/Mar/2016:12:13:06 -0300] "GET /cormun/servlet/trautorizarsolicitud? HTTP/1.1" 200 6140
186.103.196.84 - - [16/Mar/2016:12:13:11 -0300] "POST /cormun/servlet/trautorizarsolicitud?a0ddc3a2275f8af81f0a009925fbd559,,gx-no-cache=1458141216505 HTTP/1.1" 200 3475
192.168.10.89 - - [16/Mar/2016:12:13:12 -0300] "POST /cormun/servlet/hlogin?bf217e830d830e887dfdfe7ff28b4e54,gx-no-cache=1458140940019 HTTP/1.1" 200 451
192.168.10.89 - - [16/Mar/2016:12:13:17 -0300] "POST /cormun/servlet/hlogin?bf217e830d830e887dfdfe7ff28b4e54,gx-no-cache=1458140944523 HTTP/1.1" 200 90
192.168.10.89 - - [16/Mar/2016:12:13:17 -0300] "GET /cormun/servlet/hpexe_link HTTP/1.1" 200 948
192.168.10.89 - - [16/Mar/2016:12:13:18 -0300] "GET /cormun/servlet/hhome HTTP/1.1" 200 3484
192.168.10.99 - - [16/Mar/2016:12:13:19 -0300] "POST /cormun/servlet/trsolicitudgral?ab6cee6ac13d1323e5769ee4ec08ee2e,gx-no-cache=1458140946724 HTTP/1.1" 200 6560
192.168.10.99 - - [16/Mar/2016:12:13:19 -0300] "GET /cormun/servlet/trsolicitudgral?5c0a520b6984a783767c955c3b031a2eff0124b35b302068d9402505f5aea39e31dab45cf47cdac6f03f0380f1f21cc5c3647610c1788a09095d1631c7f8a6823e66817dd63cb48916e7df9d5fc22f0482faa9e4884afc7ecc907131e10f6648,gx-no-cache=1458140947129 HTTP/1.1" 200 3249
186.103.196.84 - - [16/Mar/2016:12:13:27 -0300] "GET /cormun/servlet/trautorizarsolicitud?b765b41f42075d9ffa56b9f1d47527f4d14eb6aefd8aa72c2b6280789b53c87ed24d306dfa98255051fadee2f9a05ab6edcbca6565111a83eed06f57c00c22491dfe7d171a0799e493c08559b7dcdfda45b6133b6bfffbf5aaf2273bb356c42e,gx-no-cache=1458141232755 HTTP/1.1" 200 752
186.103.196.84 - - [16/Mar/2016:12:13:28 -0300] "POST /cormun/servlet/trautorizarsolicitud?a0ddc3a2275f8af81f0a009925fbd559,,gx-no-cache=1458141233702 HTTP/1.1" 200 3475
192.168.10.89 - - [16/Mar/2016:12:13:28 -0300] "GET /cormun/servlet/trsolicitudot? HTTP/1.1" 200 6250
186.103.196.84 - - [16/Mar/2016:12:13:28 -0300] "POST /cormun/servlet/trautorizarsolicitud?a0ddc3a2275f8af81f0a009925fbd559,,gx-no-cache=1458141234213 HTTP/1.1" 200 3475
186.103.196.84 - - [16/Mar/2016:12:13:31 -0300] "GET /cormun/servlet/trautorizarsolicitud?b765b41f42075d9ffa56b9f1d47527f4bdc7e0886e13da10f06d029e4a6f593164bc693b09f8ac1207593327fdc5eabceae6a6b4b91c8e35aeebbf5084d1fd89fa755f6214f34f80fa1e8f155cd0e04919b9d8d71cfdafc3061fe01ce91bcf88,gx-no-cache=1458141234872 HTTP/1.1" 200 752
192.168.10.89 - - [16/Mar/2016:12:13:31 -0300] "GET /cormun/static/menuarrow.gif HTTP/1.1" 404 1015
186.103.196.84 - - [16/Mar/2016:12:13:32 -0300] "GET /cormun/servlet/trautorizarsolicitud?b765b41f42075d9ffa56b9f1d47527f4e2a763033ad19602380dd47baac5819cdf10b6b2de033686cc3f09c4594a29fb7bff824b9fd34c671d392878a354c008cf46bd57c089e406b65e10a6d0d95ee8cd42ce0e04c9273aa9d02798012c3c9e,gx-no-cache=1458141237893 HTTP/1.1" 200 752
186.103.196.84 - - [16/Mar/2016:12:13:35 -0300] "POST /cormun/servlet/trautorizarsolicitud?a0ddc3a2275f8af81f0a009925fbd559,,gx-no-cache=1458141240167 HTTP/1.1" 200 3483
192.168.10.89 - - [16/Mar/2016:12:13:35 -0300] "POST /cormun/servlet/trsolicitudot?bf217e830d830e887dfdfe7ff28b4e54,,gx-no-cache=1458140962685 HTTP/1.1" 200 4932
192.168.10.89 - - [16/Mar/2016:12:13:35 -0300] "POST /cormun/servlet/trsolicitudot?bf217e830d830e887dfdfe7ff28b4e54,,gx-no-cache=1458140963000 HTTP/1.1" 200 4930
192.168.10.89 - - [16/Mar/2016:12:13:36 -0300] "POST /cormun/servlet/trsolicitudot?bf217e830d830e887dfdfe7ff28b4e54,,gx-no-cache=1458140963301 HTTP/1.1" 200 4930
192.168.10.89 - - [16/Mar/2016:12:13:36 -0300] "POST /cormun/servlet/trsolicitudot?bf217e830d830e887dfdfe7ff28b4e54,,gx-no-cache=1458140963655 HTTP/1.1" 200 4930
192.168.10.89 - - [16/Mar/2016:12:13:36 -0300] "POST /cormun/servlet/trsolicitudot?bf217e830d830e887dfdfe7ff28b4e54,,gx-no-cache=1458140964037 HTTP/1.1" 200 4931
192.168.10.89 - - [16/Mar/2016:12:13:37 -0300] "POST /cormun/servlet/trsolicitudot?bf217e830d830e887dfdfe7ff28b4e54,,gx-no-cache=1458140964466 HTTP/1.1" 200 4930
192.168.10.89 - - [16/Mar/2016:12:13:37 -0300] "POST /cormun/servlet/trsolicitudot?bf217e830d830e887dfdfe7ff28b4e54,,gx-no-cache=1458140964935 HTTP/1.1" 200 4932
186.103.196.84 - - [16/Mar/2016:12:13:38 -0300] "GET /cormun/servlet/trautorizarsolicitud?b765b41f42075d9ffa56b9f1d47527f4e2a763033ad19602380dd47baac5819cc977e17a7e1506d767d1e98fc97e608ef9eca0b7d8b67d1d72065fb92441df313130c236fe6f6bd6820b4b858dfc09a39b6c648c0a9349bee841d953139c50193a4cb0c70a4b12f43f8c2e9c2de46c63,gx-no-cache=1458141243956 HTTP/1.1" 200 756
192.168.10.89 - - [16/Mar/2016:12:13:40 -0300] "POST /cormun/servlet/trsolicitudot?bf217e830d830e887dfdfe7ff28b4e54,,gx-no-cache=1458140965458 HTTP/1.1" 200 4930
192.168.10.89 - - [16/Mar/2016:12:13:43 -0300] "GET /cormun/servlet/solicitudot?INS,0,0, HTTP/1.1" 200 11491
186.78.35.140 - - [16/Mar/2016:12:13:46 -0300] "POST /cormun/servlet/solicitudot?gx-no-cache=1458141254049 HTTP/1.1" 200 30
192.168.10.89 - - [16/Mar/2016:12:13:47 -0300] "GET /cormun/servlet/prfichaempleado?,MD,,gxPopupLevel%3D0%3B HTTP/1.1" 200 7939
186.103.196.84 - - [16/Mar/2016:12:13:48 -0300] "POST /cormun/servlet/trautorizarsolicitud?a0ddc3a2275f8af81f0a009925fbd559,,gx-no-cache=1458141253208 HTTP/1.1" 200 3493
186.103.196.84 - - [16/Mar/2016:12:13:49 -0300] "GET /cormun/servlet/trautorizarsolicitud?b765b41f42075d9ffa56b9f1d47527f4e2a763033ad19602380dd47baac5819c8fbbd0f85af71e9ee5468bae60834303f9eca0b7d8b67d1d72065fb92441df313130c236fe6f6bd6820b4b858dfc09a39b6c648c0a9349bee841d953139c50193a4cb0c70a4b12f43f8c2e9c2de46c63,gx-no-cache=1458141253616 HTTP/1.1" 200 763
192.168.10.89 - - [16/Mar/2016:12:13:52 -0300] "GET /cormun/servlet/prfichaempleado?efdd4650d4c7e25a2fe2bc57b225e51b3c4a14a394f92f875a0dc8f09c0a9ca77a93425b4bc883b1042417e86eabad243cae8a25c176586132aa6056b331c0f735a07b483e23f635623b08982e2104e1,gx-no-cache=1458140979450 HTTP/1.1" 200 464
192.168.10.89 - - [16/Mar/2016:12:13:53 -0300] "GET /cormun/servlet/prfichaempleado?efdd4650d4c7e25a2fe2bc57b225e51b3c4a14a394f92f875a0dc8f09c0a9ca77cab5ee8d3617cbaea489698b6dadf8ccd4cc8ab9e61310eb1643476cea3248d98170770d6cc9b39fa10187f412a0b9c,gx-no-cache=1458140980924 HTTP/1.1" 200 470
192.168.10.89 - - [16/Mar/2016:12:13:54 -0300] "POST /cormun/servlet/prfichaempleado?bf217e830d830e887dfdfe7ff28b4e54,,MD,,gxPopupLevel%3D0%3B,gx-no-cache=1458140981801 HTTP/1.1" 200 2912
186.78.35.140 - - [16/Mar/2016:12:13:57 -0300] "POST /cormun/servlet/solicitudot?gx-no-cache=1458141265096 HTTP/1.1" 200 122
192.168.10.89 - - [16/Mar/2016:12:13:58 -0300] "POST /cormun/servlet/solicitudot?gx-no-cache=1458140986139 HTTP/1.1" 200 2779
192.168.10.89 - - [16/Mar/2016:12:13:59 -0300] "POST /cormun/servlet/solicitudot?bf217e830d830e887dfdfe7ff28b4e54,INS,0,0,,gx-no-cache=1458140986332 HTTP/1.1" 200 8426
192.168.10.89 - - [16/Mar/2016:12:14:01 -0300] "GET /cormun/servlet/solicitudot?d63933a61b0e769459f2be56d7fb40a50bbe8e54884ab5925a3ccaf1121e92418516d3e61dca703b51a81818aceb69a4,gx-no-cache=1458140989166 HTTP/1.1" 200 30
192.168.10.89 - - [16/Mar/2016:12:14:01 -0300] "POST /cormun/servlet/solicitudot?gx-no-cache=1458140989209 HTTP/1.1" 200 30
192.168.10.89 - - [16/Mar/2016:12:14:04 -0300] "POST /cormun/servlet/solicitudot?gx-no-cache=1458140991460 HTTP/1.1" 200 30
192.168.10.89 - - [16/Mar/2016:12:14:05 -0300] "GET /cormun/servlet/prcontratosol?11757168,,,,,MD,,gxPopupLevel%3D0%3B HTTP/1.1" 200 5722
186.103.196.84 - - [16/Mar/2016:12:14:06 -0300] "GET /cormun/servlet/trautorizarsolicitud?b765b41f42075d9ffa56b9f1d47527f4d14eb6aefd8aa72c2b6280789b53c87e4723cab7bfc70e912dfe9f56013f15f32fd2fb0c5b03d7bee4e7b74d70159dd1ee9660d8131be0ad9327aa029f8ed0ad2c053c86e8ebd4721d079a9cf3a7d122d5441da1ad9ba0ad2a5a2cadec1ae648,gx-no-cache=1458141271974 HTTP/1.1" 200 763
186.103.196.84 - - [16/Mar/2016:12:14:07 -0300] "POST /cormun/servlet/trautorizarsolicitud?a0ddc3a2275f8af81f0a009925fbd559,,gx-no-cache=1458141272249 HTTP/1.1" 200 3502
192.168.10.89 - - [16/Mar/2016:12:14:08 -0300] "POST /cormun/servlet/solicitudot?gx-no-cache=1458140995505 HTTP/1.1" 200 1171
192.168.10.89 - - [16/Mar/2016:12:14:08 -0300] "GET /cormun/servlet/solicitudot?d63933a61b0e769459f2be56d7fb40a52ccb2ca34cfa7ad32bd93047c4557480892b326d5afb8e09e0b0d41708fd9bca6bf6fab6e68627e76d0db5be7f0d49e7ccf301c070818be47a9ab9652f27041b2d667bdd67e16d421d667939760fb4348707267c878627e1a4191aceb777416170e63539edca437063ffdd65a642534dfd0f7d6fb6a0295571bd38b840ba2f49,gx-no-cache=1458140995624 HTTP/1.1" 200 38
192.168.10.89 - - [16/Mar/2016:12:14:08 -0300] "GET /cormun/servlet/solicitudot?d63933a61b0e769459f2be56d7fb40a59828b89c11cf0909709f26999fe395dbc77c7c8a50e2a9b8e48882728dbee663bb705f94a0585783cad671d56066677ce73755b81727b02b03d8bf2784dabdb8b250cabeb7e46ab9b5cdb85b2f9ec6aa9f4df1e350811e346de8ce74e459897152db16aa13a5d1467b18058614596319af605598e4d7864ebdb9575722962a09915fa55220431262d8ef5440b534fa4a,gx-no-cache=1458140995650 HTTP/1.1" 200 29
192.168.10.89 - - [16/Mar/2016:12:14:08 -0300] "POST /cormun/servlet/solicitudot?gx-no-cache=1458140995670 HTTP/1.1" 200 1127
186.78.35.140 - - [16/Mar/2016:12:14:10 -0300] "POST /cormun/servlet/solicitudot?gx-no-cache=1458141278163 HTTP/1.1" 200 1169
186.103.196.84 - - [16/Mar/2016:12:14:15 -0300] "POST /cormun/servlet/trautorizarsolicitud?a0ddc3a2275f8af81f0a009925fbd559,,gx-no-cache=1458141281042 HTTP/1.1" 200 110
186.103.196.84 - - [16/Mar/2016:12:14:15 -0300] "GET /cormun/AutorizarSolicitud-3708.xls HTTP/1.1" 200 4608
192.168.10.89 - - [16/Mar/2016:12:14:16 -0300] "GET /cormun/servlet/solicitudot?d63933a61b0e769459f2be56d7fb40a59828b89c11cf0909709f26999fe395dbc77c7c8a50e2a9b8e48882728dbee663141c08c457c7d134f62ea18bb908c35ce73755b81727b02b03d8bf2784dabdb8b250cabeb7e46ab9b5cdb85b2f9ec6aa9f4df1e350811e346de8ce74e459897152db16aa13a5d1467b18058614596319af605598e4d7864ebdb9575722962a09915fa55220431262d8ef5440b534fa4a,gx-no-cache=1458141004030 HTTP/1.1" 200 29
186.103.196.84 - - [16/Mar/2016:12:14:18 -0300] "POST /cormun/servlet/trautorizarsolicitud?a0ddc3a2275f8af81f0a009925fbd559,,gx-no-cache=1458141283951 HTTP/1.1" 200 90
186.103.196.84 - - [16/Mar/2016:12:14:18 -0300] "GET /cormun/servlet/hpexe_link HTTP/1.1" 200 961
186.78.35.140 - - [16/Mar/2016:12:14:19 -0300] "POST /cormun/servlet/solicitudot?gx-no-cache=1458141286820 HTTP/1.1" 200 122
186.103.196.84 - - [16/Mar/2016:12:14:19 -0300] "GET /cormun/servlet/trsolicitudot HTTP/1.1" 200 6203
186.78.35.140 - - [16/Mar/2016:12:14:19 -0300] "POST /cormun/servlet/solicitudot?gx-no-cache=1458141286996 HTTP/1.1" 200 1169
186.78.35.140 - - [16/Mar/2016:12:14:19 -0300] "GET /cormun/servlet/solicitudot?c745fade424dcc4d0c57c4ba1291b91f1486c82f4f6a993d531ed3009c260315fe5a903c3531743145b97931f3f26cf016b8a90d46efaa675938218b95b158713beadd599d76473bc0c523aa9b9113405c0125402c336a35d6c7ded7a825d24713e88519da7282ab5d57ab73272c70a438929909f298f5b38d0276df2e0057e5b89f5f70bb798b377f78244ca568fbcf68246413cce1e96397a494fa1b0b0ce5,gx-no-cache=1458141287241 HTTP/1.1" 200 41
186.78.35.140 - - [16/Mar/2016:12:14:19 -0300] "POST /cormun/servlet/solicitudot?gx-no-cache=1458141287338 HTTP/1.1" 200 1127
186.78.35.140 - - [16/Mar/2016:12:14:19 -0300] "GET /cormun/servlet/solicitudot?c745fade424dcc4d0c57c4ba1291b91f82c1c2d3e194151885da598929b16a4158d6c0addc210d14df9cfd2d8eceb52e4d8d4a16fc270be1c32cc7b33d4a4094957e3be02e7d81976dc1440967c7b9b5521f5ed31254935ed65e61b3e953364ff00473a7b501573e448033007e1556ed8e7bf87c3908fc7bd62c2eab95281915959bfa54fcd88c9242da0b1337807c3748b740ccdbcbaac34f473ec96d3aa9794de10dedee6653b1c74bdb265e91f4fc7e27709c850bd9d2933fef1d90ecffb2,gx-no-cache=1458141287521 HTTP/1.1" 200 30
186.78.35.140 - - [16/Mar/2016:12:14:20 -0300] "POST /cormun/servlet/solicitudot?953d43f81e648d11b2dd7b9cd42dda9f,INS,0,0,,gx-no-cache=1458141287632 HTTP/1.1" 200 9597
186.103.196.84 - - [16/Mar/2016:12:14:20 -0300] "GET /cormun/servlet/trsolicitudot HTTP/1.1" 200 6201
192.168.10.89 - - [16/Mar/2016:12:14:23 -0300] "GET /cormun/servlet/solicitudot?d63933a61b0e769459f2be56d7fb40a5c86351e4fd132257889ada9abca934a70d23ed0f04d42c68b88d33143a2df8fd1fd4bf1a6360eecec6c63d027e68a20194afc1201c653199faf4c199aa4c54a52f90607ebbc65d9e3119329d371abc2910fed3d7b6bd0ffe5269e55c07f4941875e0c0c4cc62146fc2862d79e113d5ad0ce9fcf1857838c79a9de2f5e40f74963fec07bbb9061bf1766382e1c4823adfd895d8e638addf6b22fae735f03c0f51,gx-no-cache=1458141011216 HTTP/1.1" 200 30
186.103.196.84 - - [16/Mar/2016:12:14:27 -0300] "GET /cormun/servlet/trvisualizadoreventos? HTTP/1.1" 200 5956
186.103.196.84 - - [16/Mar/2016:12:14:27 -0300] "GET /cormun/static/gxcfg.js?2016251828014 HTTP/1.1" 200 953
186.103.196.84 - - [16/Mar/2016:12:14:27 -0300] "GET /cormun/static/Resources/Spanish/PXTools.css?17554516 HTTP/1.1" 200 89042
186.103.196.84 - - [16/Mar/2016:12:14:27 -0300] "GET /cormun/static/Resources/PXToolsActionPrint.png HTTP/1.1" 200 3317
186.103.196.84 - - [16/Mar/2016:12:14:27 -0300] "GET /cormun/static/trvisualizadoreventos.js?2016251828276 HTTP/1.1" 200 19096
186.103.196.84 - - [16/Mar/2016:12:14:28 -0300] "GET /cormun/servlet/trvisualizadoreventos? HTTP/1.1" 200 5956
186.103.196.84 - - [16/Mar/2016:12:14:30 -0300] "POST /cormun/servlet/acontrolpreferencessavestate?None,ECONTRERAS,true HTTP/1.1" 200 35
186.103.196.84 - - [16/Mar/2016:12:14:36 -0300] "GET /cormun/servlet/trsolicitudot? HTTP/1.1" 200 6211
186.103.196.84 - - [16/Mar/2016:12:14:37 -0300] "GET /cormun/servlet/trsolicitudot? HTTP/1.1" 200 6211
115.239.228.8 - - [16/Mar/2016:12:14:38 -0300] "GET /cgi-bin/common/attr?id=260714&r=0.6074732988071070 HTTP/1.1" 404 999
115.239.228.8 - - [16/Mar/2016:12:14:39 -0300] "GET /cgi-bin/common/attr?id=260714&r=0.1625920164997405 HTTP/1.1" 404 999
192.168.10.89 - - [16/Mar/2016:12:14:49 -0300] "POST /cormun/servlet/solicitudot?bf217e830d830e887dfdfe7ff28b4e54,INS,0,0,,gx-no-cache=1458141036405 HTTP/1.1" 200 93
192.168.10.89 - - [16/Mar/2016:12:14:49 -0300] "GET /cormun/servlet/hpexe_return? HTTP/1.1" 200 1005
192.168.10.89 - - [16/Mar/2016:12:14:49 -0300] "GET /cormun/servlet/trsolicitudot? HTTP/1.1" 200 7917
192.168.10.89 - - [16/Mar/2016:12:15:08 -0300] "POST /cormun/servlet/trsolicitudot?bf217e830d830e887dfdfe7ff28b4e54,,gx-no-cache=1458141055655 HTTP/1.1" 200 5310
192.168.10.89 - - [16/Mar/2016:12:15:08 -0300] "POST /cormun/servlet/trsolicitudot?bf217e830d830e887dfdfe7ff28b4e54,,gx-no-cache=1458141056019 HTTP/1.1" 200 5311
192.168.10.89 - - [16/Mar/2016:12:15:09 -0300] "POST /cormun/servlet/trsolicitudot?bf217e830d830e887dfdfe7ff28b4e54,,gx-no-cache=1458141056363 HTTP/1.1" 200 5311
192.168.10.89 - - [16/Mar/2016:12:15:09 -0300] "POST /cormun/servlet/trsolicitudot?bf217e830d830e887dfdfe7ff28b4e54,,gx-no-cache=1458141056735 HTTP/1.1" 200 5312
192.168.10.89 - - [16/Mar/2016:12:15:09 -0300] "POST /cormun/servlet/trsolicitudot?bf217e830d830e887dfdfe7ff28b4e54,,gx-no-cache=1458141057179 HTTP/1.1" 200 5311
192.168.10.89 - - [16/Mar/2016:12:15:10 -0300] "POST /cormun/servlet/trsolicitudot?bf217e830d830e887dfdfe7ff28b4e54,,gx-no-cache=1458141057693 HTTP/1.1" 200 5311
192.168.10.89 - - [16/Mar/2016:12:15:10 -0300] "POST /cormun/servlet/trsolicitudot?bf217e830d830e887dfdfe7ff28b4e54,,gx-no-cache=1458141058217 HTTP/1.1" 200 5311
192.168.10.89 - - [16/Mar/2016:12:15:14 -0300] "POST /cormun/servlet/trsolicitudot?bf217e830d830e887dfdfe7ff28b4e54,,gx-no-cache=1458141058810 HTTP/1.1" 200 4968
192.168.10.89 - - [16/Mar/2016:12:15:14 -0300] "POST /cormun/servlet/trsolicitudot?bf217e830d830e887dfdfe7ff28b4e54,,gx-no-cache=1458141062173 HTTP/1.1" 200 4911
192.168.10.89 - - [16/Mar/2016:12:15:15 -0300] "GET /cormun/static/Shared/jqueryui/images/ui-bg_highlight-soft_100_c6c2c8_1x100.png HTTP/1.1" 404 1117
192.168.10.89 - - [16/Mar/2016:12:15:15 -0300] "GET /cormun/static/Shared/jqueryui/images/ui-icons_82798d_256x240.png HTTP/1.1" 404 1089
192.168.10.89 - - [16/Mar/2016:12:15:15 -0300] "GET /cormun/static/Shared/jqueryui/images/ui-icons_8d78a5_256x240.png HTTP/1.1" 404 1089
192.168.10.89 - - [16/Mar/2016:12:15:15 -0300] "GET /cormun/static/Shared/jqueryui/images/ui-bg_flat_55_fafafa_40x100.png HTTP/1.1" 404 1097
192.168.10.99 - - [16/Mar/2016:12:15:21 -0300] "GET /cormun/servlet/vesolicitudgral?2016,350,, HTTP/1.1" 200 8044
192.168.10.99 - - [16/Mar/2016:12:15:21 -0300] "GET /cormun/static/gxcfg.js?2016311844818 HTTP/1.1" 304 -
192.168.10.99 - - [16/Mar/2016:12:15:21 -0300] "GET /cormun/static/hpexe_tabsview.js?20151120014350 HTTP/1.1" 304 -
192.168.10.99 - - [16/Mar/2016:12:15:21 -0300] "GET /cormun/pexe_scrolldiv.js HTTP/1.1" 404 1009
192.168.10.99 - - [16/Mar/2016:12:15:21 -0300] "GET /cormun/static/hwcviewtabs.js?20151120014372 HTTP/1.1" 304 -
192.168.10.99 - - [16/Mar/2016:12:15:21 -0300] "GET /cormun/static/tbsolicitudgral01.js?2016311844295 HTTP/1.1" 304 -
192.168.10.99 - - [16/Mar/2016:12:15:21 -0300] "GET /cormun/static/vesolicitudgral.js?2016311844875 HTTP/1.1" 304 -
192.168.10.99 - - [16/Mar/2016:12:15:22 -0300] "GET /cormun/servlet/vesolicitudgral?2016,350,, HTTP/1.1" 200 8044
192.168.10.89 - - [16/Mar/2016:12:15:24 -0300] "GET /cormun/servlet/trautorizarsolicitud? HTTP/1.1" 200 7520
192.168.10.99 - - [16/Mar/2016:12:15:25 -0300] "GET /cormun/servlet/vesolicitudgral?2016,350,,SolicitudOTLog HTTP/1.1" 200 8462
192.168.10.99 - - [16/Mar/2016:12:15:25 -0300] "GET /cormun/pexe_scrolldiv.js HTTP/1.1" 404 1009
192.168.10.99 - - [16/Mar/2016:12:15:25 -0300] "GET /cormun/static/Resources/PXToolsTabLastSelected.png HTTP/1.1" 200 1262
192.168.10.99 - - [16/Mar/2016:12:15:25 -0300] "GET /cormun/static/tbsolicitudgral03.js?20163118435539 HTTP/1.1" 200 12375
192.168.10.99 - - [16/Mar/2016:12:15:25 -0300] "GET /cormun/static/gxui/gxui-all.css HTTP/1.1" 200 2179
192.168.10.99 - - [16/Mar/2016:12:15:25 -0300] "GET /cormun/static/Shared/ext/resources/css/ext-all.css HTTP/1.1" 200 416045
192.168.10.99 - - [16/Mar/2016:12:15:25 -0300] "GET /cormun/static/Resources/PXToolsTabUnselectedSelected.png HTTP/1.1" 200 1444
192.168.10.99 - - [16/Mar/2016:12:15:25 -0300] "GET /cormun/static/Resources/PXToolsTabFirstUnselected.png HTTP/1.1" 200 1264
192.168.10.99 - - [16/Mar/2016:12:15:25 -0300] "GET /cormun/servlet/vesolicitudgral?2016,350,,SolicitudOTLog HTTP/1.1" 200 8462
186.103.196.84 - - [16/Mar/2016:12:15:26 -0300] "GET /cormun/servlet/trautorizarsolicitud? HTTP/1.1" 200 6185
192.168.10.99 - - [16/Mar/2016:12:15:26 -0300] "POST /cormun/servlet/acontrolpreferencessavestate?None,SRIFFO,true HTTP/1.1" 200 35
186.103.196.84 - - [16/Mar/2016:12:15:27 -0300] "GET /cormun/servlet/trautorizarsolicitud? HTTP/1.1" 200 6185
192.168.10.89 - - [16/Mar/2016:12:15:28 -0300] "POST /cormun/servlet/trautorizarsolicitud?bf217e830d830e887dfdfe7ff28b4e54,,gx-no-cache=1458141075701 HTTP/1.1" 200 4917
192.168.10.89 - - [16/Mar/2016:12:15:28 -0300] "POST /cormun/servlet/trautorizarsolicitud?bf217e830d830e887dfdfe7ff28b4e54,,gx-no-cache=1458141075934 HTTP/1.1" 200 4917
192.168.10.89 - - [16/Mar/2016:12:15:28 -0300] "POST /cormun/servlet/trautorizarsolicitud?bf217e830d830e887dfdfe7ff28b4e54,,gx-no-cache=1458141076226 HTTP/1.1" 200 4918
192.168.10.89 - - [16/Mar/2016:12:15:29 -0300] "POST /cormun/servlet/trautorizarsolicitud?bf217e830d830e887dfdfe7ff28b4e54,,gx-no-cache=1458141076571 HTTP/1.1" 200 4918
192.168.10.89 - - [16/Mar/2016:12:15:29 -0300] "POST /cormun/servlet/trautorizarsolicitud?bf217e830d830e887dfdfe7ff28b4e54,,gx-no-cache=1458141076947 HTTP/1.1" 200 4918
192.168.10.89 - - [16/Mar/2016:12:15:30 -0300] "POST /cormun/servlet/trautorizarsolicitud?bf217e830d830e887dfdfe7ff28b4e54,,gx-no-cache=1458141077382 HTTP/1.1" 200 4919
192.168.10.89 - - [16/Mar/2016:12:15:30 -0300] "POST /cormun/servlet/trautorizarsolicitud?bf217e830d830e887dfdfe7ff28b4e54,,gx-no-cache=1458141077854 HTTP/1.1" 200 4919
192.168.10.89 - - [16/Mar/2016:12:15:33 -0300] "POST /cormun/servlet/trautorizarsolicitud?bf217e830d830e887dfdfe7ff28b4e54,,gx-no-cache=1458141078369 HTTP/1.1" 200 3610
192.168.10.89 - - [16/Mar/2016:12:15:33 -0300] "POST /cormun/servlet/trautorizarsolicitud?bf217e830d830e887dfdfe7ff28b4e54,,gx-no-cache=1458141081191 HTTP/1.1" 200 3448
192.168.10.89 - - [16/Mar/2016:12:15:34 -0300] "GET /cormun/static/Shared/jqueryui/images/ui-bg_flat_55_fafafa_40x100.png HTTP/1.1" 404 1097
192.168.10.89 - - [16/Mar/2016:12:15:34 -0300] "GET /cormun/static/Shared/jqueryui/images/ui-icons_82798d_256x240.png HTTP/1.1" 404 1089
192.168.10.89 - - [16/Mar/2016:12:15:34 -0300] "GET /cormun/static/Shared/jqueryui/images/ui-bg_highlight-soft_100_c6c2c8_1x100.png HTTP/1.1" 404 1117
192.168.10.89 - - [16/Mar/2016:12:15:34 -0300] "GET /cormun/static/Shared/jqueryui/images/ui-icons_8d78a5_256x240.png HTTP/1.1" 404 1089
186.103.196.84 - - [16/Mar/2016:12:15:34 -0300] "POST /cormun/servlet/trautorizarsolicitud?a0ddc3a2275f8af81f0a009925fbd559,,gx-no-cache=1458141359859 HTTP/1.1" 200 90
186.103.196.84 - - [16/Mar/2016:12:15:34 -0300] "GET /cormun/servlet/hpexe_link HTTP/1.1" 200 961
186.103.196.84 - - [16/Mar/2016:12:15:34 -0300] "GET /cormun/servlet/trsolicitudot HTTP/1.1" 200 6212
186.103.196.84 - - [16/Mar/2016:12:15:36 -0300] "GET /cormun/servlet/trsolicitudot HTTP/1.1" 200 6211
186.103.196.84 - - [16/Mar/2016:12:15:40 -0300] "POST /cormun/servlet/trsolicitudot?a0ddc3a2275f8af81f0a009925fbd559,gx-no-cache=1458141365627 HTTP/1.1" 200 3508
186.103.196.84 - - [16/Mar/2016:12:15:40 -0300] "POST /cormun/servlet/trsolicitudot?a0ddc3a2275f8af81f0a009925fbd559,gx-no-cache=1458141365918 HTTP/1.1" 200 3508
186.103.196.84 - - [16/Mar/2016:12:15:40 -0300] "POST /cormun/servlet/trsolicitudot?a0ddc3a2275f8af81f0a009925fbd559,gx-no-cache=1458141366120 HTTP/1.1" 200 3508
186.103.196.84 - - [16/Mar/2016:12:15:41 -0300] "POST /cormun/servlet/trsolicitudot?a0ddc3a2275f8af81f0a009925fbd559,gx-no-cache=1458141366346 HTTP/1.1" 200 3507
186.103.196.84 - - [16/Mar/2016:12:15:41 -0300] "POST /cormun/servlet/trsolicitudot?a0ddc3a2275f8af81f0a009925fbd559,gx-no-cache=1458141366579 HTTP/1.1" 200 3508
186.103.196.84 - - [16/Mar/2016:12:15:41 -0300] "POST /cormun/servlet/trsolicitudot?a0ddc3a2275f8af81f0a009925fbd559,gx-no-cache=1458141366825 HTTP/1.1" 200 3508
186.103.196.84 - - [16/Mar/2016:12:15:41 -0300] "POST /cormun/servlet/trsolicitudot?a0ddc3a2275f8af81f0a009925fbd559,gx-no-cache=1458141367082 HTTP/1.1" 200 3508
186.103.196.84 - - [16/Mar/2016:12:15:42 -0300] "POST /cormun/servlet/trsolicitudot?a0ddc3a2275f8af81f0a009925fbd559,gx-no-cache=1458141367344 HTTP/1.1" 200 3508
192.168.10.89 - - [16/Mar/2016:12:15:44 -0300] "GET /cormun/servlet/hlogin HTTP/1.1" 200 1738
186.78.35.140 - - [16/Mar/2016:12:15:44 -0300] "POST /cormun/servlet/solicitudot?953d43f81e648d11b2dd7b9cd42dda9f,INS,0,0,,gx-no-cache=1458141371785 HTTP/1.1" 200 9645
186.103.196.84 - - [16/Mar/2016:12:16:04 -0300] "GET /cormun/servlet/hlogin HTTP/1.1" 200 1731
186.78.35.140 - - [16/Mar/2016:12:16:05 -0300] "GET /cormun/servlet/solicitudot?c745fade424dcc4d0c57c4ba1291b91f1486c82f4f6a993d531ed3009c260315fe5a903c3531743145b97931f3f26cf016b8a90d46efaa675938218b95b158713beadd599d76473bc0c523aa9b9113405c0125402c336a35d6c7ded7a825d24713e88519da7282ab5d57ab73272c70a438929909f298f5b38d0276df2e0057e5b89f5f70bb798b377f78244ca568fbcf38691fadfb482def09448587ae096407,gx-no-cache=1458141393459 HTTP/1.1" 200 41
186.78.35.140 - - [16/Mar/2016:12:16:06 -0300] "POST /cormun/servlet/solicitudot?gx-no-cache=1458141393594 HTTP/1.1" 200 1127
186.78.35.140 - - [16/Mar/2016:12:16:06 -0300] "GET /cormun/servlet/solicitudot?c745fade424dcc4d0c57c4ba1291b91f82c1c2d3e194151885da598929b16a4158d6c0addc210d14df9cfd2d8eceb52ea29200697e23189ba7bdc91f3780159e957e3be02e7d81976dc1440967c7b9b5521f5ed31254935ed65e61b3e953364ff00473a7b501573e448033007e1556ed8e7bf87c3908fc7bd62c2eab95281915959bfa54fcd88c9242da0b1337807c3748b740ccdbcbaac34f473ec96d3aa9794de10dedee6653b1c74bdb265e91f4fc7e27709c850bd9d2933fef1d90ecffb2,gx-no-cache=1458141393775 HTTP/1.1" 200 30
186.78.35.140 - - [16/Mar/2016:12:16:06 -0300] "POST /cormun/servlet/solicitudot?953d43f81e648d11b2dd7b9cd42dda9f,INS,0,0,,gx-no-cache=1458141393872 HTTP/1.1" 200 9687
186.103.196.84 - - [16/Mar/2016:12:16:07 -0300] "POST /cormun/servlet/hlogin?a0ddc3a2275f8af81f0a009925fbd559,gx-no-cache=1458141392435 HTTP/1.1" 200 90
186.103.196.84 - - [16/Mar/2016:12:16:07 -0300] "GET /cormun/servlet/hpexe_link HTTP/1.1" 200 975
186.103.196.84 - - [16/Mar/2016:12:16:07 -0300] "GET /cormun/servlet/trsolicitudot?gx-no-cache=1458141367344 HTTP/1.1" 200 6212
186.103.196.84 - - [16/Mar/2016:12:16:09 -0300] "GET /cormun/servlet/trsolicitudot?gx-no-cache=1458141367344 HTTP/1.1" 200 6231
186.103.196.84 - - [16/Mar/2016:12:16:26 -0300] "GET /cormun/servlet/trvisualizadoreventos? HTTP/1.1" 200 5981
186.103.196.84 - - [16/Mar/2016:12:16:28 -0300] "GET /cormun/servlet/trvisualizadoreventos? HTTP/1.1" 200 5961
192.168.10.89 - - [16/Mar/2016:12:17:09 -0300] "POST /cormun/servlet/hlogin?bf217e830d830e887dfdfe7ff28b4e54,gx-no-cache=1458141176645 HTTP/1.1" 200 90
192.168.10.89 - - [16/Mar/2016:12:17:09 -0300] "GET /cormun/servlet/hpexe_link HTTP/1.1" 200 948
192.168.10.89 - - [16/Mar/2016:12:17:10 -0300] "GET /cormun/servlet/hhome HTTP/1.1" 200 3851
192.168.10.89 - - [16/Mar/2016:12:17:49 -0300] "GET /cormun/servlet/trsolicitudgral? HTTP/1.1" 200 11176
192.168.10.89 - - [16/Mar/2016:12:17:53 -0300] "POST /cormun/servlet/trsolicitudgral?bf217e830d830e887dfdfe7ff28b4e54,,gx-no-cache=1458141220361 HTTP/1.1" 200 8443
192.168.10.89 - - [16/Mar/2016:12:17:53 -0300] "POST /cormun/servlet/trsolicitudgral?bf217e830d830e887dfdfe7ff28b4e54,,gx-no-cache=1458141220888 HTTP/1.1" 200 8443
192.168.10.89 - - [16/Mar/2016:12:17:54 -0300] "POST /cormun/servlet/trsolicitudgral?bf217e830d830e887dfdfe7ff28b4e54,,gx-no-cache=1458141221502 HTTP/1.1" 200 8444
192.168.10.89 - - [16/Mar/2016:12:17:55 -0300] "POST /cormun/servlet/trsolicitudgral?bf217e830d830e887dfdfe7ff28b4e54,,gx-no-cache=1458141222249 HTTP/1.1" 200 8443
192.168.10.89 - - [16/Mar/2016:12:17:55 -0300] "POST /cormun/servlet/trsolicitudgral?bf217e830d830e887dfdfe7ff28b4e54,,gx-no-cache=1458141223070 HTTP/1.1" 200 8443
192.168.10.89 - - [16/Mar/2016:12:17:56 -0300] "POST /cormun/servlet/trsolicitudgral?bf217e830d830e887dfdfe7ff28b4e54,,gx-no-cache=1458141223984 HTTP/1.1" 200 8444
192.168.10.89 - - [16/Mar/2016:12:17:57 -0300] "POST /cormun/servlet/trsolicitudgral?bf217e830d830e887dfdfe7ff28b4e54,,gx-no-cache=1458141225009 HTTP/1.1" 200 8444
192.168.10.89 - - [16/Mar/2016:12:18:08 -0300] "GET /cormun/servlet/trsolicitudgral?efdd4650d4c7e25a2fe2bc57b225e51b6dc327fe833ff33b44e2eccdddd38acee4b4e162d736b834835f30784a6bf820eb0249c758c666392e53d0c97b7e79d01eced8658db87eba81040f4270dae85275e28de8c187ae065145dbdffb712418,gx-no-cache=1458141235754 HTTP/1.1" 200 5234
192.168.10.89 - - [16/Mar/2016:12:18:08 -0300] "POST /cormun/servlet/trsolicitudgral?bf217e830d830e887dfdfe7ff28b4e54,,gx-no-cache=1458141235159 HTTP/1.1" 200 9667
186.103.157.235 - - [16/Mar/2016:12:18:14 -0300] "GET /cormun/servlet/hlogin HTTP/1.1" 200 1723
186.103.157.235 - - [16/Mar/2016:12:18:26 -0300] "POST /cormun/servlet/hlogin?c6d04390fae8938f54de78d47cb54db9,gx-no-cache=1458141533398 HTTP/1.1" 200 90
186.103.157.235 - - [16/Mar/2016:12:18:26 -0300] "GET /cormun/servlet/hpexe_link HTTP/1.1" 200 957
186.103.157.235 - - [16/Mar/2016:12:18:27 -0300] "GET /cormun/servlet/hhome HTTP/1.1" 200 3464
186.103.157.235 - - [16/Mar/2016:12:18:29 -0300] "GET /cormun/servlet/hhome HTTP/1.1" 200 3460
186.103.157.235 - - [16/Mar/2016:12:18:33 -0300] "GET /cormun/servlet/trsolicitudot? HTTP/1.1" 200 6225
186.103.157.235 - - [16/Mar/2016:12:18:33 -0300] "GET /cormun/static/gxcfg.js?201631185636 HTTP/1.1" 200 953
186.103.157.235 - - [16/Mar/2016:12:18:33 -0300] "GET /cormun/static/Resources/Spanish/PXTools.css?18502099 HTTP/1.1" 200 89042
186.103.157.235 - - [16/Mar/2016:12:18:35 -0300] "GET /cormun/static/trsolicitudot.js?2016311856838 HTTP/1.1" 200 45326
186.103.157.235 - - [16/Mar/2016:12:18:35 -0300] "GET /cormun/static/Resources/PXToolsGridNew.png HTTP/1.1" 200 2949
186.103.157.235 - - [16/Mar/2016:12:18:35 -0300] "GET /cormun/servlet/trsolicitudot? HTTP/1.1" 200 6225
186.103.157.235 - - [16/Mar/2016:12:18:41 -0300] "POST /cormun/servlet/trsolicitudot?c6d04390fae8938f54de78d47cb54db9,,gx-no-cache=1458141548233 HTTP/1.1" 200 3501
192.168.10.89 - - [16/Mar/2016:12:19:03 -0300] "GET /cormun/servlet/vesolicitudgral?2016,252,, HTTP/1.1" 200 8002
192.168.10.89 - - [16/Mar/2016:12:19:03 -0300] "GET /cormun/pexe_scrolldiv.js HTTP/1.1" 404 1009
192.168.10.89 - - [16/Mar/2016:12:19:14 -0300] "GET /cormun/servlet/vesolicitudgral?2016,252,,SolicitudOTAdjuntos HTTP/1.1" 200 9545
192.168.10.89 - - [16/Mar/2016:12:19:14 -0300] "GET /cormun/pexe_scrolldiv.js HTTP/1.1" 404 1009
192.168.10.89 - - [16/Mar/2016:12:19:16 -0300] "POST /cormun/servlet/acontrolpreferencessavestate?None,CDROGUETT,true HTTP/1.1" 200 35
192.168.10.89 - - [16/Mar/2016:12:19:17 -0300] "GET /cormun/PublicTempStorage/fotocopia_carnet1979214.pdf HTTP/1.1" 200 34564
192.168.10.89 - - [16/Mar/2016:12:19:25 -0300] "GET /cormun/servlet/vesolicitudgral?2016,252,,SolicitudOTAdjuntos HTTP/1.1" 200 9547
192.168.10.89 - - [16/Mar/2016:12:19:25 -0300] "GET /cormun/pexe_scrolldiv.js HTTP/1.1" 404 1009
192.168.10.89 - - [16/Mar/2016:12:19:27 -0300] "POST /cormun/servlet/acontrolpreferencessavestate?None,CDROGUETT,true HTTP/1.1" 200 35
192.168.10.89 - - [16/Mar/2016:12:19:28 -0300] "GET /cormun/PublicTempStorage/comprobante_licencia_4%B0_medio7819014.pdf HTTP/1.1" 200 33742
192.168.10.89 - - [16/Mar/2016:12:19:35 -0300] "GET /cormun/servlet/vesolicitudgral?2016,252,,SolicitudOTAdjuntos HTTP/1.1" 200 9548
192.168.10.89 - - [16/Mar/2016:12:19:36 -0300] "GET /cormun/pexe_scrolldiv.js HTTP/1.1" 404 1009
192.168.10.99 - - [16/Mar/2016:12:19:36 -0300] "GET /cormun/servlet/vesolicitudgral?2016,350,,General HTTP/1.1" 200 8050
192.168.10.99 - - [16/Mar/2016:12:19:36 -0300] "GET /cormun/pexe_scrolldiv.js HTTP/1.1" 404 1009
192.168.10.99 - - [16/Mar/2016:12:19:36 -0300] "GET /cormun/servlet/vesolicitudgral?2016,350,,General HTTP/1.1" 200 8050
192.168.10.89 - - [16/Mar/2016:12:19:37 -0300] "POST /cormun/servlet/acontrolpreferencessavestate?None,CDROGUETT,true HTTP/1.1" 200 35
192.168.10.89 - - [16/Mar/2016:12:19:38 -0300] "GET /cormun/PublicTempStorage/certificado_afp8466132.pdf HTTP/1.1" 200 95795
192.168.10.89 - - [16/Mar/2016:12:19:52 -0300] "GET /cormun/servlet/vesolicitudgral?2016,252,,SolicitudOTAdjuntos HTTP/1.1" 200 9544
192.168.10.89 - - [16/Mar/2016:12:19:52 -0300] "GET /cormun/pexe_scrolldiv.js HTTP/1.1" 404 1009
192.168.10.89 - - [16/Mar/2016:12:19:54 -0300] "POST /cormun/servlet/acontrolpreferencessavestate?None,CDROGUETT,true HTTP/1.1" 200 35
192.168.10.89 - - [16/Mar/2016:12:19:55 -0300] "GET /cormun/PublicTempStorage/certificado_fonasa8446594.pdf HTTP/1.1" 200 61701
192.168.10.89 - - [16/Mar/2016:12:20:02 -0300] "GET /cormun/servlet/vesolicitudgral?2016,252,,SolicitudOTAdjuntos HTTP/1.1" 200 9546
192.168.10.89 - - [16/Mar/2016:12:20:02 -0300] "GET /cormun/pexe_scrolldiv.js HTTP/1.1" 404 1009
192.168.10.89 - - [16/Mar/2016:12:20:04 -0300] "POST /cormun/servlet/acontrolpreferencessavestate?None,CDROGUETT,true HTTP/1.1" 200 35
192.168.10.89 - - [16/Mar/2016:12:20:04 -0300] "GET /cormun/PublicTempStorage/certificado_antecedentes4330821.pdf HTTP/1.1" 200 102307
192.168.10.89 - - [16/Mar/2016:12:20:12 -0300] "GET /cormun/servlet/vesolicitudgral?2016,252,,SolicitudOTAdjuntos HTTP/1.1" 200 9546
192.168.10.89 - - [16/Mar/2016:12:20:12 -0300] "GET /cormun/pexe_scrolldiv.js HTTP/1.1" 404 1009
192.168.10.89 - - [16/Mar/2016:12:20:14 -0300] "POST /cormun/servlet/acontrolpreferencessavestate?None,CDROGUETT,true HTTP/1.1" 200 35
192.168.10.89 - - [16/Mar/2016:12:20:14 -0300] "GET /cormun/PublicTempStorage/curriculum_vitae4621941.pdf HTTP/1.1" 200 52705
192.168.10.89 - - [16/Mar/2016:12:20:22 -0300] "GET /cormun/servlet/vesolicitudgral?2016,252,,SolicitudOTAdjuntos HTTP/1.1" 200 9548
192.168.10.89 - - [16/Mar/2016:12:20:22 -0300] "GET /cormun/pexe_scrolldiv.js HTTP/1.1" 404 1009
192.168.10.89 - - [16/Mar/2016:12:20:24 -0300] "POST /cormun/servlet/acontrolpreferencessavestate?None,CDROGUETT,true HTTP/1.1" 200 35
186.103.158.250 - - [16/Mar/2016:12:20:35 -0300] "GET /cormun/servlet/hlogin HTTP/1.1" 200 1715
186.103.157.235 - - [16/Mar/2016:12:20:38 -0300] "GET /cormun/servlet/solicitudot?INS,0,0, HTTP/1.1" 200 11473
186.103.157.235 - - [16/Mar/2016:12:20:38 -0300] "GET /cormun/static/gxcfg.js?20163219435133 HTTP/1.1" 200 953
186.103.157.235 - - [16/Mar/2016:12:20:38 -0300] "GET /cormun/static/Resources/Spanish/PXTools.css?1944839 HTTP/1.1" 200 89042
186.103.157.235 - - [16/Mar/2016:12:20:39 -0300] "GET /cormun/static/Resources/prompt.gif HTTP/1.1" 200 902
186.103.157.235 - - [16/Mar/2016:12:20:39 -0300] "GET /cormun/static/solicitudot.js?20163219435183 HTTP/1.1" 200 44151
186.103.157.235 - - [16/Mar/2016:12:20:41 -0300] "GET /cormun/servlet/solicitudot?INS,0,0, HTTP/1.1" 200 11478
192.168.10.89 - - [16/Mar/2016:12:21:01 -0300] "POST /cormun/servlet/vesolicitudgral?bf217e830d830e887dfdfe7ff28b4e54,2016,252,,SolicitudOTAdjuntos,gx-no-cache=1458141409036 HTTP/1.1" 200 90
192.168.10.89 - - [16/Mar/2016:12:21:01 -0300] "GET /cormun/servlet/hpexe_link HTTP/1.1" 200 974
186.78.35.140 - - [16/Mar/2016:12:21:01 -0300] "GET /cormun/servlet/solicitudot?c745fade424dcc4d0c57c4ba1291b91f1486c82f4f6a993d531ed3009c260315fe5a903c3531743145b97931f3f26cf016b8a90d46efaa675938218b95b158713beadd599d76473bc0c523aa9b9113405c0125402c336a35d6c7ded7a825d24713e88519da7282ab5d57ab73272c70a438929909f298f5b38d0276df2e0057e5b89f5f70bb798b377f78244ca568fbcf68246413cce1e96397a494fa1b0b0ce5,gx-no-cache=1458141689367 HTTP/1.1" 200 41
186.78.35.140 - - [16/Mar/2016:12:21:02 -0300] "POST /cormun/servlet/solicitudot?gx-no-cache=1458141689569 HTTP/1.1" 200 1127
186.78.35.140 - - [16/Mar/2016:12:21:02 -0300] "GET /cormun/servlet/solicitudot?c745fade424dcc4d0c57c4ba1291b91f82c1c2d3e194151885da598929b16a4158d6c0addc210d14df9cfd2d8eceb52e4d8d4a16fc270be1c32cc7b33d4a4094957e3be02e7d81976dc1440967c7b9b5521f5ed31254935ed65e61b3e953364ff00473a7b501573e448033007e1556ed8e7bf87c3908fc7bd62c2eab95281915959bfa54fcd88c9242da0b1337807c3748b740ccdbcbaac34f473ec96d3aa9794de10dedee6653b1c74bdb265e91f4fc7e27709c850bd9d2933fef1d90ecffb2,gx-no-cache=1458141689754 HTTP/1.1" 200 30
186.78.35.140 - - [16/Mar/2016:12:21:02 -0300] "POST /cormun/servlet/solicitudot?953d43f81e648d11b2dd7b9cd42dda9f,INS,0,0,,gx-no-cache=1458141689853 HTTP/1.1" 200 9740
192.168.10.89 - - [16/Mar/2016:12:21:02 -0300] "GET /cormun/servlet/trsolicitudgral? HTTP/1.1" 200 12282
186.103.157.235 - - [16/Mar/2016:12:21:09 -0300] "POST /cormun/servlet/solicitudot?gx-no-cache=1458141695743 HTTP/1.1" 200 2768
186.78.35.140 - - [16/Mar/2016:12:21:09 -0300] "POST /cormun/servlet/solicitudot?953d43f81e648d11b2dd7b9cd42dda9f,INS,0,0,,gx-no-cache=1458141696725 HTTP/1.1" 200 93
186.78.35.140 - - [16/Mar/2016:12:21:09 -0300] "GET /cormun/servlet/hpexe_return? HTTP/1.1" 200 1002
186.103.157.235 - - [16/Mar/2016:12:21:09 -0300] "POST /cormun/servlet/solicitudot?c6d04390fae8938f54de78d47cb54db9,INS,0,0,,gx-no-cache=1458141696086 HTTP/1.1" 200 8404
186.78.35.140 - - [16/Mar/2016:12:21:10 -0300] "GET /cormun/servlet/trsolicitudot HTTP/1.1" 200 6244
186.103.157.235 - - [16/Mar/2016:12:21:10 -0300] "GET /cormun/static/Resources/resize.gif HTTP/1.1" 200 77
186.103.157.235 - - [16/Mar/2016:12:21:11 -0300] "GET /cormun/servlet/prfichaempleado?,MD,,gxPopupLevel%3D0%3B HTTP/1.1" 200 7909
186.103.157.235 - - [16/Mar/2016:12:21:11 -0300] "GET /cormun/static/gxui/gxui-all.css?1917420 HTTP/1.1" 200 2179
186.103.157.235 - - [16/Mar/2016:12:21:11 -0300] "GET /cormun/static/scaMessage/css/jquery-ui.css?104140 HTTP/1.1" 404 1045
186.103.157.235 - - [16/Mar/2016:12:21:11 -0300] "GET /cormun/static/gxcfg.js?201511151625694 HTTP/1.1" 200 953
186.103.157.235 - - [16/Mar/2016:12:21:11 -0300] "GET /cormun/static/Resources/Spanish/PXTools.css?16184758 HTTP/1.1" 200 89042
186.78.35.140 - - [16/Mar/2016:12:21:12 -0300] "GET /cormun/servlet/trsolicitudot HTTP/1.1" 200 6240
186.103.157.235 - - [16/Mar/2016:12:21:12 -0300] "GET /cormun/static/Resources/PXToolsMenuSearch.png HTTP/1.1" 200 2914
186.103.157.235 - - [16/Mar/2016:12:21:12 -0300] "GET /cormun/static/Resources/PXToolsMenuSearchCancel.png HTTP/1.1" 200 2972
186.103.157.235 - - [16/Mar/2016:12:21:12 -0300] "GET /cormun/static/prfichaempleado.js?201511151625857 HTTP/1.1" 200 14240
186.103.157.235 - - [16/Mar/2016:12:21:12 -0300] "GET /cormun/static/menusearch.js?20163219454787 HTTP/1.1" 200 1424
186.103.157.235 - - [16/Mar/2016:12:21:13 -0300] "GET /cormun/static/hmpwkw01.js?201511211495945 HTTP/1.1" 200 2037
186.103.157.235 - - [16/Mar/2016:12:21:14 -0300] "GET /cormun/static/Shared/jqueryui/jquery-ui.min-1.8.js HTTP/1.1" 200 213511
186.78.35.140 - - [16/Mar/2016:12:21:25 -0300] "GET /cormun/servlet/trautorizarsolicitud? HTTP/1.1" 200 6193
186.78.35.140 - - [16/Mar/2016:12:21:27 -0300] "GET /cormun/servlet/trautorizarsolicitud? HTTP/1.1" 200 6193
186.78.35.140 - - [16/Mar/2016:12:21:30 -0300] "POST /cormun/servlet/trautorizarsolicitud?953d43f81e648d11b2dd7b9cd42dda9f,,gx-no-cache=1458141717970 HTTP/1.1" 200 3472
186.78.35.140 - - [16/Mar/2016:12:21:31 -0300] "POST /cormun/servlet/trautorizarsolicitud?953d43f81e648d11b2dd7b9cd42dda9f,,gx-no-cache=1458141718389 HTTP/1.1" 200 3472
186.78.35.140 - - [16/Mar/2016:12:21:31 -0300] "POST /cormun/servlet/trautorizarsolicitud?953d43f81e648d11b2dd7b9cd42dda9f,,gx-no-cache=1458141718882 HTTP/1.1" 200 3472
186.78.35.140 - - [16/Mar/2016:12:21:31 -0300] "POST /cormun/servlet/trautorizarsolicitud?953d43f81e648d11b2dd7b9cd42dda9f,,gx-no-cache=1458141719379 HTTP/1.1" 200 3473
186.78.35.140 - - [16/Mar/2016:12:21:33 -0300] "POST /cormun/servlet/trautorizarsolicitud?953d43f81e648d11b2dd7b9cd42dda9f,,gx-no-cache=1458141721329 HTTP/1.1" 200 3471
186.78.35.140 - - [16/Mar/2016:12:21:34 -0300] "GET /cormun/servlet/trautorizarsolicitud?f851c35403308b0bb21a85d688d2e66c45be87cbd6461dd9215014aa6cc38deb9ebcfe898a6968a35bde703d9fe2ac9a90693c203bf3d3451c469a5360953c28304b137bd02efaabdb9bc16d266c5ab95d502d59eef50c4ecb27f089d0d4d5ed,gx-no-cache=1458141721812 HTTP/1.1" 200 751
186.78.35.140 - - [16/Mar/2016:12:21:42 -0300] "POST /cormun/servlet/trautorizarsolicitud?953d43f81e648d11b2dd7b9cd42dda9f,,gx-no-cache=1458141730266 HTTP/1.1" 200 4942
186.78.35.140 - - [16/Mar/2016:12:21:43 -0300] "POST /cormun/servlet/trautorizarsolicitud?953d43f81e648d11b2dd7b9cd42dda9f,,gx-no-cache=1458141730774 HTTP/1.1" 200 4942
186.78.35.140 - - [16/Mar/2016:12:21:43 -0300] "POST /cormun/servlet/trautorizarsolicitud?953d43f81e648d11b2dd7b9cd42dda9f,,gx-no-cache=1458141731326 HTTP/1.1" 200 4941
186.78.35.140 - - [16/Mar/2016:12:21:44 -0300] "POST /cormun/servlet/trautorizarsolicitud?953d43f81e648d11b2dd7b9cd42dda9f,,gx-no-cache=1458141731838 HTTP/1.1" 200 4942
186.78.35.140 - - [16/Mar/2016:12:21:45 -0300] "POST /cormun/servlet/trautorizarsolicitud?953d43f81e648d11b2dd7b9cd42dda9f,,gx-no-cache=1458141732419 HTTP/1.1" 200 4942
186.103.157.235 - - [16/Mar/2016:12:21:45 -0300] "GET /cormun/servlet/solicitudot?9cbcffde1ede77d5b2d4b23167acc0dc023e7caec4d447d3f23571cca0e5979237cbdd36510567963f618ee8f27b1d22,gx-no-cache=1458141731649 HTTP/1.1" 200 30
186.103.157.235 - - [16/Mar/2016:12:21:45 -0300] "POST /cormun/servlet/solicitudot?gx-no-cache=1458141731790 HTTP/1.1" 200 30
186.78.35.140 - - [16/Mar/2016:12:21:45 -0300] "POST /cormun/servlet/trautorizarsolicitud?953d43f81e648d11b2dd7b9cd42dda9f,,gx-no-cache=1458141732976 HTTP/1.1" 200 4942
186.78.35.140 - - [16/Mar/2016:12:21:46 -0300] "POST /cormun/servlet/trautorizarsolicitud?953d43f81e648d11b2dd7b9cd42dda9f,,gx-no-cache=1458141733599 HTTP/1.1" 200 4942
186.78.35.140 - - [16/Mar/2016:12:21:46 -0300] "POST /cormun/servlet/trautorizarsolicitud?953d43f81e648d11b2dd7b9cd42dda9f,,gx-no-cache=1458141734163 HTTP/1.1" 200 4942
186.103.157.235 - - [16/Mar/2016:12:21:55 -0300] "POST /cormun/servlet/solicitudot?gx-no-cache=1458141741945 HTTP/1.1" 200 30
186.103.157.235 - - [16/Mar/2016:12:22:02 -0300] "POST /cormun/servlet/solicitudot?gx-no-cache=1458141749090 HTTP/1.1" 200 1171
186.103.157.235 - - [16/Mar/2016:12:22:03 -0300] "GET /cormun/servlet/solicitudot?9cbcffde1ede77d5b2d4b23167acc0dc71b9a85ac895143941fbef1ff198d947f738a41f9a0b881ce7bf302160f0b2c256be32b55dc24e96258fdd2f5537db6e32178aa87c7227bb2592cc4880958dfd11c2f0dad0e93d1e177a3de603df7c1a4ed422f008ea8abd29f34f494ecf3d4754220dfdc60669f7b8621f747e5b9f12364dbae98521f66290c3f845d04d9555,gx-no-cache=1458141750135 HTTP/1.1" 200 38
186.103.157.235 - - [16/Mar/2016:12:22:21 -0300] "GET /cormun/servlet/solicitudot?9cbcffde1ede77d5b2d4b23167acc0dcdd0535c1c4f9cb09f526100fc7abb255bb150fe1a98a6e3b75ea771ee5950cb0d7d97aaca05078eafa1564b7473feb733d3c13883bf7a14319ff06a30b68eead327cd3194a02b54a7ed183a00e3e032fe603e260b19abaf3e5d180f72edc577c,gx-no-cache=1458141767857 HTTP/1.1" 200 29
186.103.157.235 - - [16/Mar/2016:12:22:21 -0300] "POST /cormun/servlet/solicitudot?gx-no-cache=1458141767904 HTTP/1.1" 200 1128
186.103.157.98 - - [16/Mar/2016:12:22:38 -0300] "GET /cormun/PublicTempStorage/afp8323195.pdf HTTP/1.1" 200 226924
186.103.157.98 - - [16/Mar/2016:12:22:43 -0300] "GET /cormun/servlet/trsolicitudadjuntos?2016,933, HTTP/1.1" 200 7851
186.103.157.98 - - [16/Mar/2016:12:22:45 -0300] "GET /cormun/servlet/trsolicitudadjuntos?2016,933, HTTP/1.1" 200 7849
186.103.157.98 - - [16/Mar/2016:12:22:48 -0300] "GET /cormun/servlet/solicitudotadjuntos?INS,2016,933,,1, HTTP/1.1" 200 5506
186.103.157.98 - - [16/Mar/2016:12:22:49 -0300] "GET /cormun/static/about:blank HTTP/1.1" 404 1011
186.103.157.98 - - [16/Mar/2016:12:22:49 -0300] "GET /cormun/servlet/solicitudotadjuntos?INS,2016,933,,1, HTTP/1.1" 200 5500
186.103.157.98 - - [16/Mar/2016:12:22:49 -0300] "GET /cormun/servlet/solicitudotadjuntos?2e5dcab6a456341bd6bbdc345b378083b7e642f2712ca831a1c76b7ca2fb5cb0e34bb2f808beebef31addacd719970bd,gx-no-cache=1458141797258 HTTP/1.1" 200 30
186.103.157.98 - - [16/Mar/2016:12:22:49 -0300] "POST /cormun/servlet/solicitudotadjuntos?dce974c9d08436c4bced33bf616d9019,INS,2016,933,,1,,gx-no-cache=1458141797356 HTTP/1.1" 200 3380
186.103.157.98 - - [16/Mar/2016:12:22:54 -0300] "POST /cormun/servlet/solicitudotadjuntos?gx-no-cache=1458141802567 HTTP/1.1" 200 26
186.103.157.98 - - [16/Mar/2016:12:23:03 -0300] "GET /cormun/servlet/solicitudotadjuntos?2e5dcab6a456341bd6bbdc345b378083cf2da6e79bf2533203a52a7d3272037a,gx-no-cache=1458141811338 HTTP/1.1" 200 30
186.103.157.98 - - [16/Mar/2016:12:23:03 -0300] "GET /cormun/servlet/solicitudotadjuntos?2e5dcab6a456341bd6bbdc345b378083cf2da6e79bf2533203a52a7d3272037a,gx-no-cache=1458141811429 HTTP/1.1" 200 30
186.103.157.98 - - [16/Mar/2016:12:23:05 -0300] "POST /cormun/servlet/solicitudotadjuntos?dce974c9d08436c4bced33bf616d9019,INS,2016,933,,1, HTTP/1.1" 200 5297
186.103.157.98 - - [16/Mar/2016:12:23:05 -0300] "GET /home/sistema/apache-tomcat-7.0.65/webapps/cormun/PrivateTempStorage/upload_00008244.pdf HTTP/1.1" 404 1135
186.103.157.98 - - [16/Mar/2016:12:23:05 -0300] "GET /home/sistema/apache-tomcat-7.0.65/webapps/cormun/PrivateTempStorage/upload_00008244.pdf HTTP/1.1" 404 1135
186.103.157.98 - - [16/Mar/2016:12:23:06 -0300] "GET /cormun/PrivateTempStorage/upload_00008244.pdf HTTP/1.1" 206 1491348
186.103.157.98 - - [16/Mar/2016:12:23:08 -0300] "GET /cormun/servlet/solicitudotadjuntos?2e5dcab6a456341bd6bbdc345b37808393f5fb5675e11ab3bc118e1b0995fc7ee34bb2f808beebef31addacd719970bd,gx-no-cache=1458141816105 HTTP/1.1" 200 30
186.103.157.98 - - [16/Mar/2016:12:23:11 -0300] "POST /cormun/servlet/solicitudotadjuntos?dce974c9d08436c4bced33bf616d9019,INS,2016,933,,1, HTTP/1.1" 200 5296
186.103.157.98 - - [16/Mar/2016:12:23:11 -0300] "GET /home/sistema/apache-tomcat-7.0.65/webapps/cormun/PrivateTempStorage/upload_00008256.pdf HTTP/1.1" 404 1135
186.103.157.98 - - [16/Mar/2016:12:23:12 -0300] "GET /cormun/PrivateTempStorage/upload_00008256.pdf HTTP/1.1" 206 1743348
186.103.157.98 - - [16/Mar/2016:12:23:20 -0300] "GET /cormun/servlet/trsolicitudadjuntos?2016,933, HTTP/1.1" 200 7848
186.103.157.98 - - [16/Mar/2016:12:23:21 -0300] "GET /cormun/servlet/trsolicitudadjuntos?2016,933, HTTP/1.1" 200 7848
186.103.157.98 - - [16/Mar/2016:12:23:38 -0300] "GET /cormun/servlet/solicitudotadjuntos?INS,2016,933,,1, HTTP/1.1" 200 5505
186.103.157.98 - - [16/Mar/2016:12:23:39 -0300] "GET /cormun/static/about:blank HTTP/1.1" 404 1011
186.103.157.98 - - [16/Mar/2016:12:23:39 -0300] "GET /cormun/servlet/solicitudotadjuntos?INS,2016,933,,1, HTTP/1.1" 200 5499
186.103.157.98 - - [16/Mar/2016:12:23:39 -0300] "GET /cormun/servlet/solicitudotadjuntos?2e5dcab6a456341bd6bbdc345b378083b7e642f2712ca831a1c76b7ca2fb5cb0e34bb2f808beebef31addacd719970bd,gx-no-cache=1458141847516 HTTP/1.1" 200 30
186.103.157.98 - - [16/Mar/2016:12:23:40 -0300] "POST /cormun/servlet/solicitudotadjuntos?dce974c9d08436c4bced33bf616d9019,INS,2016,933,,1,,gx-no-cache=1458141847579 HTTP/1.1" 200 3380
186.103.157.98 - - [16/Mar/2016:12:23:43 -0300] "POST /cormun/servlet/solicitudotadjuntos?gx-no-cache=1458141850923 HTTP/1.1" 200 26
186.103.157.98 - - [16/Mar/2016:12:24:04 -0300] "GET /cormun/servlet/solicitudotadjuntos?2e5dcab6a456341bd6bbdc345b378083cf2da6e79bf2533203a52a7d3272037a,gx-no-cache=1458141871703 HTTP/1.1" 200 30
186.103.157.98 - - [16/Mar/2016:12:24:04 -0300] "GET /cormun/servlet/solicitudotadjuntos?2e5dcab6a456341bd6bbdc345b378083cf2da6e79bf2533203a52a7d3272037a,gx-no-cache=1458141871752 HTTP/1.1" 200 30
186.103.157.98 - - [16/Mar/2016:12:24:06 -0300] "POST /cormun/servlet/solicitudotadjuntos?dce974c9d08436c4bced33bf616d9019,INS,2016,933,,1, HTTP/1.1" 200 5297
186.103.157.98 - - [16/Mar/2016:12:24:06 -0300] "GET /home/sistema/apache-tomcat-7.0.65/webapps/cormun/PrivateTempStorage/upload_00008268.pdf HTTP/1.1" 404 1135
186.103.157.98 - - [16/Mar/2016:12:24:06 -0300] "GET /home/sistema/apache-tomcat-7.0.65/webapps/cormun/PrivateTempStorage/upload_00008268.pdf HTTP/1.1" 404 1135
186.103.157.98 - - [16/Mar/2016:12:24:07 -0300] "GET /cormun/PrivateTempStorage/upload_00008268.pdf HTTP/1.1" 206 1625748
