191.112.59.247 - - [16/Mar/2016:12:57:58 -0300] "POST /cormun/servlet/trautorizarsolicitud?cd77832243ee8d922b875bb9f66b9872,gx-no-cache=1458147499075 HTTP/1.1" 200 3227
186.103.158.250 - - [16/Mar/2016:12:57:58 -0300] "GET /cormun/static/hwcviewtabs.js?20151120014372 HTTP/1.1" 200 1074
186.103.158.250 - - [16/Mar/2016:12:57:58 -0300] "GET /cormun/static/vesolicitudot.js?20163117275148 HTTP/1.1" 200 6091
186.103.158.250 - - [16/Mar/2016:12:57:58 -0300] "GET /cormun/static/Resources/PXToolsTabLastUnselected.png HTTP/1.1" 200 1291
186.103.158.250 - - [16/Mar/2016:12:57:58 -0300] "GET /cormun/pexe_scrolldiv.js HTTP/1.1" 404 1009
186.103.158.250 - - [16/Mar/2016:12:57:58 -0300] "GET /cormun/static/Resources/PXToolsTabPrevious.gif HTTP/1.1" 200 172
186.103.158.250 - - [16/Mar/2016:12:57:58 -0300] "GET /cormun/static/Resources/PXToolsTabNext.gif HTTP/1.1" 200 168
186.103.158.250 - - [16/Mar/2016:12:57:58 -0300] "GET /cormun/static/hpexe_tabsview.js?20151120014350 HTTP/1.1" 200 1661
186.103.158.250 - - [16/Mar/2016:12:57:58 -0300] "GET /cormun/static/tbsolicitudot01.js?20163117273399 HTTP/1.1" 200 27008
191.112.59.247 - - [16/Mar/2016:12:57:59 -0300] "POST /cormun/servlet/trautorizarsolicitud?cd77832243ee8d922b875bb9f66b9872,gx-no-cache=1458147499562 HTTP/1.1" 200 3226
191.112.59.247 - - [16/Mar/2016:12:57:59 -0300] "POST /cormun/servlet/trautorizarsolicitud?cd77832243ee8d922b875bb9f66b9872,gx-no-cache=1458147499990 HTTP/1.1" 200 3227
186.103.158.250 - - [16/Mar/2016:12:57:59 -0300] "GET /cormun/static/calendar-system.css HTTP/1.1" 200 5572
186.103.158.250 - - [16/Mar/2016:12:57:59 -0300] "GET /cormun/static/Resources/PXToolsTabSelectedUnselected.png HTTP/1.1" 200 1428
186.103.158.250 - - [16/Mar/2016:12:57:59 -0300] "GET /cormun/static/Resources/PXToolsTabUnselectedUnselected.png HTTP/1.1" 200 1459
186.103.158.250 - - [16/Mar/2016:12:57:59 -0300] "GET /cormun/static/Resources/PXToolsTabBackUnselected.png HTTP/1.1" 200 1175
186.103.158.250 - - [16/Mar/2016:12:57:59 -0300] "GET /cormun/static/Resources/PXToolsTabBackSelected.png HTTP/1.1" 200 1157
191.112.59.247 - - [16/Mar/2016:12:57:59 -0300] "POST /cormun/servlet/trautorizarsolicitud?cd77832243ee8d922b875bb9f66b9872,gx-no-cache=1458147500351 HTTP/1.1" 200 3226
191.112.59.247 - - [16/Mar/2016:12:58:00 -0300] "POST /cormun/servlet/trautorizarsolicitud?cd77832243ee8d922b875bb9f66b9872,gx-no-cache=1458147500717 HTTP/1.1" 200 3227
191.112.59.247 - - [16/Mar/2016:12:58:00 -0300] "POST /cormun/servlet/trautorizarsolicitud?cd77832243ee8d922b875bb9f66b9872,gx-no-cache=1458147501087 HTTP/1.1" 200 3226
191.112.59.247 - - [16/Mar/2016:12:58:04 -0300] "POST /cormun/servlet/trautorizarsolicitud?cd77832243ee8d922b875bb9f66b9872,gx-no-cache=1458147504856 HTTP/1.1" 200 3227
192.168.10.89 - - [16/Mar/2016:12:58:17 -0300] "GET /cormun/servlet/prlicenciaspermisos?7663916,L,,MD,,gxPopupLevel%3D0%3B HTTP/1.1" 200 5769
191.112.59.247 - - [16/Mar/2016:12:58:19 -0300] "POST /cormun/servlet/trautorizarsolicitud?cd77832243ee8d922b875bb9f66b9872,gx-no-cache=1458147520098 HTTP/1.1" 200 6644
191.112.59.247 - - [16/Mar/2016:12:58:20 -0300] "GET /cormun//static/Resources/PXTools/ActionInsert.png HTTP/1.1" 304 -
191.112.59.247 - - [16/Mar/2016:12:58:20 -0300] "GET /cormun/servlet/trautorizarsolicitud?60268cfc8efbce5c3ef8790c012c2a5c9f0fbeaa7b9275728b1ca13e34d8b5aae4a501a25058fcf1dd569bc599860f07d02bcb2e7da656bad394138d0fa506ca5dad829a5ebf6d6135b83e509789ad84ee2b7c8ed7e273ff1264c4f34d0a561e,gx-no-cache=1458147520783 HTTP/1.1" 200 4553
186.103.158.250 - - [16/Mar/2016:12:58:26 -0300] "POST /cormun/servlet/vesolicitudot?92df9df36b46705b016a033dfea24681,2016,937,,,gx-no-cache=1458147447358 HTTP/1.1" 200 93
186.103.158.250 - - [16/Mar/2016:12:58:26 -0300] "GET /cormun/servlet/hpexe_return? HTTP/1.1" 200 1008
186.103.158.250 - - [16/Mar/2016:12:58:26 -0300] "GET /cormun/servlet/trsolicitudot HTTP/1.1" 200 7463
201.214.54.176 - - [16/Mar/2016:12:58:37 -0300] "GET /cormun/servlet/trsolicitudot? HTTP/1.1" 200 6179
201.214.54.176 - - [16/Mar/2016:12:58:38 -0300] "GET /cormun/servlet/trsolicitudot? HTTP/1.1" 200 6178
201.214.54.176 - - [16/Mar/2016:12:58:40 -0300] "POST /cormun/servlet/trsolicitudot?7cd40049f1579260df6e6a4907bc158f,,gx-no-cache=1458143941073 HTTP/1.1" 200 3502
192.168.10.89 - - [16/Mar/2016:12:58:50 -0300] "GET /cormun/servlet/prlicenciaspermisos?7663916,L,,MD,,gxPopupLevel%3D0%3B HTTP/1.1" 200 5821
186.103.158.250 - - [16/Mar/2016:12:58:56 -0300] "GET /cormun/servlet/hpexe_return? HTTP/1.1" 200 1008
186.103.158.250 - - [16/Mar/2016:12:58:56 -0300] "GET /cormun/servlet/hhome HTTP/1.1" 200 3407
192.168.10.89 - - [16/Mar/2016:12:58:56 -0300] "GET /cormun/servlet/solicitudot?66931b010fa1ba4c4ac6bf803e30646827a3351a7f5be596d6294fd17a53de91b9526cd54e98ebf0beb170de69ed5dcfa5561e68df7843d18749c4ab925e2916cac425b3e9b604679e29b68a113e07a601b1eb413858ae0ffa1ca8ee199cf1408ef5e0a95d2a023269cbde4540f7e84fc4d31233261e2bd46f262faaf814b005b9ae7728d0cf286422be606ec086cec64c975f89582fffd9d9d33fe3935fb20f,gx-no-cache=1458143684306 HTTP/1.1" 200 38
201.214.54.176 - - [16/Mar/2016:12:58:58 -0300] "GET /cormun/servlet/trsolicitudot?c9b32e5e7687527d1f553567ada34e30c0b8d16f83b94a0a6ce2f726a3032cef2f473ef3415e3909d29f1da7d8507577e27e2267ceaafb049451dca6c4a9185ff53f740d5fdeb5627a0655d27ab710349c1c55d581a3429ff1c0a667665585d4,gx-no-cache=1458143959145 HTTP/1.1" 200 761
192.168.10.89 - - [16/Mar/2016:12:59:02 -0300] "GET /cormun/servlet/solicitudot?66931b010fa1ba4c4ac6bf803e306468a7572230db58f20284ca4c3e56a2f4595844a5ef533354ea7c8a79e01046a253591e5e29e4c9ad6326acf94dee43f5eeaf1df6af70daaf0d1ccc7269fdbf16f2e2d3fde1c7e1eea00718009fd11f90c55d1695a93ab0d7029fd336f328a73b9cd98dbf52233388cba775ffd4b6cdd1a0f8f655a78d4dfb93bfed6c3736532273c9614f56bc1f25d002faa3f6fef82f22,gx-no-cache=1458143689569 HTTP/1.1" 200 29
192.168.10.89 - - [16/Mar/2016:12:59:02 -0300] "POST /cormun/servlet/solicitudot?gx-no-cache=1458143689598 HTTP/1.1" 200 1127
192.168.10.89 - - [16/Mar/2016:12:59:09 -0300] "GET /cormun/servlet/solicitudot?66931b010fa1ba4c4ac6bf803e30646832b188cd1a92c7908887d4bdecd53a52725df6c2d5c9f448e0977615eea29375003a2e66fa6fa47405a056c170db8f3c71fa00464da5a49a698d3437bf744bb68b8fe87046060f9ddb660fd808f010d471c2c367e0af72241da7239bd9a3b5079643a6b50f5ecb7e259c71d30d6718cafafeeb88347818ca37db46d4d509af84a01a0e5d8cb8c362f9312da10cda4ce9aad3e0e406f32b179e32ce591685c7481981ea4645b4d493abf965ac452e808a,gx-no-cache=1458143697121 HTTP/1.1" 200 30
192.168.10.89 - - [16/Mar/2016:12:59:16 -0300] "POST /cormun/servlet/solicitudot?73200b4dcd213a7743cc7d4a4decccc9,INS,0,0,,gx-no-cache=1458143703520 HTTP/1.1" 200 93
192.168.10.89 - - [16/Mar/2016:12:59:16 -0300] "GET /cormun/servlet/hpexe_return? HTTP/1.1" 200 1010
192.168.10.89 - - [16/Mar/2016:12:59:17 -0300] "GET /cormun/servlet/trsolicitudot HTTP/1.1" 200 7594
201.214.54.176 - - [16/Mar/2016:12:59:19 -0300] "GET /cormun/servlet/trsolicitudot?c9b32e5e7687527d1f553567ada34e30c0b8d16f83b94a0a6ce2f726a3032cef2f473ef3415e3909d29f1da7d8507577e27e2267ceaafb049451dca6c4a9185ff53f740d5fdeb5627a0655d27ab710349c1c55d581a3429ff1c0a667665585d4,gx-no-cache=1458143980100 HTTP/1.1" 200 761
201.214.54.176 - - [16/Mar/2016:12:59:25 -0300] "GET /cormun/servlet/trsolicitudot?c9b32e5e7687527d1f553567ada34e30c0b8d16f83b94a0a6ce2f726a3032cefca364526e80a6c1dd5babbe8d516d7aab755078771b26fefcacd8d3640ce7ede08dac789ce0a0952ac3b3a11ef7d9a33f92d8bf1d57d3c81223374d7879f5d89,gx-no-cache=1458143986553 HTTP/1.1" 200 761
201.214.54.176 - - [16/Mar/2016:12:59:26 -0300] "GET /cormun/servlet/trsolicitudot?c9b32e5e7687527d1f553567ada34e3080193ed428b4336f3586410d630bb1ec2cc181079d123023f84cf9192e54fb79d5a6822fd2f4b98dee1c2afaeb395f18927926d2cf6d892cd385f806db5e64f0167d148162b65428d4e4c9a36efe9bb5,gx-no-cache=1458143987146 HTTP/1.1" 200 761
201.214.54.176 - - [16/Mar/2016:12:59:26 -0300] "GET /cormun/servlet/trsolicitudot?c9b32e5e7687527d1f553567ada34e30c392983e6d333945d2af34f2a18e469490f16045acacc82ff6e95ebfe0bcd44287474fdfec30f99420d1e840b458e3c5e86fbd243374b72e6d3594d58cbd00f727f4f2045133f1e5297aa28de74430e7,gx-no-cache=1458143987707 HTTP/1.1" 200 761
201.214.54.176 - - [16/Mar/2016:12:59:27 -0300] "GET /cormun/servlet/trsolicitudot?c9b32e5e7687527d1f553567ada34e3092d603a1b375480b5d6fb56bb934ea14d97c226d4373334a82a83166b7561416ca1b3635820fbd22122c9d97efdaeacf6556bb1a1ec785aa4f1f4f7277f9373d41b1f0fd101abbf871c13494a04c1289,gx-no-cache=1458143988648 HTTP/1.1" 200 761
201.214.54.176 - - [16/Mar/2016:12:59:30 -0300] "GET /cormun/servlet/trsolicitudot?c9b32e5e7687527d1f553567ada34e3092d603a1b375480b5d6fb56bb934ea14b23ec97caa47f665702fcf604e856c0bb755078771b26fefcacd8d3640ce7ede08dac789ce0a0952ac3b3a11ef7d9a33f92d8bf1d57d3c81223374d7879f5d89,gx-no-cache=1458143991632 HTTP/1.1" 200 761
201.214.54.176 - - [16/Mar/2016:12:59:31 -0300] "GET /cormun/servlet/trsolicitudot?c9b32e5e7687527d1f553567ada34e306bc061a63d42818d4b5ddf72362173cf73de0801e310e62d2c8cd04623980b94d5a6822fd2f4b98dee1c2afaeb395f18927926d2cf6d892cd385f806db5e64f0167d148162b65428d4e4c9a36efe9bb5,gx-no-cache=1458143992495 HTTP/1.1" 200 761
192.168.10.89 - - [16/Mar/2016:12:59:31 -0300] "GET /cormun/servlet/solicitudot?INS,0,0, HTTP/1.1" 200 11514
201.214.54.176 - - [16/Mar/2016:12:59:32 -0300] "GET /cormun/servlet/trsolicitudot?c9b32e5e7687527d1f553567ada34e306bc061a63d42818d4b5ddf72362173cf420feee0ce021f7359def803d08dd0c0664bfd04780f1f7c895cce3ea29d91c6064710194271784719de8dde0512c058280080032ba3e4c1e86f47939458c673,gx-no-cache=1458143993552 HTTP/1.1" 200 761
192.168.10.89 - - [16/Mar/2016:12:59:35 -0300] "GET /cormun/servlet/prfichaempleado?,MD,,gxPopupLevel%3D0%3B HTTP/1.1" 200 7950
192.168.10.89 - - [16/Mar/2016:12:59:39 -0300] "GET /cormun/servlet/prfichaempleado?39deff8c75e536061477466371e3013660e9ae486e558d93aef3d7b2840326464a70059102997d86301b58bd6c98b1ad3b8ca571877a5df17a1dcc7a365eea0ade64e42ad9dd286746070a90e9e345e9,gx-no-cache=1458143726969 HTTP/1.1" 200 457
192.168.10.89 - - [16/Mar/2016:12:59:40 -0300] "GET /cormun/servlet/prfichaempleado?39deff8c75e536061477466371e301363df39684cf5be5a5651ba77c3f388de13f98f8999faaf405672431dbe239377ddfd6bb0de0c32bc2e96bbe8af73679bdf3d7f7b06c6d0749bafe72b96b72ddf4,gx-no-cache=1458143727907 HTTP/1.1" 200 459
192.168.10.89 - - [16/Mar/2016:12:59:41 -0300] "POST /cormun/servlet/prfichaempleado?73200b4dcd213a7743cc7d4a4decccc9,,MD,,gxPopupLevel%3D0%3B,gx-no-cache=1458143728796 HTTP/1.1" 200 2966
201.214.54.176 - - [16/Mar/2016:12:59:41 -0300] "GET /cormun/servlet/trsolicitudot?c9b32e5e7687527d1f553567ada34e306bc061a63d42818d4b5ddf72362173cf78000c0006f0f8522c5ec18e79f09ba5b755078771b26fefcacd8d3640ce7ede08dac789ce0a0952ac3b3a11ef7d9a33f92d8bf1d57d3c81223374d7879f5d89,gx-no-cache=1458144002467 HTTP/1.1" 200 761
192.168.10.89 - - [16/Mar/2016:12:59:45 -0300] "POST /cormun/servlet/solicitudot?gx-no-cache=1458143733058 HTTP/1.1" 200 2749
192.168.10.89 - - [16/Mar/2016:12:59:45 -0300] "POST /cormun/servlet/solicitudot?73200b4dcd213a7743cc7d4a4decccc9,INS,0,0,,gx-no-cache=1458143733242 HTTP/1.1" 200 8408
192.168.10.89 - - [16/Mar/2016:12:59:47 -0300] "GET /cormun/servlet/solicitudot?66931b010fa1ba4c4ac6bf803e3064684d1d882efe4a089e98925586f024d0b287a73bc3a6a24485822cdb43081a7c42,gx-no-cache=1458143734984 HTTP/1.1" 200 30
192.168.10.89 - - [16/Mar/2016:12:59:50 -0300] "POST /cormun/servlet/solicitudot?gx-no-cache=1458143738259 HTTP/1.1" 200 30
192.168.10.89 - - [16/Mar/2016:12:59:53 -0300] "POST /cormun/servlet/solicitudot?gx-no-cache=1458143740413 HTTP/1.1" 200 30
192.168.10.89 - - [16/Mar/2016:12:59:55 -0300] "GET /cormun/servlet/prcontratosol?9751800,,,,,MD,,gxPopupLevel%3D0%3B HTTP/1.1" 200 5733
192.168.10.89 - - [16/Mar/2016:12:59:57 -0300] "POST /cormun/servlet/solicitudot?gx-no-cache=1458143745164 HTTP/1.1" 200 1171
192.168.10.89 - - [16/Mar/2016:12:59:57 -0300] "GET /cormun/servlet/solicitudot?66931b010fa1ba4c4ac6bf803e30646827a3351a7f5be596d6294fd17a53de91b9526cd54e98ebf0beb170de69ed5dcfa5561e68df7843d18749c4ab925e2916cac425b3e9b604679e29b68a113e07a601b1eb413858ae0ffa1ca8ee199cf1408ef5e0a95d2a023269cbde4540f7e84fc4d31233261e2bd46f262faaf814b005722fd2e347395d635220e754a6e42f20,gx-no-cache=1458143745280 HTTP/1.1" 200 38
192.168.10.89 - - [16/Mar/2016:12:59:57 -0300] "GET /cormun/servlet/solicitudot?66931b010fa1ba4c4ac6bf803e306468a7572230db58f20284ca4c3e56a2f4595844a5ef533354ea7c8a79e01046a253591e5e29e4c9ad6326acf94dee43f5eeaf1df6af70daaf0d1ccc7269fdbf16f2e2d3fde1c7e1eea00718009fd11f90c55d1695a93ab0d7029fd336f328a73b9cd98dbf52233388cba775ffd4b6cdd1a0f8f655a78d4dfb93bfed6c3736532273c9614f56bc1f25d002faa3f6fef82f22,gx-no-cache=1458143745301 HTTP/1.1" 200 29
192.168.10.89 - - [16/Mar/2016:12:59:57 -0300] "POST /cormun/servlet/solicitudot?gx-no-cache=1458143745320 HTTP/1.1" 200 1127
201.214.54.176 - - [16/Mar/2016:13:00:07 -0300] "GET /cormun/servlet/trsolicitudot?c9b32e5e7687527d1f553567ada34e30c0b8d16f83b94a0a6ce2f726a3032ceff84aed2daa097d902646f5fa90393691fd17916a9582a07c8e48b2f44ea70accd8aaf000f4039964474256ce79cf37c2a7412e888812479570dfc6c37bf132c0,gx-no-cache=1458144027918 HTTP/1.1" 200 761
192.168.10.89 - - [16/Mar/2016:13:00:16 -0300] "GET /cormun/servlet/solicitudot?66931b010fa1ba4c4ac6bf803e30646813780da98f3eb19324de1d13b83466548334b4f9510a5d60539389fdcd070b04a488a8effd6d5414456c70d7759cd83f76b24c8321710e419b491bdbed99caebe812cbafa306830b7f6e390319124233fa28f29109fe4d1d04cef749cddcd4a764f36a0c7d1370181304bbe8cbc013b74a0f17e41349d2be77f161ccfa009630d1f162c6960dbfe1098ad53ce88027617b11c4a1d5310e3fd52217411be0862a,gx-no-cache=1458143763802 HTTP/1.1" 200 30
201.214.54.176 - - [16/Mar/2016:13:00:20 -0300] "GET /cormun/servlet/trsolicitudot?c9b32e5e7687527d1f553567ada34e30c0b8d16f83b94a0a6ce2f726a3032cef2f473ef3415e3909d29f1da7d8507577e27e2267ceaafb049451dca6c4a9185ff53f740d5fdeb5627a0655d27ab710349c1c55d581a3429ff1c0a667665585d4,gx-no-cache=1458144040944 HTTP/1.1" 200 761
192.168.10.89 - - [16/Mar/2016:13:00:23 -0300] "POST /cormun/servlet/solicitudot?73200b4dcd213a7743cc7d4a4decccc9,INS,0,0,,gx-no-cache=1458143770407 HTTP/1.1" 200 93
192.168.10.89 - - [16/Mar/2016:13:00:23 -0300] "GET /cormun/servlet/hpexe_return? HTTP/1.1" 200 1010
192.168.10.89 - - [16/Mar/2016:13:00:24 -0300] "GET /cormun/servlet/trsolicitudot HTTP/1.1" 200 7928
192.168.10.89 - - [16/Mar/2016:13:00:29 -0300] "POST /cormun/servlet/trsolicitudot?73200b4dcd213a7743cc7d4a4decccc9,gx-no-cache=1458143776892 HTTP/1.1" 200 5329
192.168.10.89 - - [16/Mar/2016:13:00:29 -0300] "POST /cormun/servlet/trsolicitudot?73200b4dcd213a7743cc7d4a4decccc9,gx-no-cache=1458143777162 HTTP/1.1" 200 5330
192.168.10.89 - - [16/Mar/2016:13:00:30 -0300] "POST /cormun/servlet/trsolicitudot?73200b4dcd213a7743cc7d4a4decccc9,gx-no-cache=1458143777475 HTTP/1.1" 200 5330
192.168.10.89 - - [16/Mar/2016:13:00:30 -0300] "POST /cormun/servlet/trsolicitudot?73200b4dcd213a7743cc7d4a4decccc9,gx-no-cache=1458143777917 HTTP/1.1" 200 5329
192.168.10.89 - - [16/Mar/2016:13:00:31 -0300] "POST /cormun/servlet/trsolicitudot?73200b4dcd213a7743cc7d4a4decccc9,gx-no-cache=1458143778347 HTTP/1.1" 200 5329
192.168.10.89 - - [16/Mar/2016:13:00:31 -0300] "POST /cormun/servlet/trsolicitudot?73200b4dcd213a7743cc7d4a4decccc9,gx-no-cache=1458143778807 HTTP/1.1" 200 5329
192.168.10.89 - - [16/Mar/2016:13:00:32 -0300] "POST /cormun/servlet/trsolicitudot?73200b4dcd213a7743cc7d4a4decccc9,gx-no-cache=1458143779359 HTTP/1.1" 200 5330
192.168.10.89 - - [16/Mar/2016:13:00:35 -0300] "POST /cormun/servlet/trsolicitudot?73200b4dcd213a7743cc7d4a4decccc9,gx-no-cache=1458143779976 HTTP/1.1" 200 5011
192.168.10.89 - - [16/Mar/2016:13:00:36 -0300] "POST /cormun/servlet/trsolicitudot?73200b4dcd213a7743cc7d4a4decccc9,gx-no-cache=1458143783352 HTTP/1.1" 200 4953
192.168.10.89 - - [16/Mar/2016:13:00:36 -0300] "GET /cormun/static/Shared/jqueryui/images/ui-icons_82798d_256x240.png HTTP/1.1" 404 1089
192.168.10.89 - - [16/Mar/2016:13:00:36 -0300] "GET /cormun/static/Shared/jqueryui/images/ui-bg_highlight-soft_100_c6c2c8_1x100.png HTTP/1.1" 404 1117
192.168.10.89 - - [16/Mar/2016:13:00:36 -0300] "GET /cormun/static/Shared/jqueryui/images/ui-icons_8d78a5_256x240.png HTTP/1.1" 404 1089
192.168.10.89 - - [16/Mar/2016:13:00:36 -0300] "GET /cormun/static/Shared/jqueryui/images/ui-bg_flat_55_fafafa_40x100.png HTTP/1.1" 404 1097
201.214.54.176 - - [16/Mar/2016:13:00:37 -0300] "GET /cormun/servlet/trsolicitudot?c9b32e5e7687527d1f553567ada34e30c0b8d16f83b94a0a6ce2f726a3032cef2f473ef3415e3909d29f1da7d8507577e27e2267ceaafb049451dca6c4a9185ff53f740d5fdeb5627a0655d27ab710349c1c55d581a3429ff1c0a667665585d4,gx-no-cache=1458144058773 HTTP/1.1" 200 761
192.168.10.89 - - [16/Mar/2016:13:00:39 -0300] "GET /cormun/servlet/trautorizarsolicitud? HTTP/1.1" 200 7862
192.168.10.89 - - [16/Mar/2016:13:00:43 -0300] "POST /cormun/servlet/trautorizarsolicitud?73200b4dcd213a7743cc7d4a4decccc9,,gx-no-cache=1458143791180 HTTP/1.1" 200 5289
192.168.10.89 - - [16/Mar/2016:13:00:44 -0300] "POST /cormun/servlet/trautorizarsolicitud?73200b4dcd213a7743cc7d4a4decccc9,,gx-no-cache=1458143791444 HTTP/1.1" 200 5289
192.168.10.89 - - [16/Mar/2016:13:00:44 -0300] "POST /cormun/servlet/trautorizarsolicitud?73200b4dcd213a7743cc7d4a4decccc9,,gx-no-cache=1458143791740 HTTP/1.1" 200 5289
192.168.10.89 - - [16/Mar/2016:13:00:44 -0300] "POST /cormun/servlet/trautorizarsolicitud?73200b4dcd213a7743cc7d4a4decccc9,,gx-no-cache=1458143792166 HTTP/1.1" 200 5288
192.168.10.89 - - [16/Mar/2016:13:00:45 -0300] "POST /cormun/servlet/trautorizarsolicitud?73200b4dcd213a7743cc7d4a4decccc9,,gx-no-cache=1458143792582 HTTP/1.1" 200 5289
192.168.10.89 - - [16/Mar/2016:13:00:45 -0300] "POST /cormun/servlet/trautorizarsolicitud?73200b4dcd213a7743cc7d4a4decccc9,,gx-no-cache=1458143793267 HTTP/1.1" 200 5288
192.168.10.89 - - [16/Mar/2016:13:00:46 -0300] "POST /cormun/servlet/trautorizarsolicitud?73200b4dcd213a7743cc7d4a4decccc9,,gx-no-cache=1458143793771 HTTP/1.1" 200 5289
201.214.54.176 - - [16/Mar/2016:13:00:46 -0300] "GET /cormun/servlet/trsolicitudot?c9b32e5e7687527d1f553567ada34e30c0b8d16f83b94a0a6ce2f726a3032cef63d15193366430b9311727384e5b86b5fd17916a9582a07c8e48b2f44ea70accd8aaf000f4039964474256ce79cf37c2a7412e888812479570dfc6c37bf132c0,gx-no-cache=1458144067589 HTTP/1.1" 200 761
201.214.54.176 - - [16/Mar/2016:13:00:47 -0300] "GET /cormun/servlet/trsolicitudot?c9b32e5e7687527d1f553567ada34e30c392983e6d333945d2af34f2a18e469490f16045acacc82ff6e95ebfe0bcd44287474fdfec30f99420d1e840b458e3c5e86fbd243374b72e6d3594d58cbd00f727f4f2045133f1e5297aa28de74430e7,gx-no-cache=1458144068189 HTTP/1.1" 200 761
201.214.54.176 - - [16/Mar/2016:13:00:48 -0300] "GET /cormun/servlet/trsolicitudot?c9b32e5e7687527d1f553567ada34e3092d603a1b375480b5d6fb56bb934ea14d97c226d4373334a82a83166b7561416ca1b3635820fbd22122c9d97efdaeacf6556bb1a1ec785aa4f1f4f7277f9373d41b1f0fd101abbf871c13494a04c1289,gx-no-cache=1458144069287 HTTP/1.1" 200 761
192.168.10.89 - - [16/Mar/2016:13:00:49 -0300] "POST /cormun/servlet/trautorizarsolicitud?73200b4dcd213a7743cc7d4a4decccc9,,gx-no-cache=1458143794400 HTTP/1.1" 200 4959
192.168.10.89 - - [16/Mar/2016:13:00:50 -0300] "POST /cormun/servlet/trautorizarsolicitud?73200b4dcd213a7743cc7d4a4decccc9,,gx-no-cache=1458143797770 HTTP/1.1" 200 4903
192.168.10.89 - - [16/Mar/2016:13:00:51 -0300] "GET /cormun/static/Shared/jqueryui/images/ui-icons_8d78a5_256x240.png HTTP/1.1" 404 1089
192.168.10.89 - - [16/Mar/2016:13:00:51 -0300] "GET /cormun/static/Shared/jqueryui/images/ui-icons_82798d_256x240.png HTTP/1.1" 404 1089
192.168.10.89 - - [16/Mar/2016:13:00:51 -0300] "GET /cormun/static/Shared/jqueryui/images/ui-bg_flat_55_fafafa_40x100.png HTTP/1.1" 404 1097
192.168.10.89 - - [16/Mar/2016:13:00:51 -0300] "GET /cormun/static/Shared/jqueryui/images/ui-bg_highlight-soft_100_c6c2c8_1x100.png HTTP/1.1" 404 1117
192.168.10.89 - - [16/Mar/2016:13:00:54 -0300] "GET /cormun/servlet/trsolicitudot? HTTP/1.1" 200 7591
201.214.54.176 - - [16/Mar/2016:13:01:10 -0300] "POST /cormun/servlet/trsolicitudot?7cd40049f1579260df6e6a4907bc158f,,gx-no-cache=1458144090691 HTTP/1.1" 200 3511
201.214.54.176 - - [16/Mar/2016:13:01:10 -0300] "POST /cormun/servlet/trsolicitudot?7cd40049f1579260df6e6a4907bc158f,,gx-no-cache=1458144090944 HTTP/1.1" 200 3511
201.214.54.176 - - [16/Mar/2016:13:01:10 -0300] "POST /cormun/servlet/trsolicitudot?7cd40049f1579260df6e6a4907bc158f,,gx-no-cache=1458144091082 HTTP/1.1" 200 3510
201.214.54.176 - - [16/Mar/2016:13:01:10 -0300] "POST /cormun/servlet/trsolicitudot?7cd40049f1579260df6e6a4907bc158f,,gx-no-cache=1458144091237 HTTP/1.1" 200 3511
201.214.54.176 - - [16/Mar/2016:13:01:10 -0300] "POST /cormun/servlet/trsolicitudot?7cd40049f1579260df6e6a4907bc158f,,gx-no-cache=1458144091390 HTTP/1.1" 200 3511
201.214.54.176 - - [16/Mar/2016:13:01:10 -0300] "POST /cormun/servlet/trsolicitudot?7cd40049f1579260df6e6a4907bc158f,,gx-no-cache=1458144091550 HTTP/1.1" 200 3510
201.214.54.176 - - [16/Mar/2016:13:01:10 -0300] "POST /cormun/servlet/trsolicitudot?7cd40049f1579260df6e6a4907bc158f,,gx-no-cache=1458144091712 HTTP/1.1" 200 3510
201.214.54.176 - - [16/Mar/2016:13:01:11 -0300] "POST /cormun/servlet/trsolicitudot?7cd40049f1579260df6e6a4907bc158f,,gx-no-cache=1458144091877 HTTP/1.1" 200 3511
201.214.54.176 - - [16/Mar/2016:13:01:11 -0300] "POST /cormun/servlet/trsolicitudot?7cd40049f1579260df6e6a4907bc158f,,gx-no-cache=1458144092035 HTTP/1.1" 200 3510
201.214.54.176 - - [16/Mar/2016:13:01:11 -0300] "POST /cormun/servlet/trsolicitudot? HTTP/1.1" 200 6193
201.214.54.176 - - [16/Mar/2016:13:01:11 -0300] "GET /cormun/servlet/trsolicitudot? HTTP/1.1" 200 6193
201.214.54.176 - - [16/Mar/2016:13:01:17 -0300] "POST /cormun/servlet/trsolicitudot?7cd40049f1579260df6e6a4907bc158f,,gx-no-cache=1458144097964 HTTP/1.1" 200 3511
201.214.54.176 - - [16/Mar/2016:13:01:17 -0300] "POST /cormun/servlet/trsolicitudot?7cd40049f1579260df6e6a4907bc158f,,gx-no-cache=1458144098104 HTTP/1.1" 200 3510
201.214.54.176 - - [16/Mar/2016:13:01:17 -0300] "POST /cormun/servlet/trsolicitudot?7cd40049f1579260df6e6a4907bc158f,,gx-no-cache=1458144098242 HTTP/1.1" 200 3510
201.214.54.176 - - [16/Mar/2016:13:01:17 -0300] "POST /cormun/servlet/trsolicitudot?7cd40049f1579260df6e6a4907bc158f,,gx-no-cache=1458144098393 HTTP/1.1" 200 3511
192.168.10.89 - - [16/Mar/2016:13:01:48 -0300] "GET /cormun/servlet/trsolicitudot? HTTP/1.1" 200 7590
201.214.54.176 - - [16/Mar/2016:13:01:58 -0300] "GET /cormun/servlet/trsolicitudot?c9b32e5e7687527d1f553567ada34e30c98c7b8383aad3d094a3d0a37de4471c4b67a03e1ce38c14e92f465f5af4e0572a64353fcfa3090d23a9a9ff542ab0287418cbf78aa8d1244a0c1d4c8102150145ab8ab65eb453d1e200d014d9f8756e,gx-no-cache=1458144139754 HTTP/1.1" 200 767
201.214.54.176 - - [16/Mar/2016:13:01:59 -0300] "POST /cormun/servlet/trsolicitudot?7cd40049f1579260df6e6a4907bc158f,,gx-no-cache=1458144139906 HTTP/1.1" 200 3511
201.214.54.176 - - [16/Mar/2016:13:02:03 -0300] "POST /cormun/servlet/trsolicitudot?7cd40049f1579260df6e6a4907bc158f,,gx-no-cache=1458144143910 HTTP/1.1" 200 3510
201.214.54.176 - - [16/Mar/2016:13:02:19 -0300] "GET /cormun/servlet/trsolicitudot?c9b32e5e7687527d1f553567ada34e30e9a0468cb0edf086537874b19a0c87f24b67a03e1ce38c14e92f465f5af4e0572a64353fcfa3090d23a9a9ff542ab0287418cbf78aa8d1244a0c1d4c8102150145ab8ab65eb453d1e200d014d9f8756e,gx-no-cache=1458144160316 HTTP/1.1" 200 767
201.214.54.176 - - [16/Mar/2016:13:02:19 -0300] "POST /cormun/servlet/trsolicitudot?7cd40049f1579260df6e6a4907bc158f,,gx-no-cache=1458144160407 HTTP/1.1" 200 3510
201.214.54.176 - - [16/Mar/2016:13:02:19 -0300] "POST /cormun/servlet/trsolicitudot?7cd40049f1579260df6e6a4907bc158f,,gx-no-cache=1458144160558 HTTP/1.1" 200 3511
201.214.54.176 - - [16/Mar/2016:13:02:25 -0300] "POST /cormun/servlet/trsolicitudot?7cd40049f1579260df6e6a4907bc158f,,gx-no-cache=1458144166070 HTTP/1.1" 200 3510
201.214.54.176 - - [16/Mar/2016:13:02:25 -0300] "POST /cormun/servlet/trsolicitudot?7cd40049f1579260df6e6a4907bc158f,,gx-no-cache=1458144166231 HTTP/1.1" 200 3510
201.214.54.176 - - [16/Mar/2016:13:02:25 -0300] "POST /cormun/servlet/trsolicitudot?7cd40049f1579260df6e6a4907bc158f,,gx-no-cache=1458144166380 HTTP/1.1" 200 3511
201.214.54.176 - - [16/Mar/2016:13:02:25 -0300] "POST /cormun/servlet/trsolicitudot?7cd40049f1579260df6e6a4907bc158f,,gx-no-cache=1458144166575 HTTP/1.1" 200 3511
201.214.54.176 - - [16/Mar/2016:13:02:33 -0300] "GET /cormun/servlet/trautorizarsolicitud? HTTP/1.1" 200 6132
201.214.54.176 - - [16/Mar/2016:13:02:33 -0300] "GET /cormun/static/Resources/Spanish/PXTools.css?19444614 HTTP/1.1" 200 89042
201.214.54.176 - - [16/Mar/2016:13:02:34 -0300] "GET /cormun/static/gxcfg.js?20163219504791 HTTP/1.1" 200 953
201.214.54.176 - - [16/Mar/2016:13:02:34 -0300] "GET /cormun/static/trautorizarsolicitud.js?20163219505323 HTTP/1.1" 200 45302
201.214.54.176 - - [16/Mar/2016:13:02:34 -0300] "GET /cormun/servlet/trautorizarsolicitud? HTTP/1.1" 200 6132
201.214.54.176 - - [16/Mar/2016:13:02:35 -0300] "POST /cormun/servlet/acontrolpreferencessavestate?None,MSALAS,true HTTP/1.1" 200 35
201.214.54.176 - - [16/Mar/2016:13:02:38 -0300] "GET /cormun/servlet/trsolicitudot? HTTP/1.1" 200 6202
201.214.54.176 - - [16/Mar/2016:13:02:39 -0300] "GET /cormun/servlet/trsolicitudot? HTTP/1.1" 200 6202
201.214.54.176 - - [16/Mar/2016:13:02:41 -0300] "POST /cormun/servlet/trsolicitudot?7cd40049f1579260df6e6a4907bc158f,,gx-no-cache=1458144181869 HTTP/1.1" 200 3514
201.214.54.176 - - [16/Mar/2016:13:02:56 -0300] "POST /cormun/servlet/trsolicitudot?7cd40049f1579260df6e6a4907bc158f,,gx-no-cache=1458144197299 HTTP/1.1" 200 3521
201.214.54.176 - - [16/Mar/2016:13:02:56 -0300] "POST /cormun/servlet/trsolicitudot?7cd40049f1579260df6e6a4907bc158f,,gx-no-cache=1458144197461 HTTP/1.1" 200 3520
201.214.54.176 - - [16/Mar/2016:13:03:03 -0300] "POST /cormun/servlet/trsolicitudot?7cd40049f1579260df6e6a4907bc158f,,gx-no-cache=1458144204147 HTTP/1.1" 200 3516
201.214.54.176 - - [16/Mar/2016:13:03:03 -0300] "POST /cormun/servlet/trsolicitudot?7cd40049f1579260df6e6a4907bc158f,,gx-no-cache=1458144204306 HTTP/1.1" 200 3516
201.214.54.176 - - [16/Mar/2016:13:03:03 -0300] "POST /cormun/servlet/trsolicitudot?7cd40049f1579260df6e6a4907bc158f,,gx-no-cache=1458144204443 HTTP/1.1" 200 3516
201.214.54.176 - - [16/Mar/2016:13:03:07 -0300] "GET /cormun/servlet/trsolicitudot?c9b32e5e7687527d1f553567ada34e3092d603a1b375480b5d6fb56bb934ea149d940e34a4f09837f063c2fc5b5aaee39becd9bf4bf65894bb637ba6a21843767d0d2885b2e187d93ba179f23f01b36078b60d5928c317687780bf3d336cce03,gx-no-cache=1458144207972 HTTP/1.1" 200 768
201.214.54.176 - - [16/Mar/2016:13:03:21 -0300] "GET /cormun/servlet/trsolicitudot?c9b32e5e7687527d1f553567ada34e30c98c7b8383aad3d094a3d0a37de4471c0f4f83f1655646e7fa4f948baee4968e69511297097c975030ce94aba8fff28ce8ca36005e3f890daf91df0494139544ebec539b19f2a7ae29da72ddf96ec98a,gx-no-cache=1458144222600 HTTP/1.1" 200 768
201.214.54.176 - - [16/Mar/2016:13:03:21 -0300] "POST /cormun/servlet/trsolicitudot?7cd40049f1579260df6e6a4907bc158f,,gx-no-cache=1458144222688 HTTP/1.1" 200 3517
201.214.54.176 - - [16/Mar/2016:13:03:41 -0300] "GET /cormun/servlet/trsolicitudot?c9b32e5e7687527d1f553567ada34e30c98c7b8383aad3d094a3d0a37de4471c4b67a03e1ce38c14e92f465f5af4e0572a64353fcfa3090d23a9a9ff542ab0287418cbf78aa8d1244a0c1d4c8102150145ab8ab65eb453d1e200d014d9f8756e,gx-no-cache=1458144242295 HTTP/1.1" 200 768
201.214.54.176 - - [16/Mar/2016:13:03:44 -0300] "POST /cormun/servlet/trsolicitudot?7cd40049f1579260df6e6a4907bc158f,,gx-no-cache=1458144245102 HTTP/1.1" 200 3524
201.214.54.176 - - [16/Mar/2016:13:03:45 -0300] "POST /cormun/servlet/trsolicitudot?7cd40049f1579260df6e6a4907bc158f,,gx-no-cache=1458144246608 HTTP/1.1" 200 3525
201.214.54.176 - - [16/Mar/2016:13:03:50 -0300] "GET /cormun/servlet/trsolicitudot?c9b32e5e7687527d1f553567ada34e30c98c7b8383aad3d094a3d0a37de4471c63a6dab8ad17dcbc01a17df82a58d871086af006a02e1e3ccd855d590a0b3de8bbf746fb19e8f9e29e87d9807708ca38a050b8da900b7d76d0c453c17f15a737,gx-no-cache=1458144251230 HTTP/1.1" 200 776
201.214.54.176 - - [16/Mar/2016:13:03:50 -0300] "GET /cormun/servlet/trsolicitudot?c9b32e5e7687527d1f553567ada34e30c98c7b8383aad3d094a3d0a37de4471c6725b65b317671f44a7f019800007c9935dbf3d925add81400775e28acc71710cf04991333aa81af3e1586dd38d1808f8d78799cb46446d4a13919b018cf7c48,gx-no-cache=1458144251799 HTTP/1.1" 200 776
201.214.54.176 - - [16/Mar/2016:13:03:52 -0300] "GET /cormun/servlet/trsolicitudot?c9b32e5e7687527d1f553567ada34e30c98c7b8383aad3d094a3d0a37de4471c97aecf848d2b9951d20cf2e806535b878af85937a173ff4ff1fa9f475eaece326ad7f6f2ff9fb90585beb940b8bf3f27f55782d71016d48d68dded9a996f5ea3,gx-no-cache=1458144253704 HTTP/1.1" 200 776
201.214.54.176 - - [16/Mar/2016:13:03:53 -0300] "GET /cormun/servlet/trsolicitudot?c9b32e5e7687527d1f553567ada34e30c98c7b8383aad3d094a3d0a37de4471c97aecf848d2b9951d20cf2e806535b87bf19faa0fc4babe290463c6dd65fbf64d5a6822fd2f4b98dee1c2afaeb395f18927926d2cf6d892cd385f806db5e64f0167d148162b65428d4e4c9a36efe9bb5,gx-no-cache=1458144254200 HTTP/1.1" 200 776
186.103.158.250 - - [16/Mar/2016:13:03:58 -0300] "GET /cormun/servlet/hlogin HTTP/1.1" 200 1721
201.214.54.176 - - [16/Mar/2016:13:04:00 -0300] "POST /cormun/servlet/trsolicitudot?7cd40049f1579260df6e6a4907bc158f,,gx-no-cache=1458144261721 HTTP/1.1" 200 3530
201.214.54.176 - - [16/Mar/2016:13:04:01 -0300] "POST /cormun/servlet/trsolicitudot?7cd40049f1579260df6e6a4907bc158f,,gx-no-cache=1458144261887 HTTP/1.1" 200 3531
201.214.54.176 - - [16/Mar/2016:13:04:07 -0300] "GET /cormun/servlet/solicitudot?INS,0,0, HTTP/1.1" 200 11443
201.214.54.176 - - [16/Mar/2016:13:04:07 -0300] "GET /cormun/servlet/solicitudot?INS,0,0, HTTP/1.1" 200 11448
201.214.54.176 - - [16/Mar/2016:13:04:13 -0300] "GET /cormun/servlet/prfichaempleado?,MD,,gxPopupLevel%3D0%3B HTTP/1.1" 200 7876
201.214.54.176 - - [16/Mar/2016:13:04:13 -0300] "GET /cormun/static/scaMessage/css/jquery-ui.css?104140 HTTP/1.1" 404 1045
186.103.158.250 - - [16/Mar/2016:13:04:16 -0300] "POST /cormun/servlet/hlogin?9ca4c166270214ecd9d582627e1e17a6,gx-no-cache=1458144282546 HTTP/1.1" 200 90
186.103.158.250 - - [16/Mar/2016:13:04:16 -0300] "GET /cormun/servlet/hpexe_link HTTP/1.1" 200 953
186.103.158.250 - - [16/Mar/2016:13:04:16 -0300] "GET /cormun/servlet/hhome HTTP/1.1" 200 3438
186.103.158.250 - - [16/Mar/2016:13:04:21 -0300] "GET /cormun/servlet/trautorizarsolicitud? HTTP/1.1" 200 7430
186.103.158.250 - - [16/Mar/2016:13:04:21 -0300] "GET /cormun/static/Resources/Spanish/PXTools.css?19444614 HTTP/1.1" 304 -
186.103.158.250 - - [16/Mar/2016:13:04:21 -0300] "GET /cormun/static/gxcfg.js?20163219504791 HTTP/1.1" 304 -
186.103.158.250 - - [16/Mar/2016:13:04:21 -0300] "GET /cormun/static/trautorizarsolicitud.js?20163219505323 HTTP/1.1" 304 -
186.103.158.250 - - [16/Mar/2016:13:04:23 -0300] "GET /cormun//static/Resources/PXToolsRemoveAllAction.png HTTP/1.1" 304 -
186.103.158.250 - - [16/Mar/2016:13:04:23 -0300] "GET /cormun//static/Resources/PXToolsGridDelete.png HTTP/1.1" 304 -
186.103.158.250 - - [16/Mar/2016:13:04:23 -0300] "GET /cormun//static/Resources/PXToolsGridUpdate.png HTTP/1.1" 304 -
186.103.158.250 - - [16/Mar/2016:13:04:23 -0300] "GET /cormun//static/Resources/PXToolsActionView.png HTTP/1.1" 304 -
201.214.54.176 - - [16/Mar/2016:13:04:25 -0300] "GET /cormun/servlet/prfichaempleado?c9b32e5e7687527d1f553567ada34e301d8faed99a24f776957b3fa56aabf154477e9883e77c52b61e5f7bd49a04f791458b9ee6804310f08848e2862e6d1067,gx-no-cache=1458144286526 HTTP/1.1" 200 461
201.214.54.176 - - [16/Mar/2016:13:04:26 -0300] "GET /cormun/servlet/prfichaempleado?c9b32e5e7687527d1f553567ada34e306d492739637abfdb53bc41765c00f1f69dcc00a2c4def08197d64340b9e5f2b57cc6da1f59561c092aa7dd5f859e6fff,gx-no-cache=1458144287011 HTTP/1.1" 200 467
201.214.54.176 - - [16/Mar/2016:13:04:27 -0300] "GET /cormun/servlet/prfichaempleado?c9b32e5e7687527d1f553567ada34e30d8db42f9f761f177741050754f63998287d091d253f7b62402cc1f0e9a84d43eb9294cec36ced8caa3b5ea43aaab5049,gx-no-cache=1458144288626 HTTP/1.1" 200 468
201.214.54.176 - - [16/Mar/2016:13:04:29 -0300] "GET /cormun/servlet/prfichaempleado?c9b32e5e7687527d1f553567ada34e305fb26d355f7141d8b1cd7e6a0e4a9df01c4f0b30a5f8b7c6e0f50fa383bcd7e536e021e9cc9841d734292086f5d6322e280080032ba3e4c1e86f47939458c673,gx-no-cache=1458144289875 HTTP/1.1" 200 431
115.239.228.8 - - [16/Mar/2016:13:04:37 -0300] "GET /cgi-bin/common/attr?id=260714&r=0.9583964231118070 HTTP/1.1" 404 999
201.214.54.176 - - [16/Mar/2016:13:04:57 -0300] "POST /cormun/servlet/solicitudot?gx-no-cache=1458144318588 HTTP/1.1" 200 2668
201.214.54.176 - - [16/Mar/2016:13:04:58 -0300] "POST /cormun/servlet/solicitudot?7cd40049f1579260df6e6a4907bc158f,INS,0,0,,gx-no-cache=1458144318857 HTTP/1.1" 200 8296
201.214.54.176 - - [16/Mar/2016:13:05:00 -0300] "GET /cormun/servlet/solicitudot?8ff8f5a593e449299a7f50f3a59e28473494ccaf26fe3bbe8bface8b8e10134e27f4f2045133f1e5297aa28de74430e7,gx-no-cache=1458144321560 HTTP/1.1" 200 30
186.103.158.250 - - [16/Mar/2016:13:05:06 -0300] "POST /cormun/servlet/trautorizarsolicitud?9ca4c166270214ecd9d582627e1e17a6,,gx-no-cache=1458144332612 HTTP/1.1" 200 4888
186.103.158.250 - - [16/Mar/2016:13:05:07 -0300] "POST /cormun/servlet/trautorizarsolicitud?9ca4c166270214ecd9d582627e1e17a6,,gx-no-cache=1458144333355 HTTP/1.1" 200 4887
186.103.158.250 - - [16/Mar/2016:13:05:08 -0300] "POST /cormun/servlet/trautorizarsolicitud?9ca4c166270214ecd9d582627e1e17a6,,gx-no-cache=1458144334286 HTTP/1.1" 200 4887
186.103.158.250 - - [16/Mar/2016:13:05:28 -0300] "POST /cormun/servlet/trautorizarsolicitud?9ca4c166270214ecd9d582627e1e17a6,,gx-no-cache=1458144354271 HTTP/1.1" 200 4887
186.103.158.250 - - [16/Mar/2016:13:05:49 -0300] "POST /cormun/servlet/trautorizarsolicitud?9ca4c166270214ecd9d582627e1e17a6,,gx-no-cache=1458144375059 HTTP/1.1" 200 4887
186.103.158.250 - - [16/Mar/2016:13:05:50 -0300] "POST /cormun/servlet/trautorizarsolicitud?9ca4c166270214ecd9d582627e1e17a6,,gx-no-cache=1458144376468 HTTP/1.1" 200 4888
186.103.158.250 - - [16/Mar/2016:13:05:51 -0300] "POST /cormun/servlet/trautorizarsolicitud?9ca4c166270214ecd9d582627e1e17a6,,gx-no-cache=1458144378038 HTTP/1.1" 200 4887
186.103.157.98 - - [16/Mar/2016:13:06:04 -0300] "GET /cormun/servlet/trsolicitudadjuntos?2016,933, HTTP/1.1" 200 7881
186.103.157.98 - - [16/Mar/2016:13:06:05 -0300] "GET /cormun/servlet/trsolicitudadjuntos?2016,933, HTTP/1.1" 200 7882
186.103.158.250 - - [16/Mar/2016:13:06:06 -0300] "GET /cormun/servlet/hlogin HTTP/1.1" 200 1713
186.103.157.98 - - [16/Mar/2016:13:06:10 -0300] "GET /cormun/servlet/solicitudotadjuntos?DLT,2016,933,CERTIF3,0, HTTP/1.1" 200 5517
186.103.157.98 - - [16/Mar/2016:13:06:11 -0300] "GET /cormun/servlet/solicitudotadjuntos?DLT,2016,933,CERTIF3,0, HTTP/1.1" 200 5508
186.103.157.98 - - [16/Mar/2016:13:06:11 -0300] "GET /cormun/PublicTempStorage/cotizaciones_afp_%281%296167999.pdf HTTP/1.1" 206 984548
186.103.157.98 - - [16/Mar/2016:13:06:14 -0300] "POST /cormun/servlet/solicitudotadjuntos?dce974c9d08436c4bced33bf616d9019,DLT,2016,933,CERTIF3,0,,gx-no-cache=1458144401533 HTTP/1.1" 200 93
186.103.157.98 - - [16/Mar/2016:13:06:14 -0300] "GET /cormun/servlet/hpexe_return? HTTP/1.1" 200 1029
186.103.157.98 - - [16/Mar/2016:13:06:14 -0300] "GET /cormun/servlet/trsolicitudadjuntos?2016,933, HTTP/1.1" 200 7727
186.103.157.98 - - [16/Mar/2016:13:06:15 -0300] "GET /cormun/servlet/trsolicitudadjuntos?2016,933, HTTP/1.1" 200 7725
186.103.158.250 - - [16/Mar/2016:13:06:20 -0300] "POST /cormun/servlet/hlogin?0c594444cff993154f4f093798c08667,gx-no-cache=1458144406889 HTTP/1.1" 200 90
186.103.158.250 - - [16/Mar/2016:13:06:20 -0300] "GET /cormun/servlet/hpexe_link HTTP/1.1" 200 947
186.103.158.250 - - [16/Mar/2016:13:06:21 -0300] "GET /cormun/servlet/hhome HTTP/1.1" 200 3432
186.103.158.250 - - [16/Mar/2016:13:06:27 -0300] "GET /cormun/servlet/trautorizarsolicitud? HTTP/1.1" 200 7424
186.103.158.250 - - [16/Mar/2016:13:06:37 -0300] "POST /cormun/servlet/trautorizarsolicitud?0c594444cff993154f4f093798c08667,,gx-no-cache=1458144423139 HTTP/1.1" 200 4879
186.103.158.250 - - [16/Mar/2016:13:06:37 -0300] "POST /cormun/servlet/trautorizarsolicitud?0c594444cff993154f4f093798c08667,,gx-no-cache=1458144423950 HTTP/1.1" 200 4879
186.103.158.250 - - [16/Mar/2016:13:06:38 -0300] "POST /cormun/servlet/trautorizarsolicitud?0c594444cff993154f4f093798c08667,,gx-no-cache=1458144424931 HTTP/1.1" 200 4879
186.103.158.250 - - [16/Mar/2016:13:06:39 -0300] "POST /cormun/servlet/trautorizarsolicitud?0c594444cff993154f4f093798c08667,,gx-no-cache=1458144426052 HTTP/1.1" 200 4880
186.103.158.250 - - [16/Mar/2016:13:06:41 -0300] "POST /cormun/servlet/trautorizarsolicitud?0c594444cff993154f4f093798c08667,,gx-no-cache=1458144427463 HTTP/1.1" 200 4880
186.103.158.250 - - [16/Mar/2016:13:06:42 -0300] "POST /cormun/servlet/trautorizarsolicitud?0c594444cff993154f4f093798c08667,,gx-no-cache=1458144428895 HTTP/1.1" 200 4880
186.103.158.250 - - [16/Mar/2016:13:06:44 -0300] "POST /cormun/servlet/trautorizarsolicitud?0c594444cff993154f4f093798c08667,,gx-no-cache=1458144430564 HTTP/1.1" 200 4879
186.103.158.250 - - [16/Mar/2016:13:06:55 -0300] "POST /cormun/servlet/trautorizarsolicitud?0c594444cff993154f4f093798c08667,,gx-no-cache=1458144432367 HTTP/1.1" 200 3579
186.103.158.250 - - [16/Mar/2016:13:06:57 -0300] "POST /cormun/servlet/trautorizarsolicitud?0c594444cff993154f4f093798c08667,,gx-no-cache=1458144443754 HTTP/1.1" 200 3440
186.103.158.250 - - [16/Mar/2016:13:06:59 -0300] "GET /cormun/static/Shared/jqueryui/images/ui-bg_highlight-soft_100_c6c2c8_1x100.png HTTP/1.1" 404 1117
186.103.158.250 - - [16/Mar/2016:13:06:59 -0300] "GET /cormun/static/Shared/jqueryui/images/ui-icons_82798d_256x240.png HTTP/1.1" 404 1089
186.103.158.250 - - [16/Mar/2016:13:06:59 -0300] "GET /cormun/static/Shared/jqueryui/images/ui-bg_flat_55_fafafa_40x100.png HTTP/1.1" 404 1097
186.103.158.250 - - [16/Mar/2016:13:06:59 -0300] "GET /cormun/static/Shared/jqueryui/images/ui-icons_8d78a5_256x240.png HTTP/1.1" 404 1089
186.103.157.98 - - [16/Mar/2016:13:07:03 -0300] "GET /cormun/servlet/solicitudotadjuntos?INS,2016,933,,1, HTTP/1.1" 200 5505
186.103.157.98 - - [16/Mar/2016:13:07:03 -0300] "GET /cormun/static/about:blank HTTP/1.1" 404 1011
186.103.157.98 - - [16/Mar/2016:13:07:04 -0300] "GET /cormun/servlet/solicitudotadjuntos?INS,2016,933,,1, HTTP/1.1" 200 5499
186.103.157.98 - - [16/Mar/2016:13:07:04 -0300] "GET /cormun/servlet/solicitudotadjuntos?2e5dcab6a456341bd6bbdc345b378083b7e642f2712ca831a1c76b7ca2fb5cb0e34bb2f808beebef31addacd719970bd,gx-no-cache=1458144452289 HTTP/1.1" 200 30
186.103.157.98 - - [16/Mar/2016:13:07:04 -0300] "POST /cormun/servlet/solicitudotadjuntos?dce974c9d08436c4bced33bf616d9019,INS,2016,933,,1,,gx-no-cache=1458144452331 HTTP/1.1" 200 3379
186.103.157.98 - - [16/Mar/2016:13:07:07 -0300] "POST /cormun/servlet/solicitudotadjuntos?gx-no-cache=1458144455241 HTTP/1.1" 200 26
192.168.10.89 - - [16/Mar/2016:13:07:10 -0300] "GET /cormun/servlet/hlogin HTTP/1.1" 200 1736
192.168.10.89 - - [16/Mar/2016:13:07:20 -0300] "POST /cormun/servlet/hlogin?73200b4dcd213a7743cc7d4a4decccc9,gx-no-cache=1458144187707 HTTP/1.1" 200 90
192.168.10.89 - - [16/Mar/2016:13:07:20 -0300] "GET /cormun/servlet/hpexe_link HTTP/1.1" 200 952
186.103.157.98 - - [16/Mar/2016:13:07:22 -0300] "GET /cormun/servlet/solicitudotadjuntos?2e5dcab6a456341bd6bbdc345b378083cf2da6e79bf2533203a52a7d3272037a,gx-no-cache=1458144469791 HTTP/1.1" 200 30
186.103.157.98 - - [16/Mar/2016:13:07:22 -0300] "GET /cormun/servlet/solicitudotadjuntos?2e5dcab6a456341bd6bbdc345b378083cf2da6e79bf2533203a52a7d3272037a,gx-no-cache=1458144469837 HTTP/1.1" 200 30
192.168.10.89 - - [16/Mar/2016:13:07:22 -0300] "GET /cormun/servlet/hhome HTTP/1.1" 200 3858
186.103.157.98 - - [16/Mar/2016:13:07:23 -0300] "POST /cormun/servlet/solicitudotadjuntos?dce974c9d08436c4bced33bf616d9019,INS,2016,933,,1, HTTP/1.1" 200 116
186.103.157.98 - - [16/Mar/2016:13:07:23 -0300] "GET /cormun/servlet/hpexe_return? HTTP/1.1" 200 1023
186.103.157.98 - - [16/Mar/2016:13:07:24 -0300] "GET /cormun/servlet/trsolicitudadjuntos?2016,933, HTTP/1.1" 200 7863
186.103.157.98 - - [16/Mar/2016:13:07:25 -0300] "GET /cormun/servlet/trsolicitudadjuntos?2016,933, HTTP/1.1" 200 7859
186.103.158.250 - - [16/Mar/2016:13:07:26 -0300] "GET /cormun/servlet/trvisualizadoreventos? HTTP/1.1" 200 5921
186.103.158.250 - - [16/Mar/2016:13:07:26 -0300] "GET /cormun/static/gxcfg.js?2016251828014 HTTP/1.1" 200 953
186.103.158.250 - - [16/Mar/2016:13:07:27 -0300] "GET /cormun/static/Resources/PXToolsActionPrint.png HTTP/1.1" 200 3317
186.103.158.250 - - [16/Mar/2016:13:07:27 -0300] "GET /cormun/static/Resources/Spanish/PXTools.css?17554516 HTTP/1.1" 200 89042
186.103.158.250 - - [16/Mar/2016:13:07:27 -0300] "GET /cormun/static/trvisualizadoreventos.js?2016251828276 HTTP/1.1" 200 19096
192.168.10.89 - - [16/Mar/2016:13:07:27 -0300] "GET /cormun/servlet/trsolicitudot? HTTP/1.1" 200 12249
201.214.54.176 - - [16/Mar/2016:13:07:33 -0300] "POST /cormun/servlet/solicitudot?gx-no-cache=1458144474138 HTTP/1.1" 200 120
186.103.158.250 - - [16/Mar/2016:13:07:34 -0300] "GET /cormun/static/menuarrow.gif HTTP/1.1" 404 1015
201.214.54.176 - - [16/Mar/2016:13:07:35 -0300] "POST /cormun/servlet/solicitudot?gx-no-cache=1458144476700 HTTP/1.1" 200 120
186.103.158.250 - - [16/Mar/2016:13:07:37 -0300] "GET /cormun/servlet/trvisualizadoreventos?4685267e2bc85591ba83e7d28ea165eedd9ab6f3df1e13403ed15c27a87c580b1161e1b9f0f68c40015d1de83a2b3b09e560d9b2bd34bd8d493be978532a2784578e14b39204f8071a8191a4dcf2e1ddae8401583c45110a5d1cddc6182c14079eeb1981cbe3af3ba385432467492ebb2bd79293a1d2107063bfe409908a3f413e6dd3e84698206ad2ff22285facc2752e98569f26381565c8d8938e0e0f090600591b737444bd646b442cc048a8635f27f1887a67f252f815861813fb799463,gx-no-cache=1458147998325 HTTP/1.1" 200 567
186.103.157.98 - - [16/Mar/2016:13:07:39 -0300] "GET /cormun/servlet/trautorizarsolicitud? HTTP/1.1" 200 6189
186.103.158.250 - - [16/Mar/2016:13:07:39 -0300] "POST /cormun/servlet/trvisualizadoreventos?92df9df36b46705b016a033dfea24681,,gx-no-cache=1458148000718 HTTP/1.1" 200 3324
186.103.157.98 - - [16/Mar/2016:13:07:39 -0300] "GET /cormun/servlet/trautorizarsolicitud? HTTP/1.1" 200 6179
186.103.158.250 - - [16/Mar/2016:13:07:40 -0300] "POST /cormun/servlet/trvisualizadoreventos?92df9df36b46705b016a033dfea24681,,gx-no-cache=1458148001310 HTTP/1.1" 200 3324
186.103.158.250 - - [16/Mar/2016:13:07:40 -0300] "POST /cormun/servlet/trvisualizadoreventos?92df9df36b46705b016a033dfea24681,,gx-no-cache=1458148001894 HTTP/1.1" 200 3324
186.103.158.250 - - [16/Mar/2016:13:07:41 -0300] "POST /cormun/servlet/trvisualizadoreventos?92df9df36b46705b016a033dfea24681,,gx-no-cache=1458148002602 HTTP/1.1" 200 3324
186.103.158.250 - - [16/Mar/2016:13:07:45 -0300] "POST /cormun/servlet/trvisualizadoreventos?92df9df36b46705b016a033dfea24681,,gx-no-cache=1458148003544 HTTP/1.1" 200 3324
201.214.54.176 - - [16/Mar/2016:13:07:45 -0300] "POST /cormun/servlet/solicitudot?gx-no-cache=1458144486436 HTTP/1.1" 200 30
201.214.54.176 - - [16/Mar/2016:13:07:49 -0300] "POST /cormun/servlet/solicitudot?gx-no-cache=1458144489805 HTTP/1.1" 200 120
201.214.54.176 - - [16/Mar/2016:13:07:51 -0300] "POST /cormun/servlet/solicitudot?gx-no-cache=1458144491928 HTTP/1.1" 200 120
186.103.158.250 - - [16/Mar/2016:13:07:53 -0300] "POST /cormun/servlet/trvisualizadoreventos?92df9df36b46705b016a033dfea24681,,gx-no-cache=1458148014755 HTTP/1.1" 200 111
186.103.158.250 - - [16/Mar/2016:13:07:53 -0300] "GET /cormun/VisualizadorEventos-2784.xls HTTP/1.1" 200 4096
186.103.157.98 - - [16/Mar/2016:13:07:58 -0300] "POST /cormun/servlet/trautorizarsolicitud?dce974c9d08436c4bced33bf616d9019,,gx-no-cache=1458144506362 HTTP/1.1" 200 3481
186.103.157.98 - - [16/Mar/2016:13:07:58 -0300] "POST /cormun/servlet/trautorizarsolicitud?dce974c9d08436c4bced33bf616d9019,,gx-no-cache=1458144506510 HTTP/1.1" 200 3481
186.103.157.98 - - [16/Mar/2016:13:07:58 -0300] "GET /cormun/static/menuarrow.gif HTTP/1.1" 404 1015
186.103.158.250 - - [16/Mar/2016:13:07:59 -0300] "OPTIONS /cormun/ HTTP/1.1" 200 -
186.103.158.250 - - [16/Mar/2016:13:07:59 -0300] "HEAD /cormun/VisualizadorEventos-2784.xls HTTP/1.1" 200 -
201.214.54.176 - - [16/Mar/2016:13:08:00 -0300] "POST /cormun/servlet/solicitudot?gx-no-cache=1458144501249 HTTP/1.1" 200 30
186.103.158.250 - - [16/Mar/2016:13:08:02 -0300] "OPTIONS /cormun HTTP/1.1" 302 -
186.103.158.250 - - [16/Mar/2016:13:08:02 -0300] "OPTIONS /cormun/ HTTP/1.1" 200 -
186.103.158.250 - - [16/Mar/2016:13:08:02 -0300] "PROPFIND /cormun HTTP/1.1" 302 -
186.103.158.250 - - [16/Mar/2016:13:08:03 -0300] "PROPFIND /cormun/ HTTP/1.1" 501 1141
186.103.158.250 - - [16/Mar/2016:13:08:03 -0300] "PROPFIND /cormun HTTP/1.1" 302 -
186.103.158.250 - - [16/Mar/2016:13:08:03 -0300] "PROPFIND /cormun/ HTTP/1.1" 501 1141
186.103.158.250 - - [16/Mar/2016:13:08:03 -0300] "HEAD /cormun/VisualizadorEventos-2784.xls HTTP/1.1" 200 -
186.103.158.250 - - [16/Mar/2016:13:08:04 -0300] "PROPFIND / HTTP/1.1" 200 11217
186.103.158.250 - - [16/Mar/2016:13:08:04 -0300] "PROPFIND / HTTP/1.1" 200 11217
186.103.157.98 - - [16/Mar/2016:13:08:08 -0300] "GET /cormun/servlet/trautorizarsolicitud? HTTP/1.1" 200 6179
186.103.157.98 - - [16/Mar/2016:13:08:09 -0300] "GET /cormun/servlet/trautorizarsolicitud? HTTP/1.1" 200 6179
201.214.54.176 - - [16/Mar/2016:13:08:11 -0300] "POST /cormun/servlet/solicitudot?gx-no-cache=1458144512347 HTTP/1.1" 200 120
192.168.10.89 - - [16/Mar/2016:13:08:14 -0300] "GET /cormun/servlet/hhome HTTP/1.1" 200 3858
192.168.10.89 - - [16/Mar/2016:13:08:17 -0300] "GET /cormun/servlet/hlogin HTTP/1.1" 200 1731
186.103.157.98 - - [16/Mar/2016:13:08:17 -0300] "GET /cormun/servlet/trvisualizadoreventos? HTTP/1.1" 200 5992
186.103.157.98 - - [16/Mar/2016:13:08:17 -0300] "GET /cormun/static/gxcfg.js?2016251828014 HTTP/1.1" 200 953
186.103.157.98 - - [16/Mar/2016:13:08:17 -0300] "GET /cormun/static/Resources/PXToolsActionPrint.png HTTP/1.1" 200 3317
186.103.157.98 - - [16/Mar/2016:13:08:17 -0300] "GET /cormun/static/trvisualizadoreventos.js?2016251828276 HTTP/1.1" 200 19096
186.103.157.98 - - [16/Mar/2016:13:08:17 -0300] "GET /cormun/static/Resources/Spanish/PXTools.css?17554516 HTTP/1.1" 200 89042
186.103.157.98 - - [16/Mar/2016:13:08:18 -0300] "GET /cormun/servlet/trvisualizadoreventos? HTTP/1.1" 200 5991
186.103.157.98 - - [16/Mar/2016:13:08:21 -0300] "GET /cormun/servlet/trautorizarsolicitud? HTTP/1.1" 200 6179
186.103.157.98 - - [16/Mar/2016:13:08:22 -0300] "GET /cormun/servlet/trautorizarsolicitud? HTTP/1.1" 200 6179
186.103.157.98 - - [16/Mar/2016:13:08:22 -0300] "GET /cormun/servlet/trautorizarsolicitud? HTTP/1.1" 200 6189
186.103.157.98 - - [16/Mar/2016:13:08:22 -0300] "GET /cormun/servlet/trautorizarsolicitud? HTTP/1.1" 200 6179
186.103.157.98 - - [16/Mar/2016:13:08:26 -0300] "GET /cormun/servlet/trsolicitudadjuntos?2016,933, HTTP/1.1" 200 7863
186.103.157.98 - - [16/Mar/2016:13:08:27 -0300] "GET /cormun/servlet/trsolicitudadjuntos?2016,933, HTTP/1.1" 200 7858
192.168.10.89 - - [16/Mar/2016:13:08:30 -0300] "POST /cormun/servlet/hlogin?73200b4dcd213a7743cc7d4a4decccc9,gx-no-cache=1458144257586 HTTP/1.1" 200 90
192.168.10.89 - - [16/Mar/2016:13:08:30 -0300] "GET /cormun/servlet/hpexe_link HTTP/1.1" 200 952
192.168.10.89 - - [16/Mar/2016:13:08:32 -0300] "GET /cormun/servlet/hhome HTTP/1.1" 200 3445
186.103.157.98 - - [16/Mar/2016:13:08:32 -0300] "GET /cormun/servlet/solicitudotadjuntos?INS,2016,933,,1, HTTP/1.1" 200 5505
186.103.157.98 - - [16/Mar/2016:13:08:33 -0300] "GET /cormun/servlet/solicitudotadjuntos?INS,2016,933,,1, HTTP/1.1" 200 5499
186.103.157.98 - - [16/Mar/2016:13:08:33 -0300] "GET /cormun/servlet/solicitudotadjuntos?2e5dcab6a456341bd6bbdc345b378083b7e642f2712ca831a1c76b7ca2fb5cb0e34bb2f808beebef31addacd719970bd,gx-no-cache=1458144541383 HTTP/1.1" 200 30
186.103.157.98 - - [16/Mar/2016:13:08:33 -0300] "POST /cormun/servlet/solicitudotadjuntos?dce974c9d08436c4bced33bf616d9019,INS,2016,933,,1,,gx-no-cache=1458144541422 HTTP/1.1" 200 3380
186.103.157.98 - - [16/Mar/2016:13:08:34 -0300] "GET /cormun/servlet/solicitudotadjuntos?DLT,2016,933,CERTIF3,0, HTTP/1.1" 200 5477
186.103.157.98 - - [16/Mar/2016:13:08:34 -0300] "GET /cormun/servlet/trsolicitudadjuntos?2016,933, HTTP/1.1" 200 7829
186.103.157.98 - - [16/Mar/2016:13:08:35 -0300] "GET /cormun/servlet/solicitudotadjuntos?DLT,2016,933,CERTIF3,0, HTTP/1.1" 200 5471
186.103.157.98 - - [16/Mar/2016:13:08:35 -0300] "GET /cormun/PublicTempStorage/afp1547866.pdf HTTP/1.1" 200 1029230
186.103.157.98 - - [16/Mar/2016:13:08:35 -0300] "GET /cormun/PublicTempStorage/afp1547866.pdf HTTP/1.1" 206 25070
192.168.10.89 - - [16/Mar/2016:13:08:36 -0300] "GET /cormun/servlet/trsolicitudot? HTTP/1.1" 200 7492
186.103.157.98 - - [16/Mar/2016:13:08:36 -0300] "GET /cormun/servlet/solicitudotadjuntos?INS,2016,933,,1, HTTP/1.1" 200 5505
186.103.157.98 - - [16/Mar/2016:13:08:36 -0300] "GET /cormun/servlet/trsolicitudadjuntos?2016,933, HTTP/1.1" 200 7826
186.103.157.98 - - [16/Mar/2016:13:08:36 -0300] "GET /cormun/servlet/solicitudotadjuntos?INS,2016,933,,1, HTTP/1.1" 200 5499
186.103.157.98 - - [16/Mar/2016:13:08:37 -0300] "GET /cormun/servlet/solicitudotadjuntos?2e5dcab6a456341bd6bbdc345b378083b7e642f2712ca831a1c76b7ca2fb5cb0e34bb2f808beebef31addacd719970bd,gx-no-cache=1458144544914 HTTP/1.1" 200 30
186.103.157.98 - - [16/Mar/2016:13:08:37 -0300] "POST /cormun/servlet/solicitudotadjuntos?dce974c9d08436c4bced33bf616d9019,INS,2016,933,,1,,gx-no-cache=1458144544959 HTTP/1.1" 200 3380
186.103.157.98 - - [16/Mar/2016:13:08:38 -0300] "GET /cormun/servlet/trsolicitudadjuntos?2016,933, HTTP/1.1" 200 7826
186.103.157.98 - - [16/Mar/2016:13:08:38 -0300] "GET /cormun/servlet/solicitudotadjuntos?DLT,2016,933,CERTIF3,0, HTTP/1.1" 200 5477
186.103.157.98 - - [16/Mar/2016:13:08:38 -0300] "GET /cormun/servlet/solicitudotadjuntos?DLT,2016,933,CERTIF3,0, HTTP/1.1" 200 5471
186.103.157.98 - - [16/Mar/2016:13:08:38 -0300] "GET /cormun/PublicTempStorage/afp1697053.pdf HTTP/1.1" 200 1029230
186.103.157.98 - - [16/Mar/2016:13:08:39 -0300] "GET /cormun/PublicTempStorage/afp1697053.pdf HTTP/1.1" 206 65070
186.103.157.98 - - [16/Mar/2016:13:08:40 -0300] "GET /cormun/servlet/trsolicitudadjuntos?2016,933, HTTP/1.1" 200 7864
