186.78.34.43 - - [16/Mar/2016:17:02:19 -0300] "POST /cormun/servlet/trsolicitudot?4d7acd2ce73bfd0331b901d20e388f53,,gx-no-cache=1458158566180 HTTP/1.1" 200 4975
186.78.34.43 - - [16/Mar/2016:17:02:19 -0300] "POST /cormun/servlet/trsolicitudot?4d7acd2ce73bfd0331b901d20e388f53,,gx-no-cache=1458158566735 HTTP/1.1" 200 4975
186.78.34.43 - - [16/Mar/2016:17:02:20 -0300] "POST /cormun/servlet/trsolicitudot?4d7acd2ce73bfd0331b901d20e388f53,,gx-no-cache=1458158567299 HTTP/1.1" 200 4975
186.78.34.43 - - [16/Mar/2016:17:02:20 -0300] "POST /cormun/servlet/trsolicitudot?4d7acd2ce73bfd0331b901d20e388f53,,gx-no-cache=1458158567959 HTTP/1.1" 200 4975
186.78.34.43 - - [16/Mar/2016:17:02:36 -0300] "POST /cormun/servlet/trsolicitudot?4d7acd2ce73bfd0331b901d20e388f53,,gx-no-cache=1458158583098 HTTP/1.1" 200 5745
186.78.34.43 - - [16/Mar/2016:17:02:36 -0300] "GET /cormun/servlet/trsolicitudot?8305bfa5ff3c4713c128440c99f326374c1765b8d1db451ff5a3f148fbd49eec30c597b85132fbac2a530bd2848a321d8efa6a722db492cf611324cb4c47b80989e4a64899be45dff8ff3686161d5ecb4b7d0f4070d0a1d55540d3f037b3db91feb3baf819994928fa9c03f60d847c18b24718736b20df29e66f268ab28f69126bffcbd0b2f57bf39a8a36294261b44f,gx-no-cache=1458158583959 HTTP/1.1" 200 3144
186.78.34.43 - - [16/Mar/2016:17:02:57 -0300] "GET /cormun/servlet/trautorizarsolicitud? HTTP/1.1" 200 6199
186.78.34.43 - - [16/Mar/2016:17:02:59 -0300] "GET /cormun/servlet/trautorizarsolicitud? HTTP/1.1" 200 6198
186.78.34.43 - - [16/Mar/2016:17:03:12 -0300] "GET /cormun/servlet/trsolicitudot? HTTP/1.1" 200 8343
186.78.34.43 - - [16/Mar/2016:17:03:14 -0300] "GET /cormun/servlet/trsolicitudot? HTTP/1.1" 200 8342
186.78.34.43 - - [16/Mar/2016:17:03:21 -0300] "GET /cormun/servlet/solicitudot?INS,0,0, HTTP/1.1" 200 11498
186.78.34.43 - - [16/Mar/2016:17:03:23 -0300] "GET /cormun/servlet/solicitudot?INS,0,0, HTTP/1.1" 200 11503
186.78.34.43 - - [16/Mar/2016:17:03:44 -0300] "GET /cormun/servlet/prfichaempleado?,MD,,gxPopupLevel%3D0%3B HTTP/1.1" 200 7935
186.78.34.43 - - [16/Mar/2016:17:03:44 -0300] "GET /cormun/static/scaMessage/css/jquery-ui.css?104140 HTTP/1.1" 404 1045
186.78.34.43 - - [16/Mar/2016:17:03:50 -0300] "GET /cormun/servlet/prfichaempleado?8305bfa5ff3c4713c128440c99f3263764ee4981b09217658d7a9acb7d51b14ff6619ee296de8013981cdbc81a5ce170785b74d3ab6f6b1203e1867156bbf529,gx-no-cache=1458158657424 HTTP/1.1" 200 468
186.78.34.43 - - [16/Mar/2016:17:03:50 -0300] "GET /cormun/servlet/prfichaempleado?8305bfa5ff3c4713c128440c99f32637b07e6787a94a2b48e6e37cb4bc1e519df1cefe8900aaf1d9265b32d0e54a73e7c3dd1a1a933f283a66df2c2dc6a2ba6d1997f26167a68b3ef2c6deec1416516d,gx-no-cache=1458158658010 HTTP/1.1" 200 469
186.78.34.43 - - [16/Mar/2016:17:03:51 -0300] "GET /cormun/servlet/prfichaempleado?8305bfa5ff3c4713c128440c99f32637b07e6787a94a2b48e6e37cb4bc1e519d12a6f7a511a3c3f5d4a0733198f8f47c3262d7d26d6bc5d70516da7f93770727b711bd38f21fd41311cd40832c4ce6a9,gx-no-cache=1458158658754 HTTP/1.1" 200 472
186.78.34.43 - - [16/Mar/2016:17:03:54 -0300] "GET /cormun/servlet/prfichaempleado?8305bfa5ff3c4713c128440c99f32637b07e6787a94a2b48e6e37cb4bc1e519d5ff36dad0c2bdf825dcfdb2d69b86a1e69ff278c2b2acb6adf1a7e774209dab6f8bdad639684633fe3b652ebb515cc2a,gx-no-cache=1458158662049 HTTP/1.1" 200 465
186.78.34.43 - - [16/Mar/2016:17:03:55 -0300] "GET /cormun/servlet/prfichaempleado?8305bfa5ff3c4713c128440c99f32637b07e6787a94a2b48e6e37cb4bc1e519dabcb1ee2d30597abc5513e6abb86d8b8ef869f89de0b18fa183752f09dc38c995ffae34b00417e2ea6049807663ef88d,gx-no-cache=1458158662829 HTTP/1.1" 200 466
186.78.34.43 - - [16/Mar/2016:17:03:57 -0300] "POST /cormun/servlet/prfichaempleado?4d7acd2ce73bfd0331b901d20e388f53,,MD,,gxPopupLevel%3D0%3B,gx-no-cache=1458158664450 HTTP/1.1" 200 2900
186.78.34.43 - - [16/Mar/2016:17:04:03 -0300] "POST /cormun/servlet/solicitudot?gx-no-cache=1458158670247 HTTP/1.1" 200 2782
186.78.34.43 - - [16/Mar/2016:17:04:03 -0300] "POST /cormun/servlet/solicitudot?4d7acd2ce73bfd0331b901d20e388f53,INS,0,0,,gx-no-cache=1458158670676 HTTP/1.1" 200 8411
201.214.54.176 - - [16/Mar/2016:17:04:05 -0300] "POST /cormun/servlet/solicitudot?gx-no-cache=1458158666283 HTTP/1.1" 200 120
201.214.54.176 - - [16/Mar/2016:17:04:08 -0300] "POST /cormun/servlet/solicitudot?gx-no-cache=1458158669065 HTTP/1.1" 200 120
186.78.34.43 - - [16/Mar/2016:17:04:14 -0300] "GET /cormun/servlet/solicitudot?c3cc695363f6eb7a98709cc06d0ba6c906ad6a54a727e5b98536eb9aa94740088852c2231849e67bf120e45594a96a53,gx-no-cache=1458158681317 HTTP/1.1" 200 30
186.78.34.43 - - [16/Mar/2016:17:04:14 -0300] "POST /cormun/servlet/solicitudot?gx-no-cache=1458158681439 HTTP/1.1" 200 30
186.78.34.43 - - [16/Mar/2016:17:04:14 -0300] "POST /cormun/servlet/solicitudot?gx-no-cache=1458158681534 HTTP/1.1" 200 33
186.78.34.43 - - [16/Mar/2016:17:04:14 -0300] "POST /cormun/servlet/solicitudot?gx-no-cache=1458158681662 HTTP/1.1" 200 452
186.78.34.43 - - [16/Mar/2016:17:04:14 -0300] "GET /cormun/servlet/solicitudot?c3cc695363f6eb7a98709cc06d0ba6c9470d189f92d33366e5e750e6335196024c1e7406bc7eb3d943e2d1f1d86fd9b851dd16a0d3e73f616d9aaf87f51cc9ecd5e03eef4824224d7ee5d99d42799c9f8b124b8d0292ac3091c073d6512ea75f2c799a09953dffbb618e385614ed78007812627399ea9901a0071d491070f4b9e2c32b58f06e238ae4080fca487bc7da,gx-no-cache=1458158681819 HTTP/1.1" 200 38
201.214.54.176 - - [16/Mar/2016:17:04:18 -0300] "POST /cormun/servlet/solicitudot?gx-no-cache=1458158679354 HTTP/1.1" 200 30
201.214.54.176 - - [16/Mar/2016:17:04:27 -0300] "POST /cormun/servlet/solicitudot?gx-no-cache=1458158688060 HTTP/1.1" 200 120
186.103.156.211 - - [16/Mar/2016:17:04:27 -0300] "POST /cormun/servlet/trsolicitudot?d88f2d6f7450b9091a582a6dcf6ba2fd,gx-no-cache=1458158693990 HTTP/1.1" 440 972
201.214.54.176 - - [16/Mar/2016:17:04:29 -0300] "POST /cormun/servlet/solicitudot?gx-no-cache=1458158689884 HTTP/1.1" 200 120
201.214.54.176 - - [16/Mar/2016:17:04:32 -0300] "POST /cormun/servlet/solicitudot?gx-no-cache=1458158693002 HTTP/1.1" 200 30
186.103.156.211 - - [16/Mar/2016:17:04:32 -0300] "POST /cormun/servlet/trsolicitudot?d88f2d6f7450b9091a582a6dcf6ba2fd,gx-no-cache=1458158698771 HTTP/1.1" 440 972
186.103.156.211 - - [16/Mar/2016:17:04:35 -0300] "POST /cormun/servlet/trsolicitudot?d88f2d6f7450b9091a582a6dcf6ba2fd,gx-no-cache=1458158701756 HTTP/1.1" 440 972
186.103.156.211 - - [16/Mar/2016:17:04:37 -0300] "POST /cormun/servlet/trsolicitudot?d88f2d6f7450b9091a582a6dcf6ba2fd,gx-no-cache=1458158703942 HTTP/1.1" 440 972
201.214.54.176 - - [16/Mar/2016:17:04:38 -0300] "POST /cormun/servlet/solicitudot?gx-no-cache=1458158698895 HTTP/1.1" 200 30
186.78.34.43 - - [16/Mar/2016:17:04:38 -0300] "GET /cormun/servlet/solicitudot?c3cc695363f6eb7a98709cc06d0ba6c9661aca070a22562ef37c7f1367172f6e74106e26e9c0d33414c275087231fbbded5b1258b58d928e769a0466c0dbb595795b727fbadaeb42f37debaaaa0429328a657897aa1e82f67f60a4e5dbdac8ee9e1d9080bb91f41c5d5bd7de96650adc,gx-no-cache=1458158706036 HTTP/1.1" 200 29
186.103.156.211 - - [16/Mar/2016:17:04:39 -0300] "POST /cormun/servlet/trsolicitudot?d88f2d6f7450b9091a582a6dcf6ba2fd,gx-no-cache=1458158705897 HTTP/1.1" 440 972
186.103.156.211 - - [16/Mar/2016:17:04:40 -0300] "POST /cormun/servlet/trsolicitudot?d88f2d6f7450b9091a582a6dcf6ba2fd,gx-no-cache=1458158707039 HTTP/1.1" 440 972
186.78.34.43 - - [16/Mar/2016:17:04:40 -0300] "POST /cormun/servlet/solicitudot?gx-no-cache=1458158707974 HTTP/1.1" 200 1128
201.214.54.176 - - [16/Mar/2016:17:04:46 -0300] "POST /cormun/servlet/solicitudot?gx-no-cache=1458158707515 HTTP/1.1" 200 452
201.214.54.176 - - [16/Mar/2016:17:04:46 -0300] "GET /cormun/servlet/solicitudot?26e5fdcf0160dbf338979e77fb57bbdb98811ede46692baea69795ca90e2f4268b047a1b83e682e68b5b37be83e8fe718d760339afcf48c5daf6cbcf623e6ed0f3ea8c0ff80518801390ca350a9127319123db6c95a1139ffa2957fc5be86609f3ff7b76901821a68683bc3b10313c9c5d668d721afaa84ef30f1309a5c52a73233e8f5a585f41771234ad2ae260a375,gx-no-cache=1458158707651 HTTP/1.1" 200 38
186.103.156.211 - - [16/Mar/2016:17:04:53 -0300] "POST /cormun/servlet/trsolicitudot?d88f2d6f7450b9091a582a6dcf6ba2fd,gx-no-cache=1458158720021 HTTP/1.1" 440 972
186.103.156.211 - - [16/Mar/2016:17:04:59 -0300] "POST /cormun/servlet/trsolicitudot?d88f2d6f7450b9091a582a6dcf6ba2fd,gx-no-cache=1458158725372 HTTP/1.1" 440 972
186.103.156.211 - - [16/Mar/2016:17:04:59 -0300] "GET /cormun/servlet/trsolicitudot HTTP/1.1" 200 5814
186.103.156.211 - - [16/Mar/2016:17:05:01 -0300] "GET /cormun/servlet/hlogin HTTP/1.1" 200 1735
186.103.156.211 - - [16/Mar/2016:17:05:01 -0300] "GET /cormun/servlet/trsolicitudot HTTP/1.1" 200 5814
201.214.54.176 - - [16/Mar/2016:17:05:15 -0300] "GET /cormun/servlet/solicitudot?26e5fdcf0160dbf338979e77fb57bbdbc1a500f429308a626954fb55f8feb28607d81c8827425067b2a8cd58fb1821b6ca86588bc4ad22a8fdbd336bfd0071eb067b75b107e76dea7152877a552fe3b6cdb1b4e7118bc4250da696d13e8a3a332f452a05b7442abe845c6a89f62492ec,gx-no-cache=1458158735938 HTTP/1.1" 200 29
201.214.54.176 - - [16/Mar/2016:17:05:18 -0300] "POST /cormun/servlet/solicitudot?gx-no-cache=1458158739569 HTTP/1.1" 200 1128
191.112.14.229 - - [16/Mar/2016:17:05:32 -0300] "GET /cormun/servlet/hpexe_return? HTTP/1.1" 200 985
191.112.14.229 - - [16/Mar/2016:17:05:33 -0300] "GET /cormun/servlet/hhome HTTP/1.1" 200 3240
191.112.14.229 - - [16/Mar/2016:17:05:34 -0300] "GET /cormun/servlet/hhome HTTP/1.1" 200 3235
191.112.14.229 - - [16/Mar/2016:17:05:34 -0300] "GET /cormun/servlet/hlogin HTTP/1.1" 200 1730
191.112.14.229 - - [16/Mar/2016:17:05:34 -0300] "GET /favicon.ico HTTP/1.1" 200 21630
201.214.54.176 - - [16/Mar/2016:17:05:45 -0300] "GET /cormun/static/menuarrow.gif HTTP/1.1" 404 1015
201.214.54.176 - - [16/Mar/2016:17:06:01 -0300] "GET /cormun/servlet/solicitudot?26e5fdcf0160dbf338979e77fb57bbdb1a36841fcda98209bc2002693b167813bfa83867b0577e4b61c67de00b0bbbf42c24ef039e8b903a1963857e0c173288a7fb3569caceca136162e419a769d6bebdd2a9bfe20a18a38fa8a9727c65b760c9a7f36507e1e740b33737c55980beb9f7f41a24f17bb0b4963210d4883f4740d9771d7ca394d28c5f6b381e5adfb54eade2fd52ed18914943dcf64749d05a5e03cf3d6dc1d02f4498640b8ae40f359a,gx-no-cache=1458158781889 HTTP/1.1" 200 30
186.78.34.43 - - [16/Mar/2016:17:06:03 -0300] "POST /cormun/servlet/solicitudot?gx-no-cache=1458158790786 HTTP/1.1" 200 122
186.78.34.43 - - [16/Mar/2016:17:06:03 -0300] "GET /cormun/static/Shared/jqueryui/images/ui-bg_highlight-soft_100_c6c2c8_1x100.png HTTP/1.1" 404 1117
186.78.34.43 - - [16/Mar/2016:17:06:03 -0300] "GET /cormun/static/Shared/jqueryui/images/ui-icons_82798d_256x240.png HTTP/1.1" 404 1089
186.78.34.43 - - [16/Mar/2016:17:06:03 -0300] "GET /cormun/static/Shared/jqueryui/images/ui-bg_flat_55_fafafa_40x100.png HTTP/1.1" 404 1097
186.78.34.43 - - [16/Mar/2016:17:06:04 -0300] "GET /cormun/static/Shared/jqueryui/images/ui-icons_8d78a5_256x240.png HTTP/1.1" 404 1089
186.78.34.43 - - [16/Mar/2016:17:06:10 -0300] "GET /cormun/servlet/prfichaempleado?,MD,,gxPopupLevel%3D0%3B HTTP/1.1" 200 7935
186.78.34.43 - - [16/Mar/2016:17:06:10 -0300] "GET /cormun/static/scaMessage/css/jquery-ui.css?104140 HTTP/1.1" 404 1045
186.78.34.43 - - [16/Mar/2016:17:06:18 -0300] "GET /cormun/servlet/prfichaempleado?8305bfa5ff3c4713c128440c99f32637145fb87effdd462634294a8b4c1f9f0b862f8a7f1f88f4e7909fe3ce13bc98994d30bbf5e627ae27fe8bc4d393230d26,gx-no-cache=1458158806172 HTTP/1.1" 200 461
186.78.34.43 - - [16/Mar/2016:17:06:20 -0300] "GET /cormun/servlet/prfichaempleado?8305bfa5ff3c4713c128440c99f326378a5257df7807a09d2600aed820552f9cae81ada0aea819e58c584e6c0b975267b42df92f9049488752a44a93a40f24cd,gx-no-cache=1458158807179 HTTP/1.1" 200 462
186.78.34.43 - - [16/Mar/2016:17:06:20 -0300] "GET /cormun/servlet/prfichaempleado?8305bfa5ff3c4713c128440c99f32637af122c61c35583a3d0f49d6f951d465069a81312d9bb36e90ae96410122f856403d4db19f47d011bde93cecd04f78083ee05ffbf89605f9d0edc8fb57e34091f,gx-no-cache=1458158808015 HTTP/1.1" 200 461
186.78.34.43 - - [16/Mar/2016:17:06:24 -0300] "GET /cormun/servlet/prfichaempleado?8305bfa5ff3c4713c128440c99f326377ce25cbb395a8a05e3e47336f5cefb7703722439a1947390e20534f43192b14a43f6037376e5f179c7ec6b4a4aa1a80cdefe2cf4e493bc25e1ad2bdb5e4725c2,gx-no-cache=1458158811293 HTTP/1.1" 200 461
186.78.34.43 - - [16/Mar/2016:17:06:24 -0300] "GET /cormun/servlet/prfichaempleado?8305bfa5ff3c4713c128440c99f3263780d49ad95dac99eefd537536b37fa15e1c805a62d26d89be3ed4cc910dca6560660d75cddc5116774997e0efda7653698852c2231849e67bf120e45594a96a53,gx-no-cache=1458158811856 HTTP/1.1" 200 461
186.78.34.43 - - [16/Mar/2016:17:06:25 -0300] "GET /cormun/servlet/prfichaempleado?8305bfa5ff3c4713c128440c99f3263780d49ad95dac99eefd537536b37fa15e8609edc95e4130b0e4ce0d5acb69a843a5cb76c8a8e3e14f1c84f9beeb3f4feecf43413f54cb8a993ad968987c9f41fd,gx-no-cache=1458158812421 HTTP/1.1" 200 462
186.78.34.43 - - [16/Mar/2016:17:06:26 -0300] "GET /cormun/servlet/prfichaempleado?8305bfa5ff3c4713c128440c99f3263780d49ad95dac99eefd537536b37fa15e59e6cb333f87e0cac5d3a3e3c1254ba22bb7b8f27cadbe4f821da7aeff6b3782e9222e264e74aecb3e1f4e323661e4bf,gx-no-cache=1458158813719 HTTP/1.1" 200 462
186.78.34.43 - - [16/Mar/2016:17:06:28 -0300] "POST /cormun/servlet/prfichaempleado?4d7acd2ce73bfd0331b901d20e388f53,,MD,,gxPopupLevel%3D0%3B,gx-no-cache=1458158815194 HTTP/1.1" 200 2898
186.78.34.43 - - [16/Mar/2016:17:06:35 -0300] "POST /cormun/servlet/solicitudot?gx-no-cache=1458158822216 HTTP/1.1" 200 1169
186.78.34.43 - - [16/Mar/2016:17:06:45 -0300] "GET /cormun/servlet/solicitudot?c3cc695363f6eb7a98709cc06d0ba6c9470d189f92d33366e5e750e6335196024c1e7406bc7eb3d943e2d1f1d86fd9b851dd16a0d3e73f616d9aaf87f51cc9ecd5e03eef4824224d7ee5d99d42799c9f8b124b8d0292ac3091c073d6512ea75f2c799a09953dffbb618e385614ed78007812627399ea9901a0071d491070f4b9411ca8bc64b5f8bb0def0b245d33e365dd97347f95e9102b113de5910d1610c8,gx-no-cache=1458158832323 HTTP/1.1" 200 41
186.78.34.43 - - [16/Mar/2016:17:06:45 -0300] "POST /cormun/servlet/solicitudot?gx-no-cache=1458158832439 HTTP/1.1" 200 1127
186.78.34.43 - - [16/Mar/2016:17:06:45 -0300] "GET /cormun/servlet/solicitudot?c3cc695363f6eb7a98709cc06d0ba6c9f5fd38319ae7e21cb7b584a2e5adda2deec8f2338aeba75f4a1164aba4f5249d728a541783ce281e9f692f9b9ed7bc7d34434cc7b7674ae3db5aa431b8bda8408d20d40a89ef71319aef813b69a961b7ca9ea6ad701d9d2c42cf6cb8f1f0caa4d2ae479722d606b0fb4ba3dbb112949b904a658911775ae1184b83884d6e4811771174eb331a617022bc73d1cbef6c73612e400a4f0927c930dc1f0d9efaab850ff7fc3f6e2466b276d062ec02c18eb1,gx-no-cache=1458158832620 HTTP/1.1" 200 30
191.112.14.229 - - [16/Mar/2016:17:06:49 -0300] "GET /cormun/servlet/hlogin HTTP/1.1" 200 1720
201.214.54.176 - - [16/Mar/2016:17:06:50 -0300] "POST /cormun/servlet/solicitudot?33cfb09ffcf38e6c6d55dda1a18d7de7,INS,0,0,,gx-no-cache=1458158830569 HTTP/1.1" 200 93
201.214.54.176 - - [16/Mar/2016:17:06:50 -0300] "GET /cormun/servlet/hpexe_return? HTTP/1.1" 200 1000
201.214.54.176 - - [16/Mar/2016:17:06:50 -0300] "GET /cormun/static/hpexe_return.js?2015111312145056 HTTP/1.1" 200 1633
201.214.54.176 - - [16/Mar/2016:17:06:50 -0300] "GET /cormun/static/gxcfg.js?2015111312145050 HTTP/1.1" 200 953
201.214.54.176 - - [16/Mar/2016:17:06:50 -0300] "GET /cormun/static/Resources/Spanish/PXTools.css?12112540 HTTP/1.1" 200 89042
201.214.54.176 - - [16/Mar/2016:17:06:50 -0300] "GET /cormun/servlet/trsolicitudot? HTTP/1.1" 200 6041
201.214.54.176 - - [16/Mar/2016:17:06:51 -0300] "GET /cormun/servlet/trsolicitudot? HTTP/1.1" 200 6037
191.112.14.229 - - [16/Mar/2016:17:06:59 -0300] "POST /cormun/servlet/hlogin?2410dd8de90a85118ddccf336022757f,gx-no-cache=1458158835143 HTTP/1.1" 200 90
191.112.14.229 - - [16/Mar/2016:17:06:59 -0300] "GET /cormun/servlet/hpexe_link HTTP/1.1" 200 948
191.112.14.229 - - [16/Mar/2016:17:06:59 -0300] "GET /cormun/servlet/hhome HTTP/1.1" 200 3476
191.112.14.229 - - [16/Mar/2016:17:06:59 -0300] "GET /cormun/servlet/hhome HTTP/1.1" 200 3472
201.214.54.176 - - [16/Mar/2016:17:07:07 -0300] "GET /cormun/servlet/trvisualizadoreventos? HTTP/1.1" 200 5934
201.214.54.176 - - [16/Mar/2016:17:07:07 -0300] "GET /cormun/static/trvisualizadoreventos.js?2016251828276 HTTP/1.1" 304 -
201.214.54.176 - - [16/Mar/2016:17:07:08 -0300] "GET /cormun/servlet/trvisualizadoreventos? HTTP/1.1" 200 5934
191.112.14.229 - - [16/Mar/2016:17:07:10 -0300] "GET /cormun/servlet/hlogin HTTP/1.1" 200 1720
186.78.34.43 - - [16/Mar/2016:17:07:26 -0300] "POST /cormun/servlet/solicitudot?4d7acd2ce73bfd0331b901d20e388f53,INS,0,0,,gx-no-cache=1458158871826 HTTP/1.1" 200 93
186.78.34.43 - - [16/Mar/2016:17:07:26 -0300] "GET /cormun/servlet/hpexe_return? HTTP/1.1" 200 1009
186.78.34.43 - - [16/Mar/2016:17:07:26 -0300] "GET /cormun/servlet/trsolicitudot HTTP/1.1" 200 8346
186.78.34.43 - - [16/Mar/2016:17:07:29 -0300] "GET /cormun/servlet/trsolicitudot HTTP/1.1" 200 8342
201.214.54.176 - - [16/Mar/2016:17:07:30 -0300] "GET /cormun/servlet/trvisualizadoreventos? HTTP/1.1" 200 5934
201.214.54.176 - - [16/Mar/2016:17:07:30 -0300] "GET /cormun/servlet/trvisualizadoreventos? HTTP/1.1" 200 5934
201.214.54.176 - - [16/Mar/2016:17:07:36 -0300] "GET /cormun/servlet/trsolicitudot? HTTP/1.1" 200 6038
201.214.54.176 - - [16/Mar/2016:17:07:36 -0300] "GET /cormun/servlet/trsolicitudot? HTTP/1.1" 200 6037
201.214.54.176 - - [16/Mar/2016:17:07:42 -0300] "GET /cormun/servlet/solicitudot?INS,0,0, HTTP/1.1" 200 11431
201.214.54.176 - - [16/Mar/2016:17:07:43 -0300] "GET /cormun/servlet/solicitudot?INS,0,0, HTTP/1.1" 200 11436
201.214.54.176 - - [16/Mar/2016:17:07:46 -0300] "GET /cormun/servlet/trsolicitudot? HTTP/1.1" 200 6038
201.214.54.176 - - [16/Mar/2016:17:07:47 -0300] "GET /cormun/servlet/trsolicitudot? HTTP/1.1" 200 6037
201.214.54.176 - - [16/Mar/2016:17:07:50 -0300] "POST /cormun/servlet/trsolicitudot?33cfb09ffcf38e6c6d55dda1a18d7de7,,gx-no-cache=1458158890757 HTTP/1.1" 200 3260
201.214.54.176 - - [16/Mar/2016:17:07:50 -0300] "POST /cormun/servlet/trsolicitudot?33cfb09ffcf38e6c6d55dda1a18d7de7,,gx-no-cache=1458158890916 HTTP/1.1" 200 3260
201.214.54.176 - - [16/Mar/2016:17:07:50 -0300] "POST /cormun/servlet/trsolicitudot?33cfb09ffcf38e6c6d55dda1a18d7de7,,gx-no-cache=1458158891063 HTTP/1.1" 200 3260
201.214.54.176 - - [16/Mar/2016:17:07:50 -0300] "POST /cormun/servlet/trsolicitudot?33cfb09ffcf38e6c6d55dda1a18d7de7,,gx-no-cache=1458158891191 HTTP/1.1" 200 3260
201.214.54.176 - - [16/Mar/2016:17:07:50 -0300] "POST /cormun/servlet/trsolicitudot?33cfb09ffcf38e6c6d55dda1a18d7de7,,gx-no-cache=1458158891330 HTTP/1.1" 200 3260
201.214.54.176 - - [16/Mar/2016:17:07:50 -0300] "POST /cormun/servlet/trsolicitudot?33cfb09ffcf38e6c6d55dda1a18d7de7,,gx-no-cache=1458158891478 HTTP/1.1" 200 3260
201.214.54.176 - - [16/Mar/2016:17:07:50 -0300] "POST /cormun/servlet/trsolicitudot?33cfb09ffcf38e6c6d55dda1a18d7de7,,gx-no-cache=1458158891644 HTTP/1.1" 200 3260
201.214.54.176 - - [16/Mar/2016:17:07:51 -0300] "POST /cormun/servlet/trsolicitudot?33cfb09ffcf38e6c6d55dda1a18d7de7,,gx-no-cache=1458158891786 HTTP/1.1" 200 3260
201.214.54.176 - - [16/Mar/2016:17:07:51 -0300] "POST /cormun/servlet/trsolicitudot?33cfb09ffcf38e6c6d55dda1a18d7de7,,gx-no-cache=1458158892265 HTTP/1.1" 200 3261
201.214.54.176 - - [16/Mar/2016:17:07:52 -0300] "POST /cormun/servlet/trsolicitudot?33cfb09ffcf38e6c6d55dda1a18d7de7,,gx-no-cache=1458158892960 HTTP/1.1" 200 3260
201.214.54.176 - - [16/Mar/2016:17:07:57 -0300] "GET /cormun/servlet/trautorizarsolicitud? HTTP/1.1" 200 6128
201.214.54.176 - - [16/Mar/2016:17:07:57 -0300] "GET /cormun/static/gxcfg.js?20163219504791 HTTP/1.1" 200 953
201.214.54.176 - - [16/Mar/2016:17:07:57 -0300] "GET /cormun/static/Resources/Spanish/PXTools.css?19444614 HTTP/1.1" 200 89042
201.214.54.176 - - [16/Mar/2016:17:07:58 -0300] "GET /cormun/servlet/trautorizarsolicitud? HTTP/1.1" 200 6128
201.214.54.176 - - [16/Mar/2016:17:08:02 -0300] "GET /cormun/servlet/trsolicitudot? HTTP/1.1" 200 6038
201.214.54.176 - - [16/Mar/2016:17:08:02 -0300] "GET /cormun/servlet/trsolicitudot? HTTP/1.1" 200 6037
201.214.54.176 - - [16/Mar/2016:17:08:22 -0300] "GET /cormun/servlet/trautorizarsolicitud? HTTP/1.1" 200 6128
201.214.54.176 - - [16/Mar/2016:17:08:23 -0300] "GET /cormun/servlet/trautorizarsolicitud? HTTP/1.1" 200 6128
201.214.54.176 - - [16/Mar/2016:17:08:25 -0300] "GET /cormun/servlet/trsolicitudot? HTTP/1.1" 200 6038
201.214.54.176 - - [16/Mar/2016:17:08:25 -0300] "GET /cormun/servlet/trsolicitudot? HTTP/1.1" 200 6037
201.214.54.176 - - [16/Mar/2016:17:08:32 -0300] "GET /cormun/servlet/trvisualizadoreventos? HTTP/1.1" 200 5934
201.214.54.176 - - [16/Mar/2016:17:08:32 -0300] "GET /cormun/servlet/trvisualizadoreventos? HTTP/1.1" 200 5934
201.214.54.176 - - [16/Mar/2016:17:08:34 -0300] "POST /cormun/servlet/trvisualizadoreventos?33cfb09ffcf38e6c6d55dda1a18d7de7,,gx-no-cache=1458158934883 HTTP/1.1" 200 3266
201.214.54.176 - - [16/Mar/2016:17:08:34 -0300] "POST /cormun/servlet/trvisualizadoreventos?33cfb09ffcf38e6c6d55dda1a18d7de7,,gx-no-cache=1458158935038 HTTP/1.1" 200 3266
201.214.54.176 - - [16/Mar/2016:17:08:34 -0300] "POST /cormun/servlet/trvisualizadoreventos?33cfb09ffcf38e6c6d55dda1a18d7de7,,gx-no-cache=1458158935168 HTTP/1.1" 200 3266
201.214.54.176 - - [16/Mar/2016:17:08:34 -0300] "POST /cormun/servlet/trvisualizadoreventos?33cfb09ffcf38e6c6d55dda1a18d7de7,,gx-no-cache=1458158935290 HTTP/1.1" 200 3266
201.214.54.176 - - [16/Mar/2016:17:08:48 -0300] "GET /cormun/servlet/hhome HTTP/1.1" 200 3414
201.214.54.176 - - [16/Mar/2016:17:08:48 -0300] "GET /cormun/servlet/hhome HTTP/1.1" 200 3414
201.214.54.176 - - [16/Mar/2016:17:08:53 -0300] "GET /cormun/servlet/trvisualizadoreventos? HTTP/1.1" 200 5928
201.214.54.176 - - [16/Mar/2016:17:08:53 -0300] "GET /cormun/servlet/trvisualizadoreventos? HTTP/1.1" 200 5928
201.214.54.176 - - [16/Mar/2016:17:08:56 -0300] "POST /cormun/servlet/trvisualizadoreventos?33cfb09ffcf38e6c6d55dda1a18d7de7,,gx-no-cache=1458158956899 HTTP/1.1" 200 3259
201.214.54.176 - - [16/Mar/2016:17:08:56 -0300] "POST /cormun/servlet/trvisualizadoreventos?33cfb09ffcf38e6c6d55dda1a18d7de7,,gx-no-cache=1458158957033 HTTP/1.1" 200 3259
201.214.54.176 - - [16/Mar/2016:17:08:56 -0300] "POST /cormun/servlet/trvisualizadoreventos?33cfb09ffcf38e6c6d55dda1a18d7de7,,gx-no-cache=1458158957158 HTTP/1.1" 200 3259
201.214.54.176 - - [16/Mar/2016:17:09:00 -0300] "GET /cormun/servlet/trvisualizadoreventos?0e3ad9e2828d19aa62b7e495ee28043db6c932d1bbfd7e1c35c728f9d141d766b315753c8c2623f6fe09ef42581a4ace044b4dc8ff04dace936e17d22bdc474a7fb68dd0559a264e4bb7555e51fc288560e50752a744c1a2a3b49e04579c74f20e80d523d62063d08e3700ab478f6548ff82e13f069a04218860590ff4035448562c55f1bf5cfd9cb97684c8226054656621ee177e93b4b9a5a626966039310e71a6b10501c35492cd77deb129d50cb1990dd932f32c063ec37e768d25e382e3,gx-no-cache=1458158961623 HTTP/1.1" 200 563
201.214.54.176 - - [16/Mar/2016:17:09:06 -0300] "GET /cormun/servlet/trvisualizadoreventos?0e3ad9e2828d19aa62b7e495ee28043dbf55dc29fbe7bf800937d5986cacf7691cb78f2e1587d90dd2beff1d13445118b6290aa68f5a051f70f2b5a6b30409820132a64b1336c526c42f28bc573da1b8daff2233ce672b6b0974118c851298700bfedd19d115d184a409cf892a41474230bee70def635ee4a069c2db2565143a7bd6c65fa7e8e4cf4ab5396534454dc27db10a182786617da7fae7d3a2a6a00517ffb13ff5cadace4812cc7f6b0681cd1816808e96483180b812bda7250ade1a,gx-no-cache=1458158967266 HTTP/1.1" 200 564
201.214.54.176 - - [16/Mar/2016:17:09:06 -0300] "POST /cormun/servlet/trvisualizadoreventos?33cfb09ffcf38e6c6d55dda1a18d7de7,,gx-no-cache=1458158967350 HTTP/1.1" 200 3262
201.214.54.176 - - [16/Mar/2016:17:09:10 -0300] "POST /cormun/servlet/trvisualizadoreventos?33cfb09ffcf38e6c6d55dda1a18d7de7,,gx-no-cache=1458158970848 HTTP/1.1" 200 111
201.214.54.176 - - [16/Mar/2016:17:09:10 -0300] "POST /cormun/servlet/trvisualizadoreventos?33cfb09ffcf38e6c6d55dda1a18d7de7,,gx-no-cache=1458158970948 HTTP/1.1" 200 3240
201.214.54.176 - - [16/Mar/2016:17:09:10 -0300] "GET /cormun/VisualizadorEventos-1549.xls HTTP/1.1" 200 4096
201.214.54.176 - - [16/Mar/2016:17:09:16 -0300] "POST /cormun/servlet/trvisualizadoreventos?33cfb09ffcf38e6c6d55dda1a18d7de7,,gx-no-cache=1458158977181 HTTP/1.1" 200 90
201.214.54.176 - - [16/Mar/2016:17:09:16 -0300] "GET /cormun/servlet/hpexe_link HTTP/1.1" 200 954
201.214.54.176 - - [16/Mar/2016:17:09:16 -0300] "GET /cormun/servlet/hhome HTTP/1.1" 200 3415
201.214.54.176 - - [16/Mar/2016:17:09:17 -0300] "GET /cormun/servlet/hhome HTTP/1.1" 200 3414
201.214.54.176 - - [16/Mar/2016:17:09:22 -0300] "GET /cormun/servlet/trvisualizadoreventos? HTTP/1.1" 200 5932
201.214.54.176 - - [16/Mar/2016:17:09:22 -0300] "GET /cormun/servlet/trvisualizadoreventos? HTTP/1.1" 200 5932
201.214.54.176 - - [16/Mar/2016:17:09:26 -0300] "GET /cormun/servlet/hhome HTTP/1.1" 200 3414
201.214.54.176 - - [16/Mar/2016:17:09:26 -0300] "GET /cormun/servlet/hhome HTTP/1.1" 200 3414
201.214.54.176 - - [16/Mar/2016:17:09:30 -0300] "GET /cormun/servlet/trsolicitudot? HTTP/1.1" 200 6210
201.214.54.176 - - [16/Mar/2016:17:09:30 -0300] "GET /cormun/servlet/trsolicitudot? HTTP/1.1" 200 6210
201.214.54.176 - - [16/Mar/2016:17:09:34 -0300] "GET /cormun/servlet/hhome HTTP/1.1" 200 3414
201.214.54.176 - - [16/Mar/2016:17:09:34 -0300] "GET /cormun/servlet/hhome HTTP/1.1" 200 3414
186.78.34.43 - - [16/Mar/2016:17:09:37 -0300] "POST /cormun/servlet/trsolicitudot?4d7acd2ce73bfd0331b901d20e388f53,gx-no-cache=1458159003986 HTTP/1.1" 200 5748
201.214.54.176 - - [16/Mar/2016:17:09:37 -0300] "GET /cormun/servlet/trsolicitudot? HTTP/1.1" 200 6210
186.78.34.43 - - [16/Mar/2016:17:09:37 -0300] "POST /cormun/servlet/trsolicitudot?4d7acd2ce73bfd0331b901d20e388f53,gx-no-cache=1458159004660 HTTP/1.1" 200 5748
201.214.54.176 - - [16/Mar/2016:17:09:37 -0300] "GET /cormun/servlet/trsolicitudot? HTTP/1.1" 200 6210
186.78.34.43 - - [16/Mar/2016:17:09:38 -0300] "POST /cormun/servlet/trsolicitudot?4d7acd2ce73bfd0331b901d20e388f53,gx-no-cache=1458159005264 HTTP/1.1" 200 5748
186.78.34.43 - - [16/Mar/2016:17:09:39 -0300] "POST /cormun/servlet/trsolicitudot?4d7acd2ce73bfd0331b901d20e388f53,gx-no-cache=1458159005847 HTTP/1.1" 200 5748
201.214.54.176 - - [16/Mar/2016:17:09:39 -0300] "GET /cormun/servlet/hhome HTTP/1.1" 200 3414
201.214.54.176 - - [16/Mar/2016:17:09:40 -0300] "GET /cormun/servlet/hhome HTTP/1.1" 200 3414
186.78.34.43 - - [16/Mar/2016:17:09:41 -0300] "POST /cormun/servlet/trsolicitudot?4d7acd2ce73bfd0331b901d20e388f53,gx-no-cache=1458159008285 HTTP/1.1" 200 5380
186.78.34.43 - - [16/Mar/2016:17:09:41 -0300] "GET /cormun/servlet/trsolicitudot?8305bfa5ff3c4713c128440c99f32637656fcd3921b753be8aad4e0a2b13fd288f7ace2abc5ca2f1528fc415e85bc8fb44571c8984f96bb06c46806b5ca78bee89e4a64899be45dff8ff3686161d5ecb4b7d0f4070d0a1d55540d3f037b3db91feb3baf819994928fa9c03f60d847c18b24718736b20df29e66f268ab28f69126bffcbd0b2f57bf39a8a36294261b44f,gx-no-cache=1458159008700 HTTP/1.1" 200 2708
201.214.54.176 - - [16/Mar/2016:17:09:43 -0300] "GET /cormun/servlet/trautorizarsolicitud? HTTP/1.1" 200 6123
201.214.54.176 - - [16/Mar/2016:17:09:43 -0300] "GET /cormun/servlet/trautorizarsolicitud? HTTP/1.1" 200 6122
201.214.54.176 - - [16/Mar/2016:17:09:45 -0300] "GET /cormun/servlet/hhome HTTP/1.1" 200 3414
201.214.54.176 - - [16/Mar/2016:17:09:46 -0300] "GET /cormun/servlet/hhome HTTP/1.1" 200 3414
201.214.54.176 - - [16/Mar/2016:17:09:48 -0300] "GET /cormun/servlet/trvisualizadoreventos? HTTP/1.1" 200 5932
201.214.54.176 - - [16/Mar/2016:17:09:48 -0300] "GET /cormun/servlet/trvisualizadoreventos? HTTP/1.1" 200 5932
201.214.54.176 - - [16/Mar/2016:17:09:51 -0300] "POST /cormun/servlet/trvisualizadoreventos?33cfb09ffcf38e6c6d55dda1a18d7de7,,gx-no-cache=1458159012079 HTTP/1.1" 200 3262
201.214.54.176 - - [16/Mar/2016:17:09:51 -0300] "POST /cormun/servlet/trvisualizadoreventos?33cfb09ffcf38e6c6d55dda1a18d7de7,,gx-no-cache=1458159012235 HTTP/1.1" 200 3262
201.214.54.176 - - [16/Mar/2016:17:09:51 -0300] "POST /cormun/servlet/trvisualizadoreventos?33cfb09ffcf38e6c6d55dda1a18d7de7,,gx-no-cache=1458159012359 HTTP/1.1" 200 3262
201.214.54.176 - - [16/Mar/2016:17:09:51 -0300] "POST /cormun/servlet/trvisualizadoreventos?33cfb09ffcf38e6c6d55dda1a18d7de7,,gx-no-cache=1458159012478 HTTP/1.1" 200 3262
186.78.34.43 - - [16/Mar/2016:17:09:51 -0300] "POST /cormun/servlet/trsolicitudot?4d7acd2ce73bfd0331b901d20e388f53,gx-no-cache=1458159018739 HTTP/1.1" 200 5381
201.214.54.176 - - [16/Mar/2016:17:09:51 -0300] "POST /cormun/servlet/trvisualizadoreventos?33cfb09ffcf38e6c6d55dda1a18d7de7,,gx-no-cache=1458159012653 HTTP/1.1" 200 3262
186.78.34.43 - - [16/Mar/2016:17:09:52 -0300] "POST /cormun/servlet/trsolicitudot?4d7acd2ce73bfd0331b901d20e388f53,gx-no-cache=1458159019381 HTTP/1.1" 200 5380
201.214.54.176 - - [16/Mar/2016:17:09:52 -0300] "POST /cormun/servlet/trvisualizadoreventos?33cfb09ffcf38e6c6d55dda1a18d7de7,,gx-no-cache=1458159013638 HTTP/1.1" 200 3262
186.78.34.43 - - [16/Mar/2016:17:09:53 -0300] "POST /cormun/servlet/trsolicitudot?4d7acd2ce73bfd0331b901d20e388f53,gx-no-cache=1458159019956 HTTP/1.1" 200 5381
186.78.34.43 - - [16/Mar/2016:17:09:53 -0300] "POST /cormun/servlet/trsolicitudot?4d7acd2ce73bfd0331b901d20e388f53,gx-no-cache=1458159020566 HTTP/1.1" 200 106
186.78.34.43 - - [16/Mar/2016:17:09:53 -0300] "GET /cormun/servlet/trsolicitudadjuntos?2016,954, HTTP/1.1" 200 5426
186.78.34.43 - - [16/Mar/2016:17:09:56 -0300] "GET /cormun/servlet/trsolicitudadjuntos?2016,954, HTTP/1.1" 200 5426
201.214.54.176 - - [16/Mar/2016:17:09:56 -0300] "POST /cormun/servlet/trvisualizadoreventos?33cfb09ffcf38e6c6d55dda1a18d7de7,,gx-no-cache=1458159017248 HTTP/1.1" 200 3264
201.214.54.176 - - [16/Mar/2016:17:09:56 -0300] "GET /cormun/servlet/trvisualizadoreventos?0e3ad9e2828d19aa62b7e495ee28043d0862f365918812c7e4f191c074947d704372c0482f2469f815bf1a908842a873b6290aa68f5a051f70f2b5a6b30409820132a64b1336c526c42f28bc573da1b8daff2233ce672b6b0974118c851298700bfedd19d115d184a409cf892a41474230bee70def635ee4a069c2db2565143a7bd6c65fa7e8e4cf4ab5396534454dc27db10a182786617da7fae7d3a2a6a00517ffb13ff5cadace4812cc7f6b0681cd1816808e96483180b812bda7250ade1a,gx-no-cache=1458159017665 HTTP/1.1" 200 569
186.78.34.43 - - [16/Mar/2016:17:10:00 -0300] "GET /cormun/servlet/solicitudotadjuntos?INS,2016,954,,2, HTTP/1.1" 200 5514
186.78.34.43 - - [16/Mar/2016:17:10:00 -0300] "GET /cormun/static/gxcfg.js?2016311984045 HTTP/1.1" 304 -
186.78.34.43 - - [16/Mar/2016:17:10:00 -0300] "GET /cormun/static/solicitudotadjuntos.js?2016311984068 HTTP/1.1" 304 -
186.78.34.43 - - [16/Mar/2016:17:10:00 -0300] "GET /cormun/static/about:blank HTTP/1.1" 404 1011
201.214.54.176 - - [16/Mar/2016:17:10:01 -0300] "POST /cormun/servlet/trvisualizadoreventos?33cfb09ffcf38e6c6d55dda1a18d7de7,,gx-no-cache=1458159022232 HTTP/1.1" 200 3264
186.78.34.43 - - [16/Mar/2016:17:10:02 -0300] "GET /cormun/servlet/solicitudotadjuntos?INS,2016,954,,2, HTTP/1.1" 200 5508
201.214.54.176 - - [16/Mar/2016:17:10:02 -0300] "POST /cormun/servlet/trvisualizadoreventos?33cfb09ffcf38e6c6d55dda1a18d7de7,,gx-no-cache=1458159022978 HTTP/1.1" 200 3264
186.78.34.43 - - [16/Mar/2016:17:10:02 -0300] "GET /cormun/servlet/solicitudotadjuntos?c3cc695363f6eb7a98709cc06d0ba6c96099ca2f482fee15488e302e0327b55fee05ffbf89605f9d0edc8fb57e34091f,gx-no-cache=1458159029890 HTTP/1.1" 200 30
201.214.54.176 - - [16/Mar/2016:17:10:02 -0300] "POST /cormun/servlet/trvisualizadoreventos?33cfb09ffcf38e6c6d55dda1a18d7de7,,gx-no-cache=1458159023463 HTTP/1.1" 200 3264
186.78.34.43 - - [16/Mar/2016:17:10:02 -0300] "POST /cormun/servlet/solicitudotadjuntos?4d7acd2ce73bfd0331b901d20e388f53,INS,2016,954,,2,,gx-no-cache=1458159030014 HTTP/1.1" 200 3565
201.214.54.176 - - [16/Mar/2016:17:10:03 -0300] "POST /cormun/servlet/trvisualizadoreventos?33cfb09ffcf38e6c6d55dda1a18d7de7,,gx-no-cache=1458159024296 HTTP/1.1" 200 3264
201.214.54.176 - - [16/Mar/2016:17:10:04 -0300] "POST /cormun/servlet/trvisualizadoreventos?33cfb09ffcf38e6c6d55dda1a18d7de7,,gx-no-cache=1458159024697 HTTP/1.1" 200 3264
201.214.54.176 - - [16/Mar/2016:17:10:04 -0300] "POST /cormun/servlet/trvisualizadoreventos?33cfb09ffcf38e6c6d55dda1a18d7de7,,gx-no-cache=1458159025123 HTTP/1.1" 200 3264
201.214.54.176 - - [16/Mar/2016:17:10:04 -0300] "POST /cormun/servlet/trvisualizadoreventos?33cfb09ffcf38e6c6d55dda1a18d7de7,,gx-no-cache=1458159025537 HTTP/1.1" 200 3264
201.214.54.176 - - [16/Mar/2016:17:10:05 -0300] "POST /cormun/servlet/trvisualizadoreventos?33cfb09ffcf38e6c6d55dda1a18d7de7,,gx-no-cache=1458159025952 HTTP/1.1" 200 3264
201.214.54.176 - - [16/Mar/2016:17:10:05 -0300] "POST /cormun/servlet/trvisualizadoreventos?33cfb09ffcf38e6c6d55dda1a18d7de7,,gx-no-cache=1458159026352 HTTP/1.1" 200 3264
201.214.54.176 - - [16/Mar/2016:17:10:06 -0300] "POST /cormun/servlet/trvisualizadoreventos?33cfb09ffcf38e6c6d55dda1a18d7de7,,gx-no-cache=1458159027346 HTTP/1.1" 200 3264
201.214.54.176 - - [16/Mar/2016:17:10:07 -0300] "POST /cormun/servlet/trvisualizadoreventos?33cfb09ffcf38e6c6d55dda1a18d7de7,,gx-no-cache=1458159027732 HTTP/1.1" 200 3264
186.78.34.43 - - [16/Mar/2016:17:10:12 -0300] "GET /cormun/servlet/trsolicitudadjuntos?2016,954, HTTP/1.1" 200 5426
186.78.34.43 - - [16/Mar/2016:17:10:13 -0300] "GET /cormun/servlet/trsolicitudadjuntos?2016,954, HTTP/1.1" 200 5426
186.78.34.43 - - [16/Mar/2016:17:10:16 -0300] "GET /cormun/servlet/solicitudotadjuntos?INS,2016,954,,1, HTTP/1.1" 200 5513
186.78.34.43 - - [16/Mar/2016:17:10:16 -0300] "GET /cormun/static/about:blank HTTP/1.1" 404 1011
186.78.34.43 - - [16/Mar/2016:17:10:18 -0300] "GET /cormun/servlet/solicitudotadjuntos?INS,2016,954,,1, HTTP/1.1" 200 5507
186.78.34.43 - - [16/Mar/2016:17:10:18 -0300] "GET /cormun/servlet/solicitudotadjuntos?c3cc695363f6eb7a98709cc06d0ba6c96099ca2f482fee15488e302e0327b55fee05ffbf89605f9d0edc8fb57e34091f,gx-no-cache=1458159045753 HTTP/1.1" 200 30
186.78.34.43 - - [16/Mar/2016:17:10:18 -0300] "POST /cormun/servlet/solicitudotadjuntos?4d7acd2ce73bfd0331b901d20e388f53,INS,2016,954,,1,,gx-no-cache=1458159045863 HTTP/1.1" 200 3347
201.214.54.176 - - [16/Mar/2016:17:10:31 -0300] "GET /cormun/servlet/trvisualizadoreventos? HTTP/1.1" 200 5931
201.214.54.176 - - [16/Mar/2016:17:10:32 -0300] "GET /cormun/servlet/trvisualizadoreventos? HTTP/1.1" 200 5931
186.78.34.43 - - [16/Mar/2016:17:10:32 -0300] "POST /cormun/servlet/solicitudotadjuntos?gx-no-cache=1458159059456 HTTP/1.1" 200 26
201.214.54.176 - - [16/Mar/2016:17:10:36 -0300] "GET /cormun/servlet/hhome HTTP/1.1" 200 3414
201.214.54.176 - - [16/Mar/2016:17:10:36 -0300] "GET /cormun/servlet/hhome HTTP/1.1" 200 3414
201.214.54.176 - - [16/Mar/2016:17:10:38 -0300] "GET /cormun/servlet/trvisualizadoreventos? HTTP/1.1" 200 5931
201.214.54.176 - - [16/Mar/2016:17:10:38 -0300] "GET /cormun/servlet/trvisualizadoreventos? HTTP/1.1" 200 5931
201.214.54.176 - - [16/Mar/2016:17:10:44 -0300] "GET /cormun/servlet/hlogin HTTP/1.1" 200 1711
201.214.54.176 - - [16/Mar/2016:17:10:46 -0300] "POST /cormun/servlet/hlogin?33cfb09ffcf38e6c6d55dda1a18d7de7,gx-no-cache=1458159067019 HTTP/1.1" 200 90
201.214.54.176 - - [16/Mar/2016:17:10:46 -0300] "GET /cormun/servlet/hpexe_link HTTP/1.1" 200 954
201.214.54.176 - - [16/Mar/2016:17:10:46 -0300] "GET /cormun/servlet/trvisualizadoreventos HTTP/1.1" 200 5933
201.214.54.176 - - [16/Mar/2016:17:10:47 -0300] "GET /cormun/servlet/trvisualizadoreventos HTTP/1.1" 200 5931
201.214.54.176 - - [16/Mar/2016:17:10:52 -0300] "POST /cormun/servlet/trvisualizadoreventos?33cfb09ffcf38e6c6d55dda1a18d7de7,gx-no-cache=1458159072971 HTTP/1.1" 200 3266
201.214.54.176 - - [16/Mar/2016:17:10:52 -0300] "POST /cormun/servlet/trvisualizadoreventos?33cfb09ffcf38e6c6d55dda1a18d7de7,gx-no-cache=1458159073116 HTTP/1.1" 200 3266
201.214.54.176 - - [16/Mar/2016:17:10:52 -0300] "POST /cormun/servlet/trvisualizadoreventos?33cfb09ffcf38e6c6d55dda1a18d7de7,gx-no-cache=1458159073240 HTTP/1.1" 200 3266
201.214.54.176 - - [16/Mar/2016:17:10:57 -0300] "GET /cormun/servlet/trvisualizadoreventos?0e3ad9e2828d19aa62b7e495ee28043dcf54e06db37823c46a240692a0238a744372c0482f2469f815bf1a908842a873b6290aa68f5a051f70f2b5a6b30409820132a64b1336c526c42f28bc573da1b8daff2233ce672b6b0974118c851298700bfedd19d115d184a409cf892a41474230bee70def635ee4a069c2db2565143a7bd6c65fa7e8e4cf4ab5396534454dc27db10a182786617da7fae7d3a2a6a00517ffb13ff5cadace4812cc7f6b0681cd1816808e96483180b812bda7250ade1a,gx-no-cache=1458159077905 HTTP/1.1" 200 569
201.214.54.176 - - [16/Mar/2016:17:10:57 -0300] "POST /cormun/servlet/trvisualizadoreventos?33cfb09ffcf38e6c6d55dda1a18d7de7,gx-no-cache=1458159078022 HTTP/1.1" 200 3271
201.214.54.176 - - [16/Mar/2016:17:11:00 -0300] "POST /cormun/servlet/acontrolpreferencessavestate?None,MSALAS,true HTTP/1.1" 200 35
201.214.54.176 - - [16/Mar/2016:17:11:01 -0300] "POST /cormun/servlet/acontrolpreferencessavestate?None,MSALAS,true HTTP/1.1" 200 35
186.78.34.43 - - [16/Mar/2016:17:11:03 -0300] "GET /cormun/servlet/solicitudotadjuntos?c3cc695363f6eb7a98709cc06d0ba6c961d499a9b361ff106e69fa699c132311,gx-no-cache=1458159090069 HTTP/1.1" 200 30
186.78.34.43 - - [16/Mar/2016:17:11:03 -0300] "GET /cormun/servlet/solicitudotadjuntos?c3cc695363f6eb7a98709cc06d0ba6c961d499a9b361ff106e69fa699c132311,gx-no-cache=1458159090311 HTTP/1.1" 200 30
186.78.34.43 - - [16/Mar/2016:17:11:06 -0300] "POST /cormun/servlet/solicitudotadjuntos?4d7acd2ce73bfd0331b901d20e388f53,INS,2016,954,,1, HTTP/1.1" 200 116
186.78.34.43 - - [16/Mar/2016:17:11:07 -0300] "GET /cormun/servlet/hpexe_return? HTTP/1.1" 200 1027
186.78.34.43 - - [16/Mar/2016:17:11:07 -0300] "GET /cormun/servlet/trsolicitudadjuntos?2016,954, HTTP/1.1" 200 7311
201.214.54.176 - - [16/Mar/2016:17:11:08 -0300] "GET /cormun/servlet/hlogin HTTP/1.1" 200 1711
186.78.34.43 - - [16/Mar/2016:17:11:09 -0300] "GET /cormun/servlet/trsolicitudadjuntos?2016,954, HTTP/1.1" 200 7308
186.78.34.43 - - [16/Mar/2016:17:11:12 -0300] "GET /cormun/servlet/solicitudotadjuntos?INS,2016,954,,1, HTTP/1.1" 200 5514
186.78.34.43 - - [16/Mar/2016:17:11:13 -0300] "GET /cormun/static/about:blank HTTP/1.1" 404 1011
186.78.34.43 - - [16/Mar/2016:17:11:14 -0300] "GET /cormun/servlet/solicitudotadjuntos?INS,2016,954,,1, HTTP/1.1" 200 5508
186.78.34.43 - - [16/Mar/2016:17:11:14 -0300] "GET /cormun/servlet/solicitudotadjuntos?c3cc695363f6eb7a98709cc06d0ba6c96099ca2f482fee15488e302e0327b55fee05ffbf89605f9d0edc8fb57e34091f,gx-no-cache=1458159102177 HTTP/1.1" 200 30
186.78.34.43 - - [16/Mar/2016:17:11:15 -0300] "POST /cormun/servlet/solicitudotadjuntos?4d7acd2ce73bfd0331b901d20e388f53,INS,2016,954,,1,,gx-no-cache=1458159102295 HTTP/1.1" 200 3349
186.78.34.43 - - [16/Mar/2016:17:11:28 -0300] "POST /cormun/servlet/solicitudotadjuntos?gx-no-cache=1458159116090 HTTP/1.1" 200 26
201.214.54.176 - - [16/Mar/2016:17:11:33 -0300] "GET /cormun/servlet/hlogin HTTP/1.1" 200 1711
201.214.54.176 - - [16/Mar/2016:17:11:35 -0300] "POST /cormun/servlet/hlogin?33cfb09ffcf38e6c6d55dda1a18d7de7,gx-no-cache=1458159116030 HTTP/1.1" 200 90
201.214.54.176 - - [16/Mar/2016:17:11:35 -0300] "GET /cormun/servlet/hpexe_link HTTP/1.1" 200 974
201.214.54.176 - - [16/Mar/2016:17:11:35 -0300] "GET /cormun/servlet/trvisualizadoreventos?gx-no-cache=1458159078022 HTTP/1.1" 200 5937
201.214.54.176 - - [16/Mar/2016:17:11:36 -0300] "GET /cormun/servlet/trvisualizadoreventos?gx-no-cache=1458159078022 HTTP/1.1" 200 5954
186.78.34.43 - - [16/Mar/2016:17:11:40 -0300] "GET /cormun/servlet/solicitudotadjuntos?c3cc695363f6eb7a98709cc06d0ba6c961d499a9b361ff106e69fa699c132311,gx-no-cache=1458159128189 HTTP/1.1" 200 30
186.78.34.43 - - [16/Mar/2016:17:11:41 -0300] "GET /cormun/servlet/solicitudotadjuntos?c3cc695363f6eb7a98709cc06d0ba6c961d499a9b361ff106e69fa699c132311,gx-no-cache=1458159128266 HTTP/1.1" 200 30
201.214.54.176 - - [16/Mar/2016:17:11:42 -0300] "GET /cormun/servlet/hlogin HTTP/1.1" 200 1711
201.214.54.176 - - [16/Mar/2016:17:11:44 -0300] "POST /cormun/servlet/hlogin?33cfb09ffcf38e6c6d55dda1a18d7de7,gx-no-cache=1458159125010 HTTP/1.1" 200 90
201.214.54.176 - - [16/Mar/2016:17:11:44 -0300] "GET /cormun/servlet/hpexe_link HTTP/1.1" 200 974
201.214.54.176 - - [16/Mar/2016:17:11:44 -0300] "GET /cormun/servlet/trvisualizadoreventos?gx-no-cache=1458159078022 HTTP/1.1" 200 5937
201.214.54.176 - - [16/Mar/2016:17:11:44 -0300] "GET /cormun/servlet/trvisualizadoreventos?gx-no-cache=1458159078022 HTTP/1.1" 200 5954
186.78.34.43 - - [16/Mar/2016:17:11:45 -0300] "POST /cormun/servlet/solicitudotadjuntos?4d7acd2ce73bfd0331b901d20e388f53,INS,2016,954,,1, HTTP/1.1" 200 116
186.78.34.43 - - [16/Mar/2016:17:11:45 -0300] "GET /cormun/servlet/hpexe_return? HTTP/1.1" 200 1027
186.78.34.43 - - [16/Mar/2016:17:11:46 -0300] "GET /cormun/servlet/trsolicitudadjuntos?2016,954, HTTP/1.1" 200 7456
186.78.34.43 - - [16/Mar/2016:17:11:48 -0300] "GET /cormun/servlet/trsolicitudadjuntos?2016,954, HTTP/1.1" 200 7453
186.78.34.43 - - [16/Mar/2016:17:11:53 -0300] "GET /cormun/servlet/solicitudotadjuntos?INS,2016,954,,1, HTTP/1.1" 200 5514
186.78.34.43 - - [16/Mar/2016:17:11:53 -0300] "GET /cormun/static/about:blank HTTP/1.1" 404 1011
201.214.54.176 - - [16/Mar/2016:17:11:54 -0300] "POST /cormun/servlet/trvisualizadoreventos?33cfb09ffcf38e6c6d55dda1a18d7de7,gx-no-cache=1458159078022,gx-no-cache=1458159134710 HTTP/1.1" 200 3271
201.214.54.176 - - [16/Mar/2016:17:11:54 -0300] "POST /cormun/servlet/trvisualizadoreventos?33cfb09ffcf38e6c6d55dda1a18d7de7,gx-no-cache=1458159078022,gx-no-cache=1458159134839 HTTP/1.1" 200 3271
201.214.54.176 - - [16/Mar/2016:17:11:54 -0300] "POST /cormun/servlet/trvisualizadoreventos?33cfb09ffcf38e6c6d55dda1a18d7de7,gx-no-cache=1458159078022,gx-no-cache=1458159134947 HTTP/1.1" 200 3271
201.214.54.176 - - [16/Mar/2016:17:11:54 -0300] "POST /cormun/servlet/trvisualizadoreventos?33cfb09ffcf38e6c6d55dda1a18d7de7,gx-no-cache=1458159078022,gx-no-cache=1458159135054 HTTP/1.1" 200 3271
201.214.54.176 - - [16/Mar/2016:17:11:54 -0300] "POST /cormun/servlet/trvisualizadoreventos?33cfb09ffcf38e6c6d55dda1a18d7de7,gx-no-cache=1458159078022,gx-no-cache=1458159135174 HTTP/1.1" 200 3271
201.214.54.176 - - [16/Mar/2016:17:11:54 -0300] "POST /cormun/servlet/trvisualizadoreventos?33cfb09ffcf38e6c6d55dda1a18d7de7,gx-no-cache=1458159078022,gx-no-cache=1458159135317 HTTP/1.1" 200 3271
201.214.54.176 - - [16/Mar/2016:17:11:54 -0300] "POST /cormun/servlet/trvisualizadoreventos?33cfb09ffcf38e6c6d55dda1a18d7de7,gx-no-cache=1458159078022,gx-no-cache=1458159135567 HTTP/1.1" 200 3271
186.78.34.43 - - [16/Mar/2016:17:11:55 -0300] "GET /cormun/servlet/solicitudotadjuntos?INS,2016,954,,1, HTTP/1.1" 200 5508
201.214.54.176 - - [16/Mar/2016:17:11:55 -0300] "POST /cormun/servlet/trvisualizadoreventos?33cfb09ffcf38e6c6d55dda1a18d7de7,gx-no-cache=1458159078022,gx-no-cache=1458159135873 HTTP/1.1" 200 3271
201.214.54.176 - - [16/Mar/2016:17:11:55 -0300] "POST /cormun/servlet/trvisualizadoreventos?33cfb09ffcf38e6c6d55dda1a18d7de7,gx-no-cache=1458159078022,gx-no-cache=1458159136265 HTTP/1.1" 200 3271
186.78.34.43 - - [16/Mar/2016:17:11:55 -0300] "GET /cormun/servlet/solicitudotadjuntos?c3cc695363f6eb7a98709cc06d0ba6c96099ca2f482fee15488e302e0327b55fee05ffbf89605f9d0edc8fb57e34091f,gx-no-cache=1458159142914 HTTP/1.1" 200 30
201.214.54.176 - - [16/Mar/2016:17:11:55 -0300] "POST /cormun/servlet/trvisualizadoreventos?33cfb09ffcf38e6c6d55dda1a18d7de7,gx-no-cache=1458159078022,gx-no-cache=1458159136554 HTTP/1.1" 200 3271
186.78.34.43 - - [16/Mar/2016:17:11:56 -0300] "POST /cormun/servlet/solicitudotadjuntos?4d7acd2ce73bfd0331b901d20e388f53,INS,2016,954,,1,,gx-no-cache=1458159143138 HTTP/1.1" 200 3349
201.214.54.176 - - [16/Mar/2016:17:11:56 -0300] "POST /cormun/servlet/trvisualizadoreventos?33cfb09ffcf38e6c6d55dda1a18d7de7,gx-no-cache=1458159078022,gx-no-cache=1458159136805 HTTP/1.1" 200 3271
201.214.54.176 - - [16/Mar/2016:17:11:56 -0300] "POST /cormun/servlet/trvisualizadoreventos?33cfb09ffcf38e6c6d55dda1a18d7de7,gx-no-cache=1458159078022,gx-no-cache=1458159137045 HTTP/1.1" 200 3271
186.78.34.43 - - [16/Mar/2016:17:12:05 -0300] "POST /cormun/servlet/solicitudotadjuntos?gx-no-cache=1458159152537 HTTP/1.1" 200 26
186.78.34.43 - - [16/Mar/2016:17:12:16 -0300] "GET /cormun/servlet/solicitudotadjuntos?c3cc695363f6eb7a98709cc06d0ba6c961d499a9b361ff106e69fa699c132311,gx-no-cache=1458159163742 HTTP/1.1" 200 30
186.78.34.43 - - [16/Mar/2016:17:12:16 -0300] "GET /cormun/servlet/solicitudotadjuntos?c3cc695363f6eb7a98709cc06d0ba6c961d499a9b361ff106e69fa699c132311,gx-no-cache=1458159163827 HTTP/1.1" 200 30
186.78.34.43 - - [16/Mar/2016:17:12:22 -0300] "POST /cormun/servlet/solicitudotadjuntos?4d7acd2ce73bfd0331b901d20e388f53,INS,2016,954,,1, HTTP/1.1" 200 116
186.78.34.43 - - [16/Mar/2016:17:12:22 -0300] "GET /cormun/servlet/hpexe_return? HTTP/1.1" 200 1027
186.78.34.43 - - [16/Mar/2016:17:12:23 -0300] "GET /cormun/servlet/trsolicitudadjuntos?2016,954, HTTP/1.1" 200 7640
186.78.34.43 - - [16/Mar/2016:17:12:25 -0300] "GET /cormun/servlet/trsolicitudadjuntos?2016,954, HTTP/1.1" 200 7636
186.78.34.43 - - [16/Mar/2016:17:12:30 -0300] "GET /cormun/servlet/solicitudotadjuntos?INS,2016,954,,1, HTTP/1.1" 200 5514
186.78.34.43 - - [16/Mar/2016:17:12:30 -0300] "GET /cormun/static/about:blank HTTP/1.1" 404 1011
186.78.34.43 - - [16/Mar/2016:17:12:32 -0300] "GET /cormun/servlet/solicitudotadjuntos?INS,2016,954,,1, HTTP/1.1" 200 5508
186.78.34.43 - - [16/Mar/2016:17:12:32 -0300] "GET /cormun/servlet/solicitudotadjuntos?c3cc695363f6eb7a98709cc06d0ba6c96099ca2f482fee15488e302e0327b55fee05ffbf89605f9d0edc8fb57e34091f,gx-no-cache=1458159180003 HTTP/1.1" 200 30
186.78.34.43 - - [16/Mar/2016:17:12:33 -0300] "POST /cormun/servlet/solicitudotadjuntos?4d7acd2ce73bfd0331b901d20e388f53,INS,2016,954,,1,,gx-no-cache=1458159180122 HTTP/1.1" 200 3349
186.78.34.43 - - [16/Mar/2016:17:12:36 -0300] "POST /cormun/servlet/solicitudotadjuntos?gx-no-cache=1458159184178 HTTP/1.1" 200 26
201.214.54.176 - - [16/Mar/2016:17:12:42 -0300] "GET /cormun/servlet/trautorizarsolicitud? HTTP/1.1" 200 6137
201.214.54.176 - - [16/Mar/2016:17:12:42 -0300] "GET /cormun/servlet/trautorizarsolicitud? HTTP/1.1" 200 6118
186.78.34.43 - - [16/Mar/2016:17:12:47 -0300] "GET /cormun/servlet/solicitudotadjuntos?c3cc695363f6eb7a98709cc06d0ba6c961d499a9b361ff106e69fa699c132311,gx-no-cache=1458159194659 HTTP/1.1" 200 30
186.78.34.43 - - [16/Mar/2016:17:12:47 -0300] "GET /cormun/servlet/solicitudotadjuntos?c3cc695363f6eb7a98709cc06d0ba6c961d499a9b361ff106e69fa699c132311,gx-no-cache=1458159194738 HTTP/1.1" 200 30
201.214.54.176 - - [16/Mar/2016:17:12:47 -0300] "GET /cormun/servlet/trvisualizadoreventos? HTTP/1.1" 200 5936
201.214.54.176 - - [16/Mar/2016:17:12:48 -0300] "GET /cormun/servlet/trvisualizadoreventos? HTTP/1.1" 200 5936
201.214.54.176 - - [16/Mar/2016:17:12:50 -0300] "GET /cormun/servlet/trsolicitudot? HTTP/1.1" 200 6208
201.214.54.176 - - [16/Mar/2016:17:12:51 -0300] "GET /cormun/servlet/trsolicitudot? HTTP/1.1" 200 6207
201.214.54.176 - - [16/Mar/2016:17:12:53 -0300] "GET /cormun/servlet/solicitudot?INS,0,0, HTTP/1.1" 200 11431
201.214.54.176 - - [16/Mar/2016:17:12:54 -0300] "GET /cormun/servlet/solicitudot?INS,0,0, HTTP/1.1" 200 11436
201.214.54.176 - - [16/Mar/2016:17:12:58 -0300] "GET /cormun/servlet/prfichaempleado?,MD,,gxPopupLevel%3D0%3B HTTP/1.1" 200 7866
201.214.54.176 - - [16/Mar/2016:17:12:58 -0300] "GET /cormun/static/scaMessage/css/jquery-ui.css?104140 HTTP/1.1" 404 1045
186.78.34.43 - - [16/Mar/2016:17:12:59 -0300] "POST /cormun/servlet/solicitudotadjuntos?4d7acd2ce73bfd0331b901d20e388f53,INS,2016,954,,1, HTTP/1.1" 200 116
186.78.34.43 - - [16/Mar/2016:17:13:00 -0300] "GET /cormun/servlet/hpexe_return? HTTP/1.1" 200 1027
186.78.34.43 - - [16/Mar/2016:17:13:01 -0300] "GET /cormun/servlet/trsolicitudadjuntos?2016,954, HTTP/1.1" 200 7764
186.78.34.43 - - [16/Mar/2016:17:13:03 -0300] "GET /cormun/servlet/trsolicitudadjuntos?2016,954, HTTP/1.1" 200 7761
201.214.54.176 - - [16/Mar/2016:17:13:15 -0300] "GET /cormun/servlet/prfichaempleado?0e3ad9e2828d19aa62b7e495ee28043dd09bcb79bde1a1914120939451a11c63e154b0ae8a80bf7f7a38da0239229cb5c1d0038bde29ee4b0b32c695e095469a,gx-no-cache=1458159216491 HTTP/1.1" 200 462
201.214.54.176 - - [16/Mar/2016:17:13:17 -0300] "GET /cormun/servlet/prfichaempleado?0e3ad9e2828d19aa62b7e495ee28043dae4ea295cf77bd68baa0ab6bd2f6a709c8b3376320971dd08279b2652e8ceea05c7be65c8ffc67c94376b6719e6802b0,gx-no-cache=1458159218638 HTTP/1.1" 200 467
201.214.54.176 - - [16/Mar/2016:17:13:18 -0300] "GET /cormun/servlet/prfichaempleado?0e3ad9e2828d19aa62b7e495ee28043d3cb72bfd5a566e75bd4544dc7f594ff6361acc41d47a3ec5f1b1a139549bbde1f24aa1ffb8769405b73ae6934da900a5,gx-no-cache=1458159219134 HTTP/1.1" 200 467
201.214.54.176 - - [16/Mar/2016:17:13:19 -0300] "GET /cormun/servlet/prfichaempleado?0e3ad9e2828d19aa62b7e495ee28043ddd60c07eae27a785a109ad810677d93a10e55a3baae3346f28d54c4166609d56d0c2e38cbe090db8aa927195390525c6b963d9f48ae4076836839216f3fb6697,gx-no-cache=1458159220319 HTTP/1.1" 200 469
201.214.54.176 - - [16/Mar/2016:17:13:22 -0300] "GET /cormun/servlet/prfichaempleado?0e3ad9e2828d19aa62b7e495ee28043ddd60c07eae27a785a109ad810677d93affaec167bd0c903d517296bb5a3ef2937eac701b58bb0919461558836f30d33dc0b2d22469d432bb5fc31f4ae02cc0c9,gx-no-cache=1458159223637 HTTP/1.1" 200 429
201.214.54.176 - - [16/Mar/2016:17:13:23 -0300] "GET /cormun/servlet/prfichaempleado?0e3ad9e2828d19aa62b7e495ee28043ddd60c07eae27a785a109ad810677d93afee39ee474b42abb2e41f22ce881453d5da36e78d7de9de11e6cbd23cfe88994,gx-no-cache=1458159224118 HTTP/1.1" 200 425
201.214.54.176 - - [16/Mar/2016:17:13:24 -0300] "GET /cormun/servlet/prfichaempleado?0e3ad9e2828d19aa62b7e495ee28043ddd60c07eae27a785a109ad810677d93aa51285fca11340094a0e404cb53391ba7ce9fd7971c82b791596ff3398fe3fef556c89a8ab72aaba80ad6f02d16dba09,gx-no-cache=1458159225155 HTTP/1.1" 200 427
201.214.54.176 - - [16/Mar/2016:17:13:27 -0300] "POST /cormun/servlet/prfichaempleado?33cfb09ffcf38e6c6d55dda1a18d7de7,,MD,,gxPopupLevel%3D0%3B,gx-no-cache=1458159228626 HTTP/1.1" 200 2628
186.78.34.43 - - [16/Mar/2016:17:13:43 -0300] "GET /cormun/servlet/solicitudotadjuntos?INS,2016,954,,1, HTTP/1.1" 200 5515
186.78.34.43 - - [16/Mar/2016:17:13:45 -0300] "GET /cormun/servlet/solicitudotadjuntos?INS,2016,954,,1, HTTP/1.1" 200 5509
186.78.34.43 - - [16/Mar/2016:17:13:46 -0300] "GET /cormun/servlet/solicitudotadjuntos?c3cc695363f6eb7a98709cc06d0ba6c96099ca2f482fee15488e302e0327b55fee05ffbf89605f9d0edc8fb57e34091f,gx-no-cache=1458159253350 HTTP/1.1" 200 30
