186.78.51.154 - - [16/Mar/2016:10:06:58 -0300] "GET /cormun/servlet/solicitudotadjuntos?b8f0bab67440505eb383f48f0b846b60e2e0efde68c1b9c9bc771f4241c98f4b,gx-no-cache=1458137300343 HTTP/1.1" 200 30
186.78.51.154 - - [16/Mar/2016:10:06:58 -0300] "POST /cormun/servlet/solicitudotadjuntos?cd29ae11c696efb1cd116681fc87b914,INS,2016,887,,2,,gx-no-cache=1458137300410 HTTP/1.1" 200 93
186.78.51.154 - - [16/Mar/2016:10:06:58 -0300] "GET /cormun/servlet/hpexe_return? HTTP/1.1" 200 1026
186.78.51.154 - - [16/Mar/2016:10:06:59 -0300] "GET /cormun/servlet/trsolicitudadjuntos?2016,887, HTTP/1.1" 200 7747
186.78.51.154 - - [16/Mar/2016:10:06:59 -0300] "GET /cormun/servlet/trsolicitudadjuntos?2016,887, HTTP/1.1" 200 7745
191.112.114.96 - - [16/Mar/2016:10:07:00 -0300] "POST /cormun/servlet/solicitudot?4c821478ddfd17c70ec1f5601d4efcf7,INS,0,0,,gx-no-cache=1458133636619 HTTP/1.1" 200 9349
191.112.114.96 - - [16/Mar/2016:10:07:00 -0300] "GET /cormun/static/Shared/jqueryui/images/ui-bg_highlight-soft_100_c6c2c8_1x100.png HTTP/1.1" 404 1117
191.112.114.96 - - [16/Mar/2016:10:07:00 -0300] "GET /cormun/static/Shared/jqueryui/images/ui-icons_82798d_256x240.png HTTP/1.1" 404 1089
191.112.114.96 - - [16/Mar/2016:10:07:00 -0300] "GET /cormun/static/Shared/jqueryui/images/ui-bg_flat_55_994d53_40x100.png HTTP/1.1" 404 1097
191.112.114.96 - - [16/Mar/2016:10:07:00 -0300] "GET /cormun/static/Shared/jqueryui/images/ui-icons_ebccce_256x240.png HTTP/1.1" 404 1089
186.78.51.154 - - [16/Mar/2016:10:07:09 -0300] "GET /cormun/servlet/solicitudotadjuntos?INS,2016,887,,2, HTTP/1.1" 200 5480
186.78.51.154 - - [16/Mar/2016:10:07:09 -0300] "GET /cormun/static/about:blank HTTP/1.1" 404 1011
186.78.51.154 - - [16/Mar/2016:10:07:09 -0300] "GET /cormun/servlet/solicitudotadjuntos?INS,2016,887,,2, HTTP/1.1" 200 5474
186.78.51.154 - - [16/Mar/2016:10:07:10 -0300] "GET /cormun/servlet/solicitudotadjuntos?b8f0bab67440505eb383f48f0b846b609e6ccc4451dd22fdbbfe92ed98a93c38a844b31749c5feba04dd5000c34a12d6,gx-no-cache=1458137311887 HTTP/1.1" 200 30
186.78.51.154 - - [16/Mar/2016:10:07:10 -0300] "POST /cormun/servlet/solicitudotadjuntos?cd29ae11c696efb1cd116681fc87b914,INS,2016,887,,2,,gx-no-cache=1458137311971 HTTP/1.1" 200 3506
186.78.51.154 - - [16/Mar/2016:10:07:26 -0300] "POST /cormun/servlet/solicitudotadjuntos?gx-no-cache=1458137328142 HTTP/1.1" 200 26
186.78.51.154 - - [16/Mar/2016:10:07:27 -0300] "GET /cormun/servlet/solicitudotadjuntos?b8f0bab67440505eb383f48f0b846b60e2e0efde68c1b9c9bc771f4241c98f4b,gx-no-cache=1458137329425 HTTP/1.1" 200 30
186.78.51.154 - - [16/Mar/2016:10:07:27 -0300] "GET /cormun/servlet/solicitudotadjuntos?b8f0bab67440505eb383f48f0b846b60e2e0efde68c1b9c9bc771f4241c98f4b,gx-no-cache=1458137329512 HTTP/1.1" 200 30
186.78.51.154 - - [16/Mar/2016:10:07:28 -0300] "POST /cormun/servlet/solicitudotadjuntos?cd29ae11c696efb1cd116681fc87b914,INS,2016,887,,2,,gx-no-cache=1458137329600 HTTP/1.1" 200 3169
186.78.51.154 - - [16/Mar/2016:10:07:28 -0300] "GET /cormun/static/Shared/jqueryui/images/ui-bg_flat_55_994d53_40x100.png HTTP/1.1" 404 1097
186.78.51.154 - - [16/Mar/2016:10:07:28 -0300] "GET /cormun/static/Shared/jqueryui/images/ui-icons_ebccce_256x240.png HTTP/1.1" 404 1089
186.78.51.154 - - [16/Mar/2016:10:07:31 -0300] "POST /cormun/servlet/solicitudotadjuntos?cd29ae11c696efb1cd116681fc87b914,INS,2016,887,,2,,gx-no-cache=1458137332991 HTTP/1.1" 200 93
186.78.51.154 - - [16/Mar/2016:10:07:31 -0300] "GET /cormun/servlet/hpexe_return? HTTP/1.1" 200 1026
186.78.51.154 - - [16/Mar/2016:10:07:31 -0300] "GET /cormun/servlet/trsolicitudadjuntos?2016,887, HTTP/1.1" 200 7747
186.78.51.154 - - [16/Mar/2016:10:07:32 -0300] "GET /cormun/servlet/trsolicitudadjuntos?2016,887, HTTP/1.1" 200 7745
186.78.51.154 - - [16/Mar/2016:10:07:41 -0300] "GET /cormun/servlet/solicitudotadjuntos?INS,2016,887,,2, HTTP/1.1" 200 5480
186.78.51.154 - - [16/Mar/2016:10:07:41 -0300] "GET /cormun/static/about:blank HTTP/1.1" 404 1011
186.78.51.154 - - [16/Mar/2016:10:07:41 -0300] "GET /cormun/servlet/solicitudotadjuntos?INS,2016,887,,2, HTTP/1.1" 200 5474
186.78.51.154 - - [16/Mar/2016:10:07:42 -0300] "GET /cormun/servlet/solicitudotadjuntos?INS,2016,887,,2, HTTP/1.1" 200 5474
186.78.51.154 - - [16/Mar/2016:10:07:42 -0300] "GET /cormun/static/about:blank HTTP/1.1" 404 1011
186.78.51.154 - - [16/Mar/2016:10:07:42 -0300] "GET /cormun/servlet/solicitudotadjuntos?INS,2016,887,,2, HTTP/1.1" 200 5474
186.78.51.154 - - [16/Mar/2016:10:07:42 -0300] "GET /cormun/servlet/solicitudotadjuntos?b8f0bab67440505eb383f48f0b846b609e6ccc4451dd22fdbbfe92ed98a93c38a844b31749c5feba04dd5000c34a12d6,gx-no-cache=1458137344679 HTTP/1.1" 200 30
186.78.51.154 - - [16/Mar/2016:10:07:43 -0300] "POST /cormun/servlet/solicitudotadjuntos?cd29ae11c696efb1cd116681fc87b914,INS,2016,887,,2,,gx-no-cache=1458137344761 HTTP/1.1" 200 3512
186.78.51.154 - - [16/Mar/2016:10:07:51 -0300] "POST /cormun/servlet/solicitudotadjuntos?gx-no-cache=1458137353656 HTTP/1.1" 200 26
186.78.51.154 - - [16/Mar/2016:10:07:53 -0300] "GET /cormun/servlet/solicitudotadjuntos?b8f0bab67440505eb383f48f0b846b60e2e0efde68c1b9c9bc771f4241c98f4b,gx-no-cache=1458137355211 HTTP/1.1" 200 30
186.78.51.154 - - [16/Mar/2016:10:07:53 -0300] "GET /cormun/servlet/solicitudotadjuntos?b8f0bab67440505eb383f48f0b846b60e2e0efde68c1b9c9bc771f4241c98f4b,gx-no-cache=1458137355285 HTTP/1.1" 200 30
186.78.51.154 - - [16/Mar/2016:10:07:53 -0300] "POST /cormun/servlet/solicitudotadjuntos?cd29ae11c696efb1cd116681fc87b914,INS,2016,887,,2,,gx-no-cache=1458137355352 HTTP/1.1" 200 3174
186.78.51.154 - - [16/Mar/2016:10:07:57 -0300] "GET /cormun/servlet/solicitudotadjuntos?b8f0bab67440505eb383f48f0b846b60e2e0efde68c1b9c9bc771f4241c98f4b,gx-no-cache=1458137359714 HTTP/1.1" 200 30
186.78.51.154 - - [16/Mar/2016:10:08:16 -0300] "POST /cormun/servlet/solicitudotadjuntos?gx-no-cache=1458137378148 HTTP/1.1" 200 26
186.78.51.154 - - [16/Mar/2016:10:08:17 -0300] "GET /cormun/servlet/solicitudotadjuntos?b8f0bab67440505eb383f48f0b846b60e2e0efde68c1b9c9bc771f4241c98f4b,gx-no-cache=1458137379368 HTTP/1.1" 200 30
186.78.51.154 - - [16/Mar/2016:10:08:17 -0300] "GET /cormun/servlet/solicitudotadjuntos?b8f0bab67440505eb383f48f0b846b60e2e0efde68c1b9c9bc771f4241c98f4b,gx-no-cache=1458137379438 HTTP/1.1" 200 30
186.78.51.154 - - [16/Mar/2016:10:08:17 -0300] "POST /cormun/servlet/solicitudotadjuntos?cd29ae11c696efb1cd116681fc87b914,INS,2016,887,,2,,gx-no-cache=1458137379506 HTTP/1.1" 200 3174
186.78.51.154 - - [16/Mar/2016:10:08:20 -0300] "POST /cormun/servlet/solicitudotadjuntos?cd29ae11c696efb1cd116681fc87b914,INS,2016,887,,2,,gx-no-cache=1458137381745 HTTP/1.1" 200 93
186.78.51.154 - - [16/Mar/2016:10:08:20 -0300] "GET /cormun/servlet/hpexe_return? HTTP/1.1" 200 1026
186.78.51.154 - - [16/Mar/2016:10:08:20 -0300] "GET /cormun/servlet/trsolicitudadjuntos?2016,887, HTTP/1.1" 200 7747
186.78.51.154 - - [16/Mar/2016:10:08:21 -0300] "GET /cormun/servlet/trsolicitudadjuntos?2016,887, HTTP/1.1" 200 7745
186.78.51.154 - - [16/Mar/2016:10:08:39 -0300] "GET /cormun/servlet/solicitudotadjuntos?INS,2016,887,,1, HTTP/1.1" 200 5481
186.78.51.154 - - [16/Mar/2016:10:08:40 -0300] "GET /cormun/static/about:blank HTTP/1.1" 404 1011
186.78.51.154 - - [16/Mar/2016:10:08:40 -0300] "GET /cormun/servlet/solicitudotadjuntos?INS,2016,887,,1, HTTP/1.1" 200 5475
186.78.51.154 - - [16/Mar/2016:10:08:40 -0300] "GET /cormun/servlet/solicitudotadjuntos?b8f0bab67440505eb383f48f0b846b609e6ccc4451dd22fdbbfe92ed98a93c38a844b31749c5feba04dd5000c34a12d6,gx-no-cache=1458137402371 HTTP/1.1" 200 30
186.78.51.154 - - [16/Mar/2016:10:08:40 -0300] "POST /cormun/servlet/solicitudotadjuntos?cd29ae11c696efb1cd116681fc87b914,INS,2016,887,,1,,gx-no-cache=1458137402472 HTTP/1.1" 200 3360
186.103.158.250 - - [16/Mar/2016:10:08:43 -0300] "GET /cormun/servlet/hlogin HTTP/1.1" 200 1720
186.103.158.250 - - [16/Mar/2016:10:08:44 -0300] "GET /cormun/static/gxtimezone.js?85251 HTTP/1.1" 200 5781
186.103.158.250 - - [16/Mar/2016:10:08:44 -0300] "GET /cormun/static/gxcfg.js?20151120045111 HTTP/1.1" 200 953
186.103.158.250 - - [16/Mar/2016:10:08:44 -0300] "GET /cormun/static/hlogin.js?20151120045126 HTTP/1.1" 200 2136
186.103.158.250 - - [16/Mar/2016:10:08:44 -0300] "GET /cormun/static/Resources/Spanish/PXTools.css?005343 HTTP/1.1" 200 89042
186.103.158.250 - - [16/Mar/2016:10:08:44 -0300] "GET /cormun/static/messages.spa.js?85251 HTTP/1.1" 200 30736
186.103.158.250 - - [16/Mar/2016:10:08:44 -0300] "GET /cormun/static/gxgral.js?85251 HTTP/1.1" 200 384558
186.103.158.250 - - [16/Mar/2016:10:08:44 -0300] "GET /cormun/static/Resources/ComunLogin.png HTTP/1.1" 200 17326
186.103.158.250 - - [16/Mar/2016:10:08:44 -0300] "GET /cormun/static/Resources/PXToolsButtonLeft21.png HTTP/1.1" 200 1287
186.103.158.250 - - [16/Mar/2016:10:08:44 -0300] "GET /cormun/static/Resources/PXToolsLoginBottom.png HTTP/1.1" 200 1389
186.103.158.250 - - [16/Mar/2016:10:08:44 -0300] "GET /cormun/static/Resources/PXToolsLoginTop.png HTTP/1.1" 200 1337
186.103.158.250 - - [16/Mar/2016:10:08:44 -0300] "GET /cormun/static/Resources/PXToolsButtonBackground2.png HTTP/1.1" 200 1181
186.103.158.250 - - [16/Mar/2016:10:08:44 -0300] "GET /cormun/servlet/hlogin HTTP/1.1" 200 1730
186.103.158.250 - - [16/Mar/2016:10:08:44 -0300] "GET /cormun/static/Resources/PXToolsLoginBackground.png HTTP/1.1" 200 1164
186.103.158.250 - - [16/Mar/2016:10:08:44 -0300] "GET /favicon.ico HTTP/1.1" 200 21630
186.103.158.250 - - [16/Mar/2016:10:08:44 -0300] "GET /cormun/static/Resources/indicator.gif HTTP/1.1" 200 1553
186.103.158.250 - - [16/Mar/2016:10:08:45 -0300] "GET /cormun/static/Resources/ComunLogin.png HTTP/1.1" 200 17326
186.103.158.250 - - [16/Mar/2016:10:08:45 -0300] "GET /cormun/static/Resources/PXToolsButtonRight21.png HTTP/1.1" 200 1283
186.103.158.250 - - [16/Mar/2016:10:09:00 -0300] "POST /cormun/servlet/hlogin?bd45abe5b1cd90938c717398ba00e39f,gx-no-cache=1458133767488 HTTP/1.1" 200 446
186.103.158.250 - - [16/Mar/2016:10:09:09 -0300] "POST /cormun/servlet/hlogin?bd45abe5b1cd90938c717398ba00e39f,gx-no-cache=1458133776503 HTTP/1.1" 200 90
186.103.158.250 - - [16/Mar/2016:10:09:10 -0300] "GET /cormun/servlet/hpexe_link HTTP/1.1" 200 953
186.103.158.250 - - [16/Mar/2016:10:09:10 -0300] "GET /cormun/static/gxcfg.js?20151120044395 HTTP/1.1" 200 953
186.103.158.250 - - [16/Mar/2016:10:09:10 -0300] "GET /cormun/static/hpexe_link.js?20151120044398 HTTP/1.1" 200 625
186.103.158.250 - - [16/Mar/2016:10:09:10 -0300] "GET /cormun/servlet/hhome HTTP/1.1" 200 3413
186.103.158.250 - - [16/Mar/2016:10:09:10 -0300] "GET /cormun/static/Resources/Spanish/PXTools.css?10515224 HTTP/1.1" 200 89042
186.103.158.250 - - [16/Mar/2016:10:09:10 -0300] "GET /cormun/static/Shared/jqueryui/jquery-ui.min.css?1345370 HTTP/1.1" 200 30288
186.103.158.250 - - [16/Mar/2016:10:09:10 -0300] "GET /cormun/static/SmoothNavMenu/resources/ddsmoothmenu-v.css?1112540 HTTP/1.1" 200 1188
186.103.158.250 - - [16/Mar/2016:10:09:10 -0300] "GET /cormun/static/SmoothNavMenu/resources/ddsmoothmenu.css?1112540 HTTP/1.1" 200 2223
186.103.158.250 - - [16/Mar/2016:10:09:10 -0300] "GET /cormun/static/gxcfg.js?2015112210564248 HTTP/1.1" 200 953
186.103.158.250 - - [16/Mar/2016:10:09:10 -0300] "GET /cormun/static/scaMessage/css/jquery.pnotify.default.css?1816380 HTTP/1.1" 200 1707
186.103.158.250 - - [16/Mar/2016:10:09:11 -0300] "GET /cormun/static/PXToolsJavascripts/pexe_cookies.js HTTP/1.1" 200 792
186.103.158.250 - - [16/Mar/2016:10:09:11 -0300] "GET /cormun/static/PXToolsJavascripts/pexe_autoreload.js HTTP/1.1" 200 1762
186.103.158.250 - - [16/Mar/2016:10:09:11 -0300] "GET /cormun/static/PXToolsJavascripts/pexe_grid.js HTTP/1.1" 200 7559
186.103.158.250 - - [16/Mar/2016:10:09:11 -0300] "GET /cormun/static/PXToolsJavascripts/pexe_griddivfix.js HTTP/1.1" 200 6644
186.103.158.250 - - [16/Mar/2016:10:09:11 -0300] "GET /cormun/static/PXToolsJavascripts/pexe_link.js HTTP/1.1" 200 5671
186.103.158.250 - - [16/Mar/2016:10:09:11 -0300] "GET /cormun/static/PXToolsJavascripts/pexe_windows.js HTTP/1.1" 200 15207
186.103.158.250 - - [16/Mar/2016:10:09:11 -0300] "GET /cormun/static/PXToolsJavascripts/pexe_menudivfix.js HTTP/1.1" 200 333
186.103.158.250 - - [16/Mar/2016:10:09:11 -0300] "GET /cormun/static/PXToolsJavascripts/pexe_menus.js HTTP/1.1" 200 1286
186.103.158.250 - - [16/Mar/2016:10:09:11 -0300] "GET /cormun/static/PXToolsJavascripts/pexe_oavdivfix.js HTTP/1.1" 200 639
186.103.158.250 - - [16/Mar/2016:10:09:11 -0300] "GET /cormun/static/PXToolsJavascripts/pexe_layers.js HTTP/1.1" 200 4114
186.103.158.250 - - [16/Mar/2016:10:09:11 -0300] "GET /cormun/static/PXToolsJavascripts/pexe_picture.js HTTP/1.1" 200 689
186.103.158.250 - - [16/Mar/2016:10:09:11 -0300] "GET /cormun/static/PXToolsJavascripts/pexe_oav.js HTTP/1.1" 200 645
186.103.158.250 - - [16/Mar/2016:10:09:12 -0300] "GET /cormun/static/PXToolsJavascripts/pexe_popup.js HTTP/1.1" 200 13458
186.103.158.250 - - [16/Mar/2016:10:09:12 -0300] "GET /cormun/static/PXToolsJavascripts/pexe_scrolldiv.js HTTP/1.1" 200 4138
186.103.158.250 - - [16/Mar/2016:10:09:12 -0300] "GET /cormun/static/PXToolsJavascripts/pexe_tabs.js HTTP/1.1" 200 3748
186.103.158.250 - - [16/Mar/2016:10:09:12 -0300] "GET /cormun/static/PXToolsJavascripts/PXToolsJavascriptsRender.js HTTP/1.1" 200 367
186.103.158.250 - - [16/Mar/2016:10:09:12 -0300] "GET /cormun/static/PXToolsJavascripts/pexe_upload.js HTTP/1.1" 200 1423
186.103.158.250 - - [16/Mar/2016:10:09:12 -0300] "GET /cormun/static/PXToolsJavascripts/pexe_tabdivfix.js HTTP/1.1" 200 876
186.103.158.250 - - [16/Mar/2016:10:09:12 -0300] "GET /cormun/static/Shared/ext/locale/ext-lang-en.js HTTP/1.1" 200 10940
186.103.158.250 - - [16/Mar/2016:10:09:12 -0300] "GET /cormun/static/hhome.js?2015112210564255 HTTP/1.1" 200 777
186.103.158.250 - - [16/Mar/2016:10:09:12 -0300] "GET /cormun/static/RunJS/RunJS.js HTTP/1.1" 200 288
186.103.158.250 - - [16/Mar/2016:10:09:12 -0300] "GET /cormun/static/gxui/gxui-all.js HTTP/1.1" 200 107772
186.103.158.250 - - [16/Mar/2016:10:09:12 -0300] "GET /cormun/static/hpexe_recentlink.js?2015111312121342 HTTP/1.1" 200 2144
186.103.158.250 - - [16/Mar/2016:10:09:12 -0300] "GET /cormun/static/hwchdr01.js?20162241650484 HTTP/1.1" 200 1183
186.103.158.250 - - [16/Mar/2016:10:09:12 -0300] "GET /cormun/static/hpexe_scripts.js?20151120014546 HTTP/1.1" 200 1544
186.103.158.250 - - [16/Mar/2016:10:09:12 -0300] "GET /cormun/static/hpexe_messagecontroller.js?2015112210524422 HTTP/1.1" 200 870
186.103.158.250 - - [16/Mar/2016:10:09:12 -0300] "GET /cormun/static/hpexe_messagepopupcomponent.js?20163219454551 HTTP/1.1" 200 605
186.103.158.250 - - [16/Mar/2016:10:09:12 -0300] "GET /cormun/static/hpexe_messagegenexuscomponent.js?20151120014314 HTTP/1.1" 200 587
186.103.158.250 - - [16/Mar/2016:10:09:12 -0300] "GET /cormun/static/cmcontrolpreferences.js?20151120014525 HTTP/1.1" 200 1375
186.103.158.250 - - [16/Mar/2016:10:09:12 -0300] "GET /cormun/static/SmoothNavMenu/resources/ddsmoothmenu.js HTTP/1.1" 200 12712
186.103.158.250 - - [16/Mar/2016:10:09:12 -0300] "GET /cormun/static/SmoothNavMenu/resources/SmoothNavMenuRender.js HTTP/1.1" 200 5951
186.103.158.250 - - [16/Mar/2016:10:09:12 -0300] "GET /cormun/static/Shared/jquery/jquery-1.4.2.min.js HTTP/1.1" 200 72174
186.103.158.250 - - [16/Mar/2016:10:09:12 -0300] "GET /cormun/static/scaMessage/js/jquery.pnotify.min.js HTTP/1.1" 200 13038
186.103.158.250 - - [16/Mar/2016:10:09:12 -0300] "GET /cormun/static/scaMessage/scaMessageRender.js HTTP/1.1" 200 11977
186.103.158.250 - - [16/Mar/2016:10:09:12 -0300] "GET /cormun/static/hmpwkw03.js?2016311993330 HTTP/1.1" 200 3898
186.103.158.250 - - [16/Mar/2016:10:09:12 -0300] "GET /cormun/static/Resources/PXToolsFooterBackground2.png HTTP/1.1" 200 1172
186.103.158.250 - - [16/Mar/2016:10:09:12 -0300] "GET /cormun/static/Shared/jquery/jquery-1.10.2.min.js HTTP/1.1" 200 273199
186.103.158.250 - - [16/Mar/2016:10:09:12 -0300] "GET /cormun/static/Resources/PXToolsHeaderBackground2.png HTTP/1.1" 200 1174
186.103.158.250 - - [16/Mar/2016:10:09:12 -0300] "GET /cormun/static/Resources/PXToolsHeaderActionsBackground.png HTTP/1.1" 200 484
186.103.158.250 - - [16/Mar/2016:10:09:12 -0300] "GET /cormun/static/Resources/PXToolsDataTitle.png HTTP/1.1" 200 1173
186.103.158.250 - - [16/Mar/2016:10:09:12 -0300] "GET /cormun/static/Resources/logo4.png HTTP/1.1" 200 6582
186.103.158.250 - - [16/Mar/2016:10:09:12 -0300] "GET /cormun/static/Resources/PXToolsHeaderActionsLeft.png HTTP/1.1" 200 1118
186.103.158.250 - - [16/Mar/2016:10:09:12 -0300] "GET /cormun/static/Resources/PXToolsHeaderHome.png HTTP/1.1" 200 4147
186.103.158.250 - - [16/Mar/2016:10:09:12 -0300] "GET /cormun/static/Resources/PXToolsHeaderLogin.png HTTP/1.1" 200 4279
186.103.158.250 - - [16/Mar/2016:10:09:12 -0300] "GET /cormun/static/Resources/PXToolsHeaderPreferences.png HTTP/1.1" 200 4189
186.103.158.250 - - [16/Mar/2016:10:09:12 -0300] "GET /cormun/static/Resources/PXToolsHeaderSecurity.png HTTP/1.1" 200 4166
186.103.158.250 - - [16/Mar/2016:10:09:12 -0300] "GET /cormun/static/Resources/PXToolsHeaderActionsRight.png HTTP/1.1" 200 1201
186.78.51.154 - - [16/Mar/2016:10:09:12 -0300] "POST /cormun/servlet/solicitudotadjuntos?gx-no-cache=1458137434631 HTTP/1.1" 200 26
186.103.158.250 - - [16/Mar/2016:10:09:13 -0300] "GET /cormun/static/Shared/jqueryui/jquery-ui.min.js HTTP/1.1" 200 240427
186.103.158.250 - - [16/Mar/2016:10:09:13 -0300] "GET /cormun/static/Shared/ext/ext-all.js HTTP/1.1" 200 1289687
186.78.51.154 - - [16/Mar/2016:10:09:14 -0300] "GET /cormun/servlet/solicitudotadjuntos?b8f0bab67440505eb383f48f0b846b60e2e0efde68c1b9c9bc771f4241c98f4b,gx-no-cache=1458137435803 HTTP/1.1" 200 30
186.78.51.154 - - [16/Mar/2016:10:09:14 -0300] "GET /cormun/servlet/solicitudotadjuntos?b8f0bab67440505eb383f48f0b846b60e2e0efde68c1b9c9bc771f4241c98f4b,gx-no-cache=1458137435869 HTTP/1.1" 200 30
186.78.51.154 - - [16/Mar/2016:10:09:14 -0300] "POST /cormun/servlet/solicitudotadjuntos?cd29ae11c696efb1cd116681fc87b914,INS,2016,887,,1,,gx-no-cache=1458137435937 HTTP/1.1" 200 93
186.103.158.250 - - [16/Mar/2016:10:09:14 -0300] "GET /cormun/static/SmoothNavMenu/resources/images/down.gif HTTP/1.1" 200 854
186.78.51.154 - - [16/Mar/2016:10:09:14 -0300] "GET /cormun/servlet/hpexe_return? HTTP/1.1" 200 1026
186.103.158.250 - - [16/Mar/2016:10:09:14 -0300] "GET /cormun/servlet/hhome HTTP/1.1" 200 3409
186.78.51.154 - - [16/Mar/2016:10:09:14 -0300] "GET /cormun/servlet/trsolicitudadjuntos?2016,887, HTTP/1.1" 200 7914
186.78.51.154 - - [16/Mar/2016:10:09:15 -0300] "GET /cormun/servlet/trsolicitudadjuntos?2016,887, HTTP/1.1" 200 7912
192.168.10.89 - - [16/Mar/2016:10:09:17 -0300] "POST /cormun/servlet/vesolicitudgral?e33a64e7d73068dd4a20bc28775a672a,2016,554,,,gx-no-cache=1458133505260 HTTP/1.1" 200 90
192.168.10.89 - - [16/Mar/2016:10:09:17 -0300] "GET /cormun/servlet/hpexe_link HTTP/1.1" 200 984
186.78.51.154 - - [16/Mar/2016:10:09:18 -0300] "GET /cormun/servlet/solicitudotadjuntos?INS,2016,887,,1, HTTP/1.1" 200 5481
186.78.51.154 - - [16/Mar/2016:10:09:18 -0300] "GET /cormun/static/about:blank HTTP/1.1" 404 1011
186.78.51.154 - - [16/Mar/2016:10:09:18 -0300] "GET /cormun/servlet/solicitudotadjuntos?INS,2016,887,,1, HTTP/1.1" 200 5475
186.78.51.154 - - [16/Mar/2016:10:09:18 -0300] "GET /cormun/servlet/solicitudotadjuntos?b8f0bab67440505eb383f48f0b846b609e6ccc4451dd22fdbbfe92ed98a93c38a844b31749c5feba04dd5000c34a12d6,gx-no-cache=1458137440728 HTTP/1.1" 200 30
192.168.10.89 - - [16/Mar/2016:10:09:19 -0300] "GET /cormun/servlet/trsolicitudgral?gx-no-cache=1458133179376 HTTP/1.1" 200 8791
186.78.51.154 - - [16/Mar/2016:10:09:19 -0300] "POST /cormun/servlet/solicitudotadjuntos?cd29ae11c696efb1cd116681fc87b914,INS,2016,887,,1,,gx-no-cache=1458137440812 HTTP/1.1" 200 3360
186.103.158.250 - - [16/Mar/2016:10:09:19 -0300] "GET /cormun/servlet/trsolicitudot? HTTP/1.1" 200 6174
186.103.158.250 - - [16/Mar/2016:10:09:19 -0300] "GET /cormun/static/gxui/gxui-all.css?120300 HTTP/1.1" 200 2179
186.103.158.250 - - [16/Mar/2016:10:09:19 -0300] "GET /cormun/static/calendar-system.css?85620 HTTP/1.1" 200 5572
186.103.158.250 - - [16/Mar/2016:10:09:19 -0300] "GET /cormun/static/gxcfg.js?201631185636 HTTP/1.1" 200 953
186.103.158.250 - - [16/Mar/2016:10:09:19 -0300] "GET /cormun/static/calendar.js?85251 HTTP/1.1" 200 26246
186.103.158.250 - - [16/Mar/2016:10:09:19 -0300] "GET /cormun/static/calendar-setup.js?85251 HTTP/1.1" 200 2588
186.103.158.250 - - [16/Mar/2016:10:09:19 -0300] "GET /cormun/static/calendar-es.js?85251 HTTP/1.1" 200 1901
186.103.158.250 - - [16/Mar/2016:10:09:19 -0300] "GET /cormun/static/gxdec.js?85251 HTTP/1.1" 200 19579
186.103.158.250 - - [16/Mar/2016:10:09:19 -0300] "GET /cormun/static/trsolicitudot.js?2016311856838 HTTP/1.1" 200 45326
186.103.158.250 - - [16/Mar/2016:10:09:19 -0300] "GET /cormun/static/Resources/Spanish/PXTools.css?18502099 HTTP/1.1" 200 89042
186.103.158.250 - - [16/Mar/2016:10:09:19 -0300] "GET /cormun/static/Shared/ext/resources/css/ext-all.css?215870 HTTP/1.1" 200 416045
186.103.158.250 - - [16/Mar/2016:10:09:19 -0300] "GET /cormun/static/Resources/PXToolsGridNew.png HTTP/1.1" 200 2949
186.103.158.250 - - [16/Mar/2016:10:09:20 -0300] "GET /cormun/static/Resources/PXTools/calendar.png HTTP/1.1" 200 1306
186.103.158.250 - - [16/Mar/2016:10:09:20 -0300] "GET /cormun/static/Resources/PXToolsGridFirst.gif HTTP/1.1" 200 379
186.103.158.250 - - [16/Mar/2016:10:09:20 -0300] "GET /cormun/static/Resources/PXToolsDataSearch.png HTTP/1.1" 200 419
186.103.158.250 - - [16/Mar/2016:10:09:20 -0300] "GET /cormun/static/Resources/PXToolsGridNext.gif HTTP/1.1" 200 369
186.103.158.250 - - [16/Mar/2016:10:09:20 -0300] "GET /cormun/static/Resources/PXToolsGridPrevious.gif HTTP/1.1" 200 369
186.103.158.250 - - [16/Mar/2016:10:09:20 -0300] "GET /cormun/static/Resources/PXToolsGridLast.gif HTTP/1.1" 200 370
186.103.158.250 - - [16/Mar/2016:10:09:20 -0300] "GET /cormun/static/Resources/PXToolsActionExcel.png HTTP/1.1" 200 3187
186.103.158.250 - - [16/Mar/2016:10:09:21 -0300] "GET /cormun/static/Resources/asc.gif HTTP/1.1" 200 67
186.103.158.250 - - [16/Mar/2016:10:09:21 -0300] "GET /cormun/static/Resources/desc.gif HTTP/1.1" 200 65
186.103.158.250 - - [16/Mar/2016:10:09:21 -0300] "GET /cormun/servlet/trsolicitudot? HTTP/1.1" 200 6174
186.103.158.250 - - [16/Mar/2016:10:09:21 -0300] "GET /cormun/static/Shared/ext/resources/themes/images/default/panel/bg-headersPanel.png HTTP/1.1" 200 255
186.103.158.250 - - [16/Mar/2016:10:09:21 -0300] "GET /cormun/static/Shared/ext/resources/themes/images/default/tools/tool-sprites.gif HTTP/1.1" 200 5434
192.168.10.89 - - [16/Mar/2016:10:09:21 -0300] "GET /cormun/servlet/hlogin HTTP/1.1" 200 1757
186.78.51.154 - - [16/Mar/2016:10:09:22 -0300] "POST /cormun/servlet/solicitudotadjuntos?gx-no-cache=1458137443860 HTTP/1.1" 200 26
186.103.158.250 - - [16/Mar/2016:10:09:23 -0300] "GET /cormun/static/menuarrow.gif HTTP/1.1" 404 1015
186.103.158.250 - - [16/Mar/2016:10:09:27 -0300] "POST /cormun/servlet/trsolicitudot?bd45abe5b1cd90938c717398ba00e39f,,gx-no-cache=1458133793856 HTTP/1.1" 200 3485
186.103.158.250 - - [16/Mar/2016:10:09:27 -0300] "POST /cormun/servlet/trsolicitudot?bd45abe5b1cd90938c717398ba00e39f,,gx-no-cache=1458133794190 HTTP/1.1" 200 3485
186.103.158.250 - - [16/Mar/2016:10:09:28 -0300] "POST /cormun/servlet/trsolicitudot?bd45abe5b1cd90938c717398ba00e39f,,gx-no-cache=1458133794889 HTTP/1.1" 200 3485
186.103.158.250 - - [16/Mar/2016:10:09:28 -0300] "POST /cormun/servlet/trsolicitudot?bd45abe5b1cd90938c717398ba00e39f,,gx-no-cache=1458133795179 HTTP/1.1" 200 3486
186.103.158.250 - - [16/Mar/2016:10:09:30 -0300] "POST /cormun/servlet/trsolicitudot?bd45abe5b1cd90938c717398ba00e39f,,gx-no-cache=1458133797217 HTTP/1.1" 200 3486
186.103.158.250 - - [16/Mar/2016:10:09:30 -0300] "POST /cormun/servlet/trsolicitudot?bd45abe5b1cd90938c717398ba00e39f,,gx-no-cache=1458133797453 HTTP/1.1" 200 3486
186.103.158.250 - - [16/Mar/2016:10:09:31 -0300] "POST /cormun/servlet/trsolicitudot?bd45abe5b1cd90938c717398ba00e39f,,gx-no-cache=1458133797704 HTTP/1.1" 200 3485
186.103.158.250 - - [16/Mar/2016:10:09:31 -0300] "POST /cormun/servlet/trsolicitudot?bd45abe5b1cd90938c717398ba00e39f,,gx-no-cache=1458133797939 HTTP/1.1" 200 3486
192.168.10.89 - - [16/Mar/2016:10:09:33 -0300] "POST /cormun/servlet/hlogin?e33a64e7d73068dd4a20bc28775a672a,gx-no-cache=1458133520750 HTTP/1.1" 200 90
192.168.10.89 - - [16/Mar/2016:10:09:33 -0300] "GET /cormun/servlet/hpexe_link HTTP/1.1" 200 948
192.168.10.89 - - [16/Mar/2016:10:09:34 -0300] "GET /cormun/servlet/hhome HTTP/1.1" 200 3504
186.103.158.250 - - [16/Mar/2016:10:09:36 -0300] "POST /cormun/servlet/trsolicitudot?bd45abe5b1cd90938c717398ba00e39f,,gx-no-cache=1458133803394 HTTP/1.1" 200 3487
186.103.158.250 - - [16/Mar/2016:10:09:37 -0300] "GET /cormun/servlet/trsolicitudot?78390a640523e93a271249fd343cca8192b4dd0552a4b13122f16faf7fc7da2d2e2503c058670dbafb9567eb19e472d4dc0b1a291cf365cba0af82dcdc096c49347319cb11f3b47a6b4e4f7e241774df,gx-no-cache=1458133803806 HTTP/1.1" 200 765
186.103.158.250 - - [16/Mar/2016:10:09:38 -0300] "POST /cormun/servlet/trsolicitudot?bd45abe5b1cd90938c717398ba00e39f,,gx-no-cache=1458133804729 HTTP/1.1" 200 3488
192.168.10.89 - - [16/Mar/2016:10:09:38 -0300] "GET /cormun/servlet/trsolicitudot? HTTP/1.1" 200 6265
186.103.158.250 - - [16/Mar/2016:10:09:38 -0300] "POST /cormun/servlet/trsolicitudot?bd45abe5b1cd90938c717398ba00e39f,,gx-no-cache=1458133805042 HTTP/1.1" 200 3487
186.103.158.250 - - [16/Mar/2016:10:09:38 -0300] "POST /cormun/servlet/trsolicitudot?bd45abe5b1cd90938c717398ba00e39f,,gx-no-cache=1458133805334 HTTP/1.1" 200 3487
186.103.158.250 - - [16/Mar/2016:10:09:39 -0300] "POST /cormun/servlet/trsolicitudot?bd45abe5b1cd90938c717398ba00e39f,,gx-no-cache=1458133805635 HTTP/1.1" 200 3487
192.168.10.89 - - [16/Mar/2016:10:09:41 -0300] "GET /cormun/static/menuarrow.gif HTTP/1.1" 404 1015
192.168.10.89 - - [16/Mar/2016:10:09:45 -0300] "POST /cormun/servlet/trsolicitudot?e33a64e7d73068dd4a20bc28775a672a,,gx-no-cache=1458133532363 HTTP/1.1" 200 3508
192.168.10.89 - - [16/Mar/2016:10:09:45 -0300] "POST /cormun/servlet/trsolicitudot?e33a64e7d73068dd4a20bc28775a672a,,gx-no-cache=1458133532583 HTTP/1.1" 200 3508
192.168.10.89 - - [16/Mar/2016:10:09:45 -0300] "POST /cormun/servlet/trsolicitudot?e33a64e7d73068dd4a20bc28775a672a,,gx-no-cache=1458133532823 HTTP/1.1" 200 3508
192.168.10.89 - - [16/Mar/2016:10:09:45 -0300] "POST /cormun/servlet/trsolicitudot?e33a64e7d73068dd4a20bc28775a672a,,gx-no-cache=1458133533171 HTTP/1.1" 200 3508
192.168.10.89 - - [16/Mar/2016:10:09:46 -0300] "POST /cormun/servlet/trsolicitudot?e33a64e7d73068dd4a20bc28775a672a,,gx-no-cache=1458133533515 HTTP/1.1" 200 3507
192.168.10.89 - - [16/Mar/2016:10:09:46 -0300] "POST /cormun/servlet/trsolicitudot?e33a64e7d73068dd4a20bc28775a672a,,gx-no-cache=1458133533888 HTTP/1.1" 200 3509
192.168.10.89 - - [16/Mar/2016:10:09:46 -0300] "POST /cormun/servlet/trsolicitudot?e33a64e7d73068dd4a20bc28775a672a,,gx-no-cache=1458133534293 HTTP/1.1" 200 3508
186.78.51.154 - - [16/Mar/2016:10:09:48 -0300] "GET /cormun/servlet/solicitudotadjuntos?b8f0bab67440505eb383f48f0b846b60e2e0efde68c1b9c9bc771f4241c98f4b,gx-no-cache=1458137470637 HTTP/1.1" 200 30
186.78.51.154 - - [16/Mar/2016:10:09:48 -0300] "GET /cormun/servlet/solicitudotadjuntos?b8f0bab67440505eb383f48f0b846b60e2e0efde68c1b9c9bc771f4241c98f4b,gx-no-cache=1458137470745 HTTP/1.1" 200 30
186.78.51.154 - - [16/Mar/2016:10:09:49 -0300] "POST /cormun/servlet/solicitudotadjuntos?cd29ae11c696efb1cd116681fc87b914,INS,2016,887,,1,,gx-no-cache=1458137470813 HTTP/1.1" 200 93
186.78.51.154 - - [16/Mar/2016:10:09:49 -0300] "GET /cormun/servlet/hpexe_return? HTTP/1.1" 200 1026
186.78.51.154 - - [16/Mar/2016:10:09:49 -0300] "GET /cormun/servlet/trsolicitudadjuntos?2016,887, HTTP/1.1" 200 8136
192.168.10.89 - - [16/Mar/2016:10:09:50 -0300] "POST /cormun/servlet/trsolicitudot?e33a64e7d73068dd4a20bc28775a672a,,gx-no-cache=1458133534733 HTTP/1.1" 200 3508
186.78.51.154 - - [16/Mar/2016:10:09:50 -0300] "GET /cormun/servlet/trsolicitudadjuntos?2016,887, HTTP/1.1" 200 8135
186.78.51.154 - - [16/Mar/2016:10:09:52 -0300] "GET /cormun/servlet/solicitudotadjuntos?INS,2016,887,,1, HTTP/1.1" 200 5481
186.78.51.154 - - [16/Mar/2016:10:09:52 -0300] "GET /cormun/static/about:blank HTTP/1.1" 404 1011
192.168.10.89 - - [16/Mar/2016:10:09:53 -0300] "GET /cormun/servlet/trautorizarsolicitud? HTTP/1.1" 200 6218
186.78.51.154 - - [16/Mar/2016:10:09:53 -0300] "GET /cormun/servlet/solicitudotadjuntos?INS,2016,887,,1, HTTP/1.1" 200 5475
186.78.51.154 - - [16/Mar/2016:10:09:53 -0300] "GET /cormun/servlet/solicitudotadjuntos?b8f0bab67440505eb383f48f0b846b609e6ccc4451dd22fdbbfe92ed98a93c38a844b31749c5feba04dd5000c34a12d6,gx-no-cache=1458137475507 HTTP/1.1" 200 30
186.78.51.154 - - [16/Mar/2016:10:09:53 -0300] "POST /cormun/servlet/solicitudotadjuntos?cd29ae11c696efb1cd116681fc87b914,INS,2016,887,,1,,gx-no-cache=1458137475589 HTTP/1.1" 200 3360
186.103.159.204 - - [16/Mar/2016:10:09:55 -0300] "GET /cormun/servlet/trsolicitudot? HTTP/1.1" 200 8114
192.168.10.89 - - [16/Mar/2016:10:09:56 -0300] "GET /cormun/static/menuarrow.gif HTTP/1.1" 404 1015
186.103.159.204 - - [16/Mar/2016:10:09:56 -0300] "GET /cormun/servlet/trsolicitudot? HTTP/1.1" 200 8114
186.103.158.250 - - [16/Mar/2016:10:09:57 -0300] "POST /cormun/servlet/trsolicitudot?bd45abe5b1cd90938c717398ba00e39f,,gx-no-cache=1458133824169 HTTP/1.1" 200 3487
192.168.10.89 - - [16/Mar/2016:10:09:59 -0300] "POST /cormun/servlet/trautorizarsolicitud?e33a64e7d73068dd4a20bc28775a672a,,gx-no-cache=1458133546471 HTTP/1.1" 200 3485
192.168.10.89 - - [16/Mar/2016:10:09:59 -0300] "POST /cormun/servlet/trautorizarsolicitud?e33a64e7d73068dd4a20bc28775a672a,,gx-no-cache=1458133546728 HTTP/1.1" 200 3485
192.168.10.89 - - [16/Mar/2016:10:09:59 -0300] "POST /cormun/servlet/trautorizarsolicitud?e33a64e7d73068dd4a20bc28775a672a,,gx-no-cache=1458133547018 HTTP/1.1" 200 3485
186.78.51.154 - - [16/Mar/2016:10:09:59 -0300] "POST /cormun/servlet/solicitudotadjuntos?gx-no-cache=1458137481711 HTTP/1.1" 200 26
192.168.10.89 - - [16/Mar/2016:10:09:59 -0300] "POST /cormun/servlet/trautorizarsolicitud?e33a64e7d73068dd4a20bc28775a672a,,gx-no-cache=1458133547324 HTTP/1.1" 200 3485
192.168.10.89 - - [16/Mar/2016:10:10:00 -0300] "POST /cormun/servlet/trautorizarsolicitud?e33a64e7d73068dd4a20bc28775a672a,,gx-no-cache=1458133547665 HTTP/1.1" 200 3486
192.168.10.89 - - [16/Mar/2016:10:10:00 -0300] "POST /cormun/servlet/trautorizarsolicitud?e33a64e7d73068dd4a20bc28775a672a,,gx-no-cache=1458133548051 HTTP/1.1" 200 3485
192.168.10.89 - - [16/Mar/2016:10:10:01 -0300] "POST /cormun/servlet/trautorizarsolicitud?e33a64e7d73068dd4a20bc28775a672a,,gx-no-cache=1458133548461 HTTP/1.1" 200 3485
192.168.10.89 - - [16/Mar/2016:10:10:04 -0300] "POST /cormun/servlet/trautorizarsolicitud?e33a64e7d73068dd4a20bc28775a672a,,gx-no-cache=1458133548890 HTTP/1.1" 200 3485
186.103.158.250 - - [16/Mar/2016:10:10:05 -0300] "POST /cormun/servlet/trsolicitudot?bd45abe5b1cd90938c717398ba00e39f,,gx-no-cache=1458133832538 HTTP/1.1" 200 3487
186.103.158.250 - - [16/Mar/2016:10:10:06 -0300] "GET /cormun/servlet/trsolicitudot?78390a640523e93a271249fd343cca81e8f5e244ba8a68f4106d2e602fa61a452e2503c058670dbafb9567eb19e472d4dc0b1a291cf365cba0af82dcdc096c49347319cb11f3b47a6b4e4f7e241774df,gx-no-cache=1458133832944 HTTP/1.1" 200 765
186.103.158.250 - - [16/Mar/2016:10:10:07 -0300] "POST /cormun/servlet/trsolicitudot?bd45abe5b1cd90938c717398ba00e39f,,gx-no-cache=1458133833806 HTTP/1.1" 200 3486
186.103.158.250 - - [16/Mar/2016:10:10:07 -0300] "POST /cormun/servlet/trsolicitudot?bd45abe5b1cd90938c717398ba00e39f,,gx-no-cache=1458133834104 HTTP/1.1" 200 3487
186.103.158.250 - - [16/Mar/2016:10:10:07 -0300] "POST /cormun/servlet/trsolicitudot?bd45abe5b1cd90938c717398ba00e39f,,gx-no-cache=1458133834433 HTTP/1.1" 200 3487
186.103.158.250 - - [16/Mar/2016:10:10:08 -0300] "POST /cormun/servlet/trsolicitudot?bd45abe5b1cd90938c717398ba00e39f,,gx-no-cache=1458133834746 HTTP/1.1" 200 3487
192.168.10.89 - - [16/Mar/2016:10:10:10 -0300] "GET /cormun/servlet/trautorizarsolicitud?0d07bbefe43f53ae3c3361ea613c7b6f7937d40cba1d154705ac95bf0c0ee9de0178b00a6968cc4dde18872003a99c64d2c8a81e5d1604c2c42b05508b00149d87b62afc79eb2d771fb66ef3855c9d21dd3c9d73e65468d641d1d569d990cac8,gx-no-cache=1458133558032 HTTP/1.1" 200 757
192.168.10.89 - - [16/Mar/2016:10:10:10 -0300] "POST /cormun/servlet/trautorizarsolicitud?e33a64e7d73068dd4a20bc28775a672a,,gx-no-cache=1458133557126 HTTP/1.1" 200 5617
186.78.51.154 - - [16/Mar/2016:10:10:12 -0300] "GET /cormun/servlet/solicitudotadjuntos?b8f0bab67440505eb383f48f0b846b60e2e0efde68c1b9c9bc771f4241c98f4b,gx-no-cache=1458137494514 HTTP/1.1" 200 30
186.78.51.154 - - [16/Mar/2016:10:10:12 -0300] "GET /cormun/servlet/solicitudotadjuntos?b8f0bab67440505eb383f48f0b846b60e2e0efde68c1b9c9bc771f4241c98f4b,gx-no-cache=1458137494620 HTTP/1.1" 200 30
186.103.158.250 - - [16/Mar/2016:10:10:12 -0300] "POST /cormun/servlet/trsolicitudot?bd45abe5b1cd90938c717398ba00e39f,,gx-no-cache=1458133839469 HTTP/1.1" 200 3487
186.78.51.154 - - [16/Mar/2016:10:10:13 -0300] "POST /cormun/servlet/solicitudotadjuntos?cd29ae11c696efb1cd116681fc87b914,INS,2016,887,,1,,gx-no-cache=1458137494689 HTTP/1.1" 200 93
186.78.51.154 - - [16/Mar/2016:10:10:13 -0300] "GET /cormun/servlet/hpexe_return? HTTP/1.1" 200 1026
186.103.158.250 - - [16/Mar/2016:10:10:13 -0300] "GET /cormun/servlet/trsolicitudot?78390a640523e93a271249fd343cca81d18b6b2a06f7086e10231b3abb99cd4f2e2503c058670dbafb9567eb19e472d4dc0b1a291cf365cba0af82dcdc096c49347319cb11f3b47a6b4e4f7e241774df,gx-no-cache=1458133839875 HTTP/1.1" 200 764
186.78.51.154 - - [16/Mar/2016:10:10:13 -0300] "GET /cormun/servlet/trsolicitudadjuntos?2016,887, HTTP/1.1" 200 8260
186.78.51.154 - - [16/Mar/2016:10:10:13 -0300] "GET /cormun/servlet/trsolicitudadjuntos?2016,887, HTTP/1.1" 200 8258
186.103.158.250 - - [16/Mar/2016:10:10:15 -0300] "POST /cormun/servlet/trsolicitudot?bd45abe5b1cd90938c717398ba00e39f,,gx-no-cache=1458133842498 HTTP/1.1" 200 3485
186.103.158.250 - - [16/Mar/2016:10:10:16 -0300] "GET /cormun/servlet/trsolicitudot?78390a640523e93a271249fd343cca81ad14d66e0bdce5f4b21dad3265d027fa2e2503c058670dbafb9567eb19e472d4dc0b1a291cf365cba0af82dcdc096c49347319cb11f3b47a6b4e4f7e241774df,gx-no-cache=1458133842903 HTTP/1.1" 200 763
186.78.51.154 - - [16/Mar/2016:10:10:17 -0300] "GET /cormun/servlet/solicitudotadjuntos?INS,2016,887,,1, HTTP/1.1" 200 5481
186.78.51.154 - - [16/Mar/2016:10:10:17 -0300] "GET /cormun/static/about:blank HTTP/1.1" 404 1011
186.103.158.250 - - [16/Mar/2016:10:10:17 -0300] "POST /cormun/servlet/trsolicitudot?bd45abe5b1cd90938c717398ba00e39f,,gx-no-cache=1458133844017 HTTP/1.1" 200 3485
186.78.51.154 - - [16/Mar/2016:10:10:17 -0300] "GET /cormun/servlet/solicitudotadjuntos?INS,2016,887,,1, HTTP/1.1" 200 5475
186.103.158.250 - - [16/Mar/2016:10:10:17 -0300] "POST /cormun/servlet/trsolicitudot?bd45abe5b1cd90938c717398ba00e39f,,gx-no-cache=1458133844378 HTTP/1.1" 200 3485
186.78.51.154 - - [16/Mar/2016:10:10:17 -0300] "GET /cormun/servlet/solicitudotadjuntos?b8f0bab67440505eb383f48f0b846b609e6ccc4451dd22fdbbfe92ed98a93c38a844b31749c5feba04dd5000c34a12d6,gx-no-cache=1458137499743 HTTP/1.1" 200 30
186.103.158.250 - - [16/Mar/2016:10:10:18 -0300] "POST /cormun/servlet/trsolicitudot?bd45abe5b1cd90938c717398ba00e39f,,gx-no-cache=1458133844749 HTTP/1.1" 200 3485
186.78.51.154 - - [16/Mar/2016:10:10:18 -0300] "POST /cormun/servlet/solicitudotadjuntos?cd29ae11c696efb1cd116681fc87b914,INS,2016,887,,1,,gx-no-cache=1458137499827 HTTP/1.1" 200 3360
186.103.158.250 - - [16/Mar/2016:10:10:18 -0300] "POST /cormun/servlet/trsolicitudot?bd45abe5b1cd90938c717398ba00e39f,,gx-no-cache=1458133845144 HTTP/1.1" 200 3485
192.168.10.89 - - [16/Mar/2016:10:10:18 -0300] "GET /cormun/servlet/trautorizarsolicitud?0d07bbefe43f53ae3c3361ea613c7b6f2a70fef0001803ad84a393eae630239d4eb05ef4c5d10cc8cf517a06fcef8a9fd2c8a81e5d1604c2c42b05508b00149dc8ba82a5a0c40a22af09bfcc9bafe3fb0d084d3fa48ba1a071aae099edf910f0e0b1c09ea03b29fcbe88ed38376eae84,gx-no-cache=1458133566176 HTTP/1.1" 200 3029
192.168.10.89 - - [16/Mar/2016:10:10:18 -0300] "POST /cormun/servlet/trautorizarsolicitud?e33a64e7d73068dd4a20bc28775a672a,,gx-no-cache=1458133565182 HTTP/1.1" 200 5942
186.78.51.154 - - [16/Mar/2016:10:10:20 -0300] "POST /cormun/servlet/solicitudotadjuntos?gx-no-cache=1458137502417 HTTP/1.1" 200 26
192.168.10.89 - - [16/Mar/2016:10:10:26 -0300] "GET /cormun/servlet/trautorizarsolicitud?0d07bbefe43f53ae3c3361ea613c7b6fe5a23e0135f9cf82583cd690953dde934340160fca3bfb73f4bfacb83887a477d2c8a81e5d1604c2c42b05508b00149d53708f679bbe7ba9d71507b56309a718771ff75f57f2e1f54187f09f13d24502e0b1c09ea03b29fcbe88ed38376eae84,gx-no-cache=1458133573580 HTTP/1.1" 200 3399
192.168.10.89 - - [16/Mar/2016:10:10:26 -0300] "POST /cormun/servlet/trautorizarsolicitud?e33a64e7d73068dd4a20bc28775a672a,,gx-no-cache=1458133572584 HTTP/1.1" 200 5306
186.103.158.250 - - [16/Mar/2016:10:10:26 -0300] "POST /cormun/servlet/trsolicitudot?bd45abe5b1cd90938c717398ba00e39f,,gx-no-cache=1458133852952 HTTP/1.1" 200 3485
186.103.158.250 - - [16/Mar/2016:10:10:26 -0300] "POST /cormun/servlet/trsolicitudot?bd45abe5b1cd90938c717398ba00e39f,,gx-no-cache=1458133853350 HTTP/1.1" 200 3485
186.103.158.250 - - [16/Mar/2016:10:10:27 -0300] "POST /cormun/servlet/trsolicitudot?bd45abe5b1cd90938c717398ba00e39f,,gx-no-cache=1458133853775 HTTP/1.1" 200 3486
186.103.158.250 - - [16/Mar/2016:10:10:27 -0300] "POST /cormun/servlet/trsolicitudot?bd45abe5b1cd90938c717398ba00e39f,,gx-no-cache=1458133854172 HTTP/1.1" 200 3485
186.103.158.250 - - [16/Mar/2016:10:10:28 -0300] "POST /cormun/servlet/trsolicitudot?bd45abe5b1cd90938c717398ba00e39f,,gx-no-cache=1458133854599 HTTP/1.1" 200 3485
186.103.158.250 - - [16/Mar/2016:10:10:28 -0300] "POST /cormun/servlet/trsolicitudot?bd45abe5b1cd90938c717398ba00e39f,,gx-no-cache=1458133855046 HTTP/1.1" 200 3485
186.103.158.250 - - [16/Mar/2016:10:10:29 -0300] "POST /cormun/servlet/trsolicitudot?bd45abe5b1cd90938c717398ba00e39f,,gx-no-cache=1458133855474 HTTP/1.1" 200 3486
186.103.158.250 - - [16/Mar/2016:10:10:29 -0300] "POST /cormun/servlet/trsolicitudot?bd45abe5b1cd90938c717398ba00e39f,,gx-no-cache=1458133856138 HTTP/1.1" 200 3485
192.168.10.89 - - [16/Mar/2016:10:10:29 -0300] "POST /cormun/servlet/trautorizarsolicitud?e33a64e7d73068dd4a20bc28775a672a,,gx-no-cache=1458133577029 HTTP/1.1" 200 5306
192.168.10.89 - - [16/Mar/2016:10:10:30 -0300] "POST /cormun/servlet/trautorizarsolicitud?e33a64e7d73068dd4a20bc28775a672a,,gx-no-cache=1458133577982 HTTP/1.1" 200 5307
192.168.10.89 - - [16/Mar/2016:10:10:31 -0300] "POST /cormun/servlet/trautorizarsolicitud?e33a64e7d73068dd4a20bc28775a672a,,gx-no-cache=1458133578999 HTTP/1.1" 200 5306
186.103.158.250 - - [16/Mar/2016:10:10:32 -0300] "POST /cormun/servlet/trsolicitudot?bd45abe5b1cd90938c717398ba00e39f,,gx-no-cache=1458133859412 HTTP/1.1" 200 4899
186.103.158.250 - - [16/Mar/2016:10:10:33 -0300] "GET /cormun//static/Resources/PXToolsActionView.png HTTP/1.1" 200 2995
186.103.158.250 - - [16/Mar/2016:10:10:33 -0300] "GET /cormun//static/Resources/PXToolsRemoveAllAction.png HTTP/1.1" 200 3558
186.103.158.250 - - [16/Mar/2016:10:10:33 -0300] "GET /cormun//static/Resources/PXToolsGridDelete.png HTTP/1.1" 200 357
186.103.158.250 - - [16/Mar/2016:10:10:33 -0300] "GET /cormun//static/Resources/PXTools/ActionInsert.png HTTP/1.1" 200 1482
186.103.158.250 - - [16/Mar/2016:10:10:33 -0300] "GET /cormun//static/Resources/PXToolsGridUpdate.png HTTP/1.1" 200 2984
186.103.158.250 - - [16/Mar/2016:10:10:33 -0300] "GET /cormun/servlet/trsolicitudot?78390a640523e93a271249fd343cca81a1f46dca2c2973bae250468f4a0b01222e2503c058670dbafb9567eb19e472d4dc0b1a291cf365cba0af82dcdc096c49347319cb11f3b47a6b4e4f7e241774df,gx-no-cache=1458133860093 HTTP/1.1" 200 2201
192.168.10.89 - - [16/Mar/2016:10:10:35 -0300] "POST /cormun/servlet/trautorizarsolicitud?e33a64e7d73068dd4a20bc28775a672a,,gx-no-cache=1458133580091 HTTP/1.1" 200 5305
191.112.114.96 - - [16/Mar/2016:10:10:40 -0300] "POST /cormun/servlet/solicitudot?gx-no-cache=1458133856756 HTTP/1.1" 200 1170
191.112.114.96 - - [16/Mar/2016:10:10:40 -0300] "GET /cormun/servlet/solicitudot?ac0ef3c287436f0ecbf65d1740dbcad93d6ab9046caf620def0d1f43991e3c9acd0c00ddcfbce1fd7eeb5cbd4dedaf2adf88a7a2def0e818c0eade43d50db599b1ca0af3c38357d0510493e3217645f53a2a127a716145d7d87e89ef8f18c3cf2db59ac5d688e79334d3d6fbdbdda27be98c2fa09065089663f2f6eb7caceef7c46687a375c82efb583cd11bcb12f43af1a2c273dbec3b7258d83c523699c694,gx-no-cache=1458133856991 HTTP/1.1" 200 41
191.112.114.96 - - [16/Mar/2016:10:10:40 -0300] "POST /cormun/servlet/solicitudot?gx-no-cache=1458133857065 HTTP/1.1" 200 1127
186.78.51.154 - - [16/Mar/2016:10:10:43 -0300] "GET /cormun/servlet/solicitudotadjuntos?b8f0bab67440505eb383f48f0b846b60e2e0efde68c1b9c9bc771f4241c98f4b,gx-no-cache=1458137525681 HTTP/1.1" 200 30
186.78.51.154 - - [16/Mar/2016:10:10:44 -0300] "GET /cormun/servlet/solicitudotadjuntos?b8f0bab67440505eb383f48f0b846b60e2e0efde68c1b9c9bc771f4241c98f4b,gx-no-cache=1458137525837 HTTP/1.1" 200 30
186.78.51.154 - - [16/Mar/2016:10:10:44 -0300] "POST /cormun/servlet/solicitudotadjuntos?cd29ae11c696efb1cd116681fc87b914,INS,2016,887,,1,,gx-no-cache=1458137525915 HTTP/1.1" 200 93
186.78.51.154 - - [16/Mar/2016:10:10:44 -0300] "GET /cormun/servlet/hpexe_return? HTTP/1.1" 200 1026
186.78.51.154 - - [16/Mar/2016:10:10:44 -0300] "GET /cormun/servlet/trsolicitudadjuntos?2016,887, HTTP/1.1" 200 8343
186.78.51.154 - - [16/Mar/2016:10:10:45 -0300] "GET /cormun/servlet/trsolicitudadjuntos?2016,887, HTTP/1.1" 200 8341
186.78.51.154 - - [16/Mar/2016:10:10:49 -0300] "GET /cormun/servlet/solicitudotadjuntos?INS,2016,887,,1, HTTP/1.1" 200 5481
186.78.51.154 - - [16/Mar/2016:10:10:49 -0300] "GET /cormun/static/about:blank HTTP/1.1" 404 1011
186.78.51.154 - - [16/Mar/2016:10:10:49 -0300] "GET /cormun/servlet/solicitudotadjuntos?INS,2016,887,,1, HTTP/1.1" 200 5475
186.78.51.154 - - [16/Mar/2016:10:10:50 -0300] "GET /cormun/servlet/solicitudotadjuntos?b8f0bab67440505eb383f48f0b846b609e6ccc4451dd22fdbbfe92ed98a93c38a844b31749c5feba04dd5000c34a12d6,gx-no-cache=1458137531925 HTTP/1.1" 200 30
186.78.51.154 - - [16/Mar/2016:10:10:50 -0300] "POST /cormun/servlet/solicitudotadjuntos?cd29ae11c696efb1cd116681fc87b914,INS,2016,887,,1,,gx-no-cache=1458137532029 HTTP/1.1" 200 3360
186.78.51.154 - - [16/Mar/2016:10:10:56 -0300] "POST /cormun/servlet/solicitudotadjuntos?gx-no-cache=1458137537741 HTTP/1.1" 200 26
191.112.114.96 - - [16/Mar/2016:10:10:57 -0300] "GET /cormun/servlet/trsolicitudot? HTTP/1.1" 200 6239
191.112.114.96 - - [16/Mar/2016:10:10:58 -0300] "GET /cormun/servlet/trsolicitudot? HTTP/1.1" 200 6238
192.168.10.89 - - [16/Mar/2016:10:10:59 -0300] "POST /cormun/servlet/trautorizarsolicitud?e33a64e7d73068dd4a20bc28775a672a,,gx-no-cache=1458133607004 HTTP/1.1" 200 106
192.168.10.89 - - [16/Mar/2016:10:11:00 -0300] "GET /cormun/servlet/trsolicitudadjuntos?2016,488, HTTP/1.1" 200 8062
191.112.114.96 - - [16/Mar/2016:10:11:04 -0300] "GET /cormun/servlet/trsolicitudot? HTTP/1.1" 200 6238
191.112.114.96 - - [16/Mar/2016:10:11:04 -0300] "GET /cormun/servlet/trsolicitudot? HTTP/1.1" 200 6238
192.168.10.89 - - [16/Mar/2016:10:11:06 -0300] "GET /cormun/PublicTempStorage/ci7172905.jpg HTTP/1.1" 200 222651
192.168.10.89 - - [16/Mar/2016:10:11:09 -0300] "GET /cormun/servlet/trsolicitudadjuntos?2016,488, HTTP/1.1" 200 8058
191.112.114.96 - - [16/Mar/2016:10:11:09 -0300] "GET /cormun/servlet/trsolicitudot? HTTP/1.1" 200 6238
191.112.114.96 - - [16/Mar/2016:10:11:10 -0300] "GET /cormun/servlet/trsolicitudot? HTTP/1.1" 200 6238
192.168.10.89 - - [16/Mar/2016:10:11:13 -0300] "GET /cormun/PublicTempStorage/afp3449332.jpg HTTP/1.1" 200 381065
191.112.114.96 - - [16/Mar/2016:10:11:14 -0300] "POST /cormun/servlet/acontrolpreferencessavestate?None,EVALENZUELA,true HTTP/1.1" 200 35
191.112.114.96 - - [16/Mar/2016:10:11:16 -0300] "POST /cormun/servlet/trsolicitudot?4c821478ddfd17c70ec1f5601d4efcf7,,gx-no-cache=1458133892334 HTTP/1.1" 200 103
192.168.10.89 - - [16/Mar/2016:10:11:16 -0300] "GET /cormun/servlet/trsolicitudadjuntos?2016,488, HTTP/1.1" 200 8060
191.112.114.96 - - [16/Mar/2016:10:11:16 -0300] "GET /cormun/SolicitudOT-6216.xls HTTP/1.1" 200 4608
192.168.10.89 - - [16/Mar/2016:10:11:17 -0300] "GET /cormun/servlet/trautorizarsolicitud? HTTP/1.1" 200 7899
191.112.114.96 - - [16/Mar/2016:10:11:24 -0300] "GET /cormun/servlet/solicitudot?INS,0,0, HTTP/1.1" 200 11511
191.112.114.96 - - [16/Mar/2016:10:11:24 -0300] "GET /cormun/servlet/solicitudot?INS,0,0, HTTP/1.1" 200 11516
192.168.10.89 - - [16/Mar/2016:10:11:40 -0300] "GET /cormun/servlet/hlogin HTTP/1.1" 200 1739
191.112.114.96 - - [16/Mar/2016:10:11:57 -0300] "POST /cormun/servlet/solicitudot?gx-no-cache=1458133933996 HTTP/1.1" 200 2749
191.112.114.96 - - [16/Mar/2016:10:11:58 -0300] "POST /cormun/servlet/solicitudot?4c821478ddfd17c70ec1f5601d4efcf7,INS,0,0,,gx-no-cache=1458133934397 HTTP/1.1" 200 8406
191.112.114.96 - - [16/Mar/2016:10:11:58 -0300] "GET /cormun/servlet/solicitudot?ac0ef3c287436f0ecbf65d1740dbcad95fd432dc021e069925dc9a037c097db74121064184d6ec3c66c74f473631d5f1,gx-no-cache=1458133934801 HTTP/1.1" 200 30
191.112.114.96 - - [16/Mar/2016:10:12:03 -0300] "POST /cormun/servlet/solicitudot?gx-no-cache=1458133940231 HTTP/1.1" 200 30
191.112.114.96 - - [16/Mar/2016:10:12:03 -0300] "POST /cormun/servlet/solicitudot?gx-no-cache=1458133940400 HTTP/1.1" 200 33
191.112.114.96 - - [16/Mar/2016:10:12:04 -0300] "POST /cormun/servlet/solicitudot?gx-no-cache=1458133940502 HTTP/1.1" 200 1170
191.112.114.96 - - [16/Mar/2016:10:12:04 -0300] "GET /cormun/servlet/solicitudot?ac0ef3c287436f0ecbf65d1740dbcad93d6ab9046caf620def0d1f43991e3c9acd0c00ddcfbce1fd7eeb5cbd4dedaf2adf88a7a2def0e818c0eade43d50db599b1ca0af3c38357d0510493e3217645f53a2a127a716145d7d87e89ef8f18c3cf2db59ac5d688e79334d3d6fbdbdda27be98c2fa09065089663f2f6eb7caceef7d8d8f97c0742b85e9cb2ee70302bd17a,gx-no-cache=1458133940632 HTTP/1.1" 200 38
186.78.51.154 - - [16/Mar/2016:10:12:05 -0300] "GET /cormun/servlet/solicitudotadjuntos?b8f0bab67440505eb383f48f0b846b60e2e0efde68c1b9c9bc771f4241c98f4b,gx-no-cache=1458137607118 HTTP/1.1" 200 30
186.78.51.154 - - [16/Mar/2016:10:12:05 -0300] "GET /cormun/servlet/solicitudotadjuntos?b8f0bab67440505eb383f48f0b846b60e2e0efde68c1b9c9bc771f4241c98f4b,gx-no-cache=1458137607265 HTTP/1.1" 200 30
186.78.51.154 - - [16/Mar/2016:10:12:05 -0300] "POST /cormun/servlet/solicitudotadjuntos?cd29ae11c696efb1cd116681fc87b914,INS,2016,887,,1,,gx-no-cache=1458137607333 HTTP/1.1" 200 93
186.78.51.154 - - [16/Mar/2016:10:12:05 -0300] "GET /cormun/servlet/hpexe_return? HTTP/1.1" 200 1026
186.78.51.154 - - [16/Mar/2016:10:12:06 -0300] "GET /cormun/servlet/trsolicitudadjuntos?2016,887, HTTP/1.1" 200 8427
186.78.51.154 - - [16/Mar/2016:10:12:06 -0300] "GET /cormun/servlet/trsolicitudadjuntos?2016,887, HTTP/1.1" 200 8425
191.112.114.96 - - [16/Mar/2016:10:12:20 -0300] "GET /cormun/servlet/solicitudot?ac0ef3c287436f0ecbf65d1740dbcad9b6b98a282bd8c8966f6b395084f89bd526028e3d7ddbb232a3466bb61536c70d91f9707939913381e03927257d0694d52349a3a92c3fe9d20167ccdae3b1073664869aa7762ceb0cab4e6a6ef208154e323017dc767406063785986e8a0b3e696493bfb430790c0753746813ccc852caa09bd9e26b196816102222f91a2280652f6c401e6d252c5621be7d5a4a623ce7,gx-no-cache=1458133956707 HTTP/1.1" 200 29
186.78.51.154 - - [16/Mar/2016:10:12:22 -0300] "GET /cormun/servlet/solicitudotadjuntos?INS,2016,887,,1, HTTP/1.1" 200 5480
186.78.51.154 - - [16/Mar/2016:10:12:23 -0300] "GET /cormun/static/about:blank HTTP/1.1" 404 1011
186.78.51.154 - - [16/Mar/2016:10:12:23 -0300] "GET /cormun/servlet/solicitudotadjuntos?INS,2016,887,,1, HTTP/1.1" 200 5474
186.78.51.154 - - [16/Mar/2016:10:12:23 -0300] "GET /cormun/servlet/solicitudotadjuntos?b8f0bab67440505eb383f48f0b846b609e6ccc4451dd22fdbbfe92ed98a93c38a844b31749c5feba04dd5000c34a12d6,gx-no-cache=1458137625700 HTTP/1.1" 200 30
186.78.51.154 - - [16/Mar/2016:10:12:24 -0300] "POST /cormun/servlet/solicitudotadjuntos?cd29ae11c696efb1cd116681fc87b914,INS,2016,887,,1,,gx-no-cache=1458137625784 HTTP/1.1" 200 3359
191.112.114.96 - - [16/Mar/2016:10:12:25 -0300] "POST /cormun/servlet/solicitudot?gx-no-cache=1458133962093 HTTP/1.1" 200 1127
186.78.51.154 - - [16/Mar/2016:10:12:35 -0300] "POST /cormun/servlet/solicitudotadjuntos?cd29ae11c696efb1cd116681fc87b914,INS,2016,887,,1,,gx-no-cache=1458137636567 HTTP/1.1" 200 93
186.78.51.154 - - [16/Mar/2016:10:12:35 -0300] "GET /cormun/servlet/hpexe_return? HTTP/1.1" 200 1026
186.78.51.154 - - [16/Mar/2016:10:12:35 -0300] "GET /cormun/servlet/trsolicitudadjuntos?2016,887, HTTP/1.1" 200 8427
186.78.51.154 - - [16/Mar/2016:10:12:36 -0300] "GET /cormun/servlet/trsolicitudadjuntos?2016,887, HTTP/1.1" 200 8425
186.78.51.154 - - [16/Mar/2016:10:12:40 -0300] "GET /cormun/servlet/trsolicitudot? HTTP/1.1" 200 8302
186.78.51.154 - - [16/Mar/2016:10:12:41 -0300] "GET /cormun/servlet/trsolicitudot? HTTP/1.1" 200 8297
186.78.51.154 - - [16/Mar/2016:10:12:45 -0300] "POST /cormun/servlet/trsolicitudot?cd29ae11c696efb1cd116681fc87b914,,gx-no-cache=1458137646703 HTTP/1.1" 200 5710
186.78.51.154 - - [16/Mar/2016:10:12:45 -0300] "POST /cormun/servlet/trsolicitudot?cd29ae11c696efb1cd116681fc87b914,,gx-no-cache=1458137647127 HTTP/1.1" 200 5710
186.78.51.154 - - [16/Mar/2016:10:12:46 -0300] "POST /cormun/servlet/trsolicitudot?cd29ae11c696efb1cd116681fc87b914,,gx-no-cache=1458137647570 HTTP/1.1" 200 5711
186.78.51.154 - - [16/Mar/2016:10:12:46 -0300] "POST /cormun/servlet/trsolicitudot?cd29ae11c696efb1cd116681fc87b914,,gx-no-cache=1458137648036 HTTP/1.1" 200 5710
186.78.51.154 - - [16/Mar/2016:10:12:47 -0300] "POST /cormun/servlet/trsolicitudot?cd29ae11c696efb1cd116681fc87b914,,gx-no-cache=1458137648515 HTTP/1.1" 200 5711
186.78.51.154 - - [16/Mar/2016:10:12:47 -0300] "POST /cormun/servlet/trsolicitudot?cd29ae11c696efb1cd116681fc87b914,,gx-no-cache=1458137649005 HTTP/1.1" 200 5709
186.78.51.154 - - [16/Mar/2016:10:12:48 -0300] "POST /cormun/servlet/trsolicitudot?cd29ae11c696efb1cd116681fc87b914,,gx-no-cache=1458137649474 HTTP/1.1" 200 5710
