186.78.51.154 - - [16/Mar/2016:12:35:30 -0300] "POST /cormun/servlet/solicitudotadjuntos?a8d36153533a7c2ef4150865b056782f,INS,2016,501,,2,,gx-no-cache=1458146211670 HTTP/1.1" 200 93
186.78.51.154 - - [16/Mar/2016:12:35:30 -0300] "GET /cormun/servlet/hpexe_return? HTTP/1.1" 200 1024
186.78.51.154 - - [16/Mar/2016:12:35:30 -0300] "GET /cormun/servlet/trsolicitudadjuntos?2016,501, HTTP/1.1" 200 8124
186.78.51.154 - - [16/Mar/2016:12:35:31 -0300] "GET /cormun/servlet/trsolicitudadjuntos?2016,501, HTTP/1.1" 200 8122
186.78.51.154 - - [16/Mar/2016:12:35:36 -0300] "GET /cormun/servlet/trsolicitudot? HTTP/1.1" 200 8234
186.78.51.154 - - [16/Mar/2016:12:35:36 -0300] "GET /cormun/servlet/trsolicitudot? HTTP/1.1" 200 8228
186.78.51.154 - - [16/Mar/2016:12:35:41 -0300] "POST /cormun/servlet/trsolicitudot?a8d36153533a7c2ef4150865b056782f,,gx-no-cache=1458146222390 HTTP/1.1" 200 5638
186.78.51.154 - - [16/Mar/2016:12:35:42 -0300] "POST /cormun/servlet/trsolicitudot?a8d36153533a7c2ef4150865b056782f,,gx-no-cache=1458146223267 HTTP/1.1" 200 5638
186.103.158.250 - - [16/Mar/2016:12:35:42 -0300] "GET /cormun/servlet/hlogin HTTP/1.1" 200 1714
186.78.51.154 - - [16/Mar/2016:12:35:42 -0300] "POST /cormun/servlet/trsolicitudot?a8d36153533a7c2ef4150865b056782f,,gx-no-cache=1458146223835 HTTP/1.1" 200 5639
186.78.51.154 - - [16/Mar/2016:12:35:43 -0300] "POST /cormun/servlet/trsolicitudot?a8d36153533a7c2ef4150865b056782f,,gx-no-cache=1458146224304 HTTP/1.1" 200 5636
186.78.51.154 - - [16/Mar/2016:12:35:43 -0300] "POST /cormun/servlet/trsolicitudot?a8d36153533a7c2ef4150865b056782f,,gx-no-cache=1458146224752 HTTP/1.1" 200 5639
186.78.51.154 - - [16/Mar/2016:12:35:44 -0300] "POST /cormun/servlet/trsolicitudot?a8d36153533a7c2ef4150865b056782f,,gx-no-cache=1458146225459 HTTP/1.1" 200 5638
186.78.51.154 - - [16/Mar/2016:12:35:44 -0300] "POST /cormun/servlet/trsolicitudot?a8d36153533a7c2ef4150865b056782f,,gx-no-cache=1458146225922 HTTP/1.1" 200 5639
186.78.51.154 - - [16/Mar/2016:12:35:45 -0300] "POST /cormun/servlet/trsolicitudot?a8d36153533a7c2ef4150865b056782f,,gx-no-cache=1458146226394 HTTP/1.1" 200 106
186.78.51.154 - - [16/Mar/2016:12:35:45 -0300] "GET /cormun/servlet/trsolicitudadjuntos?2016,339, HTTP/1.1" 200 7669
186.78.51.154 - - [16/Mar/2016:12:35:49 -0300] "GET /cormun/servlet/trsolicitudadjuntos?2016,339, HTTP/1.1" 200 7675
186.103.158.250 - - [16/Mar/2016:12:35:58 -0300] "POST /cormun/servlet/hlogin?92df9df36b46705b016a033dfea24681,gx-no-cache=1458146099252 HTTP/1.1" 200 90
186.103.158.250 - - [16/Mar/2016:12:35:58 -0300] "GET /cormun/servlet/hpexe_link HTTP/1.1" 200 960
186.103.158.250 - - [16/Mar/2016:12:35:58 -0300] "GET /cormun/servlet/solicitudot?INS,0,0, HTTP/1.1" 200 11424
186.78.51.154 - - [16/Mar/2016:12:36:03 -0300] "GET /cormun/servlet/solicitudotadjuntos?INS,2016,339,,1, HTTP/1.1" 200 5483
186.78.51.154 - - [16/Mar/2016:12:36:04 -0300] "GET /cormun/static/about:blank HTTP/1.1" 404 1011
186.78.51.154 - - [16/Mar/2016:12:36:05 -0300] "GET /cormun/servlet/solicitudotadjuntos?48fb47988401e84ea905a0439fb396c0cf7d95c5f8042a320bcb53d1016b5a12197b70396115cdbd3975de4e7c4adcd6,gx-no-cache=1458146246836 HTTP/1.1" 200 30
186.78.51.154 - - [16/Mar/2016:12:36:05 -0300] "GET /cormun/servlet/solicitudotadjuntos?INS,2016,339,,1, HTTP/1.1" 200 5477
186.78.51.154 - - [16/Mar/2016:12:36:06 -0300] "POST /cormun/servlet/solicitudotadjuntos?a8d36153533a7c2ef4150865b056782f,INS,2016,339,,1,,gx-no-cache=1458146247489 HTTP/1.1" 200 3361
186.78.51.154 - - [16/Mar/2016:12:36:16 -0300] "POST /cormun/servlet/solicitudotadjuntos?a8d36153533a7c2ef4150865b056782f,INS,2016,339,,1,,gx-no-cache=1458146257820 HTTP/1.1" 200 93
186.78.51.154 - - [16/Mar/2016:12:36:17 -0300] "GET /cormun/servlet/hpexe_return? HTTP/1.1" 200 1024
186.78.51.154 - - [16/Mar/2016:12:36:18 -0300] "GET /cormun/servlet/trsolicitudadjuntos?2016,339, HTTP/1.1" 200 7674
186.78.51.154 - - [16/Mar/2016:12:36:19 -0300] "GET /cormun/servlet/trsolicitudadjuntos?2016,339, HTTP/1.1" 200 7676
186.103.157.98 - - [16/Mar/2016:12:36:21 -0300] "GET /cormun/servlet/trsolicitudadjuntos?2016,933, HTTP/1.1" 200 7852
186.103.157.98 - - [16/Mar/2016:12:36:22 -0300] "GET /cormun/servlet/trsolicitudadjuntos?2016,933, HTTP/1.1" 200 7850
186.103.158.250 - - [16/Mar/2016:12:36:22 -0300] "POST /cormun/servlet/solicitudot?gx-no-cache=1458146123633 HTTP/1.1" 200 2756
186.103.158.250 - - [16/Mar/2016:12:36:23 -0300] "POST /cormun/servlet/solicitudot?92df9df36b46705b016a033dfea24681,INS,0,0,,gx-no-cache=1458146124208 HTTP/1.1" 200 8374
186.78.51.154 - - [16/Mar/2016:12:36:28 -0300] "GET /cormun/servlet/solicitudotadjuntos?INS,2016,339,,2, HTTP/1.1" 200 5482
186.78.51.154 - - [16/Mar/2016:12:36:28 -0300] "GET /cormun/static/about:blank HTTP/1.1" 404 1011
186.78.51.154 - - [16/Mar/2016:12:36:29 -0300] "GET /cormun/servlet/solicitudotadjuntos?48fb47988401e84ea905a0439fb396c0cf7d95c5f8042a320bcb53d1016b5a12197b70396115cdbd3975de4e7c4adcd6,gx-no-cache=1458146270986 HTTP/1.1" 200 30
186.78.51.154 - - [16/Mar/2016:12:36:29 -0300] "GET /cormun/servlet/solicitudotadjuntos?INS,2016,339,,2, HTTP/1.1" 200 5476
186.103.157.98 - - [16/Mar/2016:12:36:30 -0300] "GET /cormun/servlet/solicitudotadjuntos?INS,2016,933,,1, HTTP/1.1" 200 5505
186.103.157.98 - - [16/Mar/2016:12:36:30 -0300] "GET /cormun/static/about:blank HTTP/1.1" 404 1011
186.103.157.98 - - [16/Mar/2016:12:36:30 -0300] "GET /cormun/servlet/solicitudotadjuntos?INS,2016,933,,1, HTTP/1.1" 200 5499
186.78.51.154 - - [16/Mar/2016:12:36:30 -0300] "POST /cormun/servlet/solicitudotadjuntos?a8d36153533a7c2ef4150865b056782f,INS,2016,339,,2,,gx-no-cache=1458146271693 HTTP/1.1" 200 3507
186.103.157.98 - - [16/Mar/2016:12:36:31 -0300] "GET /cormun/servlet/solicitudotadjuntos?2e5dcab6a456341bd6bbdc345b378083b7e642f2712ca831a1c76b7ca2fb5cb0e34bb2f808beebef31addacd719970bd,gx-no-cache=1458142618695 HTTP/1.1" 200 30
186.103.157.98 - - [16/Mar/2016:12:36:31 -0300] "POST /cormun/servlet/solicitudotadjuntos?dce974c9d08436c4bced33bf616d9019,INS,2016,933,,1,,gx-no-cache=1458142618753 HTTP/1.1" 200 3380
186.103.157.98 - - [16/Mar/2016:12:36:37 -0300] "POST /cormun/servlet/solicitudotadjuntos?dce974c9d08436c4bced33bf616d9019,INS,2016,933,,1,,gx-no-cache=1458142625173 HTTP/1.1" 200 93
186.103.157.98 - - [16/Mar/2016:12:36:37 -0300] "GET /cormun/servlet/hpexe_return? HTTP/1.1" 200 1023
186.78.51.154 - - [16/Mar/2016:12:36:38 -0300] "POST /cormun/servlet/solicitudotadjuntos?a8d36153533a7c2ef4150865b056782f,INS,2016,339,,2,,gx-no-cache=1458146279729 HTTP/1.1" 200 93
186.103.157.98 - - [16/Mar/2016:12:36:38 -0300] "GET /cormun/servlet/trsolicitudadjuntos?2016,933, HTTP/1.1" 200 7849
186.78.51.154 - - [16/Mar/2016:12:36:38 -0300] "GET /cormun/servlet/hpexe_return? HTTP/1.1" 200 1024
186.103.157.98 - - [16/Mar/2016:12:36:39 -0300] "GET /cormun/servlet/trsolicitudadjuntos?2016,933, HTTP/1.1" 200 7849
186.78.51.154 - - [16/Mar/2016:12:36:39 -0300] "GET /cormun/servlet/trsolicitudadjuntos?2016,339, HTTP/1.1" 200 7677
186.103.157.98 - - [16/Mar/2016:12:36:46 -0300] "GET /cormun/servlet/solicitudotadjuntos?INS,2016,933,,1, HTTP/1.1" 200 5505
186.103.157.98 - - [16/Mar/2016:12:36:46 -0300] "GET /cormun/static/about:blank HTTP/1.1" 404 1011
186.103.157.98 - - [16/Mar/2016:12:36:47 -0300] "GET /cormun/servlet/solicitudotadjuntos?INS,2016,933,,1, HTTP/1.1" 200 5499
186.78.51.154 - - [16/Mar/2016:12:36:47 -0300] "GET /cormun/servlet/trsolicitudadjuntos?2016,339, HTTP/1.1" 200 7674
186.103.157.98 - - [16/Mar/2016:12:36:47 -0300] "GET /cormun/servlet/solicitudotadjuntos?2e5dcab6a456341bd6bbdc345b378083b7e642f2712ca831a1c76b7ca2fb5cb0e34bb2f808beebef31addacd719970bd,gx-no-cache=1458142635169 HTTP/1.1" 200 30
186.103.157.98 - - [16/Mar/2016:12:36:47 -0300] "POST /cormun/servlet/solicitudotadjuntos?dce974c9d08436c4bced33bf616d9019,INS,2016,933,,1,,gx-no-cache=1458142635246 HTTP/1.1" 200 3380
186.103.158.250 - - [16/Mar/2016:12:36:52 -0300] "GET /cormun/servlet/solicitudot?7d755deef558d23036f341047293bfc6a39b57cae323b674069f5a86be190807ee3fb0c77c0fce895928ad09c730b5e8,gx-no-cache=1458146153549 HTTP/1.1" 200 30
186.103.158.250 - - [16/Mar/2016:12:36:52 -0300] "POST /cormun/servlet/solicitudot?gx-no-cache=1458146153754 HTTP/1.1" 200 30
186.103.157.98 - - [16/Mar/2016:12:37:01 -0300] "POST /cormun/servlet/solicitudotadjuntos?gx-no-cache=1458142648806 HTTP/1.1" 200 26
186.78.51.154 - - [16/Mar/2016:12:37:03 -0300] "GET /cormun/servlet/solicitudotadjuntos?INS,2016,339,,1, HTTP/1.1" 200 5483
186.78.51.154 - - [16/Mar/2016:12:37:04 -0300] "GET /cormun/static/about:blank HTTP/1.1" 404 1011
186.78.51.154 - - [16/Mar/2016:12:37:05 -0300] "GET /cormun/servlet/solicitudotadjuntos?INS,2016,339,,1, HTTP/1.1" 200 5477
186.103.157.98 - - [16/Mar/2016:12:37:05 -0300] "GET /cormun/servlet/solicitudotadjuntos?2e5dcab6a456341bd6bbdc345b378083cf2da6e79bf2533203a52a7d3272037a,gx-no-cache=1458142652930 HTTP/1.1" 200 30
186.103.157.98 - - [16/Mar/2016:12:37:05 -0300] "GET /cormun/servlet/solicitudotadjuntos?2e5dcab6a456341bd6bbdc345b378083cf2da6e79bf2533203a52a7d3272037a,gx-no-cache=1458142652976 HTTP/1.1" 200 30
186.78.51.154 - - [16/Mar/2016:12:37:05 -0300] "GET /cormun/servlet/solicitudotadjuntos?48fb47988401e84ea905a0439fb396c0cf7d95c5f8042a320bcb53d1016b5a12197b70396115cdbd3975de4e7c4adcd6,gx-no-cache=1458146306861 HTTP/1.1" 200 30
186.103.157.98 - - [16/Mar/2016:12:37:05 -0300] "POST /cormun/servlet/solicitudotadjuntos?dce974c9d08436c4bced33bf616d9019,INS,2016,933,,1,,gx-no-cache=1458142653022 HTTP/1.1" 200 3188
186.78.51.154 - - [16/Mar/2016:12:37:06 -0300] "POST /cormun/servlet/solicitudotadjuntos?a8d36153533a7c2ef4150865b056782f,INS,2016,339,,1,,gx-no-cache=1458146307499 HTTP/1.1" 200 3361
186.78.51.154 - - [16/Mar/2016:12:37:09 -0300] "POST /cormun/servlet/solicitudotadjuntos?gx-no-cache=1458146311270 HTTP/1.1" 200 26
186.78.51.154 - - [16/Mar/2016:12:37:11 -0300] "GET /cormun/servlet/solicitudotadjuntos?48fb47988401e84ea905a0439fb396c075947ccb2ab6e394fe303951b3da1340,gx-no-cache=1458146313006 HTTP/1.1" 200 30
186.78.51.154 - - [16/Mar/2016:12:37:12 -0300] "GET /cormun/servlet/solicitudotadjuntos?48fb47988401e84ea905a0439fb396c075947ccb2ab6e394fe303951b3da1340,gx-no-cache=1458146313614 HTTP/1.1" 200 30
186.78.51.154 - - [16/Mar/2016:12:37:14 -0300] "POST /cormun/servlet/solicitudotadjuntos?a8d36153533a7c2ef4150865b056782f,INS,2016,339,,1,,gx-no-cache=1458146314221 HTTP/1.1" 200 93
186.78.51.154 - - [16/Mar/2016:12:37:15 -0300] "GET /cormun/servlet/hpexe_return? HTTP/1.1" 200 1024
186.78.51.154 - - [16/Mar/2016:12:37:16 -0300] "GET /cormun/servlet/trsolicitudadjuntos?2016,339, HTTP/1.1" 200 7812
186.103.157.98 - - [16/Mar/2016:12:37:20 -0300] "GET /cormun/servlet/solicitudotadjuntos?2e5dcab6a456341bd6bbdc345b378083cf2da6e79bf2533203a52a7d3272037a,gx-no-cache=1458142668057 HTTP/1.1" 200 30
186.103.157.98 - - [16/Mar/2016:12:37:20 -0300] "GET /cormun/servlet/solicitudotadjuntos?2e5dcab6a456341bd6bbdc345b378083cf2da6e79bf2533203a52a7d3272037a,gx-no-cache=1458142668141 HTTP/1.1" 200 30
186.103.157.98 - - [16/Mar/2016:12:37:22 -0300] "POST /cormun/servlet/solicitudotadjuntos?dce974c9d08436c4bced33bf616d9019,INS,2016,933,,1, HTTP/1.1" 200 5296
186.103.157.98 - - [16/Mar/2016:12:37:22 -0300] "GET /home/sistema/apache-tomcat-7.0.65/webapps/cormun/PrivateTempStorage/upload_00008352.pdf HTTP/1.1" 404 1135
186.78.51.154 - - [16/Mar/2016:12:37:23 -0300] "GET /cormun/servlet/trsolicitudadjuntos?2016,339, HTTP/1.1" 200 7807
186.103.157.98 - - [16/Mar/2016:12:37:23 -0300] "GET /cormun/PrivateTempStorage/upload_00008352.pdf HTTP/1.1" 206 1475348
186.103.157.98 - - [16/Mar/2016:12:37:25 -0300] "GET /cormun/servlet/solicitudotadjuntos?2e5dcab6a456341bd6bbdc345b37808393f5fb5675e11ab3bc118e1b0995fc7ee34bb2f808beebef31addacd719970bd,gx-no-cache=1458142673258 HTTP/1.1" 200 30
186.78.51.154 - - [16/Mar/2016:12:37:26 -0300] "GET /cormun/servlet/solicitudotadjuntos?INS,2016,339,,1, HTTP/1.1" 200 5483
186.78.51.154 - - [16/Mar/2016:12:37:27 -0300] "GET /cormun/static/about:blank HTTP/1.1" 404 1011
186.78.51.154 - - [16/Mar/2016:12:37:27 -0300] "GET /cormun/servlet/solicitudotadjuntos?INS,2016,339,,1, HTTP/1.1" 200 5477
186.103.157.98 - - [16/Mar/2016:12:37:28 -0300] "POST /cormun/servlet/solicitudotadjuntos?dce974c9d08436c4bced33bf616d9019,INS,2016,933,,1, HTTP/1.1" 200 5296
186.103.157.98 - - [16/Mar/2016:12:37:28 -0300] "GET /home/sistema/apache-tomcat-7.0.65/webapps/cormun/PrivateTempStorage/upload_00008364.pdf HTTP/1.1" 404 1135
186.78.51.154 - - [16/Mar/2016:12:37:28 -0300] "GET /cormun/servlet/solicitudotadjuntos?48fb47988401e84ea905a0439fb396c0cf7d95c5f8042a320bcb53d1016b5a12197b70396115cdbd3975de4e7c4adcd6,gx-no-cache=1458146329870 HTTP/1.1" 200 30
186.78.51.154 - - [16/Mar/2016:12:37:29 -0300] "POST /cormun/servlet/solicitudotadjuntos?a8d36153533a7c2ef4150865b056782f,INS,2016,339,,1,,gx-no-cache=1458146330464 HTTP/1.1" 200 3361
186.103.157.98 - - [16/Mar/2016:12:37:29 -0300] "GET /cormun/PrivateTempStorage/upload_00008364.pdf HTTP/1.1" 206 1926748
186.78.51.154 - - [16/Mar/2016:12:37:36 -0300] "POST /cormun/servlet/solicitudotadjuntos?a8d36153533a7c2ef4150865b056782f,INS,2016,339,,1,,gx-no-cache=1458146336755 HTTP/1.1" 200 93
186.78.51.154 - - [16/Mar/2016:12:37:41 -0300] "GET /cormun/servlet/hpexe_return? HTTP/1.1" 200 1024
186.78.51.154 - - [16/Mar/2016:12:37:42 -0300] "GET /cormun/servlet/trsolicitudadjuntos?2016,339, HTTP/1.1" 200 7812
186.78.51.154 - - [16/Mar/2016:12:37:43 -0300] "GET /cormun/servlet/trsolicitudadjuntos?2016,339, HTTP/1.1" 200 7808
186.103.157.98 - - [16/Mar/2016:12:37:46 -0300] "GET /cormun/servlet/solicitudotadjuntos?2e5dcab6a456341bd6bbdc345b37808328f7b53296b09f0b36182c981e9c2588e34bb2f808beebef31addacd719970bd,gx-no-cache=1458142694488 HTTP/1.1" 200 30
186.103.157.98 - - [16/Mar/2016:12:37:46 -0300] "GET /cormun/servlet/solicitudotadjuntos?2e5dcab6a456341bd6bbdc345b37808328f7b53296b09f0b36182c981e9c2588e34bb2f808beebef31addacd719970bd,gx-no-cache=1458142694572 HTTP/1.1" 200 30
186.103.157.98 - - [16/Mar/2016:12:37:47 -0300] "POST /cormun/servlet/solicitudotadjuntos?dce974c9d08436c4bced33bf616d9019,INS,2016,933,,1,,gx-no-cache=1458142694659 HTTP/1.1" 200 3214
186.78.51.154 - - [16/Mar/2016:12:37:47 -0300] "GET /cormun/servlet/trsolicitudot? HTTP/1.1" 200 8234
186.78.51.154 - - [16/Mar/2016:12:37:50 -0300] "GET /cormun/servlet/trsolicitudot? HTTP/1.1" 200 8228
186.103.157.98 - - [16/Mar/2016:12:37:52 -0300] "GET /cormun/servlet/trsolicitudadjuntos?2016,933, HTTP/1.1" 200 7851
186.103.157.98 - - [16/Mar/2016:12:37:53 -0300] "GET /cormun/servlet/trsolicitudadjuntos?2016,933, HTTP/1.1" 200 7851
186.78.51.154 - - [16/Mar/2016:12:37:57 -0300] "POST /cormun/servlet/trsolicitudot?a8d36153533a7c2ef4150865b056782f,,gx-no-cache=1458146357611 HTTP/1.1" 200 5640
186.103.157.98 - - [16/Mar/2016:12:37:57 -0300] "GET /cormun/PublicTempStorage/afp1678949.pdf HTTP/1.1" 200 226924
186.78.51.154 - - [16/Mar/2016:12:37:58 -0300] "POST /cormun/servlet/trsolicitudot?a8d36153533a7c2ef4150865b056782f,,gx-no-cache=1458146359417 HTTP/1.1" 200 5640
186.78.51.154 - - [16/Mar/2016:12:37:59 -0300] "POST /cormun/servlet/trsolicitudot?a8d36153533a7c2ef4150865b056782f,,gx-no-cache=1458146360721 HTTP/1.1" 200 5640
186.103.158.250 - - [16/Mar/2016:12:38:00 -0300] "POST /cormun/servlet/solicitudot?gx-no-cache=1458146221636 HTTP/1.1" 200 30
186.103.157.98 - - [16/Mar/2016:12:38:00 -0300] "GET /cormun/servlet/trsolicitudadjuntos?2016,933, HTTP/1.1" 200 7851
186.103.157.98 - - [16/Mar/2016:12:38:01 -0300] "GET /cormun/servlet/trsolicitudadjuntos?2016,933, HTTP/1.1" 200 7850
186.78.51.154 - - [16/Mar/2016:12:38:03 -0300] "POST /cormun/servlet/trsolicitudot?a8d36153533a7c2ef4150865b056782f,,gx-no-cache=1458146364404 HTTP/1.1" 200 5640
186.103.157.98 - - [16/Mar/2016:12:38:04 -0300] "POST /cormun/servlet/trsolicitudadjuntos?dce974c9d08436c4bced33bf616d9019,2016,933,,gx-no-cache=1458142711970 HTTP/1.1" 200 6545
186.78.51.154 - - [16/Mar/2016:12:38:05 -0300] "POST /cormun/servlet/trsolicitudot?a8d36153533a7c2ef4150865b056782f,,gx-no-cache=1458146366268 HTTP/1.1" 200 5640
186.103.158.250 - - [16/Mar/2016:12:38:09 -0300] "POST /cormun/servlet/solicitudot?gx-no-cache=1458146231041 HTTP/1.1" 200 1171
186.103.158.250 - - [16/Mar/2016:12:38:10 -0300] "GET /cormun/servlet/solicitudot?7d755deef558d23036f341047293bfc630aa7fb2ab3e5e0bd9ce6ab910b3d7edfd2195daf6887e5eecc8adf11fcf25d2f46aa5851ae8c505eade6d75c700d87e5546dedc3c2d4604f396bdae88b9ef62e5b2dbfe6099fccc260df46841dce46144cfc0daf766a6c258930a7eef758863dd0b7e3340c8bd693fd1d8d3926aee549261d06e105ff6436e77e53e2671d446,gx-no-cache=1458146231674 HTTP/1.1" 200 38
186.78.51.154 - - [16/Mar/2016:12:38:11 -0300] "POST /cormun/servlet/trsolicitudot?a8d36153533a7c2ef4150865b056782f,,gx-no-cache=1458146371221 HTTP/1.1" 200 5640
186.78.51.154 - - [16/Mar/2016:12:38:13 -0300] "POST /cormun/servlet/trsolicitudot?a8d36153533a7c2ef4150865b056782f,,gx-no-cache=1458146374288 HTTP/1.1" 200 5640
186.78.51.154 - - [16/Mar/2016:12:38:15 -0300] "POST /cormun/servlet/trsolicitudot?a8d36153533a7c2ef4150865b056782f,,gx-no-cache=1458146376143 HTTP/1.1" 200 106
186.78.51.154 - - [16/Mar/2016:12:38:15 -0300] "GET /cormun/servlet/trsolicitudadjuntos?2016,279, HTTP/1.1" 200 5393
186.103.158.250 - - [16/Mar/2016:12:38:16 -0300] "GET /cormun/servlet/solicitudot?7d755deef558d23036f341047293bfc69eb9e84f7725d33e977a166ecacc5bad9b31c6e54dc19769f011e9b3012d2225c9070d03929823a50be2e163ba53050af3ccb9b26b312295004a74daf5675f2c00cddb95267948b8e242f34f895bb2fc71abe51caffa2b853d95aca8e2ad39b8ba1b003d2ab1d890477bce2ee1735b11eaed9f58c5b9e3071459eaf6a4345fcb39cbd7dcaabdad0b177e687f8a594099,gx-no-cache=1458146237557 HTTP/1.1" 200 29
186.103.158.250 - - [16/Mar/2016:12:38:16 -0300] "POST /cormun/servlet/solicitudot?gx-no-cache=1458146237633 HTTP/1.1" 200 1127
186.103.158.250 - - [16/Mar/2016:12:38:16 -0300] "GET /cormun/servlet/solicitudot?7d755deef558d23036f341047293bfc67ffd850c32cbb01d1ff0cd24d64308bdf9697856bba0159206f5a0dac9fd67e02f99f3602361b65e60bfb8f2a1499e86fd9475d81e73aa4f9f7393efb2b0fae6652da00306745c1aadcf5ca569c3c8799ed06b67e86e6faf5348512c2fdcc02bb5e9b673539130bbf064bb330d06b1f6a7caacc3751809107bf702c777fc2160446a59e76e156e1285b951cd9b0885f6,gx-no-cache=1458146237754 HTTP/1.1" 200 30
186.103.157.98 - - [16/Mar/2016:12:38:18 -0300] "GET /cormun/servlet/solicitudotadjuntos?INS,2016,933,,2, HTTP/1.1" 200 5504
186.103.157.98 - - [16/Mar/2016:12:38:18 -0300] "GET /cormun/static/about:blank HTTP/1.1" 404 1011
186.103.157.98 - - [16/Mar/2016:12:38:18 -0300] "GET /cormun/servlet/solicitudotadjuntos?INS,2016,933,,2, HTTP/1.1" 200 5498
186.103.157.98 - - [16/Mar/2016:12:38:18 -0300] "GET /cormun/servlet/solicitudotadjuntos?2e5dcab6a456341bd6bbdc345b378083b7e642f2712ca831a1c76b7ca2fb5cb0e34bb2f808beebef31addacd719970bd,gx-no-cache=1458142726603 HTTP/1.1" 200 30
186.103.157.98 - - [16/Mar/2016:12:38:19 -0300] "POST /cormun/servlet/solicitudotadjuntos?dce974c9d08436c4bced33bf616d9019,INS,2016,933,,2,,gx-no-cache=1458142726661 HTTP/1.1" 200 3523
186.78.51.154 - - [16/Mar/2016:12:38:23 -0300] "GET /cormun/servlet/trsolicitudadjuntos?2016,279, HTTP/1.1" 200 5393
186.78.51.154 - - [16/Mar/2016:12:38:31 -0300] "GET /cormun/servlet/trsolicitudot? HTTP/1.1" 200 8234
186.78.51.154 - - [16/Mar/2016:12:38:33 -0300] "GET /cormun/servlet/trsolicitudot? HTTP/1.1" 200 8228
186.103.157.98 - - [16/Mar/2016:12:38:36 -0300] "POST /cormun/servlet/solicitudotadjuntos?gx-no-cache=1458142743970 HTTP/1.1" 200 26
186.78.51.154 - - [16/Mar/2016:12:38:47 -0300] "POST /cormun/servlet/trsolicitudot?a8d36153533a7c2ef4150865b056782f,,gx-no-cache=1458146408078 HTTP/1.1" 200 5639
186.103.158.250 - - [16/Mar/2016:12:38:47 -0300] "GET /cormun/static/menuarrow.gif HTTP/1.1" 404 1015
186.78.51.154 - - [16/Mar/2016:12:38:49 -0300] "POST /cormun/servlet/trsolicitudot?a8d36153533a7c2ef4150865b056782f,,gx-no-cache=1458146409999 HTTP/1.1" 200 5638
186.103.157.98 - - [16/Mar/2016:12:38:50 -0300] "GET /cormun/servlet/trsolicitudadjuntos?2016,933, HTTP/1.1" 200 7853
186.103.157.98 - - [16/Mar/2016:12:38:51 -0300] "GET /cormun/servlet/trsolicitudadjuntos?2016,933, HTTP/1.1" 200 7849
186.78.51.154 - - [16/Mar/2016:12:38:52 -0300] "POST /cormun/servlet/trsolicitudot?a8d36153533a7c2ef4150865b056782f,,gx-no-cache=1458146413454 HTTP/1.1" 200 5640
186.78.51.154 - - [16/Mar/2016:12:38:56 -0300] "POST /cormun/servlet/trsolicitudot?a8d36153533a7c2ef4150865b056782f,,gx-no-cache=1458146418206 HTTP/1.1" 200 5639
186.78.51.154 - - [16/Mar/2016:12:38:58 -0300] "POST /cormun/servlet/trsolicitudot?a8d36153533a7c2ef4150865b056782f,,gx-no-cache=1458146419644 HTTP/1.1" 200 5639
186.78.51.154 - - [16/Mar/2016:12:38:59 -0300] "POST /cormun/servlet/trsolicitudot?a8d36153533a7c2ef4150865b056782f,,gx-no-cache=1458146421067 HTTP/1.1" 200 5639
186.78.51.154 - - [16/Mar/2016:12:39:01 -0300] "POST /cormun/servlet/trsolicitudot?a8d36153533a7c2ef4150865b056782f,,gx-no-cache=1458146422509 HTTP/1.1" 200 5639
186.78.51.154 - - [16/Mar/2016:12:39:02 -0300] "POST /cormun/servlet/trsolicitudot?a8d36153533a7c2ef4150865b056782f,,gx-no-cache=1458146423469 HTTP/1.1" 200 105
186.78.51.154 - - [16/Mar/2016:12:39:02 -0300] "GET /cormun/servlet/solicitudot?UPD,2016,339, HTTP/1.1" 200 11793
186.78.51.154 - - [16/Mar/2016:12:39:05 -0300] "GET /cormun/servlet/solicitudot?UPD,2016,339, HTTP/1.1" 200 11802
186.78.51.154 - - [16/Mar/2016:12:39:09 -0300] "POST /cormun/servlet/solicitudot?gx-no-cache=1458146427898 HTTP/1.1" 200 2789
186.78.51.154 - - [16/Mar/2016:12:39:57 -0300] "POST /cormun/servlet/solicitudot?a8d36153533a7c2ef4150865b056782f,UPD,2016,339,,gx-no-cache=1458146477395 HTTP/1.1" 200 8305
186.78.51.154 - - [16/Mar/2016:12:40:12 -0300] "GET /cormun/servlet/solicitudot?48fb47988401e84ea905a0439fb396c017c4b4365ee325994ee2204ac43c60c305c3adb2d4cd012c5179b047a3fc26df,gx-no-cache=1458146493951 HTTP/1.1" 200 30
186.78.51.154 - - [16/Mar/2016:12:40:13 -0300] "POST /cormun/servlet/solicitudot?gx-no-cache=1458146494577 HTTP/1.1" 200 30
186.78.51.154 - - [16/Mar/2016:12:40:13 -0300] "POST /cormun/servlet/solicitudot?gx-no-cache=1458146495154 HTTP/1.1" 200 30
186.78.51.154 - - [16/Mar/2016:12:40:14 -0300] "POST /cormun/servlet/solicitudot?gx-no-cache=1458146495791 HTTP/1.1" 200 1171
186.103.158.250 - - [16/Mar/2016:12:40:14 -0300] "GET /cormun/servlet/solicitudot?7d755deef558d23036f341047293bfc67ffd850c32cbb01d1ff0cd24d64308bd387fe480e3aa3754cf8b8da42cf895467478d9d0a0dba402d6df7e816f579a06504c886e0b49c60d221f824afa49f3ba6f33b240fe8e2d3b2e88b506676fba2056cdab10b8b7bf0209c1f1db09a14ea7b764b31bd7fd29fb79f2fe36b0faf34f070f5e46a73bc6739fd8ae4fc6aae870e4c65bd28d83195e68a560eb4eb479be4fc8ed4b26c637c0f70ecd270007a49b,gx-no-cache=1458146355923 HTTP/1.1" 200 30
186.78.51.154 - - [16/Mar/2016:12:40:17 -0300] "GET /cormun/servlet/solicitudot?48fb47988401e84ea905a0439fb396c02e5701731a8c5a9522439ece0a4855dab26af00f92ea5bb6125d6980823cfe38d4b5cf8f042c6aee1cd084ceb9b11416d2ebf844ff1045e031c82c0609d4147c1cf4f8e84eaa780353d3d0176aa3970e9e28412abb727d42347185e237170bfa3baef5ddb7ecc99fdc86bbc229799e9aa9a8467d227528d7db890eb26f33205d197b70396115cdbd3975de4e7c4adcd6,gx-no-cache=1458146498721 HTTP/1.1" 200 41
186.78.51.154 - - [16/Mar/2016:12:40:56 -0300] "GET /cormun/servlet/solicitudot?48fb47988401e84ea905a0439fb396c069246d2ef462cdfd72e2a502e9c5148aa98d2fbcda2dea3aa7afeb39a2ab1929682e179951262769ea37890da040833515b3a5f03a7182178fa224214b8866a56cbc420671392217a36c3b7308f4880056f622145acdabb9afe0fdb274ca0546cd8ff0583b2c391791f9267fdd90db46c1eeb4354611d91325778dabd6df1ae9df2f44937dc321fdfeb4597c03ea5822,gx-no-cache=1458146537865 HTTP/1.1" 200 30
186.78.51.154 - - [16/Mar/2016:12:41:18 -0300] "POST /cormun/servlet/solicitudot?gx-no-cache=1458146547808 HTTP/1.1" 200 1128
186.78.51.154 - - [16/Mar/2016:12:41:18 -0300] "GET /cormun/servlet/solicitudot?48fb47988401e84ea905a0439fb396c0f670bc56c59b04a6e06be9100cf877b97753533188fc7b6428944baec0e297c93621076c0214a50a651e1dd4c92a274c3f4db252f7e54c904ae5494ded123a931b2582a151b0df2f7eb7ca958fe2641f661351c5b60180c8dc501eec5bd3bff21e8e9e369ed426c353a2dcce96c981397bd16fc33db7471fcd1c2d316b686d1d70a2decd352944d8b28636748f7ec7748101db741e6f8f08028b798168d48941,gx-no-cache=1458146560009 HTTP/1.1" 200 30
186.78.51.154 - - [16/Mar/2016:12:41:28 -0300] "POST /cormun/servlet/solicitudot?gx-no-cache=1458146570072 HTTP/1.1" 200 30
186.78.51.154 - - [16/Mar/2016:12:41:33 -0300] "POST /cormun/servlet/solicitudot?gx-no-cache=1458146574608 HTTP/1.1" 200 30
186.78.51.154 - - [16/Mar/2016:12:41:36 -0300] "POST /cormun/servlet/solicitudot?gx-no-cache=1458146577565 HTTP/1.1" 200 30
186.78.51.154 - - [16/Mar/2016:12:41:40 -0300] "POST /cormun/servlet/solicitudot?gx-no-cache=1458146581968 HTTP/1.1" 200 1171
186.78.51.154 - - [16/Mar/2016:12:41:40 -0300] "GET /cormun/servlet/solicitudot?48fb47988401e84ea905a0439fb396c02e5701731a8c5a9522439ece0a4855dab26af00f92ea5bb6125d6980823cfe38d4b5cf8f042c6aee1cd084ceb9b11416d2ebf844ff1045e031c82c0609d4147c1cf4f8e84eaa780353d3d0176aa3970e9e28412abb727d42347185e237170bfa3baef5ddb7ecc99fdc86bbc229799e9aa9a8467d227528d7db890eb26f33205d197b70396115cdbd3975de4e7c4adcd6,gx-no-cache=1458146582239 HTTP/1.1" 200 41
186.78.51.154 - - [16/Mar/2016:12:41:40 -0300] "POST /cormun/servlet/solicitudot?gx-no-cache=1458146582318 HTTP/1.1" 200 1128
186.78.51.154 - - [16/Mar/2016:12:41:40 -0300] "GET /cormun/servlet/solicitudot?48fb47988401e84ea905a0439fb396c0f670bc56c59b04a6e06be9100cf877b97753533188fc7b6428944baec0e297c93621076c0214a50a651e1dd4c92a274c3f4db252f7e54c904ae5494ded123a931b2582a151b0df2f7eb7ca958fe2641f661351c5b60180c8dc501eec5bd3bff21e8e9e369ed426c353a2dcce96c981397bd16fc33db7471fcd1c2d316b686d1d70a2decd352944d8b28636748f7ec7748101db741e6f8f08028b798168d48941,gx-no-cache=1458146582483 HTTP/1.1" 200 30
186.78.51.154 - - [16/Mar/2016:12:41:41 -0300] "POST /cormun/servlet/solicitudot?a8d36153533a7c2ef4150865b056782f,UPD,2016,339,,gx-no-cache=1458146582568 HTTP/1.1" 200 93
186.78.51.154 - - [16/Mar/2016:12:41:41 -0300] "GET /cormun/servlet/hpexe_return? HTTP/1.1" 200 1012
186.78.51.154 - - [16/Mar/2016:12:41:41 -0300] "GET /cormun/servlet/trsolicitudot? HTTP/1.1" 200 8224
186.78.51.154 - - [16/Mar/2016:12:41:42 -0300] "GET /cormun/servlet/trsolicitudot? HTTP/1.1" 200 8220
186.78.51.154 - - [16/Mar/2016:12:41:54 -0300] "POST /cormun/servlet/trsolicitudot?a8d36153533a7c2ef4150865b056782f,,gx-no-cache=1458146595880 HTTP/1.1" 200 5623
186.78.51.154 - - [16/Mar/2016:12:41:55 -0300] "POST /cormun/servlet/trsolicitudot?a8d36153533a7c2ef4150865b056782f,,gx-no-cache=1458146596288 HTTP/1.1" 200 5622
186.78.51.154 - - [16/Mar/2016:12:41:55 -0300] "POST /cormun/servlet/trsolicitudot?a8d36153533a7c2ef4150865b056782f,,gx-no-cache=1458146596731 HTTP/1.1" 200 5623
186.78.51.154 - - [16/Mar/2016:12:41:55 -0300] "POST /cormun/servlet/trsolicitudot?a8d36153533a7c2ef4150865b056782f,,gx-no-cache=1458146597161 HTTP/1.1" 200 5622
186.78.51.154 - - [16/Mar/2016:12:41:56 -0300] "POST /cormun/servlet/trsolicitudot?a8d36153533a7c2ef4150865b056782f,,gx-no-cache=1458146597583 HTTP/1.1" 200 5623
186.78.51.154 - - [16/Mar/2016:12:41:56 -0300] "POST /cormun/servlet/trsolicitudot?a8d36153533a7c2ef4150865b056782f,,gx-no-cache=1458146598030 HTTP/1.1" 200 5621
186.78.51.154 - - [16/Mar/2016:12:41:57 -0300] "POST /cormun/servlet/trsolicitudot?a8d36153533a7c2ef4150865b056782f,,gx-no-cache=1458146598483 HTTP/1.1" 200 5623
186.78.51.154 - - [16/Mar/2016:12:41:57 -0300] "POST /cormun/servlet/trsolicitudot?a8d36153533a7c2ef4150865b056782f,,gx-no-cache=1458146598931 HTTP/1.1" 200 106
186.78.51.154 - - [16/Mar/2016:12:41:57 -0300] "GET /cormun/servlet/trsolicitudadjuntos?2016,279, HTTP/1.1" 200 5393
186.78.51.154 - - [16/Mar/2016:12:41:58 -0300] "GET /cormun/servlet/trsolicitudadjuntos?2016,279, HTTP/1.1" 200 5393
186.78.51.154 - - [16/Mar/2016:12:42:01 -0300] "GET /cormun/servlet/trsolicitudot? HTTP/1.1" 200 8224
186.78.51.154 - - [16/Mar/2016:12:42:01 -0300] "GET /cormun/servlet/trsolicitudot? HTTP/1.1" 200 8220
186.78.51.154 - - [16/Mar/2016:12:42:17 -0300] "POST /cormun/servlet/trsolicitudot?a8d36153533a7c2ef4150865b056782f,,gx-no-cache=1458146619202 HTTP/1.1" 200 5623
186.78.51.154 - - [16/Mar/2016:12:42:18 -0300] "POST /cormun/servlet/trsolicitudot?a8d36153533a7c2ef4150865b056782f,,gx-no-cache=1458146619648 HTTP/1.1" 200 5621
186.78.51.154 - - [16/Mar/2016:12:42:18 -0300] "POST /cormun/servlet/trsolicitudot?a8d36153533a7c2ef4150865b056782f,,gx-no-cache=1458146620120 HTTP/1.1" 200 5622
186.78.51.154 - - [16/Mar/2016:12:42:19 -0300] "POST /cormun/servlet/trsolicitudot?a8d36153533a7c2ef4150865b056782f,,gx-no-cache=1458146620580 HTTP/1.1" 200 5623
186.78.51.154 - - [16/Mar/2016:12:42:19 -0300] "POST /cormun/servlet/trsolicitudot?a8d36153533a7c2ef4150865b056782f,,gx-no-cache=1458146621037 HTTP/1.1" 200 5622
186.78.51.154 - - [16/Mar/2016:12:42:20 -0300] "POST /cormun/servlet/trsolicitudot?a8d36153533a7c2ef4150865b056782f,,gx-no-cache=1458146621522 HTTP/1.1" 200 5623
186.78.51.154 - - [16/Mar/2016:12:42:20 -0300] "POST /cormun/servlet/trsolicitudot?a8d36153533a7c2ef4150865b056782f,,gx-no-cache=1458146621986 HTTP/1.1" 200 5622
186.78.51.154 - - [16/Mar/2016:12:42:21 -0300] "POST /cormun/servlet/trsolicitudot?a8d36153533a7c2ef4150865b056782f,,gx-no-cache=1458146622468 HTTP/1.1" 200 106
186.78.51.154 - - [16/Mar/2016:12:42:21 -0300] "GET /cormun/servlet/trsolicitudadjuntos?2016,279, HTTP/1.1" 200 5393
186.78.51.154 - - [16/Mar/2016:12:42:21 -0300] "GET /cormun/servlet/trsolicitudadjuntos?2016,279, HTTP/1.1" 200 5393
186.78.51.154 - - [16/Mar/2016:12:42:23 -0300] "GET /cormun/servlet/solicitudotadjuntos?INS,2016,279,,1, HTTP/1.1" 200 5482
186.78.51.154 - - [16/Mar/2016:12:42:23 -0300] "GET /cormun/static/about:blank HTTP/1.1" 404 1011
186.78.51.154 - - [16/Mar/2016:12:42:24 -0300] "GET /cormun/servlet/solicitudotadjuntos?INS,2016,279,,1, HTTP/1.1" 200 5476
186.78.51.154 - - [16/Mar/2016:12:42:24 -0300] "GET /cormun/servlet/solicitudotadjuntos?48fb47988401e84ea905a0439fb396c03163a119b142d1eff8f4430f2f608e0e197b70396115cdbd3975de4e7c4adcd6,gx-no-cache=1458146626344 HTTP/1.1" 200 30
186.78.51.154 - - [16/Mar/2016:12:42:24 -0300] "POST /cormun/servlet/solicitudotadjuntos?a8d36153533a7c2ef4150865b056782f,INS,2016,279,,1,,gx-no-cache=1458146626427 HTTP/1.1" 200 3360
186.78.51.154 - - [16/Mar/2016:12:42:32 -0300] "POST /cormun/servlet/solicitudotadjuntos?a8d36153533a7c2ef4150865b056782f,INS,2016,279,,1,,gx-no-cache=1458146633684 HTTP/1.1" 200 93
186.78.51.154 - - [16/Mar/2016:12:42:32 -0300] "GET /cormun/servlet/hpexe_return? HTTP/1.1" 200 1025
186.78.51.154 - - [16/Mar/2016:12:42:32 -0300] "GET /cormun/servlet/trsolicitudadjuntos?2016,279, HTTP/1.1" 200 5397
186.78.51.154 - - [16/Mar/2016:12:42:32 -0300] "GET /cormun/servlet/trsolicitudadjuntos?2016,279, HTTP/1.1" 200 5393
186.78.51.154 - - [16/Mar/2016:12:42:36 -0300] "GET /cormun/servlet/trsolicitudot? HTTP/1.1" 200 8225
186.78.51.154 - - [16/Mar/2016:12:42:36 -0300] "GET /cormun/servlet/trsolicitudot? HTTP/1.1" 200 8220
186.78.51.154 - - [16/Mar/2016:12:42:41 -0300] "GET /cormun/servlet/trvisualizadoreventos? HTTP/1.1" 200 5977
186.78.51.154 - - [16/Mar/2016:12:42:41 -0300] "GET /cormun/static/Resources/Spanish/PXTools.css?17554516 HTTP/1.1" 304 -
186.78.51.154 - - [16/Mar/2016:12:42:41 -0300] "GET /cormun/static/gxcfg.js?2016251828014 HTTP/1.1" 304 -
186.78.51.154 - - [16/Mar/2016:12:42:41 -0300] "GET /cormun/static/trvisualizadoreventos.js?2016251828276 HTTP/1.1" 304 -
186.78.51.154 - - [16/Mar/2016:12:42:41 -0300] "GET /cormun/servlet/trvisualizadoreventos? HTTP/1.1" 200 5978
186.78.51.154 - - [16/Mar/2016:12:42:47 -0300] "GET /cormun/servlet/trsolicitudot? HTTP/1.1" 200 8220
186.78.51.154 - - [16/Mar/2016:12:42:47 -0300] "GET /cormun/servlet/trsolicitudot? HTTP/1.1" 200 8220
186.78.51.154 - - [16/Mar/2016:12:42:49 -0300] "GET /cormun/servlet/solicitudot?INS,0,0, HTTP/1.1" 200 11448
186.78.51.154 - - [16/Mar/2016:12:42:50 -0300] "GET /cormun/servlet/solicitudot?INS,0,0, HTTP/1.1" 200 11453
186.78.51.154 - - [16/Mar/2016:12:43:21 -0300] "POST /cormun/servlet/solicitudot?gx-no-cache=1458146682619 HTTP/1.1" 200 2668
186.78.51.154 - - [16/Mar/2016:12:43:21 -0300] "POST /cormun/servlet/solicitudot?a8d36153533a7c2ef4150865b056782f,INS,0,0,,gx-no-cache=1458146683014 HTTP/1.1" 200 8267
186.78.51.154 - - [16/Mar/2016:12:43:26 -0300] "GET /cormun/servlet/prfichaempleado?,MD,,gxPopupLevel%3D0%3B HTTP/1.1" 200 7923
186.78.51.154 - - [16/Mar/2016:12:43:26 -0300] "GET /cormun/static/scaMessage/css/jquery-ui.css?104140 HTTP/1.1" 404 1045
186.78.51.154 - - [16/Mar/2016:12:43:30 -0300] "GET /cormun/servlet/prfichaempleado?fa7b8961c78200cb4706bdb054f30ab711e62947897c4b11d8d1e23ef56ad4c6e8b7d9ad178c11d909413a4dc491e5a75708313d112792cd75aa009953397f8d,gx-no-cache=1458146691900 HTTP/1.1" 200 466
186.78.51.154 - - [16/Mar/2016:12:43:31 -0300] "GET /cormun/servlet/prfichaempleado?fa7b8961c78200cb4706bdb054f30ab70858f25f2fcac1699d7a9d2b9d903548883c87e362594a3d08a83d0958fe3f19bec1ec74a77463c5855f2b1c5b355a40,gx-no-cache=1458146692949 HTTP/1.1" 200 468
186.78.51.154 - - [16/Mar/2016:12:43:31 -0300] "GET /cormun/servlet/prfichaempleado?fa7b8961c78200cb4706bdb054f30ab7443a9c3269e663d1cccf9591973b0ddd0008e2d8ef26c13c8688e1e0c70d17b20ed5cf32cb627749fa23ab6e38afcbdae075fe31a1026491f10c895732cef287,gx-no-cache=1458146693458 HTTP/1.1" 200 468
186.78.51.154 - - [16/Mar/2016:12:43:32 -0300] "GET /cormun/servlet/prfichaempleado?fa7b8961c78200cb4706bdb054f30ab7443a9c3269e663d1cccf9591973b0ddd306c0594041a81599fd445baa5acb4875828b7b74c5b185aa32e3d0dfa444f00be33ceff95823d4e53cf19c59152b27a,gx-no-cache=1458146693970 HTTP/1.1" 200 468
186.78.51.154 - - [16/Mar/2016:12:43:35 -0300] "GET /cormun/servlet/prfichaempleado?fa7b8961c78200cb4706bdb054f30ab7443a9c3269e663d1cccf9591973b0ddd96a616a0b32d69216cd35d68a7f33695564493ee8c34f181e4bfa68c8b96b9f1fc4084cd3b9f1e0ab7dd3c5610376c73,gx-no-cache=1458146697052 HTTP/1.1" 200 435
186.78.51.154 - - [16/Mar/2016:12:43:36 -0300] "GET /cormun/servlet/prfichaempleado?fa7b8961c78200cb4706bdb054f30ab7443a9c3269e663d1cccf9591973b0ddd05cf6f932d6cca6684ca736647019bf204b5bba9ab665fa54e39c0e56b7ae3902d7186d59df0717bee72f8dcd0a4ffff,gx-no-cache=1458146698440 HTTP/1.1" 200 435
186.78.51.154 - - [16/Mar/2016:12:43:39 -0300] "POST /cormun/servlet/prfichaempleado?a8d36153533a7c2ef4150865b056782f,,MD,,gxPopupLevel%3D0%3B,gx-no-cache=1458146700949 HTTP/1.1" 200 2696
186.78.51.154 - - [16/Mar/2016:12:43:43 -0300] "POST /cormun/servlet/prfichaempleado?a8d36153533a7c2ef4150865b056782f,,MD,,gxPopupLevel%3D0%3B,gx-no-cache=1458146705079 HTTP/1.1" 200 2696
186.78.51.154 - - [16/Mar/2016:12:43:59 -0300] "GET /cormun/servlet/solicitudot?48fb47988401e84ea905a0439fb396c0d294fc0f60766fb832d1f77d0a70c75a25be41aeaa918e0b6f6920ff6ab0574d,gx-no-cache=1458146721001 HTTP/1.1" 200 30
186.78.51.154 - - [16/Mar/2016:12:44:03 -0300] "GET /cormun/servlet/prfichaempleado?,MD,,gxPopupLevel%3D0%3B HTTP/1.1" 200 7923
186.78.51.154 - - [16/Mar/2016:12:44:03 -0300] "GET /cormun/static/scaMessage/css/jquery-ui.css?104140 HTTP/1.1" 404 1045
186.78.48.82 - - [16/Mar/2016:12:44:09 -0300] "GET /cormun/servlet/hlogin HTTP/1.1" 200 1712
186.78.48.82 - - [16/Mar/2016:12:44:09 -0300] "GET /cormun/static/gxtimezone.js?85251 HTTP/1.1" 200 5781
186.78.48.82 - - [16/Mar/2016:12:44:09 -0300] "GET /cormun/static/gxcfg.js?20151120045111 HTTP/1.1" 200 953
186.78.48.82 - - [16/Mar/2016:12:44:09 -0300] "GET /cormun/static/hlogin.js?20151120045126 HTTP/1.1" 200 2136
186.78.48.82 - - [16/Mar/2016:12:44:10 -0300] "GET /cormun/static/messages.spa.js?85251 HTTP/1.1" 200 30736
186.78.48.82 - - [16/Mar/2016:12:44:10 -0300] "GET /cormun/static/Resources/ComunLogin.png HTTP/1.1" 200 17326
186.78.48.82 - - [16/Mar/2016:12:44:10 -0300] "GET /cormun/static/Resources/Spanish/PXTools.css?005343 HTTP/1.1" 200 89042
186.78.48.82 - - [16/Mar/2016:12:44:14 -0300] "GET /cormun/static/gxgral.js?85251 HTTP/1.1" 200 384558
186.78.48.82 - - [16/Mar/2016:12:44:15 -0300] "GET /cormun/static/Resources/PXToolsLoginBackground.png HTTP/1.1" 200 1164
186.78.48.82 - - [16/Mar/2016:12:44:15 -0300] "GET /cormun/static/Resources/PXToolsButtonLeft21.png HTTP/1.1" 200 1287
186.78.48.82 - - [16/Mar/2016:12:44:15 -0300] "GET /cormun/static/Resources/PXToolsButtonRight21.png HTTP/1.1" 200 1283
186.78.48.82 - - [16/Mar/2016:12:44:15 -0300] "GET /cormun/static/Resources/PXToolsLoginTop.png HTTP/1.1" 200 1337
186.78.48.82 - - [16/Mar/2016:12:44:15 -0300] "GET /cormun/static/Resources/PXToolsLoginBottom.png HTTP/1.1" 200 1389
186.78.48.82 - - [16/Mar/2016:12:44:15 -0300] "GET /cormun/static/Resources/PXToolsButtonBackground2.png HTTP/1.1" 200 1181
186.78.51.154 - - [16/Mar/2016:12:44:15 -0300] "GET /cormun/servlet/prfichaempleado?fa7b8961c78200cb4706bdb054f30ab711e62947897c4b11d8d1e23ef56ad4c6e8b7d9ad178c11d909413a4dc491e5a75708313d112792cd75aa009953397f8d,gx-no-cache=1458146737044 HTTP/1.1" 200 466
186.103.157.98 - - [16/Mar/2016:12:44:15 -0300] "GET /cormun/servlet/solicitudotadjuntos?DLT,2016,933,CERTIF3,0, HTTP/1.1" 200 5479
186.78.48.82 - - [16/Mar/2016:12:44:15 -0300] "GET /cormun/servlet/hlogin HTTP/1.1" 200 1722
186.78.48.82 - - [16/Mar/2016:12:44:15 -0300] "GET /cormun/static/Resources/indicator.gif HTTP/1.1" 200 1553
186.103.157.98 - - [16/Mar/2016:12:44:16 -0300] "GET /cormun/PublicTempStorage/afp1723598.pdf HTTP/1.1" 200 226924
186.103.157.98 - - [16/Mar/2016:12:44:16 -0300] "GET /cormun/servlet/solicitudotadjuntos?DLT,2016,933,CERTIF3,0, HTTP/1.1" 200 5475
186.78.51.154 - - [16/Mar/2016:12:44:16 -0300] "GET /cormun/servlet/prfichaempleado?fa7b8961c78200cb4706bdb054f30ab70858f25f2fcac1699d7a9d2b9d903548883c87e362594a3d08a83d0958fe3f19bec1ec74a77463c5855f2b1c5b355a40,gx-no-cache=1458146737957 HTTP/1.1" 200 468
186.78.48.82 - - [16/Mar/2016:12:44:16 -0300] "GET /cormun/static/Resources/indicator.gif HTTP/1.1" 200 1553
186.78.51.154 - - [16/Mar/2016:12:44:16 -0300] "GET /cormun/servlet/prfichaempleado?fa7b8961c78200cb4706bdb054f30ab7443a9c3269e663d1cccf9591973b0ddd0008e2d8ef26c13c8688e1e0c70d17b20ed5cf32cb627749fa23ab6e38afcbdae075fe31a1026491f10c895732cef287,gx-no-cache=1458146738465 HTTP/1.1" 200 468
186.78.51.154 - - [16/Mar/2016:12:44:17 -0300] "GET /cormun/servlet/prfichaempleado?fa7b8961c78200cb4706bdb054f30ab7443a9c3269e663d1cccf9591973b0ddd306c0594041a81599fd445baa5acb4875828b7b74c5b185aa32e3d0dfa444f00be33ceff95823d4e53cf19c59152b27a,gx-no-cache=1458146739063 HTTP/1.1" 200 468
186.103.157.98 - - [16/Mar/2016:12:44:20 -0300] "POST /cormun/servlet/solicitudotadjuntos?dce974c9d08436c4bced33bf616d9019,DLT,2016,933,CERTIF3,0,,gx-no-cache=1458143088473 HTTP/1.1" 200 93
186.103.157.98 - - [16/Mar/2016:12:44:20 -0300] "GET /cormun/servlet/hpexe_return? HTTP/1.1" 200 1029
186.78.51.154 - - [16/Mar/2016:12:44:21 -0300] "GET /cormun/servlet/prfichaempleado?fa7b8961c78200cb4706bdb054f30ab7443a9c3269e663d1cccf9591973b0ddd96a616a0b32d69216cd35d68a7f33695564493ee8c34f181e4bfa68c8b96b9f1fc4084cd3b9f1e0ab7dd3c5610376c73,gx-no-cache=1458146742877 HTTP/1.1" 200 435
186.103.157.98 - - [16/Mar/2016:12:44:21 -0300] "GET /cormun/servlet/trsolicitudadjuntos?2016,933, HTTP/1.1" 200 7851
186.78.51.154 - - [16/Mar/2016:12:44:22 -0300] "GET /cormun/servlet/prfichaempleado?fa7b8961c78200cb4706bdb054f30ab7443a9c3269e663d1cccf9591973b0ddd05cf6f932d6cca6684ca736647019bf204b5bba9ab665fa54e39c0e56b7ae3902d7186d59df0717bee72f8dcd0a4ffff,gx-no-cache=1458146744189 HTTP/1.1" 200 435
186.103.157.98 - - [16/Mar/2016:12:44:22 -0300] "GET /cormun/servlet/trsolicitudadjuntos?2016,933, HTTP/1.1" 200 7849
186.78.51.154 - - [16/Mar/2016:12:44:25 -0300] "POST /cormun/servlet/prfichaempleado?a8d36153533a7c2ef4150865b056782f,,MD,,gxPopupLevel%3D0%3B,gx-no-cache=1458146746758 HTTP/1.1" 200 2696
186.103.157.98 - - [16/Mar/2016:12:44:27 -0300] "GET /cormun/servlet/solicitudotadjuntos?DLT,2016,933,CERTIF3,0, HTTP/1.1" 200 5480
186.103.157.98 - - [16/Mar/2016:12:44:27 -0300] "GET /cormun/servlet/solicitudotadjuntos?DLT,2016,933,CERTIF3,0, HTTP/1.1" 200 5473
186.103.157.98 - - [16/Mar/2016:12:44:27 -0300] "GET /cormun/PublicTempStorage/afp7687008.pdf HTTP/1.1" 200 226924
186.103.157.98 - - [16/Mar/2016:12:44:28 -0300] "GET /cormun/PublicTempStorage/afp7687008.pdf HTTP/1.1" 206 47362
186.78.51.154 - - [16/Mar/2016:12:44:29 -0300] "POST /cormun/servlet/prfichaempleado?a8d36153533a7c2ef4150865b056782f,,MD,,gxPopupLevel%3D0%3B,gx-no-cache=1458146751336 HTTP/1.1" 200 2696
186.103.157.98 - - [16/Mar/2016:12:44:30 -0300] "POST /cormun/servlet/solicitudotadjuntos?dce974c9d08436c4bced33bf616d9019,DLT,2016,933,CERTIF3,0,,gx-no-cache=1458143098399 HTTP/1.1" 200 93
186.103.157.98 - - [16/Mar/2016:12:44:30 -0300] "GET /cormun/servlet/hpexe_return? HTTP/1.1" 200 1029
186.103.157.98 - - [16/Mar/2016:12:44:31 -0300] "GET /cormun/servlet/trsolicitudadjuntos?2016,933, HTTP/1.1" 200 7728
186.103.157.98 - - [16/Mar/2016:12:44:32 -0300] "GET /cormun/servlet/trsolicitudadjuntos?2016,933, HTTP/1.1" 200 7722
186.78.51.154 - - [16/Mar/2016:12:44:42 -0300] "GET /cormun/servlet/prfichaempleado?,MD,,gxPopupLevel%3D0%3B HTTP/1.1" 200 7923
186.78.51.154 - - [16/Mar/2016:12:44:42 -0300] "GET /cormun/static/scaMessage/css/jquery-ui.css?104140 HTTP/1.1" 404 1045
186.78.51.154 - - [16/Mar/2016:12:44:47 -0300] "GET /cormun/servlet/prfichaempleado?fa7b8961c78200cb4706bdb054f30ab77e2e17781c6641f7cff0f2f9ee2ab48de8b7d9ad178c11d909413a4dc491e5a75708313d112792cd75aa009953397f8d,gx-no-cache=1458146769067 HTTP/1.1" 200 465
186.78.51.154 - - [16/Mar/2016:12:44:48 -0300] "GET /cormun/servlet/prfichaempleado?fa7b8961c78200cb4706bdb054f30ab7372dbb773c77fe1fc4b282f8b715213b883c87e362594a3d08a83d0958fe3f19bec1ec74a77463c5855f2b1c5b355a40,gx-no-cache=1458146769997 HTTP/1.1" 200 468
186.78.51.154 - - [16/Mar/2016:12:44:49 -0300] "GET /cormun/servlet/prfichaempleado?fa7b8961c78200cb4706bdb054f30ab7ccc622a5f9edeeae1e5d43ae19c25b395235e0b6b539cf30ff4a7cf6893556255828b7b74c5b185aa32e3d0dfa444f00b84ee27c57b90a0acba92a3fb4794f25,gx-no-cache=1458146770750 HTTP/1.1" 200 473
186.78.51.154 - - [16/Mar/2016:12:44:53 -0300] "GET /cormun/servlet/prfichaempleado?fa7b8961c78200cb4706bdb054f30ab739c19d4969fc272f207c77d78e6e8ec704b5bba9ab665fa54e39c0e56b7ae390246bf2ec53e584dfde1c44e013f17dc7,gx-no-cache=1458146775135 HTTP/1.1" 200 451
186.78.51.154 - - [16/Mar/2016:12:44:55 -0300] "GET /cormun/servlet/prfichaempleado?fa7b8961c78200cb4706bdb054f30ab70858f25f2fcac1699d7a9d2b9d903548883c87e362594a3d08a83d0958fe3f195314bdc7e43a9ff8dbf94a11844e4f431d3065bff595d92265189161f294064b,gx-no-cache=1458146776709 HTTP/1.1" 200 468
186.78.51.154 - - [16/Mar/2016:12:44:55 -0300] "GET /cormun/servlet/prfichaempleado?fa7b8961c78200cb4706bdb054f30ab7443a9c3269e663d1cccf9591973b0ddd306c0594041a81599fd445baa5acb4875828b7b74c5b185aa32e3d0dfa444f00b84ee27c57b90a0acba92a3fb4794f25,gx-no-cache=1458146777493 HTTP/1.1" 200 468
186.78.51.154 - - [16/Mar/2016:12:44:59 -0300] "GET /cormun/servlet/prfichaempleado?fa7b8961c78200cb4706bdb054f30ab7443a9c3269e663d1cccf9591973b0ddd05cf6f932d6cca6684ca736647019bf204b5bba9ab665fa54e39c0e56b7ae390246bf2ec53e584dfde1c44e013f17dc7,gx-no-cache=1458146781117 HTTP/1.1" 200 439
186.78.51.154 - - [16/Mar/2016:12:45:01 -0300] "POST /cormun/servlet/prfichaempleado?a8d36153533a7c2ef4150865b056782f,,MD,,gxPopupLevel%3D0%3B,gx-no-cache=1458146782518 HTTP/1.1" 200 2696
186.78.51.154 - - [16/Mar/2016:12:45:04 -0300] "POST /cormun/servlet/prfichaempleado?a8d36153533a7c2ef4150865b056782f,,MD,,gxPopupLevel%3D0%3B,gx-no-cache=1458146785560 HTTP/1.1" 200 2696
186.78.51.154 - - [16/Mar/2016:12:45:07 -0300] "POST /cormun/servlet/prfichaempleado?a8d36153533a7c2ef4150865b056782f,,MD,,gxPopupLevel%3D0%3B,gx-no-cache=1458146788870 HTTP/1.1" 200 2696
186.78.51.154 - - [16/Mar/2016:12:45:11 -0300] "GET /cormun/servlet/trsolicitudot? HTTP/1.1" 200 8220
186.78.51.154 - - [16/Mar/2016:12:45:12 -0300] "GET /cormun/servlet/trsolicitudot? HTTP/1.1" 200 8220
186.78.51.154 - - [16/Mar/2016:12:45:17 -0300] "POST /cormun/servlet/trsolicitudot?a8d36153533a7c2ef4150865b056782f,,gx-no-cache=1458146798890 HTTP/1.1" 200 5625
186.78.51.154 - - [16/Mar/2016:12:45:18 -0300] "POST /cormun/servlet/trsolicitudot?a8d36153533a7c2ef4150865b056782f,,gx-no-cache=1458146799430 HTTP/1.1" 200 5623
186.78.51.154 - - [16/Mar/2016:12:45:18 -0300] "POST /cormun/servlet/trsolicitudot?a8d36153533a7c2ef4150865b056782f,,gx-no-cache=1458146799972 HTTP/1.1" 200 5625
186.78.51.154 - - [16/Mar/2016:12:45:19 -0300] "POST /cormun/servlet/trsolicitudot?a8d36153533a7c2ef4150865b056782f,,gx-no-cache=1458146800513 HTTP/1.1" 200 5624
186.78.51.154 - - [16/Mar/2016:12:45:19 -0300] "POST /cormun/servlet/trsolicitudot?a8d36153533a7c2ef4150865b056782f,,gx-no-cache=1458146801033 HTTP/1.1" 200 5624
186.78.51.154 - - [16/Mar/2016:12:45:20 -0300] "POST /cormun/servlet/trsolicitudot?a8d36153533a7c2ef4150865b056782f,,gx-no-cache=1458146801517 HTTP/1.1" 200 5624
186.78.51.154 - - [16/Mar/2016:12:45:21 -0300] "POST /cormun/servlet/trsolicitudot?a8d36153533a7c2ef4150865b056782f,,gx-no-cache=1458146802481 HTTP/1.1" 200 5624
186.78.51.154 - - [16/Mar/2016:12:45:21 -0300] "POST /cormun/servlet/trsolicitudot?a8d36153533a7c2ef4150865b056782f,,gx-no-cache=1458146802994 HTTP/1.1" 200 105
186.78.51.154 - - [16/Mar/2016:12:45:21 -0300] "GET /cormun/servlet/solicitudot?DLT,2016,339, HTTP/1.1" 200 8468
186.78.51.154 - - [16/Mar/2016:12:45:22 -0300] "GET /cormun/static/Shared/jqueryui/images/ui-bg_highlight-soft_100_c6c2c8_1x100.png HTTP/1.1" 404 1117
186.78.51.154 - - [16/Mar/2016:12:45:22 -0300] "GET /cormun/static/Shared/jqueryui/images/ui-icons_82798d_256x240.png HTTP/1.1" 404 1089
186.78.51.154 - - [16/Mar/2016:12:45:22 -0300] "GET /cormun/static/Shared/jqueryui/images/ui-bg_flat_55_fafafa_40x100.png HTTP/1.1" 404 1097
186.78.51.154 - - [16/Mar/2016:12:45:22 -0300] "GET /cormun/static/Shared/jqueryui/images/ui-icons_8d78a5_256x240.png HTTP/1.1" 404 1089
186.78.51.154 - - [16/Mar/2016:12:45:22 -0300] "GET /cormun/servlet/solicitudot?DLT,2016,339, HTTP/1.1" 200 8477
186.78.51.154 - - [16/Mar/2016:12:45:46 -0300] "POST /cormun/servlet/solicitudot?a8d36153533a7c2ef4150865b056782f,DLT,2016,339,,gx-no-cache=1458146828059 HTTP/1.1" 200 9405
186.78.51.154 - - [16/Mar/2016:12:45:46 -0300] "GET /cormun/static/Shared/jqueryui/images/ui-bg_flat_55_994d53_40x100.png HTTP/1.1" 404 1097
186.78.51.154 - - [16/Mar/2016:12:45:47 -0300] "GET /cormun/static/Shared/jqueryui/images/ui-icons_ebccce_256x240.png HTTP/1.1" 404 1089
186.78.51.154 - - [16/Mar/2016:12:45:50 -0300] "GET /cormun/servlet/trsolicitudot? HTTP/1.1" 200 8220
186.78.51.154 - - [16/Mar/2016:12:45:50 -0300] "GET /cormun/servlet/trsolicitudot? HTTP/1.1" 200 8220
186.78.51.154 - - [16/Mar/2016:12:45:56 -0300] "POST /cormun/servlet/trsolicitudot?a8d36153533a7c2ef4150865b056782f,,gx-no-cache=1458146837820 HTTP/1.1" 200 5624
186.103.157.98 - - [16/Mar/2016:12:45:56 -0300] "GET /cormun/servlet/solicitudotadjuntos?INS,2016,933,,1, HTTP/1.1" 200 5505
186.78.51.154 - - [16/Mar/2016:12:45:56 -0300] "POST /cormun/servlet/trsolicitudot?a8d36153533a7c2ef4150865b056782f,,gx-no-cache=1458146838215 HTTP/1.1" 200 5624
186.103.157.98 - - [16/Mar/2016:12:45:57 -0300] "GET /cormun/static/about:blank HTTP/1.1" 404 1011
186.103.157.98 - - [16/Mar/2016:12:45:57 -0300] "GET /cormun/servlet/solicitudotadjuntos?INS,2016,933,,1, HTTP/1.1" 200 5499
186.78.51.154 - - [16/Mar/2016:12:45:57 -0300] "POST /cormun/servlet/trsolicitudot?a8d36153533a7c2ef4150865b056782f,,gx-no-cache=1458146838678 HTTP/1.1" 200 5624
186.103.157.98 - - [16/Mar/2016:12:45:57 -0300] "GET /cormun/servlet/solicitudotadjuntos?2e5dcab6a456341bd6bbdc345b378083b7e642f2712ca831a1c76b7ca2fb5cb0e34bb2f808beebef31addacd719970bd,gx-no-cache=1458143185335 HTTP/1.1" 200 30
186.78.51.154 - - [16/Mar/2016:12:45:57 -0300] "POST /cormun/servlet/trsolicitudot?a8d36153533a7c2ef4150865b056782f,,gx-no-cache=1458146839102 HTTP/1.1" 200 5624
186.103.157.98 - - [16/Mar/2016:12:45:57 -0300] "POST /cormun/servlet/solicitudotadjuntos?dce974c9d08436c4bced33bf616d9019,INS,2016,933,,1,,gx-no-cache=1458143185428 HTTP/1.1" 200 3380
186.78.51.154 - - [16/Mar/2016:12:45:58 -0300] "POST /cormun/servlet/trsolicitudot?a8d36153533a7c2ef4150865b056782f,,gx-no-cache=1458146839582 HTTP/1.1" 200 5625
186.78.51.154 - - [16/Mar/2016:12:45:58 -0300] "POST /cormun/servlet/trsolicitudot?a8d36153533a7c2ef4150865b056782f,,gx-no-cache=1458146840017 HTTP/1.1" 200 5623
186.78.51.154 - - [16/Mar/2016:12:45:59 -0300] "POST /cormun/servlet/trsolicitudot?a8d36153533a7c2ef4150865b056782f,,gx-no-cache=1458146840454 HTTP/1.1" 200 5623
186.78.51.154 - - [16/Mar/2016:12:45:59 -0300] "POST /cormun/servlet/trsolicitudot?a8d36153533a7c2ef4150865b056782f,,gx-no-cache=1458146840888 HTTP/1.1" 200 105
186.78.51.154 - - [16/Mar/2016:12:45:59 -0300] "GET /cormun/servlet/solicitudot?DLT,2016,279, HTTP/1.1" 200 8433
186.78.51.154 - - [16/Mar/2016:12:46:00 -0300] "GET /cormun/servlet/solicitudot?DLT,2016,279, HTTP/1.1" 200 8442
186.103.157.98 - - [16/Mar/2016:12:46:01 -0300] "POST /cormun/servlet/solicitudotadjuntos?gx-no-cache=1458143189248 HTTP/1.1" 200 26
186.78.51.154 - - [16/Mar/2016:12:46:04 -0300] "POST /cormun/servlet/solicitudot?a8d36153533a7c2ef4150865b056782f,DLT,2016,279,,gx-no-cache=1458146846185 HTTP/1.1" 200 93
186.78.51.154 - - [16/Mar/2016:12:46:05 -0300] "GET /cormun/servlet/hpexe_return? HTTP/1.1" 200 1012
186.78.51.154 - - [16/Mar/2016:12:46:05 -0300] "GET /cormun/servlet/trsolicitudot? HTTP/1.1" 200 7880
186.78.51.154 - - [16/Mar/2016:12:46:05 -0300] "GET /cormun/servlet/trsolicitudot? HTTP/1.1" 200 7876
186.78.51.154 - - [16/Mar/2016:12:46:14 -0300] "POST /cormun/servlet/trsolicitudot?a8d36153533a7c2ef4150865b056782f,,gx-no-cache=1458146855612 HTTP/1.1" 200 5299
186.78.51.154 - - [16/Mar/2016:12:46:14 -0300] "POST /cormun/servlet/trsolicitudot?a8d36153533a7c2ef4150865b056782f,,gx-no-cache=1458146855993 HTTP/1.1" 200 5298
186.78.51.154 - - [16/Mar/2016:12:46:15 -0300] "POST /cormun/servlet/trsolicitudot?a8d36153533a7c2ef4150865b056782f,,gx-no-cache=1458146856499 HTTP/1.1" 200 5297
