186.78.42.171 - - [16/Mar/2016:09:54:25 -0300] "GET /cormun/static/gxcfg.js?20163219504791 HTTP/1.1" 304 -
186.78.42.171 - - [16/Mar/2016:09:54:25 -0300] "GET /cormun/static/trautorizarsolicitud.js?20163219505323 HTTP/1.1" 304 -
186.78.42.171 - - [16/Mar/2016:09:54:26 -0300] "GET /cormun/servlet/trautorizarsolicitud? HTTP/1.1" 200 6186
186.78.42.171 - - [16/Mar/2016:09:54:28 -0300] "GET /cormun/static/menuarrow.gif HTTP/1.1" 404 1015
186.78.42.171 - - [16/Mar/2016:09:54:32 -0300] "POST /cormun/servlet/trautorizarsolicitud?aaeb89cacb34f6d051b3748d8d4a0a52,,gx-no-cache=1458132897223 HTTP/1.1" 200 4919
186.78.42.171 - - [16/Mar/2016:09:54:33 -0300] "POST /cormun/servlet/trautorizarsolicitud?aaeb89cacb34f6d051b3748d8d4a0a52,,gx-no-cache=1458132897638 HTTP/1.1" 200 4919
186.78.51.154 - - [16/Mar/2016:09:54:35 -0300] "POST /cormun/servlet/solicitudotadjuntos?gx-no-cache=1458136557734 HTTP/1.1" 200 26
186.78.51.154 - - [16/Mar/2016:09:54:37 -0300] "GET /cormun/servlet/solicitudotadjuntos?b8f0bab67440505eb383f48f0b846b60e2e0efde68c1b9c9bc771f4241c98f4b,gx-no-cache=1458136559081 HTTP/1.1" 200 30
186.78.51.154 - - [16/Mar/2016:09:54:37 -0300] "GET /cormun/servlet/solicitudotadjuntos?b8f0bab67440505eb383f48f0b846b60e2e0efde68c1b9c9bc771f4241c98f4b,gx-no-cache=1458136559147 HTTP/1.1" 200 30
186.78.51.154 - - [16/Mar/2016:09:54:37 -0300] "POST /cormun/servlet/solicitudotadjuntos?cd29ae11c696efb1cd116681fc87b914,INS,2016,887,,2,,gx-no-cache=1458136559215 HTTP/1.1" 200 93
186.78.51.154 - - [16/Mar/2016:09:54:37 -0300] "GET /cormun/servlet/hpexe_return? HTTP/1.1" 200 1026
186.78.51.154 - - [16/Mar/2016:09:54:37 -0300] "GET /cormun/servlet/trsolicitudadjuntos?2016,887, HTTP/1.1" 200 7292
186.78.51.154 - - [16/Mar/2016:09:54:38 -0300] "GET /cormun/servlet/trsolicitudadjuntos?2016,887, HTTP/1.1" 200 7288
186.78.42.171 - - [16/Mar/2016:09:54:40 -0300] "POST /cormun/servlet/trautorizarsolicitud?aaeb89cacb34f6d051b3748d8d4a0a52,,gx-no-cache=1458132904605 HTTP/1.1" 200 4925
186.78.42.171 - - [16/Mar/2016:09:54:40 -0300] "POST /cormun/servlet/trautorizarsolicitud?aaeb89cacb34f6d051b3748d8d4a0a52,,gx-no-cache=1458132904995 HTTP/1.1" 200 4924
186.78.42.171 - - [16/Mar/2016:09:54:41 -0300] "POST /cormun/servlet/trautorizarsolicitud?aaeb89cacb34f6d051b3748d8d4a0a52,,gx-no-cache=1458132905388 HTTP/1.1" 200 4924
186.78.42.171 - - [16/Mar/2016:09:54:41 -0300] "POST /cormun/servlet/trautorizarsolicitud?aaeb89cacb34f6d051b3748d8d4a0a52,,gx-no-cache=1458132905779 HTTP/1.1" 200 4924
186.78.51.154 - - [16/Mar/2016:09:54:41 -0300] "GET /cormun/servlet/solicitudotadjuntos?DLT,2016,887,FOTO,0, HTTP/1.1" 200 5373
186.78.51.154 - - [16/Mar/2016:09:54:41 -0300] "GET /cormun/static/about:blank HTTP/1.1" 404 1011
186.78.42.171 - - [16/Mar/2016:09:54:41 -0300] "POST /cormun/servlet/trautorizarsolicitud?aaeb89cacb34f6d051b3748d8d4a0a52,,gx-no-cache=1458132906197 HTTP/1.1" 200 4923
186.78.51.154 - - [16/Mar/2016:09:54:41 -0300] "GET /cormun/static/Shared/jqueryui/images/ui-bg_highlight-soft_100_c6c2c8_1x100.png HTTP/1.1" 404 1117
186.78.51.154 - - [16/Mar/2016:09:54:42 -0300] "GET /cormun/static/Shared/jqueryui/images/ui-icons_82798d_256x240.png HTTP/1.1" 404 1089
186.78.51.154 - - [16/Mar/2016:09:54:42 -0300] "GET /cormun/static/Shared/jqueryui/images/ui-bg_flat_55_fafafa_40x100.png HTTP/1.1" 404 1097
186.78.51.154 - - [16/Mar/2016:09:54:42 -0300] "GET /cormun/static/Shared/jqueryui/images/ui-icons_8d78a5_256x240.png HTTP/1.1" 404 1089
186.78.51.154 - - [16/Mar/2016:09:54:42 -0300] "GET /cormun/servlet/solicitudotadjuntos?DLT,2016,887,FOTO,0, HTTP/1.1" 200 5367
186.78.42.171 - - [16/Mar/2016:09:54:42 -0300] "POST /cormun/servlet/trautorizarsolicitud?aaeb89cacb34f6d051b3748d8d4a0a52,,gx-no-cache=1458132906597 HTTP/1.1" 200 4923
186.78.51.154 - - [16/Mar/2016:09:54:43 -0300] "POST /cormun/servlet/solicitudotadjuntos?cd29ae11c696efb1cd116681fc87b914,DLT,2016,887,FOTO,0,,gx-no-cache=1458136565554 HTTP/1.1" 200 93
186.78.51.154 - - [16/Mar/2016:09:54:44 -0300] "GET /cormun/servlet/hpexe_return? HTTP/1.1" 200 1030
186.78.51.154 - - [16/Mar/2016:09:54:44 -0300] "GET /cormun/servlet/trsolicitudadjuntos?2016,887, HTTP/1.1" 200 7166
186.78.51.154 - - [16/Mar/2016:09:54:44 -0300] "GET /cormun/servlet/trsolicitudadjuntos?2016,887, HTTP/1.1" 200 7163
186.78.51.154 - - [16/Mar/2016:09:54:46 -0300] "GET /cormun/servlet/solicitudotadjuntos?INS,2016,887,,2, HTTP/1.1" 200 5480
186.78.51.154 - - [16/Mar/2016:09:54:46 -0300] "GET /cormun/static/about:blank HTTP/1.1" 404 1011
186.78.51.154 - - [16/Mar/2016:09:54:46 -0300] "GET /cormun/servlet/solicitudotadjuntos?INS,2016,887,,2, HTTP/1.1" 200 5474
186.78.51.154 - - [16/Mar/2016:09:54:47 -0300] "GET /cormun/servlet/solicitudotadjuntos?b8f0bab67440505eb383f48f0b846b609e6ccc4451dd22fdbbfe92ed98a93c38a844b31749c5feba04dd5000c34a12d6,gx-no-cache=1458136569135 HTTP/1.1" 200 30
186.78.51.154 - - [16/Mar/2016:09:54:47 -0300] "POST /cormun/servlet/solicitudotadjuntos?cd29ae11c696efb1cd116681fc87b914,INS,2016,887,,2,,gx-no-cache=1458136569236 HTTP/1.1" 200 3507
186.78.51.154 - - [16/Mar/2016:09:55:02 -0300] "POST /cormun/servlet/solicitudotadjuntos?gx-no-cache=1458136583948 HTTP/1.1" 200 26
186.78.42.171 - - [16/Mar/2016:09:55:17 -0300] "POST /cormun/servlet/trautorizarsolicitud?aaeb89cacb34f6d051b3748d8d4a0a52,,gx-no-cache=1458132941276 HTTP/1.1" 200 5279
186.78.42.171 - - [16/Mar/2016:09:55:17 -0300] "GET /cormun/servlet/trautorizarsolicitud?ce80bef7ad1d7d441d28de6cbb1f5f531ac95ede5ef865540053f35fb8a36dc8a75df3a183ba6141513adeb9e171dec180d5d4b2b342153e9f655f9c655f2d80c3c7b06b2ba4a6e5b9ef9c328a940cd543cb26fa4862bc7a4be9ce0ba476310d1f0b45c1f8c1d70dc553885c73422704,gx-no-cache=1458132941794 HTTP/1.1" 200 2624
186.78.51.154 - - [16/Mar/2016:09:55:18 -0300] "GET /cormun/servlet/solicitudotadjuntos?b8f0bab67440505eb383f48f0b846b60e2e0efde68c1b9c9bc771f4241c98f4b,gx-no-cache=1458136599853 HTTP/1.1" 200 30
186.78.51.154 - - [16/Mar/2016:09:55:18 -0300] "GET /cormun/servlet/solicitudotadjuntos?b8f0bab67440505eb383f48f0b846b60e2e0efde68c1b9c9bc771f4241c98f4b,gx-no-cache=1458136599928 HTTP/1.1" 200 30
186.78.51.154 - - [16/Mar/2016:09:55:18 -0300] "POST /cormun/servlet/solicitudotadjuntos?cd29ae11c696efb1cd116681fc87b914,INS,2016,887,,2,,gx-no-cache=1458136600002 HTTP/1.1" 200 93
186.78.51.154 - - [16/Mar/2016:09:55:18 -0300] "GET /cormun/servlet/hpexe_return? HTTP/1.1" 200 1026
186.78.51.154 - - [16/Mar/2016:09:55:18 -0300] "GET /cormun/servlet/trsolicitudadjuntos?2016,887, HTTP/1.1" 200 7290
186.78.51.154 - - [16/Mar/2016:09:55:19 -0300] "GET /cormun/servlet/trsolicitudadjuntos?2016,887, HTTP/1.1" 200 7287
186.78.42.171 - - [16/Mar/2016:09:55:26 -0300] "POST /cormun/servlet/trautorizarsolicitud?aaeb89cacb34f6d051b3748d8d4a0a52,,gx-no-cache=1458132951184 HTTP/1.1" 200 3490
186.78.42.171 - - [16/Mar/2016:09:55:27 -0300] "GET /cormun/servlet/trautorizarsolicitud?ce80bef7ad1d7d441d28de6cbb1f5f53de32263e4230da4666a52efc6d699578682d66548f3fb582c22ba64ca25c00d680d5d4b2b342153e9f655f9c655f2d80d03c83d8fea6d1766f9b7cdbb2148c4043cb26fa4862bc7a4be9ce0ba476310d1f0b45c1f8c1d70dc553885c73422704,gx-no-cache=1458132951652 HTTP/1.1" 200 774
186.78.42.171 - - [16/Mar/2016:09:55:30 -0300] "POST /cormun/servlet/trautorizarsolicitud?aaeb89cacb34f6d051b3748d8d4a0a52,,gx-no-cache=1458132954296 HTTP/1.1" 200 4901
186.78.42.171 - - [16/Mar/2016:09:55:30 -0300] "GET /cormun/servlet/trautorizarsolicitud?ce80bef7ad1d7d441d28de6cbb1f5f53f5c3ea6ab68ac3c3b321e1bca2d86a134b1b71bb5a38a7e0f90850465d007b4380d5d4b2b342153e9f655f9c655f2d80d03c83d8fea6d1766f9b7cdbb2148c4061fd1b4e6f4c6894726ae890bc63849a6de55d9544e3b2f4ed8573a1afcf178d,gx-no-cache=1458132954754 HTTP/1.1" 200 2207
191.112.114.96 - - [16/Mar/2016:09:56:09 -0300] "GET /cormun/servlet/hlogin HTTP/1.1" 200 1726
191.112.114.96 - - [16/Mar/2016:09:56:12 -0300] "POST /cormun/servlet/hlogin?4c821478ddfd17c70ec1f5601d4efcf7,gx-no-cache=1458132988845 HTTP/1.1" 200 90
191.112.114.96 - - [16/Mar/2016:09:56:12 -0300] "GET /cormun/servlet/hpexe_link HTTP/1.1" 200 955
191.112.114.96 - - [16/Mar/2016:09:56:12 -0300] "GET /cormun/servlet/hhome HTTP/1.1" 200 3483
191.112.114.96 - - [16/Mar/2016:09:56:13 -0300] "GET /cormun/servlet/hhome HTTP/1.1" 200 3479
191.112.114.96 - - [16/Mar/2016:09:56:19 -0300] "GET /cormun/servlet/trautorizarsolicitud? HTTP/1.1" 200 6188
191.112.114.96 - - [16/Mar/2016:09:56:20 -0300] "GET /cormun/servlet/trautorizarsolicitud? HTTP/1.1" 200 6188
191.112.114.96 - - [16/Mar/2016:09:56:25 -0300] "POST /cormun/servlet/trautorizarsolicitud?4c821478ddfd17c70ec1f5601d4efcf7,,gx-no-cache=1458133001688 HTTP/1.1" 200 3474
191.112.114.96 - - [16/Mar/2016:09:56:25 -0300] "POST /cormun/servlet/trautorizarsolicitud?4c821478ddfd17c70ec1f5601d4efcf7,,gx-no-cache=1458133001986 HTTP/1.1" 200 3474
191.112.114.96 - - [16/Mar/2016:09:56:26 -0300] "POST /cormun/servlet/trautorizarsolicitud?4c821478ddfd17c70ec1f5601d4efcf7,,gx-no-cache=1458133002321 HTTP/1.1" 200 3474
191.112.114.96 - - [16/Mar/2016:09:56:29 -0300] "GET /cormun/servlet/trautorizarsolicitud?79bc81004dc57d6f2c693ccefb11738a3e3f50411417195d7939ea7ef6604a9e5a763f896f10642b9dd19e8f7512e5b9a763a971c159b0d51e31a58b85e6180a30df220c5341f798d0c267b44a26d8cd6232ed450f8ce4925951017760997f4c,gx-no-cache=1458133005801 HTTP/1.1" 200 752
191.112.114.96 - - [16/Mar/2016:09:56:30 -0300] "GET /cormun/servlet/trautorizarsolicitud?79bc81004dc57d6f2c693ccefb11738ac4f53ea809bda45bef93d3624f07c80945c48658013feb68fba0cd50683b519903d80e053513f6d4dc10c1facd242a5f4a112296c9624e64551f74c61e07152a60d8eb6280bf101f04a7d1ed46fbaba5,gx-no-cache=1458133006547 HTTP/1.1" 200 752
191.112.114.96 - - [16/Mar/2016:09:56:31 -0300] "GET /cormun/servlet/trautorizarsolicitud?79bc81004dc57d6f2c693ccefb11738ae657604653d362d33466e260daa72bf6dcecf5270e869b0e158a71f0c850008c76bcb2f8616d5c949731510cd1e406bee621ee43e44b985e999e2a1ef6f03f77daa0a5e59c1325e36ec41c20ddf830bf,gx-no-cache=1458133007688 HTTP/1.1" 200 752
191.112.114.96 - - [16/Mar/2016:09:56:34 -0300] "POST /cormun/servlet/trautorizarsolicitud?4c821478ddfd17c70ec1f5601d4efcf7,,gx-no-cache=1458133010622 HTTP/1.1" 200 3484
191.112.114.96 - - [16/Mar/2016:09:56:36 -0300] "GET /cormun/servlet/trautorizarsolicitud?79bc81004dc57d6f2c693ccefb11738ae657604653d362d33466e260daa72bf6e5ad92bc8f7a6dbca5bbe7ce662a03270056adaab38870a7bfe3d776cb3bd07e46385ec3faddf06b9250aaef4daaa1291a90041d9658f0ad5f22bd4c84d2d5dd,gx-no-cache=1458133012688 HTTP/1.1" 200 758
191.112.114.96 - - [16/Mar/2016:09:56:37 -0300] "GET /cormun/servlet/trautorizarsolicitud?79bc81004dc57d6f2c693ccefb11738ae657604653d362d33466e260daa72bf68e446b38099a111be677848c0f683e4ae36fa38abc397180dd94fe4429414bfbca0ae3a3a49c11e63917c6526f506b4be3915c5a80e4164f694fc82be24930c9,gx-no-cache=1458133013488 HTTP/1.1" 200 758
191.112.114.96 - - [16/Mar/2016:09:56:37 -0300] "GET /cormun/servlet/trautorizarsolicitud?79bc81004dc57d6f2c693ccefb11738ae657604653d362d33466e260daa72bf63853f114f9e5eb60ac11c18290ee7b1c9b944c89296ea94943add423cd35693a41eee446ef306dd51bbb0f5fdf200111c67c4e44c63fc0b2ba700d69ea2d0a8ef1a2c273dbec3b7258d83c523699c694,gx-no-cache=1458133014249 HTTP/1.1" 200 758
191.112.114.96 - - [16/Mar/2016:09:56:46 -0300] "POST /cormun/servlet/trautorizarsolicitud?4c821478ddfd17c70ec1f5601d4efcf7,,gx-no-cache=1458133022813 HTTP/1.1" 200 3488
191.112.114.96 - - [16/Mar/2016:09:57:01 -0300] "GET /cormun/servlet/trautorizarsolicitud?79bc81004dc57d6f2c693ccefb11738ae657604653d362d33466e260daa72bf6246ce6a2227a4763cff1589c61846dffdd2decf005e5e839fef2d768f8c038b7450cc993084848d19be0227e2f976266140a4e40ef257e7e6c594e9e89bb3089a5b4bb5d001bc6de3c24140c60f63665,gx-no-cache=1458133037669 HTTP/1.1" 200 763
186.78.51.154 - - [16/Mar/2016:09:57:37 -0300] "GET /cormun/servlet/solicitudotadjuntos?INS,2016,887,,2, HTTP/1.1" 200 5480
186.78.51.154 - - [16/Mar/2016:09:57:38 -0300] "GET /cormun/static/about:blank HTTP/1.1" 404 1011
186.78.51.154 - - [16/Mar/2016:09:57:38 -0300] "GET /cormun/servlet/solicitudotadjuntos?INS,2016,887,,2, HTTP/1.1" 200 5474
186.78.51.154 - - [16/Mar/2016:09:57:38 -0300] "GET /cormun/servlet/solicitudotadjuntos?b8f0bab67440505eb383f48f0b846b609e6ccc4451dd22fdbbfe92ed98a93c38a844b31749c5feba04dd5000c34a12d6,gx-no-cache=1458136740675 HTTP/1.1" 200 30
186.78.51.154 - - [16/Mar/2016:09:57:39 -0300] "POST /cormun/servlet/solicitudotadjuntos?cd29ae11c696efb1cd116681fc87b914,INS,2016,887,,2,,gx-no-cache=1458136740803 HTTP/1.1" 200 3508
186.78.51.154 - - [16/Mar/2016:09:58:35 -0300] "POST /cormun/servlet/solicitudotadjuntos?gx-no-cache=1458136797314 HTTP/1.1" 200 26
186.78.51.154 - - [16/Mar/2016:09:58:38 -0300] "GET /cormun/servlet/solicitudotadjuntos?b8f0bab67440505eb383f48f0b846b60e2e0efde68c1b9c9bc771f4241c98f4b,gx-no-cache=1458136799840 HTTP/1.1" 200 30
186.78.51.154 - - [16/Mar/2016:09:58:38 -0300] "GET /cormun/servlet/solicitudotadjuntos?b8f0bab67440505eb383f48f0b846b60e2e0efde68c1b9c9bc771f4241c98f4b,gx-no-cache=1458136799917 HTTP/1.1" 200 30
186.78.51.154 - - [16/Mar/2016:09:58:38 -0300] "POST /cormun/servlet/solicitudotadjuntos?cd29ae11c696efb1cd116681fc87b914,INS,2016,887,,2,,gx-no-cache=1458136800002 HTTP/1.1" 200 93
186.78.51.154 - - [16/Mar/2016:09:58:38 -0300] "GET /cormun/servlet/hpexe_return? HTTP/1.1" 200 1026
186.78.51.154 - - [16/Mar/2016:09:58:38 -0300] "GET /cormun/servlet/trsolicitudadjuntos?2016,887, HTTP/1.1" 200 7437
186.78.51.154 - - [16/Mar/2016:09:58:39 -0300] "GET /cormun/servlet/trsolicitudadjuntos?2016,887, HTTP/1.1" 200 7433
186.78.51.154 - - [16/Mar/2016:09:58:45 -0300] "GET /cormun/servlet/solicitudotadjuntos?INS,2016,887,,2, HTTP/1.1" 200 5480
186.78.51.154 - - [16/Mar/2016:09:58:45 -0300] "GET /cormun/static/about:blank HTTP/1.1" 404 1011
186.78.51.154 - - [16/Mar/2016:09:58:45 -0300] "GET /cormun/servlet/solicitudotadjuntos?INS,2016,887,,2, HTTP/1.1" 200 5474
186.78.51.154 - - [16/Mar/2016:09:58:46 -0300] "GET /cormun/servlet/solicitudotadjuntos?b8f0bab67440505eb383f48f0b846b609e6ccc4451dd22fdbbfe92ed98a93c38a844b31749c5feba04dd5000c34a12d6,gx-no-cache=1458136807995 HTTP/1.1" 200 30
186.78.51.154 - - [16/Mar/2016:09:58:46 -0300] "POST /cormun/servlet/solicitudotadjuntos?cd29ae11c696efb1cd116681fc87b914,INS,2016,887,,2,,gx-no-cache=1458136808097 HTTP/1.1" 200 3508
186.78.42.171 - - [16/Mar/2016:09:59:29 -0300] "POST /cormun/servlet/trautorizarsolicitud?aaeb89cacb34f6d051b3748d8d4a0a52,,gx-no-cache=1458133194082 HTTP/1.1" 200 3487
186.78.42.171 - - [16/Mar/2016:09:59:30 -0300] "GET /cormun/servlet/trautorizarsolicitud?ce80bef7ad1d7d441d28de6cbb1f5f535b6250edab1c1b517d1dbb3f93225d4fa75df3a183ba6141513adeb9e171dec180d5d4b2b342153e9f655f9c655f2d802008907d31581e04522b816145e81a0cc93a26dd2b98b4532fde17cd2c6536de6de55d9544e3b2f4ed8573a1afcf178d,gx-no-cache=1458133194485 HTTP/1.1" 200 771
186.78.42.171 - - [16/Mar/2016:09:59:33 -0300] "POST /cormun/servlet/trautorizarsolicitud?aaeb89cacb34f6d051b3748d8d4a0a52,,gx-no-cache=1458133197929 HTTP/1.1" 200 3490
186.78.42.171 - - [16/Mar/2016:09:59:33 -0300] "GET /cormun/servlet/trautorizarsolicitud?ce80bef7ad1d7d441d28de6cbb1f5f53a3d8fb2114886de95dd47bc2f07fb8dc4b1b71bb5a38a7e0f90850465d007b4380d5d4b2b342153e9f655f9c655f2d80de1bc1c2cbee0fefae79c3e16bc7840b28c644028bf30f226aa7c5d4e7a23d32,gx-no-cache=1458133198357 HTTP/1.1" 200 762
186.78.42.171 - - [16/Mar/2016:09:59:38 -0300] "POST /cormun/servlet/trautorizarsolicitud?aaeb89cacb34f6d051b3748d8d4a0a52,,gx-no-cache=1458133203047 HTTP/1.1" 200 3490
186.78.42.171 - - [16/Mar/2016:09:59:39 -0300] "GET /cormun/servlet/trautorizarsolicitud?ce80bef7ad1d7d441d28de6cbb1f5f53de32263e4230da4666a52efc6d6995784b1b71bb5a38a7e0f90850465d007b4380d5d4b2b342153e9f655f9c655f2d80de1bc1c2cbee0fefae79c3e16bc7840b28c644028bf30f226aa7c5d4e7a23d32,gx-no-cache=1458133203484 HTTP/1.1" 200 762
186.78.42.171 - - [16/Mar/2016:09:59:41 -0300] "POST /cormun/servlet/trautorizarsolicitud?aaeb89cacb34f6d051b3748d8d4a0a52,,gx-no-cache=1458133205696 HTTP/1.1" 200 4900
186.78.42.171 - - [16/Mar/2016:09:59:41 -0300] "GET /cormun/servlet/trautorizarsolicitud?ce80bef7ad1d7d441d28de6cbb1f5f53f5c3ea6ab68ac3c3b321e1bca2d86a134b1b71bb5a38a7e0f90850465d007b4380d5d4b2b342153e9f655f9c655f2d80de1bc1c2cbee0fefae79c3e16bc7840b28c644028bf30f226aa7c5d4e7a23d32,gx-no-cache=1458133206181 HTTP/1.1" 200 2207
186.78.42.171 - - [16/Mar/2016:09:59:52 -0300] "POST /cormun/servlet/trautorizarsolicitud?aaeb89cacb34f6d051b3748d8d4a0a52,,gx-no-cache=1458133217001 HTTP/1.1" 200 4900
186.78.42.171 - - [16/Mar/2016:09:59:53 -0300] "POST /cormun/servlet/trautorizarsolicitud?aaeb89cacb34f6d051b3748d8d4a0a52,,gx-no-cache=1458133217463 HTTP/1.1" 200 4901
186.78.42.171 - - [16/Mar/2016:09:59:53 -0300] "POST /cormun/servlet/trautorizarsolicitud?aaeb89cacb34f6d051b3748d8d4a0a52,,gx-no-cache=1458133217922 HTTP/1.1" 200 4900
186.78.42.171 - - [16/Mar/2016:09:59:54 -0300] "POST /cormun/servlet/trautorizarsolicitud?aaeb89cacb34f6d051b3748d8d4a0a52,,gx-no-cache=1458133218384 HTTP/1.1" 200 106
186.78.42.171 - - [16/Mar/2016:09:59:54 -0300] "GET /cormun/servlet/trsolicitudadjuntos?2016,771, HTTP/1.1" 200 7266
186.78.42.171 - - [16/Mar/2016:09:59:54 -0300] "GET /cormun/static/Resources/Spanish/PXTools.css?171692 HTTP/1.1" 304 -
186.78.42.171 - - [16/Mar/2016:09:59:54 -0300] "GET /cormun/static/gxcfg.js?2016311731090 HTTP/1.1" 304 -
186.78.42.171 - - [16/Mar/2016:09:59:54 -0300] "GET /cormun/static/trsolicitudadjuntos.js?2016311731342 HTTP/1.1" 304 -
186.78.42.171 - - [16/Mar/2016:09:59:55 -0300] "GET /cormun/servlet/trsolicitudadjuntos?2016,771, HTTP/1.1" 200 7266
186.78.42.171 - - [16/Mar/2016:10:00:00 -0300] "POST /cormun/servlet/trsolicitudadjuntos?aaeb89cacb34f6d051b3748d8d4a0a52,2016,771,,gx-no-cache=1458133224628 HTTP/1.1" 200 90
186.78.42.171 - - [16/Mar/2016:10:00:00 -0300] "GET /cormun/servlet/hpexe_link HTTP/1.1" 200 980
186.78.42.171 - - [16/Mar/2016:10:00:00 -0300] "GET /cormun/servlet/trautorizarsolicitud? HTTP/1.1" 200 7492
186.78.42.171 - - [16/Mar/2016:10:00:01 -0300] "GET /cormun/servlet/trautorizarsolicitud? HTTP/1.1" 200 7491
186.78.42.171 - - [16/Mar/2016:10:00:06 -0300] "GET /cormun/servlet/veautorizarsolicitud?2016,771,, HTTP/1.1" 200 7576
186.78.42.171 - - [16/Mar/2016:10:00:06 -0300] "GET /cormun/static/gxcfg.js?20163117315759 HTTP/1.1" 200 953
186.78.42.171 - - [16/Mar/2016:10:00:06 -0300] "GET /cormun/pexe_scrolldiv.js HTTP/1.1" 404 1009
186.78.42.171 - - [16/Mar/2016:10:00:06 -0300] "GET /cormun/static/Resources/PXToolsTabFirstSelected.png HTTP/1.1" 200 1259
186.78.42.171 - - [16/Mar/2016:10:00:06 -0300] "GET /cormun/static/veautorizarsolicitud.js?20163117315822 HTTP/1.1" 200 6140
186.78.42.171 - - [16/Mar/2016:10:00:06 -0300] "GET /cormun/static/hwcviewtabs.js?20151120014372 HTTP/1.1" 200 1074
186.78.42.171 - - [16/Mar/2016:10:00:06 -0300] "GET /cormun/static/hpexe_tabsview.js?20151120014350 HTTP/1.1" 200 1661
186.78.42.171 - - [16/Mar/2016:10:00:06 -0300] "GET /cormun/static/Resources/PXToolsTabLastUnselected.png HTTP/1.1" 200 1291
186.78.42.171 - - [16/Mar/2016:10:00:06 -0300] "GET /cormun/static/Resources/PXToolsTabNext.gif HTTP/1.1" 200 168
186.78.42.171 - - [16/Mar/2016:10:00:07 -0300] "GET /cormun/static/Resources/PXToolsTabPrevious.gif HTTP/1.1" 200 172
186.78.42.171 - - [16/Mar/2016:10:00:07 -0300] "GET /cormun/static/tbautorizarsolicitud01.js?20163117314344 HTTP/1.1" 200 27022
186.78.42.171 - - [16/Mar/2016:10:00:07 -0300] "GET /cormun/static/calendar-system.css HTTP/1.1" 200 5572
186.78.42.171 - - [16/Mar/2016:10:00:07 -0300] "GET /cormun/static/Resources/PXToolsTabBackSelected.png HTTP/1.1" 200 1157
186.78.42.171 - - [16/Mar/2016:10:00:07 -0300] "GET /cormun/static/Resources/PXToolsTabBackUnselected.png HTTP/1.1" 200 1175
186.78.42.171 - - [16/Mar/2016:10:00:07 -0300] "GET /cormun/static/Resources/PXToolsTabSelectedUnselected.png HTTP/1.1" 200 1428
186.78.42.171 - - [16/Mar/2016:10:00:07 -0300] "GET /cormun/static/Resources/PXToolsTabUnselectedUnselected.png HTTP/1.1" 200 1459
186.78.42.171 - - [16/Mar/2016:10:00:07 -0300] "GET /cormun/servlet/veautorizarsolicitud?2016,771,, HTTP/1.1" 200 7576
186.78.42.171 - - [16/Mar/2016:10:00:15 -0300] "GET /cormun/servlet/veautorizarsolicitud?2016,771,,SolicitudOTAdjuntos HTTP/1.1" 200 8352
186.78.42.171 - - [16/Mar/2016:10:00:15 -0300] "GET /cormun/pexe_scrolldiv.js HTTP/1.1" 404 1009
186.78.42.171 - - [16/Mar/2016:10:00:15 -0300] "GET /cormun/static/tbautorizarsolicitud02.js?20163117313928 HTTP/1.1" 200 13822
186.78.42.171 - - [16/Mar/2016:10:00:15 -0300] "GET /cormun/static/gxui/gxui-all.css HTTP/1.1" 200 2179
186.78.42.171 - - [16/Mar/2016:10:00:15 -0300] "GET /cormun/static/Resources/PXToolsTabFirstUnselected.png HTTP/1.1" 200 1264
186.78.42.171 - - [16/Mar/2016:10:00:15 -0300] "GET /cormun/static/Resources/PXToolsTabUnselectedSelected.png HTTP/1.1" 200 1444
186.78.42.171 - - [16/Mar/2016:10:00:15 -0300] "GET /cormun/servlet/veautorizarsolicitud?2016,771,,SolicitudOTAdjuntos HTTP/1.1" 200 8352
186.78.42.171 - - [16/Mar/2016:10:00:16 -0300] "POST /cormun/servlet/acontrolpreferencessavestate?None,CKARLABS,true HTTP/1.1" 200 35
186.78.42.171 - - [16/Mar/2016:10:00:17 -0300] "GET /cormun/static/Shared/ext/resources/css/ext-all.css HTTP/1.1" 200 416045
191.112.114.96 - - [16/Mar/2016:10:00:20 -0300] "GET /cormun/servlet/trautorizarsolicitud?79bc81004dc57d6f2c693ccefb11738a465e8c30e5ad4f61ac3767d463bcf0b30c45decc684a8dc495fe36222d249b4e7c29975518fb67b05cc4f4c9362ad7557af9558f7812b835cc1b5fdf65dc6650783a037974e015dbd808f497a57925db97d35b2d7f4433bb26ebb3cec62494d1,gx-no-cache=1458133236995 HTTP/1.1" 200 763
186.78.42.171 - - [16/Mar/2016:10:00:21 -0300] "GET /cormun/servlet/veautorizarsolicitud?2016,771,,SolicitudOTLog HTTP/1.1" 200 8062
186.78.42.171 - - [16/Mar/2016:10:00:21 -0300] "GET /cormun/pexe_scrolldiv.js HTTP/1.1" 404 1009
186.78.42.171 - - [16/Mar/2016:10:00:21 -0300] "GET /cormun/static/Resources/PXToolsTabLastSelected.png HTTP/1.1" 200 1262
186.78.42.171 - - [16/Mar/2016:10:00:21 -0300] "GET /cormun/static/tbautorizarsolicitud03.js?20163117313579 HTTP/1.1" 200 12400
191.112.114.96 - - [16/Mar/2016:10:00:21 -0300] "POST /cormun/servlet/acontrolpreferencessavestate?None,EVALENZUELA,true HTTP/1.1" 200 35
186.78.42.171 - - [16/Mar/2016:10:00:22 -0300] "GET /cormun/servlet/veautorizarsolicitud?2016,771,,SolicitudOTLog HTTP/1.1" 200 8062
186.78.42.171 - - [16/Mar/2016:10:00:23 -0300] "POST /cormun/servlet/acontrolpreferencessavestate?None,CKARLABS,true HTTP/1.1" 200 35
191.112.114.96 - - [16/Mar/2016:10:00:36 -0300] "POST /cormun/servlet/acontrolpreferencessavestate?None,EVALENZUELA,true HTTP/1.1" 200 35
191.112.114.96 - - [16/Mar/2016:10:01:20 -0300] "GET /cormun/servlet/trautorizarsolicitud?79bc81004dc57d6f2c693ccefb11738a465e8c30e5ad4f61ac3767d463bcf0b30c45decc684a8dc495fe36222d249b4ea4fe663d3558f76252604437055ea10e8e3fab6fa71142f96976a08c5634ed7b1047847996bb333dd1758aeb980af504d27c3059c11dbd7ecd9a76ca4b995edc,gx-no-cache=1458133296440 HTTP/1.1" 200 763
186.103.158.250 - - [16/Mar/2016:10:01:56 -0300] "GET /cormun/servlet/hlogin HTTP/1.1" 200 1724
186.103.158.250 - - [16/Mar/2016:10:01:57 -0300] "GET /cormun/static/Resources/Spanish/PXTools.css?005343 HTTP/1.1" 304 -
186.103.158.250 - - [16/Mar/2016:10:01:57 -0300] "GET /cormun/static/gxcfg.js?20151120045111 HTTP/1.1" 304 -
186.103.158.250 - - [16/Mar/2016:10:01:57 -0300] "GET /cormun/static/Resources/ComunLogin.png HTTP/1.1" 304 -
186.103.158.250 - - [16/Mar/2016:10:01:57 -0300] "GET /cormun/static/messages.spa.js?85251 HTTP/1.1" 304 -
186.103.158.250 - - [16/Mar/2016:10:01:57 -0300] "GET /cormun/static/hlogin.js?20151120045126 HTTP/1.1" 304 -
186.103.158.250 - - [16/Mar/2016:10:01:57 -0300] "GET /cormun/servlet/hlogin HTTP/1.1" 200 1734
186.103.158.250 - - [16/Mar/2016:10:01:57 -0300] "GET /cormun/static/Resources/indicator.gif HTTP/1.1" 304 -
186.103.158.250 - - [16/Mar/2016:10:01:57 -0300] "GET /cormun/static/Resources/PXToolsLoginBackground.png HTTP/1.1" 304 -
186.103.158.250 - - [16/Mar/2016:10:01:57 -0300] "GET /cormun/static/Resources/PXToolsLoginTop.png HTTP/1.1" 304 -
186.103.158.250 - - [16/Mar/2016:10:01:57 -0300] "GET /cormun/static/Resources/PXToolsLoginBottom.png HTTP/1.1" 304 -
192.168.10.89 - - [16/Mar/2016:10:02:05 -0300] "POST /cormun/servlet/vesolicitudgral?e33a64e7d73068dd4a20bc28775a672a,2016,270,,SolicitudOTAdjuntos,gx-no-cache=1458133073162 HTTP/1.1" 200 90
192.168.10.89 - - [16/Mar/2016:10:02:05 -0300] "GET /cormun/servlet/hpexe_link HTTP/1.1" 200 974
191.112.114.96 - - [16/Mar/2016:10:02:06 -0300] "GET /cormun/servlet/trautorizarsolicitud?79bc81004dc57d6f2c693ccefb11738a465e8c30e5ad4f61ac3767d463bcf0b30c45decc684a8dc495fe36222d249b4ea4fe663d3558f76252604437055ea10e8e3fab6fa71142f96976a08c5634ed7b1047847996bb333dd1758aeb980af504d27c3059c11dbd7ecd9a76ca4b995edc,gx-no-cache=1458133341988 HTTP/1.1" 200 763
192.168.10.89 - - [16/Mar/2016:10:02:06 -0300] "GET /cormun/servlet/trsolicitudgral HTTP/1.1" 200 8758
191.112.114.96 - - [16/Mar/2016:10:02:06 -0300] "POST /cormun/servlet/acontrolpreferencessavestate?None,EVALENZUELA,true HTTP/1.1" 200 35
191.112.114.96 - - [16/Mar/2016:10:02:08 -0300] "POST /cormun/servlet/acontrolpreferencessavestate?None,EVALENZUELA,true HTTP/1.1" 200 35
191.112.114.96 - - [16/Mar/2016:10:02:10 -0300] "POST /cormun/servlet/acontrolpreferencessavestate?None,EVALENZUELA,true HTTP/1.1" 200 35
115.231.222.40 - - [16/Mar/2016:10:02:11 -0300] "GET /cgi-bin/common/attr?id=260714&r=0.0129891749193743 HTTP/1.1" 404 999
191.112.114.96 - - [16/Mar/2016:10:02:12 -0300] "POST /cormun/servlet/acontrolpreferencessavestate?None,EVALENZUELA,true HTTP/1.1" 200 35
191.112.114.96 - - [16/Mar/2016:10:02:17 -0300] "POST /cormun/servlet/acontrolpreferencessavestate?None,EVALENZUELA,true HTTP/1.1" 200 35
191.112.114.96 - - [16/Mar/2016:10:02:19 -0300] "POST /cormun/servlet/acontrolpreferencessavestate?None,EVALENZUELA,true HTTP/1.1" 200 35
186.103.158.250 - - [16/Mar/2016:10:02:28 -0300] "POST /cormun/servlet/hlogin?99dc89fc461935f2960fa9093b8ba7a7,gx-no-cache=1458133373661 HTTP/1.1" 200 90
186.103.158.250 - - [16/Mar/2016:10:02:28 -0300] "GET /cormun/servlet/hpexe_link HTTP/1.1" 200 954
186.103.158.250 - - [16/Mar/2016:10:02:28 -0300] "GET /cormun/static/gxcfg.js?20151120044395 HTTP/1.1" 304 -
186.103.158.250 - - [16/Mar/2016:10:02:28 -0300] "GET /cormun/static/hpexe_link.js?20151120044398 HTTP/1.1" 304 -
186.78.51.154 - - [16/Mar/2016:10:02:28 -0300] "POST /cormun/servlet/solicitudotadjuntos?gx-no-cache=1458137029902 HTTP/1.1" 200 26
186.103.158.250 - - [16/Mar/2016:10:02:28 -0300] "GET /cormun/servlet/hhome HTTP/1.1" 200 3440
186.103.158.250 - - [16/Mar/2016:10:02:28 -0300] "GET /cormun/static/Resources/Spanish/PXTools.css?10515224 HTTP/1.1" 304 -
186.103.158.250 - - [16/Mar/2016:10:02:28 -0300] "GET /cormun/static/gxcfg.js?2015112210564248 HTTP/1.1" 304 -
186.103.158.250 - - [16/Mar/2016:10:02:28 -0300] "GET /cormun/static/Resources/PXToolsHeaderActionsLeft.png HTTP/1.1" 304 -
186.103.158.250 - - [16/Mar/2016:10:02:28 -0300] "GET /cormun/static/Resources/PXToolsHeaderHome.png HTTP/1.1" 304 -
186.103.158.250 - - [16/Mar/2016:10:02:28 -0300] "GET /cormun/static/Resources/PXToolsHeaderLogin.png HTTP/1.1" 304 -
186.103.158.250 - - [16/Mar/2016:10:02:28 -0300] "GET /cormun/static/Resources/PXToolsHeaderSecurity.png HTTP/1.1" 304 -
186.103.158.250 - - [16/Mar/2016:10:02:28 -0300] "GET /cormun/static/Resources/PXToolsHeaderActionsRight.png HTTP/1.1" 304 -
186.103.158.250 - - [16/Mar/2016:10:02:28 -0300] "GET /cormun/static/Resources/PXToolsHeaderPreferences.png HTTP/1.1" 304 -
186.103.158.250 - - [16/Mar/2016:10:02:28 -0300] "GET /cormun/static/hhome.js?2015112210564255 HTTP/1.1" 304 -
186.103.158.250 - - [16/Mar/2016:10:02:28 -0300] "GET /cormun/static/hwchdr01.js?20162241650484 HTTP/1.1" 304 -
186.103.158.250 - - [16/Mar/2016:10:02:28 -0300] "GET /cormun/static/hpexe_recentlink.js?2015111312121342 HTTP/1.1" 304 -
186.103.158.250 - - [16/Mar/2016:10:02:28 -0300] "GET /cormun/static/hpexe_scripts.js?20151120014546 HTTP/1.1" 304 -
186.103.158.250 - - [16/Mar/2016:10:02:28 -0300] "GET /cormun/static/hpexe_messagecontroller.js?2015112210524422 HTTP/1.1" 304 -
186.103.158.250 - - [16/Mar/2016:10:02:28 -0300] "GET /cormun/static/hpexe_messagepopupcomponent.js?20163219454551 HTTP/1.1" 304 -
186.103.158.250 - - [16/Mar/2016:10:02:28 -0300] "GET /cormun/static/hpexe_messagegenexuscomponent.js?20151120014314 HTTP/1.1" 304 -
186.103.158.250 - - [16/Mar/2016:10:02:28 -0300] "GET /cormun/static/cmcontrolpreferences.js?20151120014525 HTTP/1.1" 304 -
186.78.51.154 - - [16/Mar/2016:10:02:29 -0300] "GET /cormun/servlet/solicitudotadjuntos?b8f0bab67440505eb383f48f0b846b60e2e0efde68c1b9c9bc771f4241c98f4b,gx-no-cache=1458137030744 HTTP/1.1" 200 30
186.103.158.250 - - [16/Mar/2016:10:02:29 -0300] "GET /cormun/static/scaMessage/scaMessageRender.js HTTP/1.1" 304 -
186.103.158.250 - - [16/Mar/2016:10:02:29 -0300] "GET /cormun/static/hmpwkw03.js?2016311993330 HTTP/1.1" 304 -
186.78.51.154 - - [16/Mar/2016:10:02:29 -0300] "GET /cormun/servlet/solicitudotadjuntos?b8f0bab67440505eb383f48f0b846b60e2e0efde68c1b9c9bc771f4241c98f4b,gx-no-cache=1458137030858 HTTP/1.1" 200 30
186.78.51.154 - - [16/Mar/2016:10:02:29 -0300] "POST /cormun/servlet/solicitudotadjuntos?cd29ae11c696efb1cd116681fc87b914,INS,2016,887,,2,,gx-no-cache=1458137030932 HTTP/1.1" 200 93
186.78.51.154 - - [16/Mar/2016:10:02:29 -0300] "GET /cormun/servlet/hpexe_return? HTTP/1.1" 200 1026
186.78.51.154 - - [16/Mar/2016:10:02:29 -0300] "GET /cormun/servlet/trsolicitudadjuntos?2016,887, HTTP/1.1" 200 7539
186.103.158.250 - - [16/Mar/2016:10:02:29 -0300] "GET /cormun/static/Resources/PXToolsHeaderActionsBackground.png HTTP/1.1" 304 -
186.103.158.250 - - [16/Mar/2016:10:02:29 -0300] "GET /cormun/static/Resources/PXToolsDataTitle.png HTTP/1.1" 304 -
186.78.51.154 - - [16/Mar/2016:10:02:30 -0300] "GET /cormun/servlet/trsolicitudadjuntos?2016,887, HTTP/1.1" 200 7537
186.78.51.154 - - [16/Mar/2016:10:02:32 -0300] "GET /cormun/servlet/solicitudotadjuntos?INS,2016,887,,2, HTTP/1.1" 200 5479
186.78.51.154 - - [16/Mar/2016:10:02:32 -0300] "GET /cormun/static/about:blank HTTP/1.1" 404 1011
186.78.51.154 - - [16/Mar/2016:10:02:33 -0300] "GET /cormun/servlet/solicitudotadjuntos?INS,2016,887,,2, HTTP/1.1" 200 5473
191.112.114.96 - - [16/Mar/2016:10:02:33 -0300] "GET /cormun/servlet/trsolicitudot? HTTP/1.1" 200 6239
186.78.51.154 - - [16/Mar/2016:10:02:33 -0300] "GET /cormun/servlet/solicitudotadjuntos?b8f0bab67440505eb383f48f0b846b609e6ccc4451dd22fdbbfe92ed98a93c38a844b31749c5feba04dd5000c34a12d6,gx-no-cache=1458137035241 HTTP/1.1" 200 30
191.112.114.96 - - [16/Mar/2016:10:02:33 -0300] "GET /cormun/static/gxcfg.js?201631185636 HTTP/1.1" 200 953
191.112.114.96 - - [16/Mar/2016:10:02:33 -0300] "GET /cormun/static/Resources/PXToolsGridNew.png HTTP/1.1" 200 2949
191.112.114.96 - - [16/Mar/2016:10:02:33 -0300] "GET /cormun/static/trsolicitudot.js?2016311856838 HTTP/1.1" 200 45326
186.78.51.154 - - [16/Mar/2016:10:02:33 -0300] "POST /cormun/servlet/solicitudotadjuntos?cd29ae11c696efb1cd116681fc87b914,INS,2016,887,,2,,gx-no-cache=1458137035352 HTTP/1.1" 200 3507
191.112.114.96 - - [16/Mar/2016:10:02:33 -0300] "GET /cormun/static/Resources/Spanish/PXTools.css?18502099 HTTP/1.1" 200 89042
191.112.114.96 - - [16/Mar/2016:10:02:34 -0300] "GET /cormun/servlet/trsolicitudot? HTTP/1.1" 200 6238
186.103.158.250 - - [16/Mar/2016:10:02:38 -0300] "GET /cormun/servlet/trvisualizadoreventos? HTTP/1.1" 200 5957
186.103.158.250 - - [16/Mar/2016:10:02:38 -0300] "GET /cormun/static/Resources/Spanish/PXTools.css?17554516 HTTP/1.1" 304 -
186.103.158.250 - - [16/Mar/2016:10:02:38 -0300] "GET /cormun/static/gxcfg.js?2016251828014 HTTP/1.1" 304 -
186.103.158.250 - - [16/Mar/2016:10:02:38 -0300] "GET /cormun/static/Resources/PXToolsDataSearch.png HTTP/1.1" 304 -
186.103.158.250 - - [16/Mar/2016:10:02:38 -0300] "GET /cormun/static/Resources/PXToolsActionPrint.png HTTP/1.1" 304 -
186.103.158.250 - - [16/Mar/2016:10:02:38 -0300] "GET /cormun/static/Resources/PXToolsActionExcel.png HTTP/1.1" 304 -
186.103.158.250 - - [16/Mar/2016:10:02:38 -0300] "GET /cormun/static/trvisualizadoreventos.js?2016251828276 HTTP/1.1" 304 -
191.112.114.96 - - [16/Mar/2016:10:02:38 -0300] "GET /cormun/servlet/solicitudot?INS,0,0, HTTP/1.1" 200 11510
191.112.114.96 - - [16/Mar/2016:10:02:38 -0300] "GET /cormun/static/gxcfg.js?20163219435133 HTTP/1.1" 200 953
191.112.114.96 - - [16/Mar/2016:10:02:38 -0300] "GET /cormun/static/Resources/prompt.gif HTTP/1.1" 200 902
191.112.114.96 - - [16/Mar/2016:10:02:38 -0300] "GET /cormun/static/Resources/Spanish/PXTools.css?1944839 HTTP/1.1" 200 89042
191.112.114.96 - - [16/Mar/2016:10:02:38 -0300] "GET /cormun/static/solicitudot.js?20163219435183 HTTP/1.1" 200 44151
191.112.114.96 - - [16/Mar/2016:10:02:39 -0300] "GET /cormun/servlet/solicitudot?INS,0,0, HTTP/1.1" 200 11515
186.103.158.250 - - [16/Mar/2016:10:02:39 -0300] "GET /cormun/static/Resources/asc.gif HTTP/1.1" 304 -
186.103.158.250 - - [16/Mar/2016:10:02:39 -0300] "GET /cormun/static/Resources/desc.gif HTTP/1.1" 304 -
186.103.158.250 - - [16/Mar/2016:10:02:44 -0300] "GET /cormun/static/menuarrow.gif HTTP/1.1" 404 1015
186.103.158.250 - - [16/Mar/2016:10:02:46 -0300] "GET /cormun/servlet/trvisualizadoreventos?bcbb1ceea12bc520246f5b5756b1e23196f23796ef65899a5c0c29fbdcf25d7d773da54b1afd49eecac4546ed5a3ac62620882e79256fc628db46b43ac5ce8eef62fa54bd03f93121fd0d6f38c8776412f3b3ab97f6ee1b1ef361f90aa81222a52d78d97d8b0e74eb981570f1dfae55e4af28ddeec5417d6301d74f11b90bded8c5d1edd698526d15c116313a242de534b1ff681622f9e7a19b630b62878c8c1f3ba70e800fd98b2c3e9c04cc7dc7f920ec39c87dd8958028704576fb01fc73a,gx-no-cache=1458133392497 HTTP/1.1" 200 568
186.103.158.250 - - [16/Mar/2016:10:02:51 -0300] "POST /cormun/servlet/trvisualizadoreventos?99dc89fc461935f2960fa9093b8ba7a7,,gx-no-cache=1458133397053 HTTP/1.1" 200 3361
186.103.158.250 - - [16/Mar/2016:10:02:52 -0300] "POST /cormun/servlet/trvisualizadoreventos?99dc89fc461935f2960fa9093b8ba7a7,,gx-no-cache=1458133397934 HTTP/1.1" 200 3361
186.103.158.250 - - [16/Mar/2016:10:02:53 -0300] "POST /cormun/servlet/trvisualizadoreventos?99dc89fc461935f2960fa9093b8ba7a7,,gx-no-cache=1458133398708 HTTP/1.1" 200 3361
186.103.158.250 - - [16/Mar/2016:10:02:54 -0300] "POST /cormun/servlet/trvisualizadoreventos?99dc89fc461935f2960fa9093b8ba7a7,,gx-no-cache=1458133399724 HTTP/1.1" 200 3361
186.103.158.250 - - [16/Mar/2016:10:02:58 -0300] "POST /cormun/servlet/trvisualizadoreventos?99dc89fc461935f2960fa9093b8ba7a7,,gx-no-cache=1458133400740 HTTP/1.1" 200 3361
186.103.158.250 - - [16/Mar/2016:10:03:07 -0300] "GET /cormun/servlet/trvisualizadoreventos?bcbb1ceea12bc520246f5b5756b1e23196f23796ef65899a5c0c29fbdcf25d7d773da54b1afd49eecac4546ed5a3ac62620882e79256fc628db46b43ac5ce8eef62fa54bd03f93121fd0d6f38c8776412f3b3ab97f6ee1b1ef361f90aa81222a52d78d97d8b0e74eb981570f1dfae55e4af28ddeec5417d6301d74f11b90bded8c5d1edd698526d15c116313a242de534b1ff681622f9e7a19b630b62878c8c1f3ba70e800fd98b2c3e9c04cc7dc7f9273808639374310adc809c47499833a29,gx-no-cache=1458133412956 HTTP/1.1" 200 568
186.103.159.204 - - [16/Mar/2016:10:03:08 -0300] "POST /cormun/servlet/trsolicitudot?1676b89228826bf80afb2315360ac446,,gx-no-cache=1458133414586 HTTP/1.1" 440 972
186.103.159.204 - - [16/Mar/2016:10:03:10 -0300] "GET /cormun/servlet/trsolicitudot? HTTP/1.1" 200 5820
186.103.159.204 - - [16/Mar/2016:10:03:11 -0300] "GET /cormun/servlet/hlogin HTTP/1.1" 200 1738
186.103.159.204 - - [16/Mar/2016:10:03:11 -0300] "GET /cormun/servlet/trsolicitudot? HTTP/1.1" 200 5820
186.103.159.204 - - [16/Mar/2016:10:03:20 -0300] "POST /cormun/servlet/hlogin?32d94a8e8a27fef0898c49799b9304ae,gx-no-cache=1458133426036 HTTP/1.1" 200 453
186.103.159.204 - - [16/Mar/2016:10:03:24 -0300] "POST /cormun/servlet/hlogin?32d94a8e8a27fef0898c49799b9304ae,gx-no-cache=1458133430582 HTTP/1.1" 200 90
186.103.159.204 - - [16/Mar/2016:10:03:25 -0300] "GET /cormun/servlet/hpexe_link HTTP/1.1" 200 959
186.103.159.204 - - [16/Mar/2016:10:03:25 -0300] "GET /cormun/static/hpexe_link.js?20151120044398 HTTP/1.1" 304 -
186.103.159.204 - - [16/Mar/2016:10:03:25 -0300] "GET /cormun/servlet/trsolicitudot HTTP/1.1" 200 6097
186.103.159.204 - - [16/Mar/2016:10:03:26 -0300] "GET /cormun/servlet/trsolicitudot HTTP/1.1" 200 6096
186.103.158.250 - - [16/Mar/2016:10:03:27 -0300] "POST /cormun/servlet/trvisualizadoreventos?99dc89fc461935f2960fa9093b8ba7a7,,gx-no-cache=1458133433499 HTTP/1.1" 200 3360
186.103.158.250 - - [16/Mar/2016:10:03:29 -0300] "POST /cormun/servlet/trvisualizadoreventos?99dc89fc461935f2960fa9093b8ba7a7,,gx-no-cache=1458133435024 HTTP/1.1" 200 3360
186.103.159.204 - - [16/Mar/2016:10:03:30 -0300] "POST /cormun/servlet/trsolicitudot?32d94a8e8a27fef0898c49799b9304ae,gx-no-cache=1458133436504 HTTP/1.1" 200 3242
186.103.159.204 - - [16/Mar/2016:10:03:31 -0300] "POST /cormun/servlet/trsolicitudot?32d94a8e8a27fef0898c49799b9304ae,gx-no-cache=1458133436650 HTTP/1.1" 200 3242
186.103.158.250 - - [16/Mar/2016:10:03:31 -0300] "POST /cormun/servlet/trvisualizadoreventos?99dc89fc461935f2960fa9093b8ba7a7,,gx-no-cache=1458133436781 HTTP/1.1" 200 3360
186.103.159.204 - - [16/Mar/2016:10:03:31 -0300] "POST /cormun/servlet/trsolicitudot?32d94a8e8a27fef0898c49799b9304ae,gx-no-cache=1458133436807 HTTP/1.1" 200 3243
186.103.159.204 - - [16/Mar/2016:10:03:31 -0300] "POST /cormun/servlet/trsolicitudot?32d94a8e8a27fef0898c49799b9304ae,gx-no-cache=1458133436949 HTTP/1.1" 200 3243
186.103.158.250 - - [16/Mar/2016:10:03:33 -0300] "POST /cormun/servlet/trvisualizadoreventos?99dc89fc461935f2960fa9093b8ba7a7,,gx-no-cache=1458133438643 HTTP/1.1" 200 3360
186.103.159.204 - - [16/Mar/2016:10:03:33 -0300] "POST /cormun/servlet/trsolicitudot?32d94a8e8a27fef0898c49799b9304ae,gx-no-cache=1458133438569 HTTP/1.1" 200 4727
191.112.114.96 - - [16/Mar/2016:10:03:33 -0300] "POST /cormun/servlet/solicitudot?gx-no-cache=1458133429038 HTTP/1.1" 200 2749
186.103.159.204 - - [16/Mar/2016:10:03:33 -0300] "GET /cormun/servlet/trsolicitudot?283993c5fa62be5d2569e029a354c45c1cf00820966db58a69988599a41797acf0e28bae56d517d39cac871d498bdfe4d37a28148978ef53f9088214bac1059faf4c65277c67b3eecda097aeb0fdff77,gx-no-cache=1458133438975 HTTP/1.1" 200 2214
191.112.114.96 - - [16/Mar/2016:10:03:33 -0300] "POST /cormun/servlet/solicitudot?4c821478ddfd17c70ec1f5601d4efcf7,INS,0,0,,gx-no-cache=1458133429697 HTTP/1.1" 200 8405
191.112.114.96 - - [16/Mar/2016:10:03:33 -0300] "GET /cormun/servlet/solicitudot?ac0ef3c287436f0ecbf65d1740dbcad95fd432dc021e069925dc9a037c097db74121064184d6ec3c66c74f473631d5f1,gx-no-cache=1458133430160 HTTP/1.1" 200 30
186.103.159.204 - - [16/Mar/2016:10:03:37 -0300] "GET /cormun/static/menuarrow.gif HTTP/1.1" 404 1015
186.103.159.204 - - [16/Mar/2016:10:03:41 -0300] "POST /cormun/servlet/trsolicitudot?32d94a8e8a27fef0898c49799b9304ae,gx-no-cache=1458133446779 HTTP/1.1" 200 5418
186.103.159.204 - - [16/Mar/2016:10:03:41 -0300] "POST /cormun/servlet/trsolicitudot?32d94a8e8a27fef0898c49799b9304ae,gx-no-cache=1458133447010 HTTP/1.1" 200 5418
192.168.10.89 - - [16/Mar/2016:10:03:41 -0300] "POST /cormun/servlet/trsolicitudgral?e33a64e7d73068dd4a20bc28775a672a,gx-no-cache=1458133168953 HTTP/1.1" 200 5889
186.103.159.204 - - [16/Mar/2016:10:03:41 -0300] "POST /cormun/servlet/trsolicitudot?32d94a8e8a27fef0898c49799b9304ae,gx-no-cache=1458133447262 HTTP/1.1" 200 5419
192.168.10.89 - - [16/Mar/2016:10:03:41 -0300] "POST /cormun/servlet/trsolicitudgral?e33a64e7d73068dd4a20bc28775a672a,gx-no-cache=1458133169238 HTTP/1.1" 200 5888
186.103.159.204 - - [16/Mar/2016:10:03:42 -0300] "POST /cormun/servlet/trsolicitudot?32d94a8e8a27fef0898c49799b9304ae,gx-no-cache=1458133447566 HTTP/1.1" 200 5418
186.103.159.204 - - [16/Mar/2016:10:03:42 -0300] "POST /cormun/servlet/trsolicitudot?32d94a8e8a27fef0898c49799b9304ae,gx-no-cache=1458133447821 HTTP/1.1" 200 5418
192.168.10.89 - - [16/Mar/2016:10:03:42 -0300] "POST /cormun/servlet/trsolicitudgral?e33a64e7d73068dd4a20bc28775a672a,gx-no-cache=1458133169605 HTTP/1.1" 200 5888
186.103.159.204 - - [16/Mar/2016:10:03:42 -0300] "POST /cormun/servlet/trsolicitudot?32d94a8e8a27fef0898c49799b9304ae,gx-no-cache=1458133448069 HTTP/1.1" 200 5418
192.168.10.89 - - [16/Mar/2016:10:03:42 -0300] "POST /cormun/servlet/trsolicitudgral?e33a64e7d73068dd4a20bc28775a672a,gx-no-cache=1458133170013 HTTP/1.1" 200 5889
186.103.159.204 - - [16/Mar/2016:10:03:42 -0300] "POST /cormun/servlet/trsolicitudot?32d94a8e8a27fef0898c49799b9304ae,gx-no-cache=1458133448329 HTTP/1.1" 200 5419
191.112.114.96 - - [16/Mar/2016:10:03:42 -0300] "POST /cormun/servlet/solicitudot?gx-no-cache=1458133439192 HTTP/1.1" 200 30
186.103.159.204 - - [16/Mar/2016:10:03:43 -0300] "POST /cormun/servlet/trsolicitudot?32d94a8e8a27fef0898c49799b9304ae,gx-no-cache=1458133448582 HTTP/1.1" 200 5419
192.168.10.89 - - [16/Mar/2016:10:03:43 -0300] "POST /cormun/servlet/trsolicitudgral?e33a64e7d73068dd4a20bc28775a672a,gx-no-cache=1458133170456 HTTP/1.1" 200 5889
192.168.10.89 - - [16/Mar/2016:10:03:43 -0300] "POST /cormun/servlet/trsolicitudgral?e33a64e7d73068dd4a20bc28775a672a,gx-no-cache=1458133170957 HTTP/1.1" 200 5889
192.168.10.89 - - [16/Mar/2016:10:03:44 -0300] "POST /cormun/servlet/trsolicitudgral?e33a64e7d73068dd4a20bc28775a672a,gx-no-cache=1458133171522 HTTP/1.1" 200 5890
186.103.158.250 - - [16/Mar/2016:10:03:45 -0300] "GET /cormun/servlet/trvisualizadoreventos? HTTP/1.1" 200 5949
186.103.159.204 - - [16/Mar/2016:10:03:48 -0300] "POST /cormun/servlet/trsolicitudot?32d94a8e8a27fef0898c49799b9304ae,gx-no-cache=1458133453661 HTTP/1.1" 200 3250
186.103.159.204 - - [16/Mar/2016:10:03:48 -0300] "GET /cormun/servlet/trsolicitudot?283993c5fa62be5d2569e029a354c45cc8c9e850fa90584310803e832ea63953ad6bf7bd67f03b513f0ad6dc50166bf3c69ed274976793de31ba1e8f85892ac637d31f68d54d1147d2f8eb84e4fc250b320e605da61d8eb21e06564dbe53426d,gx-no-cache=1458133454068 HTTP/1.1" 200 775
186.103.159.204 - - [16/Mar/2016:10:03:51 -0300] "POST /cormun/servlet/trsolicitudot?32d94a8e8a27fef0898c49799b9304ae,gx-no-cache=1458133456774 HTTP/1.1" 200 3250
186.103.158.250 - - [16/Mar/2016:10:03:51 -0300] "GET /cormun/static/menuarrow.gif HTTP/1.1" 404 1015
186.103.159.204 - - [16/Mar/2016:10:03:51 -0300] "POST /cormun/servlet/trsolicitudot?32d94a8e8a27fef0898c49799b9304ae,gx-no-cache=1458133456950 HTTP/1.1" 200 3249
186.103.159.204 - - [16/Mar/2016:10:03:51 -0300] "POST /cormun/servlet/trsolicitudot?32d94a8e8a27fef0898c49799b9304ae,gx-no-cache=1458133457133 HTTP/1.1" 200 3249
186.103.159.204 - - [16/Mar/2016:10:03:51 -0300] "POST /cormun/servlet/trsolicitudot?32d94a8e8a27fef0898c49799b9304ae,gx-no-cache=1458133457315 HTTP/1.1" 200 3250
192.168.10.89 - - [16/Mar/2016:10:03:52 -0300] "GET /cormun/servlet/trsolicitudgral?0d07bbefe43f53ae3c3361ea613c7b6fe5a23e0135f9cf82583cd690953dde93a09cd732d450d2b97b3680c7ac5e5afd65cdbfd8fae235eae5a06ae32e96bdb31f2ad398d8b92c125b80e104ce323adc37c0b9d6cffd2f8c4aa8a76754ccef17,gx-no-cache=1458133180270 HTTP/1.1" 200 2182
192.168.10.89 - - [16/Mar/2016:10:03:52 -0300] "POST /cormun/servlet/trsolicitudgral?e33a64e7d73068dd4a20bc28775a672a,gx-no-cache=1458133179376 HTTP/1.1" 200 6183
186.103.158.250 - - [16/Mar/2016:10:03:54 -0300] "POST /cormun/servlet/trvisualizadoreventos?99dc89fc461935f2960fa9093b8ba7a7,,gx-no-cache=1458133460266 HTTP/1.1" 200 3260
186.103.158.250 - - [16/Mar/2016:10:03:55 -0300] "POST /cormun/servlet/trvisualizadoreventos?99dc89fc461935f2960fa9093b8ba7a7,,gx-no-cache=1458133460801 HTTP/1.1" 200 3260
186.103.158.250 - - [16/Mar/2016:10:03:55 -0300] "POST /cormun/servlet/trvisualizadoreventos?99dc89fc461935f2960fa9093b8ba7a7,,gx-no-cache=1458133461452 HTTP/1.1" 200 3260
186.103.158.250 - - [16/Mar/2016:10:03:56 -0300] "POST /cormun/servlet/trvisualizadoreventos?99dc89fc461935f2960fa9093b8ba7a7,,gx-no-cache=1458133462259 HTTP/1.1" 200 3260
192.168.10.89 - - [16/Mar/2016:10:03:58 -0300] "GET /cormun/servlet/vesolicitudgral?2016,554,, HTTP/1.1" 200 8012
192.168.10.89 - - [16/Mar/2016:10:03:58 -0300] "GET /cormun/pexe_scrolldiv.js HTTP/1.1" 404 1009
191.112.114.96 - - [16/Mar/2016:10:03:59 -0300] "POST /cormun/servlet/solicitudot?gx-no-cache=1458133455581 HTTP/1.1" 200 30
186.103.159.204 - - [16/Mar/2016:10:04:00 -0300] "POST /cormun/servlet/trsolicitudot?32d94a8e8a27fef0898c49799b9304ae,gx-no-cache=1458133466442 HTTP/1.1" 200 6956
186.103.159.204 - - [16/Mar/2016:10:04:01 -0300] "GET /cormun/servlet/trsolicitudot?283993c5fa62be5d2569e029a354c45c70dcff41d265f8b9ae07aa4f6be745a1f0e28bae56d517d39cac871d498bdfe4d37a28148978ef53f9088214bac1059faf4c65277c67b3eecda097aeb0fdff77,gx-no-cache=1458133467025 HTTP/1.1" 200 4878
192.168.10.89 - - [16/Mar/2016:10:04:01 -0300] "GET /cormun/servlet/vesolicitudgral?2016,554,,SolicitudOTAdjuntos HTTP/1.1" 200 6892
192.168.10.89 - - [16/Mar/2016:10:04:01 -0300] "GET /cormun/pexe_scrolldiv.js HTTP/1.1" 404 1009
186.103.158.250 - - [16/Mar/2016:10:04:02 -0300] "POST /cormun/servlet/trvisualizadoreventos?99dc89fc461935f2960fa9093b8ba7a7,,gx-no-cache=1458133468200 HTTP/1.1" 200 3636
192.168.10.89 - - [16/Mar/2016:10:04:03 -0300] "POST /cormun/servlet/acontrolpreferencessavestate?None,CDROGUETT,true HTTP/1.1" 200 35
186.103.158.250 - - [16/Mar/2016:10:04:03 -0300] "GET /cormun/servlet/trvisualizadoreventos?bcbb1ceea12bc520246f5b5756b1e231e9e7e157990ee5d301df6abc73d6ee4a773da54b1afd49eecac4546ed5a3ac62620882e79256fc628db46b43ac5ce8eef62fa54bd03f93121fd0d6f38c8776412f3b3ab97f6ee1b1ef361f90aa81222a52d78d97d8b0e74eb981570f1dfae55e4af28ddeec5417d6301d74f11b90bded8c5d1edd698526d15c116313a242de534b1ff681622f9e7a19b630b62878c8c1f3ba70e800fd98b2c3e9c04cc7dc7f9273808639374310adc809c47499833a29,gx-no-cache=1458133469519 HTTP/1.1" 200 993
186.103.159.204 - - [16/Mar/2016:10:04:26 -0300] "POST /cormun/servlet/trsolicitudot?32d94a8e8a27fef0898c49799b9304ae,gx-no-cache=1458133492055 HTTP/1.1" 200 5419
186.103.159.204 - - [16/Mar/2016:10:04:26 -0300] "GET /cormun/servlet/trsolicitudot?283993c5fa62be5d2569e029a354c45c1cf00820966db58a69988599a41797ac5a5842b23a1f32830dab29bd526e02770138995a3da64a678ae9731a57c481fa37d31f68d54d1147d2f8eb84e4fc250bf66947b8db46d97c9bf18ffeddd63a70,gx-no-cache=1458133492471 HTTP/1.1" 200 3029
192.168.10.89 - - [16/Mar/2016:10:04:56 -0300] "GET /cormun/servlet/vesolicitudgral?2016,554,, HTTP/1.1" 200 8012
192.168.10.89 - - [16/Mar/2016:10:04:57 -0300] "GET /cormun/pexe_scrolldiv.js HTTP/1.1" 404 1009
191.112.114.96 - - [16/Mar/2016:10:05:07 -0300] "POST /cormun/servlet/solicitudot?gx-no-cache=1458133523525 HTTP/1.1" 200 1170
191.112.114.96 - - [16/Mar/2016:10:05:07 -0300] "GET /cormun/servlet/solicitudot?ac0ef3c287436f0ecbf65d1740dbcad93d6ab9046caf620def0d1f43991e3c9acd0c00ddcfbce1fd7eeb5cbd4dedaf2adf88a7a2def0e818c0eade43d50db599b1ca0af3c38357d0510493e3217645f53a2a127a716145d7d87e89ef8f18c3cf2db59ac5d688e79334d3d6fbdbdda27be98c2fa09065089663f2f6eb7caceef7d8d8f97c0742b85e9cb2ee70302bd17a,gx-no-cache=1458133523713 HTTP/1.1" 200 38
191.112.114.96 - - [16/Mar/2016:10:05:27 -0300] "GET /cormun/servlet/solicitudot?ac0ef3c287436f0ecbf65d1740dbcad9b6b98a282bd8c8966f6b395084f89bd526028e3d7ddbb232a3466bb61536c70d91f9707939913381e03927257d0694d52349a3a92c3fe9d20167ccdae3b1073664869aa7762ceb0cab4e6a6ef208154e323017dc767406063785986e8a0b3e696493bfb430790c0753746813ccc852caa09bd9e26b196816102222f91a2280652f6c401e6d252c5621be7d5a4a623ce7,gx-no-cache=1458133544369 HTTP/1.1" 200 29
191.112.114.96 - - [16/Mar/2016:10:05:28 -0300] "POST /cormun/servlet/solicitudot?gx-no-cache=1458133544500 HTTP/1.1" 200 1127
191.112.114.96 - - [16/Mar/2016:10:06:07 -0300] "GET /cormun/servlet/solicitudot?ac0ef3c287436f0ecbf65d1740dbcad96d5d760a45cf1b200dbf8581526efb548d499641c8e841130178db86433721f64742b343b7ac00459d94fcab61b9293dcfa3a2ba91d2caf6a63991af10ed615a16e22f861d52c04eb0850205cf8359564ce7d12cb45c857aa3ceb6e05301d5b8ff73ad7d91a62ac742cc90a28b72ea74d84a4278881d510727be8077d1c08a6ea77d39fbe1e7273cb7ea28757439b00cbb3eb593c3d8fe77aa8cafabe27dd478,gx-no-cache=1458133583454 HTTP/1.1" 200 30
186.78.51.154 - - [16/Mar/2016:10:06:18 -0300] "POST /cormun/servlet/solicitudotadjuntos?gx-no-cache=1458137259791 HTTP/1.1" 200 26
186.78.51.154 - - [16/Mar/2016:10:06:20 -0300] "GET /cormun/servlet/solicitudotadjuntos?b8f0bab67440505eb383f48f0b846b60e2e0efde68c1b9c9bc771f4241c98f4b,gx-no-cache=1458137262198 HTTP/1.1" 200 30
186.78.51.154 - - [16/Mar/2016:10:06:20 -0300] "GET /cormun/servlet/solicitudotadjuntos?b8f0bab67440505eb383f48f0b846b60e2e0efde68c1b9c9bc771f4241c98f4b,gx-no-cache=1458137262271 HTTP/1.1" 200 30
186.78.51.154 - - [16/Mar/2016:10:06:20 -0300] "POST /cormun/servlet/solicitudotadjuntos?cd29ae11c696efb1cd116681fc87b914,INS,2016,887,,2,,gx-no-cache=1458137262333 HTTP/1.1" 200 93
186.78.51.154 - - [16/Mar/2016:10:06:20 -0300] "GET /cormun/servlet/hpexe_return? HTTP/1.1" 200 1026
186.78.51.154 - - [16/Mar/2016:10:06:21 -0300] "GET /cormun/servlet/trsolicitudadjuntos?2016,887, HTTP/1.1" 200 7664
186.78.51.154 - - [16/Mar/2016:10:06:21 -0300] "GET /cormun/servlet/trsolicitudadjuntos?2016,887, HTTP/1.1" 200 7663
186.78.51.154 - - [16/Mar/2016:10:06:50 -0300] "GET /cormun/servlet/solicitudotadjuntos?INS,2016,887,,2, HTTP/1.1" 200 5480
186.78.51.154 - - [16/Mar/2016:10:06:51 -0300] "GET /cormun/static/about:blank HTTP/1.1" 404 1011
186.78.51.154 - - [16/Mar/2016:10:06:51 -0300] "GET /cormun/servlet/solicitudotadjuntos?INS,2016,887,,2, HTTP/1.1" 200 5474
186.78.51.154 - - [16/Mar/2016:10:06:51 -0300] "GET /cormun/servlet/solicitudotadjuntos?b8f0bab67440505eb383f48f0b846b609e6ccc4451dd22fdbbfe92ed98a93c38a844b31749c5feba04dd5000c34a12d6,gx-no-cache=1458137293385 HTTP/1.1" 200 30
186.78.51.154 - - [16/Mar/2016:10:06:51 -0300] "POST /cormun/servlet/solicitudotadjuntos?cd29ae11c696efb1cd116681fc87b914,INS,2016,887,,2,,gx-no-cache=1458137293488 HTTP/1.1" 200 3506
186.78.51.154 - - [16/Mar/2016:10:06:55 -0300] "POST /cormun/servlet/solicitudotadjuntos?gx-no-cache=1458137296841 HTTP/1.1" 200 26
186.78.51.154 - - [16/Mar/2016:10:06:58 -0300] "GET /cormun/servlet/solicitudotadjuntos?b8f0bab67440505eb383f48f0b846b60e2e0efde68c1b9c9bc771f4241c98f4b,gx-no-cache=1458137300263 HTTP/1.1" 200 30
