186.78.51.154 - - [16/Mar/2016:12:46:15 -0300] "POST /cormun/servlet/trsolicitudot?a8d36153533a7c2ef4150865b056782f,,gx-no-cache=1458146856887 HTTP/1.1" 200 5298
186.78.51.154 - - [16/Mar/2016:12:46:15 -0300] "POST /cormun/servlet/trsolicitudot?a8d36153533a7c2ef4150865b056782f,,gx-no-cache=1458146857281 HTTP/1.1" 200 5298
201.214.54.176 - - [16/Mar/2016:12:46:15 -0300] "GET /cormun/servlet/hlogin HTTP/1.1" 200 1720
201.214.54.176 - - [16/Mar/2016:12:46:16 -0300] "GET /cormun/servlet/hlogin HTTP/1.1" 200 1730
186.78.51.154 - - [16/Mar/2016:12:46:16 -0300] "POST /cormun/servlet/trsolicitudot?a8d36153533a7c2ef4150865b056782f,,gx-no-cache=1458146857686 HTTP/1.1" 200 5298
186.78.51.154 - - [16/Mar/2016:12:46:16 -0300] "POST /cormun/servlet/trsolicitudot?a8d36153533a7c2ef4150865b056782f,,gx-no-cache=1458146858083 HTTP/1.1" 200 5298
186.78.51.154 - - [16/Mar/2016:12:46:17 -0300] "POST /cormun/servlet/trsolicitudot?a8d36153533a7c2ef4150865b056782f,,gx-no-cache=1458146858484 HTTP/1.1" 200 104
186.78.51.154 - - [16/Mar/2016:12:46:17 -0300] "GET /cormun/servlet/solicitudot?DLT,2016,501, HTTP/1.1" 200 8454
186.78.51.154 - - [16/Mar/2016:12:46:17 -0300] "GET /cormun/servlet/solicitudot?DLT,2016,501, HTTP/1.1" 200 8463
201.214.54.176 - - [16/Mar/2016:12:46:19 -0300] "POST /cormun/servlet/hlogin?7cd40049f1579260df6e6a4907bc158f,gx-no-cache=1458143199932 HTTP/1.1" 200 90
201.214.54.176 - - [16/Mar/2016:12:46:19 -0300] "GET /cormun/servlet/hpexe_link HTTP/1.1" 200 952
201.214.54.176 - - [16/Mar/2016:12:46:19 -0300] "GET /cormun/static/hpexe_link.js?20151120044398 HTTP/1.1" 200 625
201.214.54.176 - - [16/Mar/2016:12:46:19 -0300] "GET /cormun/static/gxcfg.js?20151120044395 HTTP/1.1" 200 953
201.214.54.176 - - [16/Mar/2016:12:46:19 -0300] "GET /cormun/servlet/hhome HTTP/1.1" 200 3418
201.214.54.176 - - [16/Mar/2016:12:46:19 -0300] "GET /cormun/static/SmoothNavMenu/resources/ddsmoothmenu.css?1112540 HTTP/1.1" 200 2223
201.214.54.176 - - [16/Mar/2016:12:46:19 -0300] "GET /cormun/static/scaMessage/css/jquery.pnotify.default.css?1816380 HTTP/1.1" 200 1707
201.214.54.176 - - [16/Mar/2016:12:46:19 -0300] "GET /cormun/static/SmoothNavMenu/resources/ddsmoothmenu-v.css?1112540 HTTP/1.1" 200 1188
201.214.54.176 - - [16/Mar/2016:12:46:19 -0300] "GET /cormun/static/gxcfg.js?2015112210564248 HTTP/1.1" 200 953
201.214.54.176 - - [16/Mar/2016:12:46:19 -0300] "GET /cormun/static/Shared/jqueryui/jquery-ui.min.css?1345370 HTTP/1.1" 200 30288
201.214.54.176 - - [16/Mar/2016:12:46:19 -0300] "GET /cormun/static/PXToolsJavascripts/pexe_picture.js HTTP/1.1" 200 689
201.214.54.176 - - [16/Mar/2016:12:46:19 -0300] "GET /cormun/static/PXToolsJavascripts/pexe_menudivfix.js HTTP/1.1" 200 333
201.214.54.176 - - [16/Mar/2016:12:46:19 -0300] "GET /cormun/static/PXToolsJavascripts/pexe_cookies.js HTTP/1.1" 200 792
201.214.54.176 - - [16/Mar/2016:12:46:19 -0300] "GET /cormun/static/PXToolsJavascripts/pexe_oavdivfix.js HTTP/1.1" 200 639
201.214.54.176 - - [16/Mar/2016:12:46:19 -0300] "GET /cormun/static/PXToolsJavascripts/pexe_oav.js HTTP/1.1" 200 645
201.214.54.176 - - [16/Mar/2016:12:46:19 -0300] "GET /cormun/static/PXToolsJavascripts/pexe_tabdivfix.js HTTP/1.1" 200 876
201.214.54.176 - - [16/Mar/2016:12:46:19 -0300] "GET /cormun/static/RunJS/RunJS.js HTTP/1.1" 200 288
201.214.54.176 - - [16/Mar/2016:12:46:19 -0300] "GET /cormun/static/hpexe_messagecontroller.js?2015112210524422 HTTP/1.1" 200 870
201.214.54.176 - - [16/Mar/2016:12:46:19 -0300] "GET /cormun/static/hpexe_messagegenexuscomponent.js?20151120014314 HTTP/1.1" 200 587
201.214.54.176 - - [16/Mar/2016:12:46:19 -0300] "GET /cormun/static/hhome.js?2015112210564255 HTTP/1.1" 200 777
201.214.54.176 - - [16/Mar/2016:12:46:19 -0300] "GET /cormun/static/hpexe_messagepopupcomponent.js?20163219454551 HTTP/1.1" 200 605
201.214.54.176 - - [16/Mar/2016:12:46:19 -0300] "GET /cormun/static/Resources/Spanish/PXTools.css?10515224 HTTP/1.1" 200 89042
201.214.54.176 - - [16/Mar/2016:12:46:19 -0300] "GET /cormun/static/Resources/PXToolsHeaderHome.png HTTP/1.1" 200 4147
201.214.54.176 - - [16/Mar/2016:12:46:19 -0300] "GET /cormun/static/Resources/PXToolsHeaderPreferences.png HTTP/1.1" 200 4189
201.214.54.176 - - [16/Mar/2016:12:46:19 -0300] "GET /cormun/static/Resources/PXToolsHeaderSecurity.png HTTP/1.1" 200 4166
201.214.54.176 - - [16/Mar/2016:12:46:19 -0300] "GET /cormun/static/Resources/PXToolsHeaderActionsRight.png HTTP/1.1" 200 1201
201.214.54.176 - - [16/Mar/2016:12:46:19 -0300] "GET /cormun/static/Resources/PXToolsHeaderBackground2.png HTTP/1.1" 200 1174
201.214.54.176 - - [16/Mar/2016:12:46:19 -0300] "GET /cormun/static/Resources/PXToolsDataTitle.png HTTP/1.1" 200 1173
201.214.54.176 - - [16/Mar/2016:12:46:19 -0300] "GET /cormun/static/Resources/PXToolsFooterBackground2.png HTTP/1.1" 200 1172
201.214.54.176 - - [16/Mar/2016:12:46:19 -0300] "GET /cormun/static/Resources/PXToolsHeaderActionsBackground.png HTTP/1.1" 200 484
201.214.54.176 - - [16/Mar/2016:12:46:20 -0300] "GET /cormun/static/SmoothNavMenu/resources/images/down.gif HTTP/1.1" 200 854
201.214.54.176 - - [16/Mar/2016:12:46:20 -0300] "GET /cormun/servlet/hhome HTTP/1.1" 200 3414
201.214.54.176 - - [16/Mar/2016:12:46:23 -0300] "GET /cormun/servlet/trsolicitudot? HTTP/1.1" 200 6174
201.214.54.176 - - [16/Mar/2016:12:46:23 -0300] "GET /cormun/static/calendar-system.css?85620 HTTP/1.1" 200 5572
201.214.54.176 - - [16/Mar/2016:12:46:23 -0300] "GET /cormun/static/gxui/gxui-all.css?120300 HTTP/1.1" 200 2179
201.214.54.176 - - [16/Mar/2016:12:46:23 -0300] "GET /cormun/static/gxcfg.js?201631185636 HTTP/1.1" 200 953
201.214.54.176 - - [16/Mar/2016:12:46:23 -0300] "GET /cormun/static/Resources/PXTools/calendar.png HTTP/1.1" 200 1306
201.214.54.176 - - [16/Mar/2016:12:46:23 -0300] "GET /cormun/static/Resources/PXToolsGridFirst.gif HTTP/1.1" 200 379
201.214.54.176 - - [16/Mar/2016:12:46:23 -0300] "GET /cormun/static/Resources/Spanish/PXTools.css?18502099 HTTP/1.1" 200 89042
201.214.54.176 - - [16/Mar/2016:12:46:23 -0300] "GET /cormun/static/Resources/PXToolsGridPrevious.gif HTTP/1.1" 200 369
201.214.54.176 - - [16/Mar/2016:12:46:23 -0300] "GET /cormun/static/Resources/PXToolsGridNext.gif HTTP/1.1" 200 369
201.214.54.176 - - [16/Mar/2016:12:46:23 -0300] "GET /cormun/static/Resources/PXToolsGridLast.gif HTTP/1.1" 200 370
201.214.54.176 - - [16/Mar/2016:12:46:23 -0300] "GET /cormun/static/Resources/PXToolsActionExcel.png HTTP/1.1" 200 3187
201.214.54.176 - - [16/Mar/2016:12:46:23 -0300] "GET /cormun/static/Shared/ext/resources/css/ext-all.css?215870 HTTP/1.1" 200 416045
201.214.54.176 - - [16/Mar/2016:12:46:23 -0300] "GET /cormun/static/Resources/PXToolsGridNew.png HTTP/1.1" 200 2949
201.214.54.176 - - [16/Mar/2016:12:46:23 -0300] "GET /cormun/static/Resources/asc.gif HTTP/1.1" 200 67
201.214.54.176 - - [16/Mar/2016:12:46:23 -0300] "GET /cormun/static/Resources/desc.gif HTTP/1.1" 200 65
201.214.54.176 - - [16/Mar/2016:12:46:23 -0300] "GET /cormun/servlet/trsolicitudot? HTTP/1.1" 200 6174
201.214.54.176 - - [16/Mar/2016:12:46:23 -0300] "GET /cormun/static/Shared/ext/resources/themes/images/default/panel/bg-headersPanel.png HTTP/1.1" 200 255
201.214.54.176 - - [16/Mar/2016:12:46:23 -0300] "GET /cormun/static/Shared/ext/resources/themes/images/default/tools/tool-sprites.gif HTTP/1.1" 200 5434
186.78.51.154 - - [16/Mar/2016:12:46:24 -0300] "POST /cormun/servlet/solicitudot?a8d36153533a7c2ef4150865b056782f,DLT,2016,501,,gx-no-cache=1458146865940 HTTP/1.1" 200 9389
186.78.51.154 - - [16/Mar/2016:12:46:28 -0300] "GET /cormun/servlet/trsolicitudot? HTTP/1.1" 200 7880
186.78.51.154 - - [16/Mar/2016:12:46:28 -0300] "GET /cormun/servlet/trsolicitudot? HTTP/1.1" 200 7876
201.214.54.176 - - [16/Mar/2016:12:46:31 -0300] "POST /cormun/servlet/trsolicitudot?7cd40049f1579260df6e6a4907bc158f,,gx-no-cache=1458143212302 HTTP/1.1" 200 3498
201.214.54.176 - - [16/Mar/2016:12:46:31 -0300] "POST /cormun/servlet/trsolicitudot?7cd40049f1579260df6e6a4907bc158f,,gx-no-cache=1458143212470 HTTP/1.1" 200 3499
186.78.51.154 - - [16/Mar/2016:12:46:34 -0300] "POST /cormun/servlet/trsolicitudot?a8d36153533a7c2ef4150865b056782f,,gx-no-cache=1458146875615 HTTP/1.1" 200 5299
186.78.51.154 - - [16/Mar/2016:12:46:34 -0300] "POST /cormun/servlet/trsolicitudot?a8d36153533a7c2ef4150865b056782f,,gx-no-cache=1458146876036 HTTP/1.1" 200 5298
186.78.51.154 - - [16/Mar/2016:12:46:35 -0300] "POST /cormun/servlet/trsolicitudot?a8d36153533a7c2ef4150865b056782f,,gx-no-cache=1458146876440 HTTP/1.1" 200 5299
186.78.51.154 - - [16/Mar/2016:12:46:35 -0300] "POST /cormun/servlet/trsolicitudot?a8d36153533a7c2ef4150865b056782f,,gx-no-cache=1458146876990 HTTP/1.1" 200 5299
186.78.51.154 - - [16/Mar/2016:12:46:36 -0300] "POST /cormun/servlet/trsolicitudot?a8d36153533a7c2ef4150865b056782f,,gx-no-cache=1458146877459 HTTP/1.1" 200 5298
186.78.51.154 - - [16/Mar/2016:12:46:36 -0300] "POST /cormun/servlet/trsolicitudot?a8d36153533a7c2ef4150865b056782f,,gx-no-cache=1458146878025 HTTP/1.1" 200 5299
186.78.51.154 - - [16/Mar/2016:12:46:37 -0300] "POST /cormun/servlet/trsolicitudot?a8d36153533a7c2ef4150865b056782f,,gx-no-cache=1458146878455 HTTP/1.1" 200 5299
186.78.51.154 - - [16/Mar/2016:12:46:37 -0300] "POST /cormun/servlet/trsolicitudot?a8d36153533a7c2ef4150865b056782f,,gx-no-cache=1458146878948 HTTP/1.1" 200 105
186.78.51.154 - - [16/Mar/2016:12:46:37 -0300] "GET /cormun/servlet/solicitudot?DLT,2016,339, HTTP/1.1" 200 8468
186.78.51.154 - - [16/Mar/2016:12:46:38 -0300] "GET /cormun/servlet/solicitudot?DLT,2016,339, HTTP/1.1" 200 8477
186.103.157.98 - - [16/Mar/2016:12:46:42 -0300] "GET /cormun/servlet/solicitudotadjuntos?2e5dcab6a456341bd6bbdc345b378083cf2da6e79bf2533203a52a7d3272037a,gx-no-cache=1458143229868 HTTP/1.1" 200 30
186.103.157.98 - - [16/Mar/2016:12:46:42 -0300] "GET /cormun/servlet/solicitudotadjuntos?2e5dcab6a456341bd6bbdc345b378083cf2da6e79bf2533203a52a7d3272037a,gx-no-cache=1458143229974 HTTP/1.1" 200 30
201.214.54.176 - - [16/Mar/2016:12:46:43 -0300] "POST /cormun/servlet/trsolicitudot?7cd40049f1579260df6e6a4907bc158f,,gx-no-cache=1458143224167 HTTP/1.1" 200 3501
201.214.54.176 - - [16/Mar/2016:12:46:43 -0300] "POST /cormun/servlet/trsolicitudot?7cd40049f1579260df6e6a4907bc158f,,gx-no-cache=1458143224314 HTTP/1.1" 200 3500
186.103.157.98 - - [16/Mar/2016:12:46:45 -0300] "POST /cormun/servlet/solicitudotadjuntos?dce974c9d08436c4bced33bf616d9019,INS,2016,933,,1, HTTP/1.1" 200 116
186.103.157.98 - - [16/Mar/2016:12:46:45 -0300] "GET /cormun/servlet/hpexe_return? HTTP/1.1" 200 1023
186.103.157.98 - - [16/Mar/2016:12:46:47 -0300] "GET /cormun/servlet/trsolicitudadjuntos?2016,933, HTTP/1.1" 200 7884
186.103.157.98 - - [16/Mar/2016:12:46:48 -0300] "GET /cormun/servlet/trsolicitudadjuntos?2016,933, HTTP/1.1" 200 7881
201.214.54.176 - - [16/Mar/2016:12:46:50 -0300] "POST /cormun/servlet/trsolicitudot?7cd40049f1579260df6e6a4907bc158f,,gx-no-cache=1458143230951 HTTP/1.1" 200 3501
186.103.157.98 - - [16/Mar/2016:12:46:52 -0300] "GET /cormun/PublicTempStorage/cotizaciones_afp_%281%294125113.pdf HTTP/1.1" 206 1885548
201.214.54.176 - - [16/Mar/2016:12:46:54 -0300] "GET /cormun/servlet/trsolicitudot?c9b32e5e7687527d1f553567ada34e30e2145e806d17bf5c7904583e332e641968750561369ae9ffb318a7c5fce3e9cad5a6822fd2f4b98dee1c2afaeb395f18927926d2cf6d892cd385f806db5e64f0167d148162b65428d4e4c9a36efe9bb5,gx-no-cache=1458143235537 HTTP/1.1" 200 761
186.78.51.154 - - [16/Mar/2016:12:46:57 -0300] "POST /cormun/servlet/solicitudot?a8d36153533a7c2ef4150865b056782f,DLT,2016,339,,gx-no-cache=1458146898582 HTTP/1.1" 200 9405
186.78.51.154 - - [16/Mar/2016:12:47:02 -0300] "POST /cormun/servlet/solicitudot?a8d36153533a7c2ef4150865b056782f,DLT,2016,339,,gx-no-cache=1458146903887 HTTP/1.1" 200 93
186.78.51.154 - - [16/Mar/2016:12:47:02 -0300] "GET /cormun/servlet/hpexe_return? HTTP/1.1" 200 1012
186.78.51.154 - - [16/Mar/2016:12:47:02 -0300] "GET /cormun/servlet/trsolicitudot? HTTP/1.1" 200 7880
186.78.51.154 - - [16/Mar/2016:12:47:03 -0300] "GET /cormun/servlet/trsolicitudot? HTTP/1.1" 200 7876
201.214.54.176 - - [16/Mar/2016:12:47:09 -0300] "GET /cormun/servlet/trsolicitudot?c9b32e5e7687527d1f553567ada34e30c0b8d16f83b94a0a6ce2f726a3032cef2f473ef3415e3909d29f1da7d8507577e27e2267ceaafb049451dca6c4a9185ff53f740d5fdeb5627a0655d27ab710349c1c55d581a3429ff1c0a667665585d4,gx-no-cache=1458143250748 HTTP/1.1" 200 761
186.103.158.250 - - [16/Mar/2016:12:47:23 -0300] "POST /cormun/servlet/solicitudot?92df9df36b46705b016a033dfea24681,INS,0,0,,gx-no-cache=1458146784286 HTTP/1.1" 200 93
186.103.158.250 - - [16/Mar/2016:12:47:23 -0300] "GET /cormun/servlet/hpexe_return? HTTP/1.1" 200 1005
186.103.158.250 - - [16/Mar/2016:12:47:23 -0300] "GET /cormun/static/hpexe_return.js?2015111312145056 HTTP/1.1" 200 1633
186.103.158.250 - - [16/Mar/2016:12:47:23 -0300] "GET /cormun/static/gxcfg.js?2015111312145050 HTTP/1.1" 200 953
186.103.158.250 - - [16/Mar/2016:12:47:23 -0300] "GET /cormun/static/Resources/Spanish/PXTools.css?12112540 HTTP/1.1" 200 89042
186.103.158.250 - - [16/Mar/2016:12:47:24 -0300] "GET /cormun/servlet/trsolicitudot? HTTP/1.1" 200 7463
201.214.54.176 - - [16/Mar/2016:12:47:24 -0300] "GET /cormun/servlet/trsolicitudot?c9b32e5e7687527d1f553567ada34e30c98c7b8383aad3d094a3d0a37de4471c3d86c2a6cec511f3e8bcfa3e0aecbcaeca1b3635820fbd22122c9d97efdaeacf6556bb1a1ec785aa4f1f4f7277f9373d41b1f0fd101abbf871c13494a04c1289,gx-no-cache=1458143265751 HTTP/1.1" 200 761
186.103.158.250 - - [16/Mar/2016:12:47:25 -0300] "GET /cormun//static/Resources/PXToolsActionView.png HTTP/1.1" 200 2995
186.103.158.250 - - [16/Mar/2016:12:47:25 -0300] "GET /cormun//static/Resources/PXToolsGridUpdate.png HTTP/1.1" 200 2984
186.103.158.250 - - [16/Mar/2016:12:47:25 -0300] "GET /cormun//static/Resources/PXToolsGridDelete.png HTTP/1.1" 200 357
186.103.158.250 - - [16/Mar/2016:12:47:25 -0300] "GET /cormun//static/Resources/PXTools/ActionInsert.png HTTP/1.1" 200 1482
186.103.158.250 - - [16/Mar/2016:12:47:25 -0300] "GET /cormun//static/Resources/PXToolsRemoveAllAction.png HTTP/1.1" 200 3558
186.78.51.154 - - [16/Mar/2016:12:47:25 -0300] "POST /cormun/servlet/trsolicitudot?a8d36153533a7c2ef4150865b056782f,,gx-no-cache=1458146926896 HTTP/1.1" 200 5298
186.78.51.154 - - [16/Mar/2016:12:47:26 -0300] "POST /cormun/servlet/trsolicitudot?a8d36153533a7c2ef4150865b056782f,,gx-no-cache=1458146927324 HTTP/1.1" 200 5298
186.78.51.154 - - [16/Mar/2016:12:47:26 -0300] "POST /cormun/servlet/trsolicitudot?a8d36153533a7c2ef4150865b056782f,,gx-no-cache=1458146927711 HTTP/1.1" 200 5298
186.78.51.154 - - [16/Mar/2016:12:47:26 -0300] "POST /cormun/servlet/trsolicitudot?a8d36153533a7c2ef4150865b056782f,,gx-no-cache=1458146928102 HTTP/1.1" 200 5298
186.78.51.154 - - [16/Mar/2016:12:47:27 -0300] "POST /cormun/servlet/trsolicitudot?a8d36153533a7c2ef4150865b056782f,,gx-no-cache=1458146928496 HTTP/1.1" 200 5298
186.78.51.154 - - [16/Mar/2016:12:47:27 -0300] "POST /cormun/servlet/trsolicitudot?a8d36153533a7c2ef4150865b056782f,,gx-no-cache=1458146928959 HTTP/1.1" 200 5298
186.78.51.154 - - [16/Mar/2016:12:47:31 -0300] "GET /cormun/servlet/trsolicitudot?fa7b8961c78200cb4706bdb054f30ab7433d895b8631fd979ced560871d21bb49868d38a362571b9db4dda45103fca552c2129591da0fc336de99fbce53afc536ceb0e07df90843c8b202307509c374f798cb61470e46ae74831ec6f766f04fa197b70396115cdbd3975de4e7c4adcd6,gx-no-cache=1458146932829 HTTP/1.1" 200 2647
186.78.51.154 - - [16/Mar/2016:12:47:31 -0300] "POST /cormun/servlet/trsolicitudot?a8d36153533a7c2ef4150865b056782f,,gx-no-cache=1458146933029 HTTP/1.1" 200 3499
186.78.51.154 - - [16/Mar/2016:12:47:34 -0300] "POST /cormun/servlet/trsolicitudot?a8d36153533a7c2ef4150865b056782f,,gx-no-cache=1458146935396 HTTP/1.1" 200 3500
201.214.54.176 - - [16/Mar/2016:12:47:34 -0300] "GET /cormun/servlet/trsolicitudot?c9b32e5e7687527d1f553567ada34e30c98c7b8383aad3d094a3d0a37de4471ca44c7becaff63a7173d416c1ffbc56d3fd17916a9582a07c8e48b2f44ea70accd8aaf000f4039964474256ce79cf37c2a7412e888812479570dfc6c37bf132c0,gx-no-cache=1458143275262 HTTP/1.1" 200 761
201.214.54.176 - - [16/Mar/2016:12:47:35 -0300] "GET /cormun/servlet/trsolicitudot?c9b32e5e7687527d1f553567ada34e3080193ed428b4336f3586410d630bb1ec2cc181079d123023f84cf9192e54fb79d5a6822fd2f4b98dee1c2afaeb395f18927926d2cf6d892cd385f806db5e64f0167d148162b65428d4e4c9a36efe9bb5,gx-no-cache=1458143275880 HTTP/1.1" 200 761
201.214.54.176 - - [16/Mar/2016:12:47:35 -0300] "GET /cormun/servlet/trsolicitudot?c9b32e5e7687527d1f553567ada34e30c392983e6d333945d2af34f2a18e469490f16045acacc82ff6e95ebfe0bcd44287474fdfec30f99420d1e840b458e3c5e86fbd243374b72e6d3594d58cbd00f727f4f2045133f1e5297aa28de74430e7,gx-no-cache=1458143276536 HTTP/1.1" 200 761
186.78.51.154 - - [16/Mar/2016:12:47:36 -0300] "GET /cormun/servlet/solicitudot?INS,0,0, HTTP/1.1" 200 11448
201.214.54.176 - - [16/Mar/2016:12:47:36 -0300] "GET /cormun/servlet/trsolicitudot?c9b32e5e7687527d1f553567ada34e3089ba5f1ae335a8f68aace046ee148e112f473ef3415e3909d29f1da7d8507577e27e2267ceaafb049451dca6c4a9185ff53f740d5fdeb5627a0655d27ab710349c1c55d581a3429ff1c0a667665585d4,gx-no-cache=1458143277483 HTTP/1.1" 200 761
186.78.51.154 - - [16/Mar/2016:12:47:37 -0300] "GET /cormun/servlet/solicitudot?INS,0,0, HTTP/1.1" 200 11453
201.214.54.176 - - [16/Mar/2016:12:47:37 -0300] "GET /cormun/servlet/trsolicitudot?c9b32e5e7687527d1f553567ada34e3089ba5f1ae335a8f68aace046ee148e11229d678cf56c1a1bce1b915c9d3b63789becd9bf4bf65894bb637ba6a21843767d0d2885b2e187d93ba179f23f01b36078b60d5928c317687780bf3d336cce03,gx-no-cache=1458143278400 HTTP/1.1" 200 761
186.103.158.250 - - [16/Mar/2016:12:47:38 -0300] "POST /cormun/servlet/trsolicitudot?92df9df36b46705b016a033dfea24681,,gx-no-cache=1458146798958 HTTP/1.1" 200 4902
186.103.158.250 - - [16/Mar/2016:12:47:38 -0300] "POST /cormun/servlet/trsolicitudot?92df9df36b46705b016a033dfea24681,,gx-no-cache=1458146799733 HTTP/1.1" 200 4901
186.103.158.250 - - [16/Mar/2016:12:47:39 -0300] "POST /cormun/servlet/trsolicitudot?92df9df36b46705b016a033dfea24681,,gx-no-cache=1458146800396 HTTP/1.1" 200 4901
186.103.158.250 - - [16/Mar/2016:12:47:40 -0300] "POST /cormun/servlet/trsolicitudot?92df9df36b46705b016a033dfea24681,,gx-no-cache=1458146801303 HTTP/1.1" 200 4901
186.103.158.250 - - [16/Mar/2016:12:47:41 -0300] "POST /cormun/servlet/trsolicitudot?92df9df36b46705b016a033dfea24681,,gx-no-cache=1458146802353 HTTP/1.1" 200 4901
186.78.51.154 - - [16/Mar/2016:12:47:41 -0300] "GET /cormun/servlet/hlogin HTTP/1.1" 200 1740
186.103.158.250 - - [16/Mar/2016:12:47:42 -0300] "POST /cormun/servlet/trsolicitudot?92df9df36b46705b016a033dfea24681,,gx-no-cache=1458146803558 HTTP/1.1" 200 4901
201.214.54.176 - - [16/Mar/2016:12:47:42 -0300] "GET /cormun/servlet/trsolicitudot?c9b32e5e7687527d1f553567ada34e306cec210fe4ebf2bb974d6979a616216c22e26f91ab10c1f78ea723773909abe8664bfd04780f1f7c895cce3ea29d91c6064710194271784719de8dde0512c058280080032ba3e4c1e86f47939458c673,gx-no-cache=1458143283712 HTTP/1.1" 200 761
201.214.54.176 - - [16/Mar/2016:12:47:43 -0300] "GET /cormun/servlet/trsolicitudot?c9b32e5e7687527d1f553567ada34e30c392983e6d333945d2af34f2a18e469490f16045acacc82ff6e95ebfe0bcd44287474fdfec30f99420d1e840b458e3c5e86fbd243374b72e6d3594d58cbd00f727f4f2045133f1e5297aa28de74430e7,gx-no-cache=1458143284220 HTTP/1.1" 200 761
186.103.158.250 - - [16/Mar/2016:12:47:43 -0300] "POST /cormun/servlet/trsolicitudot?92df9df36b46705b016a033dfea24681,,gx-no-cache=1458146804969 HTTP/1.1" 200 4901
201.214.54.176 - - [16/Mar/2016:12:47:44 -0300] "GET /cormun/servlet/trsolicitudot?c9b32e5e7687527d1f553567ada34e3039d59a48c8a163d30d9df2133bc05fcc22e26f91ab10c1f78ea723773909abe8664bfd04780f1f7c895cce3ea29d91c6064710194271784719de8dde0512c058280080032ba3e4c1e86f47939458c673,gx-no-cache=1458143285199 HTTP/1.1" 200 761
201.214.54.176 - - [16/Mar/2016:12:47:45 -0300] "GET /cormun/servlet/trsolicitudot?c9b32e5e7687527d1f553567ada34e3092d603a1b375480b5d6fb56bb934ea14d97c226d4373334a82a83166b7561416ca1b3635820fbd22122c9d97efdaeacf6556bb1a1ec785aa4f1f4f7277f9373d41b1f0fd101abbf871c13494a04c1289,gx-no-cache=1458143285908 HTTP/1.1" 200 761
201.214.54.176 - - [16/Mar/2016:12:47:47 -0300] "GET /cormun/servlet/trsolicitudot?c9b32e5e7687527d1f553567ada34e3092d603a1b375480b5d6fb56bb934ea14b23ec97caa47f665702fcf604e856c0bb755078771b26fefcacd8d3640ce7ede08dac789ce0a0952ac3b3a11ef7d9a33f92d8bf1d57d3c81223374d7879f5d89,gx-no-cache=1458143288379 HTTP/1.1" 200 761
201.214.54.176 - - [16/Mar/2016:12:47:48 -0300] "GET /cormun/servlet/trsolicitudot?c9b32e5e7687527d1f553567ada34e306bc061a63d42818d4b5ddf72362173cf1bb19f5ada45f8c62601649e2347d74587474fdfec30f99420d1e840b458e3c5e86fbd243374b72e6d3594d58cbd00f727f4f2045133f1e5297aa28de74430e7,gx-no-cache=1458143289563 HTTP/1.1" 200 761
201.214.54.176 - - [16/Mar/2016:12:47:49 -0300] "GET /cormun/servlet/trsolicitudot?c9b32e5e7687527d1f553567ada34e306bc061a63d42818d4b5ddf72362173cf420feee0ce021f7359def803d08dd0c0664bfd04780f1f7c895cce3ea29d91c6064710194271784719de8dde0512c058280080032ba3e4c1e86f47939458c673,gx-no-cache=1458143290067 HTTP/1.1" 200 761
186.103.158.250 - - [16/Mar/2016:12:47:53 -0300] "POST /cormun/servlet/trsolicitudot?92df9df36b46705b016a033dfea24681,,gx-no-cache=1458146806493 HTTP/1.1" 200 3602
186.103.158.250 - - [16/Mar/2016:12:47:55 -0300] "POST /cormun/servlet/trsolicitudot?92df9df36b46705b016a033dfea24681,,gx-no-cache=1458146816179 HTTP/1.1" 200 3461
186.103.158.250 - - [16/Mar/2016:12:47:56 -0300] "GET /cormun/static/Shared/jqueryui/images/ui-icons_82798d_256x240.png HTTP/1.1" 404 1089
186.103.158.250 - - [16/Mar/2016:12:47:56 -0300] "GET /cormun/static/Shared/jqueryui/images/ui-bg_highlight-soft_100_c6c2c8_1x100.png HTTP/1.1" 404 1117
186.103.158.250 - - [16/Mar/2016:12:47:56 -0300] "GET /cormun/static/Shared/jqueryui/images/ui-bg_flat_55_fafafa_40x100.png HTTP/1.1" 404 1097
186.103.158.250 - - [16/Mar/2016:12:47:56 -0300] "GET /cormun/static/Shared/jqueryui/images/ui-icons_8d78a5_256x240.png HTTP/1.1" 404 1089
186.103.158.250 - - [16/Mar/2016:12:48:05 -0300] "GET /cormun/static/menuarrow.gif HTTP/1.1" 404 1015
201.214.54.176 - - [16/Mar/2016:12:48:10 -0300] "GET /cormun/servlet/trsolicitudot?c9b32e5e7687527d1f553567ada34e306bc061a63d42818d4b5ddf72362173cfe8de609873c41e93965e46d37c8d8e21664bfd04780f1f7c895cce3ea29d91c6064710194271784719de8dde0512c058280080032ba3e4c1e86f47939458c673,gx-no-cache=1458143310990 HTTP/1.1" 200 761
186.103.158.250 - - [16/Mar/2016:12:48:10 -0300] "GET /cormun/servlet/solicitudot?INS,0,0, HTTP/1.1" 200 11423
201.214.54.176 - - [16/Mar/2016:12:48:27 -0300] "GET /cormun/servlet/trsolicitudot?c9b32e5e7687527d1f553567ada34e30c0b8d16f83b94a0a6ce2f726a3032cef2f473ef3415e3909d29f1da7d8507577e27e2267ceaafb049451dca6c4a9185ff53f740d5fdeb5627a0655d27ab710349c1c55d581a3429ff1c0a667665585d4,gx-no-cache=1458143328539 HTTP/1.1" 200 761
201.214.54.176 - - [16/Mar/2016:12:48:42 -0300] "GET /cormun/servlet/trsolicitudot?c9b32e5e7687527d1f553567ada34e30c0b8d16f83b94a0a6ce2f726a3032cef2f473ef3415e3909d29f1da7d8507577e27e2267ceaafb049451dca6c4a9185ff53f740d5fdeb5627a0655d27ab710349c1c55d581a3429ff1c0a667665585d4,gx-no-cache=1458143342842 HTTP/1.1" 200 761
201.214.54.176 - - [16/Mar/2016:12:48:58 -0300] "GET /cormun/servlet/trsolicitudot?c9b32e5e7687527d1f553567ada34e30c0b8d16f83b94a0a6ce2f726a3032cef2f473ef3415e3909d29f1da7d8507577e27e2267ceaafb049451dca6c4a9185ff53f740d5fdeb5627a0655d27ab710349c1c55d581a3429ff1c0a667665585d4,gx-no-cache=1458143358791 HTTP/1.1" 200 761
186.103.158.250 - - [16/Mar/2016:12:49:17 -0300] "POST /cormun/servlet/solicitudot?gx-no-cache=1458146898090 HTTP/1.1" 200 2668
186.103.158.250 - - [16/Mar/2016:12:49:17 -0300] "POST /cormun/servlet/solicitudot?92df9df36b46705b016a033dfea24681,INS,0,0,,gx-no-cache=1458146898560 HTTP/1.1" 200 8258
186.103.158.250 - - [16/Mar/2016:12:49:17 -0300] "GET /cormun/servlet/solicitudot?7d755deef558d23036f341047293bfc6617ef57e91d01faeb3e87362116a9a75,gx-no-cache=1458146899047 HTTP/1.1" 200 111
186.103.158.250 - - [16/Mar/2016:12:49:18 -0300] "GET /cormun/static/Shared/jqueryui/images/ui-icons_82798d_256x240.png HTTP/1.1" 404 1089
186.103.158.250 - - [16/Mar/2016:12:49:18 -0300] "GET /cormun/static/Shared/jqueryui/images/ui-bg_highlight-soft_100_c6c2c8_1x100.png HTTP/1.1" 404 1117
186.103.158.250 - - [16/Mar/2016:12:49:18 -0300] "GET /cormun/static/Shared/jqueryui/images/ui-bg_flat_55_994d53_40x100.png HTTP/1.1" 404 1097
186.103.158.250 - - [16/Mar/2016:12:49:18 -0300] "GET /cormun/static/Shared/jqueryui/images/ui-icons_ebccce_256x240.png HTTP/1.1" 404 1089
201.214.54.176 - - [16/Mar/2016:12:49:52 -0300] "GET /cormun/servlet/trsolicitudot? HTTP/1.1" 200 6178
201.214.54.176 - - [16/Mar/2016:12:49:53 -0300] "GET /cormun/servlet/trsolicitudot? HTTP/1.1" 200 6178
191.112.114.96 - - [16/Mar/2016:12:50:29 -0300] "GET /cormun/servlet/hlogin HTTP/1.1" 200 1716
201.214.54.176 - - [16/Mar/2016:12:50:30 -0300] "POST /cormun/servlet/trsolicitudot?7cd40049f1579260df6e6a4907bc158f,,gx-no-cache=1458143450956 HTTP/1.1" 200 3501
201.214.54.176 - - [16/Mar/2016:12:50:44 -0300] "GET /cormun/servlet/trsolicitudot?c9b32e5e7687527d1f553567ada34e30c0b8d16f83b94a0a6ce2f726a3032cef2f473ef3415e3909d29f1da7d8507577e27e2267ceaafb049451dca6c4a9185ff53f740d5fdeb5627a0655d27ab710349c1c55d581a3429ff1c0a667665585d4,gx-no-cache=1458143465027 HTTP/1.1" 200 761
201.214.54.176 - - [16/Mar/2016:12:51:00 -0300] "GET /cormun/servlet/trsolicitudot?c9b32e5e7687527d1f553567ada34e30c0b8d16f83b94a0a6ce2f726a3032cef2f473ef3415e3909d29f1da7d8507577e27e2267ceaafb049451dca6c4a9185ff53f740d5fdeb5627a0655d27ab710349c1c55d581a3429ff1c0a667665585d4,gx-no-cache=1458143481405 HTTP/1.1" 200 761
201.214.54.176 - - [16/Mar/2016:12:51:11 -0300] "GET /cormun/servlet/solicitudot?INS,0,0, HTTP/1.1" 200 11433
201.214.54.176 - - [16/Mar/2016:12:51:11 -0300] "GET /cormun/static/Resources/prompt.gif HTTP/1.1" 200 902
201.214.54.176 - - [16/Mar/2016:12:51:11 -0300] "GET /cormun/static/gxcfg.js?20163219435133 HTTP/1.1" 200 953
201.214.54.176 - - [16/Mar/2016:12:51:11 -0300] "GET /cormun/static/Resources/Spanish/PXTools.css?1944839 HTTP/1.1" 200 89042
201.214.54.176 - - [16/Mar/2016:12:51:11 -0300] "GET /cormun/static/solicitudot.js?20163219435183 HTTP/1.1" 200 44151
201.214.54.176 - - [16/Mar/2016:12:51:11 -0300] "GET /cormun/servlet/solicitudot?INS,0,0, HTTP/1.1" 200 11438
201.214.54.176 - - [16/Mar/2016:12:51:27 -0300] "GET /cormun/static/Resources/resize.gif HTTP/1.1" 200 77
201.214.54.176 - - [16/Mar/2016:12:51:27 -0300] "GET /cormun/servlet/prfichaempleado?,MD,,gxPopupLevel%3D0%3B HTTP/1.1" 200 7865
201.214.54.176 - - [16/Mar/2016:12:51:27 -0300] "GET /cormun/static/gxui/gxui-all.css?1917420 HTTP/1.1" 200 2179
201.214.54.176 - - [16/Mar/2016:12:51:27 -0300] "GET /cormun/static/scaMessage/css/jquery-ui.css?104140 HTTP/1.1" 404 1045
201.214.54.176 - - [16/Mar/2016:12:51:27 -0300] "GET /cormun/static/gxcfg.js?201511151625694 HTTP/1.1" 200 953
201.214.54.176 - - [16/Mar/2016:12:51:27 -0300] "GET /cormun/static/prfichaempleado.js?201511151625857 HTTP/1.1" 200 14240
201.214.54.176 - - [16/Mar/2016:12:51:27 -0300] "GET /cormun/static/menusearch.js?20163219454787 HTTP/1.1" 200 1424
201.214.54.176 - - [16/Mar/2016:12:51:27 -0300] "GET /cormun/static/Resources/Spanish/PXTools.css?16184758 HTTP/1.1" 200 89042
201.214.54.176 - - [16/Mar/2016:12:51:27 -0300] "GET /cormun/static/hmpwkw01.js?201511211495945 HTTP/1.1" 200 2037
201.214.54.176 - - [16/Mar/2016:12:51:27 -0300] "GET /cormun/static/Resources/PXToolsMenuSearch.png HTTP/1.1" 200 2914
201.214.54.176 - - [16/Mar/2016:12:51:27 -0300] "GET /cormun/static/Resources/PXToolsMenuSearchCancel.png HTTP/1.1" 200 2972
201.214.54.176 - - [16/Mar/2016:12:51:27 -0300] "GET /cormun/static/Shared/jqueryui/jquery-ui.min-1.8.js HTTP/1.1" 200 213511
201.214.54.176 - - [16/Mar/2016:12:52:06 -0300] "POST /cormun/servlet/solicitudot?gx-no-cache=1458143546977 HTTP/1.1" 200 2668
201.214.54.176 - - [16/Mar/2016:12:52:06 -0300] "POST /cormun/servlet/solicitudot?7cd40049f1579260df6e6a4907bc158f,INS,0,0,,gx-no-cache=1458143547234 HTTP/1.1" 200 8295
201.214.54.176 - - [16/Mar/2016:12:52:06 -0300] "GET /cormun/servlet/solicitudot?8ff8f5a593e449299a7f50f3a59e284730a37307e88a3f21c6104ae79e20efa2167d148162b65428d4e4c9a36efe9bb5,gx-no-cache=1458143547390 HTTP/1.1" 200 111
201.214.54.176 - - [16/Mar/2016:12:52:06 -0300] "GET /cormun/static/Shared/jqueryui/images/ui-bg_highlight-soft_100_c6c2c8_1x100.png HTTP/1.1" 404 1117
201.214.54.176 - - [16/Mar/2016:12:52:06 -0300] "GET /cormun/static/Shared/jqueryui/images/ui-icons_82798d_256x240.png HTTP/1.1" 404 1089
201.214.54.176 - - [16/Mar/2016:12:52:06 -0300] "GET /cormun/static/Shared/jqueryui/images/ui-bg_flat_55_994d53_40x100.png HTTP/1.1" 404 1097
201.214.54.176 - - [16/Mar/2016:12:52:06 -0300] "GET /cormun/static/Shared/jqueryui/images/ui-icons_ebccce_256x240.png HTTP/1.1" 404 1089
201.214.54.176 - - [16/Mar/2016:12:52:11 -0300] "GET /cormun/servlet/solicitudot?8ff8f5a593e449299a7f50f3a59e28473494ccaf26fe3bbe8bface8b8e10134e27f4f2045133f1e5297aa28de74430e7,gx-no-cache=1458143552770 HTTP/1.1" 200 30
192.168.10.89 - - [16/Mar/2016:12:52:58 -0300] "GET /cormun/servlet/hlogin HTTP/1.1" 200 1738
192.168.10.89 - - [16/Mar/2016:12:53:23 -0300] "POST /cormun/servlet/hlogin?73200b4dcd213a7743cc7d4a4decccc9,gx-no-cache=1458143351037 HTTP/1.1" 200 456
192.168.10.89 - - [16/Mar/2016:12:53:44 -0300] "POST /cormun/servlet/hlogin?73200b4dcd213a7743cc7d4a4decccc9,gx-no-cache=1458143372164 HTTP/1.1" 200 90
192.168.10.89 - - [16/Mar/2016:12:53:44 -0300] "GET /cormun/servlet/hpexe_link HTTP/1.1" 200 952
192.168.10.89 - - [16/Mar/2016:12:53:46 -0300] "GET /cormun/servlet/hhome HTTP/1.1" 200 3487
186.103.158.250 - - [16/Mar/2016:12:53:52 -0300] "POST /cormun/servlet/solicitudot?gx-no-cache=1458147172979 HTTP/1.1" 200 2757
186.103.158.250 - - [16/Mar/2016:12:53:52 -0300] "POST /cormun/servlet/solicitudot?92df9df36b46705b016a033dfea24681,INS,0,0,,gx-no-cache=1458147173482 HTTP/1.1" 200 8434
192.168.10.89 - - [16/Mar/2016:12:53:59 -0300] "GET /cormun/servlet/trsolicitudot? HTTP/1.1" 200 6246
192.168.10.89 - - [16/Mar/2016:12:54:01 -0300] "GET /cormun/static/menuarrow.gif HTTP/1.1" 404 1015
192.168.10.89 - - [16/Mar/2016:12:54:05 -0300] "POST /cormun/servlet/trsolicitudot?73200b4dcd213a7743cc7d4a4decccc9,,gx-no-cache=1458143392505 HTTP/1.1" 200 4945
192.168.10.89 - - [16/Mar/2016:12:54:05 -0300] "POST /cormun/servlet/trsolicitudot?73200b4dcd213a7743cc7d4a4decccc9,,gx-no-cache=1458143392753 HTTP/1.1" 200 4945
192.168.10.89 - - [16/Mar/2016:12:54:05 -0300] "POST /cormun/servlet/trsolicitudot?73200b4dcd213a7743cc7d4a4decccc9,,gx-no-cache=1458143393080 HTTP/1.1" 200 4945
192.168.10.89 - - [16/Mar/2016:12:54:06 -0300] "POST /cormun/servlet/trsolicitudot?73200b4dcd213a7743cc7d4a4decccc9,,gx-no-cache=1458143393439 HTTP/1.1" 200 4945
192.168.10.89 - - [16/Mar/2016:12:54:06 -0300] "POST /cormun/servlet/trsolicitudot?73200b4dcd213a7743cc7d4a4decccc9,,gx-no-cache=1458143393809 HTTP/1.1" 200 4945
192.168.10.89 - - [16/Mar/2016:12:54:06 -0300] "POST /cormun/servlet/trsolicitudot?73200b4dcd213a7743cc7d4a4decccc9,,gx-no-cache=1458143394239 HTTP/1.1" 200 4945
192.168.10.89 - - [16/Mar/2016:12:54:07 -0300] "POST /cormun/servlet/trsolicitudot?73200b4dcd213a7743cc7d4a4decccc9,,gx-no-cache=1458143394720 HTTP/1.1" 200 4945
192.168.10.89 - - [16/Mar/2016:12:54:10 -0300] "POST /cormun/servlet/trsolicitudot?73200b4dcd213a7743cc7d4a4decccc9,,gx-no-cache=1458143395259 HTTP/1.1" 200 4945
186.103.158.250 - - [16/Mar/2016:12:54:11 -0300] "GET /cormun/servlet/solicitudot?7d755deef558d23036f341047293bfc613a762767b108a4861f30e419774d1ef2f74a2f1358995755b1a70fb24d35cb0,gx-no-cache=1458147192981 HTTP/1.1" 200 30
186.103.158.250 - - [16/Mar/2016:12:54:11 -0300] "POST /cormun/servlet/solicitudot?gx-no-cache=1458147193122 HTTP/1.1" 200 30
186.103.158.250 - - [16/Mar/2016:12:54:11 -0300] "POST /cormun/servlet/solicitudot?gx-no-cache=1458147193167 HTTP/1.1" 200 33
201.214.54.176 - - [16/Mar/2016:12:54:12 -0300] "POST /cormun/servlet/solicitudot?gx-no-cache=1458143672788 HTTP/1.1" 200 30
186.103.158.250 - - [16/Mar/2016:12:54:12 -0300] "POST /cormun/servlet/solicitudot?gx-no-cache=1458147193292 HTTP/1.1" 200 1171
186.103.158.250 - - [16/Mar/2016:12:54:12 -0300] "GET /cormun/servlet/solicitudot?7d755deef558d23036f341047293bfc630aa7fb2ab3e5e0bd9ce6ab910b3d7edfd2195daf6887e5eecc8adf11fcf25d2f46aa5851ae8c505eade6d75c700d87e5546dedc3c2d4604f396bdae88b9ef62e5b2dbfe6099fccc260df46841dce46144cfc0daf766a6c258930a7eef758863dd0b7e3340c8bd693fd1d8d3926aee549261d06e105ff6436e77e53e2671d446,gx-no-cache=1458147193853 HTTP/1.1" 200 38
186.103.158.250 - - [16/Mar/2016:12:54:20 -0300] "GET /cormun/servlet/solicitudot?7d755deef558d23036f341047293bfc69eb9e84f7725d33e977a166ecacc5bad9b31c6e54dc19769f011e9b3012d2225da02a5148ee734a59d5a43fcd984c0dcf3ccb9b26b312295004a74daf5675f2c00cddb95267948b8e242f34f895bb2fc71abe51caffa2b853d95aca8e2ad39b8ba1b003d2ab1d890477bce2ee1735b11eaed9f58c5b9e3071459eaf6a4345fcb39cbd7dcaabdad0b177e687f8a594099,gx-no-cache=1458147201449 HTTP/1.1" 200 29
186.103.158.250 - - [16/Mar/2016:12:54:20 -0300] "POST /cormun/servlet/solicitudot?gx-no-cache=1458147201507 HTTP/1.1" 200 1127
186.103.158.250 - - [16/Mar/2016:12:54:20 -0300] "GET /cormun/static/menuarrow.gif HTTP/1.1" 404 1015
201.214.54.176 - - [16/Mar/2016:12:54:22 -0300] "POST /cormun/servlet/solicitudot?gx-no-cache=1458143683761 HTTP/1.1" 200 30
201.214.54.176 - - [16/Mar/2016:12:54:25 -0300] "POST /cormun/servlet/solicitudot?gx-no-cache=1458143685894 HTTP/1.1" 200 452
201.214.54.176 - - [16/Mar/2016:12:54:25 -0300] "GET /cormun/servlet/solicitudot?8ff8f5a593e449299a7f50f3a59e2847d521657a1aedf06a9294cf407774a8a0ef813cdb8485b538a5fba88d344d40a353a9c6b8a8da4ce50825152a343171992c6c8d1e9448e913ed7e969b4a8f98cd64a5be016607b8a641a70174455980a62c596f52c195eb2ab1e72fe722a1a2debb16d0dd7f19d35486a262ded99be4035cab9f91fa02e9effbfe9b1f0c30c89f,gx-no-cache=1458143685975 HTTP/1.1" 200 38
186.103.157.98 - - [16/Mar/2016:12:54:28 -0300] "GET /cormun/servlet/trsolicitudadjuntos?2016,933, HTTP/1.1" 200 7881
186.103.157.98 - - [16/Mar/2016:12:54:30 -0300] "GET /cormun/servlet/trsolicitudadjuntos?2016,933, HTTP/1.1" 200 7882
186.103.157.98 - - [16/Mar/2016:12:54:35 -0300] "GET /cormun/PublicTempStorage/cotizaciones_afp_%281%296896677.pdf HTTP/1.1" 206 1440348
192.168.10.89 - - [16/Mar/2016:12:54:37 -0300] "POST /cormun/servlet/trsolicitudot?73200b4dcd213a7743cc7d4a4decccc9,,gx-no-cache=1458143425123 HTTP/1.1" 200 3644
192.168.10.89 - - [16/Mar/2016:12:54:38 -0300] "POST /cormun/servlet/trsolicitudot?73200b4dcd213a7743cc7d4a4decccc9,,gx-no-cache=1458143425752 HTTP/1.1" 200 3492
192.168.10.89 - - [16/Mar/2016:12:54:39 -0300] "GET /cormun/static/Shared/jqueryui/images/ui-bg_highlight-soft_100_c6c2c8_1x100.png HTTP/1.1" 404 1117
192.168.10.89 - - [16/Mar/2016:12:54:39 -0300] "GET /cormun/static/Shared/jqueryui/images/ui-icons_82798d_256x240.png HTTP/1.1" 404 1089
192.168.10.89 - - [16/Mar/2016:12:54:39 -0300] "GET /cormun/static/Shared/jqueryui/images/ui-bg_flat_55_fafafa_40x100.png HTTP/1.1" 404 1097
192.168.10.89 - - [16/Mar/2016:12:54:39 -0300] "GET /cormun/static/Shared/jqueryui/images/ui-icons_8d78a5_256x240.png HTTP/1.1" 404 1089
201.214.54.176 - - [16/Mar/2016:12:54:56 -0300] "GET /cormun/servlet/solicitudot?8ff8f5a593e449299a7f50f3a59e2847189f4a68578f50faa41751cb4763b07dbb931a473abfa31fc466d3f59f97138523cf14890d693309decb36ef3750a59692b946e65906280410354910fc127bffa41eee8ff1f2cfe1c4183229473f54fe3f8901cedbc56e68e5c861affed3ad98,gx-no-cache=1458143717248 HTTP/1.1" 200 29
186.103.158.250 - - [16/Mar/2016:12:54:56 -0300] "GET /cormun/servlet/solicitudot?7d755deef558d23036f341047293bfc69eb9e84f7725d33e977a166ecacc5bad9b31c6e54dc19769f011e9b3012d2225c9070d03929823a50be2e163ba53050af3ccb9b26b312295004a74daf5675f2c00cddb95267948b8e242f34f895bb2fc71abe51caffa2b853d95aca8e2ad39b8ba1b003d2ab1d890477bce2ee1735b11eaed9f58c5b9e3071459eaf6a4345fcb39cbd7dcaabdad0b177e687f8a594099,gx-no-cache=1458147238143 HTTP/1.1" 200 29
201.214.54.176 - - [16/Mar/2016:12:54:58 -0300] "POST /cormun/servlet/solicitudot?gx-no-cache=1458143719205 HTTP/1.1" 200 1128
192.168.10.89 - - [16/Mar/2016:12:55:15 -0300] "GET /cormun/servlet/trautorizarsolicitud? HTTP/1.1" 200 6197
192.168.10.89 - - [16/Mar/2016:12:55:18 -0300] "GET /cormun/static/menuarrow.gif HTTP/1.1" 404 1015
192.168.10.89 - - [16/Mar/2016:12:55:28 -0300] "POST /cormun/servlet/trautorizarsolicitud?73200b4dcd213a7743cc7d4a4decccc9,,gx-no-cache=1458143476182 HTTP/1.1" 200 5307
192.168.10.89 - - [16/Mar/2016:12:55:29 -0300] "POST /cormun/servlet/trautorizarsolicitud?73200b4dcd213a7743cc7d4a4decccc9,,gx-no-cache=1458143476453 HTTP/1.1" 200 5307
192.168.10.89 - - [16/Mar/2016:12:55:29 -0300] "POST /cormun/servlet/trautorizarsolicitud?73200b4dcd213a7743cc7d4a4decccc9,,gx-no-cache=1458143476807 HTTP/1.1" 200 5307
192.168.10.89 - - [16/Mar/2016:12:55:29 -0300] "POST /cormun/servlet/trautorizarsolicitud?73200b4dcd213a7743cc7d4a4decccc9,,gx-no-cache=1458143477234 HTTP/1.1" 200 5307
192.168.10.89 - - [16/Mar/2016:12:55:30 -0300] "POST /cormun/servlet/trautorizarsolicitud?73200b4dcd213a7743cc7d4a4decccc9,,gx-no-cache=1458143477662 HTTP/1.1" 200 5307
192.168.10.89 - - [16/Mar/2016:12:55:30 -0300] "POST /cormun/servlet/trautorizarsolicitud?73200b4dcd213a7743cc7d4a4decccc9,,gx-no-cache=1458143478146 HTTP/1.1" 200 5306
192.168.10.89 - - [16/Mar/2016:12:55:31 -0300] "POST /cormun/servlet/trautorizarsolicitud?73200b4dcd213a7743cc7d4a4decccc9,,gx-no-cache=1458143478695 HTTP/1.1" 200 5307
192.168.10.89 - - [16/Mar/2016:12:55:34 -0300] "POST /cormun/servlet/trautorizarsolicitud?73200b4dcd213a7743cc7d4a4decccc9,,gx-no-cache=1458143479286 HTTP/1.1" 200 5307
186.103.158.250 - - [16/Mar/2016:12:55:38 -0300] "GET /cormun/servlet/solicitudot?7d755deef558d23036f341047293bfc61be0f32d1c029cf2d42dfdb80ebba70567d4fcd88ae7a5d975d1fef17319208abba0e564b10628d326bfdf7a9bc0897365a451f7bb8a154b6be9a3b1afb765ffd075e47555782f97185cdba50f78e1fdf3fcdc7da87245a63acc47abcd1cfdd22c87a99bbcd46245264806535fb3ab826ab603ced7a92421290a9f76edb245ab2e27cb9fabc6e803fe0f31011112c8a5bd97c9331e1c1379b084a9b87d807aea,gx-no-cache=1458147279935 HTTP/1.1" 200 30
192.168.10.89 - - [16/Mar/2016:12:55:45 -0300] "POST /cormun/servlet/trautorizarsolicitud?73200b4dcd213a7743cc7d4a4decccc9,,gx-no-cache=1458143492756 HTTP/1.1" 200 4959
192.168.10.89 - - [16/Mar/2016:12:55:46 -0300] "POST /cormun/servlet/trautorizarsolicitud?73200b4dcd213a7743cc7d4a4decccc9,,gx-no-cache=1458143493522 HTTP/1.1" 200 4904
192.168.10.89 - - [16/Mar/2016:12:55:46 -0300] "GET /cormun/static/Shared/jqueryui/images/ui-bg_highlight-soft_100_c6c2c8_1x100.png HTTP/1.1" 404 1117
192.168.10.89 - - [16/Mar/2016:12:55:46 -0300] "GET /cormun/static/Shared/jqueryui/images/ui-icons_82798d_256x240.png HTTP/1.1" 404 1089
192.168.10.89 - - [16/Mar/2016:12:55:46 -0300] "GET /cormun/static/Shared/jqueryui/images/ui-bg_flat_55_fafafa_40x100.png HTTP/1.1" 404 1097
192.168.10.89 - - [16/Mar/2016:12:55:46 -0300] "GET /cormun/static/Shared/jqueryui/images/ui-icons_8d78a5_256x240.png HTTP/1.1" 404 1089
201.214.54.176 - - [16/Mar/2016:12:55:50 -0300] "GET /cormun/servlet/solicitudot?8ff8f5a593e449299a7f50f3a59e2847eb684a15294f8720cf2dcc302e8fe7476d288aa7c468ab927d145b79719638068282453117d70a371cca06f7aeef96414753e7016e533b192f93852dc7820e9334a25073c0eb679a23bde9590e8449ccb7f54d5fb270b9ecc7e3eb8648d5b647e358b22fd03b290fd81988393c631836f4e3eb29392531d1a999e1ad867980f42a54abb44646821f58e61e9ce40775b35fd53c8c3680a06cfddeca18c84c8395,gx-no-cache=1458143771718 HTTP/1.1" 200 30
186.103.158.250 - - [16/Mar/2016:12:56:24 -0300] "POST /cormun/servlet/solicitudot?92df9df36b46705b016a033dfea24681,INS,0,0,,gx-no-cache=1458147325343 HTTP/1.1" 200 93
186.103.158.250 - - [16/Mar/2016:12:56:25 -0300] "GET /cormun/servlet/hpexe_return? HTTP/1.1" 200 1005
186.103.158.250 - - [16/Mar/2016:12:56:25 -0300] "GET /cormun/servlet/trsolicitudot? HTTP/1.1" 200 7463
192.168.10.89 - - [16/Mar/2016:12:56:36 -0300] "GET /cormun/servlet/trsolicitudot? HTTP/1.1" 200 6252
192.168.10.89 - - [16/Mar/2016:12:56:44 -0300] "GET /cormun/servlet/solicitudot?INS,0,0, HTTP/1.1" 200 11503
192.168.10.89 - - [16/Mar/2016:12:56:50 -0300] "GET /cormun/servlet/prfichaempleado?,MD,,gxPopupLevel%3D0%3B HTTP/1.1" 200 7936
192.168.10.89 - - [16/Mar/2016:12:56:55 -0300] "GET /cormun/servlet/prfichaempleado?39deff8c75e536061477466371e301365db83189f1401f03c99649198756322a75791113e964da5354f7d95a904367b6bd1d8043a98f9e933c54e34730db315c8b66162cf42f91d6ef140b529528107e,gx-no-cache=1458143562840 HTTP/1.1" 200 468
192.168.10.89 - - [16/Mar/2016:12:56:57 -0300] "GET /cormun/servlet/prfichaempleado?39deff8c75e536061477466371e301365db83189f1401f03c99649198756322adf0eef54bcee73544e6b805536eb5f1f09ad549c1a2286476bf3fcef4f54137938d588108186128c88ba8effd16227ce,gx-no-cache=1458143564370 HTTP/1.1" 200 468
192.168.10.89 - - [16/Mar/2016:12:56:57 -0300] "POST /cormun/servlet/prfichaempleado?73200b4dcd213a7743cc7d4a4decccc9,,MD,,gxPopupLevel%3D0%3B,gx-no-cache=1458143565252 HTTP/1.1" 200 2909
192.168.10.89 - - [16/Mar/2016:12:57:01 -0300] "POST /cormun/servlet/solicitudot?gx-no-cache=1458143568381 HTTP/1.1" 200 2784
192.168.10.89 - - [16/Mar/2016:12:57:01 -0300] "POST /cormun/servlet/solicitudot?73200b4dcd213a7743cc7d4a4decccc9,INS,0,0,,gx-no-cache=1458143568508 HTTP/1.1" 200 8436
192.168.10.89 - - [16/Mar/2016:12:57:04 -0300] "GET /cormun/servlet/solicitudot?66931b010fa1ba4c4ac6bf803e306468b75ddf9f1abe468df4b7f22738ec5e1aeb467bbedac4ae5d6f8e11a5dd5ded2a,gx-no-cache=1458143571637 HTTP/1.1" 200 30
192.168.10.89 - - [16/Mar/2016:12:57:04 -0300] "POST /cormun/servlet/solicitudot?gx-no-cache=1458143571680 HTTP/1.1" 200 30
192.168.10.89 - - [16/Mar/2016:12:57:06 -0300] "POST /cormun/servlet/solicitudot?gx-no-cache=1458143573567 HTTP/1.1" 200 30
192.168.10.89 - - [16/Mar/2016:12:57:09 -0300] "GET /cormun/servlet/prfichaempleado?,MD,,gxPopupLevel%3D0%3B HTTP/1.1" 200 7936
192.168.10.89 - - [16/Mar/2016:12:57:13 -0300] "GET /cormun/servlet/prfichaempleado?39deff8c75e536061477466371e30136a9736f76826ebddf59f23e8a55695bd502f267ae366b6b8b9b9176d7da4811241b3f61cfd892981ed9ae48a89a516e557229f060f1c700f76985dac5399fb431,gx-no-cache=1458143580363 HTTP/1.1" 200 457
192.168.10.89 - - [16/Mar/2016:12:57:13 -0300] "GET /cormun/servlet/prfichaempleado?39deff8c75e536061477466371e30136a9736f76826ebddf59f23e8a55695bd57e2d7d9f47d951a2de8f3b7eda500508192abfaaa271a9c6d8cde0fdb2c6b63d5799ad838c45805ab8334185ac15f3e7,gx-no-cache=1458143581292 HTTP/1.1" 200 458
192.168.10.89 - - [16/Mar/2016:12:57:14 -0300] "POST /cormun/servlet/prfichaempleado?73200b4dcd213a7743cc7d4a4decccc9,,MD,,gxPopupLevel%3D0%3B,gx-no-cache=1458143582185 HTTP/1.1" 200 2949
186.103.158.250 - - [16/Mar/2016:12:57:16 -0300] "POST /cormun/servlet/trsolicitudot?92df9df36b46705b016a033dfea24681,,gx-no-cache=1458147377686 HTTP/1.1" 200 4908
186.103.158.250 - - [16/Mar/2016:12:57:17 -0300] "POST /cormun/servlet/trsolicitudot?92df9df36b46705b016a033dfea24681,,gx-no-cache=1458147378400 HTTP/1.1" 200 4908
186.103.158.250 - - [16/Mar/2016:12:57:17 -0300] "POST /cormun/servlet/trsolicitudot?92df9df36b46705b016a033dfea24681,,gx-no-cache=1458147379055 HTTP/1.1" 200 4907
186.103.158.250 - - [16/Mar/2016:12:57:18 -0300] "POST /cormun/servlet/trsolicitudot?92df9df36b46705b016a033dfea24681,,gx-no-cache=1458147379917 HTTP/1.1" 200 4907
192.168.10.89 - - [16/Mar/2016:12:57:18 -0300] "GET /cormun/servlet/prlicenciaspermisos?7663916,L,,MD,,gxPopupLevel%3D0%3B HTTP/1.1" 200 5765
192.168.10.89 - - [16/Mar/2016:12:57:18 -0300] "GET /cormun/static/gxcfg.js?201616231591 HTTP/1.1" 304 -
192.168.10.89 - - [16/Mar/2016:12:57:19 -0300] "GET /cormun/static/prlicenciaspermisos.js?201616231727 HTTP/1.1" 304 -
186.103.158.250 - - [16/Mar/2016:12:57:19 -0300] "POST /cormun/servlet/trsolicitudot?92df9df36b46705b016a033dfea24681,,gx-no-cache=1458147380912 HTTP/1.1" 200 4908
192.168.10.89 - - [16/Mar/2016:12:57:20 -0300] "POST /cormun/servlet/acontrolpreferencessavestate?None,CKARLABS,true HTTP/1.1" 200 35
186.103.158.250 - - [16/Mar/2016:12:57:20 -0300] "POST /cormun/servlet/trsolicitudot?92df9df36b46705b016a033dfea24681,,gx-no-cache=1458147382061 HTTP/1.1" 200 4908
186.103.158.250 - - [16/Mar/2016:12:57:22 -0300] "POST /cormun/servlet/trsolicitudot?92df9df36b46705b016a033dfea24681,,gx-no-cache=1458147383457 HTTP/1.1" 200 4908
192.168.10.89 - - [16/Mar/2016:12:57:29 -0300] "POST /cormun/servlet/solicitudot?gx-no-cache=1458143597276 HTTP/1.1" 200 1169
186.103.158.250 - - [16/Mar/2016:12:57:31 -0300] "POST /cormun/servlet/trsolicitudot?92df9df36b46705b016a033dfea24681,,gx-no-cache=1458147385024 HTTP/1.1" 200 4908
186.103.158.250 - - [16/Mar/2016:12:57:37 -0300] "POST /cormun/servlet/trsolicitudot?92df9df36b46705b016a033dfea24681,,gx-no-cache=1458147398434 HTTP/1.1" 200 4908
191.112.59.247 - - [16/Mar/2016:12:57:41 -0300] "GET /cormun/servlet/trautorizarsolicitud? HTTP/1.1" 200 5759
191.112.59.247 - - [16/Mar/2016:12:57:41 -0300] "GET /cormun/static/Resources/Spanish/PXTools.css?19444614 HTTP/1.1" 304 -
191.112.59.247 - - [16/Mar/2016:12:57:41 -0300] "GET /cormun/static/Shared/jqueryui/jquery-ui.min.css?1345370 HTTP/1.1" 304 -
191.112.59.247 - - [16/Mar/2016:12:57:41 -0300] "GET /cormun/static/calendar-setup.js?85251 HTTP/1.1" 304 -
191.112.59.247 - - [16/Mar/2016:12:57:41 -0300] "GET /cormun/static/gxcfg.js?20163219504791 HTTP/1.1" 304 -
191.112.59.247 - - [16/Mar/2016:12:57:41 -0300] "GET /cormun/static/gxtimezone.js?85251 HTTP/1.1" 304 -
191.112.59.247 - - [16/Mar/2016:12:57:41 -0300] "GET /cormun/static/calendar.js?85251 HTTP/1.1" 304 -
191.112.59.247 - - [16/Mar/2016:12:57:41 -0300] "GET /cormun/static/messages.spa.js?85251 HTTP/1.1" 304 -
191.112.59.247 - - [16/Mar/2016:12:57:41 -0300] "GET /cormun/static/calendar-es.js?85251 HTTP/1.1" 304 -
191.112.59.247 - - [16/Mar/2016:12:57:41 -0300] "GET /cormun/static/gxdec.js?85251 HTTP/1.1" 304 -
191.112.59.247 - - [16/Mar/2016:12:57:41 -0300] "GET /cormun/static/trautorizarsolicitud.js?20163219505323 HTTP/1.1" 304 -
191.112.59.247 - - [16/Mar/2016:12:57:41 -0300] "GET /cormun/static/hwchdr01.js?20162241650484 HTTP/1.1" 304 -
191.112.59.247 - - [16/Mar/2016:12:57:41 -0300] "GET /cormun/static/hpexe_recentlink.js?2015111312121342 HTTP/1.1" 304 -
191.112.59.247 - - [16/Mar/2016:12:57:42 -0300] "GET /cormun/static/hpexe_scripts.js?20151120014546 HTTP/1.1" 304 -
191.112.59.247 - - [16/Mar/2016:12:57:42 -0300] "GET /cormun/static/hpexe_messagecontroller.js?2015112210524422 HTTP/1.1" 304 -
191.112.59.247 - - [16/Mar/2016:12:57:42 -0300] "GET /cormun/static/hpexe_messagepopupcomponent.js?20163219454551 HTTP/1.1" 304 -
191.112.59.247 - - [16/Mar/2016:12:57:42 -0300] "GET /cormun/static/hpexe_messagegenexuscomponent.js?20151120014314 HTTP/1.1" 304 -
191.112.59.247 - - [16/Mar/2016:12:57:42 -0300] "GET /cormun/static/cmcontrolpreferences.js?20151120014525 HTTP/1.1" 304 -
191.112.59.247 - - [16/Mar/2016:12:57:42 -0300] "GET /cormun/static/hmpwkw03.js?2016311993330 HTTP/1.1" 304 -
191.112.59.247 - - [16/Mar/2016:12:57:42 -0300] "GET /cormun/static/Resources/logo4.png HTTP/1.1" 304 -
191.112.59.247 - - [16/Mar/2016:12:57:42 -0300] "GET /cormun/static/Resources/PXTools/calendar.png HTTP/1.1" 304 -
191.112.59.247 - - [16/Mar/2016:12:57:42 -0300] "GET /cormun/static/Resources/PXToolsFooterBackground2.png HTTP/1.1" 304 -
191.112.59.247 - - [16/Mar/2016:12:57:42 -0300] "GET /cormun/static/Resources/PXToolsHeaderBackground2.png HTTP/1.1" 304 -
191.112.59.247 - - [16/Mar/2016:12:57:43 -0300] "GET /cormun/servlet/trautorizarsolicitud? HTTP/1.1" 200 5769
191.112.59.247 - - [16/Mar/2016:12:57:43 -0300] "GET /cormun/servlet/hlogin HTTP/1.1" 200 1742
191.112.59.247 - - [16/Mar/2016:12:57:43 -0300] "GET /cormun/static/Resources/Spanish/PXTools.css?005343 HTTP/1.1" 304 -
191.112.59.247 - - [16/Mar/2016:12:57:43 -0300] "GET /cormun/static/gxcfg.js?20151120045111 HTTP/1.1" 304 -
191.112.59.247 - - [16/Mar/2016:12:57:43 -0300] "GET /cormun/static/hlogin.js?20151120045126 HTTP/1.1" 304 -
191.112.59.247 - - [16/Mar/2016:12:57:43 -0300] "GET /cormun/static/Resources/PXToolsButtonRight21.png HTTP/1.1" 304 -
191.112.59.247 - - [16/Mar/2016:12:57:43 -0300] "GET /cormun/static/Resources/PXToolsButtonBackground2.png HTTP/1.1" 304 -
191.112.59.247 - - [16/Mar/2016:12:57:43 -0300] "GET /cormun/static/Resources/PXToolsButtonLeft21.png HTTP/1.1" 304 -
186.103.158.250 - - [16/Mar/2016:12:57:45 -0300] "GET /cormun/servlet/solicitudot?INS,0,0, HTTP/1.1" 200 11423
191.112.59.247 - - [16/Mar/2016:12:57:45 -0300] "POST /cormun/servlet/hlogin?cd77832243ee8d922b875bb9f66b9872,gx-no-cache=1458147486587 HTTP/1.1" 200 90
191.112.59.247 - - [16/Mar/2016:12:57:45 -0300] "GET /cormun/servlet/hpexe_link HTTP/1.1" 200 965
191.112.59.247 - - [16/Mar/2016:12:57:46 -0300] "GET /cormun/static/gxcfg.js?20151120044395 HTTP/1.1" 304 -
191.112.59.247 - - [16/Mar/2016:12:57:46 -0300] "GET /cormun/static/hpexe_link.js?20151120044398 HTTP/1.1" 304 -
191.112.59.247 - - [16/Mar/2016:12:57:46 -0300] "GET /cormun/servlet/trautorizarsolicitud HTTP/1.1" 200 5957
191.112.59.247 - - [16/Mar/2016:12:57:47 -0300] "GET /cormun/servlet/trautorizarsolicitud HTTP/1.1" 200 5956
186.103.158.250 - - [16/Mar/2016:12:57:50 -0300] "GET /cormun/servlet/trsolicitudot? HTTP/1.1" 200 7463
191.112.59.247 - - [16/Mar/2016:12:57:50 -0300] "GET /cormun/static/menuarrow.gif HTTP/1.1" 404 1015
191.112.59.247 - - [16/Mar/2016:12:57:57 -0300] "POST /cormun/servlet/trautorizarsolicitud?cd77832243ee8d922b875bb9f66b9872,gx-no-cache=1458147498321 HTTP/1.1" 200 3227
186.103.158.250 - - [16/Mar/2016:12:57:58 -0300] "GET /cormun/servlet/vesolicitudot?2016,937,, HTTP/1.1" 200 7519
191.112.59.247 - - [16/Mar/2016:12:57:58 -0300] "POST /cormun/servlet/trautorizarsolicitud?cd77832243ee8d922b875bb9f66b9872,gx-no-cache=1458147498721 HTTP/1.1" 200 3227
186.103.158.250 - - [16/Mar/2016:12:57:58 -0300] "GET /cormun/static/gxcfg.js?20163117275080 HTTP/1.1" 200 953
186.103.158.250 - - [16/Mar/2016:12:57:58 -0300] "GET /cormun/static/Resources/Spanish/PXTools.css?171692 HTTP/1.1" 200 89042
186.103.158.250 - - [16/Mar/2016:12:57:58 -0300] "GET /cormun/static/Resources/PXToolsTabFirstSelected.png HTTP/1.1" 200 1259
