186.103.157.98 - - [16/Mar/2016:11:57:32 -0300] "POST /cormun/servlet/trsolicitudot?dce974c9d08436c4bced33bf616d9019,gx-no-cache=1458140280008 HTTP/1.1" 200 4938
186.103.157.98 - - [16/Mar/2016:11:57:32 -0300] "POST /cormun/servlet/trsolicitudot?dce974c9d08436c4bced33bf616d9019,gx-no-cache=1458140280208 HTTP/1.1" 200 106
186.103.157.98 - - [16/Mar/2016:11:57:32 -0300] "GET /cormun/servlet/trsolicitudadjuntos?2016,933, HTTP/1.1" 200 5415
186.103.157.98 - - [16/Mar/2016:11:57:33 -0300] "GET /cormun/servlet/trsolicitudadjuntos?2016,933, HTTP/1.1" 200 5414
186.103.157.98 - - [16/Mar/2016:11:57:37 -0300] "GET /cormun/servlet/solicitudotadjuntos?INS,2016,933,,1, HTTP/1.1" 200 5504
186.103.157.98 - - [16/Mar/2016:11:57:37 -0300] "GET /cormun/static/gxcfg.js?2016311984045 HTTP/1.1" 200 953
186.103.157.98 - - [16/Mar/2016:11:57:37 -0300] "GET /cormun/static/solicitudotadjuntos.js?2016311984068 HTTP/1.1" 200 11762
186.103.157.98 - - [16/Mar/2016:11:57:37 -0300] "GET /cormun/static/about:blank HTTP/1.1" 404 1011
186.103.157.98 - - [16/Mar/2016:11:57:38 -0300] "GET /cormun/servlet/solicitudotadjuntos?INS,2016,933,,1, HTTP/1.1" 200 5498
186.103.157.98 - - [16/Mar/2016:11:57:38 -0300] "GET /cormun/servlet/solicitudotadjuntos?2e5dcab6a456341bd6bbdc345b378083b7e642f2712ca831a1c76b7ca2fb5cb0e34bb2f808beebef31addacd719970bd,gx-no-cache=1458140286372 HTTP/1.1" 200 30
186.103.157.98 - - [16/Mar/2016:11:57:38 -0300] "POST /cormun/servlet/solicitudotadjuntos?dce974c9d08436c4bced33bf616d9019,INS,2016,933,,1,,gx-no-cache=1458140286455 HTTP/1.1" 200 3379
186.103.157.98 - - [16/Mar/2016:11:58:14 -0300] "POST /cormun/servlet/solicitudotadjuntos?gx-no-cache=1458140322176 HTTP/1.1" 200 26
186.103.157.98 - - [16/Mar/2016:11:59:21 -0300] "GET /cormun/servlet/solicitudotadjuntos?2e5dcab6a456341bd6bbdc345b378083cf2da6e79bf2533203a52a7d3272037a,gx-no-cache=1458140389063 HTTP/1.1" 200 30
186.103.157.98 - - [16/Mar/2016:11:59:21 -0300] "GET /cormun/servlet/solicitudotadjuntos?2e5dcab6a456341bd6bbdc345b378083cf2da6e79bf2533203a52a7d3272037a,gx-no-cache=1458140389105 HTTP/1.1" 200 30
186.103.157.98 - - [16/Mar/2016:11:59:21 -0300] "POST /cormun/servlet/solicitudotadjuntos?dce974c9d08436c4bced33bf616d9019,INS,2016,933,,1, HTTP/1.1" 200 116
186.103.157.98 - - [16/Mar/2016:11:59:21 -0300] "GET /cormun/servlet/hpexe_return? HTTP/1.1" 200 1023
186.103.157.98 - - [16/Mar/2016:11:59:22 -0300] "GET /cormun/servlet/trsolicitudadjuntos?2016,933, HTTP/1.1" 200 7289
186.103.157.98 - - [16/Mar/2016:11:59:22 -0300] "GET /cormun/servlet/trsolicitudadjuntos?2016,933, HTTP/1.1" 200 7286
186.103.157.98 - - [16/Mar/2016:11:59:25 -0300] "GET /cormun/PublicTempStorage/cedula3165260.pdf HTTP/1.1" 200 394966
186.103.157.98 - - [16/Mar/2016:11:59:27 -0300] "GET /cormun/servlet/trsolicitudadjuntos?2016,933, HTTP/1.1" 200 7290
186.103.157.98 - - [16/Mar/2016:11:59:27 -0300] "GET /cormun/servlet/trsolicitudadjuntos?2016,933, HTTP/1.1" 200 7286
186.103.157.98 - - [16/Mar/2016:11:59:36 -0300] "GET /cormun/servlet/solicitudotadjuntos?INS,2016,933,,1, HTTP/1.1" 200 5504
186.103.157.98 - - [16/Mar/2016:11:59:36 -0300] "GET /cormun/static/about:blank HTTP/1.1" 404 1011
186.103.157.98 - - [16/Mar/2016:11:59:36 -0300] "GET /cormun/servlet/solicitudotadjuntos?INS,2016,933,,1, HTTP/1.1" 200 5498
186.103.157.98 - - [16/Mar/2016:11:59:37 -0300] "GET /cormun/servlet/solicitudotadjuntos?2e5dcab6a456341bd6bbdc345b378083b7e642f2712ca831a1c76b7ca2fb5cb0e34bb2f808beebef31addacd719970bd,gx-no-cache=1458140404875 HTTP/1.1" 200 30
186.103.157.98 - - [16/Mar/2016:11:59:37 -0300] "POST /cormun/servlet/solicitudotadjuntos?dce974c9d08436c4bced33bf616d9019,INS,2016,933,,1,,gx-no-cache=1458140404934 HTTP/1.1" 200 3379
186.103.157.98 - - [16/Mar/2016:11:59:40 -0300] "POST /cormun/servlet/solicitudotadjuntos?gx-no-cache=1458140407686 HTTP/1.1" 200 26
186.103.157.98 - - [16/Mar/2016:11:59:49 -0300] "GET /cormun/servlet/solicitudotadjuntos?2e5dcab6a456341bd6bbdc345b378083cf2da6e79bf2533203a52a7d3272037a,gx-no-cache=1458140416889 HTTP/1.1" 200 30
186.103.157.98 - - [16/Mar/2016:11:59:49 -0300] "GET /cormun/servlet/solicitudotadjuntos?2e5dcab6a456341bd6bbdc345b378083cf2da6e79bf2533203a52a7d3272037a,gx-no-cache=1458140416925 HTTP/1.1" 200 30
186.103.157.98 - - [16/Mar/2016:11:59:49 -0300] "POST /cormun/servlet/solicitudotadjuntos?dce974c9d08436c4bced33bf616d9019,INS,2016,933,,1, HTTP/1.1" 200 5315
186.103.157.98 - - [16/Mar/2016:11:59:49 -0300] "GET /cormun/static/Shared/jqueryui/images/ui-bg_highlight-soft_100_c6c2c8_1x100.png HTTP/1.1" 404 1117
186.103.157.98 - - [16/Mar/2016:11:59:49 -0300] "GET /cormun/static/Shared/jqueryui/images/ui-icons_82798d_256x240.png HTTP/1.1" 404 1089
186.103.157.98 - - [16/Mar/2016:11:59:49 -0300] "GET /cormun/static/Shared/jqueryui/images/ui-bg_flat_55_994d53_40x100.png HTTP/1.1" 404 1097
186.103.157.98 - - [16/Mar/2016:11:59:49 -0300] "GET /home/sistema/apache-tomcat-7.0.65/webapps/cormun/PrivateTempStorage/upload_00008148.pdf HTTP/1.1" 404 1135
186.103.157.98 - - [16/Mar/2016:11:59:49 -0300] "GET /cormun/static/Shared/jqueryui/images/ui-icons_ebccce_256x240.png HTTP/1.1" 404 1089
186.103.157.98 - - [16/Mar/2016:11:59:49 -0300] "GET /cormun/PrivateTempStorage/upload_00008148.pdf HTTP/1.1" 200 226924
186.103.157.98 - - [16/Mar/2016:11:59:55 -0300] "GET /cormun/servlet/solicitudotadjuntos?2e5dcab6a456341bd6bbdc345b37808393f5fb5675e11ab3bc118e1b0995fc7ee34bb2f808beebef31addacd719970bd,gx-no-cache=1458140422622 HTTP/1.1" 200 30
186.103.157.98 - - [16/Mar/2016:11:59:55 -0300] "POST /cormun/servlet/solicitudotadjuntos?dce974c9d08436c4bced33bf616d9019,INS,2016,933,,1, HTTP/1.1" 200 5314
186.103.157.98 - - [16/Mar/2016:11:59:55 -0300] "GET /home/sistema/apache-tomcat-7.0.65/webapps/cormun/PrivateTempStorage/upload_00008160.pdf HTTP/1.1" 404 1135
186.103.157.98 - - [16/Mar/2016:11:59:56 -0300] "GET /cormun/PrivateTempStorage/upload_00008160.pdf HTTP/1.1" 200 226924
186.103.157.98 - - [16/Mar/2016:12:00:16 -0300] "GET /cormun/servlet/solicitudotadjuntos?2e5dcab6a456341bd6bbdc345b37808328f7b53296b09f0b36182c981e9c2588e34bb2f808beebef31addacd719970bd,gx-no-cache=1458140443875 HTTP/1.1" 200 30
186.103.157.98 - - [16/Mar/2016:12:00:16 -0300] "GET /cormun/servlet/solicitudotadjuntos?2e5dcab6a456341bd6bbdc345b37808328f7b53296b09f0b36182c981e9c2588e34bb2f808beebef31addacd719970bd,gx-no-cache=1458140443908 HTTP/1.1" 200 30
186.103.157.98 - - [16/Mar/2016:12:00:16 -0300] "POST /cormun/servlet/solicitudotadjuntos?dce974c9d08436c4bced33bf616d9019,INS,2016,933,,1, HTTP/1.1" 200 5315
186.103.157.98 - - [16/Mar/2016:12:00:16 -0300] "GET /home/sistema/apache-tomcat-7.0.65/webapps/cormun/PrivateTempStorage/upload_00008172.pdf HTTP/1.1" 404 1135
186.103.157.98 - - [16/Mar/2016:12:00:16 -0300] "GET /cormun/PrivateTempStorage/upload_00008172.pdf HTTP/1.1" 200 226924
186.103.157.98 - - [16/Mar/2016:12:00:26 -0300] "GET /cormun/servlet/trsolicitudadjuntos?2016,933, HTTP/1.1" 200 7290
186.103.157.98 - - [16/Mar/2016:12:00:27 -0300] "GET /cormun/servlet/trsolicitudadjuntos?2016,933, HTTP/1.1" 200 7286
186.103.157.98 - - [16/Mar/2016:12:00:43 -0300] "GET /cormun/servlet/solicitudotadjuntos?INS,2016,933,,1, HTTP/1.1" 200 5505
186.103.157.98 - - [16/Mar/2016:12:00:44 -0300] "GET /cormun/static/about:blank HTTP/1.1" 404 1011
186.103.157.98 - - [16/Mar/2016:12:00:44 -0300] "GET /cormun/servlet/solicitudotadjuntos?INS,2016,933,,1, HTTP/1.1" 200 5499
186.103.157.98 - - [16/Mar/2016:12:00:44 -0300] "GET /cormun/servlet/solicitudotadjuntos?2e5dcab6a456341bd6bbdc345b378083b7e642f2712ca831a1c76b7ca2fb5cb0e34bb2f808beebef31addacd719970bd,gx-no-cache=1458140472582 HTTP/1.1" 200 30
186.103.157.98 - - [16/Mar/2016:12:00:45 -0300] "POST /cormun/servlet/solicitudotadjuntos?dce974c9d08436c4bced33bf616d9019,INS,2016,933,,1,,gx-no-cache=1458140472619 HTTP/1.1" 200 3379
186.103.157.98 - - [16/Mar/2016:12:00:48 -0300] "POST /cormun/servlet/solicitudotadjuntos?gx-no-cache=1458140476187 HTTP/1.1" 200 26
186.103.157.98 - - [16/Mar/2016:12:01:11 -0300] "GET /cormun/servlet/solicitudotadjuntos?2e5dcab6a456341bd6bbdc345b378083cf2da6e79bf2533203a52a7d3272037a,gx-no-cache=1458140499601 HTTP/1.1" 200 30
186.103.157.98 - - [16/Mar/2016:12:01:11 -0300] "GET /cormun/servlet/solicitudotadjuntos?2e5dcab6a456341bd6bbdc345b378083cf2da6e79bf2533203a52a7d3272037a,gx-no-cache=1458140499649 HTTP/1.1" 200 30
186.103.157.98 - - [16/Mar/2016:12:01:12 -0300] "POST /cormun/servlet/solicitudotadjuntos?dce974c9d08436c4bced33bf616d9019,INS,2016,933,,1, HTTP/1.1" 200 116
186.103.157.98 - - [16/Mar/2016:12:01:12 -0300] "GET /cormun/servlet/hpexe_return? HTTP/1.1" 200 1023
186.103.157.98 - - [16/Mar/2016:12:01:12 -0300] "GET /cormun/servlet/trsolicitudadjuntos?2016,933, HTTP/1.1" 200 7436
186.103.157.98 - - [16/Mar/2016:12:01:13 -0300] "GET /cormun/servlet/trsolicitudadjuntos?2016,933, HTTP/1.1" 200 7433
186.103.157.98 - - [16/Mar/2016:12:01:22 -0300] "GET /cormun/servlet/solicitudotadjuntos?INS,2016,933,,1, HTTP/1.1" 200 5505
186.103.157.98 - - [16/Mar/2016:12:01:22 -0300] "GET /cormun/static/about:blank HTTP/1.1" 404 1011
186.103.157.98 - - [16/Mar/2016:12:01:22 -0300] "GET /cormun/servlet/solicitudotadjuntos?INS,2016,933,,1, HTTP/1.1" 200 5499
186.103.157.98 - - [16/Mar/2016:12:01:23 -0300] "GET /cormun/servlet/solicitudotadjuntos?2e5dcab6a456341bd6bbdc345b378083b7e642f2712ca831a1c76b7ca2fb5cb0e34bb2f808beebef31addacd719970bd,gx-no-cache=1458140511024 HTTP/1.1" 200 30
186.103.157.98 - - [16/Mar/2016:12:01:23 -0300] "POST /cormun/servlet/solicitudotadjuntos?dce974c9d08436c4bced33bf616d9019,INS,2016,933,,1,,gx-no-cache=1458140511071 HTTP/1.1" 200 3380
186.103.157.98 - - [16/Mar/2016:12:01:27 -0300] "POST /cormun/servlet/solicitudotadjuntos?gx-no-cache=1458140515411 HTTP/1.1" 200 26
186.103.157.98 - - [16/Mar/2016:12:01:39 -0300] "GET /cormun/servlet/solicitudotadjuntos?2e5dcab6a456341bd6bbdc345b378083cf2da6e79bf2533203a52a7d3272037a,gx-no-cache=1458140527001 HTTP/1.1" 200 30
186.103.157.98 - - [16/Mar/2016:12:01:39 -0300] "GET /cormun/servlet/solicitudotadjuntos?2e5dcab6a456341bd6bbdc345b378083cf2da6e79bf2533203a52a7d3272037a,gx-no-cache=1458140527090 HTTP/1.1" 200 30
186.103.157.98 - - [16/Mar/2016:12:01:41 -0300] "POST /cormun/servlet/solicitudotadjuntos?dce974c9d08436c4bced33bf616d9019,INS,2016,933,,1, HTTP/1.1" 200 116
186.103.157.98 - - [16/Mar/2016:12:01:41 -0300] "GET /cormun/servlet/hpexe_return? HTTP/1.1" 200 1023
186.103.157.98 - - [16/Mar/2016:12:01:41 -0300] "GET /cormun/servlet/trsolicitudadjuntos?2016,933, HTTP/1.1" 200 7587
186.103.157.98 - - [16/Mar/2016:12:01:42 -0300] "GET /cormun/servlet/trsolicitudadjuntos?2016,933, HTTP/1.1" 200 7585
192.168.10.89 - - [16/Mar/2016:12:02:34 -0300] "POST /cormun/servlet/trsolicitudgral?b4b682d2665671128ba982f91391cbd9,gx-no-cache=1458140301943 HTTP/1.1" 440 972
192.168.10.89 - - [16/Mar/2016:12:02:35 -0300] "GET /cormun/servlet/trsolicitudgral?9c46ae5f217526a043be0515fd0f015cdd1d7526e4dbab22bfd22639527cab8b6d644cdfe8f5b96e258a20aee588fee0b3bff734151ece1428f18f273b830454cf6067c23bc878d0231bf9da49853f332bc88b42d8007400e59e77b1ba5acbf2,gx-no-cache=1458140302931 HTTP/1.1" 440 972
192.168.10.89 - - [16/Mar/2016:12:02:37 -0300] "GET /cormun/servlet/trsolicitudgral HTTP/1.1" 200 8168
192.168.10.89 - - [16/Mar/2016:12:02:38 -0300] "GET /cormun/servlet/trsolicitudgral HTTP/1.1" 200 8168
192.168.10.89 - - [16/Mar/2016:12:02:40 -0300] "GET /cormun/servlet/hlogin HTTP/1.1" 200 1735
192.168.10.89 - - [16/Mar/2016:12:02:55 -0300] "POST /cormun/servlet/hlogin?bf217e830d830e887dfdfe7ff28b4e54,gx-no-cache=1458140323099 HTTP/1.1" 200 90
192.168.10.89 - - [16/Mar/2016:12:02:55 -0300] "GET /cormun/servlet/hpexe_link HTTP/1.1" 200 955
192.168.10.89 - - [16/Mar/2016:12:03:32 -0300] "GET /cormun/servlet/hhome HTTP/1.1" 200 3883
192.168.10.89 - - [16/Mar/2016:12:03:36 -0300] "GET /cormun/servlet/trsolicitudgral? HTTP/1.1" 200 8970
186.103.157.98 - - [16/Mar/2016:12:03:37 -0300] "GET /cormun/servlet/solicitudotadjuntos?INS,2016,933,,1, HTTP/1.1" 200 5505
186.103.157.98 - - [16/Mar/2016:12:03:37 -0300] "GET /cormun/static/about:blank HTTP/1.1" 404 1011
186.103.157.98 - - [16/Mar/2016:12:03:38 -0300] "GET /cormun/servlet/solicitudotadjuntos?INS,2016,933,,1, HTTP/1.1" 200 5499
186.103.157.98 - - [16/Mar/2016:12:03:38 -0300] "GET /cormun/servlet/solicitudotadjuntos?2e5dcab6a456341bd6bbdc345b378083b7e642f2712ca831a1c76b7ca2fb5cb0e34bb2f808beebef31addacd719970bd,gx-no-cache=1458140646152 HTTP/1.1" 200 30
186.103.157.98 - - [16/Mar/2016:12:03:38 -0300] "POST /cormun/servlet/solicitudotadjuntos?dce974c9d08436c4bced33bf616d9019,INS,2016,933,,1,,gx-no-cache=1458140646191 HTTP/1.1" 200 3380
192.168.10.89 - - [16/Mar/2016:12:03:41 -0300] "POST /cormun/servlet/trsolicitudgral?bf217e830d830e887dfdfe7ff28b4e54,,gx-no-cache=1458140368833 HTTP/1.1" 200 6117
192.168.10.89 - - [16/Mar/2016:12:03:41 -0300] "POST /cormun/servlet/trsolicitudgral?bf217e830d830e887dfdfe7ff28b4e54,,gx-no-cache=1458140369189 HTTP/1.1" 200 6116
192.168.10.89 - - [16/Mar/2016:12:03:42 -0300] "POST /cormun/servlet/trsolicitudgral?bf217e830d830e887dfdfe7ff28b4e54,,gx-no-cache=1458140369552 HTTP/1.1" 200 6117
186.103.157.98 - - [16/Mar/2016:12:03:42 -0300] "POST /cormun/servlet/solicitudotadjuntos?gx-no-cache=1458140650318 HTTP/1.1" 200 26
192.168.10.89 - - [16/Mar/2016:12:03:42 -0300] "POST /cormun/servlet/trsolicitudgral?bf217e830d830e887dfdfe7ff28b4e54,,gx-no-cache=1458140369964 HTTP/1.1" 200 6117
192.168.10.89 - - [16/Mar/2016:12:03:43 -0300] "POST /cormun/servlet/trsolicitudgral?bf217e830d830e887dfdfe7ff28b4e54,,gx-no-cache=1458140370466 HTTP/1.1" 200 6115
192.168.10.89 - - [16/Mar/2016:12:03:43 -0300] "POST /cormun/servlet/trsolicitudgral?bf217e830d830e887dfdfe7ff28b4e54,,gx-no-cache=1458140371000 HTTP/1.1" 200 6116
192.168.10.89 - - [16/Mar/2016:12:03:44 -0300] "POST /cormun/servlet/trsolicitudgral?bf217e830d830e887dfdfe7ff28b4e54,,gx-no-cache=1458140371570 HTTP/1.1" 200 6117
192.168.10.89 - - [16/Mar/2016:12:03:50 -0300] "POST /cormun/servlet/trsolicitudgral?bf217e830d830e887dfdfe7ff28b4e54,,gx-no-cache=1458140378141 HTTP/1.1" 200 4468
192.168.10.89 - - [16/Mar/2016:12:03:51 -0300] "GET /cormun/servlet/trsolicitudgral?efdd4650d4c7e25a2fe2bc57b225e51bf5615e076288353dc9afe109cfc2829cd9af621134904617f6b0d9f78fe06be283853946ce6dc01e234a1569d94efffd1760cc0f55d2dc44a1544674894a32bc1afe3a5fec527098d0bfedddbbd544df,gx-no-cache=1458140378749 HTTP/1.1" 200 637
192.168.10.89 - - [16/Mar/2016:12:03:53 -0300] "GET /cormun/static/menuarrow.gif HTTP/1.1" 404 1015
186.103.157.98 - - [16/Mar/2016:12:03:53 -0300] "GET /cormun/servlet/solicitudotadjuntos?2e5dcab6a456341bd6bbdc345b378083cf2da6e79bf2533203a52a7d3272037a,gx-no-cache=1458140661445 HTTP/1.1" 200 30
186.103.157.98 - - [16/Mar/2016:12:03:53 -0300] "GET /cormun/servlet/solicitudotadjuntos?2e5dcab6a456341bd6bbdc345b378083cf2da6e79bf2533203a52a7d3272037a,gx-no-cache=1458140661474 HTTP/1.1" 200 30
186.103.157.98 - - [16/Mar/2016:12:03:55 -0300] "POST /cormun/servlet/solicitudotadjuntos?dce974c9d08436c4bced33bf616d9019,INS,2016,933,,1, HTTP/1.1" 200 116
186.103.157.98 - - [16/Mar/2016:12:03:55 -0300] "GET /cormun/servlet/hpexe_return? HTTP/1.1" 200 1023
186.103.157.98 - - [16/Mar/2016:12:03:55 -0300] "GET /cormun/servlet/trsolicitudadjuntos?2016,933, HTTP/1.1" 200 7708
186.103.157.98 - - [16/Mar/2016:12:03:56 -0300] "GET /cormun/servlet/trsolicitudadjuntos?2016,933, HTTP/1.1" 200 7707
192.168.10.89 - - [16/Mar/2016:12:03:57 -0300] "POST /cormun/servlet/trsolicitudgral?bf217e830d830e887dfdfe7ff28b4e54,,gx-no-cache=1458140384504 HTTP/1.1" 200 4475
192.168.10.89 - - [16/Mar/2016:12:03:58 -0300] "POST /cormun/servlet/trsolicitudgral?bf217e830d830e887dfdfe7ff28b4e54,,gx-no-cache=1458140385342 HTTP/1.1" 200 4476
192.168.10.89 - - [16/Mar/2016:12:03:58 -0300] "POST /cormun/servlet/trsolicitudgral?bf217e830d830e887dfdfe7ff28b4e54,,gx-no-cache=1458140386006 HTTP/1.1" 200 4475
192.168.10.89 - - [16/Mar/2016:12:03:59 -0300] "POST /cormun/servlet/trsolicitudgral?bf217e830d830e887dfdfe7ff28b4e54,,gx-no-cache=1458140386704 HTTP/1.1" 200 4475
192.168.10.89 - - [16/Mar/2016:12:04:03 -0300] "POST /cormun/servlet/trsolicitudgral?bf217e830d830e887dfdfe7ff28b4e54,,gx-no-cache=1458140390257 HTTP/1.1" 200 8902
192.168.10.89 - - [16/Mar/2016:12:04:05 -0300] "GET /cormun/servlet/trsolicitudgral?efdd4650d4c7e25a2fe2bc57b225e51b6dc327fe833ff33b44e2eccdddd38ace6853638a98b1b90cb167abfc87c8367c01615527677e36bc39900d18bb85b767637ce781ebf4b9f81d3ca1ac4c803336,gx-no-cache=1458140392432 HTTP/1.1" 200 5784
186.103.157.98 - - [16/Mar/2016:12:04:14 -0300] "GET /cormun/servlet/solicitudotadjuntos?INS,2016,933,,1, HTTP/1.1" 200 5505
186.103.157.98 - - [16/Mar/2016:12:04:14 -0300] "GET /cormun/static/about:blank HTTP/1.1" 404 1011
192.168.10.89 - - [16/Mar/2016:12:04:14 -0300] "GET /cormun/servlet/vesolicitudgral?2016,376,, HTTP/1.1" 200 8000
186.103.157.98 - - [16/Mar/2016:12:04:14 -0300] "GET /cormun/servlet/solicitudotadjuntos?INS,2016,933,,1, HTTP/1.1" 200 5499
192.168.10.89 - - [16/Mar/2016:12:04:14 -0300] "GET /cormun/pexe_scrolldiv.js HTTP/1.1" 404 1009
186.103.157.98 - - [16/Mar/2016:12:04:15 -0300] "GET /cormun/servlet/solicitudotadjuntos?2e5dcab6a456341bd6bbdc345b378083b7e642f2712ca831a1c76b7ca2fb5cb0e34bb2f808beebef31addacd719970bd,gx-no-cache=1458140683061 HTTP/1.1" 200 30
186.103.157.98 - - [16/Mar/2016:12:04:15 -0300] "POST /cormun/servlet/solicitudotadjuntos?dce974c9d08436c4bced33bf616d9019,INS,2016,933,,1,,gx-no-cache=1458140683096 HTTP/1.1" 200 3378
186.103.157.98 - - [16/Mar/2016:12:04:21 -0300] "POST /cormun/servlet/solicitudotadjuntos?gx-no-cache=1458140688960 HTTP/1.1" 200 26
192.168.10.89 - - [16/Mar/2016:12:04:23 -0300] "GET /cormun/servlet/vesolicitudgral?2016,376,,SolicitudOTAdjuntos HTTP/1.1" 200 9403
192.168.10.89 - - [16/Mar/2016:12:04:23 -0300] "GET /cormun/pexe_scrolldiv.js HTTP/1.1" 404 1009
192.168.10.89 - - [16/Mar/2016:12:04:24 -0300] "POST /cormun/servlet/acontrolpreferencessavestate?None,CDROGUETT,true HTTP/1.1" 200 35
192.168.10.89 - - [16/Mar/2016:12:04:29 -0300] "GET /cormun/PublicTempStorage/c.i_bruno5585046.pdf HTTP/1.1" 200 231449
192.168.10.89 - - [16/Mar/2016:12:04:37 -0300] "GET /cormun/servlet/vesolicitudgral?2016,376,,SolicitudOTAdjuntos HTTP/1.1" 200 9403
192.168.10.89 - - [16/Mar/2016:12:04:37 -0300] "GET /cormun/pexe_scrolldiv.js HTTP/1.1" 404 1009
186.103.157.98 - - [16/Mar/2016:12:04:39 -0300] "POST /cormun/servlet/solicitudotadjuntos?gx-no-cache=1458140706961 HTTP/1.1" 200 26
192.168.10.89 - - [16/Mar/2016:12:04:39 -0300] "POST /cormun/servlet/acontrolpreferencessavestate?None,CDROGUETT,true HTTP/1.1" 200 35
192.168.10.89 - - [16/Mar/2016:12:04:40 -0300] "GET /cormun/PublicTempStorage/afp_bruno7826223.pdf HTTP/1.1" 200 240235
192.168.10.89 - - [16/Mar/2016:12:04:46 -0300] "GET /cormun/servlet/vesolicitudgral?2016,376,,SolicitudOTAdjuntos HTTP/1.1" 200 9400
192.168.10.89 - - [16/Mar/2016:12:04:47 -0300] "GET /cormun/pexe_scrolldiv.js HTTP/1.1" 404 1009
192.168.10.89 - - [16/Mar/2016:12:04:48 -0300] "POST /cormun/servlet/acontrolpreferencessavestate?None,CDROGUETT,true HTTP/1.1" 200 35
192.168.10.89 - - [16/Mar/2016:12:04:49 -0300] "GET /cormun/PublicTempStorage/fonasa_bruno6528986.pdf HTTP/1.1" 200 243049
186.103.157.98 - - [16/Mar/2016:12:04:52 -0300] "GET /cormun/servlet/solicitudotadjuntos?2e5dcab6a456341bd6bbdc345b378083cf2da6e79bf2533203a52a7d3272037a,gx-no-cache=1458140719777 HTTP/1.1" 200 30
186.103.157.98 - - [16/Mar/2016:12:04:52 -0300] "GET /cormun/servlet/solicitudotadjuntos?2e5dcab6a456341bd6bbdc345b378083cf2da6e79bf2533203a52a7d3272037a,gx-no-cache=1458140719808 HTTP/1.1" 200 30
186.103.157.98 - - [16/Mar/2016:12:04:53 -0300] "POST /cormun/servlet/solicitudotadjuntos?dce974c9d08436c4bced33bf616d9019,INS,2016,933,,1, HTTP/1.1" 200 116
186.103.157.98 - - [16/Mar/2016:12:04:53 -0300] "GET /cormun/servlet/hpexe_return? HTTP/1.1" 200 1023
186.103.157.98 - - [16/Mar/2016:12:04:54 -0300] "GET /cormun/servlet/trsolicitudadjuntos?2016,933, HTTP/1.1" 200 7852
186.103.157.98 - - [16/Mar/2016:12:04:56 -0300] "GET /cormun/servlet/trsolicitudadjuntos?2016,933, HTTP/1.1" 200 7846
192.168.10.89 - - [16/Mar/2016:12:04:57 -0300] "GET /cormun/servlet/vesolicitudgral?2016,376,,SolicitudOTAdjuntos HTTP/1.1" 200 9404
192.168.10.89 - - [16/Mar/2016:12:04:57 -0300] "GET /cormun/pexe_scrolldiv.js HTTP/1.1" 404 1009
192.168.10.89 - - [16/Mar/2016:12:04:59 -0300] "POST /cormun/servlet/acontrolpreferencessavestate?None,CDROGUETT,true HTTP/1.1" 200 35
192.168.10.89 - - [16/Mar/2016:12:05:00 -0300] "GET /cormun/PublicTempStorage/antecedente_bruno1102791.pdf HTTP/1.1" 200 345111
192.168.10.89 - - [16/Mar/2016:12:05:08 -0300] "GET /cormun/servlet/vesolicitudgral?2016,376,,SolicitudOTAdjuntos HTTP/1.1" 200 9404
192.168.10.89 - - [16/Mar/2016:12:05:08 -0300] "GET /cormun/pexe_scrolldiv.js HTTP/1.1" 404 1009
192.168.10.89 - - [16/Mar/2016:12:05:10 -0300] "POST /cormun/servlet/acontrolpreferencessavestate?None,CDROGUETT,true HTTP/1.1" 200 35
186.103.157.98 - - [16/Mar/2016:12:05:10 -0300] "GET /cormun/servlet/solicitudotadjuntos?INS,2016,933,,1, HTTP/1.1" 200 5505
186.103.157.98 - - [16/Mar/2016:12:05:11 -0300] "GET /cormun/static/about:blank HTTP/1.1" 404 1011
186.103.157.98 - - [16/Mar/2016:12:05:11 -0300] "GET /cormun/servlet/solicitudotadjuntos?INS,2016,933,,1, HTTP/1.1" 200 5499
186.103.157.98 - - [16/Mar/2016:12:05:11 -0300] "GET /cormun/servlet/solicitudotadjuntos?2e5dcab6a456341bd6bbdc345b378083b7e642f2712ca831a1c76b7ca2fb5cb0e34bb2f808beebef31addacd719970bd,gx-no-cache=1458140739282 HTTP/1.1" 200 30
186.103.157.98 - - [16/Mar/2016:12:05:11 -0300] "POST /cormun/servlet/solicitudotadjuntos?dce974c9d08436c4bced33bf616d9019,INS,2016,933,,1,,gx-no-cache=1458140739347 HTTP/1.1" 200 3378
192.168.10.89 - - [16/Mar/2016:12:05:12 -0300] "GET /cormun/PublicTempStorage/curriculum_bruno8832591.pdf HTTP/1.1" 200 741613
192.168.10.89 - - [16/Mar/2016:12:05:17 -0300] "GET /cormun/servlet/vesolicitudgral?2016,376,,SolicitudOTAdjuntos HTTP/1.1" 200 9403
192.168.10.89 - - [16/Mar/2016:12:05:18 -0300] "GET /cormun/pexe_scrolldiv.js HTTP/1.1" 404 1009
192.168.10.89 - - [16/Mar/2016:12:05:19 -0300] "POST /cormun/servlet/acontrolpreferencessavestate?None,CDROGUETT,true HTTP/1.1" 200 35
192.168.10.89 - - [16/Mar/2016:12:05:21 -0300] "GET /cormun/PublicTempStorage/t%ECtulo_bruno3446477.pdf HTTP/1.1" 200 618400
186.78.35.140 - - [16/Mar/2016:12:05:21 -0300] "GET /cormun/servlet/hlogin HTTP/1.1" 200 1717
186.78.35.140 - - [16/Mar/2016:12:05:22 -0300] "GET /cormun/servlet/hlogin HTTP/1.1" 200 1722
192.168.10.89 - - [16/Mar/2016:12:05:29 -0300] "GET /cormun/servlet/vesolicitudgral?2016,376,,SolicitudOTAdjuntos HTTP/1.1" 200 9403
192.168.10.89 - - [16/Mar/2016:12:05:29 -0300] "GET /cormun/pexe_scrolldiv.js HTTP/1.1" 404 1009
192.168.10.89 - - [16/Mar/2016:12:05:31 -0300] "POST /cormun/servlet/acontrolpreferencessavestate?None,CDROGUETT,true HTTP/1.1" 200 35
192.168.10.89 - - [16/Mar/2016:12:05:32 -0300] "POST /cormun/servlet/vesolicitudgral?bf217e830d830e887dfdfe7ff28b4e54,2016,376,,SolicitudOTAdjuntos,gx-no-cache=1458140479874 HTTP/1.1" 200 90
192.168.10.89 - - [16/Mar/2016:12:05:32 -0300] "GET /cormun/servlet/hpexe_link HTTP/1.1" 200 974
192.168.10.89 - - [16/Mar/2016:12:05:33 -0300] "GET /cormun/servlet/trsolicitudgral? HTTP/1.1" 200 11650
186.78.35.140 - - [16/Mar/2016:12:05:37 -0300] "POST /cormun/servlet/hlogin?953d43f81e648d11b2dd7b9cd42dda9f,gx-no-cache=1458140764724 HTTP/1.1" 200 90
186.78.35.140 - - [16/Mar/2016:12:05:37 -0300] "GET /cormun/servlet/hpexe_link HTTP/1.1" 200 946
186.78.35.140 - - [16/Mar/2016:12:05:38 -0300] "GET /cormun/servlet/hhome HTTP/1.1" 200 3482
186.78.35.140 - - [16/Mar/2016:12:05:38 -0300] "GET /cormun/static/Resources/Spanish/PXTools.css?10515224 HTTP/1.1" 304 -
186.78.35.140 - - [16/Mar/2016:12:05:38 -0300] "GET /cormun/static/gxcfg.js?2015112210564248 HTTP/1.1" 304 -
186.78.35.140 - - [16/Mar/2016:12:05:38 -0300] "GET /cormun/static/hhome.js?2015112210564255 HTTP/1.1" 304 -
186.103.157.98 - - [16/Mar/2016:12:05:40 -0300] "GET /cormun/servlet/trsolicitudadjuntos?2016,933, HTTP/1.1" 200 7850
186.78.35.140 - - [16/Mar/2016:12:05:41 -0300] "GET /cormun/servlet/hhome HTTP/1.1" 200 3478
186.103.157.98 - - [16/Mar/2016:12:05:41 -0300] "GET /cormun/servlet/trsolicitudadjuntos?2016,933, HTTP/1.1" 200 7851
186.103.157.98 - - [16/Mar/2016:12:05:48 -0300] "GET /cormun/PublicTempStorage/afp9953950.pdf HTTP/1.1" 200 226924
186.78.35.140 - - [16/Mar/2016:12:06:02 -0300] "GET /cormun/servlet/trsolicitudot? HTTP/1.1" 200 6241
186.78.35.140 - - [16/Mar/2016:12:06:04 -0300] "GET /cormun/servlet/trsolicitudot? HTTP/1.1" 200 6240
186.78.35.140 - - [16/Mar/2016:12:06:09 -0300] "GET /cormun/servlet/solicitudot?INS,0,0, HTTP/1.1" 200 11493
186.103.157.98 - - [16/Mar/2016:12:06:09 -0300] "GET /cormun/servlet/trsolicitudadjuntos?2016,933, HTTP/1.1" 200 7851
186.103.157.98 - - [16/Mar/2016:12:06:10 -0300] "GET /cormun/servlet/trsolicitudadjuntos?2016,933, HTTP/1.1" 200 7850
186.78.35.140 - - [16/Mar/2016:12:06:11 -0300] "GET /cormun/servlet/solicitudot?INS,0,0, HTTP/1.1" 200 11498
186.103.157.98 - - [16/Mar/2016:12:06:20 -0300] "GET /cormun/servlet/solicitudotadjuntos?INS,2016,933,,1, HTTP/1.1" 200 5505
186.103.157.98 - - [16/Mar/2016:12:06:20 -0300] "GET /cormun/static/about:blank HTTP/1.1" 404 1011
186.103.157.98 - - [16/Mar/2016:12:06:21 -0300] "GET /cormun/servlet/solicitudotadjuntos?INS,2016,933,,1, HTTP/1.1" 200 5499
186.103.157.98 - - [16/Mar/2016:12:06:21 -0300] "GET /cormun/servlet/solicitudotadjuntos?2e5dcab6a456341bd6bbdc345b378083b7e642f2712ca831a1c76b7ca2fb5cb0e34bb2f808beebef31addacd719970bd,gx-no-cache=1458140809163 HTTP/1.1" 200 30
186.103.157.98 - - [16/Mar/2016:12:06:21 -0300] "POST /cormun/servlet/solicitudotadjuntos?dce974c9d08436c4bced33bf616d9019,INS,2016,933,,1,,gx-no-cache=1458140809218 HTTP/1.1" 200 3379
186.103.157.98 - - [16/Mar/2016:12:06:26 -0300] "POST /cormun/servlet/solicitudotadjuntos?gx-no-cache=1458140813793 HTTP/1.1" 200 26
186.103.157.98 - - [16/Mar/2016:12:06:38 -0300] "GET /cormun/servlet/solicitudotadjuntos?2e5dcab6a456341bd6bbdc345b378083cf2da6e79bf2533203a52a7d3272037a,gx-no-cache=1458140825764 HTTP/1.1" 200 30
186.103.157.98 - - [16/Mar/2016:12:06:38 -0300] "GET /cormun/servlet/solicitudotadjuntos?2e5dcab6a456341bd6bbdc345b378083cf2da6e79bf2533203a52a7d3272037a,gx-no-cache=1458140825785 HTTP/1.1" 200 30
186.103.157.98 - - [16/Mar/2016:12:06:39 -0300] "POST /cormun/servlet/solicitudotadjuntos?dce974c9d08436c4bced33bf616d9019,INS,2016,933,,1, HTTP/1.1" 200 5306
186.103.157.98 - - [16/Mar/2016:12:06:39 -0300] "GET /home/sistema/apache-tomcat-7.0.65/webapps/cormun/PrivateTempStorage/upload_00008232.pdf HTTP/1.1" 404 1135
186.103.157.98 - - [16/Mar/2016:12:06:40 -0300] "GET /cormun/PrivateTempStorage/upload_00008232.pdf HTTP/1.1" 206 1401748
186.103.157.98 - - [16/Mar/2016:12:06:50 -0300] "GET /cormun/servlet/trsolicitudadjuntos?2016,933, HTTP/1.1" 200 7853
186.103.157.98 - - [16/Mar/2016:12:06:51 -0300] "GET /cormun/servlet/trsolicitudadjuntos?2016,933, HTTP/1.1" 200 7848
186.78.35.140 - - [16/Mar/2016:12:07:42 -0300] "GET /cormun/servlet/prfichaempleado?,MD,,gxPopupLevel%3D0%3B HTTP/1.1" 200 7931
186.78.35.140 - - [16/Mar/2016:12:07:42 -0300] "GET /cormun/static/scaMessage/css/jquery-ui.css?104140 HTTP/1.1" 404 1045
186.78.35.140 - - [16/Mar/2016:12:07:53 -0300] "GET /cormun/servlet/prfichaempleado?f851c35403308b0bb21a85d688d2e66c00f901ce33982251e8cb7f018f5bc720033da0e12a27f1949c55a810ae88edc71ba12d54afdde5c8331a55fefb4ff973,gx-no-cache=1458140901028 HTTP/1.1" 200 468
186.78.35.140 - - [16/Mar/2016:12:07:54 -0300] "GET /cormun/servlet/prfichaempleado?f851c35403308b0bb21a85d688d2e66c396b1a1d22a0ca5cec204166609078e930df1058df7f91024abda08ee079cf1cc871aa5791dc0883fd1e0e227c3f5ff7ca265b587047918816ff70e9b53f5c09,gx-no-cache=1458140901894 HTTP/1.1" 200 469
186.78.35.140 - - [16/Mar/2016:12:07:54 -0300] "GET /cormun/servlet/prfichaempleado?f851c35403308b0bb21a85d688d2e66c396b1a1d22a0ca5cec204166609078e9de2eb60e1c0a0c6958e8d87f8744e578f6f57ec25156903535df6756cbbba0adf25c3f04f6e84f76583667619fcc5642,gx-no-cache=1458140902590 HTTP/1.1" 200 472
186.78.35.140 - - [16/Mar/2016:12:07:57 -0300] "GET /cormun/servlet/prfichaempleado?f851c35403308b0bb21a85d688d2e66c396b1a1d22a0ca5cec204166609078e9902e312823fc4487ea7f7b67f42e3ecc862060b997106ebb000c1c1784c6261eb3acb1b84b8d5634e2bf518177612c9c,gx-no-cache=1458140905201 HTTP/1.1" 200 465
186.78.35.140 - - [16/Mar/2016:12:07:58 -0300] "GET /cormun/servlet/prfichaempleado?f851c35403308b0bb21a85d688d2e66c396b1a1d22a0ca5cec204166609078e9461451418d341a1177260e2d8e62e33399fd7177964860782a384431d6b5508465073d341aeae2d053219c22afb74162,gx-no-cache=1458140906197 HTTP/1.1" 200 466
186.78.35.140 - - [16/Mar/2016:12:08:00 -0300] "POST /cormun/servlet/prfichaempleado?953d43f81e648d11b2dd7b9cd42dda9f,,MD,,gxPopupLevel%3D0%3B,gx-no-cache=1458140907635 HTTP/1.1" 200 2895
186.78.35.140 - - [16/Mar/2016:12:08:04 -0300] "POST /cormun/servlet/solicitudot?gx-no-cache=1458140912350 HTTP/1.1" 200 2782
186.78.35.140 - - [16/Mar/2016:12:08:05 -0300] "POST /cormun/servlet/solicitudot?953d43f81e648d11b2dd7b9cd42dda9f,INS,0,0,,gx-no-cache=1458140912796 HTTP/1.1" 200 8410
186.78.35.140 - - [16/Mar/2016:12:08:14 -0300] "GET /cormun/servlet/solicitudot?c745fade424dcc4d0c57c4ba1291b91fe0dc27a016ce903a73ce4bfb0d61ea80598cca997d9c1d8106fe37ea93fee702,gx-no-cache=1458140922601 HTTP/1.1" 200 30
186.78.35.140 - - [16/Mar/2016:12:08:15 -0300] "POST /cormun/servlet/solicitudot?gx-no-cache=1458140922718 HTTP/1.1" 200 30
186.78.35.140 - - [16/Mar/2016:12:08:15 -0300] "POST /cormun/servlet/solicitudot?gx-no-cache=1458140922812 HTTP/1.1" 200 33
186.78.35.140 - - [16/Mar/2016:12:08:15 -0300] "POST /cormun/servlet/solicitudot?gx-no-cache=1458140922934 HTTP/1.1" 200 452
186.78.35.140 - - [16/Mar/2016:12:08:15 -0300] "GET /cormun/servlet/solicitudot?c745fade424dcc4d0c57c4ba1291b91f1486c82f4f6a993d531ed3009c260315fe5a903c3531743145b97931f3f26cf016b8a90d46efaa675938218b95b158713beadd599d76473bc0c523aa9b9113405c0125402c336a35d6c7ded7a825d24713e88519da7282ab5d57ab73272c70a438929909f298f5b38d0276df2e0057e533aa3290beb1a45258916162c742ef12,gx-no-cache=1458140923085 HTTP/1.1" 200 38
186.78.35.140 - - [16/Mar/2016:12:09:46 -0300] "POST /cormun/servlet/solicitudot?gx-no-cache=1458141014340 HTTP/1.1" 200 122
186.78.35.140 - - [16/Mar/2016:12:09:46 -0300] "GET /cormun/static/Shared/jqueryui/images/ui-bg_highlight-soft_100_c6c2c8_1x100.png HTTP/1.1" 404 1117
186.78.35.140 - - [16/Mar/2016:12:09:46 -0300] "GET /cormun/static/Shared/jqueryui/images/ui-icons_82798d_256x240.png HTTP/1.1" 404 1089
186.78.35.140 - - [16/Mar/2016:12:09:46 -0300] "GET /cormun/static/Shared/jqueryui/images/ui-icons_8d78a5_256x240.png HTTP/1.1" 404 1089
186.78.35.140 - - [16/Mar/2016:12:09:46 -0300] "GET /cormun/static/Shared/jqueryui/images/ui-bg_flat_55_fafafa_40x100.png HTTP/1.1" 404 1097
186.78.35.140 - - [16/Mar/2016:12:09:54 -0300] "GET /cormun/servlet/prfichaempleado?,MD,,gxPopupLevel%3D0%3B HTTP/1.1" 200 7931
186.78.35.140 - - [16/Mar/2016:12:09:54 -0300] "GET /cormun/static/scaMessage/css/jquery-ui.css?104140 HTTP/1.1" 404 1045
186.78.35.140 - - [16/Mar/2016:12:10:01 -0300] "GET /cormun/servlet/prfichaempleado?f851c35403308b0bb21a85d688d2e66c61d9f607b19d81b7996fbfabc8c88490033da0e12a27f1949c55a810ae88edc71ba12d54afdde5c8331a55fefb4ff973,gx-no-cache=1458141029534 HTTP/1.1" 200 461
186.78.35.140 - - [16/Mar/2016:12:10:02 -0300] "GET /cormun/servlet/prfichaempleado?f851c35403308b0bb21a85d688d2e66c8eb798e59dc83952e9a408b64bc7ce3068371eb95d8edcedd8eb5574bd8c45637ab9ff57d856bd0202d800221f768b5a,gx-no-cache=1458141030143 HTTP/1.1" 200 462
186.78.35.140 - - [16/Mar/2016:12:10:03 -0300] "GET /cormun/servlet/prfichaempleado?f851c35403308b0bb21a85d688d2e66c364987b2b99b870b37ac2bb29bff1d8a3d69f52c40fd001da32af8bfc549d4930ed656baf78d13839171935d4c1745270efcb41ba71933f0a873c8cd864f664e,gx-no-cache=1458141031204 HTTP/1.1" 200 461
186.78.35.140 - - [16/Mar/2016:12:10:06 -0300] "GET /cormun/servlet/prfichaempleado?f851c35403308b0bb21a85d688d2e66c390cd6011a72b6f85cd6d0843599f89fa89f59e5c81863552ab520b1afccdcad3e0f61b45267bddacfe6b21cdaf36fa4c65df94551c8232009a9f387a7ef9f22,gx-no-cache=1458141034060 HTTP/1.1" 200 462
186.78.35.140 - - [16/Mar/2016:12:10:07 -0300] "GET /cormun/servlet/prfichaempleado?f851c35403308b0bb21a85d688d2e66c390cd6011a72b6f85cd6d0843599f89ffc93fe81fa72f85c43a21c6479a796dbdd10134a41295e8ec1a910576b69a7a3a198378730e96bac4771aaf06324631b,gx-no-cache=1458141035332 HTTP/1.1" 200 462
186.78.35.140 - - [16/Mar/2016:12:10:09 -0300] "POST /cormun/servlet/prfichaempleado?953d43f81e648d11b2dd7b9cd42dda9f,,MD,,gxPopupLevel%3D0%3B,gx-no-cache=1458141037240 HTTP/1.1" 200 2893
186.78.35.140 - - [16/Mar/2016:12:10:16 -0300] "POST /cormun/servlet/solicitudot?gx-no-cache=1458141044242 HTTP/1.1" 200 1169
186.78.35.140 - - [16/Mar/2016:12:10:16 -0300] "GET /cormun/static/menuarrow.gif HTTP/1.1" 404 1015
186.103.159.189 - - [16/Mar/2016:12:10:17 -0300] "POST /cormun/servlet/hlogin?063ca3c9cd323a4690e75e9c74eb91b7,gx-no-cache=1458141034578 HTTP/1.1" 200 90
186.103.159.189 - - [16/Mar/2016:12:10:17 -0300] "GET /cormun/servlet/hpexe_link HTTP/1.1" 200 949
186.103.159.189 - - [16/Mar/2016:12:10:18 -0300] "GET /cormun/servlet/hhome HTTP/1.1" 200 3468
186.103.159.189 - - [16/Mar/2016:12:10:22 -0300] "GET /cormun/servlet/hhome HTTP/1.1" 200 3465
186.78.35.140 - - [16/Mar/2016:12:10:27 -0300] "GET /cormun/servlet/solicitudot?c745fade424dcc4d0c57c4ba1291b91f1486c82f4f6a993d531ed3009c260315fe5a903c3531743145b97931f3f26cf016b8a90d46efaa675938218b95b158713beadd599d76473bc0c523aa9b9113405c0125402c336a35d6c7ded7a825d24713e88519da7282ab5d57ab73272c70a438929909f298f5b38d0276df2e0057e5b89f5f70bb798b377f78244ca568fbcf354bd1be7d226a9b7fed9fca3d499d8c,gx-no-cache=1458141055408 HTTP/1.1" 200 38
186.78.35.140 - - [16/Mar/2016:12:10:27 -0300] "GET /cormun/servlet/solicitudot?c745fade424dcc4d0c57c4ba1291b91fe3179e6a45ede22e2778a88c20d9b73e7e6eff46294eb7af830d5777c47e3db609506a63b568d1dba23423227bbd2d624f6253357fc1e6941b4813fe6f09ed3d9877bdbf910a0ad9621e634e9b5d19cdbcbaeb68c84cba546790584cfaa42eb5,gx-no-cache=1458141055507 HTTP/1.1" 200 29
186.78.35.140 - - [16/Mar/2016:12:10:28 -0300] "POST /cormun/servlet/solicitudot?gx-no-cache=1458141055595 HTTP/1.1" 200 1127
186.103.159.189 - - [16/Mar/2016:12:10:46 -0300] "GET /cormun/servlet/trvisualizadoreventos? HTTP/1.1" 200 5984
186.103.159.189 - - [16/Mar/2016:12:10:50 -0300] "GET /cormun/servlet/trvisualizadoreventos? HTTP/1.1" 200 5984
186.103.159.189 - - [16/Mar/2016:12:10:55 -0300] "GET /cormun/servlet/trvisualizadoreventos?dca5aa07d2678f084c1439ae356e13cc473bb9f40df0d356a1e54406a8c156e5448de99855beffb1e5cb81a93fa9f355308b5d2860709ac2be30812f223e45852adbb4b97be23e81f34e1b565baa2b8176181cacbfdd2d390cea7e37a014553f8dba01633c1c013700125ce8b4c1a2e1c240193c0199ba648fdf7907a76b320591604cce0f34d303b10a789c9b2a06b6af3e08418cce3042bfcf2ab38d602afd011341b09d42776c6b1414eb901a8cd6e0ea11a80bd6f903663f08dacbd0832b,gx-no-cache=1458141072820 HTTP/1.1" 200 577
186.103.159.189 - - [16/Mar/2016:12:10:56 -0300] "GET /cormun/servlet/trvisualizadoreventos?dca5aa07d2678f084c1439ae356e13cc473bb9f40df0d356a1e54406a8c156e5448de99855beffb1e5cb81a93fa9f355308b5d2860709ac2be30812f223e45852adbb4b97be23e81f34e1b565baa2b8176181cacbfdd2d390cea7e37a014553f8dba01633c1c013700125ce8b4c1a2e1c240193c0199ba648fdf7907a76b320591604cce0f34d303b10a789c9b2a06b6af3e08418cce3042bfcf2ab38d602afd011341b09d42776c6b1414eb901a8cd68c2bc36793b5452846ebba3681c4834d,gx-no-cache=1458141073420 HTTP/1.1" 200 573
186.103.159.189 - - [16/Mar/2016:12:10:56 -0300] "GET /cormun/servlet/trvisualizadoreventos?dca5aa07d2678f084c1439ae356e13cc473bb9f40df0d356a1e54406a8c156e5448de99855beffb1e5cb81a93fa9f355308b5d2860709ac2be30812f223e45852adbb4b97be23e81f34e1b565baa2b8176181cacbfdd2d390cea7e37a014553f8dba01633c1c013700125ce8b4c1a2e1c240193c0199ba648fdf7907a76b320591604cce0f34d303b10a789c9b2a06b6af3e08418cce3042bfcf2ab38d602afd011341b09d42776c6b1414eb901a8cd6c447b6445bc11e213a641332c58aaaac,gx-no-cache=1458141074032 HTTP/1.1" 200 566
186.103.159.189 - - [16/Mar/2016:12:10:57 -0300] "GET /cormun/servlet/trvisualizadoreventos?dca5aa07d2678f084c1439ae356e13cc473bb9f40df0d356a1e54406a8c156e5448de99855beffb1e5cb81a93fa9f355308b5d2860709ac2be30812f223e45852adbb4b97be23e81f34e1b565baa2b8176181cacbfdd2d390cea7e37a014553f8dba01633c1c013700125ce8b4c1a2e1c240193c0199ba648fdf7907a76b320591604cce0f34d303b10a789c9b2a06b6af3e08418cce3042bfcf2ab38d602afd011341b09d42776c6b1414eb901a8cd61a3bf2dbfea99f44de89a58cc9ba2284,gx-no-cache=1458141074994 HTTP/1.1" 200 573
186.103.159.189 - - [16/Mar/2016:12:10:59 -0300] "GET /cormun/servlet/trvisualizadoreventos?dca5aa07d2678f084c1439ae356e13cc473bb9f40df0d356a1e54406a8c156e5448de99855beffb1e5cb81a93fa9f355308b5d2860709ac2be30812f223e45852adbb4b97be23e81f34e1b565baa2b8176181cacbfdd2d390cea7e37a014553f8dba01633c1c013700125ce8b4c1a2e1c240193c0199ba648fdf7907a76b320591604cce0f34d303b10a789c9b2a06b6af3e08418cce3042bfcf2ab38d602afd011341b09d42776c6b1414eb901a8cd6c447b6445bc11e213a641332c58aaaac,gx-no-cache=1458141077052 HTTP/1.1" 200 566
186.103.159.189 - - [16/Mar/2016:12:11:01 -0300] "GET /cormun/servlet/trvisualizadoreventos?dca5aa07d2678f084c1439ae356e13cc473bb9f40df0d356a1e54406a8c156e5448de99855beffb1e5cb81a93fa9f355308b5d2860709ac2be30812f223e45852adbb4b97be23e81f34e1b565baa2b8176181cacbfdd2d390cea7e37a014553f8dba01633c1c013700125ce8b4c1a2e1c240193c0199ba648fdf7907a76b320591604cce0f34d303b10a789c9b2a06b6af3e08418cce3042bfcf2ab38d602afd011341b09d42776c6b1414eb901a8cd62838ea85d40b8989a1869ba15956db58,gx-no-cache=1458141078430 HTTP/1.1" 200 571
186.103.196.84 - - [16/Mar/2016:12:11:14 -0300] "GET /cormun/servlet/hlogin HTTP/1.1" 200 1720
186.103.196.84 - - [16/Mar/2016:12:11:17 -0300] "POST /cormun/servlet/hlogin?a0ddc3a2275f8af81f0a009925fbd559,gx-no-cache=1458141102644 HTTP/1.1" 200 90
186.103.196.84 - - [16/Mar/2016:12:11:17 -0300] "GET /cormun/servlet/hpexe_link HTTP/1.1" 200 949
186.103.196.84 - - [16/Mar/2016:12:11:17 -0300] "GET /cormun/servlet/hhome HTTP/1.1" 200 3431
186.103.196.84 - - [16/Mar/2016:12:11:20 -0300] "GET /cormun/servlet/hhome HTTP/1.1" 200 3427
186.78.35.140 - - [16/Mar/2016:12:11:22 -0300] "POST /cormun/servlet/solicitudot?gx-no-cache=1458141110283 HTTP/1.1" 200 122
186.78.35.140 - - [16/Mar/2016:12:11:23 -0300] "POST /cormun/servlet/solicitudot?gx-no-cache=1458141110568 HTTP/1.1" 200 1169
186.78.35.140 - - [16/Mar/2016:12:11:23 -0300] "GET /cormun/servlet/solicitudot?c745fade424dcc4d0c57c4ba1291b91f1486c82f4f6a993d531ed3009c260315fe5a903c3531743145b97931f3f26cf016b8a90d46efaa675938218b95b158713beadd599d76473bc0c523aa9b9113405c0125402c336a35d6c7ded7a825d24713e88519da7282ab5d57ab73272c70a438929909f298f5b38d0276df2e0057e5b89f5f70bb798b377f78244ca568fbcf68246413cce1e96397a494fa1b0b0ce5,gx-no-cache=1458141110823 HTTP/1.1" 200 41
186.78.35.140 - - [16/Mar/2016:12:11:23 -0300] "POST /cormun/servlet/solicitudot?gx-no-cache=1458141110921 HTTP/1.1" 200 1127
186.78.35.140 - - [16/Mar/2016:12:11:23 -0300] "GET /cormun/servlet/solicitudot?c745fade424dcc4d0c57c4ba1291b91f82c1c2d3e194151885da598929b16a4158d6c0addc210d14df9cfd2d8eceb52e4d8d4a16fc270be1c32cc7b33d4a4094957e3be02e7d81976dc1440967c7b9b5521f5ed31254935ed65e61b3e953364ff00473a7b501573e448033007e1556ed8e7bf87c3908fc7bd62c2eab95281915959bfa54fcd88c9242da0b1337807c3748b740ccdbcbaac34f473ec96d3aa9794de10dedee6653b1c74bdb265e91f4fc7e27709c850bd9d2933fef1d90ecffb2,gx-no-cache=1458141111102 HTTP/1.1" 200 30
186.103.196.84 - - [16/Mar/2016:12:11:26 -0300] "GET /cormun/servlet/trautorizarsolicitud? HTTP/1.1" 200 6135
186.103.196.84 - - [16/Mar/2016:12:11:26 -0300] "GET /cormun/static/gxcfg.js?20163219504791 HTTP/1.1" 200 953
186.103.196.84 - - [16/Mar/2016:12:11:26 -0300] "GET /cormun/static/trautorizarsolicitud.js?20163219505323 HTTP/1.1" 200 45302
186.103.196.84 - - [16/Mar/2016:12:11:26 -0300] "GET /cormun/static/Resources/Spanish/PXTools.css?19444614 HTTP/1.1" 200 89042
186.103.196.84 - - [16/Mar/2016:12:11:28 -0300] "GET /cormun/servlet/trautorizarsolicitud? HTTP/1.1" 200 6135
186.103.159.189 - - [16/Mar/2016:12:11:32 -0300] "POST /cormun/servlet/trvisualizadoreventos?063ca3c9cd323a4690e75e9c74eb91b7,,gx-no-cache=1458141109475 HTTP/1.1" 200 3393
186.103.159.189 - - [16/Mar/2016:12:11:32 -0300] "POST /cormun/servlet/trvisualizadoreventos?063ca3c9cd323a4690e75e9c74eb91b7,,gx-no-cache=1458141109875 HTTP/1.1" 200 3393
186.103.159.189 - - [16/Mar/2016:12:11:33 -0300] "POST /cormun/servlet/trvisualizadoreventos?063ca3c9cd323a4690e75e9c74eb91b7,,gx-no-cache=1458141110446 HTTP/1.1" 200 3393
186.103.159.189 - - [16/Mar/2016:12:11:33 -0300] "POST /cormun/servlet/trvisualizadoreventos?063ca3c9cd323a4690e75e9c74eb91b7,,gx-no-cache=1458141110742 HTTP/1.1" 200 3393
186.103.159.189 - - [16/Mar/2016:12:11:34 -0300] "POST /cormun/servlet/trvisualizadoreventos?063ca3c9cd323a4690e75e9c74eb91b7,,gx-no-cache=1458141111072 HTTP/1.1" 200 3393
186.103.159.189 - - [16/Mar/2016:12:11:35 -0300] "POST /cormun/servlet/trvisualizadoreventos?063ca3c9cd323a4690e75e9c74eb91b7,,gx-no-cache=1458141112242 HTTP/1.1" 200 3393
186.103.159.189 - - [16/Mar/2016:12:11:38 -0300] "POST /cormun/servlet/trvisualizadoreventos?063ca3c9cd323a4690e75e9c74eb91b7,,gx-no-cache=1458141114980 HTTP/1.1" 200 4411
186.103.159.189 - - [16/Mar/2016:12:11:38 -0300] "GET /cormun/servlet/trvisualizadoreventos?dca5aa07d2678f084c1439ae356e13cccdfb3e66bafd0cb549a7c395adffb709448de99855beffb1e5cb81a93fa9f355308b5d2860709ac2be30812f223e45852adbb4b97be23e81f34e1b565baa2b8176181cacbfdd2d390cea7e37a014553f8dba01633c1c013700125ce8b4c1a2e1c240193c0199ba648fdf7907a76b320591604cce0f34d303b10a789c9b2a06b6af3e08418cce3042bfcf2ab38d602afd011341b09d42776c6b1414eb901a8cd62838ea85d40b8989a1869ba15956db58,gx-no-cache=1458141115862 HTTP/1.1" 200 1693
192.168.10.99 - - [16/Mar/2016:12:11:41 -0300] "POST /cormun/servlet/trsolicitudgral?db091de016acd0d079ff466d64140ec4,,gx-no-cache=1458140848516 HTTP/1.1" 440 972
186.103.196.84 - - [16/Mar/2016:12:11:46 -0300] "GET /cormun/servlet/hhome HTTP/1.1" 200 3431
192.168.10.99 - - [16/Mar/2016:12:11:48 -0300] "POST /cormun/servlet/trsolicitudgral?db091de016acd0d079ff466d64140ec4,,gx-no-cache=1458140855648 HTTP/1.1" 440 972
186.103.196.84 - - [16/Mar/2016:12:11:48 -0300] "GET /cormun/servlet/hhome HTTP/1.1" 200 3427
186.103.159.189 - - [16/Mar/2016:12:11:48 -0300] "POST /cormun/servlet/trvisualizadoreventos?063ca3c9cd323a4690e75e9c74eb91b7,,gx-no-cache=1458141125537 HTTP/1.1" 200 4496
192.168.10.99 - - [16/Mar/2016:12:11:49 -0300] "POST /cormun/servlet/trsolicitudgral?db091de016acd0d079ff466d64140ec4,,gx-no-cache=1458140856761 HTTP/1.1" 440 972
186.103.159.189 - - [16/Mar/2016:12:11:49 -0300] "GET /cormun/servlet/trvisualizadoreventos?dca5aa07d2678f084c1439ae356e13ccade77851c28254f91de5f4cadb2f5a3b25646370261cec0f3820ba3436954b90f39cb5e351f3445689cbe27fc7cc90fcaa39ed3123bc4b5af9cf52b3497d9fc0188914dffdb884aefb8249f45849cf4627645b5b1b708d0fce4c13e029d421b942e3a88edbe790aa683f38005ec321c4c79d380b4bb32c29f792ee6b6d1a709147b75247294586cea9949cc52b4ab77c29b3921d934ecc7b5869d77858aa895446946a9936a2f8ed0cc98ae8cf420da2ad7b4d0bf2a03b5f9bb0f135d8976080,gx-no-cache=1458141126470 HTTP/1.1" 200 1798
192.168.10.99 - - [16/Mar/2016:12:11:53 -0300] "GET /cormun/servlet/trsolicitudgral? HTTP/1.1" 200 8176
192.168.10.99 - - [16/Mar/2016:12:11:54 -0300] "GET /cormun/servlet/hlogin HTTP/1.1" 200 1740
192.168.10.99 - - [16/Mar/2016:12:11:54 -0300] "GET /cormun/servlet/trsolicitudgral? HTTP/1.1" 200 8176
186.103.196.84 - - [16/Mar/2016:12:11:56 -0300] "GET /cormun/servlet/trsolicitudot? HTTP/1.1" 200 6190
186.103.159.189 - - [16/Mar/2016:12:11:56 -0300] "POST /cormun/servlet/trvisualizadoreventos?063ca3c9cd323a4690e75e9c74eb91b7,,gx-no-cache=1458141133297 HTTP/1.1" 200 3396
186.103.159.189 - - [16/Mar/2016:12:11:56 -0300] "GET /cormun/servlet/trvisualizadoreventos?dca5aa07d2678f084c1439ae356e13cc29947321a834a528e5ef6da8cf0268850509110fdbf0044e4476aa04aa11e648f39cb5e351f3445689cbe27fc7cc90fcaa39ed3123bc4b5af9cf52b3497d9fc0188914dffdb884aefb8249f45849cf4627645b5b1b708d0fce4c13e029d421b942e3a88edbe790aa683f38005ec321c4c79d380b4bb32c29f792ee6b6d1a709147b75247294586cea9949cc52b4ab77c29b3921d934ecc7b5869d77858aa8954034faf86485050a0be886c5a80f4b9c1ad7b4d0bf2a03b5f9bb0f135d8976080,gx-no-cache=1458141133737 HTTP/1.1" 200 579
186.103.196.84 - - [16/Mar/2016:12:11:57 -0300] "GET /cormun/servlet/trsolicitudot? HTTP/1.1" 200 6189
186.78.35.140 - - [16/Mar/2016:12:11:57 -0300] "POST /cormun/servlet/solicitudot?953d43f81e648d11b2dd7b9cd42dda9f,INS,0,0,,gx-no-cache=1458141145125 HTTP/1.1" 200 9449
186.78.35.140 - - [16/Mar/2016:12:11:58 -0300] "GET /cormun/static/Shared/jqueryui/images/ui-bg_flat_55_994d53_40x100.png HTTP/1.1" 404 1097
186.78.35.140 - - [16/Mar/2016:12:11:58 -0300] "GET /cormun/static/Shared/jqueryui/images/ui-icons_ebccce_256x240.png HTTP/1.1" 404 1089
186.103.196.84 - - [16/Mar/2016:12:12:00 -0300] "POST /cormun/servlet/trsolicitudot?a0ddc3a2275f8af81f0a009925fbd559,,gx-no-cache=1458141146096 HTTP/1.1" 200 3498
192.168.10.99 - - [16/Mar/2016:12:12:01 -0300] "POST /cormun/servlet/hlogin?ab6cee6ac13d1323e5769ee4ec08ee2e,gx-no-cache=1458140869061 HTTP/1.1" 200 90
192.168.10.99 - - [16/Mar/2016:12:12:01 -0300] "GET /cormun/servlet/hpexe_link HTTP/1.1" 200 961
192.168.10.99 - - [16/Mar/2016:12:12:01 -0300] "GET /cormun/servlet/trsolicitudgral HTTP/1.1" 200 8895
192.168.10.99 - - [16/Mar/2016:12:12:02 -0300] "GET /cormun/servlet/trsolicitudgral HTTP/1.1" 200 8894
186.103.159.189 - - [16/Mar/2016:12:12:06 -0300] "POST /cormun/servlet/trvisualizadoreventos?063ca3c9cd323a4690e75e9c74eb91b7,,gx-no-cache=1458141142994 HTTP/1.1" 200 4411
192.168.10.99 - - [16/Mar/2016:12:12:06 -0300] "POST /cormun/servlet/trsolicitudgral?ab6cee6ac13d1323e5769ee4ec08ee2e,gx-no-cache=1458140873428 HTTP/1.1" 200 5899
192.168.10.99 - - [16/Mar/2016:12:12:06 -0300] "POST /cormun/servlet/trsolicitudgral?ab6cee6ac13d1323e5769ee4ec08ee2e,gx-no-cache=1458140873626 HTTP/1.1" 200 5899
192.168.10.99 - - [16/Mar/2016:12:12:06 -0300] "POST /cormun/servlet/trsolicitudgral?ab6cee6ac13d1323e5769ee4ec08ee2e,gx-no-cache=1458140873798 HTTP/1.1" 200 5898
192.168.10.99 - - [16/Mar/2016:12:12:06 -0300] "POST /cormun/servlet/trsolicitudgral?ab6cee6ac13d1323e5769ee4ec08ee2e,gx-no-cache=1458140873958 HTTP/1.1" 200 5899
186.103.159.189 - - [16/Mar/2016:12:12:06 -0300] "GET /cormun/servlet/trvisualizadoreventos?dca5aa07d2678f084c1439ae356e13cccdfb3e66bafd0cb549a7c395adffb709448de99855beffb1e5cb81a93fa9f355308b5d2860709ac2be30812f223e45852adbb4b97be23e81f34e1b565baa2b8176181cacbfdd2d390cea7e37a014553f8dba01633c1c013700125ce8b4c1a2e1c240193c0199ba648fdf7907a76b320591604cce0f34d303b10a789c9b2a06b6af3e08418cce3042bfcf2ab38d602afd011341b09d42776c6b1414eb901a8cd62e590aaf88372eecaea9ab24b1a5adba,gx-no-cache=1458141143755 HTTP/1.1" 200 1693
192.168.10.99 - - [16/Mar/2016:12:12:06 -0300] "POST /cormun/servlet/trsolicitudgral?ab6cee6ac13d1323e5769ee4ec08ee2e,gx-no-cache=1458140874136 HTTP/1.1" 200 5899
192.168.10.99 - - [16/Mar/2016:12:12:07 -0300] "POST /cormun/servlet/trsolicitudgral?ab6cee6ac13d1323e5769ee4ec08ee2e,gx-no-cache=1458140874410 HTTP/1.1" 200 5899
192.168.10.99 - - [16/Mar/2016:12:12:07 -0300] "POST /cormun/servlet/trsolicitudgral?ab6cee6ac13d1323e5769ee4ec08ee2e,gx-no-cache=1458140874624 HTTP/1.1" 200 5899
186.103.196.84 - - [16/Mar/2016:12:12:10 -0300] "GET /cormun/servlet/trsolicitudot?b765b41f42075d9ffa56b9f1d47527f4d14eb6aefd8aa72c2b6280789b53c87ee099b17ff72db94f88e92fae7bc89b5ee8f0b3a13ae866173ee483c7f4431845f793ace611899410e5ab6cad1e0f27a49a8c92b76eb1c2be85cb6e525103bb16,gx-no-cache=1458141156188 HTTP/1.1" 200 759
186.103.196.84 - - [16/Mar/2016:12:12:11 -0300] "POST /cormun/servlet/trsolicitudot?a0ddc3a2275f8af81f0a009925fbd559,,gx-no-cache=1458141156408 HTTP/1.1" 200 3498
186.103.196.84 - - [16/Mar/2016:12:12:11 -0300] "POST /cormun/servlet/trsolicitudot?a0ddc3a2275f8af81f0a009925fbd559,,gx-no-cache=1458141156657 HTTP/1.1" 200 3499
186.103.196.84 - - [16/Mar/2016:12:12:12 -0300] "GET /cormun/servlet/trsolicitudot?b765b41f42075d9ffa56b9f1d47527f413e5c457ca3a0651300f9576c3fe07b4b8f0ad304721b3e4736589e8f41fd7ae6b89fe611e28d93aa351f8f8b66cd3534dd179069a4e1e30995363a0e39eeed10b66577559cf6e503b536aa39dab6659,gx-no-cache=1458141158337 HTTP/1.1" 200 759
186.103.196.84 - - [16/Mar/2016:12:12:13 -0300] "GET /cormun/servlet/trsolicitudot?b765b41f42075d9ffa56b9f1d47527f4e2a763033ad19602380dd47baac5819c6157ab2ced3c65feaf9de452d37f38c3dabb761f6a9523a576e7797eeb291ce8e75e4fad3b0093c417a2d13079dcb85d81d827c69711b9e4de9f96eac30e600a,gx-no-cache=1458141158886 HTTP/1.1" 200 759
186.103.196.84 - - [16/Mar/2016:12:12:14 -0300] "POST /cormun/servlet/trsolicitudot?a0ddc3a2275f8af81f0a009925fbd559,,gx-no-cache=1458141159927 HTTP/1.1" 200 3507
186.103.159.189 - - [16/Mar/2016:12:12:14 -0300] "POST /cormun/servlet/trvisualizadoreventos?063ca3c9cd323a4690e75e9c74eb91b7,,gx-no-cache=1458141151781 HTTP/1.1" 200 3396
186.103.159.189 - - [16/Mar/2016:12:12:15 -0300] "GET /cormun/servlet/trvisualizadoreventos?dca5aa07d2678f084c1439ae356e13cc078b01ca8aeaba375522607de96249e725646370261cec0f3820ba3436954b90f39cb5e351f3445689cbe27fc7cc90fcaa39ed3123bc4b5af9cf52b3497d9fc0188914dffdb884aefb8249f45849cf4627645b5b1b708d0fce4c13e029d421b942e3a88edbe790aa683f38005ec321c4c79d380b4bb32c29f792ee6b6d1a709147b75247294586cea9949cc52b4ab77c29b3921d934ecc7b5869d77858aa895446946a9936a2f8ed0cc98ae8cf420da2ad7b4d0bf2a03b5f9bb0f135d8976080,gx-no-cache=1458141152191 HTTP/1.1" 200 578
186.103.196.84 - - [16/Mar/2016:12:12:17 -0300] "GET /cormun/servlet/trsolicitudot?b765b41f42075d9ffa56b9f1d47527f4e2a763033ad19602380dd47baac5819c7c6f65b15cad0e6e53c64db3050f52764ba6b6315ad8bfd6910a15817f95e08d443d27a18d4eec156d5c75feef4b170ccd42ce0e04c9273aa9d02798012c3c9e,gx-no-cache=1458141162484 HTTP/1.1" 200 763
186.103.196.84 - - [16/Mar/2016:12:12:23 -0300] "GET /cormun/servlet/solicitudot?INS,0,0, HTTP/1.1" 200 11450
