186.78.48.82 - - [16/Mar/2016:13:16:36 -0300] "GET /cormun/servlet/trsolicitudot?e9aa0717640695cb50e5aac2c716855c79443519eee653d9c05c90bb958391e035ecb97eea6a4d86542349e768760c356638c262d5cd16fbe44c83fba08bf3184ea5799fa30281955c78266344b7c13a080d0790836cda9492dc997e91f78889,gx-no-cache=1458148708196 HTTP/1.1" 200 759
186.78.48.82 - - [16/Mar/2016:13:16:37 -0300] "POST /cormun/servlet/trsolicitudot?e661925c73fd56b42cd70243d6f3dbeb,,gx-no-cache=1458148708637 HTTP/1.1" 200 3488
186.78.48.82 - - [16/Mar/2016:13:16:38 -0300] "POST /cormun/servlet/trsolicitudot?e661925c73fd56b42cd70243d6f3dbeb,,gx-no-cache=1458148709703 HTTP/1.1" 200 3492
186.78.48.82 - - [16/Mar/2016:13:16:38 -0300] "GET /cormun/servlet/trsolicitudot?e9aa0717640695cb50e5aac2c716855ce9ca890a9fd83f4d51400106b3cdd513e8e3e13c2a3efb9585cb14482a96236519cb830fab20cc26986cc675332952b9cd3752c2a77da03a54a86384548d1d00,gx-no-cache=1458148710104 HTTP/1.1" 200 763
186.78.48.82 - - [16/Mar/2016:13:16:43 -0300] "GET /cormun/servlet/trsolicitudot?e9aa0717640695cb50e5aac2c716855cc23508bf96291d34e76aa64c589c50e545724ce9710e84bafaabd11ed2385332c756e7cb04101ff9e630c3ffba25b755676ab32628e001688fb32f1434f43995,gx-no-cache=1458148714726 HTTP/1.1" 200 763
186.78.48.82 - - [16/Mar/2016:13:16:45 -0300] "GET /cormun/servlet/trsolicitudot?e9aa0717640695cb50e5aac2c716855c79443519eee653d9c05c90bb958391e041fd515cd8e0d2492c13328dd8ac10f76638c262d5cd16fbe44c83fba08bf3184ea5799fa30281955c78266344b7c13a080d0790836cda9492dc997e91f78889,gx-no-cache=1458148717663 HTTP/1.1" 200 763
186.78.48.82 - - [16/Mar/2016:13:16:47 -0300] "POST /cormun/servlet/trsolicitudot?e661925c73fd56b42cd70243d6f3dbeb,,gx-no-cache=1458148719147 HTTP/1.1" 200 3505
186.78.48.82 - - [16/Mar/2016:13:16:49 -0300] "GET /cormun/servlet/trsolicitudot?e9aa0717640695cb50e5aac2c716855c79443519eee653d9c05c90bb958391e07e6663416bba9cd5778fb06422eec1368aa811155ac441acd9d980917f752fcab83abcdfad7702e3042895207fd266cf4eedc8a98429d9fe0c593284e751eca5,gx-no-cache=1458148721517 HTTP/1.1" 200 772
186.78.48.82 - - [16/Mar/2016:13:16:52 -0300] "GET /cormun/servlet/solicitudot?INS,0,0, HTTP/1.1" 200 11451
186.78.48.82 - - [16/Mar/2016:13:16:53 -0300] "GET /cormun/static/gxcfg.js?20163219435133 HTTP/1.1" 200 953
186.78.48.82 - - [16/Mar/2016:13:16:53 -0300] "GET /cormun/static/Resources/prompt.gif HTTP/1.1" 200 902
186.78.48.82 - - [16/Mar/2016:13:16:55 -0300] "GET /cormun/static/solicitudot.js?20163219435183 HTTP/1.1" 200 44151
186.78.48.82 - - [16/Mar/2016:13:16:55 -0300] "GET /cormun/static/Resources/Spanish/PXTools.css?1944839 HTTP/1.1" 200 89042
186.78.48.82 - - [16/Mar/2016:13:16:56 -0300] "GET /cormun/servlet/solicitudot?INS,0,0, HTTP/1.1" 200 11456
186.78.48.82 - - [16/Mar/2016:13:17:05 -0300] "POST /cormun/servlet/solicitudot?gx-no-cache=1458148738168 HTTP/1.1" 200 2740
186.78.48.82 - - [16/Mar/2016:13:17:06 -0300] "POST /cormun/servlet/solicitudot?e661925c73fd56b42cd70243d6f3dbeb,INS,0,0,,gx-no-cache=1458148738792 HTTP/1.1" 200 8349
186.78.48.82 - - [16/Mar/2016:13:17:16 -0300] "GET /cormun/servlet/solicitudot?b153520db8855ce777fcf857194a6eb49ca60323c7b73e23fc14105995ca967767f932c9e3ebf3e1e359ac22d9fd42e6,gx-no-cache=1458148749931 HTTP/1.1" 200 30
186.78.48.82 - - [16/Mar/2016:13:17:16 -0300] "POST /cormun/servlet/solicitudot?gx-no-cache=1458148750452 HTTP/1.1" 200 30
186.78.48.82 - - [16/Mar/2016:13:17:23 -0300] "POST /cormun/servlet/solicitudot?gx-no-cache=1458148758510 HTTP/1.1" 200 30
186.78.48.82 - - [16/Mar/2016:13:17:32 -0300] "POST /cormun/servlet/solicitudot?gx-no-cache=1458148767816 HTTP/1.1" 200 452
186.78.48.82 - - [16/Mar/2016:13:17:33 -0300] "GET /cormun/servlet/solicitudot?b153520db8855ce777fcf857194a6eb44bcafac2dc91bd7890b0071057b55cbd3ea90906a95b0130a7527a913448a97abcf1e392cd7234f96086f2dc749c7118c76d7449cc4ab692cc0c84616a4a5548e055f51468ce6e67b81f207206b929db984c83527504643deecf1c7bed5387faa58f07fb469121a817e818d87c8b0c3efd71bf7eec6f47ecd34ae47aaa4bfeb1,gx-no-cache=1458148768518 HTTP/1.1" 200 38
186.78.48.82 - - [16/Mar/2016:13:17:41 -0300] "GET /cormun/servlet/solicitudot?b153520db8855ce777fcf857194a6eb47967099126326ad0bf13e25adfc59950b937ee3711b0a30e45d75c8f4466e3b2067877c6d81180df06d20057b627a5f85a036b142eecdc9ae66aa61accd6b4edaec5022bf46cff2e3c2bf606089180974c2981857a7ad550d5acabe17175c46a,gx-no-cache=1458148777864 HTTP/1.1" 200 29
186.78.48.82 - - [16/Mar/2016:13:17:43 -0300] "POST /cormun/servlet/solicitudot?gx-no-cache=1458148780028 HTTP/1.1" 200 1128
186.78.48.82 - - [16/Mar/2016:13:18:08 -0300] "GET /cormun/static/menuarrow.gif HTTP/1.1" 404 1015
186.78.48.82 - - [16/Mar/2016:13:18:21 -0300] "GET /cormun/servlet/solicitudot?b153520db8855ce777fcf857194a6eb4c77bdd9dd5f98882fcd16c4ea406c97ba59bdd061225733fee49f79601791b4e85caca46562df29d2c372986ab27409c46fee3cfb0e819f41b1b0bf7459ed9e7bd51d0cd426fd668687b210ab45c372fd13d5a249835687b9d26606055de53a87e652a00a93994307316852586974186e2e8c459c86744816c5daa4599ca093b1dcd1ffe83f34fb862f1709e0e5e14082f0b2e40bb78ae3f148dfb8906e74f5c,gx-no-cache=1458148821763 HTTP/1.1" 200 30
186.78.48.82 - - [16/Mar/2016:13:18:35 -0300] "POST /cormun/servlet/solicitudot?e661925c73fd56b42cd70243d6f3dbeb,INS,0,0,,gx-no-cache=1458148835243 HTTP/1.1" 200 9282
186.78.48.82 - - [16/Mar/2016:13:18:35 -0300] "GET /cormun/static/Shared/jqueryui/images/ui-bg_highlight-soft_100_c6c2c8_1x100.png HTTP/1.1" 404 1117
186.78.48.82 - - [16/Mar/2016:13:18:36 -0300] "GET /cormun/static/Shared/jqueryui/images/ui-icons_82798d_256x240.png HTTP/1.1" 404 1089
186.78.48.82 - - [16/Mar/2016:13:18:36 -0300] "GET /cormun/static/Shared/jqueryui/images/ui-bg_flat_55_994d53_40x100.png HTTP/1.1" 404 1097
186.78.48.82 - - [16/Mar/2016:13:18:36 -0300] "GET /cormun/static/Shared/jqueryui/images/ui-icons_ebccce_256x240.png HTTP/1.1" 404 1089
200.112.233.47 - - [16/Mar/2016:13:19:11 -0300] "GET /cormun/servlet/hlogin HTTP/1.1" 200 1710
200.112.233.47 - - [16/Mar/2016:13:19:11 -0300] "GET /cormun/static/Resources/Spanish/PXTools.css?005343 HTTP/1.1" 304 -
200.112.233.47 - - [16/Mar/2016:13:19:11 -0300] "GET /cormun/static/gxtimezone.js?85251 HTTP/1.1" 304 -
200.112.233.47 - - [16/Mar/2016:13:19:12 -0300] "GET /cormun/static/gxgral.js?85251 HTTP/1.1" 304 -
200.112.233.47 - - [16/Mar/2016:13:19:12 -0300] "GET /cormun/static/gxcfg.js?20151120045111 HTTP/1.1" 304 -
200.112.233.47 - - [16/Mar/2016:13:19:12 -0300] "GET /cormun/static/messages.spa.js?85251 HTTP/1.1" 304 -
200.112.233.47 - - [16/Mar/2016:13:19:12 -0300] "GET /cormun/static/hlogin.js?20151120045126 HTTP/1.1" 304 -
200.112.233.47 - - [16/Mar/2016:13:19:12 -0300] "GET /cormun/static/Resources/ComunLogin.png HTTP/1.1" 304 -
200.112.233.47 - - [16/Mar/2016:13:19:12 -0300] "GET /cormun/static/Resources/PXToolsLoginTop.png HTTP/1.1" 304 -
200.112.233.47 - - [16/Mar/2016:13:19:12 -0300] "GET /cormun/static/Resources/PXToolsLoginBackground.png HTTP/1.1" 304 -
200.112.233.47 - - [16/Mar/2016:13:19:12 -0300] "GET /cormun/static/Resources/PXToolsButtonLeft21.png HTTP/1.1" 304 -
200.112.233.47 - - [16/Mar/2016:13:19:12 -0300] "GET /cormun/static/Resources/PXToolsButtonRight21.png HTTP/1.1" 304 -
200.112.233.47 - - [16/Mar/2016:13:19:12 -0300] "GET /cormun/static/Resources/PXToolsButtonBackground2.png HTTP/1.1" 304 -
200.112.233.47 - - [16/Mar/2016:13:19:12 -0300] "GET /cormun/static/Resources/PXToolsLoginBottom.png HTTP/1.1" 304 -
200.112.233.47 - - [16/Mar/2016:13:19:12 -0300] "GET /cormun/servlet/hlogin HTTP/1.1" 200 1710
200.112.233.47 - - [16/Mar/2016:13:19:12 -0300] "GET /cormun/static/Resources/indicator.gif HTTP/1.1" 304 -
186.78.48.82 - - [16/Mar/2016:13:19:17 -0300] "POST /cormun/servlet/solicitudot?gx-no-cache=1458148881701 HTTP/1.1" 200 30
186.78.48.82 - - [16/Mar/2016:13:19:18 -0300] "POST /cormun/servlet/solicitudot?gx-no-cache=1458148883502 HTTP/1.1" 200 30
186.78.48.82 - - [16/Mar/2016:13:19:19 -0300] "POST /cormun/servlet/solicitudot?gx-no-cache=1458148883960 HTTP/1.1" 200 1166
186.78.48.82 - - [16/Mar/2016:13:19:19 -0300] "GET /cormun/servlet/solicitudot?b153520db8855ce777fcf857194a6eb44bcafac2dc91bd7890b0071057b55cbd3ea90906a95b0130a7527a913448a97abcf1e392cd7234f96086f2dc749c7118c76d7449cc4ab692cc0c84616a4a5548e055f51468ce6e67b81f207206b929db984c83527504643deecf1c7bed5387faa58f07fb469121a817e818d87c8b0c3e00b0daa57dd5cba100d8110e66dbd3e0decb43252112c2e292c1983fa576c01f,gx-no-cache=1458148884946 HTTP/1.1" 200 41
186.78.48.82 - - [16/Mar/2016:13:19:20 -0300] "POST /cormun/servlet/solicitudot?gx-no-cache=1458148885520 HTTP/1.1" 200 1128
186.78.48.82 - - [16/Mar/2016:13:19:20 -0300] "GET /cormun/servlet/solicitudot?b153520db8855ce777fcf857194a6eb4c77bdd9dd5f98882fcd16c4ea406c97ba59bdd061225733fee49f79601791b4e85caca46562df29d2c372986ab27409c46fee3cfb0e819f41b1b0bf7459ed9e7bd51d0cd426fd668687b210ab45c372fd13d5a249835687b9d26606055de53a87e652a00a93994307316852586974186e2e8c459c86744816c5daa4599ca093b1dcd1ffe83f34fb862f1709e0e5e14082f0b2e40bb78ae3f148dfb8906e74f5c,gx-no-cache=1458148886225 HTTP/1.1" 200 30
200.112.233.47 - - [16/Mar/2016:13:19:21 -0300] "POST /cormun/servlet/hlogin?22b73105b7db2a2aae4dba5027cfb311,gx-no-cache=1458148797718 HTTP/1.1" 200 90
200.112.233.47 - - [16/Mar/2016:13:19:22 -0300] "GET /cormun/servlet/hpexe_link HTTP/1.1" 200 945
186.78.48.82 - - [16/Mar/2016:13:19:22 -0300] "POST /cormun/servlet/solicitudot?e661925c73fd56b42cd70243d6f3dbeb,INS,0,0,,gx-no-cache=1458148886824 HTTP/1.1" 200 93
200.112.233.47 - - [16/Mar/2016:13:19:22 -0300] "GET /cormun/static/gxcfg.js?20151120044395 HTTP/1.1" 304 -
200.112.233.47 - - [16/Mar/2016:13:19:22 -0300] "GET /cormun/static/hpexe_link.js?20151120044398 HTTP/1.1" 304 -
200.112.233.47 - - [16/Mar/2016:13:19:22 -0300] "GET /cormun/servlet/hhome HTTP/1.1" 200 3458
186.78.48.82 - - [16/Mar/2016:13:19:22 -0300] "GET /cormun/servlet/hpexe_return? HTTP/1.1" 200 1013
200.112.233.47 - - [16/Mar/2016:13:19:22 -0300] "GET /cormun/static/Resources/Spanish/PXTools.css?10515224 HTTP/1.1" 304 -
200.112.233.47 - - [16/Mar/2016:13:19:22 -0300] "GET /cormun/static/Shared/jqueryui/jquery-ui.min.css?1345370 HTTP/1.1" 304 -
200.112.233.47 - - [16/Mar/2016:13:19:22 -0300] "GET /cormun/static/SmoothNavMenu/resources/ddsmoothmenu.css?1112540 HTTP/1.1" 304 -
200.112.233.47 - - [16/Mar/2016:13:19:22 -0300] "GET /cormun/static/SmoothNavMenu/resources/ddsmoothmenu-v.css?1112540 HTTP/1.1" 304 -
200.112.233.47 - - [16/Mar/2016:13:19:22 -0300] "GET /cormun/static/scaMessage/css/jquery.pnotify.default.css?1816380 HTTP/1.1" 304 -
200.112.233.47 - - [16/Mar/2016:13:19:22 -0300] "GET /cormun/static/gxcfg.js?2015112210564248 HTTP/1.1" 304 -
200.112.233.47 - - [16/Mar/2016:13:19:23 -0300] "GET /cormun/static/PXToolsJavascripts/pexe_autoreload.js HTTP/1.1" 304 -
200.112.233.47 - - [16/Mar/2016:13:19:23 -0300] "GET /cormun/static/PXToolsJavascripts/pexe_cookies.js HTTP/1.1" 304 -
200.112.233.47 - - [16/Mar/2016:13:19:23 -0300] "GET /cormun/static/PXToolsJavascripts/pexe_windows.js HTTP/1.1" 304 -
186.78.48.82 - - [16/Mar/2016:13:19:23 -0300] "GET /cormun/static/gxcfg.js?2015111312145050 HTTP/1.1" 200 953
200.112.233.47 - - [16/Mar/2016:13:19:23 -0300] "GET /cormun/static/PXToolsJavascripts/pexe_grid.js HTTP/1.1" 304 -
200.112.233.47 - - [16/Mar/2016:13:19:23 -0300] "GET /cormun/static/PXToolsJavascripts/pexe_griddivfix.js HTTP/1.1" 304 -
200.112.233.47 - - [16/Mar/2016:13:19:23 -0300] "GET /cormun/static/PXToolsJavascripts/pexe_link.js HTTP/1.1" 304 -
200.112.233.47 - - [16/Mar/2016:13:19:23 -0300] "GET /cormun/static/PXToolsJavascripts/pexe_menudivfix.js HTTP/1.1" 304 -
200.112.233.47 - - [16/Mar/2016:13:19:23 -0300] "GET /cormun/static/PXToolsJavascripts/pexe_menus.js HTTP/1.1" 304 -
200.112.233.47 - - [16/Mar/2016:13:19:23 -0300] "GET /cormun/static/PXToolsJavascripts/pexe_layers.js HTTP/1.1" 304 -
200.112.233.47 - - [16/Mar/2016:13:19:23 -0300] "GET /cormun/static/PXToolsJavascripts/pexe_oavdivfix.js HTTP/1.1" 304 -
200.112.233.47 - - [16/Mar/2016:13:19:23 -0300] "GET /cormun/static/PXToolsJavascripts/pexe_oav.js HTTP/1.1" 304 -
200.112.233.47 - - [16/Mar/2016:13:19:23 -0300] "GET /cormun/static/PXToolsJavascripts/pexe_picture.js HTTP/1.1" 304 -
200.112.233.47 - - [16/Mar/2016:13:19:23 -0300] "GET /cormun/static/PXToolsJavascripts/pexe_popup.js HTTP/1.1" 304 -
200.112.233.47 - - [16/Mar/2016:13:19:23 -0300] "GET /cormun/static/PXToolsJavascripts/pexe_scrolldiv.js HTTP/1.1" 304 -
200.112.233.47 - - [16/Mar/2016:13:19:23 -0300] "GET /cormun/static/PXToolsJavascripts/pexe_tabdivfix.js HTTP/1.1" 304 -
200.112.233.47 - - [16/Mar/2016:13:19:23 -0300] "GET /cormun/static/PXToolsJavascripts/pexe_tabs.js HTTP/1.1" 304 -
200.112.233.47 - - [16/Mar/2016:13:19:23 -0300] "GET /cormun/static/PXToolsJavascripts/pexe_upload.js HTTP/1.1" 304 -
200.112.233.47 - - [16/Mar/2016:13:19:23 -0300] "GET /cormun/static/PXToolsJavascripts/PXToolsJavascriptsRender.js HTTP/1.1" 304 -
200.112.233.47 - - [16/Mar/2016:13:19:23 -0300] "GET /cormun/static/RunJS/RunJS.js HTTP/1.1" 304 -
186.78.48.82 - - [16/Mar/2016:13:19:23 -0300] "GET /cormun/static/hpexe_return.js?2015111312145056 HTTP/1.1" 200 1633
200.112.233.47 - - [16/Mar/2016:13:19:23 -0300] "GET /cormun/static/Shared/ext/ext-all.js HTTP/1.1" 304 -
200.112.233.47 - - [16/Mar/2016:13:19:23 -0300] "GET /cormun/static/gxui/gxui-all.js HTTP/1.1" 304 -
200.112.233.47 - - [16/Mar/2016:13:19:23 -0300] "GET /cormun/static/Shared/ext/locale/ext-lang-en.js HTTP/1.1" 304 -
200.112.233.47 - - [16/Mar/2016:13:19:23 -0300] "GET /cormun/static/hhome.js?2015112210564255 HTTP/1.1" 304 -
200.112.233.47 - - [16/Mar/2016:13:19:23 -0300] "GET /cormun/static/hwchdr01.js?20162241650484 HTTP/1.1" 304 -
200.112.233.47 - - [16/Mar/2016:13:19:23 -0300] "GET /cormun/static/hpexe_recentlink.js?2015111312121342 HTTP/1.1" 304 -
200.112.233.47 - - [16/Mar/2016:13:19:24 -0300] "GET /cormun/static/hpexe_scripts.js?20151120014546 HTTP/1.1" 304 -
200.112.233.47 - - [16/Mar/2016:13:19:24 -0300] "GET /cormun/static/hpexe_messagecontroller.js?2015112210524422 HTTP/1.1" 304 -
200.112.233.47 - - [16/Mar/2016:13:19:24 -0300] "GET /cormun/static/hpexe_messagepopupcomponent.js?20163219454551 HTTP/1.1" 304 -
200.112.233.47 - - [16/Mar/2016:13:19:24 -0300] "GET /cormun/static/hpexe_messagegenexuscomponent.js?20151120014314 HTTP/1.1" 304 -
200.112.233.47 - - [16/Mar/2016:13:19:24 -0300] "GET /cormun/static/cmcontrolpreferences.js?20151120014525 HTTP/1.1" 304 -
200.112.233.47 - - [16/Mar/2016:13:19:24 -0300] "GET /cormun/static/Shared/jquery/jquery-1.4.2.min.js HTTP/1.1" 304 -
200.112.233.47 - - [16/Mar/2016:13:19:24 -0300] "GET /cormun/static/Shared/jquery/jquery-1.10.2.min.js HTTP/1.1" 304 -
200.112.233.47 - - [16/Mar/2016:13:19:24 -0300] "GET /cormun/static/Shared/jqueryui/jquery-ui.min.js HTTP/1.1" 304 -
200.112.233.47 - - [16/Mar/2016:13:19:24 -0300] "GET /cormun/static/SmoothNavMenu/resources/ddsmoothmenu.js HTTP/1.1" 304 -
200.112.233.47 - - [16/Mar/2016:13:19:24 -0300] "GET /cormun/static/SmoothNavMenu/resources/SmoothNavMenuRender.js HTTP/1.1" 304 -
200.112.233.47 - - [16/Mar/2016:13:19:24 -0300] "GET /cormun/static/scaMessage/js/jquery.pnotify.min.js HTTP/1.1" 304 -
200.112.233.47 - - [16/Mar/2016:13:19:24 -0300] "GET /cormun/static/scaMessage/scaMessageRender.js HTTP/1.1" 304 -
200.112.233.47 - - [16/Mar/2016:13:19:24 -0300] "GET /cormun/static/hmpwkw03.js?2016311993330 HTTP/1.1" 304 -
200.112.233.47 - - [16/Mar/2016:13:19:24 -0300] "GET /cormun/static/Resources/logo4.png HTTP/1.1" 304 -
200.112.233.47 - - [16/Mar/2016:13:19:24 -0300] "GET /cormun/static/Resources/PXToolsFooterBackground2.png HTTP/1.1" 304 -
200.112.233.47 - - [16/Mar/2016:13:19:24 -0300] "GET /cormun/static/Resources/PXToolsHeaderActionsLeft.png HTTP/1.1" 304 -
200.112.233.47 - - [16/Mar/2016:13:19:24 -0300] "GET /cormun/static/Resources/PXToolsHeaderHome.png HTTP/1.1" 304 -
200.112.233.47 - - [16/Mar/2016:13:19:24 -0300] "GET /cormun/static/Resources/PXToolsHeaderActionsBackground.png HTTP/1.1" 304 -
200.112.233.47 - - [16/Mar/2016:13:19:24 -0300] "GET /cormun/static/Resources/PXToolsHeaderSecurity.png HTTP/1.1" 304 -
200.112.233.47 - - [16/Mar/2016:13:19:24 -0300] "GET /cormun/static/Resources/PXToolsHeaderActionsRight.png HTTP/1.1" 304 -
200.112.233.47 - - [16/Mar/2016:13:19:24 -0300] "GET /cormun/static/Resources/PXToolsHeaderLogin.png HTTP/1.1" 304 -
200.112.233.47 - - [16/Mar/2016:13:19:24 -0300] "GET /cormun/static/Resources/PXToolsHeaderPreferences.png HTTP/1.1" 304 -
200.112.233.47 - - [16/Mar/2016:13:19:24 -0300] "GET /cormun/static/Resources/PXToolsDataTitle.png HTTP/1.1" 304 -
200.112.233.47 - - [16/Mar/2016:13:19:27 -0300] "GET /cormun/static/Resources/PXToolsHeaderBackground2.png HTTP/1.1" 304 -
200.112.233.47 - - [16/Mar/2016:13:19:27 -0300] "GET /cormun/static/SmoothNavMenu/resources/images/down.gif HTTP/1.1" 304 -
186.78.48.82 - - [16/Mar/2016:13:19:28 -0300] "GET /cormun/static/Resources/Spanish/PXTools.css?12112540 HTTP/1.1" 200 89042
186.78.48.82 - - [16/Mar/2016:13:19:29 -0300] "GET /cormun/servlet/trsolicitudot? HTTP/1.1" 200 6230
186.78.48.82 - - [16/Mar/2016:13:19:30 -0300] "GET /cormun/servlet/trsolicitudot? HTTP/1.1" 200 6226
200.112.233.47 - - [16/Mar/2016:13:19:35 -0300] "GET /cormun/servlet/trsolicitudot? HTTP/1.1" 200 6227
200.112.233.47 - - [16/Mar/2016:13:19:35 -0300] "GET /cormun/static/Shared/ext/resources/css/ext-all.css?215870 HTTP/1.1" 304 -
200.112.233.47 - - [16/Mar/2016:13:19:35 -0300] "GET /cormun/static/gxui/gxui-all.css?120300 HTTP/1.1" 304 -
200.112.233.47 - - [16/Mar/2016:13:19:35 -0300] "GET /cormun/static/calendar-system.css?85620 HTTP/1.1" 304 -
200.112.233.47 - - [16/Mar/2016:13:19:35 -0300] "GET /cormun/static/Resources/Spanish/PXTools.css?18502099 HTTP/1.1" 304 -
200.112.233.47 - - [16/Mar/2016:13:19:35 -0300] "GET /cormun/static/gxcfg.js?201631185636 HTTP/1.1" 304 -
200.112.233.47 - - [16/Mar/2016:13:19:35 -0300] "GET /cormun/static/calendar.js?85251 HTTP/1.1" 304 -
200.112.233.47 - - [16/Mar/2016:13:19:35 -0300] "GET /cormun/static/calendar-setup.js?85251 HTTP/1.1" 304 -
200.112.233.47 - - [16/Mar/2016:13:19:35 -0300] "GET /cormun/static/calendar-es.js?85251 HTTP/1.1" 304 -
200.112.233.47 - - [16/Mar/2016:13:19:36 -0300] "GET /cormun/static/Resources/PXTools/calendar.png HTTP/1.1" 304 -
200.112.233.47 - - [16/Mar/2016:13:19:36 -0300] "GET /cormun/static/Resources/PXToolsDataSearch.png HTTP/1.1" 304 -
200.112.233.47 - - [16/Mar/2016:13:19:36 -0300] "GET /cormun/static/Resources/PXToolsGridPrevious.gif HTTP/1.1" 304 -
200.112.233.47 - - [16/Mar/2016:13:19:36 -0300] "GET /cormun/static/Resources/PXToolsGridFirst.gif HTTP/1.1" 304 -
200.112.233.47 - - [16/Mar/2016:13:19:36 -0300] "GET /cormun/static/Resources/PXToolsGridNext.gif HTTP/1.1" 304 -
200.112.233.47 - - [16/Mar/2016:13:19:36 -0300] "GET /cormun/static/Resources/PXToolsActionExcel.png HTTP/1.1" 304 -
200.112.233.47 - - [16/Mar/2016:13:19:36 -0300] "GET /cormun/static/Resources/PXToolsGridLast.gif HTTP/1.1" 304 -
200.112.233.47 - - [16/Mar/2016:13:19:36 -0300] "GET /cormun/static/Resources/PXToolsGridNew.png HTTP/1.1" 304 -
200.112.233.47 - - [16/Mar/2016:13:19:36 -0300] "GET /cormun/static/gxdec.js?85251 HTTP/1.1" 304 -
200.112.233.47 - - [16/Mar/2016:13:19:36 -0300] "GET /cormun/static/trsolicitudot.js?2016311856838 HTTP/1.1" 304 -
200.112.233.47 - - [16/Mar/2016:13:19:37 -0300] "GET /cormun/static/Resources/asc.gif HTTP/1.1" 304 -
200.112.233.47 - - [16/Mar/2016:13:19:37 -0300] "GET /cormun/static/Resources/desc.gif HTTP/1.1" 304 -
200.112.233.47 - - [16/Mar/2016:13:19:37 -0300] "GET /cormun/static/Shared/ext/resources/themes/images/default/panel/bg-headersPanel.png HTTP/1.1" 304 -
200.112.233.47 - - [16/Mar/2016:13:19:37 -0300] "GET /cormun/static/Shared/ext/resources/themes/images/default/tools/tool-sprites.gif HTTP/1.1" 304 -
200.112.233.47 - - [16/Mar/2016:13:19:37 -0300] "GET /cormun/static/Shared/ext/resources/themes/images/default/tip/tip-corners.gif HTTP/1.1" 304 -
200.112.233.47 - - [16/Mar/2016:13:19:37 -0300] "GET /cormun/static/Shared/ext/resources/themes/images/default/tip/tip-sides.gif HTTP/1.1" 304 -
186.78.48.82 - - [16/Mar/2016:13:19:38 -0300] "GET /cormun/servlet/hlogin HTTP/1.1" 200 1739
186.103.158.250 - - [16/Mar/2016:13:19:38 -0300] "GET /cormun/servlet/hlogin HTTP/1.1" 200 1718
186.78.48.82 - - [16/Mar/2016:13:19:40 -0300] "POST /cormun/servlet/hlogin?e661925c73fd56b42cd70243d6f3dbeb,gx-no-cache=1458148907214 HTTP/1.1" 200 90
186.78.48.82 - - [16/Mar/2016:13:19:41 -0300] "GET /cormun/servlet/hpexe_link HTTP/1.1" 200 961
186.78.48.82 - - [16/Mar/2016:13:19:41 -0300] "GET /cormun/servlet/trsolicitudot HTTP/1.1" 200 6228
186.78.48.82 - - [16/Mar/2016:13:19:42 -0300] "GET /cormun/servlet/trsolicitudot HTTP/1.1" 200 6226
186.78.48.82 - - [16/Mar/2016:13:19:46 -0300] "GET /cormun/servlet/trsolicitudot? HTTP/1.1" 200 6226
186.78.48.82 - - [16/Mar/2016:13:19:47 -0300] "GET /cormun/servlet/trsolicitudot? HTTP/1.1" 200 6226
200.112.233.47 - - [16/Mar/2016:13:19:52 -0300] "GET /cormun/servlet/solicitudot?INS,0,0, HTTP/1.1" 200 11469
186.78.48.82 - - [16/Mar/2016:13:19:52 -0300] "GET /cormun/servlet/trvisualizadoreventos? HTTP/1.1" 200 5967
200.112.233.47 - - [16/Mar/2016:13:19:52 -0300] "GET /cormun/static/Resources/Spanish/PXTools.css?1944839 HTTP/1.1" 304 -
200.112.233.47 - - [16/Mar/2016:13:19:52 -0300] "GET /cormun/static/gxcfg.js?20163219435133 HTTP/1.1" 304 -
200.112.233.47 - - [16/Mar/2016:13:19:52 -0300] "GET /cormun/static/Resources/prompt.gif HTTP/1.1" 304 -
186.78.48.82 - - [16/Mar/2016:13:19:53 -0300] "GET /cormun/static/gxcfg.js?2016251828014 HTTP/1.1" 200 953
186.78.48.82 - - [16/Mar/2016:13:19:53 -0300] "GET /cormun/static/Resources/PXToolsActionPrint.png HTTP/1.1" 200 3317
200.112.233.47 - - [16/Mar/2016:13:19:53 -0300] "GET /cormun/static/solicitudot.js?20163219435183 HTTP/1.1" 304 -
186.78.48.82 - - [16/Mar/2016:13:19:53 -0300] "GET /cormun/static/trvisualizadoreventos.js?2016251828276 HTTP/1.1" 200 19096
186.78.48.82 - - [16/Mar/2016:13:19:56 -0300] "GET /cormun/static/Resources/Spanish/PXTools.css?17554516 HTTP/1.1" 200 89042
186.78.48.82 - - [16/Mar/2016:13:19:59 -0300] "GET /cormun/servlet/trvisualizadoreventos? HTTP/1.1" 200 5967
186.103.158.250 - - [16/Mar/2016:13:19:59 -0300] "POST /cormun/servlet/hlogin?994a3e76768cecc90a3f5de1747dc7e4,gx-no-cache=1458148740723 HTTP/1.1" 200 90
186.103.158.250 - - [16/Mar/2016:13:19:59 -0300] "GET /cormun/servlet/hpexe_link HTTP/1.1" 200 958
186.103.158.250 - - [16/Mar/2016:13:20:00 -0300] "GET /cormun/servlet/trsolicitudot? HTTP/1.1" 200 7461
186.78.48.82 - - [16/Mar/2016:13:20:06 -0300] "GET /cormun/servlet/trsolicitudot? HTTP/1.1" 200 6227
186.78.48.82 - - [16/Mar/2016:13:20:07 -0300] "GET /cormun/servlet/trsolicitudot? HTTP/1.1" 200 6226
186.78.48.82 - - [16/Mar/2016:13:20:11 -0300] "POST /cormun/servlet/trsolicitudot?e661925c73fd56b42cd70243d6f3dbeb,,gx-no-cache=1458148939118 HTTP/1.1" 200 3511
186.78.48.82 - - [16/Mar/2016:13:20:12 -0300] "POST /cormun/servlet/trsolicitudot?e661925c73fd56b42cd70243d6f3dbeb,,gx-no-cache=1458148939917 HTTP/1.1" 200 3511
186.78.48.82 - - [16/Mar/2016:13:20:12 -0300] "POST /cormun/servlet/trsolicitudot?e661925c73fd56b42cd70243d6f3dbeb,,gx-no-cache=1458148940520 HTTP/1.1" 200 3511
186.78.48.82 - - [16/Mar/2016:13:20:13 -0300] "POST /cormun/servlet/trsolicitudot?e661925c73fd56b42cd70243d6f3dbeb,,gx-no-cache=1458148941068 HTTP/1.1" 200 3511
186.103.158.250 - - [16/Mar/2016:13:20:14 -0300] "POST /cormun/servlet/trsolicitudot?994a3e76768cecc90a3f5de1747dc7e4,,gx-no-cache=1458148755670 HTTP/1.1" 200 4902
186.103.158.250 - - [16/Mar/2016:13:20:15 -0300] "POST /cormun/servlet/trsolicitudot?994a3e76768cecc90a3f5de1747dc7e4,,gx-no-cache=1458148756391 HTTP/1.1" 200 4903
186.103.158.250 - - [16/Mar/2016:13:20:16 -0300] "POST /cormun/servlet/trsolicitudot?994a3e76768cecc90a3f5de1747dc7e4,,gx-no-cache=1458148757168 HTTP/1.1" 200 4902
186.103.158.250 - - [16/Mar/2016:13:20:17 -0300] "POST /cormun/servlet/trsolicitudot?994a3e76768cecc90a3f5de1747dc7e4,,gx-no-cache=1458148758106 HTTP/1.1" 200 4901
186.103.158.250 - - [16/Mar/2016:13:20:18 -0300] "POST /cormun/servlet/trsolicitudot?994a3e76768cecc90a3f5de1747dc7e4,,gx-no-cache=1458148759684 HTTP/1.1" 200 4903
186.103.158.250 - - [16/Mar/2016:13:20:20 -0300] "POST /cormun/servlet/trsolicitudot?994a3e76768cecc90a3f5de1747dc7e4,,gx-no-cache=1458148761116 HTTP/1.1" 200 4901
186.103.157.98 - - [16/Mar/2016:13:20:20 -0300] "GET /cormun/servlet/trautorizarsolicitud? HTTP/1.1" 200 6202
186.103.157.98 - - [16/Mar/2016:13:20:21 -0300] "GET /cormun/servlet/trautorizarsolicitud? HTTP/1.1" 200 6191
186.103.158.250 - - [16/Mar/2016:13:20:21 -0300] "POST /cormun/servlet/trsolicitudot?994a3e76768cecc90a3f5de1747dc7e4,,gx-no-cache=1458148762592 HTTP/1.1" 200 4902
186.78.48.82 - - [16/Mar/2016:13:20:23 -0300] "GET /cormun/servlet/trsolicitudot?e9aa0717640695cb50e5aac2c716855c79443519eee653d9c05c90bb958391e01c049253f74a65fa5cb3a10fcbb1c4f8c365c60681f5b04c532100a335a45e2e94c3f677567ea32d03803b680963c98bba22170d376601a4eedbaaf776837cd6,gx-no-cache=1458148952163 HTTP/1.1" 200 772
186.78.48.82 - - [16/Mar/2016:13:20:24 -0300] "GET /cormun/servlet/trsolicitudot?e9aa0717640695cb50e5aac2c716855c79443519eee653d9c05c90bb958391e0c7e905d25e174ab29cc44d759d999d1e8d3009d5b82e6a037772d6af494fa06b1af9da286360f5a09b5746d87903ea15899d2a209c0ba644ce9bc556804a374b,gx-no-cache=1458148953016 HTTP/1.1" 200 772
186.78.48.82 - - [16/Mar/2016:13:20:25 -0300] "GET /cormun/servlet/trsolicitudot?e9aa0717640695cb50e5aac2c716855c79443519eee653d9c05c90bb958391e041fd515cd8e0d2492c13328dd8ac10f76638c262d5cd16fbe44c83fba08bf3184ea5799fa30281955c78266344b7c13a080d0790836cda9492dc997e91f78889,gx-no-cache=1458148954910 HTTP/1.1" 200 772
186.78.48.82 - - [16/Mar/2016:13:20:26 -0300] "GET /cormun/servlet/trsolicitudot?e9aa0717640695cb50e5aac2c716855c79443519eee653d9c05c90bb958391e0310980cc57b0b42963773cf6dbb67ad3c365c60681f5b04c532100a335a45e2e94c3f677567ea32d03803b680963c98bba22170d376601a4eedbaaf776837cd6,gx-no-cache=1458148955814 HTTP/1.1" 200 772
186.103.157.98 - - [16/Mar/2016:13:20:27 -0300] "GET /cormun/servlet/trsolicitudadjuntos?2016,933, HTTP/1.1" 200 7860
186.78.48.82 - - [16/Mar/2016:13:20:28 -0300] "GET /cormun/servlet/trsolicitudot?e9aa0717640695cb50e5aac2c716855c79443519eee653d9c05c90bb958391e07e6663416bba9cd5778fb06422eec1368aa811155ac441acd9d980917f752fcab83abcdfad7702e3042895207fd266cf4eedc8a98429d9fe0c593284e751eca5,gx-no-cache=1458148957031 HTTP/1.1" 200 772
186.103.157.98 - - [16/Mar/2016:13:20:28 -0300] "GET /cormun/servlet/trsolicitudadjuntos?2016,933, HTTP/1.1" 200 7857
186.103.157.98 - - [16/Mar/2016:13:20:30 -0300] "GET /cormun/servlet/solicitudotadjuntos?INS,2016,933,,1, HTTP/1.1" 200 5504
186.103.157.98 - - [16/Mar/2016:13:20:30 -0300] "GET /cormun/static/about:blank HTTP/1.1" 404 1011
186.103.157.98 - - [16/Mar/2016:13:20:31 -0300] "GET /cormun/servlet/solicitudotadjuntos?INS,2016,933,,1, HTTP/1.1" 200 5498
186.103.158.250 - - [16/Mar/2016:13:20:31 -0300] "POST /cormun/servlet/trsolicitudot?994a3e76768cecc90a3f5de1747dc7e4,,gx-no-cache=1458148764199 HTTP/1.1" 200 5147
186.103.157.98 - - [16/Mar/2016:13:20:31 -0300] "GET /cormun/servlet/solicitudotadjuntos?2e5dcab6a456341bd6bbdc345b378083b7e642f2712ca831a1c76b7ca2fb5cb0e34bb2f808beebef31addacd719970bd,gx-no-cache=1458145259258 HTTP/1.1" 200 30
186.103.157.98 - - [16/Mar/2016:13:20:31 -0300] "POST /cormun/servlet/solicitudotadjuntos?dce974c9d08436c4bced33bf616d9019,INS,2016,933,,1,,gx-no-cache=1458145259293 HTTP/1.1" 200 3378
186.78.48.82 - - [16/Mar/2016:13:20:32 -0300] "GET /cormun/servlet/solicitudot?INS,0,0, HTTP/1.1" 200 11448
186.103.158.250 - - [16/Mar/2016:13:20:33 -0300] "GET /cormun/static/Shared/jqueryui/images/ui-bg_highlight-soft_100_c6c2c8_1x100.png HTTP/1.1" 404 1117
186.103.158.250 - - [16/Mar/2016:13:20:33 -0300] "GET /cormun/static/Shared/jqueryui/images/ui-icons_82798d_256x240.png HTTP/1.1" 404 1089
186.103.158.250 - - [16/Mar/2016:13:20:33 -0300] "GET /cormun/static/Shared/jqueryui/images/ui-bg_flat_55_fafafa_40x100.png HTTP/1.1" 404 1097
186.103.158.250 - - [16/Mar/2016:13:20:33 -0300] "GET /cormun/static/Shared/jqueryui/images/ui-icons_8d78a5_256x240.png HTTP/1.1" 404 1089
186.78.48.82 - - [16/Mar/2016:13:20:33 -0300] "GET /cormun/servlet/solicitudot?INS,0,0, HTTP/1.1" 200 11453
186.103.157.98 - - [16/Mar/2016:13:20:34 -0300] "POST /cormun/servlet/solicitudotadjuntos?gx-no-cache=1458145262215 HTTP/1.1" 200 26
186.103.158.250 - - [16/Mar/2016:13:20:35 -0300] "POST /cormun/servlet/trsolicitudot?994a3e76768cecc90a3f5de1747dc7e4,,gx-no-cache=1458148776353 HTTP/1.1" 200 4902
186.103.158.250 - - [16/Mar/2016:13:20:37 -0300] "POST /cormun/servlet/trsolicitudot?994a3e76768cecc90a3f5de1747dc7e4,,gx-no-cache=1458148778128 HTTP/1.1" 200 4903
186.103.158.250 - - [16/Mar/2016:13:20:38 -0300] "POST /cormun/servlet/trsolicitudot?994a3e76768cecc90a3f5de1747dc7e4,,gx-no-cache=1458148780075 HTTP/1.1" 200 4903
186.103.158.250 - - [16/Mar/2016:13:20:41 -0300] "POST /cormun/servlet/trsolicitudot?994a3e76768cecc90a3f5de1747dc7e4,,gx-no-cache=1458148782160 HTTP/1.1" 200 4902
186.103.158.250 - - [16/Mar/2016:13:20:43 -0300] "POST /cormun/servlet/trsolicitudot?994a3e76768cecc90a3f5de1747dc7e4,,gx-no-cache=1458148784421 HTTP/1.1" 200 4903
186.78.48.82 - - [16/Mar/2016:13:20:45 -0300] "POST /cormun/servlet/solicitudot?gx-no-cache=1458148976004 HTTP/1.1" 200 2740
186.103.158.250 - - [16/Mar/2016:13:20:45 -0300] "POST /cormun/servlet/trsolicitudot?994a3e76768cecc90a3f5de1747dc7e4,,gx-no-cache=1458148786812 HTTP/1.1" 200 4903
186.78.48.82 - - [16/Mar/2016:13:20:46 -0300] "POST /cormun/servlet/solicitudot?e661925c73fd56b42cd70243d6f3dbeb,INS,0,0,,gx-no-cache=1458148976775 HTTP/1.1" 200 8348
186.103.158.250 - - [16/Mar/2016:13:20:48 -0300] "POST /cormun/servlet/trsolicitudot?994a3e76768cecc90a3f5de1747dc7e4,,gx-no-cache=1458148789374 HTTP/1.1" 200 4902
186.103.157.98 - - [16/Mar/2016:13:20:48 -0300] "GET /cormun/servlet/solicitudotadjuntos?2e5dcab6a456341bd6bbdc345b378083cf2da6e79bf2533203a52a7d3272037a,gx-no-cache=1458145276147 HTTP/1.1" 200 30
186.103.157.98 - - [16/Mar/2016:13:20:48 -0300] "GET /cormun/servlet/solicitudotadjuntos?2e5dcab6a456341bd6bbdc345b378083cf2da6e79bf2533203a52a7d3272037a,gx-no-cache=1458145276182 HTTP/1.1" 200 30
186.103.157.98 - - [16/Mar/2016:13:20:48 -0300] "POST /cormun/servlet/solicitudotadjuntos?dce974c9d08436c4bced33bf616d9019,INS,2016,933,,1, HTTP/1.1" 200 116
186.103.157.98 - - [16/Mar/2016:13:20:49 -0300] "GET /cormun/servlet/hpexe_return? HTTP/1.1" 200 1023
186.103.157.98 - - [16/Mar/2016:13:20:49 -0300] "GET /cormun/servlet/trsolicitudadjuntos?2016,933, HTTP/1.1" 200 7960
186.78.48.82 - - [16/Mar/2016:13:20:50 -0300] "GET /cormun/servlet/solicitudot?b153520db8855ce777fcf857194a6eb49ca60323c7b73e23fc14105995ca967767f932c9e3ebf3e1e359ac22d9fd42e6,gx-no-cache=1458148981084 HTTP/1.1" 200 30
186.103.157.98 - - [16/Mar/2016:13:20:51 -0300] "GET /cormun/servlet/trsolicitudadjuntos?2016,933, HTTP/1.1" 200 7959
200.112.233.47 - - [16/Mar/2016:13:21:02 -0300] "POST /cormun/servlet/solicitudot?gx-no-cache=1458148897937 HTTP/1.1" 200 2768
200.112.233.47 - - [16/Mar/2016:13:21:02 -0300] "POST /cormun/servlet/solicitudot?22b73105b7db2a2aae4dba5027cfb311,INS,0,0,,gx-no-cache=1458148898171 HTTP/1.1" 200 8377
186.103.157.98 - - [16/Mar/2016:13:21:06 -0300] "GET /cormun/servlet/solicitudotadjuntos?INS,2016,933,,1, HTTP/1.1" 200 5504
186.103.157.98 - - [16/Mar/2016:13:21:06 -0300] "GET /cormun/servlet/solicitudotadjuntos?INS,2016,933,,1, HTTP/1.1" 200 5498
186.103.157.98 - - [16/Mar/2016:13:21:07 -0300] "GET /cormun/servlet/solicitudotadjuntos?2e5dcab6a456341bd6bbdc345b378083b7e642f2712ca831a1c76b7ca2fb5cb0e34bb2f808beebef31addacd719970bd,gx-no-cache=1458145295068 HTTP/1.1" 200 30
186.103.157.98 - - [16/Mar/2016:13:21:07 -0300] "POST /cormun/servlet/solicitudotadjuntos?dce974c9d08436c4bced33bf616d9019,INS,2016,933,,1,,gx-no-cache=1458145295117 HTTP/1.1" 200 3378
186.78.48.82 - - [16/Mar/2016:13:21:07 -0300] "POST /cormun/servlet/solicitudot?gx-no-cache=1458149000112 HTTP/1.1" 200 30
186.103.157.98 - - [16/Mar/2016:13:21:08 -0300] "GET /cormun/servlet/trsolicitudadjuntos?2016,933, HTTP/1.1" 200 7963
200.112.233.47 - - [16/Mar/2016:13:21:08 -0300] "GET /cormun/servlet/solicitudot?7c22636f510e8c113e426981b9c555f33d34aa64937b4044e41d40ce9a334e8664ed58df1b2bea3c47c412bd78412804,gx-no-cache=1458148904343 HTTP/1.1" 200 30
200.112.233.47 - - [16/Mar/2016:13:21:08 -0300] "POST /cormun/servlet/solicitudot?gx-no-cache=1458148904468 HTTP/1.1" 200 30
186.103.157.98 - - [16/Mar/2016:13:21:09 -0300] "GET /cormun/servlet/trsolicitudadjuntos?2016,933, HTTP/1.1" 200 7959
186.103.157.98 - - [16/Mar/2016:13:21:16 -0300] "GET /cormun/servlet/trsolicitudot? HTTP/1.1" 200 7538
186.78.48.82 - - [16/Mar/2016:13:21:16 -0300] "POST /cormun/servlet/solicitudot?gx-no-cache=1458149009745 HTTP/1.1" 200 30
186.103.157.98 - - [16/Mar/2016:13:21:16 -0300] "GET /cormun/servlet/trsolicitudot? HTTP/1.1" 200 7533
186.78.48.82 - - [16/Mar/2016:13:21:17 -0300] "POST /cormun/servlet/solicitudot?gx-no-cache=1458149011425 HTTP/1.1" 200 452
200.112.233.47 - - [16/Mar/2016:13:21:18 -0300] "POST /cormun/servlet/solicitudot?gx-no-cache=1458148914062 HTTP/1.1" 200 30
186.78.48.82 - - [16/Mar/2016:13:21:18 -0300] "GET /cormun/servlet/solicitudot?b153520db8855ce777fcf857194a6eb44bcafac2dc91bd7890b0071057b55cbd3ea90906a95b0130a7527a913448a97abcf1e392cd7234f96086f2dc749c7118c76d7449cc4ab692cc0c84616a4a5548e055f51468ce6e67b81f207206b929db984c83527504643deecf1c7bed5387faa58f07fb469121a817e818d87c8b0c3efd71bf7eec6f47ecd34ae47aaa4bfeb1,gx-no-cache=1458149012047 HTTP/1.1" 200 38
186.103.157.98 - - [16/Mar/2016:13:21:20 -0300] "POST /cormun/servlet/trsolicitudot?dce974c9d08436c4bced33bf616d9019,,gx-no-cache=1458145307711 HTTP/1.1" 200 4943
186.103.157.98 - - [16/Mar/2016:13:21:20 -0300] "POST /cormun/servlet/trsolicitudot?dce974c9d08436c4bced33bf616d9019,,gx-no-cache=1458145307852 HTTP/1.1" 200 4945
186.103.157.98 - - [16/Mar/2016:13:21:20 -0300] "POST /cormun/servlet/trsolicitudot?dce974c9d08436c4bced33bf616d9019,,gx-no-cache=1458145308016 HTTP/1.1" 200 4943
186.103.157.98 - - [16/Mar/2016:13:21:20 -0300] "POST /cormun/servlet/trsolicitudot?dce974c9d08436c4bced33bf616d9019,,gx-no-cache=1458145308177 HTTP/1.1" 200 4944
186.103.157.98 - - [16/Mar/2016:13:21:20 -0300] "POST /cormun/servlet/trsolicitudot?dce974c9d08436c4bced33bf616d9019,,gx-no-cache=1458145308350 HTTP/1.1" 200 4944
186.103.157.98 - - [16/Mar/2016:13:21:20 -0300] "POST /cormun/servlet/trsolicitudot?dce974c9d08436c4bced33bf616d9019,,gx-no-cache=1458145308555 HTTP/1.1" 200 4945
186.103.157.98 - - [16/Mar/2016:13:21:21 -0300] "POST /cormun/servlet/trsolicitudot?dce974c9d08436c4bced33bf616d9019,,gx-no-cache=1458145308721 HTTP/1.1" 200 4945
186.103.157.98 - - [16/Mar/2016:13:21:21 -0300] "POST /cormun/servlet/trsolicitudot?dce974c9d08436c4bced33bf616d9019,,gx-no-cache=1458145308879 HTTP/1.1" 200 3640
186.103.157.98 - - [16/Mar/2016:13:21:21 -0300] "POST /cormun/servlet/trsolicitudot?dce974c9d08436c4bced33bf616d9019,,gx-no-cache=1458145309070 HTTP/1.1" 200 3493
186.78.48.82 - - [16/Mar/2016:13:21:26 -0300] "GET /cormun/servlet/solicitudot?b153520db8855ce777fcf857194a6eb47967099126326ad0bf13e25adfc59950b937ee3711b0a30e45d75c8f4466e3b2067877c6d81180df06d20057b627a5f85a036b142eecdc9ae66aa61accd6b4edaec5022bf46cff2e3c2bf606089180974c2981857a7ad550d5acabe17175c46a,gx-no-cache=1458149020223 HTTP/1.1" 200 29
186.78.48.82 - - [16/Mar/2016:13:21:27 -0300] "POST /cormun/servlet/solicitudot?gx-no-cache=1458149022253 HTTP/1.1" 200 1128
200.112.233.47 - - [16/Mar/2016:13:21:35 -0300] "POST /cormun/servlet/solicitudot?gx-no-cache=1458148931734 HTTP/1.1" 200 452
200.112.233.47 - - [16/Mar/2016:13:21:36 -0300] "GET /cormun/servlet/solicitudot?7c22636f510e8c113e426981b9c555f3b4170cfa02ba0d5b781690f23cf411711901921c32732337f450580750fdb33efb21d4837a35a6eb220415e971e16d568b15a50828d92598483b4ec57d20ebf8742cbe681e491121481130ba7303a50fbdddcb78c198a98706eb9c98cc73febfe4c1f3649fa2a413404fc5ad7d54725107c3708ba5666bb1c7cd758a7da1512b,gx-no-cache=1458148931921 HTTP/1.1" 200 38
200.112.233.47 - - [16/Mar/2016:13:21:55 -0300] "GET /cormun/servlet/solicitudot?7c22636f510e8c113e426981b9c555f308ad871e87a5a5b1f84000983144b3c55405130a136295dafc9c8cd17d770352e833a33a5b6214369c494ad762c1841de965569bd8a3ff08772b95034b01539a6326c9d878e1afdfaa931cde4a0850069f29f9d304b97823d7eb606820d7217cfbfb3b8fdb08a1f68bcc5a45cc364d9a778e06350c91c2f256de214e87da19a2de359a6cb89ae21fa55b53479f0bac36,gx-no-cache=1458148951109 HTTP/1.1" 200 29
200.112.233.47 - - [16/Mar/2016:13:21:56 -0300] "POST /cormun/servlet/solicitudot?gx-no-cache=1458148952546 HTTP/1.1" 200 1128
186.78.48.82 - - [16/Mar/2016:13:21:57 -0300] "GET /cormun/servlet/solicitudot?b153520db8855ce777fcf857194a6eb4c77bdd9dd5f98882fcd16c4ea406c97ba59bdd061225733fee49f79601791b4e85caca46562df29d2c372986ab27409c46fee3cfb0e819f41b1b0bf7459ed9e7bd51d0cd426fd668687b210ab45c372fd13d5a249835687b9d26606055de53a87e652a00a93994307316852586974186e2e8c459c86744816c5daa4599ca093b1dcd1ffe83f34fb862f1709e0e5e14082f0b2e40bb78ae3f148dfb8906e74f5c,gx-no-cache=1458149053690 HTTP/1.1" 200 30
186.78.48.82 - - [16/Mar/2016:13:22:06 -0300] "POST /cormun/servlet/solicitudot?e661925c73fd56b42cd70243d6f3dbeb,INS,0,0,,gx-no-cache=1458149062565 HTTP/1.1" 200 93
186.78.48.82 - - [16/Mar/2016:13:22:06 -0300] "GET /cormun/servlet/hpexe_return? HTTP/1.1" 200 1013
186.78.48.82 - - [16/Mar/2016:13:22:07 -0300] "GET /cormun/servlet/trsolicitudot? HTTP/1.1" 200 6230
186.78.48.82 - - [16/Mar/2016:13:22:08 -0300] "GET /cormun/servlet/trsolicitudot? HTTP/1.1" 200 6226
115.231.222.40 - - [16/Mar/2016:13:22:10 -0300] "GET /cgi-bin/common/attr?id=260714&r=0.6914502391558348 HTTP/1.1" 404 999
186.78.48.82 - - [16/Mar/2016:13:22:26 -0300] "GET /cormun/servlet/hlogin HTTP/1.1" 200 1720
186.78.48.82 - - [16/Mar/2016:13:23:03 -0300] "POST /cormun/servlet/hlogin?34de604338ead19a31012ab602045c7c,gx-no-cache=1458149125340 HTTP/1.1" 200 90
186.78.48.82 - - [16/Mar/2016:13:23:04 -0300] "GET /cormun/servlet/hpexe_link HTTP/1.1" 200 955
186.78.48.82 - - [16/Mar/2016:13:23:05 -0300] "GET /cormun/servlet/hhome HTTP/1.1" 200 3442
186.78.48.82 - - [16/Mar/2016:13:23:08 -0300] "GET /cormun/servlet/hhome HTTP/1.1" 200 3438
186.78.48.82 - - [16/Mar/2016:13:23:19 -0300] "GET /cormun/servlet/trsolicitudot? HTTP/1.1" 200 7733
186.78.48.82 - - [16/Mar/2016:13:23:21 -0300] "GET /cormun/servlet/trsolicitudot? HTTP/1.1" 200 7731
186.78.48.82 - - [16/Mar/2016:13:23:21 -0300] "GET /cormun//static/Resources/PXToolsActionView.png HTTP/1.1" 200 2995
186.78.48.82 - - [16/Mar/2016:13:23:21 -0300] "GET /cormun//static/Resources/PXToolsGridUpdate.png HTTP/1.1" 200 2984
186.78.48.82 - - [16/Mar/2016:13:23:21 -0300] "GET /cormun//static/Resources/PXToolsRemoveAllAction.png HTTP/1.1" 200 3558
186.78.48.82 - - [16/Mar/2016:13:23:21 -0300] "GET /cormun//static/Resources/PXToolsGridDelete.png HTTP/1.1" 200 357
186.78.48.82 - - [16/Mar/2016:13:23:21 -0300] "GET /cormun//static/Resources/PXTools/ActionInsert.png HTTP/1.1" 200 1482
186.78.48.82 - - [16/Mar/2016:13:23:35 -0300] "POST /cormun/servlet/trsolicitudot?34de604338ead19a31012ab602045c7c,,gx-no-cache=1458149159530 HTTP/1.1" 200 5154
186.78.48.82 - - [16/Mar/2016:13:23:36 -0300] "POST /cormun/servlet/trsolicitudot?34de604338ead19a31012ab602045c7c,,gx-no-cache=1458149160635 HTTP/1.1" 200 5154
186.78.48.82 - - [16/Mar/2016:13:23:37 -0300] "POST /cormun/servlet/trsolicitudot?34de604338ead19a31012ab602045c7c,,gx-no-cache=1458149161407 HTTP/1.1" 200 5154
186.78.48.82 - - [16/Mar/2016:13:23:38 -0300] "POST /cormun/servlet/trsolicitudot?34de604338ead19a31012ab602045c7c,,gx-no-cache=1458149162125 HTTP/1.1" 200 5153
186.78.48.82 - - [16/Mar/2016:13:23:38 -0300] "POST /cormun/servlet/trsolicitudot?34de604338ead19a31012ab602045c7c,,gx-no-cache=1458149162814 HTTP/1.1" 200 5153
186.78.48.82 - - [16/Mar/2016:13:23:39 -0300] "POST /cormun/servlet/trsolicitudot?34de604338ead19a31012ab602045c7c,,gx-no-cache=1458149163629 HTTP/1.1" 200 5154
186.78.48.82 - - [16/Mar/2016:13:23:40 -0300] "POST /cormun/servlet/trsolicitudot?34de604338ead19a31012ab602045c7c,,gx-no-cache=1458149164425 HTTP/1.1" 200 5154
186.78.48.82 - - [16/Mar/2016:13:23:41 -0300] "POST /cormun/servlet/trsolicitudot?34de604338ead19a31012ab602045c7c,,gx-no-cache=1458149165683 HTTP/1.1" 200 5155
186.78.48.82 - - [16/Mar/2016:13:24:00 -0300] "POST /cormun/servlet/trsolicitudot?34de604338ead19a31012ab602045c7c,,gx-no-cache=1458149185998 HTTP/1.1" 200 105
186.78.48.82 - - [16/Mar/2016:13:24:01 -0300] "GET /cormun/servlet/solicitudot?DLT,2016,940, HTTP/1.1" 200 8378
186.78.48.82 - - [16/Mar/2016:13:24:02 -0300] "GET /cormun/static/Shared/jqueryui/images/ui-bg_highlight-soft_100_c6c2c8_1x100.png HTTP/1.1" 404 1117
186.78.48.82 - - [16/Mar/2016:13:24:02 -0300] "GET /cormun/static/Shared/jqueryui/images/ui-icons_82798d_256x240.png HTTP/1.1" 404 1089
186.78.48.82 - - [16/Mar/2016:13:24:02 -0300] "GET /cormun/static/Shared/jqueryui/images/ui-bg_flat_55_fafafa_40x100.png HTTP/1.1" 404 1097
186.78.48.82 - - [16/Mar/2016:13:24:02 -0300] "GET /cormun/static/Shared/jqueryui/images/ui-icons_8d78a5_256x240.png HTTP/1.1" 404 1089
186.78.48.82 - - [16/Mar/2016:13:24:02 -0300] "GET /cormun/servlet/solicitudot?DLT,2016,940, HTTP/1.1" 200 8388
186.78.48.82 - - [16/Mar/2016:13:24:06 -0300] "POST /cormun/servlet/solicitudot?34de604338ead19a31012ab602045c7c,DLT,2016,940,,gx-no-cache=1458149192495 HTTP/1.1" 200 93
186.78.48.82 - - [16/Mar/2016:13:24:07 -0300] "GET /cormun/servlet/hpexe_return? HTTP/1.1" 200 1016
186.78.48.82 - - [16/Mar/2016:13:24:07 -0300] "GET /cormun/servlet/trsolicitudot? HTTP/1.1" 200 7482
186.78.48.82 - - [16/Mar/2016:13:24:09 -0300] "GET /cormun/servlet/trsolicitudot? HTTP/1.1" 200 7478
186.78.48.82 - - [16/Mar/2016:13:24:13 -0300] "POST /cormun/servlet/trsolicitudot?34de604338ead19a31012ab602045c7c,,gx-no-cache=1458149199815 HTTP/1.1" 200 4889
186.78.48.82 - - [16/Mar/2016:13:24:13 -0300] "POST /cormun/servlet/trsolicitudot?34de604338ead19a31012ab602045c7c,,gx-no-cache=1458149200626 HTTP/1.1" 200 4888
186.78.48.82 - - [16/Mar/2016:13:24:14 -0300] "POST /cormun/servlet/trsolicitudot?34de604338ead19a31012ab602045c7c,,gx-no-cache=1458149201373 HTTP/1.1" 200 4889
186.78.48.82 - - [16/Mar/2016:13:24:15 -0300] "POST /cormun/servlet/trsolicitudot?34de604338ead19a31012ab602045c7c,,gx-no-cache=1458149202145 HTTP/1.1" 200 4887
186.78.48.82 - - [16/Mar/2016:13:24:16 -0300] "POST /cormun/servlet/trsolicitudot?34de604338ead19a31012ab602045c7c,,gx-no-cache=1458149202934 HTTP/1.1" 200 4889
200.112.233.47 - - [16/Mar/2016:13:24:16 -0300] "GET /cormun/servlet/solicitudot?7c22636f510e8c113e426981b9c555f32a644c0c053046ab64f50bde2e384d6c57b7e1ae6825ab953f5d9dd284fd778b67550b08b569c5c3a819e3a4a26b431c6916e0f2fc13923ab1fd70c00508229fdb63fb05c9240a6b530585d9545635058c2a590651591b4c8c7d8912e3dcc30af264e65adf91c9b655783fb3554cf2e60c3aa5aa52aa95ec22f43a7df8de981036aa9405bc0d909953da1f2bcd6ba90bc14e9829fa4fbe8bf4df72b66bd7aaff,gx-no-cache=1458149092312 HTTP/1.1" 200 30
186.78.48.82 - - [16/Mar/2016:13:24:17 -0300] "POST /cormun/servlet/trsolicitudot?34de604338ead19a31012ab602045c7c,,gx-no-cache=1458149203708 HTTP/1.1" 200 4889
186.78.48.82 - - [16/Mar/2016:13:24:17 -0300] "POST /cormun/servlet/trsolicitudot?34de604338ead19a31012ab602045c7c,,gx-no-cache=1458149204431 HTTP/1.1" 200 4888
186.78.48.82 - - [16/Mar/2016:13:24:18 -0300] "POST /cormun/servlet/trsolicitudot?34de604338ead19a31012ab602045c7c,,gx-no-cache=1458149205215 HTTP/1.1" 200 106
186.78.48.82 - - [16/Mar/2016:13:24:19 -0300] "GET /cormun/servlet/trsolicitudadjuntos?2016,941, HTTP/1.1" 200 5381
186.78.48.82 - - [16/Mar/2016:13:24:22 -0300] "GET /cormun/static/gxcfg.js?2016311731090 HTTP/1.1" 200 953
186.78.48.82 - - [16/Mar/2016:13:24:22 -0300] "GET /cormun/static/trsolicitudadjuntos.js?2016311731342 HTTP/1.1" 200 17275
200.112.233.47 - - [16/Mar/2016:13:24:28 -0300] "POST /cormun/servlet/solicitudot?22b73105b7db2a2aae4dba5027cfb311,INS,0,0,,gx-no-cache=1458149104000 HTTP/1.1" 200 9331
200.112.233.47 - - [16/Mar/2016:13:24:28 -0300] "GET /cormun/static/Shared/jqueryui/images/ui-bg_highlight-soft_100_c6c2c8_1x100.png HTTP/1.1" 404 1117
200.112.233.47 - - [16/Mar/2016:13:24:28 -0300] "GET /cormun/static/Shared/jqueryui/images/ui-bg_flat_55_994d53_40x100.png HTTP/1.1" 404 1097
200.112.233.47 - - [16/Mar/2016:13:24:28 -0300] "GET /cormun/static/Shared/jqueryui/images/ui-icons_82798d_256x240.png HTTP/1.1" 404 1089
200.112.233.47 - - [16/Mar/2016:13:24:28 -0300] "GET /cormun/static/Shared/jqueryui/images/ui-icons_ebccce_256x240.png HTTP/1.1" 404 1089
186.78.48.82 - - [16/Mar/2016:13:24:31 -0300] "GET /cormun/static/Resources/Spanish/PXTools.css?171692 HTTP/1.1" 200 89042
186.78.48.82 - - [16/Mar/2016:13:24:33 -0300] "GET /cormun/servlet/trsolicitudadjuntos?2016,941, HTTP/1.1" 200 5381
186.78.48.82 - - [16/Mar/2016:13:24:37 -0300] "GET /cormun/servlet/solicitudotadjuntos?INS,2016,941,,1, HTTP/1.1" 200 5470
186.78.48.82 - - [16/Mar/2016:13:24:38 -0300] "GET /cormun/static/gxcfg.js?2016311984045 HTTP/1.1" 200 953
186.78.48.82 - - [16/Mar/2016:13:24:38 -0300] "GET /cormun/static/solicitudotadjuntos.js?2016311984068 HTTP/1.1" 200 11762
186.78.48.82 - - [16/Mar/2016:13:24:39 -0300] "GET /cormun/static/about:blank HTTP/1.1" 404 1011
186.78.48.82 - - [16/Mar/2016:13:24:39 -0300] "GET /cormun/servlet/solicitudotadjuntos?INS,2016,941,,1, HTTP/1.1" 200 5464
186.78.48.82 - - [16/Mar/2016:13:24:39 -0300] "GET /cormun/servlet/solicitudotadjuntos?9d53acebdcdd49f131513a1ce364248c8d3f6ecb2e4876ab09a9cddfcce7b47ffc02d2fb86a9deaf4851bbf2f927961f,gx-no-cache=1458149226946 HTTP/1.1" 200 30
186.78.48.82 - - [16/Mar/2016:13:24:40 -0300] "POST /cormun/servlet/solicitudotadjuntos?34de604338ead19a31012ab602045c7c,INS,2016,941,,1,,gx-no-cache=1458149227561 HTTP/1.1" 200 3330
186.78.48.82 - - [16/Mar/2016:13:24:44 -0300] "POST /cormun/servlet/solicitudotadjuntos?gx-no-cache=1458149232492 HTTP/1.1" 200 26
186.78.48.82 - - [16/Mar/2016:13:25:08 -0300] "GET /cormun/servlet/solicitudotadjuntos?9d53acebdcdd49f131513a1ce364248cda8e5c0da1cd085588d58e8299de6a17,gx-no-cache=1458149258032 HTTP/1.1" 200 30
186.78.48.82 - - [16/Mar/2016:13:25:09 -0300] "GET /cormun/servlet/solicitudotadjuntos?9d53acebdcdd49f131513a1ce364248cda8e5c0da1cd085588d58e8299de6a17,gx-no-cache=1458149259098 HTTP/1.1" 200 30
186.78.48.82 - - [16/Mar/2016:13:25:22 -0300] "POST /cormun/servlet/solicitudotadjuntos?34de604338ead19a31012ab602045c7c,INS,2016,941,,1, HTTP/1.1" 200 116
186.78.48.82 - - [16/Mar/2016:13:25:23 -0300] "GET /cormun/servlet/hpexe_return? HTTP/1.1" 200 1028
186.78.48.82 - - [16/Mar/2016:13:25:24 -0300] "GET /cormun/servlet/trsolicitudadjuntos?2016,941, HTTP/1.1" 200 7261
186.78.48.82 - - [16/Mar/2016:13:25:25 -0300] "GET /cormun/servlet/trsolicitudadjuntos?2016,941, HTTP/1.1" 200 7258
186.78.48.82 - - [16/Mar/2016:13:25:32 -0300] "GET /cormun/servlet/solicitudotadjuntos?INS,2016,941,,1, HTTP/1.1" 200 5468
186.78.48.82 - - [16/Mar/2016:13:25:33 -0300] "GET /cormun/static/about:blank HTTP/1.1" 404 1011
186.78.48.82 - - [16/Mar/2016:13:25:33 -0300] "GET /cormun/servlet/solicitudotadjuntos?INS,2016,941,,1, HTTP/1.1" 200 5462
186.78.48.82 - - [16/Mar/2016:13:25:34 -0300] "GET /cormun/servlet/solicitudotadjuntos?9d53acebdcdd49f131513a1ce364248c8d3f6ecb2e4876ab09a9cddfcce7b47ffc02d2fb86a9deaf4851bbf2f927961f,gx-no-cache=1458149284813 HTTP/1.1" 200 30
186.78.48.82 - - [16/Mar/2016:13:25:34 -0300] "POST /cormun/servlet/solicitudotadjuntos?34de604338ead19a31012ab602045c7c,INS,2016,941,,1,,gx-no-cache=1458149285442 HTTP/1.1" 200 3329
186.78.48.82 - - [16/Mar/2016:13:25:38 -0300] "POST /cormun/servlet/solicitudotadjuntos?gx-no-cache=1458149289613 HTTP/1.1" 200 26
186.78.48.82 - - [16/Mar/2016:13:25:47 -0300] "GET /cormun/servlet/solicitudotadjuntos?9d53acebdcdd49f131513a1ce364248cda8e5c0da1cd085588d58e8299de6a17,gx-no-cache=1458149297590 HTTP/1.1" 200 30
186.78.48.82 - - [16/Mar/2016:13:25:47 -0300] "GET /cormun/servlet/solicitudotadjuntos?9d53acebdcdd49f131513a1ce364248cda8e5c0da1cd085588d58e8299de6a17,gx-no-cache=1458149299214 HTTP/1.1" 200 30
186.78.48.82 - - [16/Mar/2016:13:26:17 -0300] "POST /cormun/servlet/solicitudotadjuntos?34de604338ead19a31012ab602045c7c,INS,2016,941,,1, HTTP/1.1" 200 116
186.78.48.82 - - [16/Mar/2016:13:26:17 -0300] "GET /cormun/servlet/hpexe_return? HTTP/1.1" 200 1028
186.78.48.82 - - [16/Mar/2016:13:26:18 -0300] "GET /cormun/servlet/trsolicitudadjuntos?2016,941, HTTP/1.1" 200 7421
186.78.48.82 - - [16/Mar/2016:13:26:19 -0300] "GET /cormun/servlet/trsolicitudadjuntos?2016,941, HTTP/1.1" 200 7416
186.78.48.82 - - [16/Mar/2016:13:26:23 -0300] "GET /cormun/servlet/solicitudotadjuntos?INS,2016,941,,1, HTTP/1.1" 200 5470
186.78.48.82 - - [16/Mar/2016:13:26:24 -0300] "GET /cormun/static/about:blank HTTP/1.1" 404 1011
186.78.48.82 - - [16/Mar/2016:13:26:25 -0300] "GET /cormun/servlet/solicitudotadjuntos?INS,2016,941,,1, HTTP/1.1" 200 5464
186.78.48.82 - - [16/Mar/2016:13:26:25 -0300] "GET /cormun/servlet/solicitudotadjuntos?9d53acebdcdd49f131513a1ce364248c8d3f6ecb2e4876ab09a9cddfcce7b47ffc02d2fb86a9deaf4851bbf2f927961f,gx-no-cache=1458149337511 HTTP/1.1" 200 30
186.78.48.82 - - [16/Mar/2016:13:26:26 -0300] "POST /cormun/servlet/solicitudotadjuntos?34de604338ead19a31012ab602045c7c,INS,2016,941,,1,,gx-no-cache=1458149337997 HTTP/1.1" 200 3330
186.78.48.82 - - [16/Mar/2016:13:26:30 -0300] "POST /cormun/servlet/solicitudotadjuntos?gx-no-cache=1458149343123 HTTP/1.1" 200 26
186.78.48.82 - - [16/Mar/2016:13:26:37 -0300] "GET /cormun/servlet/solicitudotadjuntos?9d53acebdcdd49f131513a1ce364248cda8e5c0da1cd085588d58e8299de6a17,gx-no-cache=1458149350275 HTTP/1.1" 200 30
186.78.48.82 - - [16/Mar/2016:13:26:37 -0300] "GET /cormun/servlet/solicitudotadjuntos?9d53acebdcdd49f131513a1ce364248cda8e5c0da1cd085588d58e8299de6a17,gx-no-cache=1458149350791 HTTP/1.1" 200 30
186.78.48.82 - - [16/Mar/2016:13:26:54 -0300] "POST /cormun/servlet/solicitudotadjuntos?34de604338ead19a31012ab602045c7c,INS,2016,941,,1, HTTP/1.1" 200 116
186.78.48.82 - - [16/Mar/2016:13:26:54 -0300] "GET /cormun/servlet/hpexe_return? HTTP/1.1" 200 1028
