186.103.157.246 - - [15/Mar/2016:13:07:18 -0300] "GET /cormun/servlet/hlogin HTTP/1.1" 200 1701
186.103.157.246 - - [15/Mar/2016:13:07:18 -0300] "GET /cormun/static/Resources/Spanish/PXTools.css?005343 HTTP/1.1" 304 -
186.103.157.246 - - [15/Mar/2016:13:07:18 -0300] "GET /cormun/static/gxtimezone.js?85251 HTTP/1.1" 304 -
186.103.157.246 - - [15/Mar/2016:13:07:19 -0300] "GET /cormun/static/gxcfg.js?20151120045111 HTTP/1.1" 304 -
186.103.157.246 - - [15/Mar/2016:13:07:19 -0300] "GET /cormun/static/messages.spa.js?85251 HTTP/1.1" 304 -
186.103.157.246 - - [15/Mar/2016:13:07:19 -0300] "GET /cormun/static/hlogin.js?20151120045126 HTTP/1.1" 304 -
186.103.157.246 - - [15/Mar/2016:13:07:19 -0300] "GET /cormun/static/gxgral.js?85251 HTTP/1.1" 304 -
186.103.157.246 - - [15/Mar/2016:13:07:19 -0300] "GET /cormun/static/Resources/ComunLogin.png HTTP/1.1" 304 -
186.103.157.246 - - [15/Mar/2016:13:07:19 -0300] "GET /cormun/static/Resources/PXToolsLoginTop.png HTTP/1.1" 304 -
186.103.157.246 - - [15/Mar/2016:13:07:19 -0300] "GET /cormun/static/Resources/PXToolsLoginBackground.png HTTP/1.1" 304 -
186.103.157.246 - - [15/Mar/2016:13:07:19 -0300] "GET /cormun/static/Resources/PXToolsButtonLeft21.png HTTP/1.1" 304 -
186.103.157.246 - - [15/Mar/2016:13:07:19 -0300] "GET /cormun/static/Resources/PXToolsButtonRight21.png HTTP/1.1" 304 -
186.103.157.246 - - [15/Mar/2016:13:07:19 -0300] "GET /cormun/static/Resources/PXToolsButtonBackground2.png HTTP/1.1" 304 -
186.103.157.246 - - [15/Mar/2016:13:07:19 -0300] "GET /cormun/static/Resources/PXToolsLoginBottom.png HTTP/1.1" 304 -
186.103.157.246 - - [15/Mar/2016:13:07:19 -0300] "GET /cormun/static/Resources/indicator.gif HTTP/1.1" 304 -
192.168.10.89 - - [15/Mar/2016:13:07:21 -0300] "POST /cormun/servlet/trsolicitudot?d8dd5134916b784c9141e113f4a2ad3a,gx-no-cache=1458057788714 HTTP/1.1" 200 4989
192.168.10.89 - - [15/Mar/2016:13:07:21 -0300] "POST /cormun/servlet/trsolicitudot?d8dd5134916b784c9141e113f4a2ad3a,gx-no-cache=1458057788957 HTTP/1.1" 200 4989
192.168.10.89 - - [15/Mar/2016:13:07:21 -0300] "POST /cormun/servlet/trsolicitudot?d8dd5134916b784c9141e113f4a2ad3a,gx-no-cache=1458057789247 HTTP/1.1" 200 4990
192.168.10.89 - - [15/Mar/2016:13:07:21 -0300] "POST /cormun/servlet/trsolicitudot?d8dd5134916b784c9141e113f4a2ad3a,gx-no-cache=1458057789578 HTTP/1.1" 200 4990
192.168.10.89 - - [15/Mar/2016:13:07:22 -0300] "POST /cormun/servlet/trsolicitudot?d8dd5134916b784c9141e113f4a2ad3a,gx-no-cache=1458057789960 HTTP/1.1" 200 4990
192.168.10.89 - - [15/Mar/2016:13:07:22 -0300] "POST /cormun/servlet/trsolicitudot?d8dd5134916b784c9141e113f4a2ad3a,gx-no-cache=1458057790442 HTTP/1.1" 200 4990
192.168.10.89 - - [15/Mar/2016:13:07:23 -0300] "POST /cormun/servlet/trsolicitudot?d8dd5134916b784c9141e113f4a2ad3a,gx-no-cache=1458057790915 HTTP/1.1" 200 4990
192.168.10.89 - - [15/Mar/2016:13:07:26 -0300] "POST /cormun/servlet/trsolicitudot?d8dd5134916b784c9141e113f4a2ad3a,gx-no-cache=1458057791446 HTTP/1.1" 200 3652
192.168.10.89 - - [15/Mar/2016:13:07:26 -0300] "POST /cormun/servlet/trsolicitudot?d8dd5134916b784c9141e113f4a2ad3a,gx-no-cache=1458057794247 HTTP/1.1" 200 3454
192.168.10.89 - - [15/Mar/2016:13:07:27 -0300] "GET /cormun/static/Shared/jqueryui/images/ui-bg_highlight-soft_100_c6c2c8_1x100.png HTTP/1.1" 404 1117
192.168.10.89 - - [15/Mar/2016:13:07:27 -0300] "GET /cormun/static/Shared/jqueryui/images/ui-icons_82798d_256x240.png HTTP/1.1" 404 1089
192.168.10.89 - - [15/Mar/2016:13:07:27 -0300] "GET /cormun/static/Shared/jqueryui/images/ui-bg_flat_55_fafafa_40x100.png HTTP/1.1" 404 1097
192.168.10.89 - - [15/Mar/2016:13:07:27 -0300] "GET /cormun/static/Shared/jqueryui/images/ui-icons_8d78a5_256x240.png HTTP/1.1" 404 1089
186.103.157.246 - - [15/Mar/2016:13:07:31 -0300] "POST /cormun/servlet/hlogin?9f1463d4e92779ea787826220a0c80ad,gx-no-cache=1458058091017 HTTP/1.1" 200 90
186.103.157.246 - - [15/Mar/2016:13:07:31 -0300] "GET /cormun/servlet/hpexe_link HTTP/1.1" 200 938
186.103.157.246 - - [15/Mar/2016:13:07:31 -0300] "GET /cormun/static/gxcfg.js?20151120044395 HTTP/1.1" 304 -
186.103.157.246 - - [15/Mar/2016:13:07:31 -0300] "GET /cormun/static/hpexe_link.js?20151120044398 HTTP/1.1" 304 -
186.103.157.246 - - [15/Mar/2016:13:07:31 -0300] "GET /cormun/servlet/hhome HTTP/1.1" 200 3396
186.103.157.246 - - [15/Mar/2016:13:07:31 -0300] "GET /cormun/static/Resources/Spanish/PXTools.css?10515224 HTTP/1.1" 304 -
186.103.157.246 - - [15/Mar/2016:13:07:31 -0300] "GET /cormun/static/Shared/jqueryui/jquery-ui.min.css?1345370 HTTP/1.1" 304 -
186.103.157.246 - - [15/Mar/2016:13:07:31 -0300] "GET /cormun/static/SmoothNavMenu/resources/ddsmoothmenu.css?1112540 HTTP/1.1" 304 -
186.103.157.246 - - [15/Mar/2016:13:07:31 -0300] "GET /cormun/static/SmoothNavMenu/resources/ddsmoothmenu-v.css?1112540 HTTP/1.1" 304 -
186.103.157.246 - - [15/Mar/2016:13:07:31 -0300] "GET /cormun/static/scaMessage/css/jquery.pnotify.default.css?1816380 HTTP/1.1" 304 -
186.103.157.246 - - [15/Mar/2016:13:07:31 -0300] "GET /cormun/static/gxcfg.js?2015112210564248 HTTP/1.1" 304 -
186.103.157.246 - - [15/Mar/2016:13:07:31 -0300] "GET /cormun/static/PXToolsJavascripts/pexe_autoreload.js HTTP/1.1" 304 -
186.103.157.246 - - [15/Mar/2016:13:07:31 -0300] "GET /cormun/static/PXToolsJavascripts/pexe_cookies.js HTTP/1.1" 304 -
186.103.157.246 - - [15/Mar/2016:13:07:31 -0300] "GET /cormun/static/PXToolsJavascripts/pexe_windows.js HTTP/1.1" 304 -
186.103.157.246 - - [15/Mar/2016:13:07:31 -0300] "GET /cormun/static/PXToolsJavascripts/pexe_grid.js HTTP/1.1" 304 -
186.103.157.246 - - [15/Mar/2016:13:07:31 -0300] "GET /cormun/static/PXToolsJavascripts/pexe_griddivfix.js HTTP/1.1" 304 -
186.103.157.246 - - [15/Mar/2016:13:07:31 -0300] "GET /cormun/static/PXToolsJavascripts/pexe_link.js HTTP/1.1" 304 -
186.103.157.246 - - [15/Mar/2016:13:07:31 -0300] "GET /cormun/static/PXToolsJavascripts/pexe_menudivfix.js HTTP/1.1" 304 -
186.103.157.246 - - [15/Mar/2016:13:07:31 -0300] "GET /cormun/static/PXToolsJavascripts/pexe_menus.js HTTP/1.1" 304 -
186.103.157.246 - - [15/Mar/2016:13:07:31 -0300] "GET /cormun/static/PXToolsJavascripts/pexe_layers.js HTTP/1.1" 304 -
186.103.157.246 - - [15/Mar/2016:13:07:32 -0300] "GET /cormun/static/PXToolsJavascripts/pexe_oav.js HTTP/1.1" 304 -
186.103.157.246 - - [15/Mar/2016:13:07:32 -0300] "GET /cormun/static/PXToolsJavascripts/pexe_oavdivfix.js HTTP/1.1" 304 -
186.103.157.246 - - [15/Mar/2016:13:07:32 -0300] "GET /cormun/static/PXToolsJavascripts/pexe_picture.js HTTP/1.1" 304 -
186.103.157.246 - - [15/Mar/2016:13:07:32 -0300] "GET /cormun/static/PXToolsJavascripts/pexe_popup.js HTTP/1.1" 304 -
186.103.157.246 - - [15/Mar/2016:13:07:32 -0300] "GET /cormun/static/PXToolsJavascripts/pexe_scrolldiv.js HTTP/1.1" 304 -
186.103.157.246 - - [15/Mar/2016:13:07:32 -0300] "GET /cormun/static/PXToolsJavascripts/pexe_tabdivfix.js HTTP/1.1" 304 -
186.103.157.246 - - [15/Mar/2016:13:07:32 -0300] "GET /cormun/static/PXToolsJavascripts/pexe_tabs.js HTTP/1.1" 304 -
186.103.157.246 - - [15/Mar/2016:13:07:32 -0300] "GET /cormun/static/PXToolsJavascripts/pexe_upload.js HTTP/1.1" 304 -
186.103.157.246 - - [15/Mar/2016:13:07:32 -0300] "GET /cormun/static/PXToolsJavascripts/PXToolsJavascriptsRender.js HTTP/1.1" 304 -
186.103.157.246 - - [15/Mar/2016:13:07:32 -0300] "GET /cormun/static/RunJS/RunJS.js HTTP/1.1" 304 -
186.103.157.246 - - [15/Mar/2016:13:07:32 -0300] "GET /cormun/static/Shared/ext/ext-all.js HTTP/1.1" 304 -
186.103.157.246 - - [15/Mar/2016:13:07:32 -0300] "GET /cormun/static/gxui/gxui-all.js HTTP/1.1" 304 -
186.103.157.246 - - [15/Mar/2016:13:07:32 -0300] "GET /cormun/static/Shared/ext/locale/ext-lang-en.js HTTP/1.1" 304 -
186.103.157.246 - - [15/Mar/2016:13:07:32 -0300] "GET /cormun/static/hhome.js?2015112210564255 HTTP/1.1" 304 -
186.103.157.246 - - [15/Mar/2016:13:07:32 -0300] "GET /cormun/static/hwchdr01.js?20162241650484 HTTP/1.1" 304 -
186.103.157.246 - - [15/Mar/2016:13:07:32 -0300] "GET /cormun/static/hpexe_recentlink.js?2015111312121342 HTTP/1.1" 304 -
186.103.157.246 - - [15/Mar/2016:13:07:32 -0300] "GET /cormun/static/hpexe_scripts.js?20151120014546 HTTP/1.1" 304 -
186.103.157.246 - - [15/Mar/2016:13:07:32 -0300] "GET /cormun/static/hpexe_messagecontroller.js?2015112210524422 HTTP/1.1" 304 -
186.103.157.246 - - [15/Mar/2016:13:07:32 -0300] "GET /cormun/static/hpexe_messagepopupcomponent.js?20163219454551 HTTP/1.1" 304 -
186.103.157.246 - - [15/Mar/2016:13:07:32 -0300] "GET /cormun/static/hpexe_messagegenexuscomponent.js?20151120014314 HTTP/1.1" 304 -
186.103.157.246 - - [15/Mar/2016:13:07:32 -0300] "GET /cormun/static/cmcontrolpreferences.js?20151120014525 HTTP/1.1" 304 -
186.103.157.246 - - [15/Mar/2016:13:07:32 -0300] "GET /cormun/static/Shared/jquery/jquery-1.4.2.min.js HTTP/1.1" 304 -
186.103.157.246 - - [15/Mar/2016:13:07:33 -0300] "GET /cormun/static/Shared/jquery/jquery-1.10.2.min.js HTTP/1.1" 304 -
186.103.157.246 - - [15/Mar/2016:13:07:33 -0300] "GET /cormun/static/Shared/jqueryui/jquery-ui.min.js HTTP/1.1" 304 -
186.103.157.246 - - [15/Mar/2016:13:07:33 -0300] "GET /cormun/static/SmoothNavMenu/resources/ddsmoothmenu.js HTTP/1.1" 304 -
186.103.157.246 - - [15/Mar/2016:13:07:33 -0300] "GET /cormun/static/SmoothNavMenu/resources/SmoothNavMenuRender.js HTTP/1.1" 304 -
186.103.157.246 - - [15/Mar/2016:13:07:33 -0300] "GET /cormun/static/scaMessage/js/jquery.pnotify.min.js HTTP/1.1" 304 -
186.103.157.246 - - [15/Mar/2016:13:07:33 -0300] "GET /cormun/static/scaMessage/scaMessageRender.js HTTP/1.1" 304 -
186.103.157.246 - - [15/Mar/2016:13:07:33 -0300] "GET /cormun/static/hmpwkw03.js?2016311993330 HTTP/1.1" 304 -
186.103.157.246 - - [15/Mar/2016:13:07:33 -0300] "GET /cormun/static/Resources/logo4.png HTTP/1.1" 304 -
186.103.157.246 - - [15/Mar/2016:13:07:33 -0300] "GET /cormun/static/Resources/PXToolsHeaderActionsLeft.png HTTP/1.1" 304 -
186.103.157.246 - - [15/Mar/2016:13:07:33 -0300] "GET /cormun/static/Resources/PXToolsFooterBackground2.png HTTP/1.1" 304 -
186.103.157.246 - - [15/Mar/2016:13:07:33 -0300] "GET /cormun/static/Resources/PXToolsHeaderHome.png HTTP/1.1" 304 -
186.103.157.246 - - [15/Mar/2016:13:07:33 -0300] "GET /cormun/static/Resources/PXToolsHeaderBackground2.png HTTP/1.1" 304 -
186.103.157.246 - - [15/Mar/2016:13:07:33 -0300] "GET /cormun/static/Resources/PXToolsHeaderLogin.png HTTP/1.1" 304 -
186.103.157.246 - - [15/Mar/2016:13:07:33 -0300] "GET /cormun/static/Resources/PXToolsHeaderPreferences.png HTTP/1.1" 304 -
186.103.157.246 - - [15/Mar/2016:13:07:33 -0300] "GET /cormun/static/Resources/PXToolsHeaderActionsBackground.png HTTP/1.1" 304 -
186.103.157.246 - - [15/Mar/2016:13:07:33 -0300] "GET /cormun/static/Resources/PXToolsHeaderSecurity.png HTTP/1.1" 304 -
186.103.157.246 - - [15/Mar/2016:13:07:33 -0300] "GET /cormun/static/Resources/PXToolsHeaderActionsRight.png HTTP/1.1" 304 -
186.103.157.246 - - [15/Mar/2016:13:07:33 -0300] "GET /cormun/static/Resources/PXToolsDataTitle.png HTTP/1.1" 304 -
186.103.157.246 - - [15/Mar/2016:13:07:34 -0300] "GET /cormun/static/SmoothNavMenu/resources/images/down.gif HTTP/1.1" 304 -
192.168.10.89 - - [15/Mar/2016:13:07:45 -0300] "GET /cormun/servlet/hlogin HTTP/1.1" 200 1734
186.78.40.120 - - [15/Mar/2016:13:07:58 -0300] "GET /cormun/servlet/hlogin HTTP/1.1" 200 1726
186.103.157.246 - - [15/Mar/2016:13:08:07 -0300] "GET /cormun/servlet/trsolicitudot? HTTP/1.1" 200 6163
186.103.157.246 - - [15/Mar/2016:13:08:07 -0300] "GET /cormun/static/Shared/ext/resources/css/ext-all.css?215870 HTTP/1.1" 304 -
186.103.157.246 - - [15/Mar/2016:13:08:07 -0300] "GET /cormun/static/gxui/gxui-all.css?120300 HTTP/1.1" 304 -
186.103.157.246 - - [15/Mar/2016:13:08:07 -0300] "GET /cormun/static/calendar-system.css?85620 HTTP/1.1" 304 -
186.103.157.246 - - [15/Mar/2016:13:08:07 -0300] "GET /cormun/static/Resources/Spanish/PXTools.css?18502099 HTTP/1.1" 304 -
186.103.157.246 - - [15/Mar/2016:13:08:07 -0300] "GET /cormun/static/gxcfg.js?201631185636 HTTP/1.1" 304 -
186.103.157.246 - - [15/Mar/2016:13:08:07 -0300] "GET /cormun/static/calendar.js?85251 HTTP/1.1" 304 -
186.103.157.246 - - [15/Mar/2016:13:08:07 -0300] "GET /cormun/static/calendar-es.js?85251 HTTP/1.1" 304 -
186.103.157.246 - - [15/Mar/2016:13:08:07 -0300] "GET /cormun/static/calendar-setup.js?85251 HTTP/1.1" 304 -
186.103.157.246 - - [15/Mar/2016:13:08:08 -0300] "GET /cormun/static/Resources/PXTools/calendar.png HTTP/1.1" 304 -
186.103.157.246 - - [15/Mar/2016:13:08:08 -0300] "GET /cormun/static/Resources/PXToolsDataSearch.png HTTP/1.1" 304 -
186.103.157.246 - - [15/Mar/2016:13:08:08 -0300] "GET /cormun/static/Resources/PXToolsGridFirst.gif HTTP/1.1" 304 -
186.103.157.246 - - [15/Mar/2016:13:08:08 -0300] "GET /cormun/static/Resources/PXToolsGridNext.gif HTTP/1.1" 304 -
186.103.157.246 - - [15/Mar/2016:13:08:08 -0300] "GET /cormun/static/Resources/PXToolsGridLast.gif HTTP/1.1" 304 -
186.103.157.246 - - [15/Mar/2016:13:08:08 -0300] "GET /cormun/static/Resources/PXToolsActionExcel.png HTTP/1.1" 304 -
186.103.157.246 - - [15/Mar/2016:13:08:08 -0300] "GET /cormun/static/Resources/PXToolsGridPrevious.gif HTTP/1.1" 304 -
186.103.157.246 - - [15/Mar/2016:13:08:08 -0300] "GET /cormun/static/Resources/PXToolsGridNew.png HTTP/1.1" 304 -
186.103.157.246 - - [15/Mar/2016:13:08:08 -0300] "GET /cormun/static/gxdec.js?85251 HTTP/1.1" 304 -
186.103.157.246 - - [15/Mar/2016:13:08:08 -0300] "GET /cormun/static/trsolicitudot.js?2016311856838 HTTP/1.1" 304 -
186.103.157.246 - - [15/Mar/2016:13:08:08 -0300] "GET /cormun/static/Resources/asc.gif HTTP/1.1" 304 -
186.103.157.246 - - [15/Mar/2016:13:08:08 -0300] "GET /cormun/static/Resources/desc.gif HTTP/1.1" 304 -
186.103.157.246 - - [15/Mar/2016:13:08:09 -0300] "GET /cormun/static/Shared/ext/resources/themes/images/default/panel/bg-headersPanel.png HTTP/1.1" 304 -
186.103.157.246 - - [15/Mar/2016:13:08:09 -0300] "GET /cormun/static/Shared/ext/resources/themes/images/default/tools/tool-sprites.gif HTTP/1.1" 304 -
186.103.157.246 - - [15/Mar/2016:13:08:09 -0300] "GET /cormun/static/Shared/ext/resources/themes/images/default/tip/tip-corners.gif HTTP/1.1" 304 -
186.103.157.246 - - [15/Mar/2016:13:08:09 -0300] "GET /cormun/static/Shared/ext/resources/themes/images/default/tip/tip-sides.gif HTTP/1.1" 304 -
186.103.157.246 - - [15/Mar/2016:13:08:14 -0300] "GET /cormun/servlet/solicitudot?INS,0,0, HTTP/1.1" 200 11413
186.103.157.246 - - [15/Mar/2016:13:08:14 -0300] "GET /cormun/static/Resources/Spanish/PXTools.css?1944839 HTTP/1.1" 304 -
186.103.157.246 - - [15/Mar/2016:13:08:14 -0300] "GET /cormun/static/gxcfg.js?20163219435133 HTTP/1.1" 304 -
186.103.157.246 - - [15/Mar/2016:13:08:14 -0300] "GET /cormun/static/Resources/prompt.gif HTTP/1.1" 304 -
186.103.157.246 - - [15/Mar/2016:13:08:14 -0300] "GET /cormun/static/solicitudot.js?20163219435183 HTTP/1.1" 304 -
186.103.157.39 - - [15/Mar/2016:13:08:40 -0300] "GET /cormun/servlet/hlogin HTTP/1.1" 200 1723
186.103.157.39 - - [15/Mar/2016:13:08:43 -0300] "GET /cormun/servlet/hlogin HTTP/1.1" 200 1723
186.103.157.39 - - [15/Mar/2016:13:09:03 -0300] "POST /cormun/servlet/hlogin?36c2f65c71e769256bf40149347808c9,gx-no-cache=1458058168874 HTTP/1.1" 200 90
186.103.157.39 - - [15/Mar/2016:13:09:03 -0300] "GET /cormun/servlet/hpexe_link HTTP/1.1" 200 948
186.103.157.39 - - [15/Mar/2016:13:09:03 -0300] "GET /cormun/servlet/hhome HTTP/1.1" 200 3437
186.103.157.39 - - [15/Mar/2016:13:09:04 -0300] "GET /cormun/servlet/hhome HTTP/1.1" 200 3434
186.103.157.39 - - [15/Mar/2016:13:09:08 -0300] "GET /cormun/servlet/trsolicitudot? HTTP/1.1" 200 6204
186.103.157.39 - - [15/Mar/2016:13:09:10 -0300] "GET /cormun/servlet/trsolicitudot? HTTP/1.1" 200 6203
186.103.157.39 - - [15/Mar/2016:13:09:17 -0300] "GET /cormun/servlet/solicitudot?INS,0,0, HTTP/1.1" 200 11441
186.103.157.39 - - [15/Mar/2016:13:09:18 -0300] "GET /cormun/servlet/solicitudot?INS,0,0, HTTP/1.1" 200 11445
186.103.157.39 - - [15/Mar/2016:13:10:59 -0300] "POST /cormun/servlet/solicitudot?gx-no-cache=1458058285288 HTTP/1.1" 200 2773
186.103.157.39 - - [15/Mar/2016:13:10:59 -0300] "POST /cormun/servlet/solicitudot?36c2f65c71e769256bf40149347808c9,INS,0,0,,gx-no-cache=1458058285510 HTTP/1.1" 200 8393
186.103.157.39 - - [15/Mar/2016:13:11:07 -0300] "GET /cormun/servlet/solicitudot?f72c9add2e4ec07f2c2827a0e9a64d2d5e0d20f2347156aa03bfca65f86ad92a295e761439c37129930e59b998019a97,gx-no-cache=1458058293703 HTTP/1.1" 200 30
186.103.157.39 - - [15/Mar/2016:13:11:07 -0300] "POST /cormun/servlet/solicitudot?gx-no-cache=1458058293767 HTTP/1.1" 200 30
186.103.157.39 - - [15/Mar/2016:13:11:10 -0300] "POST /cormun/servlet/solicitudot?gx-no-cache=1458058295834 HTTP/1.1" 200 30
186.103.157.39 - - [15/Mar/2016:13:11:11 -0300] "GET /cormun/servlet/prcontratosol?18445941,,,,,MD,,gxPopupLevel%3D0%3B HTTP/1.1" 200 5690
186.103.157.39 - - [15/Mar/2016:13:11:15 -0300] "POST /cormun/servlet/solicitudot?gx-no-cache=1458058301121 HTTP/1.1" 200 1170
186.103.157.39 - - [15/Mar/2016:13:11:15 -0300] "GET /cormun/servlet/solicitudot?f72c9add2e4ec07f2c2827a0e9a64d2d1f7a4ad0d20786aed72570ca47a8ce7b9a1d98f30d07363ab7da54471c9abd73ad68a9dd182292752f2defb33c40c7518ba48648991d95dbc4e4b145184cc3f3485622c64de16fa9cd6d2936008de3501a405c4e92f7e78d850beb1bc442edeaa7cb9b1913f45c55c68906f93b442ecdef301810be23a7c9c582023d4481be85,gx-no-cache=1458058301219 HTTP/1.1" 200 38
186.103.157.39 - - [15/Mar/2016:13:11:15 -0300] "GET /cormun/servlet/solicitudot?f72c9add2e4ec07f2c2827a0e9a64d2d143478a82cfaf6425d704491b31308da095389e26536abf58b297ae390537ed85750c08cdd60586a91a085a445f67e7553d3d03922472fb9cd729259dd1a5c0804d5042ae32aaeb2fb42e9bb3ae60a17964e87cf8f32e6ad52045fcc32d05fc8b93912c0ef632c2c1963b0af6e4dbf27f560a6ff8a1373a339995ec751681ef1685144f1c0c98e66766663e33382ddf8cbb4a061c8db83f1d5572ae87aac3378e48832c798cba1a506291d96928ee7f96970fc24dc9d59a23c0929d5785e600f,gx-no-cache=1458058301285 HTTP/1.1" 200 29
186.103.157.39 - - [15/Mar/2016:13:11:15 -0300] "POST /cormun/servlet/solicitudot?gx-no-cache=1458058301326 HTTP/1.1" 200 1127
186.103.157.39 - - [15/Mar/2016:13:11:51 -0300] "GET /cormun/servlet/prfichaempleado?,MD,,gxPopupLevel%3D0%3B HTTP/1.1" 200 7913
186.103.157.39 - - [15/Mar/2016:13:11:51 -0300] "GET /cormun/static/scaMessage/css/jquery-ui.css?104140 HTTP/1.1" 404 1045
200.30.207.84 - - [15/Mar/2016:13:12:27 -0300] "GET /cormun/servlet/hlogin HTTP/1.1" 200 1717
200.30.207.84 - - [15/Mar/2016:13:12:42 -0300] "POST /cormun/servlet/hlogin?aef87ec70dfb7b3d410a9a19fb520ce9,gx-no-cache=1458058388374 HTTP/1.1" 200 90
200.30.207.84 - - [15/Mar/2016:13:12:42 -0300] "GET /cormun/servlet/hpexe_link HTTP/1.1" 200 947
200.30.207.84 - - [15/Mar/2016:13:12:42 -0300] "GET /cormun/servlet/hhome HTTP/1.1" 200 3537
200.30.207.84 - - [15/Mar/2016:13:12:43 -0300] "GET /cormun/servlet/hhome HTTP/1.1" 200 3533
200.30.207.84 - - [15/Mar/2016:13:12:46 -0300] "GET /cormun/servlet/trsolicitudot? HTTP/1.1" 200 6297
200.30.207.84 - - [15/Mar/2016:13:12:46 -0300] "GET /cormun/servlet/trsolicitudot? HTTP/1.1" 200 6298
186.103.157.39 - - [15/Mar/2016:13:12:49 -0300] "GET /cormun/servlet/prfichaempleado?,MD,,gxPopupLevel%3D0%3B HTTP/1.1" 200 7913
186.103.157.39 - - [15/Mar/2016:13:12:49 -0300] "GET /cormun/static/scaMessage/css/jquery-ui.css?104140 HTTP/1.1" 404 1045
200.30.207.84 - - [15/Mar/2016:13:12:49 -0300] "GET /cormun/servlet/solicitudot?INS,0,0, HTTP/1.1" 200 11561
200.30.207.84 - - [15/Mar/2016:13:12:50 -0300] "GET /cormun/servlet/solicitudot?INS,0,0, HTTP/1.1" 200 11566
186.103.157.39 - - [15/Mar/2016:13:13:13 -0300] "POST /cormun/servlet/solicitudot?36c2f65c71e769256bf40149347808c9,INS,0,0,,gx-no-cache=1458058418527 HTTP/1.1" 200 9318
186.103.157.39 - - [15/Mar/2016:13:13:13 -0300] "GET /cormun/static/Shared/jqueryui/images/ui-icons_82798d_256x240.png HTTP/1.1" 404 1089
186.103.157.39 - - [15/Mar/2016:13:13:13 -0300] "GET /cormun/static/Shared/jqueryui/images/ui-bg_flat_55_994d53_40x100.png HTTP/1.1" 404 1097
186.103.157.39 - - [15/Mar/2016:13:13:13 -0300] "GET /cormun/static/Shared/jqueryui/images/ui-icons_ebccce_256x240.png HTTP/1.1" 404 1089
186.103.157.39 - - [15/Mar/2016:13:13:13 -0300] "GET /cormun/static/Shared/jqueryui/images/ui-bg_highlight-soft_100_c6c2c8_1x100.png HTTP/1.1" 404 1117
186.103.157.39 - - [15/Mar/2016:13:13:18 -0300] "GET /cormun/servlet/prlicenciaspermisos?15106727,L,,MD,,gxPopupLevel%3D0%3B HTTP/1.1" 200 5510
186.103.157.39 - - [15/Mar/2016:13:13:18 -0300] "GET /cormun/static/gxcfg.js?201616231591 HTTP/1.1" 200 953
186.103.157.39 - - [15/Mar/2016:13:13:18 -0300] "GET /cormun/static/prlicenciaspermisos.js?201616231727 HTTP/1.1" 200 12559
186.103.157.39 - - [15/Mar/2016:13:13:18 -0300] "GET /cormun/static/Resources/Spanish/PXTools.css?17554516 HTTP/1.1" 200 89042
186.103.157.39 - - [15/Mar/2016:13:13:35 -0300] "POST /cormun/servlet/solicitudot?gx-no-cache=1458058441104 HTTP/1.1" 200 1168
186.103.157.39 - - [15/Mar/2016:13:13:50 -0300] "GET /cormun/servlet/prlicenciaspermisos?15106727,L,,MD,,gxPopupLevel%3D0%3B HTTP/1.1" 200 5510
186.103.157.246 - - [15/Mar/2016:13:14:05 -0300] "POST /cormun/servlet/solicitudot?gx-no-cache=1458058485251 HTTP/1.1" 200 2668
186.103.157.246 - - [15/Mar/2016:13:14:05 -0300] "POST /cormun/servlet/solicitudot?9f1463d4e92779ea787826220a0c80ad,INS,0,0,,gx-no-cache=1458058485511 HTTP/1.1" 200 8258
186.103.157.246 - - [15/Mar/2016:13:14:08 -0300] "GET /cormun/servlet/solicitudot?c7fe479eb4add0c988415e5a63a8d2b7f0b60bcc857b9aec3941168ee5485689d0c0fd5d605c3f14e5a99de4d6cc867c,gx-no-cache=1458058487752 HTTP/1.1" 200 30
186.103.157.39 - - [15/Mar/2016:13:14:16 -0300] "GET /cormun/static/menuarrow.gif HTTP/1.1" 404 1015
186.103.157.39 - - [15/Mar/2016:13:14:26 -0300] "GET /cormun/servlet/solicitudot?f72c9add2e4ec07f2c2827a0e9a64d2d1f7a4ad0d20786aed72570ca47a8ce7b9a1d98f30d07363ab7da54471c9abd73ad68a9dd182292752f2defb33c40c7518ba48648991d95dbc4e4b145184cc3f3485622c64de16fa9cd6d2936008de3501a405c4e92f7e78d850beb1bc442edeaa7cb9b1913f45c55c68906f93b442ecdf484f9a3d1692c6282336c25b92ace2f443b0cc7945c3b2136ad48278873ce57,gx-no-cache=1458058491942 HTTP/1.1" 200 38
186.103.157.39 - - [15/Mar/2016:13:14:26 -0300] "POST /cormun/servlet/solicitudot?gx-no-cache=1458058492003 HTTP/1.1" 200 1127
186.103.157.39 - - [15/Mar/2016:13:14:49 -0300] "GET /cormun/servlet/solicitudot?f72c9add2e4ec07f2c2827a0e9a64d2d4da6eecd42c211b423802651a70362db27814e8b275ca9d982ba2311ba3905422aadaaaa9e65730c23554ffb167588eec2c054cb196cfe8437db85e48e767da50720277558aec52934232a42850afa7aeebfb8d3d1f70e2ebbe5bf32bed1295bd68d1689918b785287fa4d61c7c3d4e0bdf579f988255454e928cd954654d7dfd662cda9c052bc9ffb9cfb76091cbccfb82dbac6d0d1e1e076e8541197c42ad2f793c5d94401ec2c3469f2d1d0b085c5,gx-no-cache=1458058515038 HTTP/1.1" 200 30
186.103.157.39 - - [15/Mar/2016:13:14:49 -0300] "POST /cormun/servlet/solicitudot?36c2f65c71e769256bf40149347808c9,INS,0,0,,gx-no-cache=1458058515114 HTTP/1.1" 200 9406
46.174.191.28 - - [15/Mar/2016:13:15:03 -0300] "GET / HTTP/1.0" 200 11197
186.78.40.120 - - [15/Mar/2016:13:16:55 -0300] "GET /cormun/servlet/hlogin HTTP/1.1" 200 1726
186.103.157.39 - - [15/Mar/2016:13:17:01 -0300] "GET /cormun/servlet/solicitudot?f72c9add2e4ec07f2c2827a0e9a64d2d1f7a4ad0d20786aed72570ca47a8ce7b9a1d98f30d07363ab7da54471c9abd73ad68a9dd182292752f2defb33c40c7518ba48648991d95dbc4e4b145184cc3f3485622c64de16fa9cd6d2936008de3501a405c4e92f7e78d850beb1bc442edeaa7cb9b1913f45c55c68906f93b442ecdf484f9a3d1692c6282336c25b92ace2f5b8f8850f0251399e705609cd8bf8d50,gx-no-cache=1458058647339 HTTP/1.1" 200 41
186.103.157.39 - - [15/Mar/2016:13:17:02 -0300] "GET /cormun/servlet/solicitudot?f72c9add2e4ec07f2c2827a0e9a64d2d4da6eecd42c211b423802651a70362db27814e8b275ca9d982ba2311ba3905422aadaaaa9e65730c23554ffb167588eec2c054cb196cfe8437db85e48e767da50720277558aec52934232a42850afa7aeebfb8d3d1f70e2ebbe5bf32bed1295bd68d1689918b785287fa4d61c7c3d4e0bdf579f988255454e928cd954654d7dfd662cda9c052bc9ffb9cfb76091cbccfb82dbac6d0d1e1e076e8541197c42ad22305dcb867e90b62c89389cd9f4f9655,gx-no-cache=1458058647467 HTTP/1.1" 200 32
186.103.157.39 - - [15/Mar/2016:13:17:02 -0300] "POST /cormun/servlet/solicitudot?36c2f65c71e769256bf40149347808c9,INS,0,0,,gx-no-cache=1458058647859 HTTP/1.1" 200 9493
186.103.157.39 - - [15/Mar/2016:13:17:06 -0300] "POST /cormun/servlet/solicitudot?36c2f65c71e769256bf40149347808c9,INS,0,0,,gx-no-cache=1458058652170 HTTP/1.1" 200 93
186.103.157.39 - - [15/Mar/2016:13:17:06 -0300] "GET /cormun/servlet/hpexe_return? HTTP/1.1" 200 1006
186.103.157.39 - - [15/Mar/2016:13:17:06 -0300] "GET /cormun/static/Resources/Spanish/PXTools.css?12112540 HTTP/1.1" 304 -
186.103.157.39 - - [15/Mar/2016:13:17:06 -0300] "GET /cormun/static/gxcfg.js?2015111312145050 HTTP/1.1" 304 -
186.103.157.39 - - [15/Mar/2016:13:17:06 -0300] "GET /cormun/static/hpexe_return.js?2015111312145056 HTTP/1.1" 304 -
186.103.157.39 - - [15/Mar/2016:13:17:06 -0300] "GET /cormun/servlet/trsolicitudot HTTP/1.1" 200 6207
186.103.157.39 - - [15/Mar/2016:13:17:08 -0300] "GET /cormun/servlet/trsolicitudot HTTP/1.1" 200 6202
186.103.157.39 - - [15/Mar/2016:13:17:12 -0300] "GET /cormun/servlet/solicitudot?INS,0,0, HTTP/1.1" 200 11440
186.103.157.39 - - [15/Mar/2016:13:17:13 -0300] "GET /cormun/servlet/solicitudot?INS,0,0, HTTP/1.1" 200 11445
186.78.40.120 - - [15/Mar/2016:13:17:15 -0300] "POST /cormun/servlet/hlogin?9546fc4ff2cfa82e5fa0eb47d93cc356,gx-no-cache=1458058662413 HTTP/1.1" 200 90
186.78.40.120 - - [15/Mar/2016:13:17:16 -0300] "GET /cormun/servlet/hpexe_link HTTP/1.1" 200 952
186.78.40.120 - - [15/Mar/2016:13:17:16 -0300] "GET /cormun/servlet/hhome HTTP/1.1" 200 3487
186.78.40.120 - - [15/Mar/2016:13:17:18 -0300] "GET /cormun/servlet/hhome HTTP/1.1" 200 3483
186.78.40.120 - - [15/Mar/2016:13:17:36 -0300] "GET /cormun/servlet/trsolicitudot? HTTP/1.1" 200 6246
186.78.40.120 - - [15/Mar/2016:13:17:38 -0300] "GET /cormun/servlet/trsolicitudot? HTTP/1.1" 200 6246
186.78.40.120 - - [15/Mar/2016:13:17:49 -0300] "GET /cormun/servlet/solicitudot?INS,0,0, HTTP/1.1" 200 11500
186.78.40.120 - - [15/Mar/2016:13:17:50 -0300] "GET /cormun/servlet/solicitudot?INS,0,0, HTTP/1.1" 200 11505
186.103.157.39 - - [15/Mar/2016:13:18:06 -0300] "POST /cormun/servlet/solicitudot?gx-no-cache=1458058712673 HTTP/1.1" 200 2773
186.103.157.39 - - [15/Mar/2016:13:18:07 -0300] "POST /cormun/servlet/solicitudot?36c2f65c71e769256bf40149347808c9,INS,0,0,,gx-no-cache=1458058712887 HTTP/1.1" 200 8394
186.78.40.120 - - [15/Mar/2016:13:18:08 -0300] "GET /cormun/servlet/trsolicitudot? HTTP/1.1" 200 6246
186.78.40.120 - - [15/Mar/2016:13:18:10 -0300] "GET /cormun/servlet/trsolicitudot? HTTP/1.1" 200 6246
191.112.95.7 - - [15/Mar/2016:13:18:12 -0300] "GET /cormun/servlet/hlogin HTTP/1.1" 200 1723
191.112.95.7 - - [15/Mar/2016:13:18:12 -0300] "GET /cormun/static/Resources/Spanish/PXTools.css?005343 HTTP/1.1" 304 -
186.78.40.120 - - [15/Mar/2016:13:18:12 -0300] "POST /cormun/servlet/trsolicitudot?9546fc4ff2cfa82e5fa0eb47d93cc356,,gx-no-cache=1458058719428 HTTP/1.1" 200 3503
191.112.95.7 - - [15/Mar/2016:13:18:13 -0300] "GET /cormun/static/gxcfg.js?20151120045111 HTTP/1.1" 304 -
191.112.95.7 - - [15/Mar/2016:13:18:13 -0300] "GET /cormun/static/messages.spa.js?85251 HTTP/1.1" 304 -
191.112.95.7 - - [15/Mar/2016:13:18:13 -0300] "GET /cormun/static/hlogin.js?20151120045126 HTTP/1.1" 304 -
186.78.40.120 - - [15/Mar/2016:13:18:13 -0300] "POST /cormun/servlet/trsolicitudot?9546fc4ff2cfa82e5fa0eb47d93cc356,,gx-no-cache=1458058719850 HTTP/1.1" 200 3503
186.78.40.120 - - [15/Mar/2016:13:18:13 -0300] "POST /cormun/servlet/trsolicitudot?9546fc4ff2cfa82e5fa0eb47d93cc356,,gx-no-cache=1458058720270 HTTP/1.1" 200 3504
191.112.95.7 - - [15/Mar/2016:13:18:13 -0300] "GET /cormun/servlet/hlogin HTTP/1.1" 200 1733
186.78.40.120 - - [15/Mar/2016:13:18:14 -0300] "POST /cormun/servlet/trsolicitudot?9546fc4ff2cfa82e5fa0eb47d93cc356,,gx-no-cache=1458058720672 HTTP/1.1" 200 3503
186.103.157.39 - - [15/Mar/2016:13:18:16 -0300] "GET /cormun/servlet/solicitudot?f72c9add2e4ec07f2c2827a0e9a64d2d5e0d20f2347156aa03bfca65f86ad92a295e761439c37129930e59b998019a97,gx-no-cache=1458058721909 HTTP/1.1" 200 30
186.103.157.39 - - [15/Mar/2016:13:18:16 -0300] "POST /cormun/servlet/solicitudot?gx-no-cache=1458058721995 HTTP/1.1" 200 30
186.78.40.120 - - [15/Mar/2016:13:18:19 -0300] "POST /cormun/servlet/trsolicitudot?9546fc4ff2cfa82e5fa0eb47d93cc356,,gx-no-cache=1458058725526 HTTP/1.1" 200 3507
186.78.40.120 - - [15/Mar/2016:13:18:19 -0300] "GET /cormun/servlet/trsolicitudot?9a2ad1d52c63f4484f38961291f46ec83a0a0620ceb95b5430dd9bd1187d0b3e140884570fbdeafe470576195dc93f3f8e5b64e29bc2900dd5ab6c0bc4c770684073a695ddb22bdd6d156a592c52626a,gx-no-cache=1458058726018 HTTP/1.1" 200 762
186.103.157.39 - - [15/Mar/2016:13:18:20 -0300] "POST /cormun/servlet/solicitudot?gx-no-cache=1458058726120 HTTP/1.1" 200 30
191.112.95.7 - - [15/Mar/2016:13:18:24 -0300] "POST /cormun/servlet/hlogin?cb1f6b4e57b7193544cc0559d84293dc,gx-no-cache=1458058730433 HTTP/1.1" 200 90
191.112.95.7 - - [15/Mar/2016:13:18:24 -0300] "GET /cormun/servlet/hpexe_link HTTP/1.1" 200 954
191.112.95.7 - - [15/Mar/2016:13:18:24 -0300] "GET /cormun/static/gxcfg.js?20151120044395 HTTP/1.1" 304 -
191.112.95.7 - - [15/Mar/2016:13:18:24 -0300] "GET /cormun/static/hpexe_link.js?20151120044398 HTTP/1.1" 304 -
191.112.95.7 - - [15/Mar/2016:13:18:24 -0300] "GET /cormun/servlet/hhome HTTP/1.1" 200 3469
186.103.157.39 - - [15/Mar/2016:13:18:24 -0300] "GET /cormun/servlet/prcontratosol?18445941,,,,,MD,,gxPopupLevel%3D0%3B HTTP/1.1" 200 5690
191.112.95.7 - - [15/Mar/2016:13:18:25 -0300] "GET /cormun/static/Resources/Spanish/PXTools.css?10515224 HTTP/1.1" 304 -
191.112.95.7 - - [15/Mar/2016:13:18:25 -0300] "GET /cormun/static/gxcfg.js?2015112210564248 HTTP/1.1" 304 -
191.112.95.7 - - [15/Mar/2016:13:18:27 -0300] "GET /cormun/static/hhome.js?2015112210564255 HTTP/1.1" 304 -
191.112.95.7 - - [15/Mar/2016:13:18:27 -0300] "GET /cormun/static/hwchdr01.js?20162241650484 HTTP/1.1" 304 -
191.112.95.7 - - [15/Mar/2016:13:18:27 -0300] "GET /cormun/static/hpexe_recentlink.js?2015111312121342 HTTP/1.1" 304 -
191.112.95.7 - - [15/Mar/2016:13:18:27 -0300] "GET /cormun/static/hpexe_scripts.js?20151120014546 HTTP/1.1" 304 -
191.112.95.7 - - [15/Mar/2016:13:18:27 -0300] "GET /cormun/static/hpexe_messagecontroller.js?2015112210524422 HTTP/1.1" 304 -
191.112.95.7 - - [15/Mar/2016:13:18:27 -0300] "GET /cormun/static/hpexe_messagepopupcomponent.js?20163219454551 HTTP/1.1" 304 -
191.112.95.7 - - [15/Mar/2016:13:18:27 -0300] "GET /cormun/static/hpexe_messagegenexuscomponent.js?20151120014314 HTTP/1.1" 304 -
191.112.95.7 - - [15/Mar/2016:13:18:27 -0300] "GET /cormun/static/cmcontrolpreferences.js?20151120014525 HTTP/1.1" 304 -
191.112.95.7 - - [15/Mar/2016:13:18:27 -0300] "GET /cormun/static/hmpwkw03.js?2016311993330 HTTP/1.1" 304 -
186.78.40.120 - - [15/Mar/2016:13:18:27 -0300] "POST /cormun/servlet/trsolicitudot?9546fc4ff2cfa82e5fa0eb47d93cc356,,gx-no-cache=1458058733809 HTTP/1.1" 200 3508
186.78.40.120 - - [15/Mar/2016:13:18:27 -0300] "GET /cormun/servlet/trsolicitudot?9a2ad1d52c63f4484f38961291f46ec8b30e4eec49dd7add877ceb08c8c79741140884570fbdeafe470576195dc93f3f8e5b64e29bc2900dd5ab6c0bc4c770684073a695ddb22bdd6d156a592c52626a,gx-no-cache=1458058734333 HTTP/1.1" 200 763
186.103.157.39 - - [15/Mar/2016:13:18:29 -0300] "POST /cormun/servlet/solicitudot?gx-no-cache=1458058735024 HTTP/1.1" 200 1170
186.103.157.39 - - [15/Mar/2016:13:18:29 -0300] "GET /cormun/servlet/solicitudot?f72c9add2e4ec07f2c2827a0e9a64d2d1f7a4ad0d20786aed72570ca47a8ce7b9a1d98f30d07363ab7da54471c9abd73ad68a9dd182292752f2defb33c40c7518ba48648991d95dbc4e4b145184cc3f3485622c64de16fa9cd6d2936008de3501a405c4e92f7e78d850beb1bc442edeaa7cb9b1913f45c55c68906f93b442ecdef301810be23a7c9c582023d4481be85,gx-no-cache=1458058735078 HTTP/1.1" 200 38
186.103.157.39 - - [15/Mar/2016:13:18:29 -0300] "GET /cormun/servlet/solicitudot?f72c9add2e4ec07f2c2827a0e9a64d2d143478a82cfaf6425d704491b31308da095389e26536abf58b297ae390537ed85750c08cdd60586a91a085a445f67e7553d3d03922472fb9cd729259dd1a5c0804d5042ae32aaeb2fb42e9bb3ae60a17964e87cf8f32e6ad52045fcc32d05fc8b93912c0ef632c2c1963b0af6e4dbf27f560a6ff8a1373a339995ec751681ef1685144f1c0c98e66766663e33382ddf8cbb4a061c8db83f1d5572ae87aac3378e48832c798cba1a506291d96928ee7f96970fc24dc9d59a23c0929d5785e600f,gx-no-cache=1458058735108 HTTP/1.1" 200 29
186.103.157.39 - - [15/Mar/2016:13:18:29 -0300] "POST /cormun/servlet/solicitudot?gx-no-cache=1458058735140 HTTP/1.1" 200 1127
191.112.95.7 - - [15/Mar/2016:13:18:30 -0300] "GET /cormun/servlet/hhome HTTP/1.1" 200 3466
186.78.40.120 - - [15/Mar/2016:13:18:31 -0300] "GET /cormun/static/menuarrow.gif HTTP/1.1" 404 1015
191.112.95.7 - - [15/Mar/2016:13:18:33 -0300] "GET /cormun/servlet/trsolicitudot? HTTP/1.1" 200 6227
191.112.95.7 - - [15/Mar/2016:13:18:33 -0300] "GET /cormun/static/Resources/Spanish/PXTools.css?18502099 HTTP/1.1" 304 -
191.112.95.7 - - [15/Mar/2016:13:18:33 -0300] "GET /cormun/static/gxcfg.js?201631185636 HTTP/1.1" 304 -
191.112.95.7 - - [15/Mar/2016:13:18:33 -0300] "GET /cormun/static/trsolicitudot.js?2016311856838 HTTP/1.1" 304 -
186.78.40.120 - - [15/Mar/2016:13:18:35 -0300] "POST /cormun/servlet/trsolicitudot?9546fc4ff2cfa82e5fa0eb47d93cc356,,gx-no-cache=1458058742460 HTTP/1.1" 200 5351
186.78.40.120 - - [15/Mar/2016:13:18:36 -0300] "POST /cormun/servlet/trsolicitudot?9546fc4ff2cfa82e5fa0eb47d93cc356,,gx-no-cache=1458058743055 HTTP/1.1" 200 5351
191.112.95.7 - - [15/Mar/2016:13:18:36 -0300] "GET /cormun/servlet/trsolicitudot? HTTP/1.1" 200 6226
186.78.40.120 - - [15/Mar/2016:13:18:37 -0300] "POST /cormun/servlet/trsolicitudot?9546fc4ff2cfa82e5fa0eb47d93cc356,,gx-no-cache=1458058743710 HTTP/1.1" 200 5351
186.78.40.120 - - [15/Mar/2016:13:18:37 -0300] "POST /cormun/servlet/trsolicitudot?9546fc4ff2cfa82e5fa0eb47d93cc356,,gx-no-cache=1458058744372 HTTP/1.1" 200 5351
186.103.157.39 - - [15/Mar/2016:13:18:52 -0300] "GET /cormun/servlet/prlicenciaspermisos?15106727,L,,MD,,gxPopupLevel%3D0%3B HTTP/1.1" 200 5510
186.78.40.120 - - [15/Mar/2016:13:18:54 -0300] "GET /cormun/servlet/trsolicitudot?9a2ad1d52c63f4484f38961291f46ec83a0a0620ceb95b5430dd9bd1187d0b3e99a0411d5cf38f9ef4bbfff318f365c59c63b5bc39ce60c74429df004536f90394d5012824e82cda8ac70818ad66f37bd869a6c6934201ae080eb51046986cecedfb6ef6f1c28299a504a3292c1ee272229ba571e31e6f957fc7f4d8b6dac135,gx-no-cache=1458058761350 HTTP/1.1" 200 2668
186.78.40.120 - - [15/Mar/2016:13:18:54 -0300] "POST /cormun/servlet/trsolicitudot?9546fc4ff2cfa82e5fa0eb47d93cc356,,gx-no-cache=1458058760939 HTTP/1.1" 200 5748
186.103.157.39 - - [15/Mar/2016:13:18:57 -0300] "POST /cormun/servlet/solicitudot?gx-no-cache=1458058763312 HTTP/1.1" 200 1168
186.78.40.120 - - [15/Mar/2016:13:19:02 -0300] "GET /cormun/servlet/solicitudot?INS,0,0, HTTP/1.1" 200 11500
186.78.40.120 - - [15/Mar/2016:13:19:04 -0300] "GET /cormun/servlet/solicitudot?INS,0,0, HTTP/1.1" 200 11505
186.103.157.39 - - [15/Mar/2016:13:19:08 -0300] "GET /cormun/servlet/solicitudot?f72c9add2e4ec07f2c2827a0e9a64d2d1f7a4ad0d20786aed72570ca47a8ce7b9a1d98f30d07363ab7da54471c9abd73ad68a9dd182292752f2defb33c40c7518ba48648991d95dbc4e4b145184cc3f3485622c64de16fa9cd6d2936008de3501a405c4e92f7e78d850beb1bc442edeaa7cb9b1913f45c55c68906f93b442ecd004fd9fab66b26722f5a99969cfcf4da45e4ef19c544be3d000058cafd819c5e,gx-no-cache=1458058774599 HTTP/1.1" 200 41
186.103.157.39 - - [15/Mar/2016:13:19:08 -0300] "POST /cormun/servlet/solicitudot?gx-no-cache=1458058774708 HTTP/1.1" 200 1127
186.103.157.39 - - [15/Mar/2016:13:19:09 -0300] "GET /cormun/static/menuarrow.gif HTTP/1.1" 404 1015
186.78.40.120 - - [15/Mar/2016:13:19:14 -0300] "GET /cormun/servlet/prfichaempleado?,MD,,gxPopupLevel%3D0%3B HTTP/1.1" 200 7937
186.78.40.120 - - [15/Mar/2016:13:19:14 -0300] "GET /cormun/static/scaMessage/css/jquery-ui.css?104140 HTTP/1.1" 404 1045
186.78.40.120 - - [15/Mar/2016:13:19:21 -0300] "GET /cormun/servlet/prfichaempleado?9a2ad1d52c63f4484f38961291f46ec85aa2247700328e753d5a6ee4307edf4bec61752cb46ef290147071990b47758e8cd3b276aef742eaa7b01fa80e655bec,gx-no-cache=1458058788380 HTTP/1.1" 200 465
186.78.40.120 - - [15/Mar/2016:13:19:24 -0300] "GET /cormun/servlet/prfichaempleado?9a2ad1d52c63f4484f38961291f46ec8982a51047b556f8ecf4680ee4010e5e47480c197b1af79e210bf95b6ffbed08842735d0f4a92ee93a5b2f6a83b299c72e7731612eab4a21670a9046d51f6bad3,gx-no-cache=1458058790832 HTTP/1.1" 200 464
186.78.40.120 - - [15/Mar/2016:13:19:25 -0300] "GET /cormun/servlet/prfichaempleado?9a2ad1d52c63f4484f38961291f46ec8d6df876f866c49ac89514ed1a286233ca8e6bd67252ce652e009010786bd00a264f09729ea36d83bc7100e90773522505afc961cf08424ddc8020ab7c7ef2716,gx-no-cache=1458058791898 HTTP/1.1" 200 460
186.78.40.120 - - [15/Mar/2016:13:19:25 -0300] "GET /cormun/servlet/prfichaempleado?9a2ad1d52c63f4484f38961291f46ec8d6df876f866c49ac89514ed1a286233cd13dd4e794a7d286cb68ef3057a09e671623b8baa19eb9e4edc1516b9600f3ca3a5146c3cf81089461a64ccb1e15ed34,gx-no-cache=1458058792502 HTTP/1.1" 200 460
186.78.40.120 - - [15/Mar/2016:13:19:27 -0300] "POST /cormun/servlet/prfichaempleado?9546fc4ff2cfa82e5fa0eb47d93cc356,,MD,,gxPopupLevel%3D0%3B,gx-no-cache=1458058793966 HTTP/1.1" 200 2898
186.78.40.120 - - [15/Mar/2016:13:19:32 -0300] "POST /cormun/servlet/solicitudot?gx-no-cache=1458058799032 HTTP/1.1" 200 2766
186.78.40.120 - - [15/Mar/2016:13:19:33 -0300] "POST /cormun/servlet/solicitudot?9546fc4ff2cfa82e5fa0eb47d93cc356,INS,0,0,,gx-no-cache=1458058799503 HTTP/1.1" 200 8423
186.103.157.39 - - [15/Mar/2016:13:19:35 -0300] "GET /cormun/servlet/solicitudot?f72c9add2e4ec07f2c2827a0e9a64d2d4da6eecd42c211b423802651a70362db187b49702196d66d09c6bdae900a4b7d0a908135843ea3831ea3098cf9dd7fcfc2c054cb196cfe8437db85e48e767da50720277558aec52934232a42850afa7aeebfb8d3d1f70e2ebbe5bf32bed1295bd68d1689918b785287fa4d61c7c3d4e0bdf579f988255454e928cd954654d7dfd662cda9c052bc9ffb9cfb76091cbccfb82dbac6d0d1e1e076e8541197c42ad2b8c661135ed4b8a1a917474743f788ae,gx-no-cache=1458058801196 HTTP/1.1" 200 30
186.78.40.120 - - [15/Mar/2016:13:19:48 -0300] "GET /cormun/servlet/solicitudot?90e1b31259ae6405dbb994c2f276841867c9ef395ad414be9d4540efcda9bce15afc961cf08424ddc8020ab7c7ef2716,gx-no-cache=1458058814707 HTTP/1.1" 200 30
186.78.40.120 - - [15/Mar/2016:13:19:48 -0300] "POST /cormun/servlet/solicitudot?gx-no-cache=1458058814824 HTTP/1.1" 200 30
186.78.40.120 - - [15/Mar/2016:13:19:48 -0300] "POST /cormun/servlet/solicitudot?gx-no-cache=1458058814920 HTTP/1.1" 200 33
186.78.40.120 - - [15/Mar/2016:13:19:48 -0300] "POST /cormun/servlet/solicitudot?gx-no-cache=1458058815039 HTTP/1.1" 200 1171
186.78.40.120 - - [15/Mar/2016:13:19:48 -0300] "GET /cormun/servlet/solicitudot?90e1b31259ae6405dbb994c2f27684181ec33ab972ccf864c14e603b1135c6439af83b73cb86cddec276f337a718e432ca63a43ba874e379c16783399cb375f995d80b2a61d9dcb22d1a69635ee54776d5cf8df23656079353a7be8520660cd035d51dfe7934074850162b16a3873a045fa2ff901b78f8deb0bc72cb914abbdd6884a8a4202258cfaa8832d4c5e9b151,gx-no-cache=1458058815212 HTTP/1.1" 200 38
186.78.40.120 - - [15/Mar/2016:13:19:48 -0300] "GET /cormun/servlet/solicitudot?90e1b31259ae6405dbb994c2f27684183fc466395eca6b0d1e34a5391f8a8df41fa637e74e71c5553198816f08a590551f296f9a9fbf0a95c20dcf8b4406f5cffef57d26c821d4331064c7e454fe50198b73c2dc0972424e9609eeb6bc2b76b0412ac9aa1517a8f9095c46e04f620f207c4411e50f5dbef4d5e41b9a9fa35f7420ada2622032732a31602f8f9df7068d56869be6ddbb703f5cfa45e592c92a69,gx-no-cache=1458058815304 HTTP/1.1" 200 29
186.78.40.120 - - [15/Mar/2016:13:19:57 -0300] "POST /cormun/servlet/solicitudot?gx-no-cache=1458058824059 HTTP/1.1" 200 1127
186.103.157.39 - - [15/Mar/2016:13:20:09 -0300] "POST /cormun/servlet/solicitudot?36c2f65c71e769256bf40149347808c9,INS,0,0,,gx-no-cache=1458058835170 HTTP/1.1" 200 93
186.103.157.39 - - [15/Mar/2016:13:20:09 -0300] "GET /cormun/servlet/hpexe_return? HTTP/1.1" 200 1006
186.103.157.39 - - [15/Mar/2016:13:20:10 -0300] "GET /cormun/servlet/trsolicitudot HTTP/1.1" 200 7558
186.103.157.39 - - [15/Mar/2016:13:20:11 -0300] "GET /cormun/servlet/trsolicitudot HTTP/1.1" 200 7555
186.103.157.39 - - [15/Mar/2016:13:20:20 -0300] "POST /cormun/servlet/trsolicitudot?36c2f65c71e769256bf40149347808c9,gx-no-cache=1458058846719 HTTP/1.1" 200 4975
186.103.157.39 - - [15/Mar/2016:13:20:21 -0300] "POST /cormun/servlet/trsolicitudot?36c2f65c71e769256bf40149347808c9,gx-no-cache=1458058846935 HTTP/1.1" 200 4976
186.103.157.39 - - [15/Mar/2016:13:20:21 -0300] "POST /cormun/servlet/trsolicitudot?36c2f65c71e769256bf40149347808c9,gx-no-cache=1458058847148 HTTP/1.1" 200 4975
186.103.157.39 - - [15/Mar/2016:13:20:21 -0300] "POST /cormun/servlet/trsolicitudot?36c2f65c71e769256bf40149347808c9,gx-no-cache=1458058847358 HTTP/1.1" 200 4975
186.78.40.120 - - [15/Mar/2016:13:20:31 -0300] "POST /cormun/servlet/solicitudot?gx-no-cache=1458058858343 HTTP/1.1" 200 30
186.103.157.39 - - [15/Mar/2016:13:20:37 -0300] "POST /cormun/servlet/trsolicitudot?36c2f65c71e769256bf40149347808c9,gx-no-cache=1458058862929 HTTP/1.1" 200 4976
186.103.157.39 - - [15/Mar/2016:13:20:37 -0300] "POST /cormun/servlet/trsolicitudot?36c2f65c71e769256bf40149347808c9,gx-no-cache=1458058863141 HTTP/1.1" 200 4975
186.103.157.39 - - [15/Mar/2016:13:20:37 -0300] "POST /cormun/servlet/trsolicitudot?36c2f65c71e769256bf40149347808c9,gx-no-cache=1458058863351 HTTP/1.1" 200 4975
186.103.157.39 - - [15/Mar/2016:13:20:37 -0300] "POST /cormun/servlet/trsolicitudot?36c2f65c71e769256bf40149347808c9,gx-no-cache=1458058863611 HTTP/1.1" 200 3636
186.103.157.39 - - [15/Mar/2016:13:20:37 -0300] "GET /cormun/static/Shared/jqueryui/images/ui-bg_highlight-soft_100_c6c2c8_1x100.png HTTP/1.1" 404 1117
186.103.157.39 - - [15/Mar/2016:13:20:38 -0300] "GET /cormun/static/Shared/jqueryui/images/ui-icons_82798d_256x240.png HTTP/1.1" 404 1089
186.103.157.39 - - [15/Mar/2016:13:20:38 -0300] "GET /cormun/static/Shared/jqueryui/images/ui-bg_flat_55_fafafa_40x100.png HTTP/1.1" 404 1097
186.103.157.39 - - [15/Mar/2016:13:20:38 -0300] "GET /cormun/static/Shared/jqueryui/images/ui-icons_8d78a5_256x240.png HTTP/1.1" 404 1089
186.103.157.39 - - [15/Mar/2016:13:20:38 -0300] "POST /cormun/servlet/trsolicitudot?36c2f65c71e769256bf40149347808c9,gx-no-cache=1458058863936 HTTP/1.1" 200 3454
186.103.157.246 - - [15/Mar/2016:13:20:41 -0300] "POST /cormun/servlet/solicitudot?gx-no-cache=1458058880847 HTTP/1.1" 200 30
186.103.157.39 - - [15/Mar/2016:13:20:44 -0300] "POST /cormun/servlet/trsolicitudot?36c2f65c71e769256bf40149347808c9,gx-no-cache=1458058870126 HTTP/1.1" 200 5328
186.103.157.39 - - [15/Mar/2016:13:20:44 -0300] "GET /cormun/servlet/trsolicitudot?747618db18d337e940b8a91919f278ed4f967da57247b14ef519ac43014dbd261e554c6bbc8622edbba37f027f5acd7718f1a8b808a0e383af0f5b23c363b8d150e783dd2f25ad4a21c45afc95e63332,gx-no-cache=1458058870530 HTTP/1.1" 200 2685
186.103.157.246 - - [15/Mar/2016:13:20:48 -0300] "POST /cormun/servlet/solicitudot?gx-no-cache=1458058888586 HTTP/1.1" 200 122
186.103.157.246 - - [15/Mar/2016:13:20:49 -0300] "GET /cormun/static/Shared/jqueryui/images/ui-bg_highlight-soft_100_c6c2c8_1x100.png HTTP/1.1" 404 1117
186.103.157.246 - - [15/Mar/2016:13:20:49 -0300] "GET /cormun/static/Shared/jqueryui/images/ui-icons_82798d_256x240.png HTTP/1.1" 404 1089
186.103.157.246 - - [15/Mar/2016:13:20:49 -0300] "GET /cormun/static/Shared/jqueryui/images/ui-icons_8d78a5_256x240.png HTTP/1.1" 404 1089
186.103.157.246 - - [15/Mar/2016:13:20:49 -0300] "GET /cormun/static/Shared/jqueryui/images/ui-bg_flat_55_fafafa_40x100.png HTTP/1.1" 404 1097
186.103.157.246 - - [15/Mar/2016:13:20:55 -0300] "POST /cormun/servlet/solicitudot?gx-no-cache=1458058895096 HTTP/1.1" 200 452
186.78.40.120 - - [15/Mar/2016:13:21:13 -0300] "GET /cormun/servlet/prfichaempleado?,MD,,gxPopupLevel%3D0%3B HTTP/1.1" 200 7937
186.78.40.120 - - [15/Mar/2016:13:21:13 -0300] "GET /cormun/static/scaMessage/css/jquery-ui.css?104140 HTTP/1.1" 404 1045
186.103.157.39 - - [15/Mar/2016:13:21:20 -0300] "POST /cormun/servlet/trsolicitudot?36c2f65c71e769256bf40149347808c9,gx-no-cache=1458058906088 HTTP/1.1" 200 5328
186.78.40.120 - - [15/Mar/2016:13:21:20 -0300] "GET /cormun/servlet/prfichaempleado?9a2ad1d52c63f4484f38961291f46ec8155f0b7f2c7a81d414159b13b6a27f9a05d68b6b0d4d77dd9dbeaee827f343668cd3b276aef742eaa7b01fa80e655bec,gx-no-cache=1458058907408 HTTP/1.1" 200 465
186.103.157.39 - - [15/Mar/2016:13:21:20 -0300] "POST /cormun/servlet/trsolicitudot?36c2f65c71e769256bf40149347808c9,gx-no-cache=1458058906500 HTTP/1.1" 200 5328
186.103.157.39 - - [15/Mar/2016:13:21:21 -0300] "POST /cormun/servlet/trsolicitudot?36c2f65c71e769256bf40149347808c9,gx-no-cache=1458058906819 HTTP/1.1" 200 5328
186.78.40.120 - - [15/Mar/2016:13:21:21 -0300] "GET /cormun/servlet/prfichaempleado?9a2ad1d52c63f4484f38961291f46ec8b1c45ac548c3a1fd9d0360470bac7e768e7fba819d56e5b27296af64edfbb8537a30c1122c5e307451db919c1bda9d105afc961cf08424ddc8020ab7c7ef2716,gx-no-cache=1458058908235 HTTP/1.1" 200 463
186.103.157.39 - - [15/Mar/2016:13:21:21 -0300] "POST /cormun/servlet/trsolicitudot?36c2f65c71e769256bf40149347808c9,gx-no-cache=1458058907185 HTTP/1.1" 200 5304
186.103.157.39 - - [15/Mar/2016:13:21:24 -0300] "POST /cormun/servlet/trsolicitudot?36c2f65c71e769256bf40149347808c9,gx-no-cache=1458058910320 HTTP/1.1" 200 5304
186.78.40.120 - - [15/Mar/2016:13:21:24 -0300] "GET /cormun/servlet/prfichaempleado?9a2ad1d52c63f4484f38961291f46ec8b1c45ac548c3a1fd9d0360470bac7e76cf11dab433ff321d2a4ac0dd6f71be58944059af3b88b1922a10eebdd036228973d2687e428870986cec5315ae9dc04e,gx-no-cache=1458058911472 HTTP/1.1" 200 468
186.103.157.39 - - [15/Mar/2016:13:21:25 -0300] "POST /cormun/servlet/trsolicitudot?36c2f65c71e769256bf40149347808c9,gx-no-cache=1458058911497 HTTP/1.1" 200 5303
186.78.40.120 - - [15/Mar/2016:13:21:26 -0300] "GET /cormun/servlet/prfichaempleado?9a2ad1d52c63f4484f38961291f46ec8b1c45ac548c3a1fd9d0360470bac7e7606d0281ffae9c9da0956d86323d9dd50447c4529d220ccce546bfb3d3c786c15d0a68cd6ed22454df4e555fc92493230,gx-no-cache=1458058913440 HTTP/1.1" 200 469
186.78.40.120 - - [15/Mar/2016:13:21:28 -0300] "GET /cormun/servlet/prfichaempleado?9a2ad1d52c63f4484f38961291f46ec8b1c45ac548c3a1fd9d0360470bac7e763a9fef34cb50857526a498429e13f25711b1e4dc088b2504e2f4d866bdf4be7517ea6b13c1ef76e2c967b384d5898614,gx-no-cache=1458058915123 HTTP/1.1" 200 470
186.78.40.120 - - [15/Mar/2016:13:21:29 -0300] "GET /cormun/servlet/prfichaempleado?9a2ad1d52c63f4484f38961291f46ec8b1c45ac548c3a1fd9d0360470bac7e76b1003b98268b313dc0d5bb83363323dee8ced9d81ac60f4e54c26ccfe5813391153e5365a128b9dfe6726a9038f6abcf,gx-no-cache=1458058915769 HTTP/1.1" 200 469
186.78.40.120 - - [15/Mar/2016:13:21:30 -0300] "POST /cormun/servlet/prfichaempleado?9546fc4ff2cfa82e5fa0eb47d93cc356,,MD,,gxPopupLevel%3D0%3B,gx-no-cache=1458058917115 HTTP/1.1" 200 2909
186.103.157.39 - - [15/Mar/2016:13:21:32 -0300] "POST /cormun/servlet/trsolicitudot?36c2f65c71e769256bf40149347808c9,gx-no-cache=1458058918008 HTTP/1.1" 200 5303
186.103.157.39 - - [15/Mar/2016:13:21:34 -0300] "POST /cormun/servlet/trsolicitudot?36c2f65c71e769256bf40149347808c9,gx-no-cache=1458058920208 HTTP/1.1" 200 5304
186.103.157.39 - - [15/Mar/2016:13:21:41 -0300] "POST /cormun/servlet/trsolicitudot?36c2f65c71e769256bf40149347808c9,gx-no-cache=1458058927274 HTTP/1.1" 200 5304
186.78.40.120 - - [15/Mar/2016:13:21:43 -0300] "POST /cormun/servlet/solicitudot?gx-no-cache=1458058929518 HTTP/1.1" 200 1169
186.103.157.39 - - [15/Mar/2016:13:21:54 -0300] "POST /cormun/servlet/trsolicitudot?36c2f65c71e769256bf40149347808c9,gx-no-cache=1458058939706 HTTP/1.1" 200 5328
186.103.157.39 - - [15/Mar/2016:13:21:54 -0300] "POST /cormun/servlet/trsolicitudot?36c2f65c71e769256bf40149347808c9,gx-no-cache=1458058940201 HTTP/1.1" 200 5328
186.103.157.39 - - [15/Mar/2016:13:21:55 -0300] "POST /cormun/servlet/trsolicitudot?36c2f65c71e769256bf40149347808c9,gx-no-cache=1458058941013 HTTP/1.1" 200 5328
186.103.157.39 - - [15/Mar/2016:13:21:56 -0300] "POST /cormun/servlet/trsolicitudot?36c2f65c71e769256bf40149347808c9,gx-no-cache=1458058941532 HTTP/1.1" 200 5304
186.78.40.120 - - [15/Mar/2016:13:21:56 -0300] "GET /cormun/servlet/solicitudot?90e1b31259ae6405dbb994c2f27684181ec33ab972ccf864c14e603b1135c6439af83b73cb86cddec276f337a718e432ca63a43ba874e379c16783399cb375f995d80b2a61d9dcb22d1a69635ee54776d5cf8df23656079353a7be8520660cd035d51dfe7934074850162b16a3873a045fa2ff901b78f8deb0bc72cb914abbdd7734ede2d2fdcae782056b622ed2f54da2a90c2dddf81f8e8c769da1dd059e81,gx-no-cache=1458058943374 HTTP/1.1" 200 38
186.78.40.120 - - [15/Mar/2016:13:21:56 -0300] "POST /cormun/servlet/solicitudot?gx-no-cache=1458058943529 HTTP/1.1" 200 1127
186.103.157.39 - - [15/Mar/2016:13:22:07 -0300] "POST /cormun/servlet/trsolicitudot?36c2f65c71e769256bf40149347808c9,gx-no-cache=1458058952944 HTTP/1.1" 200 5328
186.103.157.39 - - [15/Mar/2016:13:22:08 -0300] "POST /cormun/servlet/trsolicitudot?36c2f65c71e769256bf40149347808c9,gx-no-cache=1458058953850 HTTP/1.1" 200 5328
186.103.157.39 - - [15/Mar/2016:13:22:08 -0300] "POST /cormun/servlet/trsolicitudot?36c2f65c71e769256bf40149347808c9,gx-no-cache=1458058954399 HTTP/1.1" 200 5329
186.103.157.39 - - [15/Mar/2016:13:23:04 -0300] "GET /cormun/servlet/hlogin HTTP/1.1" 200 1717
186.103.157.246 - - [15/Mar/2016:13:23:16 -0300] "POST /cormun/servlet/solicitudot?gx-no-cache=1458059036400 HTTP/1.1" 200 1169
186.103.157.246 - - [15/Mar/2016:13:23:17 -0300] "GET /cormun/static/menuarrow.gif HTTP/1.1" 404 1015
186.103.157.39 - - [15/Mar/2016:13:23:34 -0300] "POST /cormun/servlet/hlogin?d3fa0b1f3bbd4aa7163c6d3fcfef8289,gx-no-cache=1458059040688 HTTP/1.1" 200 90
186.103.157.39 - - [15/Mar/2016:13:23:35 -0300] "GET /cormun/servlet/hpexe_link HTTP/1.1" 200 946
186.103.157.39 - - [15/Mar/2016:13:23:35 -0300] "GET /cormun/servlet/hhome HTTP/1.1" 200 3439
186.103.157.246 - - [15/Mar/2016:13:23:36 -0300] "POST /cormun/servlet/solicitudot?gx-no-cache=1458059056341 HTTP/1.1" 200 1169
186.103.157.39 - - [15/Mar/2016:13:23:37 -0300] "GET /cormun/servlet/hhome HTTP/1.1" 200 3435
186.103.157.39 - - [15/Mar/2016:13:23:41 -0300] "GET /cormun/servlet/trsolicitudot? HTTP/1.1" 200 6203
186.103.157.39 - - [15/Mar/2016:13:23:43 -0300] "GET /cormun/servlet/trsolicitudot? HTTP/1.1" 200 6202
186.78.40.120 - - [15/Mar/2016:13:23:47 -0300] "POST /cormun/servlet/solicitudot?gx-no-cache=1458059053863 HTTP/1.1" 200 30
