186.103.159.186 - - [15/Mar/2016:14:58:21 -0300] "GET /cormun/servlet/trsolicitudot?829ae4e861603f73c148bad8a2025a146e8ab51353f4da74f29e783f94749512c97977fc9ac10582e91fcc3ef38b46c06be38978f8c1aa12fc9b7db688c5bab0cf82b0dbde1a07a78728f92ede4ea7e637a3d46654ac84abc5ef8b1b7404f5a7,gx-no-cache=1458064754764 HTTP/1.1" 200 774
186.103.159.186 - - [15/Mar/2016:14:58:24 -0300] "GET /cormun/servlet/trsolicitudot?829ae4e861603f73c148bad8a2025a14effecad5c5ea03d165af89ebbc2bb79b974acad660ca484ebd8c03f22aff297141ff132f7aa42f0bc60f74185b50e6f4c06f80a7c6721c321389882f33f3d9fbb6c9147b8e2f2738093742cdb75a2364,gx-no-cache=1458064757783 HTTP/1.1" 200 774
186.103.159.186 - - [15/Mar/2016:14:58:24 -0300] "GET /cormun/servlet/trsolicitudot?829ae4e861603f73c148bad8a2025a14a3e34f8342a4b73c537f5465a060ed13ac63d9aad8c08b514fd6072394065f34cd546e8fc73c98e4b7a8780e1b6914320b1234bd1b4f2287abe242aacac4c8dc,gx-no-cache=1458064758401 HTTP/1.1" 200 774
186.103.159.186 - - [15/Mar/2016:14:58:40 -0300] "GET /cormun/servlet/hlogin HTTP/1.1" 200 1718
186.103.159.186 - - [15/Mar/2016:14:58:52 -0300] "POST /cormun/servlet/hlogin?1c418e6eb2df77981766f150d05a2153,gx-no-cache=1458064788085 HTTP/1.1" 200 90
186.103.159.186 - - [15/Mar/2016:14:58:52 -0300] "GET /cormun/servlet/hpexe_link HTTP/1.1" 200 958
186.103.159.186 - - [15/Mar/2016:14:58:52 -0300] "GET /cormun/servlet/trsolicitudot? HTTP/1.1" 200 6222
186.103.159.186 - - [15/Mar/2016:14:58:53 -0300] "GET /cormun/servlet/trsolicitudot? HTTP/1.1" 200 6221
186.103.159.186 - - [15/Mar/2016:14:58:56 -0300] "POST /cormun/servlet/trsolicitudot?1c418e6eb2df77981766f150d05a2153,,gx-no-cache=1458064792281 HTTP/1.1" 200 3503
186.103.159.186 - - [15/Mar/2016:14:58:56 -0300] "POST /cormun/servlet/trsolicitudot?1c418e6eb2df77981766f150d05a2153,,gx-no-cache=1458064792452 HTTP/1.1" 200 3502
186.103.159.186 - - [15/Mar/2016:14:58:56 -0300] "POST /cormun/servlet/trsolicitudot?1c418e6eb2df77981766f150d05a2153,,gx-no-cache=1458064792625 HTTP/1.1" 200 3502
186.103.159.186 - - [15/Mar/2016:14:58:59 -0300] "GET /cormun/servlet/trsolicitudot?829ae4e861603f73c148bad8a2025a14adf0b1adf9caedd70b47e19a3e1907247fdb43ecb166a832d511aca4d9ae5da7922df87f168347530aa4b6dece0562586abaf3e967326329da403b7d4926c287dfdb59a74ed15221cf774e447e638010,gx-no-cache=1458064795830 HTTP/1.1" 200 774
186.103.159.186 - - [15/Mar/2016:14:59:00 -0300] "GET /cormun/servlet/trsolicitudot?829ae4e861603f73c148bad8a2025a146e8ab51353f4da74f29e783f94749512978127499e2b9591a6807e16146dd2f24f4e886dd844ee4ef875abd8152d310fdd2b35bf4bff6cb4ebba46e51871e2f57fa06dd837d54847cedc574a3a2b7bc2,gx-no-cache=1458064796670 HTTP/1.1" 200 774
186.103.159.186 - - [15/Mar/2016:14:59:02 -0300] "POST /cormun/servlet/trsolicitudot?1c418e6eb2df77981766f150d05a2153,,gx-no-cache=1458064798524 HTTP/1.1" 200 3504
186.103.159.186 - - [15/Mar/2016:14:59:04 -0300] "GET /cormun/servlet/trsolicitudot?829ae4e861603f73c148bad8a2025a146e8ab51353f4da74f29e783f947495123e694c5e330a7afeda063daee28b3b3d9031befc0aa2fbf075687cfa9970d5385ee3409783b9ffab1e0f51adfa7827c8e2f9aeb59a6607b14eac88ced247c225,gx-no-cache=1458064800718 HTTP/1.1" 200 774
186.103.159.186 - - [15/Mar/2016:14:59:05 -0300] "GET /cormun/servlet/trsolicitudot?829ae4e861603f73c148bad8a2025a146e8ab51353f4da74f29e783f9474951249f15f3853254d498de4bffd99f783076be38978f8c1aa12fc9b7db688c5bab0cf82b0dbde1a07a78728f92ede4ea7e637a3d46654ac84abc5ef8b1b7404f5a7,gx-no-cache=1458064801661 HTTP/1.1" 200 774
186.103.159.186 - - [15/Mar/2016:14:59:06 -0300] "GET /cormun/servlet/trsolicitudot?829ae4e861603f73c148bad8a2025a146e8ab51353f4da74f29e783f9474951215fc883cc2bb3eb4916d970d0e0ad709ce873422101c0309f2b78f6d8c84d7071e22658c73bb6040fcf86ec979b7f62f150eff8074a57f4c3cd89b601471c95e,gx-no-cache=1458064802678 HTTP/1.1" 200 774
186.103.159.186 - - [15/Mar/2016:14:59:06 -0300] "GET /cormun/servlet/trsolicitudot?829ae4e861603f73c148bad8a2025a146e8ab51353f4da74f29e783f947495126b66c87097a07b08387ad4c0b082c7bef14250e45a9cf01e67066a66161158d9e80b8635182cc64abd5ecf46bc611c52488df313617901d77a1743f2a71356ed,gx-no-cache=1458064803217 HTTP/1.1" 200 774
186.103.159.186 - - [15/Mar/2016:14:59:08 -0300] "GET /cormun/servlet/solicitudot?INS,0,0, HTTP/1.1" 200 11432
186.103.159.186 - - [15/Mar/2016:14:59:09 -0300] "GET /cormun/servlet/solicitudot?INS,0,0, HTTP/1.1" 200 11437
186.103.196.84 - - [15/Mar/2016:14:59:22 -0300] "GET /cormun/servlet/trsolicitudot?413cfbe9c686f1f5a2ae35fade0b88f006b064d86f4ccc79049f81b0cd7b276c9867b4d7d5cded931f7c6344b6a63dc2b41c870f6a0065cbb6d31c777a754b6079f93c456e8bec90e2e8a16385bb5f0546328ac8e0a0031dc3349421db22391a,gx-no-cache=1458064788498 HTTP/1.1" 200 759
186.103.159.186 - - [15/Mar/2016:14:59:27 -0300] "POST /cormun/servlet/solicitudot?gx-no-cache=1458064826682 HTTP/1.1" 200 2756
186.103.159.186 - - [15/Mar/2016:14:59:27 -0300] "POST /cormun/servlet/solicitudot?1c418e6eb2df77981766f150d05a2153,INS,0,0,,gx-no-cache=1458064826884 HTTP/1.1" 200 8387
186.103.159.186 - - [15/Mar/2016:14:59:34 -0300] "GET /cormun/servlet/solicitudot?0495153f9fa3f126fe5286cd7efbaa117959038a8a18c8f67b3f3992f60594d7dfdb59a74ed15221cf774e447e638010,gx-no-cache=1458064834642 HTTP/1.1" 200 30
186.103.159.186 - - [15/Mar/2016:14:59:34 -0300] "POST /cormun/servlet/solicitudot?gx-no-cache=1458064834677 HTTP/1.1" 200 30
186.103.159.186 - - [15/Mar/2016:14:59:45 -0300] "POST /cormun/servlet/solicitudot?gx-no-cache=1458064846812 HTTP/1.1" 200 30
186.103.196.84 - - [15/Mar/2016:14:59:46 -0300] "GET /cormun/servlet/trsolicitudot?413cfbe9c686f1f5a2ae35fade0b88f006b064d86f4ccc79049f81b0cd7b276c9867b4d7d5cded931f7c6344b6a63dc2b41c870f6a0065cbb6d31c777a754b6079f93c456e8bec90e2e8a16385bb5f0546328ac8e0a0031dc3349421db22391a,gx-no-cache=1458064812600 HTTP/1.1" 200 759
186.103.159.186 - - [15/Mar/2016:15:00:00 -0300] "POST /cormun/servlet/solicitudot?gx-no-cache=1458064862493 HTTP/1.1" 200 30
186.103.159.186 - - [15/Mar/2016:15:00:02 -0300] "POST /cormun/servlet/solicitudot?gx-no-cache=1458064866151 HTTP/1.1" 200 1171
186.103.159.186 - - [15/Mar/2016:15:00:02 -0300] "GET /cormun/servlet/solicitudot?0495153f9fa3f126fe5286cd7efbaa11358896a7950d62abd4fff7695c73c4517ab89e1233940879e853000467f6a2d049d832c7a99aac94a065c941b6ba377a05a301a13a271017764a6e0af26a3a7c92c4ec1732ccaf58bc970013bb86513a62606db16f13240d5074a26f24c9070b795682fd67b618b6aa5ad42981b1668d4225d78badce155f9714a2ca90613bef,gx-no-cache=1458064866309 HTTP/1.1" 200 38
186.103.196.84 - - [15/Mar/2016:15:00:04 -0300] "GET /cormun/servlet/trsolicitudot?413cfbe9c686f1f5a2ae35fade0b88f006b064d86f4ccc79049f81b0cd7b276c9867b4d7d5cded931f7c6344b6a63dc2b41c870f6a0065cbb6d31c777a754b6079f93c456e8bec90e2e8a16385bb5f0546328ac8e0a0031dc3349421db22391a,gx-no-cache=1458064830261 HTTP/1.1" 200 759
186.103.196.84 - - [15/Mar/2016:15:00:04 -0300] "POST /cormun/servlet/trsolicitudot?1175c12c3c626c3ae230c87076933536,,gx-no-cache=1458064830470 HTTP/1.1" 200 3504
186.103.196.84 - - [15/Mar/2016:15:00:04 -0300] "POST /cormun/servlet/trsolicitudot?1175c12c3c626c3ae230c87076933536,,gx-no-cache=1458064830804 HTTP/1.1" 200 3503
186.103.196.84 - - [15/Mar/2016:15:00:07 -0300] "GET /cormun/servlet/trsolicitudot?413cfbe9c686f1f5a2ae35fade0b88f0f8b3276854cf492dd41929820c33023500e2f706ffbd559b04d399abe0886be7d5832887414575752f3b1c76522c8c154a27011c48a31908d48e0af0adaa20560c9b8b356f564fa7ba7f7f7ab7429771,gx-no-cache=1458064834244 HTTP/1.1" 200 759
186.103.196.84 - - [15/Mar/2016:15:00:10 -0300] "GET /cormun/servlet/trsolicitudot?413cfbe9c686f1f5a2ae35fade0b88f0066acad58ab50bef8c27a6d8a815200c94fd98eb9e14a10d739dd902a6f0b46b6509069bd99c4f387809f43bc8214433bcfc3ae858cf17215143872b1e3d73611a0664f5c78672ee4d4cd2c79fbe8197,gx-no-cache=1458064836820 HTTP/1.1" 200 759
186.103.196.84 - - [15/Mar/2016:15:00:11 -0300] "GET /cormun/servlet/trsolicitudot?413cfbe9c686f1f5a2ae35fade0b88f0066acad58ab50bef8c27a6d8a815200cbc75247b825cd9b8bbfbe80ef7f76be993950cf3f7840f70d2c0854476904cc63c1ff288d221fcae75e511a17488a70fc270f926051de73270600e767870f614,gx-no-cache=1458064838041 HTTP/1.1" 200 759
186.103.196.84 - - [15/Mar/2016:15:00:12 -0300] "GET /cormun/servlet/trsolicitudot?413cfbe9c686f1f5a2ae35fade0b88f0066acad58ab50bef8c27a6d8a815200c35bbd057273dcbdac10a836b3dcc97baaf6994cf42c77f21ce3e9df2c113fd304c51ba4751ad4ee730def4324d7b858a178b31523106f834c3a838cf4b8f390c,gx-no-cache=1458064838629 HTTP/1.1" 200 759
186.103.159.186 - - [15/Mar/2016:15:00:13 -0300] "GET /cormun/servlet/solicitudot?0495153f9fa3f126fe5286cd7efbaa118d9998f585f13312ca7d77174575baacaf9a72671956c6048ad7072cac39e9c854b4b0c268bd1e1e2f3458637fce1c5a61ceb81f40dd834c5c4ae24b9ffbdb6fbfccfff0d0486bfd6e8ada6ccf5328754032fae4da8fc023e3b556d3b9e3d0ac842cc88fa548175ec86351d3435a11be7d286980ca106474fe5b0f1fb5813158db2ce6ee5168f2f8d72e4d9b1b53feccfb60f10fe54c9e87a49547893b16945dfb04819e1ddfac22e22edb3ca02bf1f309ab71bfa5114df1d1fb20d57409d144,gx-no-cache=1458064878405 HTTP/1.1" 200 29
186.103.196.84 - - [15/Mar/2016:15:00:13 -0300] "POST /cormun/servlet/trsolicitudot?1175c12c3c626c3ae230c87076933536,,gx-no-cache=1458064840065 HTTP/1.1" 200 3516
186.103.159.186 - - [15/Mar/2016:15:00:14 -0300] "POST /cormun/servlet/solicitudot?gx-no-cache=1458064878468 HTTP/1.1" 200 1127
186.103.159.186 - - [15/Mar/2016:15:00:14 -0300] "GET /cormun/static/menuarrow.gif HTTP/1.1" 404 1015
186.103.196.84 - - [15/Mar/2016:15:00:21 -0300] "GET /cormun/servlet/trsolicitudot?413cfbe9c686f1f5a2ae35fade0b88f0066acad58ab50bef8c27a6d8a815200c5a9d194f7a1b3219c4ea718b7d6002aa6509069bd99c4f387809f43bc8214433bcfc3ae858cf17215143872b1e3d73611a0664f5c78672ee4d4cd2c79fbe8197,gx-no-cache=1458064848261 HTTP/1.1" 200 767
186.103.196.84 - - [15/Mar/2016:15:00:22 -0300] "GET /cormun/servlet/trsolicitudot?413cfbe9c686f1f5a2ae35fade0b88f0066acad58ab50bef8c27a6d8a815200ca87d09dc5a8695bbab23cce00214666b730a3094638f29319a634ac6b153a947cf21946bab3b1e922886299cc539d88b3db3f424468c23dfe12023b907592e3c,gx-no-cache=1458064849056 HTTP/1.1" 200 767
186.103.159.186 - - [15/Mar/2016:15:00:22 -0300] "GET /cormun/servlet/solicitudot?0495153f9fa3f126fe5286cd7efbaa1140ce0b4fcace47cf9259f3e457a2bad0dd2e41badc7e9e1daca4c6dc38f04bb38937fca9abc40ca428bfda91dc83823408e340722c705e31e94135c224e7a4210cf90ec5f7273c2ac28c13c131070e43f121c1cb5421562f93759e645ea61b772739e29fb9938bb9ca568f7754881eafe569448fabec829f55f550cad83c1262778002a6558c71e8ef3b0aa6c9905f272fb60d218354f082f3f5fd3196e18643,gx-no-cache=1458064888862 HTTP/1.1" 200 30
186.103.196.84 - - [15/Mar/2016:15:00:23 -0300] "GET /cormun/servlet/trsolicitudot?413cfbe9c686f1f5a2ae35fade0b88f0066acad58ab50bef8c27a6d8a815200c06ee296ff4ec49bd6abdad71dd6c75da53fdefb7ad147cf525e8e221663e0bff5824bae5862291676e03364278299776d18afb40fb6ecf01f11151679974f20e,gx-no-cache=1458064849966 HTTP/1.1" 200 767
186.103.196.84 - - [15/Mar/2016:15:00:31 -0300] "POST /cormun/servlet/trsolicitudot?1175c12c3c626c3ae230c87076933536,,gx-no-cache=1458064857336 HTTP/1.1" 200 3521
186.103.196.84 - - [15/Mar/2016:15:00:31 -0300] "POST /cormun/servlet/trsolicitudot?1175c12c3c626c3ae230c87076933536,,gx-no-cache=1458064857695 HTTP/1.1" 200 3522
186.103.196.84 - - [15/Mar/2016:15:00:31 -0300] "POST /cormun/servlet/trsolicitudot?1175c12c3c626c3ae230c87076933536,,gx-no-cache=1458064858017 HTTP/1.1" 200 3520
186.103.196.84 - - [15/Mar/2016:15:00:32 -0300] "POST /cormun/servlet/trsolicitudot?1175c12c3c626c3ae230c87076933536,,gx-no-cache=1458064858325 HTTP/1.1" 200 3522
186.103.196.84 - - [15/Mar/2016:15:00:51 -0300] "GET /cormun/servlet/trsolicitudot?413cfbe9c686f1f5a2ae35fade0b88f006b064d86f4ccc79049f81b0cd7b276c36d3f842e2d0974026dceff92d0479880f74e8fd9104ca43b7f5c111e5b3e44c749c82477f39017d2ac91dbf65b10f55c269454c4a7ff65e7003929afa6e73e5056cbe27616869d2b0c02658ac14cf44,gx-no-cache=1458064877885 HTTP/1.1" 200 773
186.103.196.84 - - [15/Mar/2016:15:00:51 -0300] "POST /cormun/servlet/trsolicitudot?1175c12c3c626c3ae230c87076933536,,gx-no-cache=1458064878196 HTTP/1.1" 200 3530
186.103.196.84 - - [15/Mar/2016:15:00:57 -0300] "GET /cormun/servlet/solicitudot?INS,0,0, HTTP/1.1" 200 11436
186.103.196.84 - - [15/Mar/2016:15:00:57 -0300] "GET /cormun/static/gxcfg.js?20163219435133 HTTP/1.1" 200 953
186.103.196.84 - - [15/Mar/2016:15:00:57 -0300] "GET /cormun/static/solicitudot.js?20163219435183 HTTP/1.1" 200 44151
186.103.196.84 - - [15/Mar/2016:15:00:57 -0300] "GET /cormun/static/Resources/Spanish/PXTools.css?1944839 HTTP/1.1" 200 89042
186.103.196.84 - - [15/Mar/2016:15:00:59 -0300] "GET /cormun/servlet/solicitudot?INS,0,0, HTTP/1.1" 200 11440
186.103.159.186 - - [15/Mar/2016:15:01:08 -0300] "POST /cormun/servlet/solicitudot?1c418e6eb2df77981766f150d05a2153,INS,0,0,,gx-no-cache=1458064939747 HTTP/1.1" 200 93
186.103.159.186 - - [15/Mar/2016:15:01:08 -0300] "GET /cormun/servlet/hpexe_return? HTTP/1.1" 200 1007
186.103.159.186 - - [15/Mar/2016:15:01:08 -0300] "GET /cormun/servlet/trsolicitudot? HTTP/1.1" 200 7513
186.103.159.186 - - [15/Mar/2016:15:01:09 -0300] "GET /cormun/servlet/trsolicitudot? HTTP/1.1" 200 7509
186.103.159.186 - - [15/Mar/2016:15:01:12 -0300] "POST /cormun/servlet/trsolicitudot?1c418e6eb2df77981766f150d05a2153,,gx-no-cache=1458064944305 HTTP/1.1" 200 4935
186.103.159.186 - - [15/Mar/2016:15:01:13 -0300] "POST /cormun/servlet/trsolicitudot?1c418e6eb2df77981766f150d05a2153,,gx-no-cache=1458064944564 HTTP/1.1" 200 4935
186.103.159.186 - - [15/Mar/2016:15:01:13 -0300] "POST /cormun/servlet/trsolicitudot?1c418e6eb2df77981766f150d05a2153,,gx-no-cache=1458064945160 HTTP/1.1" 200 4936
186.103.159.186 - - [15/Mar/2016:15:01:23 -0300] "POST /cormun/servlet/trsolicitudot?1c418e6eb2df77981766f150d05a2153,,gx-no-cache=1458064956036 HTTP/1.1" 200 4936
186.103.159.186 - - [15/Mar/2016:15:01:23 -0300] "POST /cormun/servlet/trsolicitudot?1c418e6eb2df77981766f150d05a2153,,gx-no-cache=1458064956341 HTTP/1.1" 200 4935
186.103.159.186 - - [15/Mar/2016:15:01:23 -0300] "POST /cormun/servlet/trsolicitudot?1c418e6eb2df77981766f150d05a2153,,gx-no-cache=1458064956509 HTTP/1.1" 200 4936
186.103.159.186 - - [15/Mar/2016:15:01:23 -0300] "POST /cormun/servlet/trsolicitudot?1c418e6eb2df77981766f150d05a2153,,gx-no-cache=1458064956678 HTTP/1.1" 200 4936
186.103.159.186 - - [15/Mar/2016:15:01:24 -0300] "POST /cormun/servlet/trsolicitudot?1c418e6eb2df77981766f150d05a2153,,gx-no-cache=1458064956873 HTTP/1.1" 200 3625
186.103.159.186 - - [15/Mar/2016:15:01:24 -0300] "GET /cormun/static/Shared/jqueryui/images/ui-bg_highlight-soft_100_c6c2c8_1x100.png HTTP/1.1" 404 1117
186.103.159.186 - - [15/Mar/2016:15:01:24 -0300] "GET /cormun/static/Shared/jqueryui/images/ui-icons_82798d_256x240.png HTTP/1.1" 404 1089
186.103.159.186 - - [15/Mar/2016:15:01:24 -0300] "GET /cormun/static/Shared/jqueryui/images/ui-icons_8d78a5_256x240.png HTTP/1.1" 404 1089
186.103.159.186 - - [15/Mar/2016:15:01:24 -0300] "GET /cormun/static/Shared/jqueryui/images/ui-bg_flat_55_fafafa_40x100.png HTTP/1.1" 404 1097
186.103.159.186 - - [15/Mar/2016:15:01:24 -0300] "POST /cormun/servlet/trsolicitudot?1c418e6eb2df77981766f150d05a2153,,gx-no-cache=1458064957182 HTTP/1.1" 200 3484
186.103.159.186 - - [15/Mar/2016:15:01:42 -0300] "GET /cormun/servlet/trsolicitudot?829ae4e861603f73c148bad8a2025a148425b948a63cbe374fff1c0d4a7a87e3aa803479c1b32b1129141e459360096ca53ae7826d6051166e24774e7972800e25455077da01b761ab697c0ed2d75942,gx-no-cache=1458064977266 HTTP/1.1" 200 774
186.103.159.186 - - [15/Mar/2016:15:01:42 -0300] "GET /cormun/servlet/trsolicitudot?829ae4e861603f73c148bad8a2025a1400204065c21ccbaddfe35cf5173978c07fdb43ecb166a832d511aca4d9ae5da7922df87f168347530aa4b6dece0562586abaf3e967326329da403b7d4926c287dfdb59a74ed15221cf774e447e638010,gx-no-cache=1458064977920 HTTP/1.1" 200 774
186.103.159.186 - - [15/Mar/2016:15:01:43 -0300] "GET /cormun/servlet/trsolicitudot?829ae4e861603f73c148bad8a2025a14fd7c526ca9a5d90b57363c15ec6abc66974acad660ca484ebd8c03f22aff297141ff132f7aa42f0bc60f74185b50e6f4c06f80a7c6721c321389882f33f3d9fbb6c9147b8e2f2738093742cdb75a2364,gx-no-cache=1458064978487 HTTP/1.1" 200 774
186.103.159.186 - - [15/Mar/2016:15:01:44 -0300] "POST /cormun/servlet/trsolicitudot?1c418e6eb2df77981766f150d05a2153,,gx-no-cache=1458064979803 HTTP/1.1" 200 3503
186.103.159.186 - - [15/Mar/2016:15:01:47 -0300] "GET /cormun/servlet/trsolicitudot?829ae4e861603f73c148bad8a2025a14fd7c526ca9a5d90b57363c15ec6abc66ac6b73c84d97949b8e72f7029b397bb76be38978f8c1aa12fc9b7db688c5bab0cf82b0dbde1a07a78728f92ede4ea7e637a3d46654ac84abc5ef8b1b7404f5a7,gx-no-cache=1458064982723 HTTP/1.1" 200 770
186.103.159.186 - - [15/Mar/2016:15:01:48 -0300] "GET /cormun/servlet/trsolicitudot?829ae4e861603f73c148bad8a2025a14fd7c526ca9a5d90b57363c15ec6abc663b231e0ebc3492892778fb0d301f17d8ce873422101c0309f2b78f6d8c84d7071e22658c73bb6040fcf86ec979b7f62f150eff8074a57f4c3cd89b601471c95e,gx-no-cache=1458064983942 HTTP/1.1" 200 770
186.103.196.84 - - [15/Mar/2016:15:01:48 -0300] "POST /cormun/servlet/solicitudot?gx-no-cache=1458064934411 HTTP/1.1" 200 2668
186.103.196.84 - - [15/Mar/2016:15:01:48 -0300] "POST /cormun/servlet/solicitudot?1175c12c3c626c3ae230c87076933536,INS,0,0,,gx-no-cache=1458064934855 HTTP/1.1" 200 8291
186.103.159.186 - - [15/Mar/2016:15:01:50 -0300] "GET /cormun/servlet/solicitudot?INS,0,0, HTTP/1.1" 200 11432
186.103.159.186 - - [15/Mar/2016:15:01:51 -0300] "GET /cormun/servlet/solicitudot?INS,0,0, HTTP/1.1" 200 11437
186.103.196.84 - - [15/Mar/2016:15:01:52 -0300] "GET /cormun/servlet/solicitudot?fe6ce4db1249585ba9628c86c3d762136c191e9730db79affe7369550b66b02c056cbe27616869d2b0c02658ac14cf44,gx-no-cache=1458064938522 HTTP/1.1" 200 111
186.103.196.84 - - [15/Mar/2016:15:01:52 -0300] "GET /cormun/static/Shared/jqueryui/images/ui-bg_highlight-soft_100_c6c2c8_1x100.png HTTP/1.1" 404 1117
186.103.196.84 - - [15/Mar/2016:15:01:52 -0300] "GET /cormun/static/Shared/jqueryui/images/ui-icons_82798d_256x240.png HTTP/1.1" 404 1089
186.103.196.84 - - [15/Mar/2016:15:01:52 -0300] "GET /cormun/static/Shared/jqueryui/images/ui-bg_flat_55_994d53_40x100.png HTTP/1.1" 404 1097
186.103.196.84 - - [15/Mar/2016:15:01:52 -0300] "GET /cormun/static/Shared/jqueryui/images/ui-icons_ebccce_256x240.png HTTP/1.1" 404 1089
186.103.196.84 - - [15/Mar/2016:15:02:15 -0300] "POST /cormun/servlet/solicitudot?gx-no-cache=1458064961953 HTTP/1.1" 200 2670
186.103.196.84 - - [15/Mar/2016:15:02:16 -0300] "POST /cormun/servlet/solicitudot?1175c12c3c626c3ae230c87076933536,INS,0,0,,gx-no-cache=1458064962223 HTTP/1.1" 200 8350
186.103.196.84 - - [15/Mar/2016:15:02:16 -0300] "GET /cormun/servlet/solicitudot?fe6ce4db1249585ba9628c86c3d7621332614f0337b438899374f45533c07b88056cbe27616869d2b0c02658ac14cf44,gx-no-cache=1458064962530 HTTP/1.1" 200 111
186.103.196.84 - - [15/Mar/2016:15:02:43 -0300] "GET /cormun/servlet/prfichaempleado?,MD,,gxPopupLevel%3D0%3B HTTP/1.1" 200 7858
186.103.196.84 - - [15/Mar/2016:15:02:43 -0300] "GET /cormun/static/gxui/gxui-all.css?1917420 HTTP/1.1" 200 2179
186.103.196.84 - - [15/Mar/2016:15:02:43 -0300] "GET /cormun/static/gxcfg.js?201511151625694 HTTP/1.1" 200 953
186.103.196.84 - - [15/Mar/2016:15:02:43 -0300] "GET /cormun/static/scaMessage/css/jquery-ui.css?104140 HTTP/1.1" 404 1045
186.103.196.84 - - [15/Mar/2016:15:02:43 -0300] "GET /cormun/static/prfichaempleado.js?201511151625857 HTTP/1.1" 200 14240
186.103.196.84 - - [15/Mar/2016:15:02:43 -0300] "GET /cormun/static/menusearch.js?20163219454787 HTTP/1.1" 200 1424
186.103.196.84 - - [15/Mar/2016:15:02:44 -0300] "GET /cormun/static/Resources/Spanish/PXTools.css?16184758 HTTP/1.1" 200 89042
186.103.196.84 - - [15/Mar/2016:15:02:44 -0300] "GET /cormun/static/hmpwkw01.js?201511211495945 HTTP/1.1" 200 2037
186.103.196.84 - - [15/Mar/2016:15:02:44 -0300] "GET /cormun/static/Resources/resize.gif HTTP/1.1" 200 77
186.103.196.84 - - [15/Mar/2016:15:02:44 -0300] "GET /cormun/static/Resources/PXToolsMenuSearch.png HTTP/1.1" 200 2914
186.103.196.84 - - [15/Mar/2016:15:02:44 -0300] "GET /cormun/static/Resources/PXToolsMenuSearchCancel.png HTTP/1.1" 200 2972
186.103.196.84 - - [15/Mar/2016:15:02:44 -0300] "GET /cormun/static/Shared/jqueryui/jquery-ui.min-1.8.js HTTP/1.1" 200 213511
186.103.196.84 - - [15/Mar/2016:15:02:53 -0300] "POST /cormun/servlet/acontrolpreferencessavestate?None,ECONTRERAS,true HTTP/1.1" 200 35
186.103.159.186 - - [15/Mar/2016:15:03:37 -0300] "POST /cormun/servlet/solicitudot?gx-no-cache=1458065107156 HTTP/1.1" 200 2749
186.103.159.186 - - [15/Mar/2016:15:03:37 -0300] "POST /cormun/servlet/solicitudot?1c418e6eb2df77981766f150d05a2153,INS,0,0,,gx-no-cache=1458065107339 HTTP/1.1" 200 8382
186.103.159.186 - - [15/Mar/2016:15:03:41 -0300] "GET /cormun/servlet/solicitudot?0495153f9fa3f126fe5286cd7efbaa115ff30e504b360da52d3821c553f7e07fb6c9147b8e2f2738093742cdb75a2364,gx-no-cache=1458065111206 HTTP/1.1" 200 30
186.103.159.186 - - [15/Mar/2016:15:03:41 -0300] "POST /cormun/servlet/solicitudot?gx-no-cache=1458065111283 HTTP/1.1" 200 30
186.103.159.186 - - [15/Mar/2016:15:03:43 -0300] "POST /cormun/servlet/solicitudot?gx-no-cache=1458065113390 HTTP/1.1" 200 30
186.103.196.84 - - [15/Mar/2016:15:03:44 -0300] "POST /cormun/servlet/solicitudot?gx-no-cache=1458065050558 HTTP/1.1" 200 2783
186.103.196.84 - - [15/Mar/2016:15:03:44 -0300] "POST /cormun/servlet/solicitudot?1175c12c3c626c3ae230c87076933536,INS,0,0,,gx-no-cache=1458065050991 HTTP/1.1" 200 8526
186.103.159.186 - - [15/Mar/2016:15:03:46 -0300] "POST /cormun/servlet/solicitudot?gx-no-cache=1458065117243 HTTP/1.1" 200 1171
186.103.159.186 - - [15/Mar/2016:15:03:46 -0300] "GET /cormun/servlet/solicitudot?0495153f9fa3f126fe5286cd7efbaa11358896a7950d62abd4fff7695c73c4517ab89e1233940879e853000467f6a2d049d832c7a99aac94a065c941b6ba377a05a301a13a271017764a6e0af26a3a7c92c4ec1732ccaf58bc970013bb86513a62606db16f13240d5074a26f24c9070b795682fd67b618b6aa5ad42981b1668d4225d78badce155f9714a2ca90613bef,gx-no-cache=1458065117331 HTTP/1.1" 200 38
186.103.196.84 - - [15/Mar/2016:15:03:58 -0300] "GET /cormun/servlet/solicitudot?fe6ce4db1249585ba9628c86c3d762133ad72509f51d6efbe8ab12df58365c5d056cbe27616869d2b0c02658ac14cf44,gx-no-cache=1458065064573 HTTP/1.1" 200 30
186.103.196.84 - - [15/Mar/2016:15:03:58 -0300] "POST /cormun/servlet/solicitudot?gx-no-cache=1458065064683 HTTP/1.1" 200 30
186.103.196.84 - - [15/Mar/2016:15:03:58 -0300] "POST /cormun/servlet/solicitudot?gx-no-cache=1458065064793 HTTP/1.1" 200 33
186.103.196.84 - - [15/Mar/2016:15:03:58 -0300] "POST /cormun/servlet/solicitudot?gx-no-cache=1458065064937 HTTP/1.1" 200 1171
186.103.196.84 - - [15/Mar/2016:15:03:58 -0300] "GET /cormun/servlet/solicitudot?fe6ce4db1249585ba9628c86c3d762131ffde15919c195d8f2b991db9074cf8140bfdff31ad7323dbf69de77c8abe6360619d5f46d179020d8e04eacb6fb750628cb651043ebf0a84d171a03b0de705c736d8f8d4be3fa1baf44d5c8b58350b9492031aa9638cf98507ec217d1b384564b85888aa25c504f8b4a8c3ef36e0533b0330dd72d1b1223b2fe096236571243,gx-no-cache=1458065065074 HTTP/1.1" 200 38
186.103.159.186 - - [15/Mar/2016:15:03:59 -0300] "GET /cormun/servlet/solicitudot?0495153f9fa3f126fe5286cd7efbaa118d9998f585f13312ca7d77174575baacaf9a72671956c6048ad7072cac39e9c807383b953bcce09a8a725d5218fbafc261ceb81f40dd834c5c4ae24b9ffbdb6fbfccfff0d0486bfd6e8ada6ccf5328754032fae4da8fc023e3b556d3b9e3d0ac842cc88fa548175ec86351d3435a11be7d286980ca106474fe5b0f1fb5813158db2ce6ee5168f2f8d72e4d9b1b53feccfb60f10fe54c9e87a49547893b16945dfb04819e1ddfac22e22edb3ca02bf1f309ab71bfa5114df1d1fb20d57409d144,gx-no-cache=1458065132107 HTTP/1.1" 200 29
186.103.196.84 - - [15/Mar/2016:15:04:03 -0300] "GET /cormun/servlet/solicitudot?fe6ce4db1249585ba9628c86c3d76213cdc13a41682b253390ca9df35df655be1df8d77a7f91bd20b3e9643bbc981cf7934ebe9d0a755075acb052584938626d071fc8ba00f1000ff2739f80c590f22a9330f2feb0f509be05cd0f1347a69c78879ac03f7d0dcf5b8060f1d07eee66809706e9705ee78d2725967046a3ea671d88d242e41ed7f9b623e4e889d6380bea92cc6d14739dbaedbb4e4edfab83eb7f,gx-no-cache=1458065069838 HTTP/1.1" 200 29
186.103.159.186 - - [15/Mar/2016:15:04:04 -0300] "POST /cormun/servlet/solicitudot?gx-no-cache=1458065137009 HTTP/1.1" 200 1128
186.103.159.186 - - [15/Mar/2016:15:04:10 -0300] "GET /cormun/servlet/solicitudot?0495153f9fa3f126fe5286cd7efbaa1126230f44750e93bfd81e910fc93cdf17ffa62bffb727a51a67c1f67272ab0d76bf294e477614fce005fd894b2c97c9151147a1593f505bbca41a0196e3dc1c93d298e24dafa96a71a8078c4fc4769d7139c8f93db41c0da57b72433ff5b2535882378e52ec84c84604f1e0509fe01e85011cf3821da1c1f2cda4a020c1a97042090468f39251a7ca35b506d39e22dc9b17153230840ffc5de3b0da62f4ce4279,gx-no-cache=1458065144616 HTTP/1.1" 200 30
186.103.196.84 - - [15/Mar/2016:15:04:20 -0300] "POST /cormun/servlet/solicitudot?gx-no-cache=1458065086374 HTTP/1.1" 200 1128
186.103.159.186 - - [15/Mar/2016:15:04:27 -0300] "POST /cormun/servlet/solicitudot?1c418e6eb2df77981766f150d05a2153,INS,0,0,,gx-no-cache=1458065163570 HTTP/1.1" 200 93
186.103.159.186 - - [15/Mar/2016:15:04:28 -0300] "GET /cormun/servlet/hpexe_return? HTTP/1.1" 200 1007
186.103.159.186 - - [15/Mar/2016:15:04:28 -0300] "GET /cormun/servlet/trsolicitudot? HTTP/1.1" 200 7513
186.103.159.186 - - [15/Mar/2016:15:04:28 -0300] "GET /cormun/servlet/trsolicitudot? HTTP/1.1" 200 7509
186.103.196.84 - - [15/Mar/2016:15:04:42 -0300] "GET /cormun/servlet/solicitudot?fe6ce4db1249585ba9628c86c3d76213afa1b30807036bd1e7cf5421061316e38cb9aaa389c11a931f514c0205f751532d78eb1e67ed0bb10422d7783bd8384e9591d8e78e4834e3825e2d48b031bd3ee8775c6021b4486fa5def72d5a6b70d11c96f1b9aa539bc6b79ef2ec212aff7cd987be366696a29a336a4c903440509ff76046172193637f00a986c50ed39df45c1365004602dc12ed9da1f3241b707572de9bb5f990fce670a766e1f2a88441,gx-no-cache=1458065108897 HTTP/1.1" 200 30
186.103.159.186 - - [15/Mar/2016:15:04:47 -0300] "POST /cormun/servlet/trsolicitudot?1c418e6eb2df77981766f150d05a2153,,gx-no-cache=1458065185237 HTTP/1.1" 200 4935
186.103.159.186 - - [15/Mar/2016:15:04:48 -0300] "POST /cormun/servlet/trsolicitudot?1c418e6eb2df77981766f150d05a2153,,gx-no-cache=1458065185992 HTTP/1.1" 200 4934
186.103.159.186 - - [15/Mar/2016:15:04:48 -0300] "POST /cormun/servlet/trsolicitudot?1c418e6eb2df77981766f150d05a2153,,gx-no-cache=1458065186277 HTTP/1.1" 200 4935
186.103.159.186 - - [15/Mar/2016:15:04:49 -0300] "POST /cormun/servlet/trsolicitudot?1c418e6eb2df77981766f150d05a2153,,gx-no-cache=1458065187130 HTTP/1.1" 200 4935
186.103.159.186 - - [15/Mar/2016:15:04:49 -0300] "POST /cormun/servlet/trsolicitudot?1c418e6eb2df77981766f150d05a2153,,gx-no-cache=1458065187349 HTTP/1.1" 200 4934
186.103.159.186 - - [15/Mar/2016:15:04:49 -0300] "POST /cormun/servlet/trsolicitudot?1c418e6eb2df77981766f150d05a2153,,gx-no-cache=1458065187598 HTTP/1.1" 200 4935
186.103.159.186 - - [15/Mar/2016:15:04:49 -0300] "POST /cormun/servlet/trsolicitudot?1c418e6eb2df77981766f150d05a2153,,gx-no-cache=1458065187763 HTTP/1.1" 200 4935
186.103.159.186 - - [15/Mar/2016:15:04:50 -0300] "POST /cormun/servlet/trsolicitudot?1c418e6eb2df77981766f150d05a2153,,gx-no-cache=1458065188027 HTTP/1.1" 200 3622
186.103.159.186 - - [15/Mar/2016:15:04:50 -0300] "POST /cormun/servlet/trsolicitudot?1c418e6eb2df77981766f150d05a2153,,gx-no-cache=1458065188331 HTTP/1.1" 200 3480
186.103.196.84 - - [15/Mar/2016:15:05:23 -0300] "POST /cormun/servlet/solicitudot?gx-no-cache=1458065148392 HTTP/1.1" 200 30
186.103.196.84 - - [15/Mar/2016:15:05:28 -0300] "POST /cormun/servlet/solicitudot?gx-no-cache=1458065154252 HTTP/1.1" 200 30
186.103.196.84 - - [15/Mar/2016:15:05:44 -0300] "POST /cormun/servlet/solicitudot?gx-no-cache=1458065170398 HTTP/1.1" 200 1171
186.103.196.84 - - [15/Mar/2016:15:05:44 -0300] "GET /cormun/servlet/solicitudot?fe6ce4db1249585ba9628c86c3d762131ffde15919c195d8f2b991db9074cf8140bfdff31ad7323dbf69de77c8abe6360619d5f46d179020d8e04eacb6fb750628cb651043ebf0a84d171a03b0de705c736d8f8d4be3fa1baf44d5c8b58350b9492031aa9638cf98507ec217d1b384564b85888aa25c504f8b4a8c3ef36e0533348c17d460b8b526fd1b5abbaac9b1200c9b8b356f564fa7ba7f7f7ab7429771,gx-no-cache=1458065170629 HTTP/1.1" 200 41
186.103.196.84 - - [15/Mar/2016:15:05:44 -0300] "POST /cormun/servlet/solicitudot?gx-no-cache=1458065170767 HTTP/1.1" 200 1128
186.103.196.84 - - [15/Mar/2016:15:05:44 -0300] "GET /cormun/servlet/solicitudot?fe6ce4db1249585ba9628c86c3d76213afa1b30807036bd1e7cf5421061316e38cb9aaa389c11a931f514c0205f751532d78eb1e67ed0bb10422d7783bd8384e9591d8e78e4834e3825e2d48b031bd3ee8775c6021b4486fa5def72d5a6b70d11c96f1b9aa539bc6b79ef2ec212aff7cd987be366696a29a336a4c903440509ff76046172193637f00a986c50ed39df45c1365004602dc12ed9da1f3241b707572de9bb5f990fce670a766e1f2a88441,gx-no-cache=1458065170940 HTTP/1.1" 200 30
186.103.196.84 - - [15/Mar/2016:15:05:45 -0300] "POST /cormun/servlet/solicitudot?1175c12c3c626c3ae230c87076933536,INS,0,0,,gx-no-cache=1458065171081 HTTP/1.1" 200 93
186.103.196.84 - - [15/Mar/2016:15:05:45 -0300] "GET /cormun/servlet/hpexe_return? HTTP/1.1" 200 1010
186.103.196.84 - - [15/Mar/2016:15:05:45 -0300] "GET /cormun/static/gxcfg.js?2015111312145050 HTTP/1.1" 200 953
186.103.196.84 - - [15/Mar/2016:15:05:45 -0300] "GET /cormun/static/hpexe_return.js?2015111312145056 HTTP/1.1" 200 1633
186.103.196.84 - - [15/Mar/2016:15:05:45 -0300] "GET /cormun/static/Resources/Spanish/PXTools.css?12112540 HTTP/1.1" 200 89042
186.103.196.84 - - [15/Mar/2016:15:05:45 -0300] "GET /cormun/servlet/trsolicitudot? HTTP/1.1" 200 7541
186.103.196.84 - - [15/Mar/2016:15:05:47 -0300] "GET /cormun/servlet/trsolicitudot? HTTP/1.1" 200 7537
186.103.196.84 - - [15/Mar/2016:15:05:47 -0300] "GET /cormun//static/Resources/PXToolsActionView.png HTTP/1.1" 200 2995
186.103.196.84 - - [15/Mar/2016:15:05:47 -0300] "GET /cormun//static/Resources/PXToolsGridUpdate.png HTTP/1.1" 200 2984
186.103.196.84 - - [15/Mar/2016:15:05:47 -0300] "GET /cormun//static/Resources/PXToolsGridDelete.png HTTP/1.1" 200 357
186.103.196.84 - - [15/Mar/2016:15:05:47 -0300] "GET /cormun//static/Resources/PXToolsRemoveAllAction.png HTTP/1.1" 200 3558
186.103.196.84 - - [15/Mar/2016:15:05:47 -0300] "GET /cormun//static/Resources/PXTools/ActionInsert.png HTTP/1.1" 200 1482
186.103.196.84 - - [15/Mar/2016:15:05:58 -0300] "POST /cormun/servlet/trsolicitudot?1175c12c3c626c3ae230c87076933536,,gx-no-cache=1458065184654 HTTP/1.1" 200 4966
186.103.196.84 - - [15/Mar/2016:15:06:14 -0300] "GET /cormun/servlet/trsolicitudot? HTTP/1.1" 200 7537
186.103.159.186 - - [15/Mar/2016:15:06:15 -0300] "GET /cormun/servlet/hlogin HTTP/1.1" 200 1718
186.103.196.84 - - [15/Mar/2016:15:06:15 -0300] "GET /cormun/servlet/trsolicitudot? HTTP/1.1" 200 7537
186.103.159.186 - - [15/Mar/2016:15:06:24 -0300] "POST /cormun/servlet/hlogin?1c418e6eb2df77981766f150d05a2153,gx-no-cache=1458065293807 HTTP/1.1" 200 90
186.103.159.186 - - [15/Mar/2016:15:06:24 -0300] "GET /cormun/servlet/hpexe_link HTTP/1.1" 200 958
186.103.159.186 - - [15/Mar/2016:15:06:25 -0300] "GET /cormun/servlet/trsolicitudot? HTTP/1.1" 200 6220
186.103.159.186 - - [15/Mar/2016:15:06:25 -0300] "GET /cormun/servlet/trsolicitudot? HTTP/1.1" 200 6219
186.103.159.186 - - [15/Mar/2016:15:06:28 -0300] "POST /cormun/servlet/trsolicitudot?1c418e6eb2df77981766f150d05a2153,,gx-no-cache=1458065297691 HTTP/1.1" 200 3499
186.103.159.186 - - [15/Mar/2016:15:06:28 -0300] "POST /cormun/servlet/trsolicitudot?1c418e6eb2df77981766f150d05a2153,,gx-no-cache=1458065297859 HTTP/1.1" 200 3500
186.103.159.186 - - [15/Mar/2016:15:06:28 -0300] "POST /cormun/servlet/trsolicitudot?1c418e6eb2df77981766f150d05a2153,,gx-no-cache=1458065298046 HTTP/1.1" 200 3500
186.103.159.186 - - [15/Mar/2016:15:06:30 -0300] "GET /cormun/servlet/trsolicitudot?829ae4e861603f73c148bad8a2025a14e19ffad778d0b3bfe229f758b050cb50b0cac3586bb640bfeb1de9af01d248b709cc847c8994433c828ad01f3c73b7739774d00d556e0fd37d60331733b709aa,gx-no-cache=1458065300431 HTTP/1.1" 200 770
186.103.159.186 - - [15/Mar/2016:15:06:32 -0300] "GET /cormun/servlet/trsolicitudot?829ae4e861603f73c148bad8a2025a14a3e34f8342a4b73c537f5465a060ed13ac63d9aad8c08b514fd6072394065f34cd546e8fc73c98e4b7a8780e1b6914320b1234bd1b4f2287abe242aacac4c8dc,gx-no-cache=1458065302259 HTTP/1.1" 200 770
186.103.159.186 - - [15/Mar/2016:15:06:35 -0300] "GET /cormun/servlet/trsolicitudot?829ae4e861603f73c148bad8a2025a146a45729d5c18d744738aa68c2d11c3ce1182cedf8864cc9a30a5b8d81b1a169599b5e29c3082b2b450149e0358b25b49f60f33f5e2f14401d6a8f0508c1d3782d8b58ddd38506e7a8355f93b049a393b,gx-no-cache=1458065305520 HTTP/1.1" 200 770
186.103.196.84 - - [15/Mar/2016:15:06:35 -0300] "GET /cormun/servlet/solicitudot?INS,0,0, HTTP/1.1" 200 11454
186.103.159.186 - - [15/Mar/2016:15:06:36 -0300] "GET /cormun/servlet/trsolicitudot?829ae4e861603f73c148bad8a2025a146a45729d5c18d744738aa68c2d11c3cec56690dbedcd63d37dfba28d714ad6394f4e886dd844ee4ef875abd8152d310fdd2b35bf4bff6cb4ebba46e51871e2f57fa06dd837d54847cedc574a3a2b7bc2,gx-no-cache=1458065306173 HTTP/1.1" 200 770
186.103.196.84 - - [15/Mar/2016:15:06:37 -0300] "GET /cormun/servlet/solicitudot?INS,0,0, HTTP/1.1" 200 11458
186.103.159.186 - - [15/Mar/2016:15:06:38 -0300] "POST /cormun/servlet/trsolicitudot?1c418e6eb2df77981766f150d05a2153,,gx-no-cache=1458065308370 HTTP/1.1" 200 3501
186.103.159.186 - - [15/Mar/2016:15:06:41 -0300] "GET /cormun/servlet/trsolicitudot?829ae4e861603f73c148bad8a2025a146a45729d5c18d744738aa68c2d11c3cedeb0dea237f1996eee6768400e76c18ece873422101c0309f2b78f6d8c84d7071e22658c73bb6040fcf86ec979b7f62f150eff8074a57f4c3cd89b601471c95e,gx-no-cache=1458065311637 HTTP/1.1" 200 773
186.103.159.186 - - [15/Mar/2016:15:06:43 -0300] "GET /cormun/servlet/solicitudot?INS,0,0, HTTP/1.1" 200 11432
186.103.159.186 - - [15/Mar/2016:15:06:44 -0300] "GET /cormun/servlet/solicitudot?INS,0,0, HTTP/1.1" 200 11436
186.103.196.84 - - [15/Mar/2016:15:06:54 -0300] "POST /cormun/servlet/solicitudot?gx-no-cache=1458065241113 HTTP/1.1" 200 2668
186.103.196.84 - - [15/Mar/2016:15:06:55 -0300] "POST /cormun/servlet/solicitudot?1175c12c3c626c3ae230c87076933536,INS,0,0,,gx-no-cache=1458065241336 HTTP/1.1" 200 8290
186.103.196.84 - - [15/Mar/2016:15:06:59 -0300] "GET /cormun/servlet/solicitudot?fe6ce4db1249585ba9628c86c3d7621332614f0337b438899374f45533c07b88056cbe27616869d2b0c02658ac14cf44,gx-no-cache=1458065245529 HTTP/1.1" 200 111
186.103.159.186 - - [15/Mar/2016:15:07:21 -0300] "POST /cormun/servlet/solicitudot?gx-no-cache=1458065357031 HTTP/1.1" 200 2773
186.103.159.186 - - [15/Mar/2016:15:07:21 -0300] "POST /cormun/servlet/solicitudot?1c418e6eb2df77981766f150d05a2153,INS,0,0,,gx-no-cache=1458065357251 HTTP/1.1" 200 8402
186.103.196.84 - - [15/Mar/2016:15:07:24 -0300] "POST /cormun/servlet/solicitudot?gx-no-cache=1458065270344 HTTP/1.1" 200 2670
186.103.196.84 - - [15/Mar/2016:15:07:24 -0300] "POST /cormun/servlet/solicitudot?1175c12c3c626c3ae230c87076933536,INS,0,0,,gx-no-cache=1458065270636 HTTP/1.1" 200 8351
186.103.159.186 - - [15/Mar/2016:15:07:24 -0300] "GET /cormun/servlet/solicitudot?0495153f9fa3f126fe5286cd7efbaa11772dc66417b23b0e6311c5530fc954b0b6c9147b8e2f2738093742cdb75a2364,gx-no-cache=1458065360392 HTTP/1.1" 200 30
186.103.159.186 - - [15/Mar/2016:15:07:24 -0300] "POST /cormun/servlet/solicitudot?gx-no-cache=1458065360446 HTTP/1.1" 200 30
186.103.159.186 - - [15/Mar/2016:15:07:26 -0300] "POST /cormun/servlet/solicitudot?gx-no-cache=1458065362245 HTTP/1.1" 200 30
186.103.196.84 - - [15/Mar/2016:15:07:26 -0300] "GET /cormun/servlet/solicitudot?fe6ce4db1249585ba9628c86c3d76213ad2d476f9db3f6941cdbcba4970b6927056cbe27616869d2b0c02658ac14cf44,gx-no-cache=1458065273154 HTTP/1.1" 200 30
186.103.159.186 - - [15/Mar/2016:15:07:28 -0300] "POST /cormun/servlet/solicitudot?gx-no-cache=1458065364689 HTTP/1.1" 200 1171
186.103.159.186 - - [15/Mar/2016:15:07:28 -0300] "GET /cormun/servlet/solicitudot?0495153f9fa3f126fe5286cd7efbaa11358896a7950d62abd4fff7695c73c4517ab89e1233940879e853000467f6a2d049d832c7a99aac94a065c941b6ba377a05a301a13a271017764a6e0af26a3a7c92c4ec1732ccaf58bc970013bb86513a62606db16f13240d5074a26f24c9070b795682fd67b618b6aa5ad42981b1668d4225d78badce155f9714a2ca90613bef,gx-no-cache=1458065364757 HTTP/1.1" 200 38
186.103.159.186 - - [15/Mar/2016:15:07:44 -0300] "GET /cormun/servlet/solicitudot?0495153f9fa3f126fe5286cd7efbaa118d9998f585f13312ca7d77174575baacaf9a72671956c6048ad7072cac39e9c854b4b0c268bd1e1e2f3458637fce1c5a61ceb81f40dd834c5c4ae24b9ffbdb6fbfccfff0d0486bfd6e8ada6ccf5328754032fae4da8fc023e3b556d3b9e3d0ac842cc88fa548175ec86351d3435a11be7d286980ca106474fe5b0f1fb5813158db2ce6ee5168f2f8d72e4d9b1b53feccfb60f10fe54c9e87a49547893b16945dfb04819e1ddfac22e22edb3ca02bf1f309ab71bfa5114df1d1fb20d57409d144,gx-no-cache=1458065383192 HTTP/1.1" 200 29
186.103.159.186 - - [15/Mar/2016:15:07:44 -0300] "POST /cormun/servlet/solicitudot?gx-no-cache=1458065383250 HTTP/1.1" 200 1127
186.103.159.186 - - [15/Mar/2016:15:07:44 -0300] "GET /cormun/static/menuarrow.gif HTTP/1.1" 404 1015
186.103.159.186 - - [15/Mar/2016:15:07:52 -0300] "GET /cormun/servlet/solicitudot?0495153f9fa3f126fe5286cd7efbaa116af4ab03b51a5f2e0b69af6f777d89e57334bcac70f0adaf854005eb64b194f7bf294e477614fce005fd894b2c97c9151147a1593f505bbca41a0196e3dc1c93d298e24dafa96a71a8078c4fc4769d7139c8f93db41c0da57b72433ff5b2535882378e52ec84c84604f1e0509fe01e85011cf3821da1c1f2cda4a020c1a97042090468f39251a7ca35b506d39e22dc9b17153230840ffc5de3b0da62f4ce4279,gx-no-cache=1458065392012 HTTP/1.1" 200 30
186.103.159.186 - - [15/Mar/2016:15:08:04 -0300] "POST /cormun/servlet/solicitudot?1c418e6eb2df77981766f150d05a2153,INS,0,0,,gx-no-cache=1458065404522 HTTP/1.1" 200 93
186.103.159.186 - - [15/Mar/2016:15:08:04 -0300] "GET /cormun/servlet/hpexe_return? HTTP/1.1" 200 1007
186.103.159.186 - - [15/Mar/2016:15:08:04 -0300] "GET /cormun/servlet/trsolicitudot? HTTP/1.1" 200 7513
186.103.159.186 - - [15/Mar/2016:15:08:05 -0300] "GET /cormun/servlet/trsolicitudot? HTTP/1.1" 200 7509
186.103.159.186 - - [15/Mar/2016:15:08:23 -0300] "POST /cormun/servlet/trsolicitudot?1c418e6eb2df77981766f150d05a2153,,gx-no-cache=1458065426977 HTTP/1.1" 200 4935
186.103.159.186 - - [15/Mar/2016:15:08:23 -0300] "POST /cormun/servlet/trsolicitudot?1c418e6eb2df77981766f150d05a2153,,gx-no-cache=1458065427162 HTTP/1.1" 200 4934
186.103.159.186 - - [15/Mar/2016:15:08:24 -0300] "POST /cormun/servlet/trsolicitudot?1c418e6eb2df77981766f150d05a2153,,gx-no-cache=1458065427311 HTTP/1.1" 200 4934
186.103.159.186 - - [15/Mar/2016:15:08:27 -0300] "GET /cormun/servlet/trsolicitudot?829ae4e861603f73c148bad8a2025a143c06c7836ec856aee52813cc257d0097c56690dbedcd63d37dfba28d714ad6391a01b3083cc15b7c0a55549117c3370208fc1fe07e230ded3cce83e657b2b0c412aede1aae7a0bb1aad596d84f7a5fb9d8b58ddd38506e7a8355f93b049a393b,gx-no-cache=1458065430646 HTTP/1.1" 200 2232
186.103.159.186 - - [15/Mar/2016:15:08:29 -0300] "GET /cormun/servlet/trsolicitudot?829ae4e861603f73c148bad8a2025a143c06c7836ec856aee52813cc257d00971182cedf8864cc9a30a5b8d81b1a1695eebce144bd16612ef9ffad8c7da85e608d813ffec3a2c3ade163bfea9b506d1bb5b94890db6a9fb4a4fac65634bcdb11b6c9147b8e2f2738093742cdb75a2364,gx-no-cache=1458065433223 HTTP/1.1" 200 2232
186.103.159.186 - - [15/Mar/2016:15:08:29 -0300] "GET /cormun/servlet/trsolicitudot?829ae4e861603f73c148bad8a2025a14a3e34f8342a4b73c537f5465a060ed13cdf3adfd3a7d24bc69600af84ae5794d38a03a4993c4662eb7c4d97aa101983e717737156967c5abf96ff9b3fe11d483c40f2f3ad0f436f81f26fdc5c4594106,gx-no-cache=1458065433871 HTTP/1.1" 200 2232
186.103.159.186 - - [15/Mar/2016:15:08:34 -0300] "POST /cormun/servlet/trsolicitudot?1c418e6eb2df77981766f150d05a2153,,gx-no-cache=1458065438336 HTTP/1.1" 200 4929
186.103.159.186 - - [15/Mar/2016:15:08:34 -0300] "POST /cormun/servlet/trsolicitudot?1c418e6eb2df77981766f150d05a2153,,gx-no-cache=1458065438522 HTTP/1.1" 200 4928
186.103.159.186 - - [15/Mar/2016:15:08:34 -0300] "POST /cormun/servlet/trsolicitudot?1c418e6eb2df77981766f150d05a2153,,gx-no-cache=1458065438701 HTTP/1.1" 200 4928
186.103.159.186 - - [15/Mar/2016:15:08:34 -0300] "POST /cormun/servlet/trsolicitudot?1c418e6eb2df77981766f150d05a2153,,gx-no-cache=1458065438875 HTTP/1.1" 200 4929
186.103.159.186 - - [15/Mar/2016:15:08:34 -0300] "POST /cormun/servlet/trsolicitudot?1c418e6eb2df77981766f150d05a2153,,gx-no-cache=1458065439047 HTTP/1.1" 200 3617
186.103.159.186 - - [15/Mar/2016:15:08:34 -0300] "GET /cormun/static/Shared/jqueryui/images/ui-bg_highlight-soft_100_c6c2c8_1x100.png HTTP/1.1" 404 1117
186.103.159.186 - - [15/Mar/2016:15:08:34 -0300] "GET /cormun/static/Shared/jqueryui/images/ui-icons_82798d_256x240.png HTTP/1.1" 404 1089
186.103.159.186 - - [15/Mar/2016:15:08:34 -0300] "GET /cormun/static/Shared/jqueryui/images/ui-icons_8d78a5_256x240.png HTTP/1.1" 404 1089
186.103.159.186 - - [15/Mar/2016:15:08:34 -0300] "GET /cormun/static/Shared/jqueryui/images/ui-bg_flat_55_fafafa_40x100.png HTTP/1.1" 404 1097
186.103.159.186 - - [15/Mar/2016:15:08:37 -0300] "POST /cormun/servlet/trsolicitudot?1c418e6eb2df77981766f150d05a2153,,gx-no-cache=1458065439285 HTTP/1.1" 200 3472
186.103.159.186 - - [15/Mar/2016:15:08:44 -0300] "GET /cormun/servlet/trsolicitudot?829ae4e861603f73c148bad8a2025a143c06c7836ec856aee52813cc257d0097c56690dbedcd63d37dfba28d714ad6394f4e886dd844ee4ef875abd8152d310fdd2b35bf4bff6cb4ebba46e51871e2f57fa06dd837d54847cedc574a3a2b7bc2,gx-no-cache=1458065449389 HTTP/1.1" 200 767
186.103.159.186 - - [15/Mar/2016:15:08:45 -0300] "POST /cormun/servlet/trsolicitudot?1c418e6eb2df77981766f150d05a2153,,gx-no-cache=1458065451203 HTTP/1.1" 200 3504
186.103.159.186 - - [15/Mar/2016:15:08:47 -0300] "GET /cormun/servlet/trsolicitudot?829ae4e861603f73c148bad8a2025a143c06c7836ec856aee52813cc257d00978123d7aac589b53e5a3120e34c161162cae9d21ff600f34d92628a6a17db9d616c32916853836bd3e30513d1a8a8395b80dadb9edc7931767ee21d48c1d17540,gx-no-cache=1458065452907 HTTP/1.1" 200 772
186.103.159.186 - - [15/Mar/2016:15:08:48 -0300] "GET /cormun/servlet/trsolicitudot?829ae4e861603f73c148bad8a2025a143c06c7836ec856aee52813cc257d009736daa8dbc2d7fdc8b957ac2441a4612a6be38978f8c1aa12fc9b7db688c5bab0cf82b0dbde1a07a78728f92ede4ea7e637a3d46654ac84abc5ef8b1b7404f5a7,gx-no-cache=1458065453800 HTTP/1.1" 200 772
186.103.159.186 - - [15/Mar/2016:15:08:48 -0300] "GET /cormun/servlet/trsolicitudot?829ae4e861603f73c148bad8a2025a143c06c7836ec856aee52813cc257d0097d00ee64dc81f0c7d3ab1948d77755c3166bece372acd8707a81d6c5aa8984246bda8e7cebca76dff0c5e721e51d1ff4d8d9e2906ba5cdcdd1b14457e0eff5947,gx-no-cache=1458065454521 HTTP/1.1" 200 772
186.103.159.186 - - [15/Mar/2016:15:08:49 -0300] "GET /cormun/servlet/trsolicitudot?829ae4e861603f73c148bad8a2025a143c06c7836ec856aee52813cc257d0097a7269abd02adbbbece731e02b9ea76edce873422101c0309f2b78f6d8c84d7071e22658c73bb6040fcf86ec979b7f62f150eff8074a57f4c3cd89b601471c95e,gx-no-cache=1458065455572 HTTP/1.1" 200 772
186.103.159.186 - - [15/Mar/2016:15:08:51 -0300] "GET /cormun/servlet/solicitudot?INS,0,0, HTTP/1.1" 200 11433
186.103.159.186 - - [15/Mar/2016:15:08:52 -0300] "GET /cormun/servlet/solicitudot?INS,0,0, HTTP/1.1" 200 11438
186.103.159.186 - - [15/Mar/2016:15:09:00 -0300] "POST /cormun/servlet/solicitudot?gx-no-cache=1458065466832 HTTP/1.1" 200 2771
186.103.159.186 - - [15/Mar/2016:15:09:00 -0300] "POST /cormun/servlet/solicitudot?1c418e6eb2df77981766f150d05a2153,INS,0,0,,gx-no-cache=1458065466975 HTTP/1.1" 200 8402
186.103.159.186 - - [15/Mar/2016:15:09:03 -0300] "GET /cormun/servlet/solicitudot?0495153f9fa3f126fe5286cd7efbaa11c7e9b19b14ceb5162d98860293a98c99b6c9147b8e2f2738093742cdb75a2364,gx-no-cache=1458065470205 HTTP/1.1" 200 30
186.103.159.186 - - [15/Mar/2016:15:09:03 -0300] "POST /cormun/servlet/solicitudot?gx-no-cache=1458065470324 HTTP/1.1" 200 30
186.103.159.186 - - [15/Mar/2016:15:09:04 -0300] "POST /cormun/servlet/solicitudot?gx-no-cache=1458065472190 HTTP/1.1" 200 30
186.103.159.186 - - [15/Mar/2016:15:09:07 -0300] "POST /cormun/servlet/solicitudot?gx-no-cache=1458065474370 HTTP/1.1" 200 1171
186.103.159.186 - - [15/Mar/2016:15:09:07 -0300] "GET /cormun/servlet/solicitudot?0495153f9fa3f126fe5286cd7efbaa11358896a7950d62abd4fff7695c73c4517ab89e1233940879e853000467f6a2d049d832c7a99aac94a065c941b6ba377a05a301a13a271017764a6e0af26a3a7c92c4ec1732ccaf58bc970013bb86513a62606db16f13240d5074a26f24c9070b795682fd67b618b6aa5ad42981b1668d4225d78badce155f9714a2ca90613bef,gx-no-cache=1458065474684 HTTP/1.1" 200 38
186.103.159.186 - - [15/Mar/2016:15:09:13 -0300] "GET /cormun/servlet/solicitudot?0495153f9fa3f126fe5286cd7efbaa118d9998f585f13312ca7d77174575baacaf9a72671956c6048ad7072cac39e9c807383b953bcce09a8a725d5218fbafc261ceb81f40dd834c5c4ae24b9ffbdb6fbfccfff0d0486bfd6e8ada6ccf5328754032fae4da8fc023e3b556d3b9e3d0ac842cc88fa548175ec86351d3435a11be7d286980ca106474fe5b0f1fb5813158db2ce6ee5168f2f8d72e4d9b1b53feccfb60f10fe54c9e87a49547893b16945dfb04819e1ddfac22e22edb3ca02bf1f309ab71bfa5114df1d1fb20d57409d144,gx-no-cache=1458065481691 HTTP/1.1" 200 29
186.103.159.186 - - [15/Mar/2016:15:09:15 -0300] "POST /cormun/servlet/solicitudot?gx-no-cache=1458065483523 HTTP/1.1" 200 1127
186.103.159.186 - - [15/Mar/2016:15:09:22 -0300] "GET /cormun/servlet/solicitudot?0495153f9fa3f126fe5286cd7efbaa1142c3d3d06d09c9eea90d3349400551854f6b00f0d6700c7df48bb708b9b08881bf294e477614fce005fd894b2c97c9151147a1593f505bbca41a0196e3dc1c93d298e24dafa96a71a8078c4fc4769d7139c8f93db41c0da57b72433ff5b2535882378e52ec84c84604f1e0509fe01e85011cf3821da1c1f2cda4a020c1a97042090468f39251a7ca35b506d39e22dc9b17153230840ffc5de3b0da62f4ce4279,gx-no-cache=1458065491251 HTTP/1.1" 200 30
186.103.159.186 - - [15/Mar/2016:15:09:30 -0300] "POST /cormun/servlet/solicitudot?1c418e6eb2df77981766f150d05a2153,INS,0,0,,gx-no-cache=1458065500678 HTTP/1.1" 200 93
186.103.159.186 - - [15/Mar/2016:15:09:30 -0300] "GET /cormun/servlet/hpexe_return? HTTP/1.1" 200 1007
186.103.159.186 - - [15/Mar/2016:15:09:31 -0300] "GET /cormun/servlet/trsolicitudot? HTTP/1.1" 200 7515
186.103.159.186 - - [15/Mar/2016:15:09:31 -0300] "GET /cormun/servlet/trsolicitudot? HTTP/1.1" 200 7511
186.103.159.186 - - [15/Mar/2016:15:09:42 -0300] "POST /cormun/servlet/trsolicitudot?1c418e6eb2df77981766f150d05a2153,,gx-no-cache=1458065514220 HTTP/1.1" 200 4938
186.103.159.186 - - [15/Mar/2016:15:09:43 -0300] "POST /cormun/servlet/trsolicitudot?1c418e6eb2df77981766f150d05a2153,,gx-no-cache=1458065514421 HTTP/1.1" 200 4938
186.103.159.186 - - [15/Mar/2016:15:09:43 -0300] "POST /cormun/servlet/trsolicitudot?1c418e6eb2df77981766f150d05a2153,,gx-no-cache=1458065514947 HTTP/1.1" 200 4938
186.103.159.186 - - [15/Mar/2016:15:09:43 -0300] "POST /cormun/servlet/trsolicitudot?1c418e6eb2df77981766f150d05a2153,,gx-no-cache=1458065515258 HTTP/1.1" 200 4937
186.103.159.186 - - [15/Mar/2016:15:09:43 -0300] "POST /cormun/servlet/trsolicitudot?1c418e6eb2df77981766f150d05a2153,,gx-no-cache=1458065515433 HTTP/1.1" 200 4938
186.103.159.186 - - [15/Mar/2016:15:09:43 -0300] "POST /cormun/servlet/trsolicitudot?1c418e6eb2df77981766f150d05a2153,,gx-no-cache=1458065515610 HTTP/1.1" 200 4938
186.103.159.186 - - [15/Mar/2016:15:09:44 -0300] "POST /cormun/servlet/trsolicitudot?1c418e6eb2df77981766f150d05a2153,,gx-no-cache=1458065515788 HTTP/1.1" 200 4938
186.103.159.186 - - [15/Mar/2016:15:09:44 -0300] "POST /cormun/servlet/trsolicitudot?1c418e6eb2df77981766f150d05a2153,,gx-no-cache=1458065515997 HTTP/1.1" 200 3622
186.103.159.186 - - [15/Mar/2016:15:09:44 -0300] "POST /cormun/servlet/trsolicitudot?1c418e6eb2df77981766f150d05a2153,,gx-no-cache=1458065516287 HTTP/1.1" 200 3483
186.103.159.186 - - [15/Mar/2016:15:09:55 -0300] "GET /cormun/servlet/hlogin HTTP/1.1" 200 1718
186.103.159.186 - - [15/Mar/2016:15:10:06 -0300] "POST /cormun/servlet/hlogin?1c418e6eb2df77981766f150d05a2153,gx-no-cache=1458065539699 HTTP/1.1" 200 90
186.103.159.186 - - [15/Mar/2016:15:10:06 -0300] "GET /cormun/servlet/hpexe_link HTTP/1.1" 200 951
186.103.159.186 - - [15/Mar/2016:15:10:06 -0300] "GET /cormun/servlet/hhome HTTP/1.1" 200 3419
186.103.159.186 - - [15/Mar/2016:15:10:07 -0300] "GET /cormun/servlet/hhome HTTP/1.1" 200 3416
186.103.159.186 - - [15/Mar/2016:15:10:11 -0300] "GET /cormun/servlet/trautorizarsolicitud? HTTP/1.1" 200 7419
186.103.159.186 - - [15/Mar/2016:15:10:12 -0300] "GET /cormun/servlet/trautorizarsolicitud? HTTP/1.1" 200 7418
186.103.159.186 - - [15/Mar/2016:15:10:17 -0300] "POST /cormun/servlet/trautorizarsolicitud?1c418e6eb2df77981766f150d05a2153,,gx-no-cache=1458065552541 HTTP/1.1" 200 4895
186.103.159.186 - - [15/Mar/2016:15:10:18 -0300] "POST /cormun/servlet/trautorizarsolicitud?1c418e6eb2df77981766f150d05a2153,,gx-no-cache=1458065553022 HTTP/1.1" 200 4894
186.103.159.186 - - [15/Mar/2016:15:10:18 -0300] "POST /cormun/servlet/trautorizarsolicitud?1c418e6eb2df77981766f150d05a2153,,gx-no-cache=1458065553203 HTTP/1.1" 200 4895
186.103.159.186 - - [15/Mar/2016:15:10:19 -0300] "POST /cormun/servlet/trautorizarsolicitud?1c418e6eb2df77981766f150d05a2153,,gx-no-cache=1458065553924 HTTP/1.1" 200 4895
186.103.196.84 - - [15/Mar/2016:15:10:21 -0300] "POST /cormun/servlet/solicitudot?gx-no-cache=1458065447597 HTTP/1.1" 200 120
186.103.196.84 - - [15/Mar/2016:15:10:24 -0300] "POST /cormun/servlet/solicitudot?gx-no-cache=1458065450440 HTTP/1.1" 200 120
186.103.196.84 - - [15/Mar/2016:15:10:29 -0300] "POST /cormun/servlet/solicitudot?gx-no-cache=1458065455578 HTTP/1.1" 200 30
186.103.159.186 - - [15/Mar/2016:15:10:36 -0300] "GET /cormun/static/menuarrow.gif HTTP/1.1" 404 1015
186.103.196.84 - - [15/Mar/2016:15:10:41 -0300] "POST /cormun/servlet/solicitudot?gx-no-cache=1458065467567 HTTP/1.1" 200 120
186.103.196.84 - - [15/Mar/2016:15:10:41 -0300] "POST /cormun/servlet/solicitudot?gx-no-cache=1458065467686 HTTP/1.1" 200 452
186.103.196.84 - - [15/Mar/2016:15:10:41 -0300] "GET /cormun/servlet/solicitudot?fe6ce4db1249585ba9628c86c3d762131ffde15919c195d8f2b991db9074cf8140bfdff31ad7323dbf69de77c8abe6360619d5f46d179020d8e04eacb6fb750628cb651043ebf0a84d171a03b0de705c736d8f8d4be3fa1baf44d5c8b58350b9492031aa9638cf98507ec217d1b384564b85888aa25c504f8b4a8c3ef36e0533b0330dd72d1b1223b2fe096236571243,gx-no-cache=1458065467793 HTTP/1.1" 200 38
186.103.159.186 - - [15/Mar/2016:15:10:51 -0300] "POST /cormun/servlet/trautorizarsolicitud?1c418e6eb2df77981766f150d05a2153,,gx-no-cache=1458065589973 HTTP/1.1" 200 4900
186.103.159.186 - - [15/Mar/2016:15:10:53 -0300] "POST /cormun/servlet/trautorizarsolicitud?1c418e6eb2df77981766f150d05a2153,,gx-no-cache=1458065592250 HTTP/1.1" 200 6467
