186.103.157.246 - - [15/Mar/2016:13:23:50 -0300] "POST /cormun/servlet/solicitudot?gx-no-cache=1458059069438 HTTP/1.1" 200 1303
186.103.157.246 - - [15/Mar/2016:13:23:50 -0300] "GET /cormun/static/Shared/jqueryui/images/ui-bg_flat_55_994d53_40x100.png HTTP/1.1" 404 1097
186.103.157.246 - - [15/Mar/2016:13:23:50 -0300] "GET /cormun/static/Shared/jqueryui/images/ui-icons_ebccce_256x240.png HTTP/1.1" 404 1089
186.103.157.39 - - [15/Mar/2016:13:23:51 -0300] "GET /cormun/servlet/wbsecusr01? HTTP/1.1" 200 5127
186.103.157.39 - - [15/Mar/2016:13:23:51 -0300] "GET /cormun/static/scaMessage/css/jquery-ui.css?104140 HTTP/1.1" 404 1045
186.103.157.39 - - [15/Mar/2016:13:23:51 -0300] "GET /cormun/static/gxcfg.js?20151120054269 HTTP/1.1" 200 953
186.103.157.39 - - [15/Mar/2016:13:23:51 -0300] "GET /cormun/static/wbsecusr01.js?2015112005432 HTTP/1.1" 200 4681
186.103.157.39 - - [15/Mar/2016:13:23:51 -0300] "GET /cormun/static/hpexe_tabsmenus.js?2015112210524244 HTTP/1.1" 200 1952
186.103.157.39 - - [15/Mar/2016:13:23:51 -0300] "GET /cormun/static/hpexe_topmenus.js?2015111923314393 HTTP/1.1" 200 743
186.103.157.39 - - [15/Mar/2016:13:23:51 -0300] "GET /cormun/static/Resources/PXToolsMenuTopLastUnselected.gif HTTP/1.1" 200 580
186.103.157.39 - - [15/Mar/2016:13:23:51 -0300] "GET /cormun/static/Resources/PXToolsTabPrevious.gif HTTP/1.1" 200 172
186.103.157.39 - - [15/Mar/2016:13:23:51 -0300] "GET /cormun/static/Resources/PXToolsTabNext.gif HTTP/1.1" 200 168
186.103.157.39 - - [15/Mar/2016:13:23:52 -0300] "GET /cormun/static/Resources/PXToolsMenuTopBackUnselected.gif HTTP/1.1" 200 368
186.103.157.39 - - [15/Mar/2016:13:23:52 -0300] "GET /cormun/static/Resources/PXToolsMenuTopFirstUnselected.gif HTTP/1.1" 200 580
186.103.157.39 - - [15/Mar/2016:13:23:52 -0300] "GET /cormun/static/Resources/PXToolsMenuTopUnselectedUnselected.gif HTTP/1.1" 200 580
186.78.40.120 - - [15/Mar/2016:13:23:54 -0300] "POST /cormun/servlet/solicitudot?9546fc4ff2cfa82e5fa0eb47d93cc356,INS,0,0,,gx-no-cache=1458059061339 HTTP/1.1" 200 93
186.78.40.120 - - [15/Mar/2016:13:23:55 -0300] "GET /cormun/servlet/hpexe_return? HTTP/1.1" 200 1010
186.78.40.120 - - [15/Mar/2016:13:23:55 -0300] "GET /cormun/servlet/trsolicitudot? HTTP/1.1" 200 8348
186.78.40.120 - - [15/Mar/2016:13:23:58 -0300] "GET /cormun/servlet/trsolicitudot? HTTP/1.1" 200 8344
186.78.40.120 - - [15/Mar/2016:13:24:02 -0300] "GET /cormun/servlet/solicitudot?INS,0,0, HTTP/1.1" 200 11500
186.103.157.39 - - [15/Mar/2016:13:24:02 -0300] "GET /cormun/servlet/hlogin HTTP/1.1" 200 1731
186.78.40.120 - - [15/Mar/2016:13:24:04 -0300] "GET /cormun/servlet/solicitudot?INS,0,0, HTTP/1.1" 200 11505
186.78.40.120 - - [15/Mar/2016:13:24:07 -0300] "GET /cormun/servlet/prfichaempleado?,MD,,gxPopupLevel%3D0%3B HTTP/1.1" 200 7937
186.78.40.120 - - [15/Mar/2016:13:24:07 -0300] "GET /cormun/static/scaMessage/css/jquery-ui.css?104140 HTTP/1.1" 404 1045
186.78.40.120 - - [15/Mar/2016:13:24:13 -0300] "GET /cormun/servlet/prfichaempleado?9a2ad1d52c63f4484f38961291f46ec85aa2247700328e753d5a6ee4307edf4b05d68b6b0d4d77dd9dbeaee827f343668cd3b276aef742eaa7b01fa80e655bec,gx-no-cache=1458059079990 HTTP/1.1" 200 465
186.103.157.246 - - [15/Mar/2016:13:24:13 -0300] "POST /cormun/servlet/solicitudot?gx-no-cache=1458059092912 HTTP/1.1" 200 30
186.78.40.120 - - [15/Mar/2016:13:24:16 -0300] "GET /cormun/servlet/prfichaempleado?9a2ad1d52c63f4484f38961291f46ec85322670614e37c7cacdd558e450ddeba4658a40970f9abaa7a52b2eb7f8ba1e54ccdfdefa91bae082449fbc8a11eed53eab9a273363f2502e5bcdc96af442d26,gx-no-cache=1458059082783 HTTP/1.1" 200 465
186.78.40.120 - - [15/Mar/2016:13:24:16 -0300] "GET /cormun/servlet/prfichaempleado?9a2ad1d52c63f4484f38961291f46ec8d6df876f866c49ac89514ed1a286233c3113826352699d4d7daceecaa3c4cd6164f09729ea36d83bc7100e90773522505afc961cf08424ddc8020ab7c7ef2716,gx-no-cache=1458059083439 HTTP/1.1" 200 460
186.103.157.246 - - [15/Mar/2016:13:24:17 -0300] "POST /cormun/servlet/solicitudot?gx-no-cache=1458059096795 HTTP/1.1" 200 1259
186.78.40.120 - - [15/Mar/2016:13:24:17 -0300] "GET /cormun/servlet/prfichaempleado?9a2ad1d52c63f4484f38961291f46ec8d6df876f866c49ac89514ed1a286233c3be158dfeedae6f4b05a7c73ca1bafc11623b8baa19eb9e4edc1516b9600f3ca3a5146c3cf81089461a64ccb1e15ed34,gx-no-cache=1458059084002 HTTP/1.1" 200 460
186.103.157.246 - - [15/Mar/2016:13:24:17 -0300] "GET /cormun/servlet/solicitudot?c7fe479eb4add0c988415e5a63a8d2b7da1e80a5872eecb2d041cf67769e982447e52a18613b817a5e794ac671d7c6cf0e9e991fac28a080a28595b9e62411654a7778c34774f77e94fc47b2a0e7b84394f63844e1a5314548c20c39e74c1386e8ce5e8dc525260ae52ee039bc56c28e4414881c75640a7263ded400b06021f9b3743b3a998189bde3803596c161e53f8644e8be512a770fda5c144454600b7e,gx-no-cache=1458059097035 HTTP/1.1" 200 38
186.78.40.120 - - [15/Mar/2016:13:24:18 -0300] "POST /cormun/servlet/prfichaempleado?9546fc4ff2cfa82e5fa0eb47d93cc356,,MD,,gxPopupLevel%3D0%3B,gx-no-cache=1458059085367 HTTP/1.1" 200 2898
186.78.40.120 - - [15/Mar/2016:13:24:24 -0300] "POST /cormun/servlet/solicitudot?gx-no-cache=1458059090684 HTTP/1.1" 200 2766
186.78.40.120 - - [15/Mar/2016:13:24:24 -0300] "POST /cormun/servlet/solicitudot?9546fc4ff2cfa82e5fa0eb47d93cc356,INS,0,0,,gx-no-cache=1458059091135 HTTP/1.1" 200 8423
186.103.157.39 - - [15/Mar/2016:13:24:27 -0300] "POST /cormun/servlet/hlogin?d3fa0b1f3bbd4aa7163c6d3fcfef8289,gx-no-cache=1458059093211 HTTP/1.1" 200 90
186.103.157.39 - - [15/Mar/2016:13:24:27 -0300] "GET /cormun/servlet/hpexe_link HTTP/1.1" 200 946
186.103.157.39 - - [15/Mar/2016:13:24:28 -0300] "GET /cormun/servlet/hhome HTTP/1.1" 200 3765
186.103.157.39 - - [15/Mar/2016:13:24:30 -0300] "GET /cormun/servlet/hhome HTTP/1.1" 200 3763
186.103.157.39 - - [15/Mar/2016:13:24:30 -0300] "GET /cormun/static/SmoothNavMenu/resources/images/right.gif HTTP/1.1" 200 860
186.78.40.120 - - [15/Mar/2016:13:24:40 -0300] "GET /cormun/servlet/solicitudot?90e1b31259ae6405dbb994c2f276841867c9ef395ad414be9d4540efcda9bce15afc961cf08424ddc8020ab7c7ef2716,gx-no-cache=1458059107029 HTTP/1.1" 200 30
186.78.40.120 - - [15/Mar/2016:13:24:40 -0300] "POST /cormun/servlet/solicitudot?gx-no-cache=1458059107165 HTTP/1.1" 200 30
186.78.40.120 - - [15/Mar/2016:13:24:40 -0300] "POST /cormun/servlet/solicitudot?gx-no-cache=1458059107294 HTTP/1.1" 200 33
186.78.40.120 - - [15/Mar/2016:13:24:40 -0300] "POST /cormun/servlet/solicitudot?gx-no-cache=1458059107441 HTTP/1.1" 200 1171
186.78.40.120 - - [15/Mar/2016:13:24:40 -0300] "GET /cormun/servlet/solicitudot?90e1b31259ae6405dbb994c2f27684181ec33ab972ccf864c14e603b1135c6439af83b73cb86cddec276f337a718e432ca63a43ba874e379c16783399cb375f995d80b2a61d9dcb22d1a69635ee54776d5cf8df23656079353a7be8520660cd035d51dfe7934074850162b16a3873a045fa2ff901b78f8deb0bc72cb914abbdd6884a8a4202258cfaa8832d4c5e9b151,gx-no-cache=1458059107633 HTTP/1.1" 200 38
186.78.40.120 - - [15/Mar/2016:13:24:41 -0300] "GET /cormun/servlet/solicitudot?90e1b31259ae6405dbb994c2f27684183fc466395eca6b0d1e34a5391f8a8df41fa637e74e71c5553198816f08a590551f296f9a9fbf0a95c20dcf8b4406f5cffef57d26c821d4331064c7e454fe50198b73c2dc0972424e9609eeb6bc2b76b0412ac9aa1517a8f9095c46e04f620f207c4411e50f5dbef4d5e41b9a9fa35f7420ada2622032732a31602f8f9df7068d56869be6ddbb703f5cfa45e592c92a69,gx-no-cache=1458059107757 HTTP/1.1" 200 29
186.103.157.39 - - [15/Mar/2016:13:24:43 -0300] "GET /cormun/servlet/trvisualizadoreventos? HTTP/1.1" 200 6280
186.103.157.39 - - [15/Mar/2016:13:24:43 -0300] "GET /cormun/static/gxcfg.js?2016251828014 HTTP/1.1" 200 953
186.103.157.39 - - [15/Mar/2016:13:24:43 -0300] "GET /cormun/static/trvisualizadoreventos.js?2016251828276 HTTP/1.1" 200 19096
186.103.157.39 - - [15/Mar/2016:13:24:44 -0300] "GET /cormun/servlet/trvisualizadoreventos? HTTP/1.1" 200 6280
186.78.40.120 - - [15/Mar/2016:13:25:05 -0300] "POST /cormun/servlet/solicitudot?gx-no-cache=1458059131968 HTTP/1.1" 200 30
186.78.40.120 - - [15/Mar/2016:13:25:15 -0300] "GET /cormun/servlet/prfichaempleado?,MD,,gxPopupLevel%3D0%3B HTTP/1.1" 200 7937
186.78.40.120 - - [15/Mar/2016:13:25:15 -0300] "GET /cormun/static/scaMessage/css/jquery-ui.css?104140 HTTP/1.1" 404 1045
186.78.40.120 - - [15/Mar/2016:13:25:21 -0300] "GET /cormun/servlet/prfichaempleado?9a2ad1d52c63f4484f38961291f46ec8155f0b7f2c7a81d414159b13b6a27f9a05d68b6b0d4d77dd9dbeaee827f343668cd3b276aef742eaa7b01fa80e655bec,gx-no-cache=1458059148527 HTTP/1.1" 200 465
186.103.157.39 - - [15/Mar/2016:13:25:22 -0300] "GET /cormun/servlet/hlogin HTTP/1.1" 200 1721
186.78.40.120 - - [15/Mar/2016:13:25:22 -0300] "GET /cormun/servlet/prfichaempleado?9a2ad1d52c63f4484f38961291f46ec8b1c45ac548c3a1fd9d0360470bac7e768e7fba819d56e5b27296af64edfbb8537a30c1122c5e307451db919c1bda9d105afc961cf08424ddc8020ab7c7ef2716,gx-no-cache=1458059149499 HTTP/1.1" 200 463
186.103.157.39 - - [15/Mar/2016:13:25:27 -0300] "GET /cormun/servlet/hlogin HTTP/1.1" 200 1721
186.78.40.120 - - [15/Mar/2016:13:25:28 -0300] "GET /cormun/servlet/prfichaempleado?9a2ad1d52c63f4484f38961291f46ec8b1c45ac548c3a1fd9d0360470bac7e76b1003b98268b313dc0d5bb83363323dee8ced9d81ac60f4e54c26ccfe5813391880af8f8079f459a324f5cca1d64a986,gx-no-cache=1458059155411 HTTP/1.1" 200 469
186.78.40.120 - - [15/Mar/2016:13:25:31 -0300] "POST /cormun/servlet/prfichaempleado?9546fc4ff2cfa82e5fa0eb47d93cc356,,MD,,gxPopupLevel%3D0%3B,gx-no-cache=1458059157574 HTTP/1.1" 200 2909
186.103.157.246 - - [15/Mar/2016:13:25:33 -0300] "GET /cormun/servlet/solicitudot?c7fe479eb4add0c988415e5a63a8d2b7b0a646cb6c90bbe598765e636759b0ffeef41a1a3adafab8a8dd2e3a1529167e16a7e8a8c0f228ee7492e5c72e73b8492b0e7f8b592e50851ada7e7b268d60ad3ebf7043c846f9f5aceebf6330eb8ff71b9ce0d88ab4ed5ed46b31b8b2ec4952,gx-no-cache=1458059171751 HTTP/1.1" 200 29
186.103.157.246 - - [15/Mar/2016:13:25:37 -0300] "POST /cormun/servlet/solicitudot?gx-no-cache=1458059176346 HTTP/1.1" 200 1127
186.103.157.39 - - [15/Mar/2016:13:25:54 -0300] "POST /cormun/servlet/hlogin?79426b60dc019710647993741878b734,gx-no-cache=1458059180729 HTTP/1.1" 200 90
186.103.157.39 - - [15/Mar/2016:13:25:55 -0300] "GET /cormun/servlet/hpexe_link HTTP/1.1" 200 950
186.103.157.39 - - [15/Mar/2016:13:25:55 -0300] "GET /cormun/servlet/hhome HTTP/1.1" 200 3769
186.103.157.39 - - [15/Mar/2016:13:25:56 -0300] "GET /cormun/servlet/hhome HTTP/1.1" 200 3766
186.78.40.120 - - [15/Mar/2016:13:25:57 -0300] "POST /cormun/servlet/solicitudot?gx-no-cache=1458059183590 HTTP/1.1" 200 1169
186.103.157.39 - - [15/Mar/2016:13:26:04 -0300] "GET /cormun/servlet/hlogin HTTP/1.1" 200 1729
186.78.40.120 - - [15/Mar/2016:13:26:08 -0300] "POST /cormun/servlet/solicitudot?gx-no-cache=1458059195159 HTTP/1.1" 200 30
186.103.157.246 - - [15/Mar/2016:13:26:17 -0300] "GET /cormun/servlet/solicitudot?c7fe479eb4add0c988415e5a63a8d2b70df206cd9daa38185a646c83395f20541e73a0e97a69ce780c58c0508caeb36403bfd12072b1313328846e026543fbd2ab0f1bfaa619300b3e6278b4af7c15ef2f2b03c6be401631a12927b6f06af61ad64e289f79846ba5745b98afa201d9db93a91504adf38fccfe749a224034e9f151d9246b9836a2e47135b3d72a48aa020be8354d2c7a093d8e1a3b865898f0de418f381577b19fc8ca40c3b7ccf46f45,gx-no-cache=1458059217198 HTTP/1.1" 200 30
186.103.157.39 - - [15/Mar/2016:13:26:35 -0300] "POST /cormun/servlet/hlogin?79426b60dc019710647993741878b734,gx-no-cache=1458059221222 HTTP/1.1" 200 90
186.103.157.39 - - [15/Mar/2016:13:26:35 -0300] "GET /cormun/servlet/hpexe_link HTTP/1.1" 200 950
186.103.157.39 - - [15/Mar/2016:13:26:35 -0300] "GET /cormun/servlet/hhome HTTP/1.1" 200 3442
186.103.157.39 - - [15/Mar/2016:13:26:36 -0300] "GET /cormun/servlet/hhome HTTP/1.1" 200 3438
186.78.40.120 - - [15/Mar/2016:13:26:41 -0300] "POST /cormun/servlet/solicitudot?gx-no-cache=1458059227765 HTTP/1.1" 200 1169
186.78.40.120 - - [15/Mar/2016:13:26:41 -0300] "GET /cormun/servlet/solicitudot?90e1b31259ae6405dbb994c2f27684181ec33ab972ccf864c14e603b1135c6439af83b73cb86cddec276f337a718e432ca63a43ba874e379c16783399cb375f995d80b2a61d9dcb22d1a69635ee54776d5cf8df23656079353a7be8520660cd035d51dfe7934074850162b16a3873a045fa2ff901b78f8deb0bc72cb914abbdd7734ede2d2fdcae782056b622ed2f54da2a90c2dddf81f8e8c769da1dd059e81,gx-no-cache=1458059228102 HTTP/1.1" 200 38
186.78.40.120 - - [15/Mar/2016:13:26:41 -0300] "POST /cormun/servlet/solicitudot?gx-no-cache=1458059228235 HTTP/1.1" 200 1127
186.103.157.39 - - [15/Mar/2016:13:26:43 -0300] "GET /cormun/servlet/trvisualizadoreventos? HTTP/1.1" 200 5958
186.103.157.39 - - [15/Mar/2016:13:26:44 -0300] "GET /cormun/servlet/trvisualizadoreventos? HTTP/1.1" 200 5957
186.103.157.39 - - [15/Mar/2016:13:26:48 -0300] "POST /cormun/servlet/trvisualizadoreventos?79426b60dc019710647993741878b734,,gx-no-cache=1458059234035 HTTP/1.1" 200 3232
186.103.157.39 - - [15/Mar/2016:13:26:48 -0300] "POST /cormun/servlet/trvisualizadoreventos?79426b60dc019710647993741878b734,,gx-no-cache=1458059234236 HTTP/1.1" 200 3232
186.103.157.39 - - [15/Mar/2016:13:26:48 -0300] "POST /cormun/servlet/trvisualizadoreventos?79426b60dc019710647993741878b734,,gx-no-cache=1458059234393 HTTP/1.1" 200 3232
186.103.157.39 - - [15/Mar/2016:13:26:48 -0300] "POST /cormun/servlet/trvisualizadoreventos?79426b60dc019710647993741878b734,,gx-no-cache=1458059234539 HTTP/1.1" 200 3232
186.103.157.39 - - [15/Mar/2016:13:26:48 -0300] "POST /cormun/servlet/trvisualizadoreventos?79426b60dc019710647993741878b734,,gx-no-cache=1458059234691 HTTP/1.1" 200 3232
186.103.157.246 - - [15/Mar/2016:13:26:50 -0300] "POST /cormun/servlet/solicitudot?9f1463d4e92779ea787826220a0c80ad,INS,0,0,,gx-no-cache=1458059250031 HTTP/1.1" 200 9320
186.103.157.39 - - [15/Mar/2016:13:26:55 -0300] "GET /cormun/servlet/trsolicitudot? HTTP/1.1" 200 6201
186.103.157.39 - - [15/Mar/2016:13:26:56 -0300] "GET /cormun/servlet/trsolicitudot? HTTP/1.1" 200 6201
186.103.157.246 - - [15/Mar/2016:13:26:58 -0300] "POST /cormun/servlet/solicitudot?9f1463d4e92779ea787826220a0c80ad,INS,0,0,,gx-no-cache=1458059258268 HTTP/1.1" 200 9369
186.103.157.39 - - [15/Mar/2016:13:26:59 -0300] "GET /cormun/servlet/solicitudot?INS,0,0, HTTP/1.1" 200 11442
186.103.157.39 - - [15/Mar/2016:13:27:00 -0300] "GET /cormun/servlet/solicitudot?INS,0,0, HTTP/1.1" 200 11446
186.103.157.246 - - [15/Mar/2016:13:27:34 -0300] "POST /cormun/servlet/solicitudot?gx-no-cache=1458059294010 HTTP/1.1" 200 30
186.103.157.246 - - [15/Mar/2016:13:27:34 -0300] "POST /cormun/servlet/solicitudot?gx-no-cache=1458059294136 HTTP/1.1" 200 1259
186.103.157.246 - - [15/Mar/2016:13:27:34 -0300] "GET /cormun/servlet/solicitudot?c7fe479eb4add0c988415e5a63a8d2b7da1e80a5872eecb2d041cf67769e982447e52a18613b817a5e794ac671d7c6cf0e9e991fac28a080a28595b9e62411654a7778c34774f77e94fc47b2a0e7b84394f63844e1a5314548c20c39e74c1386e8ce5e8dc525260ae52ee039bc56c28e4414881c75640a7263ded400b06021f9b3743b3a998189bde3803596c161e53f4137fb2e6e8eeebe0682296ad244985d,gx-no-cache=1458059294378 HTTP/1.1" 200 41
186.103.157.246 - - [15/Mar/2016:13:27:34 -0300] "GET /cormun/servlet/solicitudot?c7fe479eb4add0c988415e5a63a8d2b70df206cd9daa38185a646c83395f20541e73a0e97a69ce780c58c0508caeb36403bfd12072b1313328846e026543fbd2ab0f1bfaa619300b3e6278b4af7c15ef2f2b03c6be401631a12927b6f06af61ad64e289f79846ba5745b98afa201d9db93a91504adf38fccfe749a224034e9f151d9246b9836a2e47135b3d72a48aa020be8354d2c7a093d8e1a3b865898f0de418f381577b19fc8ca40c3b7ccf46f45,gx-no-cache=1458059294469 HTTP/1.1" 200 30
186.103.157.246 - - [15/Mar/2016:13:27:35 -0300] "POST /cormun/servlet/solicitudot?9f1463d4e92779ea787826220a0c80ad,INS,0,0,,gx-no-cache=1458059294521 HTTP/1.1" 200 9420
186.103.157.246 - - [15/Mar/2016:13:27:40 -0300] "POST /cormun/servlet/solicitudot?9f1463d4e92779ea787826220a0c80ad,INS,0,0,,gx-no-cache=1458059299433 HTTP/1.1" 200 9465
186.103.157.246 - - [15/Mar/2016:13:27:44 -0300] "POST /cormun/servlet/solicitudot?9f1463d4e92779ea787826220a0c80ad,INS,0,0,,gx-no-cache=1458059303737 HTTP/1.1" 200 9511
191.112.95.7 - - [15/Mar/2016:13:27:54 -0300] "GET /cormun/static/menuarrow.gif HTTP/1.1" 404 1015
186.103.157.246 - - [15/Mar/2016:13:27:56 -0300] "POST /cormun/servlet/solicitudot?9f1463d4e92779ea787826220a0c80ad,INS,0,0,,gx-no-cache=1458059315595 HTTP/1.1" 200 9550
191.112.95.7 - - [15/Mar/2016:13:27:59 -0300] "POST /cormun/servlet/trsolicitudot?cb1f6b4e57b7193544cc0559d84293dc,,gx-no-cache=1458059305714 HTTP/1.1" 200 4912
191.112.95.7 - - [15/Mar/2016:13:28:00 -0300] "POST /cormun/servlet/trsolicitudot?cb1f6b4e57b7193544cc0559d84293dc,,gx-no-cache=1458059306360 HTTP/1.1" 200 4912
191.112.95.7 - - [15/Mar/2016:13:28:05 -0300] "POST /cormun/servlet/trsolicitudot?cb1f6b4e57b7193544cc0559d84293dc,,gx-no-cache=1458059312016 HTTP/1.1" 200 4910
191.112.95.7 - - [15/Mar/2016:13:28:06 -0300] "POST /cormun/servlet/trsolicitudot?cb1f6b4e57b7193544cc0559d84293dc,,gx-no-cache=1458059312611 HTTP/1.1" 200 4912
191.112.95.7 - - [15/Mar/2016:13:28:06 -0300] "POST /cormun/servlet/trsolicitudot?cb1f6b4e57b7193544cc0559d84293dc,,gx-no-cache=1458059313219 HTTP/1.1" 200 4912
191.112.95.7 - - [15/Mar/2016:13:28:07 -0300] "POST /cormun/servlet/trsolicitudot?cb1f6b4e57b7193544cc0559d84293dc,,gx-no-cache=1458059313789 HTTP/1.1" 200 4912
191.112.95.7 - - [15/Mar/2016:13:28:08 -0300] "POST /cormun/servlet/trsolicitudot?cb1f6b4e57b7193544cc0559d84293dc,,gx-no-cache=1458059314363 HTTP/1.1" 200 4912
191.112.95.7 - - [15/Mar/2016:13:28:08 -0300] "POST /cormun/servlet/trsolicitudot?cb1f6b4e57b7193544cc0559d84293dc,,gx-no-cache=1458059314998 HTTP/1.1" 200 103
191.112.95.7 - - [15/Mar/2016:13:28:08 -0300] "GET /cormun/SolicitudOT-7095.xls HTTP/1.1" 200 5120
186.103.157.246 - - [15/Mar/2016:13:28:10 -0300] "POST /cormun/servlet/solicitudot?9f1463d4e92779ea787826220a0c80ad,INS,0,0,,gx-no-cache=1458059329293 HTTP/1.1" 200 9586
191.112.95.7 - - [15/Mar/2016:13:28:15 -0300] "GET /cormun/servlet/solicitudot?INS,0,0, HTTP/1.1" 200 11478
186.78.40.120 - - [15/Mar/2016:13:28:18 -0300] "GET /cormun/servlet/prsolicitudot?12290633,,,,,MD,,gxPopupLevel%3D0%3B HTTP/1.1" 200 5416
191.112.95.7 - - [15/Mar/2016:13:28:19 -0300] "GET /cormun/servlet/solicitudot?INS,0,0, HTTP/1.1" 200 11483
191.112.95.7 - - [15/Mar/2016:13:28:41 -0300] "POST /cormun/servlet/solicitudot?cb1f6b4e57b7193544cc0559d84293dc,INS,0,0,,gx-no-cache=1458059348071 HTTP/1.1" 200 93
191.112.95.7 - - [15/Mar/2016:13:28:42 -0300] "GET /cormun/servlet/hpexe_return? HTTP/1.1" 200 1011
191.112.95.7 - - [15/Mar/2016:13:28:42 -0300] "GET /cormun/servlet/trsolicitudot? HTTP/1.1" 200 7515
191.112.95.7 - - [15/Mar/2016:13:28:46 -0300] "GET /cormun/servlet/trsolicitudot? HTTP/1.1" 200 7512
191.112.95.7 - - [15/Mar/2016:13:28:48 -0300] "POST /cormun/servlet/trsolicitudot?cb1f6b4e57b7193544cc0559d84293dc,,gx-no-cache=1458059354991 HTTP/1.1" 200 4916
191.112.95.7 - - [15/Mar/2016:13:28:49 -0300] "POST /cormun/servlet/trsolicitudot?cb1f6b4e57b7193544cc0559d84293dc,,gx-no-cache=1458059355586 HTTP/1.1" 200 4916
191.112.95.7 - - [15/Mar/2016:13:28:49 -0300] "POST /cormun/servlet/trsolicitudot?cb1f6b4e57b7193544cc0559d84293dc,,gx-no-cache=1458059356161 HTTP/1.1" 200 4916
191.112.95.7 - - [15/Mar/2016:13:28:50 -0300] "POST /cormun/servlet/trsolicitudot?cb1f6b4e57b7193544cc0559d84293dc,,gx-no-cache=1458059356753 HTTP/1.1" 200 4916
191.112.95.7 - - [15/Mar/2016:13:28:51 -0300] "POST /cormun/servlet/trsolicitudot?cb1f6b4e57b7193544cc0559d84293dc,,gx-no-cache=1458059357338 HTTP/1.1" 200 4917
191.112.95.7 - - [15/Mar/2016:13:28:52 -0300] "POST /cormun/servlet/trsolicitudot?cb1f6b4e57b7193544cc0559d84293dc,,gx-no-cache=1458059358371 HTTP/1.1" 200 4916
191.112.95.7 - - [15/Mar/2016:13:28:52 -0300] "POST /cormun/servlet/trsolicitudot?cb1f6b4e57b7193544cc0559d84293dc,,gx-no-cache=1458059359055 HTTP/1.1" 200 4916
191.112.95.7 - - [15/Mar/2016:13:28:53 -0300] "POST /cormun/servlet/trsolicitudot?cb1f6b4e57b7193544cc0559d84293dc,,gx-no-cache=1458059359769 HTTP/1.1" 200 106
191.112.95.7 - - [15/Mar/2016:13:28:54 -0300] "GET /cormun/servlet/trsolicitudadjuntos?2016,827, HTTP/1.1" 200 7917
191.112.95.7 - - [15/Mar/2016:13:28:54 -0300] "GET /cormun/static/Resources/Spanish/PXTools.css?171692 HTTP/1.1" 304 -
191.112.95.7 - - [15/Mar/2016:13:28:54 -0300] "GET /cormun/static/gxcfg.js?2016311731090 HTTP/1.1" 304 -
191.112.95.7 - - [15/Mar/2016:13:28:54 -0300] "GET /cormun/static/trsolicitudadjuntos.js?2016311731342 HTTP/1.1" 304 -
191.112.95.7 - - [15/Mar/2016:13:28:57 -0300] "GET /cormun/servlet/trsolicitudadjuntos?2016,827, HTTP/1.1" 200 7916
191.112.95.7 - - [15/Mar/2016:13:29:01 -0300] "GET /cormun/servlet/solicitudotadjuntos?INS,2016,827,,1, HTTP/1.1" 200 5494
191.112.95.7 - - [15/Mar/2016:13:29:01 -0300] "GET /cormun/static/solicitudotadjuntos.js?2016311984068 HTTP/1.1" 304 -
191.112.95.7 - - [15/Mar/2016:13:29:01 -0300] "GET /cormun/static/gxcfg.js?2016311984045 HTTP/1.1" 304 -
191.112.95.7 - - [15/Mar/2016:13:29:02 -0300] "GET /cormun/static/about:blank HTTP/1.1" 404 1011
191.112.95.7 - - [15/Mar/2016:13:29:03 -0300] "GET /cormun/servlet/solicitudotadjuntos?INS,2016,827,,1, HTTP/1.1" 200 5488
191.112.95.7 - - [15/Mar/2016:13:29:04 -0300] "GET /cormun/servlet/solicitudotadjuntos?8eab5aaaefda25e326a5619509c3676744586000fbd1ccbaf0211488fc0ba35e2170c16677d2e19aeebb88a42f43769d,gx-no-cache=1458059370928 HTTP/1.1" 200 30
191.112.95.7 - - [15/Mar/2016:13:29:04 -0300] "POST /cormun/servlet/solicitudotadjuntos?cb1f6b4e57b7193544cc0559d84293dc,INS,2016,827,,1,,gx-no-cache=1458059371080 HTTP/1.1" 200 3345
191.112.95.7 - - [15/Mar/2016:13:29:09 -0300] "POST /cormun/servlet/solicitudotadjuntos?gx-no-cache=1458059375674 HTTP/1.1" 200 26
200.30.207.84 - - [15/Mar/2016:13:29:11 -0300] "POST /cormun/servlet/solicitudot?gx-no-cache=1458059377206 HTTP/1.1" 200 2786
200.30.207.84 - - [15/Mar/2016:13:29:11 -0300] "POST /cormun/servlet/solicitudot?aef87ec70dfb7b3d410a9a19fb520ce9,INS,0,0,,gx-no-cache=1458059377472 HTTP/1.1" 200 8430
191.112.95.7 - - [15/Mar/2016:13:29:28 -0300] "GET /cormun/servlet/solicitudotadjuntos?8eab5aaaefda25e326a5619509c367675dcef756bb9a0b50517537ad56027ce2,gx-no-cache=1458059395219 HTTP/1.1" 200 30
191.112.95.7 - - [15/Mar/2016:13:29:28 -0300] "GET /cormun/servlet/solicitudotadjuntos?8eab5aaaefda25e326a5619509c367675dcef756bb9a0b50517537ad56027ce2,gx-no-cache=1458059395343 HTTP/1.1" 200 30
191.112.95.7 - - [15/Mar/2016:13:29:32 -0300] "POST /cormun/servlet/solicitudotadjuntos?cb1f6b4e57b7193544cc0559d84293dc,INS,2016,827,,1, HTTP/1.1" 200 116
191.112.95.7 - - [15/Mar/2016:13:29:33 -0300] "GET /cormun/servlet/hpexe_return? HTTP/1.1" 200 1028
191.112.95.7 - - [15/Mar/2016:13:29:34 -0300] "GET /cormun/servlet/trsolicitudadjuntos?2016,827, HTTP/1.1" 200 8027
191.112.95.7 - - [15/Mar/2016:13:29:36 -0300] "GET /cormun/servlet/trsolicitudadjuntos?2016,827, HTTP/1.1" 200 8030
191.112.95.7 - - [15/Mar/2016:13:29:43 -0300] "GET /cormun/servlet/trsolicitudot? HTTP/1.1" 200 7517
200.30.207.84 - - [15/Mar/2016:13:29:44 -0300] "GET /cormun/servlet/solicitudot?d6f9dcc63b161799defc452d65b2f4a902b42a0bfc00fdaedd65c402928c5cf3f838f964ccbc01549c0e7225d2b65eca,gx-no-cache=1458059409930 HTTP/1.1" 200 30
191.112.95.7 - - [15/Mar/2016:13:29:46 -0300] "GET /cormun/servlet/trsolicitudot? HTTP/1.1" 200 7512
191.112.95.7 - - [15/Mar/2016:13:29:50 -0300] "POST /cormun/servlet/trsolicitudot?cb1f6b4e57b7193544cc0559d84293dc,,gx-no-cache=1458059416772 HTTP/1.1" 200 4922
191.112.95.7 - - [15/Mar/2016:13:29:51 -0300] "POST /cormun/servlet/trsolicitudot?cb1f6b4e57b7193544cc0559d84293dc,,gx-no-cache=1458059417328 HTTP/1.1" 200 4921
200.30.207.84 - - [15/Mar/2016:13:29:51 -0300] "POST /cormun/servlet/solicitudot?gx-no-cache=1458059417195 HTTP/1.1" 200 30
191.112.95.7 - - [15/Mar/2016:13:29:51 -0300] "POST /cormun/servlet/trsolicitudot?cb1f6b4e57b7193544cc0559d84293dc,,gx-no-cache=1458059417845 HTTP/1.1" 200 4922
191.112.95.7 - - [15/Mar/2016:13:29:52 -0300] "POST /cormun/servlet/trsolicitudot?cb1f6b4e57b7193544cc0559d84293dc,,gx-no-cache=1458059418396 HTTP/1.1" 200 4922
191.112.95.7 - - [15/Mar/2016:13:29:52 -0300] "POST /cormun/servlet/trsolicitudot?cb1f6b4e57b7193544cc0559d84293dc,,gx-no-cache=1458059418964 HTTP/1.1" 200 4922
191.112.95.7 - - [15/Mar/2016:13:29:53 -0300] "POST /cormun/servlet/trsolicitudot?cb1f6b4e57b7193544cc0559d84293dc,,gx-no-cache=1458059419587 HTTP/1.1" 200 4922
191.112.95.7 - - [15/Mar/2016:13:29:54 -0300] "POST /cormun/servlet/trsolicitudot?cb1f6b4e57b7193544cc0559d84293dc,,gx-no-cache=1458059420179 HTTP/1.1" 200 4921
191.112.95.7 - - [15/Mar/2016:13:29:55 -0300] "POST /cormun/servlet/trsolicitudot?cb1f6b4e57b7193544cc0559d84293dc,,gx-no-cache=1458059421191 HTTP/1.1" 200 3653
191.112.95.7 - - [15/Mar/2016:13:29:55 -0300] "GET /cormun/static/Shared/jqueryui/images/ui-bg_highlight-soft_100_c6c2c8_1x100.png HTTP/1.1" 404 1117
191.112.95.7 - - [15/Mar/2016:13:29:55 -0300] "GET /cormun/static/Shared/jqueryui/images/ui-icons_82798d_256x240.png HTTP/1.1" 404 1089
191.112.95.7 - - [15/Mar/2016:13:29:55 -0300] "GET /cormun/static/Shared/jqueryui/images/ui-bg_flat_55_fafafa_40x100.png HTTP/1.1" 404 1097
191.112.95.7 - - [15/Mar/2016:13:29:55 -0300] "GET /cormun/static/Shared/jqueryui/images/ui-icons_8d78a5_256x240.png HTTP/1.1" 404 1089
191.112.95.7 - - [15/Mar/2016:13:29:56 -0300] "POST /cormun/servlet/trsolicitudot?cb1f6b4e57b7193544cc0559d84293dc,,gx-no-cache=1458059422093 HTTP/1.1" 200 3496
200.30.207.84 - - [15/Mar/2016:13:30:05 -0300] "POST /cormun/servlet/solicitudot?gx-no-cache=1458059431725 HTTP/1.1" 200 30
200.30.207.84 - - [15/Mar/2016:13:30:08 -0300] "POST /cormun/servlet/solicitudot?gx-no-cache=1458059434167 HTTP/1.1" 200 1171
200.30.207.84 - - [15/Mar/2016:13:30:08 -0300] "GET /cormun/servlet/solicitudot?d6f9dcc63b161799defc452d65b2f4a9d6a7e4430c8cfb1653d1fde3185ff304aa4d750dacc03bac2ce948baa0f691585256fc5b0cfeab0a1f9838d32152751f2f2893b01b913dca4663a64ee2d65631e078cfb2b284f51a88bc4442e9ba904df93ac3e82ad3c0153b77865d255fbc9ed06f1f7401abaf51e5f0fe43faa761d112a47b3a07c7cd9a3618214b676e3207,gx-no-cache=1458059434267 HTTP/1.1" 200 38
191.112.95.7 - - [15/Mar/2016:13:30:09 -0300] "GET /cormun/servlet/solicitudot?INS,0,0, HTTP/1.1" 200 11478
191.112.95.7 - - [15/Mar/2016:13:30:11 -0300] "GET /cormun/servlet/solicitudot?INS,0,0, HTTP/1.1" 200 11483
186.78.40.120 - - [15/Mar/2016:13:30:13 -0300] "GET /cormun/servlet/solicitudot?90e1b31259ae6405dbb994c2f27684181940dae998fe82646b8e55674afe8cf3486a70e40c7ca659d99a6d89e61594e228131ac3071e7fc9509b4e53b27ebc721602381067744a0fb98e37b8bbe1498090f82eecfdb92d2cc49ba5d901400f9a0d15515e78a7dbf8f9b23717b89fc4445c935766d9ed4200b1c4f3887b9ff477040241e328b73f624c2133a4957d62f5db7e706d3c5975d0f2c69eab9c7fd51b665eca896e4ea33bb057c22fbdce1063292da5daab25c58fbdcfea20cb2eed66,gx-no-cache=1458059439660 HTTP/1.1" 200 30
186.78.40.120 - - [15/Mar/2016:13:30:13 -0300] "POST /cormun/servlet/solicitudot?9546fc4ff2cfa82e5fa0eb47d93cc356,INS,0,0,,gx-no-cache=1458059439930 HTTP/1.1" 200 93
186.78.40.120 - - [15/Mar/2016:13:30:13 -0300] "GET /cormun/servlet/hpexe_return? HTTP/1.1" 200 1010
186.78.40.120 - - [15/Mar/2016:13:30:14 -0300] "GET /cormun/servlet/trsolicitudot HTTP/1.1" 200 8348
186.78.40.120 - - [15/Mar/2016:13:30:16 -0300] "GET /cormun/servlet/trsolicitudot HTTP/1.1" 200 8344
186.103.157.39 - - [15/Mar/2016:13:30:32 -0300] "GET /cormun/servlet/hlogin HTTP/1.1" 200 1740
186.78.40.120 - - [15/Mar/2016:13:30:43 -0300] "POST /cormun/servlet/trsolicitudot?9546fc4ff2cfa82e5fa0eb47d93cc356,gx-no-cache=1458059469597 HTTP/1.1" 200 5750
186.78.40.120 - - [15/Mar/2016:13:30:43 -0300] "POST /cormun/servlet/trsolicitudot?9546fc4ff2cfa82e5fa0eb47d93cc356,gx-no-cache=1458059470275 HTTP/1.1" 200 5749
186.78.40.120 - - [15/Mar/2016:13:30:44 -0300] "POST /cormun/servlet/trsolicitudot?9546fc4ff2cfa82e5fa0eb47d93cc356,gx-no-cache=1458059471265 HTTP/1.1" 200 5749
186.78.40.120 - - [15/Mar/2016:13:30:47 -0300] "POST /cormun/servlet/trsolicitudot?9546fc4ff2cfa82e5fa0eb47d93cc356,gx-no-cache=1458059473844 HTTP/1.1" 200 5750
186.103.157.39 - - [15/Mar/2016:13:30:48 -0300] "POST /cormun/servlet/hlogin?79426b60dc019710647993741878b734,gx-no-cache=1458059474349 HTTP/1.1" 200 90
186.103.157.39 - - [15/Mar/2016:13:30:48 -0300] "GET /cormun/servlet/hpexe_link HTTP/1.1" 200 950
186.103.157.39 - - [15/Mar/2016:13:30:49 -0300] "GET /cormun/servlet/hhome HTTP/1.1" 200 3769
186.103.157.39 - - [15/Mar/2016:13:30:50 -0300] "GET /cormun/servlet/hhome HTTP/1.1" 200 3766
186.78.40.120 - - [15/Mar/2016:13:30:55 -0300] "POST /cormun/servlet/trsolicitudot?9546fc4ff2cfa82e5fa0eb47d93cc356,gx-no-cache=1458059481929 HTTP/1.1" 200 3512
186.78.40.120 - - [15/Mar/2016:13:30:55 -0300] "GET /cormun/servlet/trsolicitudot?9a2ad1d52c63f4484f38961291f46ec86dfc4b894063f6b68f93c49d2a8eebdc9b15b81aeb8418e8ca30ac8ad868e1a0e120a60b8a7b4d2b026c304dc4d1e6a594d5012824e82cda8ac70818ad66f37bce9091ced7551fe766181eb8b468cd7cbd724c41d46c21c0aa6acb31faf0539801ac9701236e1daf3b53405df6b21dfd5bc38b25fe502416f7ef3c0d7e490b84,gx-no-cache=1458059482513 HTTP/1.1" 200 814
191.112.95.7 - - [15/Mar/2016:13:31:04 -0300] "POST /cormun/servlet/solicitudot?gx-no-cache=1458059490214 HTTP/1.1" 200 2765
191.112.95.7 - - [15/Mar/2016:13:31:04 -0300] "POST /cormun/servlet/solicitudot?cb1f6b4e57b7193544cc0559d84293dc,INS,0,0,,gx-no-cache=1458059490767 HTTP/1.1" 200 8386
186.78.40.120 - - [15/Mar/2016:13:31:08 -0300] "POST /cormun/servlet/trsolicitudot?9546fc4ff2cfa82e5fa0eb47d93cc356,gx-no-cache=1458059494822 HTTP/1.1" 200 5395
186.78.40.120 - - [15/Mar/2016:13:31:08 -0300] "GET /cormun/servlet/trsolicitudot?9a2ad1d52c63f4484f38961291f46ec89cab84c88b8b3088a8442d470f6bcdb2140884570fbdeafe470576195dc93f3fe120a60b8a7b4d2b026c304dc4d1e6a5c351dc1d68eac603902d1793feeea3f0fbd97b0e773822b90c35128c6d587baa035720435a3f3dc5d2df6910e2c4907ea7632d75d88723f1cc9374b16e45ce936da52ff2470df2719e9003eba513e12b,gx-no-cache=1458059495489 HTTP/1.1" 200 2728
191.112.95.7 - - [15/Mar/2016:13:31:09 -0300] "GET /cormun/servlet/solicitudot?8eab5aaaefda25e326a5619509c367678866e5c21bca7aee933a1420481efffc44e9960e42840e47719011b679d02a32,gx-no-cache=1458059495942 HTTP/1.1" 200 30
191.112.95.7 - - [15/Mar/2016:13:31:09 -0300] "POST /cormun/servlet/solicitudot?gx-no-cache=1458059496085 HTTP/1.1" 200 30
186.103.157.39 - - [15/Mar/2016:13:31:13 -0300] "GET /cormun/servlet/trautorizarsolicitud? HTTP/1.1" 200 8160
186.103.157.39 - - [15/Mar/2016:13:31:13 -0300] "GET /cormun/static/gxcfg.js?20163219504791 HTTP/1.1" 200 953
186.103.157.39 - - [15/Mar/2016:13:31:13 -0300] "GET /cormun/static/Resources/Spanish/PXTools.css?19444614 HTTP/1.1" 200 89042
186.103.157.39 - - [15/Mar/2016:13:31:13 -0300] "GET /cormun/static/trautorizarsolicitud.js?20163219505323 HTTP/1.1" 200 45302
186.103.157.39 - - [15/Mar/2016:13:31:14 -0300] "GET /cormun/servlet/trautorizarsolicitud? HTTP/1.1" 200 8159
191.112.95.7 - - [15/Mar/2016:13:31:14 -0300] "POST /cormun/servlet/solicitudot?gx-no-cache=1458059501409 HTTP/1.1" 200 30
191.112.95.7 - - [15/Mar/2016:13:31:18 -0300] "POST /cormun/servlet/solicitudot?gx-no-cache=1458059504577 HTTP/1.1" 200 1171
191.112.95.7 - - [15/Mar/2016:13:31:18 -0300] "GET /cormun/servlet/solicitudot?8eab5aaaefda25e326a5619509c367675a603dce360a0f76c68206a31928c2c49b4efe517cc1edfb0ace848795ac15d9da3b44a8415a1809f1600f2df06ec06c73c66ce921adf6abd2c98e24dc39c5170e89e00fa76cb4aa19a3b4062e20aae4b5a20241c3a10aed06bb87a722ac1994f844739ade0453995e8165d8599fae49481da551eabde2b24614ec49a9c18e67,gx-no-cache=1458059504759 HTTP/1.1" 200 38
191.112.95.7 - - [15/Mar/2016:13:31:22 -0300] "GET /cormun/servlet/solicitudot?8eab5aaaefda25e326a5619509c367672a892b88959f39b19f06d87729308a1a0cd5f1d19020d7a6ffa01037f09f00ad983db9e44dbe4bf3e1637583d7ff455301593f95489578d6a4520d5b1e18b9760df3c5c61c01b738ae1fb88d68188e61836f4d1db6e649cc644b86871692334a39a48b9bf9d66ffd987eca9da981301fa45fcac93c4623d0a56c2fa4abdfb144f43652997d4653464e42b80e701180a651f524d2c9185677149f0bb61725d200ec4378358fa18aa69465cbb7d20d80b499dbf5d3c02fb97c1a5a4f4b236fe049,gx-no-cache=1458059509395 HTTP/1.1" 200 29
191.112.95.7 - - [15/Mar/2016:13:31:23 -0300] "POST /cormun/servlet/solicitudot?gx-no-cache=1458059509500 HTTP/1.1" 200 1127
191.112.95.7 - - [15/Mar/2016:13:31:23 -0300] "GET /cormun/static/menuarrow.gif HTTP/1.1" 404 1015
191.112.95.7 - - [15/Mar/2016:13:31:30 -0300] "GET /cormun/servlet/solicitudot?8eab5aaaefda25e326a5619509c36767da73cf037d19f98d4c2534a1839b353c24c9bc573ccaa34a2830b7223cdca810187d80e4f2c961fcdf8c22dab4b315a36ae253069b281aee2e7ccafbf765a8c247d14964617c0aa29bd6aca463ad5c4b6cf9418c85ac6ddd8e471b91e4269997776735df2cc15edfdc70d15902d26d7230ddef1a089f707fdfb8a297eae7c5e59748b6b17fd944473edb06b28c959a11ca8242c265872fc6b8bda0d3b093dc42,gx-no-cache=1458059517332 HTTP/1.1" 200 30
186.103.157.39 - - [15/Mar/2016:13:31:31 -0300] "POST /cormun/servlet/trautorizarsolicitud?79426b60dc019710647993741878b734,,gx-no-cache=1458059516818 HTTP/1.1" 200 5608
186.103.157.39 - - [15/Mar/2016:13:31:31 -0300] "POST /cormun/servlet/trautorizarsolicitud?79426b60dc019710647993741878b734,,gx-no-cache=1458059517164 HTTP/1.1" 200 5609
186.103.157.39 - - [15/Mar/2016:13:31:31 -0300] "POST /cormun/servlet/trautorizarsolicitud?79426b60dc019710647993741878b734,,gx-no-cache=1458059517398 HTTP/1.1" 200 5609
186.103.157.39 - - [15/Mar/2016:13:31:31 -0300] "POST /cormun/servlet/trautorizarsolicitud?79426b60dc019710647993741878b734,,gx-no-cache=1458059517662 HTTP/1.1" 200 5610
186.103.157.39 - - [15/Mar/2016:13:31:32 -0300] "POST /cormun/servlet/trautorizarsolicitud?79426b60dc019710647993741878b734,,gx-no-cache=1458059517871 HTTP/1.1" 200 5609
186.103.157.39 - - [15/Mar/2016:13:31:32 -0300] "POST /cormun/servlet/trautorizarsolicitud?79426b60dc019710647993741878b734,,gx-no-cache=1458059518130 HTTP/1.1" 200 5609
186.103.157.39 - - [15/Mar/2016:13:31:32 -0300] "POST /cormun/servlet/trautorizarsolicitud?79426b60dc019710647993741878b734,,gx-no-cache=1458059518396 HTTP/1.1" 200 5609
186.103.157.39 - - [15/Mar/2016:13:31:32 -0300] "POST /cormun/servlet/trautorizarsolicitud?79426b60dc019710647993741878b734,,gx-no-cache=1458059518651 HTTP/1.1" 200 114
186.103.157.39 - - [15/Mar/2016:13:31:33 -0300] "GET /cormun/servlet/solicitudotlog?INS,2016,890,0,ANU, HTTP/1.1" 200 5470
186.103.157.39 - - [15/Mar/2016:13:31:33 -0300] "GET /cormun/static/gxcfg.js?2016311984925 HTTP/1.1" 200 953
186.103.157.39 - - [15/Mar/2016:13:31:33 -0300] "GET /cormun/static/solicitudotlog.js?2016311984937 HTTP/1.1" 200 8270
186.78.40.120 - - [15/Mar/2016:13:31:33 -0300] "POST /cormun/servlet/trsolicitudot?9546fc4ff2cfa82e5fa0eb47d93cc356,gx-no-cache=1458059520192 HTTP/1.1" 200 5393
186.103.157.39 - - [15/Mar/2016:13:31:34 -0300] "GET /cormun/servlet/solicitudotlog?INS,2016,890,0,ANU, HTTP/1.1" 200 5470
186.78.40.120 - - [15/Mar/2016:13:31:34 -0300] "POST /cormun/servlet/trsolicitudot?9546fc4ff2cfa82e5fa0eb47d93cc356,gx-no-cache=1458059520918 HTTP/1.1" 200 5394
186.103.157.39 - - [15/Mar/2016:13:31:34 -0300] "GET /cormun/servlet/solicitudotlog?7ddd135cbff3696470bfcbc7b1199dbe75aceeeb8917300c1cc11e887ab3e027,gx-no-cache=1458059520387 HTTP/1.1" 200 26
186.78.40.120 - - [15/Mar/2016:13:31:35 -0300] "POST /cormun/servlet/trsolicitudot?9546fc4ff2cfa82e5fa0eb47d93cc356,gx-no-cache=1458059521525 HTTP/1.1" 200 5394
186.78.40.120 - - [15/Mar/2016:13:31:35 -0300] "POST /cormun/servlet/trsolicitudot?9546fc4ff2cfa82e5fa0eb47d93cc356,gx-no-cache=1458059522153 HTTP/1.1" 200 5013
186.78.40.120 - - [15/Mar/2016:13:31:35 -0300] "GET /cormun/static/Shared/jqueryui/images/ui-bg_highlight-soft_100_c6c2c8_1x100.png HTTP/1.1" 404 1117
186.78.40.120 - - [15/Mar/2016:13:31:36 -0300] "GET /cormun/static/Shared/jqueryui/images/ui-icons_82798d_256x240.png HTTP/1.1" 404 1089
186.78.40.120 - - [15/Mar/2016:13:31:36 -0300] "GET /cormun/static/Shared/jqueryui/images/ui-bg_flat_55_fafafa_40x100.png HTTP/1.1" 404 1097
186.78.40.120 - - [15/Mar/2016:13:31:36 -0300] "GET /cormun/static/Shared/jqueryui/images/ui-icons_8d78a5_256x240.png HTTP/1.1" 404 1089
186.78.40.120 - - [15/Mar/2016:13:31:36 -0300] "POST /cormun/servlet/trsolicitudot?9546fc4ff2cfa82e5fa0eb47d93cc356,gx-no-cache=1458059522993 HTTP/1.1" 200 4954
191.112.95.7 - - [15/Mar/2016:13:31:42 -0300] "POST /cormun/servlet/solicitudot?cb1f6b4e57b7193544cc0559d84293dc,INS,0,0,,gx-no-cache=1458059528898 HTTP/1.1" 200 93
191.112.95.7 - - [15/Mar/2016:13:31:42 -0300] "GET /cormun/servlet/hpexe_return? HTTP/1.1" 200 1011
191.112.95.7 - - [15/Mar/2016:13:31:43 -0300] "GET /cormun/servlet/trsolicitudot? HTTP/1.1" 200 7529
191.112.95.7 - - [15/Mar/2016:13:31:46 -0300] "GET /cormun/servlet/trsolicitudot? HTTP/1.1" 200 7525
191.112.95.7 - - [15/Mar/2016:13:31:53 -0300] "POST /cormun/servlet/trsolicitudot?cb1f6b4e57b7193544cc0559d84293dc,,gx-no-cache=1458059539709 HTTP/1.1" 200 4940
191.112.95.7 - - [15/Mar/2016:13:31:54 -0300] "POST /cormun/servlet/trsolicitudot?cb1f6b4e57b7193544cc0559d84293dc,,gx-no-cache=1458059540244 HTTP/1.1" 200 4940
191.112.95.7 - - [15/Mar/2016:13:31:54 -0300] "POST /cormun/servlet/trsolicitudot?cb1f6b4e57b7193544cc0559d84293dc,,gx-no-cache=1458059540770 HTTP/1.1" 200 4940
191.112.95.7 - - [15/Mar/2016:13:31:55 -0300] "POST /cormun/servlet/trsolicitudot?cb1f6b4e57b7193544cc0559d84293dc,,gx-no-cache=1458059541304 HTTP/1.1" 200 4939
191.112.95.7 - - [15/Mar/2016:13:31:55 -0300] "POST /cormun/servlet/trsolicitudot?cb1f6b4e57b7193544cc0559d84293dc,,gx-no-cache=1458059541885 HTTP/1.1" 200 4940
191.112.95.7 - - [15/Mar/2016:13:31:56 -0300] "POST /cormun/servlet/trsolicitudot?cb1f6b4e57b7193544cc0559d84293dc,,gx-no-cache=1458059542453 HTTP/1.1" 200 4940
191.112.95.7 - - [15/Mar/2016:13:31:56 -0300] "POST /cormun/servlet/trsolicitudot?cb1f6b4e57b7193544cc0559d84293dc,,gx-no-cache=1458059543037 HTTP/1.1" 200 4940
191.112.95.7 - - [15/Mar/2016:13:31:57 -0300] "POST /cormun/servlet/trsolicitudot?cb1f6b4e57b7193544cc0559d84293dc,,gx-no-cache=1458059543737 HTTP/1.1" 200 3625
191.112.95.7 - - [15/Mar/2016:13:31:57 -0300] "GET /cormun/static/Shared/jqueryui/images/ui-bg_highlight-soft_100_c6c2c8_1x100.png HTTP/1.1" 404 1117
191.112.95.7 - - [15/Mar/2016:13:31:57 -0300] "GET /cormun/static/Shared/jqueryui/images/ui-bg_flat_55_fafafa_40x100.png HTTP/1.1" 404 1097
191.112.95.7 - - [15/Mar/2016:13:31:57 -0300] "GET /cormun/static/Shared/jqueryui/images/ui-icons_8d78a5_256x240.png HTTP/1.1" 404 1089
191.112.95.7 - - [15/Mar/2016:13:31:57 -0300] "GET /cormun/static/Shared/jqueryui/images/ui-icons_82798d_256x240.png HTTP/1.1" 404 1089
191.112.95.7 - - [15/Mar/2016:13:31:58 -0300] "POST /cormun/servlet/trsolicitudot?cb1f6b4e57b7193544cc0559d84293dc,,gx-no-cache=1458059544563 HTTP/1.1" 200 3485
200.30.207.84 - - [15/Mar/2016:13:32:00 -0300] "GET /cormun/servlet/solicitudot?d6f9dcc63b161799defc452d65b2f4a9e6a40d0a268992a3d63e07b889b7d8df136e5deee04ed32fe2ab9f4ac9ee721930ef5c45f37514be81a98f5bafd611fecfea1ca37ff06d7a1223ea127b60c197eb24329629084c63300df571e1f8e6bd1292b6dbbea4dde29a1c76a634839ccaf59e91f2c605d2988ce6bdfd3f1d94386ebf78e91e1b203917ca4abe125651ec09183c9731e4c328859884af72df9477,gx-no-cache=1458059546367 HTTP/1.1" 200 29
200.30.207.84 - - [15/Mar/2016:13:32:00 -0300] "POST /cormun/servlet/solicitudot?gx-no-cache=1458059546476 HTTP/1.1" 200 1127
186.78.40.120 - - [15/Mar/2016:13:32:01 -0300] "POST /cormun/servlet/trsolicitudot?9546fc4ff2cfa82e5fa0eb47d93cc356,gx-no-cache=1458059548152 HTTP/1.1" 200 5749
186.78.40.120 - - [15/Mar/2016:13:32:02 -0300] "GET /cormun/servlet/trsolicitudot?9a2ad1d52c63f4484f38961291f46ec83a0a0620ceb95b5430dd9bd1187d0b3e5b023affe84a2ad6210fadd1e36633a4317dfd79643d96afbeec90899cb5968a94d5012824e82cda8ac70818ad66f37bce9091ced7551fe766181eb8b468cd7cbd724c41d46c21c0aa6acb31faf0539801ac9701236e1daf3b53405df6b21dfd5bc38b25fe502416f7ef3c0d7e490b84,gx-no-cache=1458059548965 HTTP/1.1" 200 3144
200.30.207.84 - - [15/Mar/2016:13:32:11 -0300] "GET /cormun/static/menuarrow.gif HTTP/1.1" 404 1015
200.30.207.84 - - [15/Mar/2016:13:33:15 -0300] "GET /cormun/servlet/solicitudot?d6f9dcc63b161799defc452d65b2f4a9a150ae412291fad0a06b43543dc1f98a0cc1053bf7f8eeb4219b9a7ffd0412b6055b1107698502c321c05cac180153b4bf101a25ca8b4f7ad044daec3850effa380e8463de5174e7a8b501752861e80a3f703a6a2612e47943f6e7370409014284a9d98d6d9ebc825a36aeed4be6bccb637efa295757e7d9c187d3b2cd3aa8ccf68d038e318aca361240c0cb5da75c82d52c8b4bc88bc7c6e8b0e6a70a797c38,gx-no-cache=1458059621651 HTTP/1.1" 200 30
191.112.95.7 - - [15/Mar/2016:13:33:38 -0300] "GET /cormun/servlet/trautorizarsolicitud? HTTP/1.1" 200 5756
191.112.95.7 - - [15/Mar/2016:13:33:38 -0300] "GET /cormun/static/gxtimezone.js?85251 HTTP/1.1" 304 -
191.112.95.7 - - [15/Mar/2016:13:33:39 -0300] "GET /cormun/static/calendar.js?85251 HTTP/1.1" 304 -
191.112.95.7 - - [15/Mar/2016:13:33:39 -0300] "GET /cormun/static/calendar-setup.js?85251 HTTP/1.1" 304 -
191.112.95.7 - - [15/Mar/2016:13:33:39 -0300] "GET /cormun/static/calendar-es.js?85251 HTTP/1.1" 304 -
191.112.95.7 - - [15/Mar/2016:13:33:39 -0300] "GET /cormun/static/gxdec.js?85251 HTTP/1.1" 304 -
200.30.207.84 - - [15/Mar/2016:13:33:41 -0300] "POST /cormun/servlet/solicitudot?aef87ec70dfb7b3d410a9a19fb520ce9,INS,0,0,,gx-no-cache=1458059646115 HTTP/1.1" 200 93
200.30.207.84 - - [15/Mar/2016:13:33:41 -0300] "GET /cormun/servlet/hpexe_return? HTTP/1.1" 200 1004
200.30.207.84 - - [15/Mar/2016:13:33:41 -0300] "GET /cormun/servlet/trsolicitudot HTTP/1.1" 200 7610
200.30.207.84 - - [15/Mar/2016:13:33:42 -0300] "GET /cormun/servlet/trsolicitudot HTTP/1.1" 200 7606
191.112.95.7 - - [15/Mar/2016:13:33:44 -0300] "GET /cormun/servlet/trautorizarsolicitud? HTTP/1.1" 200 5767
191.112.95.7 - - [15/Mar/2016:13:33:44 -0300] "GET /cormun/servlet/hlogin HTTP/1.1" 200 1740
200.30.207.84 - - [15/Mar/2016:13:33:59 -0300] "GET /cormun/servlet/solicitudot?INS,0,0, HTTP/1.1" 200 11561
200.30.207.84 - - [15/Mar/2016:13:33:59 -0300] "GET /cormun/servlet/solicitudot?INS,0,0, HTTP/1.1" 200 11566
200.30.207.84 - - [15/Mar/2016:13:34:09 -0300] "POST /cormun/servlet/solicitudot?gx-no-cache=1458059675456 HTTP/1.1" 200 2786
200.30.207.84 - - [15/Mar/2016:13:34:09 -0300] "POST /cormun/servlet/solicitudot?aef87ec70dfb7b3d410a9a19fb520ce9,INS,0,0,,gx-no-cache=1458059675658 HTTP/1.1" 200 8430
200.30.207.84 - - [15/Mar/2016:13:34:16 -0300] "GET /cormun/servlet/solicitudot?d6f9dcc63b161799defc452d65b2f4a902b42a0bfc00fdaedd65c402928c5cf3f838f964ccbc01549c0e7225d2b65eca,gx-no-cache=1458059682713 HTTP/1.1" 200 30
200.30.207.84 - - [15/Mar/2016:13:34:16 -0300] "POST /cormun/servlet/solicitudot?gx-no-cache=1458059682780 HTTP/1.1" 200 30
191.112.95.7 - - [15/Mar/2016:13:34:17 -0300] "POST /cormun/servlet/hlogin?d03fd275598953e672f1dc82d827019e,gx-no-cache=1458059476067 HTTP/1.1" 200 90
191.112.95.7 - - [15/Mar/2016:13:34:17 -0300] "GET /cormun/servlet/hpexe_link HTTP/1.1" 200 964
191.112.95.7 - - [15/Mar/2016:13:34:17 -0300] "GET /cormun/servlet/trautorizarsolicitud HTTP/1.1" 200 7601
191.112.95.7 - - [15/Mar/2016:13:34:20 -0300] "GET /cormun/servlet/trautorizarsolicitud HTTP/1.1" 200 7600
200.30.207.84 - - [15/Mar/2016:13:34:23 -0300] "POST /cormun/servlet/solicitudot?gx-no-cache=1458059689367 HTTP/1.1" 200 30
191.112.95.7 - - [15/Mar/2016:13:34:30 -0300] "POST /cormun/servlet/trautorizarsolicitud?d03fd275598953e672f1dc82d827019e,gx-no-cache=1458059488812 HTTP/1.1" 200 4994
191.112.95.7 - - [15/Mar/2016:13:34:30 -0300] "POST /cormun/servlet/trautorizarsolicitud?d03fd275598953e672f1dc82d827019e,gx-no-cache=1458059489366 HTTP/1.1" 200 4994
191.112.95.7 - - [15/Mar/2016:13:34:31 -0300] "POST /cormun/servlet/trautorizarsolicitud?d03fd275598953e672f1dc82d827019e,gx-no-cache=1458059489893 HTTP/1.1" 200 4994
191.112.95.7 - - [15/Mar/2016:13:34:31 -0300] "POST /cormun/servlet/trautorizarsolicitud?d03fd275598953e672f1dc82d827019e,gx-no-cache=1458059490414 HTTP/1.1" 200 4994
191.112.95.7 - - [15/Mar/2016:13:34:32 -0300] "POST /cormun/servlet/trautorizarsolicitud?d03fd275598953e672f1dc82d827019e,gx-no-cache=1458059490932 HTTP/1.1" 200 4994
191.112.95.7 - - [15/Mar/2016:13:34:32 -0300] "POST /cormun/servlet/trautorizarsolicitud?d03fd275598953e672f1dc82d827019e,gx-no-cache=1458059491453 HTTP/1.1" 200 4992
191.112.95.7 - - [15/Mar/2016:13:34:33 -0300] "POST /cormun/servlet/trautorizarsolicitud?d03fd275598953e672f1dc82d827019e,gx-no-cache=1458059491969 HTTP/1.1" 200 4994
186.78.40.120 - - [15/Mar/2016:13:34:33 -0300] "GET /cormun/servlet/trautorizarsolicitud? HTTP/1.1" 200 7544
191.112.95.7 - - [15/Mar/2016:13:34:34 -0300] "POST /cormun/servlet/trautorizarsolicitud?d03fd275598953e672f1dc82d827019e,gx-no-cache=1458059492863 HTTP/1.1" 200 3638
191.112.95.7 - - [15/Mar/2016:13:34:34 -0300] "GET /cormun/static/Shared/jqueryui/images/ui-bg_highlight-soft_100_c6c2c8_1x100.png HTTP/1.1" 404 1117
191.112.95.7 - - [15/Mar/2016:13:34:34 -0300] "GET /cormun/static/Shared/jqueryui/images/ui-icons_82798d_256x240.png HTTP/1.1" 404 1089
191.112.95.7 - - [15/Mar/2016:13:34:34 -0300] "GET /cormun/static/Shared/jqueryui/images/ui-bg_flat_55_fafafa_40x100.png HTTP/1.1" 404 1097
191.112.95.7 - - [15/Mar/2016:13:34:34 -0300] "GET /cormun/static/Shared/jqueryui/images/ui-icons_8d78a5_256x240.png HTTP/1.1" 404 1089
191.112.95.7 - - [15/Mar/2016:13:34:34 -0300] "POST /cormun/servlet/trautorizarsolicitud?d03fd275598953e672f1dc82d827019e,gx-no-cache=1458059493513 HTTP/1.1" 200 3499
186.78.40.120 - - [15/Mar/2016:13:34:36 -0300] "GET /cormun/servlet/trautorizarsolicitud? HTTP/1.1" 200 7544
200.30.207.84 - - [15/Mar/2016:13:34:48 -0300] "POST /cormun/servlet/solicitudot?gx-no-cache=1458059714282 HTTP/1.1" 200 1171
200.30.207.84 - - [15/Mar/2016:13:34:48 -0300] "GET /cormun/servlet/solicitudot?d6f9dcc63b161799defc452d65b2f4a9d6a7e4430c8cfb1653d1fde3185ff304aa4d750dacc03bac2ce948baa0f691585256fc5b0cfeab0a1f9838d32152751f2f2893b01b913dca4663a64ee2d65631e078cfb2b284f51a88bc4442e9ba904df93ac3e82ad3c0153b77865d255fbc9ed06f1f7401abaf51e5f0fe43faa761d112a47b3a07c7cd9a3618214b676e3207,gx-no-cache=1458059714653 HTTP/1.1" 200 38
200.30.207.84 - - [15/Mar/2016:13:35:06 -0300] "GET /cormun/servlet/solicitudot?d6f9dcc63b161799defc452d65b2f4a9e6a40d0a268992a3d63e07b889b7d8df136e5deee04ed32fe2ab9f4ac9ee721930ef5c45f37514be81a98f5bafd611fecfea1ca37ff06d7a1223ea127b60c197eb24329629084c63300df571e1f8e6bd1292b6dbbea4dde29a1c76a634839ccaf59e91f2c605d2988ce6bdfd3f1d94386ebf78e91e1b203917ca4abe125651ec09183c9731e4c328859884af72df9477,gx-no-cache=1458059732178 HTTP/1.1" 200 29
200.30.207.84 - - [15/Mar/2016:13:35:06 -0300] "POST /cormun/servlet/solicitudot?gx-no-cache=1458059732258 HTTP/1.1" 200 1127
186.78.40.120 - - [15/Mar/2016:13:35:36 -0300] "POST /cormun/servlet/trautorizarsolicitud?9546fc4ff2cfa82e5fa0eb47d93cc356,,gx-no-cache=1458059763119 HTTP/1.1" 200 4962
186.78.40.120 - - [15/Mar/2016:13:35:37 -0300] "POST /cormun/servlet/trautorizarsolicitud?9546fc4ff2cfa82e5fa0eb47d93cc356,,gx-no-cache=1458059763687 HTTP/1.1" 200 4962
186.78.40.120 - - [15/Mar/2016:13:35:37 -0300] "POST /cormun/servlet/trautorizarsolicitud?9546fc4ff2cfa82e5fa0eb47d93cc356,,gx-no-cache=1458059764200 HTTP/1.1" 200 4962
186.78.40.120 - - [15/Mar/2016:13:35:38 -0300] "POST /cormun/servlet/trautorizarsolicitud?9546fc4ff2cfa82e5fa0eb47d93cc356,,gx-no-cache=1458059764661 HTTP/1.1" 200 4961
186.78.40.120 - - [15/Mar/2016:13:35:38 -0300] "POST /cormun/servlet/trautorizarsolicitud?9546fc4ff2cfa82e5fa0eb47d93cc356,,gx-no-cache=1458059765134 HTTP/1.1" 200 4962
186.78.40.120 - - [15/Mar/2016:13:35:39 -0300] "POST /cormun/servlet/trautorizarsolicitud?9546fc4ff2cfa82e5fa0eb47d93cc356,,gx-no-cache=1458059765609 HTTP/1.1" 200 4961
186.78.40.120 - - [15/Mar/2016:13:35:39 -0300] "POST /cormun/servlet/trautorizarsolicitud?9546fc4ff2cfa82e5fa0eb47d93cc356,,gx-no-cache=1458059766137 HTTP/1.1" 200 4962
186.78.40.120 - - [15/Mar/2016:13:35:40 -0300] "POST /cormun/servlet/trautorizarsolicitud?9546fc4ff2cfa82e5fa0eb47d93cc356,,gx-no-cache=1458059766689 HTTP/1.1" 200 3639
186.78.40.120 - - [15/Mar/2016:13:35:40 -0300] "POST /cormun/servlet/trautorizarsolicitud?9546fc4ff2cfa82e5fa0eb47d93cc356,,gx-no-cache=1458059767233 HTTP/1.1" 200 3458
200.30.207.84 - - [15/Mar/2016:13:36:21 -0300] "GET /cormun/servlet/solicitudot?d6f9dcc63b161799defc452d65b2f4a9a150ae412291fad0a06b43543dc1f98a9bde306e265cd00b219b19db477407330dcda8b61bd8eeb12ce612ca2136c252474d55fd355ee12b7ac4fedb2e1ed1b5fec192807b3ba08ab20e74d5d36344d19afed279f3e5811ff43df657bb9ba3f89e632201f3e3d5fa143fe698280028ca8ec93ed1bee15b14d48a8d12e4cc66dded46a53937cb07677b1e66ae2c4651cf0dfa440f9b211a00b1440a81241914f2,gx-no-cache=1458059806882 HTTP/1.1" 200 30
186.78.40.120 - - [15/Mar/2016:13:36:22 -0300] "POST /cormun/servlet/trautorizarsolicitud?9546fc4ff2cfa82e5fa0eb47d93cc356,,gx-no-cache=1458059808665 HTTP/1.1" 200 3478
186.78.40.120 - - [15/Mar/2016:13:36:22 -0300] "GET /cormun/servlet/trautorizarsolicitud?9a2ad1d52c63f4484f38961291f46ec89cab84c88b8b3088a8442d470f6bcdb2140884570fbdeafe470576195dc93f3f5040efa45020611ac9c48556bff91aebb1bf61f930cf1edbcc02f120bd4023e22dfdb0974acb1192bccc549e5259c153,gx-no-cache=1458059809252 HTTP/1.1" 200 751
186.78.40.120 - - [15/Mar/2016:13:36:28 -0300] "POST /cormun/servlet/trautorizarsolicitud?9546fc4ff2cfa82e5fa0eb47d93cc356,,gx-no-cache=1458059814423 HTTP/1.1" 200 4964
186.78.40.120 - - [15/Mar/2016:13:36:28 -0300] "GET /cormun/servlet/trautorizarsolicitud?9a2ad1d52c63f4484f38961291f46ec8d384fda98005167edd2c2ae84fb3f77b140884570fbdeafe470576195dc93f3f5040efa45020611ac9c48556bff91aebb1bf61f930cf1edbcc02f120bd4023e22dfdb0974acb1192bccc549e5259c153,gx-no-cache=1458059814831 HTTP/1.1" 200 2270
200.30.207.84 - - [15/Mar/2016:13:36:35 -0300] "POST /cormun/servlet/solicitudot?aef87ec70dfb7b3d410a9a19fb520ce9,INS,0,0,,gx-no-cache=1458059821074 HTTP/1.1" 200 93
200.30.207.84 - - [15/Mar/2016:13:36:35 -0300] "GET /cormun/servlet/hpexe_return? HTTP/1.1" 200 1004
186.78.40.120 - - [15/Mar/2016:13:36:35 -0300] "POST /cormun/servlet/trautorizarsolicitud?9546fc4ff2cfa82e5fa0eb47d93cc356,,gx-no-cache=1458059821407 HTTP/1.1" 200 4964
200.30.207.84 - - [15/Mar/2016:13:36:35 -0300] "GET /cormun/servlet/trsolicitudot HTTP/1.1" 200 7873
200.30.207.84 - - [15/Mar/2016:13:36:36 -0300] "GET /cormun/servlet/trsolicitudot HTTP/1.1" 200 7869
186.78.40.120 - - [15/Mar/2016:13:36:36 -0300] "POST /cormun/servlet/trautorizarsolicitud?9546fc4ff2cfa82e5fa0eb47d93cc356,,gx-no-cache=1458059822463 HTTP/1.1" 200 4964
186.78.40.120 - - [15/Mar/2016:13:36:36 -0300] "POST /cormun/servlet/trautorizarsolicitud?9546fc4ff2cfa82e5fa0eb47d93cc356,,gx-no-cache=1458059823396 HTTP/1.1" 200 4964
