186.103.159.186 - - [15/Mar/2016:15:10:53 -0300] "GET /cormun/servlet/trautorizarsolicitud?829ae4e861603f73c148bad8a2025a14535e9175911dd464b7c56de603608ee9cdf3adfd3a7d24bc69600af84ae5794ddbaff71378734e628ed0b498e472d9419e1e677a43aaee3603d6dc04dcc8de9312aede1aae7a0bb1aad596d84f7a5fb9d8b58ddd38506e7a8355f93b049a393b,gx-no-cache=1458065592654 HTTP/1.1" 200 4086
186.103.196.84 - - [15/Mar/2016:15:11:15 -0300] "GET /cormun/servlet/solicitudot?fe6ce4db1249585ba9628c86c3d76213cdc13a41682b253390ca9df35df655be1df8d77a7f91bd20b3e9643bbc981cf77e5589b19db58df9baed6017ae7a21c197fb8b03aeaf6088db07c0c66b96c5876c9b15e5b239ea00f5684765e89111408892e0d0f35e32bcff01233ae52d4be1,gx-no-cache=1458065501738 HTTP/1.1" 200 29
186.103.196.84 - - [15/Mar/2016:15:11:18 -0300] "POST /cormun/servlet/solicitudot?gx-no-cache=1458065504446 HTTP/1.1" 200 1128
186.103.159.186 - - [15/Mar/2016:15:11:19 -0300] "POST /cormun/servlet/trautorizarsolicitud?1c418e6eb2df77981766f150d05a2153,,gx-no-cache=1458065621873 HTTP/1.1" 200 6467
186.103.159.186 - - [15/Mar/2016:15:11:19 -0300] "POST /cormun/servlet/trautorizarsolicitud?1c418e6eb2df77981766f150d05a2153,,gx-no-cache=1458065622208 HTTP/1.1" 200 6467
186.103.159.186 - - [15/Mar/2016:15:11:20 -0300] "POST /cormun/servlet/trautorizarsolicitud?1c418e6eb2df77981766f150d05a2153,,gx-no-cache=1458065622513 HTTP/1.1" 200 6468
186.103.159.186 - - [15/Mar/2016:15:11:21 -0300] "POST /cormun/servlet/trautorizarsolicitud?1c418e6eb2df77981766f150d05a2153,,gx-no-cache=1458065623456 HTTP/1.1" 200 6211
186.103.159.186 - - [15/Mar/2016:15:11:21 -0300] "GET /cormun/static/Shared/jqueryui/images/ui-bg_highlight-soft_100_c6c2c8_1x100.png HTTP/1.1" 404 1117
186.103.159.186 - - [15/Mar/2016:15:11:21 -0300] "GET /cormun/static/Shared/jqueryui/images/ui-icons_82798d_256x240.png HTTP/1.1" 404 1089
186.103.159.186 - - [15/Mar/2016:15:11:21 -0300] "GET /cormun/static/Shared/jqueryui/images/ui-icons_8d78a5_256x240.png HTTP/1.1" 404 1089
186.103.159.186 - - [15/Mar/2016:15:11:21 -0300] "GET /cormun/static/Shared/jqueryui/images/ui-bg_flat_55_fafafa_40x100.png HTTP/1.1" 404 1097
186.103.159.186 - - [15/Mar/2016:15:11:21 -0300] "POST /cormun/servlet/trautorizarsolicitud?1c418e6eb2df77981766f150d05a2153,,gx-no-cache=1458065624056 HTTP/1.1" 200 6155
186.103.159.186 - - [15/Mar/2016:15:11:29 -0300] "POST /cormun/servlet/trautorizarsolicitud?1c418e6eb2df77981766f150d05a2153,,gx-no-cache=1458065632300 HTTP/1.1" 200 5893
186.103.159.186 - - [15/Mar/2016:15:11:29 -0300] "POST /cormun/servlet/trautorizarsolicitud?1c418e6eb2df77981766f150d05a2153,,gx-no-cache=1458065632931 HTTP/1.1" 200 5836
186.103.159.186 - - [15/Mar/2016:15:11:33 -0300] "POST /cormun/servlet/trautorizarsolicitud?1c418e6eb2df77981766f150d05a2153,,gx-no-cache=1458065636780 HTTP/1.1" 200 5593
186.103.159.186 - - [15/Mar/2016:15:11:33 -0300] "POST /cormun/servlet/trautorizarsolicitud?1c418e6eb2df77981766f150d05a2153,,gx-no-cache=1458065637190 HTTP/1.1" 200 5537
186.103.159.186 - - [15/Mar/2016:15:11:36 -0300] "POST /cormun/servlet/trautorizarsolicitud?1c418e6eb2df77981766f150d05a2153,,gx-no-cache=1458065640617 HTTP/1.1" 200 5288
186.103.159.186 - - [15/Mar/2016:15:11:38 -0300] "POST /cormun/servlet/trautorizarsolicitud?1c418e6eb2df77981766f150d05a2153,,gx-no-cache=1458065641099 HTTP/1.1" 200 5234
186.103.159.186 - - [15/Mar/2016:15:11:41 -0300] "POST /cormun/servlet/trautorizarsolicitud?1c418e6eb2df77981766f150d05a2153,,gx-no-cache=1458065644756 HTTP/1.1" 200 4957
186.103.159.186 - - [15/Mar/2016:15:11:41 -0300] "POST /cormun/servlet/trautorizarsolicitud?1c418e6eb2df77981766f150d05a2153,,gx-no-cache=1458065645620 HTTP/1.1" 200 4902
186.103.159.186 - - [15/Mar/2016:15:11:44 -0300] "POST /cormun/servlet/trautorizarsolicitud?1c418e6eb2df77981766f150d05a2153,,gx-no-cache=1458065648702 HTTP/1.1" 200 3606
186.103.159.186 - - [15/Mar/2016:15:11:44 -0300] "POST /cormun/servlet/trautorizarsolicitud?1c418e6eb2df77981766f150d05a2153,,gx-no-cache=1458065649009 HTTP/1.1" 200 3457
186.103.196.84 - - [15/Mar/2016:15:12:44 -0300] "POST /cormun/servlet/solicitudot?gx-no-cache=1458065589976 HTTP/1.1" 200 120
186.103.196.84 - - [15/Mar/2016:15:12:44 -0300] "POST /cormun/servlet/solicitudot?gx-no-cache=1458065590583 HTTP/1.1" 200 30
186.103.196.84 - - [15/Mar/2016:15:12:44 -0300] "POST /cormun/servlet/solicitudot?gx-no-cache=1458065590715 HTTP/1.1" 200 1166
186.103.196.84 - - [15/Mar/2016:15:12:44 -0300] "GET /cormun/servlet/solicitudot?fe6ce4db1249585ba9628c86c3d762131ffde15919c195d8f2b991db9074cf8140bfdff31ad7323dbf69de77c8abe6360619d5f46d179020d8e04eacb6fb750628cb651043ebf0a84d171a03b0de705c736d8f8d4be3fa1baf44d5c8b58350b9492031aa9638cf98507ec217d1b384564b85888aa25c504f8b4a8c3ef36e0533348c17d460b8b526fd1b5abbaac9b1200c9b8b356f564fa7ba7f7f7ab7429771,gx-no-cache=1458065590902 HTTP/1.1" 200 41
186.103.196.84 - - [15/Mar/2016:15:12:44 -0300] "POST /cormun/servlet/solicitudot?gx-no-cache=1458065590971 HTTP/1.1" 200 1127
186.103.196.84 - - [15/Mar/2016:15:12:44 -0300] "GET /cormun/servlet/solicitudot?fe6ce4db1249585ba9628c86c3d762135c00765721c71f926fa9e5479a6b4e876c8515e1f93aa4e5d096f9b9d778222f2d78eb1e67ed0bb10422d7783bd8384e9591d8e78e4834e3825e2d48b031bd3ee8775c6021b4486fa5def72d5a6b70d11c96f1b9aa539bc6b79ef2ec212aff7cd987be366696a29a336a4c903440509ff76046172193637f00a986c50ed39df45c1365004602dc12ed9da1f3241b707572de9bb5f990fce670a766e1f2a88441,gx-no-cache=1458065591074 HTTP/1.1" 200 30
186.103.196.84 - - [15/Mar/2016:15:13:23 -0300] "POST /cormun/servlet/solicitudot?1175c12c3c626c3ae230c87076933536,INS,0,0,,gx-no-cache=1458065629069 HTTP/1.1" 200 9365
186.103.196.84 - - [15/Mar/2016:15:13:52 -0300] "POST /cormun/servlet/solicitudot?gx-no-cache=1458065658487 HTTP/1.1" 200 120
186.103.196.84 - - [15/Mar/2016:15:14:21 -0300] "POST /cormun/servlet/solicitudot?gx-no-cache=1458065687174 HTTP/1.1" 200 120
186.103.196.84 - - [15/Mar/2016:15:14:21 -0300] "POST /cormun/servlet/solicitudot?gx-no-cache=1458065687381 HTTP/1.1" 200 30
186.103.196.84 - - [15/Mar/2016:15:14:21 -0300] "POST /cormun/servlet/solicitudot?gx-no-cache=1458065687483 HTTP/1.1" 200 1166
186.103.196.84 - - [15/Mar/2016:15:14:21 -0300] "GET /cormun/servlet/solicitudot?fe6ce4db1249585ba9628c86c3d762131ffde15919c195d8f2b991db9074cf8140bfdff31ad7323dbf69de77c8abe6360619d5f46d179020d8e04eacb6fb750628cb651043ebf0a84d171a03b0de705c736d8f8d4be3fa1baf44d5c8b58350b9492031aa9638cf98507ec217d1b384564b85888aa25c504f8b4a8c3ef36e0533348c17d460b8b526fd1b5abbaac9b1200c9b8b356f564fa7ba7f7f7ab7429771,gx-no-cache=1458065687614 HTTP/1.1" 200 41
186.103.196.84 - - [15/Mar/2016:15:14:21 -0300] "POST /cormun/servlet/solicitudot?gx-no-cache=1458065687685 HTTP/1.1" 200 1127
186.103.196.84 - - [15/Mar/2016:15:14:21 -0300] "GET /cormun/servlet/solicitudot?fe6ce4db1249585ba9628c86c3d762135c00765721c71f926fa9e5479a6b4e876c8515e1f93aa4e5d096f9b9d778222f2d78eb1e67ed0bb10422d7783bd8384e9591d8e78e4834e3825e2d48b031bd3ee8775c6021b4486fa5def72d5a6b70d11c96f1b9aa539bc6b79ef2ec212aff7cd987be366696a29a336a4c903440509ff76046172193637f00a986c50ed39df45c1365004602dc12ed9da1f3241b707572de9bb5f990fce670a766e1f2a88441,gx-no-cache=1458065687803 HTTP/1.1" 200 30
186.103.196.84 - - [15/Mar/2016:15:14:21 -0300] "POST /cormun/servlet/solicitudot?1175c12c3c626c3ae230c87076933536,INS,0,0,,gx-no-cache=1458065687886 HTTP/1.1" 200 9419
186.103.196.84 - - [15/Mar/2016:15:14:47 -0300] "POST /cormun/servlet/solicitudot?gx-no-cache=1458065713152 HTTP/1.1" 200 30
186.103.196.84 - - [15/Mar/2016:15:14:56 -0300] "POST /cormun/servlet/solicitudot?gx-no-cache=1458065722935 HTTP/1.1" 200 30
186.103.196.84 - - [15/Mar/2016:15:14:56 -0300] "POST /cormun/servlet/solicitudot?gx-no-cache=1458065723073 HTTP/1.1" 200 1166
186.103.196.84 - - [15/Mar/2016:15:14:57 -0300] "GET /cormun/servlet/solicitudot?fe6ce4db1249585ba9628c86c3d762131ffde15919c195d8f2b991db9074cf8140bfdff31ad7323dbf69de77c8abe6360619d5f46d179020d8e04eacb6fb750628cb651043ebf0a84d171a03b0de705c736d8f8d4be3fa1baf44d5c8b58350b9492031aa9638cf98507ec217d1b384564b85888aa25c504f8b4a8c3ef36e0533348c17d460b8b526fd1b5abbaac9b1200c9b8b356f564fa7ba7f7f7ab7429771,gx-no-cache=1458065723254 HTTP/1.1" 200 41
186.103.196.84 - - [15/Mar/2016:15:14:57 -0300] "POST /cormun/servlet/solicitudot?gx-no-cache=1458065723345 HTTP/1.1" 200 1127
186.103.196.84 - - [15/Mar/2016:15:14:57 -0300] "GET /cormun/servlet/solicitudot?fe6ce4db1249585ba9628c86c3d762135c00765721c71f926fa9e5479a6b4e876c8515e1f93aa4e5d096f9b9d778222f2d78eb1e67ed0bb10422d7783bd8384e9591d8e78e4834e3825e2d48b031bd3ee8775c6021b4486fa5def72d5a6b70d11c96f1b9aa539bc6b79ef2ec212aff7cd987be366696a29a336a4c903440509ff76046172193637f00a986c50ed39df45c1365004602dc12ed9da1f3241b707572de9bb5f990fce670a766e1f2a88441,gx-no-cache=1458065723459 HTTP/1.1" 200 30
186.103.196.84 - - [15/Mar/2016:15:14:57 -0300] "POST /cormun/servlet/solicitudot?1175c12c3c626c3ae230c87076933536,INS,0,0,,gx-no-cache=1458065723578 HTTP/1.1" 200 93
186.103.196.84 - - [15/Mar/2016:15:14:57 -0300] "GET /cormun/servlet/hpexe_return? HTTP/1.1" 200 1010
186.103.196.84 - - [15/Mar/2016:15:14:57 -0300] "GET /cormun/servlet/trsolicitudot HTTP/1.1" 200 7541
186.103.196.84 - - [15/Mar/2016:15:14:59 -0300] "GET /cormun/servlet/trsolicitudot HTTP/1.1" 200 7537
186.103.196.84 - - [15/Mar/2016:15:15:26 -0300] "GET /cormun/servlet/trsolicitudot? HTTP/1.1" 200 7537
186.103.196.84 - - [15/Mar/2016:15:15:28 -0300] "GET /cormun/servlet/trsolicitudot? HTTP/1.1" 200 7537
186.103.196.84 - - [15/Mar/2016:15:15:34 -0300] "GET /cormun/servlet/solicitudot?INS,0,0, HTTP/1.1" 200 11454
186.103.196.84 - - [15/Mar/2016:15:15:35 -0300] "GET /cormun/servlet/solicitudot?INS,0,0, HTTP/1.1" 200 11458
186.103.196.84 - - [15/Mar/2016:15:16:17 -0300] "POST /cormun/servlet/solicitudot?gx-no-cache=1458065803912 HTTP/1.1" 200 2783
186.103.196.84 - - [15/Mar/2016:15:16:18 -0300] "POST /cormun/servlet/solicitudot?1175c12c3c626c3ae230c87076933536,INS,0,0,,gx-no-cache=1458065804398 HTTP/1.1" 200 8427
186.103.196.84 - - [15/Mar/2016:15:16:25 -0300] "GET /cormun/servlet/solicitudot?fe6ce4db1249585ba9628c86c3d76213edce37fff881f919a1e7ada53fd25a84cb091f9af2427480b5aff43ccb26f5a8,gx-no-cache=1458065812043 HTTP/1.1" 200 30
186.103.196.84 - - [15/Mar/2016:15:16:25 -0300] "POST /cormun/servlet/solicitudot?gx-no-cache=1458065812122 HTTP/1.1" 200 30
186.103.196.84 - - [15/Mar/2016:15:16:25 -0300] "POST /cormun/servlet/solicitudot?gx-no-cache=1458065812175 HTTP/1.1" 200 33
186.103.196.84 - - [15/Mar/2016:15:16:25 -0300] "POST /cormun/servlet/solicitudot?gx-no-cache=1458065812239 HTTP/1.1" 200 1171
186.103.196.84 - - [15/Mar/2016:15:16:26 -0300] "GET /cormun/servlet/solicitudot?fe6ce4db1249585ba9628c86c3d762131ffde15919c195d8f2b991db9074cf8140bfdff31ad7323dbf69de77c8abe6360619d5f46d179020d8e04eacb6fb750628cb651043ebf0a84d171a03b0de705c736d8f8d4be3fa1baf44d5c8b58350b9492031aa9638cf98507ec217d1b384564b85888aa25c504f8b4a8c3ef36e0533b0330dd72d1b1223b2fe096236571243,gx-no-cache=1458065812342 HTTP/1.1" 200 38
186.103.196.84 - - [15/Mar/2016:15:16:41 -0300] "GET /cormun/servlet/solicitudot?fe6ce4db1249585ba9628c86c3d76213cdc13a41682b253390ca9df35df655be1df8d77a7f91bd20b3e9643bbc981cf7934ebe9d0a755075acb052584938626d071fc8ba00f1000ff2739f80c590f22a9330f2feb0f509be05cd0f1347a69c78879ac03f7d0dcf5b8060f1d07eee66809706e9705ee78d2725967046a3ea671d88d242e41ed7f9b623e4e889d6380bea92cc6d14739dbaedbb4e4edfab83eb7f,gx-no-cache=1458065828170 HTTP/1.1" 200 29
186.103.196.84 - - [15/Mar/2016:15:16:42 -0300] "POST /cormun/servlet/solicitudot?gx-no-cache=1458065828299 HTTP/1.1" 200 1127
186.103.196.84 - - [15/Mar/2016:15:17:14 -0300] "GET /cormun/servlet/solicitudot?fe6ce4db1249585ba9628c86c3d76213cdc13a41682b253390ca9df35df655be1df8d77a7f91bd20b3e9643bbc981cf77e5589b19db58df9baed6017ae7a21c1071fc8ba00f1000ff2739f80c590f22a9330f2feb0f509be05cd0f1347a69c78879ac03f7d0dcf5b8060f1d07eee66809706e9705ee78d2725967046a3ea671d88d242e41ed7f9b623e4e889d6380bea92cc6d14739dbaedbb4e4edfab83eb7f,gx-no-cache=1458065860971 HTTP/1.1" 200 29
186.103.196.84 - - [15/Mar/2016:15:17:20 -0300] "GET /cormun/servlet/solicitudot?fe6ce4db1249585ba9628c86c3d762134b8381726d681f2cc9efc8f49fb236b042385686e7283aa2a624179d205d89d109df64e9ba77bd4bccd7fbbb9886c91f621b8b39308a5186ee544f58c526e8d4bb4350ca122cc9a5f21e184ecdab5b387fab0d7e8e6763938f74fdae6e0cee7d5fe6dbcc2883603bc9f869be5f3536eabd245e73fc7b7842e62542f71ad8e65e9f84807707e8ee02693b3218075fcb376c0b5707856967f26586b7d0d9b43212,gx-no-cache=1458065866349 HTTP/1.1" 200 30
186.103.196.84 - - [15/Mar/2016:15:17:49 -0300] "POST /cormun/servlet/solicitudot?1175c12c3c626c3ae230c87076933536,INS,0,0,,gx-no-cache=1458065894977 HTTP/1.1" 200 93
186.103.196.84 - - [15/Mar/2016:15:17:49 -0300] "GET /cormun/servlet/hpexe_return? HTTP/1.1" 200 1010
186.103.196.84 - - [15/Mar/2016:15:17:49 -0300] "GET /cormun/servlet/trsolicitudot HTTP/1.1" 200 7541
186.103.196.84 - - [15/Mar/2016:15:17:51 -0300] "GET /cormun/servlet/trsolicitudot HTTP/1.1" 200 7537
186.103.196.84 - - [15/Mar/2016:15:17:55 -0300] "GET /cormun/servlet/solicitudot?INS,0,0, HTTP/1.1" 200 11454
186.103.196.84 - - [15/Mar/2016:15:17:57 -0300] "GET /cormun/servlet/solicitudot?INS,0,0, HTTP/1.1" 200 11459
186.103.196.84 - - [15/Mar/2016:15:18:50 -0300] "POST /cormun/servlet/solicitudot?gx-no-cache=1458065956977 HTTP/1.1" 200 2786
186.103.196.84 - - [15/Mar/2016:15:18:51 -0300] "POST /cormun/servlet/solicitudot?1175c12c3c626c3ae230c87076933536,INS,0,0,,gx-no-cache=1458065957409 HTTP/1.1" 200 8438
186.103.196.84 - - [15/Mar/2016:15:18:57 -0300] "GET /cormun/servlet/solicitudot?fe6ce4db1249585ba9628c86c3d7621375ffcbe460ac1cc90e5b7472cd9bd14d056cbe27616869d2b0c02658ac14cf44,gx-no-cache=1458065963289 HTTP/1.1" 200 30
186.103.196.84 - - [15/Mar/2016:15:18:57 -0300] "POST /cormun/servlet/solicitudot?gx-no-cache=1458065963419 HTTP/1.1" 200 30
186.103.196.84 - - [15/Mar/2016:15:18:57 -0300] "POST /cormun/servlet/solicitudot?gx-no-cache=1458065963502 HTTP/1.1" 200 33
186.103.196.84 - - [15/Mar/2016:15:18:57 -0300] "POST /cormun/servlet/solicitudot?gx-no-cache=1458065963604 HTTP/1.1" 200 1171
186.103.196.84 - - [15/Mar/2016:15:18:57 -0300] "GET /cormun/servlet/solicitudot?fe6ce4db1249585ba9628c86c3d762131ffde15919c195d8f2b991db9074cf8140bfdff31ad7323dbf69de77c8abe6360619d5f46d179020d8e04eacb6fb750628cb651043ebf0a84d171a03b0de705c736d8f8d4be3fa1baf44d5c8b58350b9492031aa9638cf98507ec217d1b384564b85888aa25c504f8b4a8c3ef36e0533b0330dd72d1b1223b2fe096236571243,gx-no-cache=1458065963756 HTTP/1.1" 200 38
186.103.196.84 - - [15/Mar/2016:15:19:05 -0300] "GET /cormun/servlet/solicitudot?fe6ce4db1249585ba9628c86c3d76213cdc13a41682b253390ca9df35df655be1df8d77a7f91bd20b3e9643bbc981cf77e5589b19db58df9baed6017ae7a21c1071fc8ba00f1000ff2739f80c590f22a9330f2feb0f509be05cd0f1347a69c78879ac03f7d0dcf5b8060f1d07eee66809706e9705ee78d2725967046a3ea671d88d242e41ed7f9b623e4e889d6380bea92cc6d14739dbaedbb4e4edfab83eb7f,gx-no-cache=1458065971411 HTTP/1.1" 200 29
186.103.196.84 - - [15/Mar/2016:15:19:17 -0300] "POST /cormun/servlet/solicitudot?gx-no-cache=1458065984147 HTTP/1.1" 200 1127
186.103.196.84 - - [15/Mar/2016:15:19:33 -0300] "GET /cormun/servlet/solicitudot?fe6ce4db1249585ba9628c86c3d762139e1486b82472e617a8da9be369bfffae2f57bf29803b2df07c20216b0cb415792d78eb1e67ed0bb10422d7783bd8384e9591d8e78e4834e3825e2d48b031bd3ee8775c6021b4486fa5def72d5a6b70d11c96f1b9aa539bc6b79ef2ec212aff7cd987be366696a29a336a4c903440509ff76046172193637f00a986c50ed39df45c1365004602dc12ed9da1f3241b707572de9bb5f990fce670a766e1f2a88441,gx-no-cache=1458065999328 HTTP/1.1" 200 30
186.103.196.84 - - [15/Mar/2016:15:20:02 -0300] "POST /cormun/servlet/solicitudot?1175c12c3c626c3ae230c87076933536,INS,0,0,,gx-no-cache=1458066028579 HTTP/1.1" 200 93
186.103.196.84 - - [15/Mar/2016:15:20:02 -0300] "GET /cormun/servlet/hpexe_return? HTTP/1.1" 200 1010
186.103.196.84 - - [15/Mar/2016:15:20:03 -0300] "GET /cormun/servlet/trsolicitudot HTTP/1.1" 200 7541
186.103.196.84 - - [15/Mar/2016:15:20:05 -0300] "GET /cormun/servlet/trsolicitudot HTTP/1.1" 200 7537
186.103.196.84 - - [15/Mar/2016:15:20:12 -0300] "GET /cormun/servlet/solicitudot?INS,0,0, HTTP/1.1" 200 11451
186.103.196.84 - - [15/Mar/2016:15:20:13 -0300] "GET /cormun/servlet/solicitudot?INS,0,0, HTTP/1.1" 200 11456
186.103.196.84 - - [15/Mar/2016:15:20:15 -0300] "GET /cormun/servlet/trsolicitudot HTTP/1.1" 200 7541
186.103.196.84 - - [15/Mar/2016:15:20:16 -0300] "GET /cormun/servlet/trsolicitudot HTTP/1.1" 200 7537
186.103.196.84 - - [15/Mar/2016:15:22:11 -0300] "GET /cormun/servlet/solicitudot?INS,0,0, HTTP/1.1" 200 11454
186.103.196.84 - - [15/Mar/2016:15:22:13 -0300] "GET /cormun/servlet/solicitudot?INS,0,0, HTTP/1.1" 200 11459
186.103.196.84 - - [15/Mar/2016:15:22:57 -0300] "POST /cormun/servlet/solicitudot?gx-no-cache=1458066203981 HTTP/1.1" 200 2668
186.103.196.84 - - [15/Mar/2016:15:22:58 -0300] "POST /cormun/servlet/solicitudot?1175c12c3c626c3ae230c87076933536,INS,0,0,,gx-no-cache=1458066204258 HTTP/1.1" 200 8291
115.239.228.8 - - [15/Mar/2016:15:23:17 -0300] "GET /cgi-bin/common/attr?id=260714&r=0.6850055172480263 HTTP/1.1" 404 999
186.103.196.84 - - [15/Mar/2016:15:23:29 -0300] "POST /cormun/servlet/solicitudot?gx-no-cache=1458066235494 HTTP/1.1" 200 2756
186.103.196.84 - - [15/Mar/2016:15:23:29 -0300] "POST /cormun/servlet/solicitudot?1175c12c3c626c3ae230c87076933536,INS,0,0,,gx-no-cache=1458066235878 HTTP/1.1" 200 8439
186.103.196.84 - - [15/Mar/2016:15:23:29 -0300] "GET /cormun/servlet/solicitudot?fe6ce4db1249585ba9628c86c3d762131d7a0be7335e4fe59ff123ef8d6b9e96056cbe27616869d2b0c02658ac14cf44,gx-no-cache=1458066236156 HTTP/1.1" 200 30
186.103.196.84 - - [15/Mar/2016:15:23:37 -0300] "POST /cormun/servlet/solicitudot?gx-no-cache=1458066244032 HTTP/1.1" 200 30
186.103.196.84 - - [15/Mar/2016:15:23:40 -0300] "POST /cormun/servlet/solicitudot?gx-no-cache=1458066246761 HTTP/1.1" 200 30
186.103.196.84 - - [15/Mar/2016:15:23:44 -0300] "POST /cormun/servlet/solicitudot?gx-no-cache=1458066250531 HTTP/1.1" 200 452
186.103.196.84 - - [15/Mar/2016:15:23:44 -0300] "GET /cormun/servlet/solicitudot?fe6ce4db1249585ba9628c86c3d762131ffde15919c195d8f2b991db9074cf8140bfdff31ad7323dbf69de77c8abe6360619d5f46d179020d8e04eacb6fb750628cb651043ebf0a84d171a03b0de705c736d8f8d4be3fa1baf44d5c8b58350b9492031aa9638cf98507ec217d1b384564b85888aa25c504f8b4a8c3ef36e0533b0330dd72d1b1223b2fe096236571243,gx-no-cache=1458066250643 HTTP/1.1" 200 38
186.103.196.84 - - [15/Mar/2016:15:24:01 -0300] "GET /cormun/servlet/solicitudot?fe6ce4db1249585ba9628c86c3d76213cdc13a41682b253390ca9df35df655be1df8d77a7f91bd20b3e9643bbc981cf77e5589b19db58df9baed6017ae7a21c197fb8b03aeaf6088db07c0c66b96c5876c9b15e5b239ea00f5684765e89111408892e0d0f35e32bcff01233ae52d4be1,gx-no-cache=1458066268087 HTTP/1.1" 200 29
186.103.196.84 - - [15/Mar/2016:15:24:03 -0300] "POST /cormun/servlet/solicitudot?gx-no-cache=1458066269818 HTTP/1.1" 200 179
186.103.196.84 - - [15/Mar/2016:15:24:25 -0300] "GET /cormun/servlet/solicitudot?fe6ce4db1249585ba9628c86c3d76213f5694b98fdee9a70b8129bff4d5b307f8f7247fb4961ea80422b515e850870b184bc97dfda7640d5f66fdb238e42997159f0dff94a44f2f306388b5ea78a188268957f6519d8ea1e32829640e4dee0255684fa3d1c70918ad8a04789742a68a967b332e69574e3d75348942e03b39279bd580aead5ee539b3e96a694a47a0370660ca296db9e6584d19f4d4e4f5b2858ee7850681fb9b11272c364e6ec5c9e6ca608236a1e776545fbbb25de52dbf4eaecf8ac1a68a80fc718ff8e64f67e96bf4a5ebf5d514e2db7a6d5735b7c3665e59ca658fdc91ba42f08143a2da05393dd24c0154fb47c8d327e32613969acb1c68a960b3b87cc80988805d4eb67b98cffd3250285a5d49643cf354e77091e3dedb8d488a969aa1b82f2e6a7da2bc86e27946475250dce8c7b7925100fb994f0891fb07880918e1645b084023a50608ff2009591a075e14f8ff37b6a60cb446cf38194ef6524c9a9d506570443f0e105aa263a72c0d3e5b781d7584dd516535d1caa7dc39690e69806a9474528c57672d0c73c2c09586882e3ef5c29c088f7a4907aae7125178f3a9cac12d2ec4f77239dbb01f1be3f0530d7bbcdc5d26ef18ac737e5b29840783f40b7cb6f85c86ef3bcf1e825745ab474552218dd7781e1c1609461717b992bd674595853d7f22f327be2438eca4f0b21bd81c1c3b03f9ab9a321890885a488a52e66a78581fa129aa890994ca3c0dddd49867ac0bf79106caa94063b87ac9ccf8f92a13e95612f9c15,gx-no-cache=1458066291250 HTTP/1.1" 200 1127
186.103.196.84 - - [15/Mar/2016:15:24:34 -0300] "POST /cormun/servlet/solicitudot?gx-no-cache=1458066301065 HTTP/1.1" 200 179
186.103.196.84 - - [15/Mar/2016:15:24:45 -0300] "GET /cormun/servlet/solicitudot?fe6ce4db1249585ba9628c86c3d76213a9de81359e9864a1d2a0e191f6705dd4d21b16b0cb200d5eef389bcf00cf1278912b9dfefce6c0d77322a49163d425b6bf871c8a40277b5c03e752f652f685341d37e107b831d63df95712407c60db22a0aba35e409a736acaa59ebeadc3bbf3d074ed669c92790c2a0ac5dcd46f0961eec578914b6ebcf49bc9d2a2c607559e5166beb07ec8010261c53df893f49f27,gx-no-cache=1458066312205 HTTP/1.1" 200 30
186.103.196.84 - - [15/Mar/2016:15:25:13 -0300] "GET /cormun/servlet/solicitudot?fe6ce4db1249585ba9628c86c3d76213a9de81359e9864a1d2a0e191f6705dd4e82d30e6833e2638d642ddba5ee4a0942d78eb1e67ed0bb10422d7783bd8384e9591d8e78e4834e3825e2d48b031bd3ee8775c6021b4486fa5def72d5a6b70d11c96f1b9aa539bc6b79ef2ec212aff7cd987be366696a29a336a4c903440509ff76046172193637f00a986c50ed39df45c1365004602dc12ed9da1f3241b707572de9bb5f990fce670a766e1f2a88441,gx-no-cache=1458066338583 HTTP/1.1" 200 30
186.103.196.84 - - [15/Mar/2016:15:26:14 -0300] "POST /cormun/servlet/solicitudot?1175c12c3c626c3ae230c87076933536,INS,0,0,,gx-no-cache=1458066400724 HTTP/1.1" 200 93
186.103.196.84 - - [15/Mar/2016:15:26:14 -0300] "GET /cormun/servlet/hpexe_return? HTTP/1.1" 200 1010
186.103.196.84 - - [15/Mar/2016:15:26:15 -0300] "GET /cormun/servlet/trsolicitudot HTTP/1.1" 200 7541
186.103.196.84 - - [15/Mar/2016:15:26:16 -0300] "GET /cormun/servlet/trsolicitudot HTTP/1.1" 200 7537
186.103.196.84 - - [15/Mar/2016:15:27:30 -0300] "GET /cormun/servlet/hlogin HTTP/1.1" 200 1722
186.103.196.84 - - [15/Mar/2016:15:27:50 -0300] "POST /cormun/servlet/hlogin?f2c79cbafd8610284a2443a55ee9da8f,gx-no-cache=1458066496537 HTTP/1.1" 200 90
186.103.196.84 - - [15/Mar/2016:15:27:50 -0300] "GET /cormun/servlet/hpexe_link HTTP/1.1" 200 949
186.103.196.84 - - [15/Mar/2016:15:27:50 -0300] "GET /cormun/servlet/hhome HTTP/1.1" 200 3433
186.103.196.84 - - [15/Mar/2016:15:27:52 -0300] "GET /cormun/servlet/hhome HTTP/1.1" 200 3429
186.103.196.84 - - [15/Mar/2016:15:27:56 -0300] "GET /cormun/servlet/trsolicitudot? HTTP/1.1" 200 8722
186.103.196.84 - - [15/Mar/2016:15:27:57 -0300] "GET /cormun/servlet/trsolicitudot? HTTP/1.1" 200 8720
186.103.196.84 - - [15/Mar/2016:15:28:10 -0300] "GET /cormun/servlet/solicitudot?INS,0,0, HTTP/1.1" 200 11450
186.103.196.84 - - [15/Mar/2016:15:28:11 -0300] "GET /cormun/servlet/solicitudot?INS,0,0, HTTP/1.1" 200 11455
186.103.196.84 - - [15/Mar/2016:15:28:47 -0300] "POST /cormun/servlet/solicitudot?gx-no-cache=1458066553289 HTTP/1.1" 200 2779
186.103.196.84 - - [15/Mar/2016:15:28:47 -0300] "POST /cormun/servlet/solicitudot?f2c79cbafd8610284a2443a55ee9da8f,INS,0,0,,gx-no-cache=1458066553596 HTTP/1.1" 200 8422
186.103.196.84 - - [15/Mar/2016:15:28:54 -0300] "GET /cormun/servlet/solicitudot?c15653f2ed4a78b2017ed506d218e4e841065b02382c6b567e3ea422279d057e2ee0450cdcd9b3ed5ec0081e44c42f47,gx-no-cache=1458066560584 HTTP/1.1" 200 30
186.103.196.84 - - [15/Mar/2016:15:28:54 -0300] "POST /cormun/servlet/solicitudot?gx-no-cache=1458066560673 HTTP/1.1" 200 30
186.103.196.84 - - [15/Mar/2016:15:28:54 -0300] "POST /cormun/servlet/solicitudot?gx-no-cache=1458066560732 HTTP/1.1" 200 33
186.103.196.84 - - [15/Mar/2016:15:28:54 -0300] "POST /cormun/servlet/solicitudot?gx-no-cache=1458066560806 HTTP/1.1" 200 1171
186.103.196.84 - - [15/Mar/2016:15:28:54 -0300] "GET /cormun/servlet/solicitudot?c15653f2ed4a78b2017ed506d218e4e86b5f186bc30a7d64162a9b7e42780a143337487486b0d6699c7964f922169568cfc55e1973e0f4e8f9a2413cb33663807eb1e0c35e9284343ce1ecea3c5567ef06b5451f53b8edb6faa0fdef762c362ce991aa536328e8551b584118bb77e029b90fdb0d7ed2625ee1bd189a78afcbd1e764aa55f886396a7be6336fb9d1a3f8,gx-no-cache=1458066560911 HTTP/1.1" 200 38
186.103.196.84 - - [15/Mar/2016:15:29:06 -0300] "GET /cormun/servlet/solicitudot?c15653f2ed4a78b2017ed506d218e4e8b225fd7bde8c591f489a12d2a7e61713180040bd8934f7f856b4130896bc389e7984e479e79381989911575c3e7cc629e372542ef55c277db0af1866353c1db784574ec4c8bb7a9d75e3fb19e14a53826b2410915815c12c5416b0dd21787b15e52992ebb97496c0ac09e939736a63445bce214795198bd305d993152c50eea33848ceafe9eb6010931cb787ab07ac67,gx-no-cache=1458066572502 HTTP/1.1" 200 29
186.103.196.84 - - [15/Mar/2016:15:29:06 -0300] "POST /cormun/servlet/solicitudot?gx-no-cache=1458066572570 HTTP/1.1" 200 1127
186.103.157.39 - - [15/Mar/2016:15:29:46 -0300] "POST /cormun/servlet/solicitudot?gx-no-cache=1458066612655 HTTP/1.1" 440 972
186.103.196.84 - - [15/Mar/2016:15:30:20 -0300] "POST /cormun/servlet/solicitudot?gx-no-cache=1458066647121 HTTP/1.1" 200 122
186.103.196.84 - - [15/Mar/2016:15:30:21 -0300] "GET /cormun/static/Shared/jqueryui/images/ui-bg_highlight-soft_100_c6c2c8_1x100.png HTTP/1.1" 404 1117
186.103.196.84 - - [15/Mar/2016:15:30:21 -0300] "GET /cormun/static/Shared/jqueryui/images/ui-icons_82798d_256x240.png HTTP/1.1" 404 1089
186.103.196.84 - - [15/Mar/2016:15:30:21 -0300] "GET /cormun/static/Shared/jqueryui/images/ui-bg_flat_55_fafafa_40x100.png HTTP/1.1" 404 1097
186.103.196.84 - - [15/Mar/2016:15:30:21 -0300] "GET /cormun/static/Shared/jqueryui/images/ui-icons_8d78a5_256x240.png HTTP/1.1" 404 1089
186.103.196.84 - - [15/Mar/2016:15:30:31 -0300] "POST /cormun/servlet/solicitudot?gx-no-cache=1458066657394 HTTP/1.1" 200 30
186.103.196.84 - - [15/Mar/2016:15:30:45 -0300] "POST /cormun/servlet/solicitudot?gx-no-cache=1458066670957 HTTP/1.1" 200 1171
186.103.196.84 - - [15/Mar/2016:15:30:45 -0300] "GET /cormun/servlet/solicitudot?c15653f2ed4a78b2017ed506d218e4e86b5f186bc30a7d64162a9b7e42780a143337487486b0d6699c7964f922169568cfc55e1973e0f4e8f9a2413cb33663807eb1e0c35e9284343ce1ecea3c5567ef06b5451f53b8edb6faa0fdef762c362ce991aa536328e8551b584118bb77e029b90fdb0d7ed2625ee1bd189a78afcbd1e764aa55f886396a7be6336fb9d1a3f8,gx-no-cache=1458066671520 HTTP/1.1" 200 38
186.103.196.84 - - [15/Mar/2016:15:30:45 -0300] "POST /cormun/servlet/solicitudot?gx-no-cache=1458066671618 HTTP/1.1" 200 1127
186.103.196.84 - - [15/Mar/2016:15:30:45 -0300] "GET /cormun/servlet/solicitudot?c15653f2ed4a78b2017ed506d218e4e892cd9eb35e74ddcdb78a90896c8303629a209515e230c7dfa7775d542d08c48f2410266c588e4d8678d4b613107f7d7025b748aab8c1c7ff1aadb93a145495cb8d4837a6283095d64bb988e6314425ae20ff1cac7e7db06d9cf46fdc5c9acbd82aa6eefca34e63d04a159d898e4e66177fbcf6952ba492ad3244de152821a441ee8abb6129146e6642fb63f359cd7c9e,gx-no-cache=1458066671836 HTTP/1.1" 200 30
186.103.196.84 - - [15/Mar/2016:15:30:45 -0300] "POST /cormun/servlet/solicitudot?f2c79cbafd8610284a2443a55ee9da8f,INS,0,0,,gx-no-cache=1458066671929 HTTP/1.1" 200 93
186.103.196.84 - - [15/Mar/2016:15:30:46 -0300] "GET /cormun/servlet/hpexe_return? HTTP/1.1" 200 1006
186.103.196.84 - - [15/Mar/2016:15:30:46 -0300] "GET /cormun/servlet/trsolicitudot HTTP/1.1" 200 9008
186.103.196.84 - - [15/Mar/2016:15:30:48 -0300] "GET /cormun/servlet/trsolicitudot HTTP/1.1" 200 9004
186.103.157.39 - - [15/Mar/2016:15:32:03 -0300] "POST /cormun/servlet/solicitudot?0541e29ce4e873a25fef75d7cdc33819,INS,0,0,,gx-no-cache=1458066748969 HTTP/1.1" 440 972
186.103.157.39 - - [15/Mar/2016:15:32:05 -0300] "GET /cormun/servlet/solicitudot?INS,0,0, HTTP/1.1" 200 11054
186.103.157.39 - - [15/Mar/2016:15:32:06 -0300] "GET /cormun/servlet/solicitudot?INS,0,0, HTTP/1.1" 200 11054
186.103.157.39 - - [15/Mar/2016:15:32:06 -0300] "GET /cormun/servlet/hlogin HTTP/1.1" 200 1737
192.168.10.89 - - [15/Mar/2016:15:32:16 -0300] "POST /cormun/servlet/hlogin?d8dd5134916b784c9141e113f4a2ad3a,gx-no-cache=1458066484095 HTTP/1.1" 440 972
192.168.10.89 - - [15/Mar/2016:15:32:17 -0300] "GET /cormun/servlet/hlogin HTTP/1.1" 200 1725
192.168.10.89 - - [15/Mar/2016:15:32:27 -0300] "POST /cormun/servlet/hlogin?6e57f3b0d0ec6ab57f71aa14193582e4,gx-no-cache=1458066494818 HTTP/1.1" 200 446
192.168.10.89 - - [15/Mar/2016:15:32:30 -0300] "POST /cormun/servlet/hlogin?6e57f3b0d0ec6ab57f71aa14193582e4,gx-no-cache=1458066498309 HTTP/1.1" 200 90
192.168.10.89 - - [15/Mar/2016:15:32:30 -0300] "GET /cormun/servlet/hpexe_link HTTP/1.1" 200 950
186.103.196.84 - - [15/Mar/2016:15:32:30 -0300] "GET /cormun/servlet/solicitudot?INS,0,0, HTTP/1.1" 200 11450
192.168.10.89 - - [15/Mar/2016:15:32:31 -0300] "GET /cormun/servlet/hhome HTTP/1.1" 200 3855
186.103.196.84 - - [15/Mar/2016:15:32:32 -0300] "GET /cormun/servlet/solicitudot?INS,0,0, HTTP/1.1" 200 11455
192.168.10.89 - - [15/Mar/2016:15:32:34 -0300] "GET /cormun/servlet/trsolicitudgral? HTTP/1.1" 200 7395
192.168.10.89 - - [15/Mar/2016:15:32:34 -0300] "GET /cormun/static/Resources/Spanish/PXTools.css?171692 HTTP/1.1" 304 -
192.168.10.89 - - [15/Mar/2016:15:32:37 -0300] "GET /cormun/static/menuarrow.gif HTTP/1.1" 404 1015
186.103.157.39 - - [15/Mar/2016:15:32:41 -0300] "POST /cormun/servlet/hlogin?d76f167cd760b0a24280a19890dde837,gx-no-cache=1458066786939 HTTP/1.1" 200 90
186.103.157.39 - - [15/Mar/2016:15:32:41 -0300] "GET /cormun/servlet/hpexe_link HTTP/1.1" 200 961
186.103.157.39 - - [15/Mar/2016:15:32:41 -0300] "GET /cormun/servlet/solicitudot?INS,0,0, HTTP/1.1" 200 11271
186.103.157.39 - - [15/Mar/2016:15:32:42 -0300] "GET /cormun/servlet/solicitudot?INS,0,0, HTTP/1.1" 200 11275
192.168.10.89 - - [15/Mar/2016:15:32:46 -0300] "POST /cormun/servlet/trsolicitudgral?6e57f3b0d0ec6ab57f71aa14193582e4,,gx-no-cache=1458066513590 HTTP/1.1" 200 15250
192.168.10.89 - - [15/Mar/2016:15:32:47 -0300] "POST /cormun/servlet/trsolicitudgral?6e57f3b0d0ec6ab57f71aa14193582e4,,gx-no-cache=1458066514708 HTTP/1.1" 200 15250
192.168.10.89 - - [15/Mar/2016:15:32:48 -0300] "POST /cormun/servlet/trsolicitudgral?6e57f3b0d0ec6ab57f71aa14193582e4,,gx-no-cache=1458066516138 HTTP/1.1" 200 15249
192.168.10.89 - - [15/Mar/2016:15:32:50 -0300] "POST /cormun/servlet/trsolicitudgral?6e57f3b0d0ec6ab57f71aa14193582e4,,gx-no-cache=1458066517798 HTTP/1.1" 200 15250
192.168.10.89 - - [15/Mar/2016:15:32:52 -0300] "POST /cormun/servlet/trsolicitudgral?6e57f3b0d0ec6ab57f71aa14193582e4,,gx-no-cache=1458066519743 HTTP/1.1" 200 15249
192.168.10.89 - - [15/Mar/2016:15:32:54 -0300] "POST /cormun/servlet/trsolicitudgral?6e57f3b0d0ec6ab57f71aa14193582e4,,gx-no-cache=1458066521929 HTTP/1.1" 200 15249
192.168.10.89 - - [15/Mar/2016:15:32:56 -0300] "POST /cormun/servlet/trsolicitudgral?6e57f3b0d0ec6ab57f71aa14193582e4,,gx-no-cache=1458066524461 HTTP/1.1" 200 15249
186.103.157.39 - - [15/Mar/2016:15:33:03 -0300] "POST /cormun/servlet/solicitudot?gx-no-cache=1458066809436 HTTP/1.1" 200 2717
186.103.157.39 - - [15/Mar/2016:15:33:03 -0300] "POST /cormun/servlet/solicitudot?d76f167cd760b0a24280a19890dde837,INS,0,0,,gx-no-cache=1458066809632 HTTP/1.1" 200 8068
186.103.157.39 - - [15/Mar/2016:15:33:07 -0300] "GET /cormun/servlet/solicitudot?9a5441f246cdcd2fd7d0f058a7622a7bba58cf743716663496ef3dd0b7a11620360ab53da9a9105abc85ce8acc161c93,gx-no-cache=1458066813602 HTTP/1.1" 200 30
192.168.10.89 - - [15/Mar/2016:15:33:24 -0300] "POST /cormun/servlet/trsolicitudgral?6e57f3b0d0ec6ab57f71aa14193582e4,,gx-no-cache=1458066551472 HTTP/1.1" 200 4476
192.168.10.89 - - [15/Mar/2016:15:33:24 -0300] "GET /cormun/servlet/trsolicitudgral?b2620461ef71411394840d309b9d87f46e80f0073b2bf6db5e892ca59703d8bcc56010cee48b011cba7f6223357798117fe784a8c4f03ab6c0295521381689d70d55600ad34e87fc04ff70e472667f6cb84cd25a296008a960d41d8025ed5216,gx-no-cache=1458066552094 HTTP/1.1" 200 13825
192.168.10.89 - - [15/Mar/2016:15:33:41 -0300] "GET /cormun/servlet/trsolicitudgral?b2620461ef71411394840d309b9d87f477af48e609ea7cf2bd1762c88d17272c6279969425cd2392277a8f1e4bf02ef9d561d420960814a83c2b80c71a640af8d2601d58346a8684e6f56dfa4d9d40099584e28ef6c9e7c9a0c3d1e52e32d397,gx-no-cache=1458066568811 HTTP/1.1" 200 638
192.168.10.89 - - [15/Mar/2016:15:33:41 -0300] "POST /cormun/servlet/trsolicitudgral?6e57f3b0d0ec6ab57f71aa14193582e4,,gx-no-cache=1458066568188 HTTP/1.1" 200 4475
192.168.10.89 - - [15/Mar/2016:15:33:43 -0300] "POST /cormun/servlet/trsolicitudgral?6e57f3b0d0ec6ab57f71aa14193582e4,,gx-no-cache=1458066571443 HTTP/1.1" 200 4474
192.168.10.89 - - [15/Mar/2016:15:33:44 -0300] "POST /cormun/servlet/trsolicitudgral?6e57f3b0d0ec6ab57f71aa14193582e4,,gx-no-cache=1458066572129 HTTP/1.1" 200 4475
192.168.10.89 - - [15/Mar/2016:15:33:45 -0300] "POST /cormun/servlet/trsolicitudgral?6e57f3b0d0ec6ab57f71aa14193582e4,,gx-no-cache=1458066572902 HTTP/1.1" 200 4475
191.112.114.96 - - [15/Mar/2016:15:33:45 -0300] "GET /cormun/servlet/hlogin HTTP/1.1" 200 1716
191.112.114.96 - - [15/Mar/2016:15:33:47 -0300] "POST /cormun/servlet/hlogin?52073af2e82fe2810ce696aad72c00a5,gx-no-cache=1458066850284 HTTP/1.1" 200 90
191.112.114.96 - - [15/Mar/2016:15:33:47 -0300] "GET /cormun/servlet/hpexe_link HTTP/1.1" 200 945
191.112.114.96 - - [15/Mar/2016:15:33:47 -0300] "GET /cormun/servlet/hhome HTTP/1.1" 200 3468
192.168.10.89 - - [15/Mar/2016:15:33:48 -0300] "POST /cormun/servlet/trsolicitudgral?6e57f3b0d0ec6ab57f71aa14193582e4,,gx-no-cache=1458066573710 HTTP/1.1" 200 4475
191.112.114.96 - - [15/Mar/2016:15:33:48 -0300] "GET /cormun/servlet/hhome HTTP/1.1" 200 3464
192.168.10.89 - - [15/Mar/2016:15:33:52 -0300] "GET /cormun/servlet/trsolicitudgral?b2620461ef71411394840d309b9d87f40e492b39ec35473660b33ae55eea0a786279969425cd2392277a8f1e4bf02ef9404a557cf81e52f68f335c248d127456f921db16e0df51c25744bde2dcd5e545,gx-no-cache=1458066580494 HTTP/1.1" 200 630
192.168.10.89 - - [15/Mar/2016:15:33:52 -0300] "POST /cormun/servlet/trsolicitudgral?6e57f3b0d0ec6ab57f71aa14193582e4,,gx-no-cache=1458066579871 HTTP/1.1" 200 6080
191.112.114.96 - - [15/Mar/2016:15:34:01 -0300] "GET /cormun/servlet/trsolicitudot? HTTP/1.1" 200 6230
191.112.114.96 - - [15/Mar/2016:15:34:02 -0300] "GET /cormun/servlet/trsolicitudot? HTTP/1.1" 200 6230
191.112.114.96 - - [15/Mar/2016:15:34:04 -0300] "GET /cormun/servlet/solicitudot?INS,0,0, HTTP/1.1" 200 11497
191.112.114.96 - - [15/Mar/2016:15:34:05 -0300] "GET /cormun/servlet/solicitudot?INS,0,0, HTTP/1.1" 200 11502
191.112.114.96 - - [15/Mar/2016:15:34:11 -0300] "POST /cormun/servlet/solicitudot?gx-no-cache=1458066874588 HTTP/1.1" 200 2668
191.112.114.96 - - [15/Mar/2016:15:34:12 -0300] "POST /cormun/servlet/solicitudot?52073af2e82fe2810ce696aad72c00a5,INS,0,0,,gx-no-cache=1458066874965 HTTP/1.1" 200 8286
191.112.114.96 - - [15/Mar/2016:15:34:13 -0300] "GET /cormun/servlet/solicitudot?52a293d9ab05fe76b45fa30a0558d126cbe64d62032f3af66660fb9dd58a5b21982dcb6fd518319f4fa570f2311d69c9,gx-no-cache=1458066876653 HTTP/1.1" 200 30
192.168.10.89 - - [15/Mar/2016:15:34:15 -0300] "GET /cormun/servlet/trsolicitudgral?b2620461ef71411394840d309b9d87f4de2ba9c69a189a389a756a23822f3043ffa3399e0a8de1a7315059a23cc39b83a3e5089f9d06354a0678e54048f6d857f8bed50861e3a3490588b1b12d614160e7a9abf78a162c46bd32b67d71f98771,gx-no-cache=1458066602974 HTTP/1.1" 200 2420
192.168.10.89 - - [15/Mar/2016:15:34:15 -0300] "POST /cormun/servlet/trsolicitudgral?6e57f3b0d0ec6ab57f71aa14193582e4,,gx-no-cache=1458066602350 HTTP/1.1" 200 4475
192.168.10.89 - - [15/Mar/2016:15:34:21 -0300] "GET /cormun/servlet/trsolicitudgral?b2620461ef71411394840d309b9d87f46e80f0073b2bf6db5e892ca59703d8bc6279969425cd2392277a8f1e4bf02ef9404a557cf81e52f68f335c248d127456f921db16e0df51c25744bde2dcd5e545,gx-no-cache=1458066609225 HTTP/1.1" 200 632
192.168.10.89 - - [15/Mar/2016:15:34:21 -0300] "POST /cormun/servlet/trsolicitudgral?6e57f3b0d0ec6ab57f71aa14193582e4,,gx-no-cache=1458066608594 HTTP/1.1" 200 4477
186.103.157.39 - - [15/Mar/2016:15:34:22 -0300] "POST /cormun/servlet/solicitudot?gx-no-cache=1458066887870 HTTP/1.1" 200 30
186.103.157.39 - - [15/Mar/2016:15:34:30 -0300] "POST /cormun/servlet/solicitudot?gx-no-cache=1458066895861 HTTP/1.1" 200 30
186.103.157.39 - - [15/Mar/2016:15:34:34 -0300] "POST /cormun/servlet/solicitudot?gx-no-cache=1458066900084 HTTP/1.1" 200 452
186.103.157.39 - - [15/Mar/2016:15:34:34 -0300] "GET /cormun/servlet/solicitudot?9a5441f246cdcd2fd7d0f058a7622a7bf36e1cce5817ea4fce9dece34425fcb552fdeba2cdba635d648bbe6acedf3592d3deb526c6876e9c6c8316d63491b21984beac07a2101cf0caa0c300b2bd51fa093a323507d28f5ae5c0ba1cb3ebeddccccb97cf228ac108af5e5d205228f790f4e8f1d74f5ed478bbcd266daaadfdce96dfbd4cd9c5c1805701b200fadf314b,gx-no-cache=1458066900138 HTTP/1.1" 200 38
192.168.10.89 - - [15/Mar/2016:15:34:34 -0300] "GET /cormun/servlet/trsolicitudgral?b2620461ef71411394840d309b9d87f4a83e5a9c38f4e4b4c2656d115d48a2086279969425cd2392277a8f1e4bf02ef9404a557cf81e52f68f335c248d127456f921db16e0df51c25744bde2dcd5e545,gx-no-cache=1458066622075 HTTP/1.1" 200 632
192.168.10.89 - - [15/Mar/2016:15:34:34 -0300] "POST /cormun/servlet/trsolicitudgral?6e57f3b0d0ec6ab57f71aa14193582e4,,gx-no-cache=1458066621453 HTTP/1.1" 200 7783
186.103.157.39 - - [15/Mar/2016:15:34:39 -0300] "GET /cormun/servlet/solicitudot?9a5441f246cdcd2fd7d0f058a7622a7bdd52531a0bb929e6e9b075b849ea80b3c7aacba2d24e3771f3bf875ae5415679b78bdcd778b5259bca0836c5b22091df76657209177e0bc5f54b3cb45031084627e1cc4370734546392e34e03a18b05303038356c61b8d5d5fef1fa1e6bbe537791709635d4865847be17f4ef4692c5dfb3e956493358299ddbafa5d06314b14c0e13c9f8672ab392fb12c5e5a5a93adcf10538939e72b044250d4c2ee110188edd34b9117f980c9fb37669da71df0cd5373f4ba5feb0ab8a2c13798ecc77544,gx-no-cache=1458066905283 HTTP/1.1" 200 29
186.103.157.39 - - [15/Mar/2016:15:34:39 -0300] "POST /cormun/servlet/solicitudot?gx-no-cache=1458066905312 HTTP/1.1" 200 404
186.103.157.39 - - [15/Mar/2016:15:34:56 -0300] "POST /cormun/servlet/solicitudot?gx-no-cache=1458066921861 HTTP/1.1" 200 1128
186.103.157.39 - - [15/Mar/2016:15:35:04 -0300] "GET /cormun/static/menuarrow.gif HTTP/1.1" 404 1015
192.168.10.89 - - [15/Mar/2016:15:35:05 -0300] "POST /cormun/servlet/trsolicitudgral?6e57f3b0d0ec6ab57f71aa14193582e4,,gx-no-cache=1458066653229 HTTP/1.1" 200 4478
192.168.10.89 - - [15/Mar/2016:15:35:07 -0300] "GET /cormun/servlet/trsolicitudgral?b2620461ef71411394840d309b9d87f4d7d8347ef8b4c02b980245b4d6330cdd8c9085c1e2409f76c04c02a50f780724fe51be120778fdf0959c85e5be951ffcb7f2d9ab28fb4af0453b2626de65a0d39584e28ef6c9e7c9a0c3d1e52e32d397,gx-no-cache=1458066654808 HTTP/1.1" 200 639
186.103.157.39 - - [15/Mar/2016:15:35:28 -0300] "GET /cormun/servlet/solicitudot?9a5441f246cdcd2fd7d0f058a7622a7b799b478458edbb6df10da2176718f6f0489e0f795af29d2f9689fe93095681e253b12f7119730b75d4e9b9c89e6c1f1b322e748209342f287ec9ff7a6ad752296fb26a627f9c80fbb68575b6a7026c48ec4eb5815cb342975eedefa8ff7ec737f7bfa57eda39d093bbccd75cc5d4bd78fad14ce6c21bef41400484590a264d68277e66e863d1542f844703f5ef04ce602d666835fc4e91c22b719a0d8ac458b6,gx-no-cache=1458066954629 HTTP/1.1" 200 30
186.103.157.39 - - [15/Mar/2016:15:35:29 -0300] "POST /cormun/servlet/solicitudot?d76f167cd760b0a24280a19890dde837,INS,0,0,,gx-no-cache=1458066954773 HTTP/1.1" 200 93
186.103.157.39 - - [15/Mar/2016:15:35:29 -0300] "GET /cormun/servlet/hpexe_return? HTTP/1.1" 200 1006
186.103.157.39 - - [15/Mar/2016:15:35:29 -0300] "GET /cormun/servlet/hhome HTTP/1.1" 200 3441
186.103.157.39 - - [15/Mar/2016:15:35:30 -0300] "GET /cormun/servlet/hhome HTTP/1.1" 200 3436
192.168.10.89 - - [15/Mar/2016:15:35:37 -0300] "GET /cormun/servlet/trsolicitudgral?b2620461ef71411394840d309b9d87f4a83e5a9c38f4e4b4c2656d115d48a2086279969425cd2392277a8f1e4bf02ef9a0a965d34dece79d0ce5df005fa699575c9edcc829807bc272235364c316e0f9e7a9abf78a162c46bd32b67d71f98771,gx-no-cache=1458066685562 HTTP/1.1" 200 639
192.168.10.89 - - [15/Mar/2016:15:35:37 -0300] "POST /cormun/servlet/trsolicitudgral?6e57f3b0d0ec6ab57f71aa14193582e4,,gx-no-cache=1458066684910 HTTP/1.1" 200 7783
186.103.157.39 - - [15/Mar/2016:15:35:40 -0300] "GET /cormun/servlet/trvisualizadoreventos? HTTP/1.1" 200 5957
191.112.114.96 - - [15/Mar/2016:15:35:41 -0300] "POST /cormun/servlet/solicitudot?52073af2e82fe2810ce696aad72c00a5,INS,0,0,,gx-no-cache=1458066963668 HTTP/1.1" 200 8618
191.112.114.96 - - [15/Mar/2016:15:35:41 -0300] "GET /cormun/static/Shared/jqueryui/images/ui-bg_highlight-soft_100_c6c2c8_1x100.png HTTP/1.1" 404 1117
191.112.114.96 - - [15/Mar/2016:15:35:41 -0300] "GET /cormun/static/Shared/jqueryui/images/ui-icons_82798d_256x240.png HTTP/1.1" 404 1089
191.112.114.96 - - [15/Mar/2016:15:35:41 -0300] "GET /cormun/static/Shared/jqueryui/images/ui-bg_flat_55_994d53_40x100.png HTTP/1.1" 404 1097
191.112.114.96 - - [15/Mar/2016:15:35:41 -0300] "GET /cormun/static/Shared/jqueryui/images/ui-icons_ebccce_256x240.png HTTP/1.1" 404 1089
186.103.157.39 - - [15/Mar/2016:15:35:41 -0300] "GET /cormun/servlet/trvisualizadoreventos? HTTP/1.1" 200 5957
186.103.157.39 - - [15/Mar/2016:15:35:47 -0300] "POST /cormun/servlet/trvisualizadoreventos?d76f167cd760b0a24280a19890dde837,,gx-no-cache=1458066973137 HTTP/1.1" 200 3233
186.103.157.39 - - [15/Mar/2016:15:35:47 -0300] "POST /cormun/servlet/trvisualizadoreventos?d76f167cd760b0a24280a19890dde837,,gx-no-cache=1458066973329 HTTP/1.1" 200 3233
186.103.157.39 - - [15/Mar/2016:15:35:47 -0300] "POST /cormun/servlet/trvisualizadoreventos?d76f167cd760b0a24280a19890dde837,,gx-no-cache=1458066973497 HTTP/1.1" 200 3233
186.103.157.39 - - [15/Mar/2016:15:35:47 -0300] "POST /cormun/servlet/trvisualizadoreventos?d76f167cd760b0a24280a19890dde837,,gx-no-cache=1458066973658 HTTP/1.1" 200 3233
186.103.157.39 - - [15/Mar/2016:15:35:51 -0300] "POST /cormun/servlet/trvisualizadoreventos?d76f167cd760b0a24280a19890dde837,,gx-no-cache=1458066976984 HTTP/1.1" 200 3643
186.103.157.39 - - [15/Mar/2016:15:35:51 -0300] "GET /cormun/servlet/trvisualizadoreventos?1fe4d24329f4917b1ef47b580d1ccd3e344edd5dd02f37e1b7226116627000a97f7c6d3ca14bc92762df583252b79d24af1d1384268d8476557d624473bd5bdb5be68082dee0e44f5820a776e262ab5514ac9adaf38d6612ca2ba2f3310fea3e7c208ece6ad65c2c007d4fc621422dc9eda77f4ae03b5c4b9daedc8c2f9274d706fff0f4bd70fb65612b610fc4a3e89fec091597b646e288c86ae5fea059ea714d3a58a7db7e6efdc1325b94097e2d81bdcb61277f1c2615e2bd0dd848522884,gx-no-cache=1458066977394 HTTP/1.1" 200 1034
191.112.114.96 - - [15/Mar/2016:15:35:56 -0300] "POST /cormun/servlet/solicitudot?gx-no-cache=1458066979875 HTTP/1.1" 200 30
191.112.114.96 - - [15/Mar/2016:15:36:00 -0300] "POST /cormun/servlet/solicitudot?gx-no-cache=1458066983537 HTTP/1.1" 200 30
191.112.114.96 - - [15/Mar/2016:15:36:02 -0300] "POST /cormun/servlet/solicitudot?gx-no-cache=1458066985849 HTTP/1.1" 200 30
186.103.157.39 - - [15/Mar/2016:15:36:10 -0300] "GET /cormun/servlet/trsolicitudot? HTTP/1.1" 200 7484
186.103.157.39 - - [15/Mar/2016:15:36:11 -0300] "GET /cormun/servlet/trsolicitudot? HTTP/1.1" 200 7484
186.103.157.39 - - [15/Mar/2016:15:36:22 -0300] "POST /cormun/servlet/trsolicitudot?d76f167cd760b0a24280a19890dde837,,gx-no-cache=1458067008103 HTTP/1.1" 200 4902
186.103.157.39 - - [15/Mar/2016:15:36:22 -0300] "POST /cormun/servlet/trsolicitudot?d76f167cd760b0a24280a19890dde837,,gx-no-cache=1458067008288 HTTP/1.1" 200 4902
186.103.157.39 - - [15/Mar/2016:15:36:22 -0300] "POST /cormun/servlet/trsolicitudot?d76f167cd760b0a24280a19890dde837,,gx-no-cache=1458067008469 HTTP/1.1" 200 4902
186.103.157.39 - - [15/Mar/2016:15:36:22 -0300] "POST /cormun/servlet/trsolicitudot?d76f167cd760b0a24280a19890dde837,,gx-no-cache=1458067008645 HTTP/1.1" 200 4902
186.103.157.39 - - [15/Mar/2016:15:36:23 -0300] "POST /cormun/servlet/trsolicitudot?d76f167cd760b0a24280a19890dde837,,gx-no-cache=1458067008822 HTTP/1.1" 200 4902
186.103.157.39 - - [15/Mar/2016:15:36:23 -0300] "POST /cormun/servlet/trsolicitudot?d76f167cd760b0a24280a19890dde837,,gx-no-cache=1458067009111 HTTP/1.1" 200 4901
186.103.157.39 - - [15/Mar/2016:15:36:23 -0300] "POST /cormun/servlet/trsolicitudot?d76f167cd760b0a24280a19890dde837,,gx-no-cache=1458067009327 HTTP/1.1" 200 4901
186.103.157.39 - - [15/Mar/2016:15:36:23 -0300] "POST /cormun/servlet/trsolicitudot?d76f167cd760b0a24280a19890dde837,,gx-no-cache=1458067009602 HTTP/1.1" 200 3588
186.103.157.39 - - [15/Mar/2016:15:36:23 -0300] "GET /cormun/static/Shared/jqueryui/images/ui-bg_highlight-soft_100_c6c2c8_1x100.png HTTP/1.1" 404 1117
186.103.157.39 - - [15/Mar/2016:15:36:23 -0300] "GET /cormun/static/Shared/jqueryui/images/ui-icons_82798d_256x240.png HTTP/1.1" 404 1089
186.103.157.39 - - [15/Mar/2016:15:36:23 -0300] "GET /cormun/static/Shared/jqueryui/images/ui-bg_flat_55_fafafa_40x100.png HTTP/1.1" 404 1097
186.103.157.39 - - [15/Mar/2016:15:36:23 -0300] "GET /cormun/static/Shared/jqueryui/images/ui-icons_8d78a5_256x240.png HTTP/1.1" 404 1089
186.103.157.39 - - [15/Mar/2016:15:36:24 -0300] "POST /cormun/servlet/trsolicitudot?d76f167cd760b0a24280a19890dde837,,gx-no-cache=1458067009934 HTTP/1.1" 200 3454
191.112.114.96 - - [15/Mar/2016:15:36:38 -0300] "POST /cormun/servlet/solicitudot?gx-no-cache=1458067021023 HTTP/1.1" 200 452
191.112.114.96 - - [15/Mar/2016:15:36:38 -0300] "GET /cormun/servlet/solicitudot?52a293d9ab05fe76b45fa30a0558d12653e822604a25907b0f5f7118e50c6baac9072d66613279a1d4cacfe341f565e29a518b83088e8b017fd2b27163fdef9c6d9cd161f694ee0ace336c6f1ecf8d0fce50b9a457eb9cdcc38451e9f74f6fb6d44c4611d7196931ec1a52f660f253e507a896ccd56bd8fc62d7e27ff65fde99ec06c61342b58fce823af0e2e293cbc5,gx-no-cache=1458067021489 HTTP/1.1" 200 38
191.112.114.96 - - [15/Mar/2016:15:36:38 -0300] "GET /cormun/servlet/solicitudot?52a293d9ab05fe76b45fa30a0558d126a847bf0586f069436d489ba66e813694de227e5b9f92873e106f5e7dc0f6c7e6859ea8418226efce73a5533a4adc5d4c198ee6056fa51971476ae3f0ae58007e207ab05ed207e5e612ab91a58919196e4f4382308ed106bd85182e874d28a8dc,gx-no-cache=1458067021605 HTTP/1.1" 200 29
191.112.114.96 - - [15/Mar/2016:15:36:40 -0300] "POST /cormun/servlet/solicitudot?gx-no-cache=1458067022928 HTTP/1.1" 200 1128
186.103.196.84 - - [15/Mar/2016:15:37:07 -0300] "POST /cormun/servlet/solicitudot?gx-no-cache=1458067053530 HTTP/1.1" 200 2770
186.103.196.84 - - [15/Mar/2016:15:37:07 -0300] "POST /cormun/servlet/solicitudot?f2c79cbafd8610284a2443a55ee9da8f,INS,0,0,,gx-no-cache=1458067054078 HTTP/1.1" 200 8401
186.103.196.84 - - [15/Mar/2016:15:37:13 -0300] "GET /cormun/servlet/solicitudot?c15653f2ed4a78b2017ed506d218e4e8e827a8cff0259993b34ae14acb2f81002ee0450cdcd9b3ed5ec0081e44c42f47,gx-no-cache=1458067060173 HTTP/1.1" 200 30
186.103.196.84 - - [15/Mar/2016:15:37:14 -0300] "POST /cormun/servlet/solicitudot?gx-no-cache=1458067060253 HTTP/1.1" 200 30
186.103.196.84 - - [15/Mar/2016:15:37:14 -0300] "POST /cormun/servlet/solicitudot?gx-no-cache=1458067060299 HTTP/1.1" 200 33
186.103.196.84 - - [15/Mar/2016:15:37:14 -0300] "POST /cormun/servlet/solicitudot?gx-no-cache=1458067060366 HTTP/1.1" 200 1171
186.103.196.84 - - [15/Mar/2016:15:37:14 -0300] "GET /cormun/servlet/solicitudot?c15653f2ed4a78b2017ed506d218e4e86b5f186bc30a7d64162a9b7e42780a143337487486b0d6699c7964f922169568cfc55e1973e0f4e8f9a2413cb33663807eb1e0c35e9284343ce1ecea3c5567ef06b5451f53b8edb6faa0fdef762c362ce991aa536328e8551b584118bb77e029b90fdb0d7ed2625ee1bd189a78afcbd1e764aa55f886396a7be6336fb9d1a3f8,gx-no-cache=1458067060479 HTTP/1.1" 200 38
186.103.196.84 - - [15/Mar/2016:15:37:27 -0300] "POST /cormun/servlet/solicitudot?gx-no-cache=1458067073843 HTTP/1.1" 200 30
186.103.196.84 - - [15/Mar/2016:15:37:31 -0300] "POST /cormun/servlet/solicitudot?gx-no-cache=1458067077914 HTTP/1.1" 200 1171
186.103.196.84 - - [15/Mar/2016:15:37:31 -0300] "GET /cormun/servlet/solicitudot?c15653f2ed4a78b2017ed506d218e4e86b5f186bc30a7d64162a9b7e42780a143337487486b0d6699c7964f922169568cfc55e1973e0f4e8f9a2413cb33663807eb1e0c35e9284343ce1ecea3c5567ef06b5451f53b8edb6faa0fdef762c362ce991aa536328e8551b584118bb77e029b90fdb0d7ed2625ee1bd189a78afcbd1e764aa55f886396a7be6336fb9d1a3f8,gx-no-cache=1458067078042 HTTP/1.1" 200 38
186.103.196.84 - - [15/Mar/2016:15:37:31 -0300] "GET /cormun/servlet/solicitudot?c15653f2ed4a78b2017ed506d218e4e8b225fd7bde8c591f489a12d2a7e61713180040bd8934f7f856b4130896bc389eea223dbfa694033bf484898f6e31b1621c8258e8c38aa5f230a8e564fdd2bf8992efc421d814da7fa4a2054ae8a79c0aec0cf92da6c4fb0748f3c3ec282e8af8,gx-no-cache=1458067078097 HTTP/1.1" 200 29
186.103.196.84 - - [15/Mar/2016:15:37:31 -0300] "POST /cormun/servlet/solicitudot?gx-no-cache=1458067078147 HTTP/1.1" 200 1128
186.103.196.84 - - [15/Mar/2016:15:38:06 -0300] "GET /cormun/servlet/solicitudot?c15653f2ed4a78b2017ed506d218e4e8fbb20629862b85f4f2afd9157c6f4ee5327e4aa7b884c39c93fbf5f6188e93b2559fcac3ba97e1568ec6c68e6544c5e7aecfcf971eb7d5b7b920a8c595d1f875efe5f329b2d18f02d51b68e76b8f96e3ce5dd6fb1c6b4cb973a68f2d2f0eead57470e43fc8752edf3382e0627534e9b931f7c897a02b0276d27f36bb546e7166b2f4d3757f6484df79c64d4015b3b13961707e0db8fbc028b4c2e9c36056595a,gx-no-cache=1458067112805 HTTP/1.1" 200 30
186.103.196.84 - - [15/Mar/2016:15:38:06 -0300] "POST /cormun/servlet/solicitudot?f2c79cbafd8610284a2443a55ee9da8f,INS,0,0,,gx-no-cache=1458067112906 HTTP/1.1" 200 93
186.103.196.84 - - [15/Mar/2016:15:38:07 -0300] "GET /cormun/servlet/hpexe_return? HTTP/1.1" 200 1006
186.103.196.84 - - [15/Mar/2016:15:38:07 -0300] "GET /cormun/servlet/trsolicitudot HTTP/1.1" 200 9305
186.103.196.84 - - [15/Mar/2016:15:38:09 -0300] "GET /cormun/servlet/trsolicitudot HTTP/1.1" 200 9301
186.103.196.84 - - [15/Mar/2016:15:38:12 -0300] "GET /cormun/servlet/solicitudot?INS,0,0, HTTP/1.1" 200 11450
191.112.114.96 - - [15/Mar/2016:15:38:13 -0300] "GET /cormun/static/menuarrow.gif HTTP/1.1" 404 1015
186.103.196.84 - - [15/Mar/2016:15:38:14 -0300] "GET /cormun/servlet/solicitudot?INS,0,0, HTTP/1.1" 200 11455
191.112.114.96 - - [15/Mar/2016:15:38:20 -0300] "GET /cormun/servlet/solicitudot?52a293d9ab05fe76b45fa30a0558d126f9398480412409903d049f5d2cffc9e487c8b9db29d04b9c2f76ef7a819ba3496786d557efeac1a3b835ab1d443280660c032317e65cc4ccdd2bb45b4f91c8c8c01a2af86c67cd39b547a7282828ea6e6ad316a959c21efbf1a8c7d8fad919e512ba35f8ae6a0c43c66f26fb3c01c99bce803509146e5c963c77fbad96d3c9df50fd4192b17e7fa6e395f898a5de840c6e00f982f6fd89475bca96a311589f75,gx-no-cache=1458067123453 HTTP/1.1" 200 30
186.103.196.84 - - [15/Mar/2016:15:38:28 -0300] "POST /cormun/servlet/solicitudot?gx-no-cache=1458067134462 HTTP/1.1" 200 2776
186.103.196.84 - - [15/Mar/2016:15:38:29 -0300] "POST /cormun/servlet/solicitudot?f2c79cbafd8610284a2443a55ee9da8f,INS,0,0,,gx-no-cache=1458067135109 HTTP/1.1" 200 8404
