192.168.10.89 - - [15/Mar/2016:16:47:08 -0300] "POST /cormun/servlet/trsolicitudgral?6e57f3b0d0ec6ab57f71aa14193582e4,,gx-no-cache=1458070975005 HTTP/1.1" 200 4477
192.168.10.89 - - [15/Mar/2016:16:47:08 -0300] "GET /cormun/servlet/trsolicitudgral?b2620461ef71411394840d309b9d87f4d7d8347ef8b4c02b980245b4d6330cdd79199d2883d80f7a82cf15d92f73b2177fe784a8c4f03ab6c0295521381689d7d3a5316b2d29494f4c0530c2dcde5119b84cd25a296008a960d41d8025ed5216,gx-no-cache=1458070975954 HTTP/1.1" 200 14151
186.103.159.44 - - [15/Mar/2016:16:47:17 -0300] "POST /cormun/servlet/solicitudot?gx-no-cache=1458071262650 HTTP/1.1" 200 2779
186.103.159.44 - - [15/Mar/2016:16:47:18 -0300] "POST /cormun/servlet/solicitudot?8d0df1b9826bbb9a6c7ac6af203c0b13,INS,0,0,,gx-no-cache=1458071262849 HTTP/1.1" 200 8394
186.103.159.44 - - [15/Mar/2016:16:47:18 -0300] "GET /cormun/servlet/solicitudot?459494f61ec13220c1459c1403120f13b26662f6286b1f234a9e13d8eb8b6bca6b42502171b4a9273e9f8a97c5e570c7,gx-no-cache=1458071263328 HTTP/1.1" 200 30
186.103.159.44 - - [15/Mar/2016:16:47:22 -0300] "POST /cormun/servlet/solicitudot?gx-no-cache=1458071266512 HTTP/1.1" 200 30
192.168.10.89 - - [15/Mar/2016:16:47:23 -0300] "GET /cormun/servlet/trsolicitudgral?b2620461ef71411394840d309b9d87f4d7d8347ef8b4c02b980245b4d6330cddcdbf595f683df930ea7d6aa6bd246208eb39238e758e33e446a601c00049eff0329cb63942d14b893a1dfd557de86801df0679612dd426257e443eb460b8a97a,gx-no-cache=1458070991064 HTTP/1.1" 200 642
192.168.10.89 - - [15/Mar/2016:16:47:23 -0300] "POST /cormun/servlet/trsolicitudgral?6e57f3b0d0ec6ab57f71aa14193582e4,,gx-no-cache=1458070990137 HTTP/1.1" 200 5606
186.103.159.44 - - [15/Mar/2016:16:47:25 -0300] "POST /cormun/servlet/solicitudot?gx-no-cache=1458071270302 HTTP/1.1" 200 122
186.103.159.44 - - [15/Mar/2016:16:47:25 -0300] "GET /cormun/static/Shared/jqueryui/images/ui-icons_8d78a5_256x240.png HTTP/1.1" 404 1089
186.103.159.44 - - [15/Mar/2016:16:47:25 -0300] "GET /cormun/static/Shared/jqueryui/images/ui-bg_flat_55_fafafa_40x100.png HTTP/1.1" 404 1097
186.103.159.44 - - [15/Mar/2016:16:47:25 -0300] "GET /cormun/static/Shared/jqueryui/images/ui-icons_82798d_256x240.png HTTP/1.1" 404 1089
186.103.159.44 - - [15/Mar/2016:16:47:25 -0300] "GET /cormun/static/Shared/jqueryui/images/ui-bg_highlight-soft_100_c6c2c8_1x100.png HTTP/1.1" 404 1117
192.168.10.89 - - [15/Mar/2016:16:47:28 -0300] "GET /cormun/servlet/vesolicitudgral?2016,813,, HTTP/1.1" 200 7998
192.168.10.89 - - [15/Mar/2016:16:47:28 -0300] "GET /cormun/static/gxcfg.js?2016311844818 HTTP/1.1" 304 -
192.168.10.89 - - [15/Mar/2016:16:47:28 -0300] "GET /cormun/pexe_scrolldiv.js HTTP/1.1" 404 1009
192.168.10.89 - - [15/Mar/2016:16:47:28 -0300] "GET /cormun/static/vesolicitudgral.js?2016311844875 HTTP/1.1" 304 -
192.168.10.89 - - [15/Mar/2016:16:47:28 -0300] "GET /cormun/static/hwcviewtabs.js?20151120014372 HTTP/1.1" 304 -
192.168.10.89 - - [15/Mar/2016:16:47:28 -0300] "GET /cormun/static/hpexe_tabsview.js?20151120014350 HTTP/1.1" 304 -
192.168.10.89 - - [15/Mar/2016:16:47:28 -0300] "GET /cormun/static/tbsolicitudgral01.js?2016311844295 HTTP/1.1" 304 -
192.168.10.89 - - [15/Mar/2016:16:47:33 -0300] "GET /cormun/servlet/vesolicitudgral?2016,813,,SolicitudOTAdjuntos HTTP/1.1" 200 9489
192.168.10.89 - - [15/Mar/2016:16:47:33 -0300] "GET /cormun/pexe_scrolldiv.js HTTP/1.1" 404 1009
192.168.10.89 - - [15/Mar/2016:16:47:33 -0300] "GET /cormun/static/tbsolicitudgral02.js?20163118435879 HTTP/1.1" 304 -
192.168.10.89 - - [15/Mar/2016:16:47:35 -0300] "POST /cormun/servlet/acontrolpreferencessavestate?None,CDROGUETT,true HTTP/1.1" 200 35
192.168.10.89 - - [15/Mar/2016:16:47:36 -0300] "GET /cormun/PublicTempStorage/fotocopia__c.i201603110845563752269.pdf HTTP/1.1" 200 58143
186.103.159.44 - - [15/Mar/2016:16:47:46 -0300] "POST /cormun/servlet/solicitudot?gx-no-cache=1458071290885 HTTP/1.1" 200 452
186.103.159.44 - - [15/Mar/2016:16:47:46 -0300] "GET /cormun/servlet/solicitudot?459494f61ec13220c1459c1403120f132ba3b1ed8866fba3b416a161d36d1d75285cc6007503e28ef4d111da454dee3d10b8a7e68e6fe4e71aef61ec1d5f51ac096642db45cb8d2f641ae13fec81679abc63c983eba7f060737f77d5974ebed66355e6b8c3a3649474e1a1e30e43933d63ab05b65b3292994c281305254e4ce8d576694e84cea21a3800dd8f31e0aef0,gx-no-cache=1458071291070 HTTP/1.1" 200 38
192.168.10.89 - - [15/Mar/2016:16:48:04 -0300] "GET /cormun/servlet/vesolicitudgral?2016,813,,SolicitudOTAdjuntos HTTP/1.1" 200 9482
192.168.10.89 - - [15/Mar/2016:16:48:04 -0300] "GET /cormun/pexe_scrolldiv.js HTTP/1.1" 404 1009
192.168.10.89 - - [15/Mar/2016:16:48:06 -0300] "POST /cormun/servlet/acontrolpreferencessavestate?None,CDROGUETT,true HTTP/1.1" 200 35
192.168.10.89 - - [15/Mar/2016:16:48:07 -0300] "GET /cormun/PublicTempStorage/afiliacion_afp201603110847101609462.pdf HTTP/1.1" 200 83456
192.168.10.89 - - [15/Mar/2016:16:48:15 -0300] "GET /cormun/servlet/vesolicitudgral?2016,813,,SolicitudOTAdjuntos HTTP/1.1" 200 9487
192.168.10.89 - - [15/Mar/2016:16:48:16 -0300] "GET /cormun/pexe_scrolldiv.js HTTP/1.1" 404 1009
192.168.10.89 - - [15/Mar/2016:16:48:17 -0300] "POST /cormun/servlet/acontrolpreferencessavestate?None,CDROGUETT,true HTTP/1.1" 200 35
192.168.10.89 - - [15/Mar/2016:16:48:19 -0300] "GET /cormun/PublicTempStorage/afiliacion_isapre201603110848073503213.pdf HTTP/1.1" 200 25556
192.168.10.89 - - [15/Mar/2016:16:48:28 -0300] "GET /cormun/servlet/vesolicitudgral?2016,813,,SolicitudOTAdjuntos HTTP/1.1" 200 9488
192.168.10.89 - - [15/Mar/2016:16:48:28 -0300] "GET /cormun/pexe_scrolldiv.js HTTP/1.1" 404 1009
192.168.10.89 - - [15/Mar/2016:16:48:30 -0300] "POST /cormun/servlet/acontrolpreferencessavestate?None,CDROGUETT,true HTTP/1.1" 200 35
192.168.10.89 - - [15/Mar/2016:16:48:31 -0300] "GET /cormun/PublicTempStorage/certificado_de_antecedentes201603110846379607712.pdf HTTP/1.1" 200 414724
192.168.10.89 - - [15/Mar/2016:16:48:40 -0300] "GET /cormun/servlet/vesolicitudgral?2016,813,,SolicitudOTAdjuntos HTTP/1.1" 200 9484
192.168.10.89 - - [15/Mar/2016:16:48:41 -0300] "GET /cormun/pexe_scrolldiv.js HTTP/1.1" 404 1009
192.168.10.89 - - [15/Mar/2016:16:48:42 -0300] "POST /cormun/servlet/acontrolpreferencessavestate?None,CDROGUETT,true HTTP/1.1" 200 35
192.168.10.89 - - [15/Mar/2016:16:48:44 -0300] "GET /cormun/PublicTempStorage/curriculum_vitae201603110845188993352.pdf HTTP/1.1" 200 152041
192.168.10.89 - - [15/Mar/2016:16:48:53 -0300] "GET /cormun/servlet/vesolicitudgral?2016,813,,SolicitudOTAdjuntos HTTP/1.1" 200 9487
192.168.10.89 - - [15/Mar/2016:16:48:53 -0300] "GET /cormun/pexe_scrolldiv.js HTTP/1.1" 404 1009
192.168.10.89 - - [15/Mar/2016:16:48:54 -0300] "POST /cormun/servlet/acontrolpreferencessavestate?None,CDROGUETT,true HTTP/1.1" 200 35
192.168.10.89 - - [15/Mar/2016:16:48:55 -0300] "GET /cormun/PublicTempStorage/certificado_de_titulo201603110848512722307.pdf HTTP/1.1" 200 827994
186.103.159.44 - - [15/Mar/2016:16:49:02 -0300] "GET /cormun/servlet/solicitudot?459494f61ec13220c1459c1403120f133053f4ed0328cc6a566a8b8fb338f7c0d89d3e61e8c65a99b7479aadcded806f17f65739f2a2ee81debd93647a31ff88ddca7601e21faa06eaba0248027b641039361f5944b984424a3c29ab46a3e5706fa3b02da7a8cfed63951e90b2b7c6dff8f153cfef97678ff75d856046c8823e66f44e155f2eb656a82f6828ce6fc93a89eace96d2d43c2e2d4f85ea8148166b,gx-no-cache=1458071366748 HTTP/1.1" 200 29
186.103.159.44 - - [15/Mar/2016:16:49:03 -0300] "POST /cormun/servlet/solicitudot?gx-no-cache=1458071367926 HTTP/1.1" 200 1128
192.168.10.89 - - [15/Mar/2016:16:49:12 -0300] "GET /cormun/servlet/vesolicitudgral?2016,813,,SolicitudOTAdjuntos HTTP/1.1" 200 9486
192.168.10.89 - - [15/Mar/2016:16:49:12 -0300] "GET /cormun/pexe_scrolldiv.js HTTP/1.1" 404 1009
192.168.10.89 - - [15/Mar/2016:16:49:14 -0300] "POST /cormun/servlet/acontrolpreferencessavestate?None,CDROGUETT,true HTTP/1.1" 200 35
192.168.10.89 - - [15/Mar/2016:16:49:15 -0300] "POST /cormun/servlet/vesolicitudgral?6e57f3b0d0ec6ab57f71aa14193582e4,2016,813,,SolicitudOTAdjuntos,gx-no-cache=1458071102667 HTTP/1.1" 200 90
192.168.10.89 - - [15/Mar/2016:16:49:15 -0300] "GET /cormun/servlet/hpexe_link HTTP/1.1" 200 977
192.168.10.89 - - [15/Mar/2016:16:49:16 -0300] "GET /cormun/servlet/trsolicitudgral? HTTP/1.1" 200 8477
186.103.159.44 - - [15/Mar/2016:16:49:28 -0300] "GET /cormun/static/menuarrow.gif HTTP/1.1" 404 1015
186.103.159.44 - - [15/Mar/2016:16:49:39 -0300] "GET /cormun/servlet/solicitudot?459494f61ec13220c1459c1403120f130daf4fd9a7b13c4e14663dd3eb655801f4ee2954927968cc2e2397d6d9a1817161f81661dd90920ef6fa56a3cc64a02d543adc7ccf6b71a360dcd211a21c7d47752e8a83e95cade44b8debfd396958ecc56b7330d17fdd45b8fa03b0615dc7a9798d5368b658d8435ea7452a213cfd8830e1d58a3e7779e8ff2e7977cab8b2f9a7e5e02493d8cc5b0f1dfde97667abe66cd2a18bd20fb2d13a57e573742815b5,gx-no-cache=1458071404217 HTTP/1.1" 200 30
186.103.159.44 - - [15/Mar/2016:16:50:01 -0300] "POST /cormun/servlet/solicitudot?gx-no-cache=1458071426589 HTTP/1.1" 200 122
186.103.159.44 - - [15/Mar/2016:16:50:02 -0300] "POST /cormun/servlet/solicitudot?gx-no-cache=1458071426767 HTTP/1.1" 200 1166
186.103.159.44 - - [15/Mar/2016:16:50:02 -0300] "GET /cormun/servlet/solicitudot?459494f61ec13220c1459c1403120f132ba3b1ed8866fba3b416a161d36d1d75285cc6007503e28ef4d111da454dee3d10b8a7e68e6fe4e71aef61ec1d5f51ac096642db45cb8d2f641ae13fec81679abc63c983eba7f060737f77d5974ebed66355e6b8c3a3649474e1a1e30e43933d63ab05b65b3292994c281305254e4ce801bd5806aa7558908b75dae83f0833d9f3f4305289009a30dd32a3f92b2421bb,gx-no-cache=1458071426944 HTTP/1.1" 200 41
186.103.159.44 - - [15/Mar/2016:16:50:02 -0300] "POST /cormun/servlet/solicitudot?gx-no-cache=1458071427027 HTTP/1.1" 200 1127
186.103.159.44 - - [15/Mar/2016:16:50:02 -0300] "GET /cormun/servlet/solicitudot?459494f61ec13220c1459c1403120f130daf4fd9a7b13c4e14663dd3eb655801f4ee2954927968cc2e2397d6d9a1817161f81661dd90920ef6fa56a3cc64a02d543adc7ccf6b71a360dcd211a21c7d47752e8a83e95cade44b8debfd396958ecc56b7330d17fdd45b8fa03b0615dc7a9798d5368b658d8435ea7452a213cfd8830e1d58a3e7779e8ff2e7977cab8b2f9a7e5e02493d8cc5b0f1dfde97667abe66cd2a18bd20fb2d13a57e573742815b5,gx-no-cache=1458071427176 HTTP/1.1" 200 30
186.103.159.44 - - [15/Mar/2016:16:50:02 -0300] "POST /cormun/servlet/solicitudot?8d0df1b9826bbb9a6c7ac6af203c0b13,INS,0,0,,gx-no-cache=1458071427250 HTTP/1.1" 200 93
186.103.159.44 - - [15/Mar/2016:16:50:02 -0300] "GET /cormun/servlet/hpexe_return? HTTP/1.1" 200 1007
186.103.159.44 - - [15/Mar/2016:16:50:03 -0300] "GET /cormun/servlet/trsolicitudot HTTP/1.1" 200 7788
186.103.159.44 - - [15/Mar/2016:16:51:07 -0300] "GET /cormun/servlet/solicitudot?INS,0,0, HTTP/1.1" 200 11460
186.103.159.44 - - [15/Mar/2016:16:51:40 -0300] "POST /cormun/servlet/solicitudot?gx-no-cache=1458071524830 HTTP/1.1" 200 2783
186.103.159.44 - - [15/Mar/2016:16:51:40 -0300] "POST /cormun/servlet/solicitudot?8d0df1b9826bbb9a6c7ac6af203c0b13,INS,0,0,,gx-no-cache=1458071525148 HTTP/1.1" 200 8404
186.103.159.44 - - [15/Mar/2016:16:51:41 -0300] "GET /cormun/servlet/solicitudot?459494f61ec13220c1459c1403120f1339d818a4323a81ce7dca570c624536516b42502171b4a9273e9f8a97c5e570c7,gx-no-cache=1458071525743 HTTP/1.1" 200 30
186.103.159.44 - - [15/Mar/2016:16:51:51 -0300] "POST /cormun/servlet/solicitudot?gx-no-cache=1458071535759 HTTP/1.1" 200 30
186.103.159.44 - - [15/Mar/2016:16:51:53 -0300] "POST /cormun/servlet/solicitudot?gx-no-cache=1458071538021 HTTP/1.1" 200 30
186.103.159.44 - - [15/Mar/2016:16:52:04 -0300] "GET /cormun/servlet/prcontratosol?16882911,,,,,MD,,gxPopupLevel%3D0%3B HTTP/1.1" 200 5711
186.103.159.44 - - [15/Mar/2016:16:52:04 -0300] "GET /cormun/static/gxcfg.js?2016141247819 HTTP/1.1" 304 -
186.103.159.44 - - [15/Mar/2016:16:52:04 -0300] "GET /cormun/static/Resources/Spanish/PXTools.css?1423257 HTTP/1.1" 304 -
186.103.159.44 - - [15/Mar/2016:16:52:05 -0300] "GET /cormun/static/hmpwkw011.js?20163117201773 HTTP/1.1" 304 -
186.103.159.44 - - [15/Mar/2016:16:52:05 -0300] "GET /cormun/static/prcontratosol.js?2016141247993 HTTP/1.1" 304 -
186.103.159.44 - - [15/Mar/2016:16:52:12 -0300] "POST /cormun/servlet/solicitudot?gx-no-cache=1458071556925 HTTP/1.1" 200 1171
186.103.159.44 - - [15/Mar/2016:16:52:12 -0300] "GET /cormun/servlet/solicitudot?459494f61ec13220c1459c1403120f132ba3b1ed8866fba3b416a161d36d1d75285cc6007503e28ef4d111da454dee3d10b8a7e68e6fe4e71aef61ec1d5f51ac096642db45cb8d2f641ae13fec81679abc63c983eba7f060737f77d5974ebed66355e6b8c3a3649474e1a1e30e43933d63ab05b65b3292994c281305254e4ce8d576694e84cea21a3800dd8f31e0aef0,gx-no-cache=1458071557082 HTTP/1.1" 200 38
186.103.159.44 - - [15/Mar/2016:16:52:12 -0300] "GET /cormun/servlet/solicitudot?459494f61ec13220c1459c1403120f133053f4ed0328cc6a566a8b8fb338f7c0d89d3e61e8c65a99b7479aadcded806f17f65739f2a2ee81debd93647a31ff88ddca7601e21faa06eaba0248027b641039361f5944b984424a3c29ab46a3e5706fa3b02da7a8cfed63951e90b2b7c6dff8f153cfef97678ff75d856046c8823e66f44e155f2eb656a82f6828ce6fc93a89eace96d2d43c2e2d4f85ea8148166b,gx-no-cache=1458071557157 HTTP/1.1" 200 29
186.103.159.44 - - [15/Mar/2016:16:52:12 -0300] "POST /cormun/servlet/solicitudot?gx-no-cache=1458071557222 HTTP/1.1" 200 1127
186.103.159.44 - - [15/Mar/2016:16:52:22 -0300] "GET /cormun/servlet/prsolicitudot?16882911,,,,,MD,,gxPopupLevel%3D0%3B HTTP/1.1" 200 5410
186.103.159.44 - - [15/Mar/2016:16:52:22 -0300] "GET /cormun/static/gxcfg.js?20163117275193 HTTP/1.1" 304 -
186.103.159.44 - - [15/Mar/2016:16:52:23 -0300] "GET /cormun/static/prsolicitudot.js?20163117275348 HTTP/1.1" 304 -
192.168.10.99 - - [15/Mar/2016:16:52:56 -0300] "GET /cormun/servlet/hpexe_return? HTTP/1.1" 200 987
192.168.10.99 - - [15/Mar/2016:16:52:56 -0300] "GET /cormun/static/gxtimezone.js?85251 HTTP/1.1" 304 -
192.168.10.99 - - [15/Mar/2016:16:52:56 -0300] "GET /cormun/static/Resources/Spanish/PXTools.css?12112540 HTTP/1.1" 304 -
192.168.10.99 - - [15/Mar/2016:16:52:56 -0300] "GET /cormun/static/messages.spa.js?85251 HTTP/1.1" 304 -
192.168.10.99 - - [15/Mar/2016:16:52:56 -0300] "GET /cormun/static/gxcfg.js?2015111312145050 HTTP/1.1" 304 -
192.168.10.99 - - [15/Mar/2016:16:52:56 -0300] "GET /cormun/static/hpexe_return.js?2015111312145056 HTTP/1.1" 304 -
192.168.10.99 - - [15/Mar/2016:16:52:56 -0300] "GET /cormun/static/Resources/indicator.gif HTTP/1.1" 304 -
192.168.10.99 - - [15/Mar/2016:16:52:56 -0300] "GET /cormun/servlet/hhome HTTP/1.1" 200 3243
192.168.10.99 - - [15/Mar/2016:16:52:56 -0300] "GET /cormun/static/Resources/Spanish/PXTools.css?10515224 HTTP/1.1" 304 -
192.168.10.99 - - [15/Mar/2016:16:52:56 -0300] "GET /cormun/static/gxcfg.js?2015112210564248 HTTP/1.1" 304 -
192.168.10.99 - - [15/Mar/2016:16:52:56 -0300] "GET /cormun/static/hhome.js?2015112210564255 HTTP/1.1" 304 -
192.168.10.99 - - [15/Mar/2016:16:52:56 -0300] "GET /cormun/static/hwchdr01.js?20162241650484 HTTP/1.1" 304 -
192.168.10.99 - - [15/Mar/2016:16:52:56 -0300] "GET /cormun/static/hpexe_recentlink.js?2015111312121342 HTTP/1.1" 304 -
192.168.10.99 - - [15/Mar/2016:16:52:57 -0300] "GET /cormun/static/hpexe_scripts.js?20151120014546 HTTP/1.1" 304 -
192.168.10.99 - - [15/Mar/2016:16:52:57 -0300] "GET /cormun/static/hpexe_messagecontroller.js?2015112210524422 HTTP/1.1" 304 -
192.168.10.99 - - [15/Mar/2016:16:52:57 -0300] "GET /cormun/static/hpexe_messagepopupcomponent.js?20163219454551 HTTP/1.1" 304 -
192.168.10.99 - - [15/Mar/2016:16:52:57 -0300] "GET /cormun/static/hpexe_messagegenexuscomponent.js?20151120014314 HTTP/1.1" 304 -
192.168.10.99 - - [15/Mar/2016:16:52:57 -0300] "GET /cormun/static/cmcontrolpreferences.js?20151120014525 HTTP/1.1" 304 -
192.168.10.99 - - [15/Mar/2016:16:52:57 -0300] "GET /cormun/static/scaMessage/scaMessageRender.js HTTP/1.1" 304 -
192.168.10.99 - - [15/Mar/2016:16:52:57 -0300] "GET /cormun/static/hmpwkw03.js?2016311993330 HTTP/1.1" 304 -
192.168.10.99 - - [15/Mar/2016:16:52:57 -0300] "GET /cormun/static/Resources/PXToolsHeaderActionsLeft.png HTTP/1.1" 304 -
192.168.10.99 - - [15/Mar/2016:16:52:57 -0300] "GET /cormun/static/Resources/PXToolsHeaderHome.png HTTP/1.1" 304 -
192.168.10.99 - - [15/Mar/2016:16:52:57 -0300] "GET /cormun/static/Resources/PXToolsHeaderLogin.png HTTP/1.1" 304 -
192.168.10.99 - - [15/Mar/2016:16:52:57 -0300] "GET /cormun/static/Resources/PXToolsHeaderPreferences.png HTTP/1.1" 304 -
192.168.10.99 - - [15/Mar/2016:16:52:57 -0300] "GET /cormun/static/Resources/PXToolsHeaderSecurity.png HTTP/1.1" 304 -
192.168.10.99 - - [15/Mar/2016:16:52:57 -0300] "GET /cormun/static/Resources/PXToolsHeaderActionsRight.png HTTP/1.1" 304 -
192.168.10.99 - - [15/Mar/2016:16:52:57 -0300] "GET /cormun/static/Resources/PXToolsHeaderActionsBackground.png HTTP/1.1" 304 -
192.168.10.99 - - [15/Mar/2016:16:52:57 -0300] "GET /cormun/static/Resources/PXToolsDataTitle.png HTTP/1.1" 304 -
192.168.10.99 - - [15/Mar/2016:16:52:57 -0300] "GET /cormun/servlet/hhome HTTP/1.1" 200 3238
192.168.10.99 - - [15/Mar/2016:16:52:57 -0300] "GET /cormun/servlet/hlogin HTTP/1.1" 200 1730
192.168.10.99 - - [15/Mar/2016:16:52:57 -0300] "GET /cormun/static/Resources/Spanish/PXTools.css?005343 HTTP/1.1" 304 -
192.168.10.99 - - [15/Mar/2016:16:52:57 -0300] "GET /cormun/static/gxcfg.js?20151120045111 HTTP/1.1" 304 -
192.168.10.99 - - [15/Mar/2016:16:52:57 -0300] "GET /cormun/static/hlogin.js?20151120045126 HTTP/1.1" 304 -
192.168.10.99 - - [15/Mar/2016:16:52:57 -0300] "GET /cormun/static/Resources/ComunLogin.png HTTP/1.1" 304 -
192.168.10.99 - - [15/Mar/2016:16:52:57 -0300] "GET /cormun/static/Resources/PXToolsLoginTop.png HTTP/1.1" 304 -
192.168.10.99 - - [15/Mar/2016:16:52:57 -0300] "GET /cormun/static/Resources/PXToolsLoginBottom.png HTTP/1.1" 304 -
192.168.10.99 - - [15/Mar/2016:16:52:57 -0300] "GET /cormun/static/Resources/PXToolsLoginBackground.png HTTP/1.1" 304 -
192.168.10.99 - - [15/Mar/2016:16:52:57 -0300] "GET /favicon.ico HTTP/1.1" 304 -
192.168.10.99 - - [15/Mar/2016:16:53:04 -0300] "POST /cormun/servlet/hlogin?db091de016acd0d079ff466d64140ec4,gx-no-cache=1458071332373 HTTP/1.1" 200 90
192.168.10.99 - - [15/Mar/2016:16:53:04 -0300] "GET /cormun/servlet/hpexe_link HTTP/1.1" 200 952
192.168.10.99 - - [15/Mar/2016:16:53:04 -0300] "GET /cormun/static/gxcfg.js?20151120044395 HTTP/1.1" 304 -
192.168.10.99 - - [15/Mar/2016:16:53:04 -0300] "GET /cormun/static/hpexe_link.js?20151120044398 HTTP/1.1" 304 -
192.168.10.99 - - [15/Mar/2016:16:53:04 -0300] "GET /cormun/servlet/hhome HTTP/1.1" 200 3924
192.168.10.99 - - [15/Mar/2016:16:53:05 -0300] "GET /cormun/servlet/hhome HTTP/1.1" 200 3921
192.168.10.99 - - [15/Mar/2016:16:53:08 -0300] "GET /cormun/servlet/trsolicitudgral? HTTP/1.1" 200 9048
192.168.10.99 - - [15/Mar/2016:16:53:09 -0300] "GET /cormun/static/calendar.js?85251 HTTP/1.1" 304 -
192.168.10.99 - - [15/Mar/2016:16:53:09 -0300] "GET /cormun/static/calendar-setup.js?85251 HTTP/1.1" 304 -
192.168.10.99 - - [15/Mar/2016:16:53:09 -0300] "GET /cormun/static/gxdec.js?85251 HTTP/1.1" 304 -
192.168.10.99 - - [15/Mar/2016:16:53:09 -0300] "GET /cormun/static/Resources/Spanish/PXTools.css?171692 HTTP/1.1" 304 -
192.168.10.99 - - [15/Mar/2016:16:53:09 -0300] "GET /cormun/static/gxcfg.js?2016311844946 HTTP/1.1" 304 -
192.168.10.99 - - [15/Mar/2016:16:53:09 -0300] "GET /cormun/static/calendar-es.js?85251 HTTP/1.1" 304 -
192.168.10.99 - - [15/Mar/2016:16:53:09 -0300] "GET /cormun/static/trsolicitudgral.js?20163118441420 HTTP/1.1" 304 -
192.168.10.99 - - [15/Mar/2016:16:53:09 -0300] "GET /cormun/static/Resources/PXToolsDataSearch.png HTTP/1.1" 304 -
192.168.10.99 - - [15/Mar/2016:16:53:09 -0300] "GET /cormun/static/Resources/PXToolsActionExcel.png HTTP/1.1" 304 -
192.168.10.99 - - [15/Mar/2016:16:53:09 -0300] "GET /cormun/servlet/trsolicitudgral? HTTP/1.1" 200 9046
192.168.10.99 - - [15/Mar/2016:16:53:09 -0300] "GET /cormun/static/Resources/asc.gif HTTP/1.1" 304 -
192.168.10.99 - - [15/Mar/2016:16:53:09 -0300] "GET /cormun/static/Resources/desc.gif HTTP/1.1" 304 -
192.168.10.99 - - [15/Mar/2016:16:53:28 -0300] "POST /cormun/servlet/trsolicitudgral?db091de016acd0d079ff466d64140ec4,,gx-no-cache=1458071355880 HTTP/1.1" 200 6128
192.168.10.99 - - [15/Mar/2016:16:53:28 -0300] "POST /cormun/servlet/trsolicitudgral?db091de016acd0d079ff466d64140ec4,,gx-no-cache=1458071356119 HTTP/1.1" 200 6128
192.168.10.99 - - [15/Mar/2016:16:53:28 -0300] "POST /cormun/servlet/trsolicitudgral?db091de016acd0d079ff466d64140ec4,,gx-no-cache=1458071356287 HTTP/1.1" 200 6128
192.168.10.99 - - [15/Mar/2016:16:53:28 -0300] "POST /cormun/servlet/trsolicitudgral?db091de016acd0d079ff466d64140ec4,,gx-no-cache=1458071356468 HTTP/1.1" 200 6128
192.168.10.99 - - [15/Mar/2016:16:53:28 -0300] "POST /cormun/servlet/trsolicitudgral?db091de016acd0d079ff466d64140ec4,,gx-no-cache=1458071356630 HTTP/1.1" 200 6128
192.168.10.99 - - [15/Mar/2016:16:53:29 -0300] "POST /cormun/servlet/trsolicitudgral?db091de016acd0d079ff466d64140ec4,,gx-no-cache=1458071356824 HTTP/1.1" 200 6128
192.168.10.99 - - [15/Mar/2016:16:53:29 -0300] "POST /cormun/servlet/trsolicitudgral?db091de016acd0d079ff466d64140ec4,,gx-no-cache=1458071356999 HTTP/1.1" 200 6128
192.168.10.89 - - [15/Mar/2016:16:54:26 -0300] "GET /cormun/servlet/hlogin HTTP/1.1" 200 1736
192.168.10.99 - - [15/Mar/2016:16:54:31 -0300] "POST /cormun/servlet/trsolicitudgral?db091de016acd0d079ff466d64140ec4,,gx-no-cache=1458071419095 HTTP/1.1" 200 4471
192.168.10.99 - - [15/Mar/2016:16:54:31 -0300] "GET /cormun/servlet/trsolicitudgral?0cb63d57aad970963e79f5993363bfd8a264ed8291f3c3f6f5fcf4124a8d778a3d068059796ef3c3f95087f8c5146f88fd3e6dfc545324d99749e6f2352dafe230294873cfdfa743754b75e27b37f910edc976567e79ae74090f7512dd5f2bc5,gx-no-cache=1458071419500 HTTP/1.1" 200 634
192.168.10.89 - - [15/Mar/2016:16:54:38 -0300] "POST /cormun/servlet/hlogin?6e57f3b0d0ec6ab57f71aa14193582e4,gx-no-cache=1458071425855 HTTP/1.1" 200 90
192.168.10.89 - - [15/Mar/2016:16:54:38 -0300] "GET /cormun/servlet/hpexe_link HTTP/1.1" 200 950
192.168.10.89 - - [15/Mar/2016:16:54:40 -0300] "GET /cormun/servlet/hhome HTTP/1.1" 200 3454
192.168.10.99 - - [15/Mar/2016:16:54:43 -0300] "POST /cormun/servlet/trsolicitudgral?db091de016acd0d079ff466d64140ec4,,gx-no-cache=1458071431276 HTTP/1.1" 200 4473
192.168.10.99 - - [15/Mar/2016:16:54:43 -0300] "GET /cormun/servlet/trsolicitudgral?0cb63d57aad970963e79f5993363bfd813efa42419bdbe560aa12cc9ec6aba7c6acd92eeea04621f4345399aaa5b32e4fd3e6dfc545324d99749e6f2352dafe230294873cfdfa743754b75e27b37f910edc976567e79ae74090f7512dd5f2bc5,gx-no-cache=1458071431680 HTTP/1.1" 200 636
192.168.10.89 - - [15/Mar/2016:16:54:44 -0300] "GET /cormun/servlet/trsolicitudot? HTTP/1.1" 200 11541
186.103.159.44 - - [15/Mar/2016:16:54:49 -0300] "GET /cormun/servlet/trsolicitudot HTTP/1.1" 200 7788
192.168.10.99 - - [15/Mar/2016:16:54:49 -0300] "GET /cormun/static/menuarrow.gif HTTP/1.1" 404 1015
192.168.10.89 - - [15/Mar/2016:16:55:02 -0300] "POST /cormun/servlet/trsolicitudot?6e57f3b0d0ec6ab57f71aa14193582e4,,gx-no-cache=1458071450530 HTTP/1.1" 200 9157
192.168.10.89 - - [15/Mar/2016:16:55:03 -0300] "POST /cormun/servlet/trsolicitudot?6e57f3b0d0ec6ab57f71aa14193582e4,,gx-no-cache=1458071451131 HTTP/1.1" 200 9156
192.168.10.89 - - [15/Mar/2016:16:55:04 -0300] "POST /cormun/servlet/trsolicitudot?6e57f3b0d0ec6ab57f71aa14193582e4,,gx-no-cache=1458071451929 HTTP/1.1" 200 9157
192.168.10.89 - - [15/Mar/2016:16:55:05 -0300] "POST /cormun/servlet/trsolicitudot?6e57f3b0d0ec6ab57f71aa14193582e4,,gx-no-cache=1458071452811 HTTP/1.1" 200 9156
192.168.10.89 - - [15/Mar/2016:16:55:09 -0300] "POST /cormun/servlet/trsolicitudot?6e57f3b0d0ec6ab57f71aa14193582e4,,gx-no-cache=1458071456166 HTTP/1.1" 200 3485
192.168.10.89 - - [15/Mar/2016:16:55:09 -0300] "GET /cormun/servlet/trsolicitudot?b2620461ef71411394840d309b9d87f4de2ba9c69a189a389a756a23822f30439479fa16ec23f627f944c899a5cbc5433d9a8bad4401781357261f0a91a1adaa75145d800f3b9ca213d6cf916c17df9993f12c82d89548ef9a9b783fa500e989,gx-no-cache=1458071457520 HTTP/1.1" 200 7097
192.168.10.89 - - [15/Mar/2016:16:55:18 -0300] "GET /cormun/servlet/trsolicitudot?b2620461ef71411394840d309b9d87f477af48e609ea7cf2bd1762c88d17272cf0c8b1660e5dea84a86baf068304db4ea8a3c7554fe9594ba6a0ae4950ace8f4684018f9ec34c94416b3646085d327aa9002e4a1f91333a148f01d18576e62e1,gx-no-cache=1458071466124 HTTP/1.1" 200 779
192.168.10.89 - - [15/Mar/2016:16:55:18 -0300] "POST /cormun/servlet/trsolicitudot?6e57f3b0d0ec6ab57f71aa14193582e4,,gx-no-cache=1458071464799 HTTP/1.1" 200 9791
192.168.10.89 - - [15/Mar/2016:16:55:33 -0300] "GET /cormun/servlet/solicitudot?INS,0,0, HTTP/1.1" 200 11461
192.168.10.89 - - [15/Mar/2016:16:55:37 -0300] "GET /cormun/servlet/prfichaempleado?,MD,,gxPopupLevel%3D0%3B HTTP/1.1" 200 7929
192.168.10.89 - - [15/Mar/2016:16:55:37 -0300] "GET /cormun/static/Resources/Spanish/PXTools.css?16184758 HTTP/1.1" 304 -
192.168.10.89 - - [15/Mar/2016:16:55:37 -0300] "GET /cormun/static/gxcfg.js?201511151625694 HTTP/1.1" 304 -
192.168.10.89 - - [15/Mar/2016:16:55:37 -0300] "GET /cormun/static/prfichaempleado.js?201511151625857 HTTP/1.1" 304 -
192.168.10.89 - - [15/Mar/2016:16:55:37 -0300] "GET /cormun/static/menusearch.js?20163219454787 HTTP/1.1" 304 -
192.168.10.89 - - [15/Mar/2016:16:55:37 -0300] "GET /cormun/static/hmpwkw01.js?201511211495945 HTTP/1.1" 304 -
192.168.10.89 - - [15/Mar/2016:16:55:41 -0300] "GET /cormun/servlet/prfichaempleado?b2620461ef71411394840d309b9d87f45aa6c77f0253c36415c15384447305c2e838e6e2a807719a6765ff247821748427ef0e295b986489f1a74afe67867379ce16c5a961df6e515a3040e31c6dc8ae,gx-no-cache=1458071489053 HTTP/1.1" 200 463
192.168.10.89 - - [15/Mar/2016:16:55:43 -0300] "GET /cormun/servlet/prfichaempleado?b2620461ef71411394840d309b9d87f4c4bcad3a906c40d9803767ff829343419cfb9a2e76384011b6af88bd6a31a08ced2e1c5140c29d5dfd21f48ac2d5724851df61c9fcd7245d97191add4c84525f,gx-no-cache=1458071491083 HTTP/1.1" 200 468
192.168.10.89 - - [15/Mar/2016:16:55:44 -0300] "POST /cormun/servlet/prfichaempleado?6e57f3b0d0ec6ab57f71aa14193582e4,,MD,,gxPopupLevel%3D0%3B,gx-no-cache=1458071492443 HTTP/1.1" 200 2896
192.168.10.89 - - [15/Mar/2016:16:55:49 -0300] "POST /cormun/servlet/solicitudot?gx-no-cache=1458071496710 HTTP/1.1" 200 2783
192.168.10.89 - - [15/Mar/2016:16:55:49 -0300] "POST /cormun/servlet/solicitudot?6e57f3b0d0ec6ab57f71aa14193582e4,INS,0,0,,gx-no-cache=1458071496898 HTTP/1.1" 200 8403
192.168.10.89 - - [15/Mar/2016:16:55:52 -0300] "GET /cormun/servlet/solicitudot?85d3a554ad3466d9538c92bf92b8e7a11355c3deafebd8b219ef70cdaaaa22b09584e28ef6c9e7c9a0c3d1e52e32d397,gx-no-cache=1458071500399 HTTP/1.1" 200 30
192.168.10.89 - - [15/Mar/2016:16:55:52 -0300] "POST /cormun/servlet/solicitudot?gx-no-cache=1458071500437 HTTP/1.1" 200 30
192.168.10.89 - - [15/Mar/2016:16:55:54 -0300] "POST /cormun/servlet/solicitudot?gx-no-cache=1458071502002 HTTP/1.1" 200 30
192.168.10.89 - - [15/Mar/2016:16:55:56 -0300] "GET /cormun/servlet/prcontratosol?16882911,,,,,MD,,gxPopupLevel%3D0%3B HTTP/1.1" 200 5711
192.168.10.89 - - [15/Mar/2016:16:55:56 -0300] "GET /cormun/static/Resources/Spanish/PXTools.css?1423257 HTTP/1.1" 304 -
192.168.10.89 - - [15/Mar/2016:16:55:56 -0300] "GET /cormun/static/gxcfg.js?2016141247819 HTTP/1.1" 304 -
192.168.10.89 - - [15/Mar/2016:16:55:56 -0300] "GET /cormun/static/prcontratosol.js?2016141247993 HTTP/1.1" 304 -
192.168.10.89 - - [15/Mar/2016:16:55:56 -0300] "GET /cormun/static/hmpwkw011.js?20163117201773 HTTP/1.1" 304 -
192.168.10.99 - - [15/Mar/2016:16:55:57 -0300] "POST /cormun/servlet/trsolicitudgral?db091de016acd0d079ff466d64140ec4,,gx-no-cache=1458071504838 HTTP/1.1" 200 5828
192.168.10.99 - - [15/Mar/2016:16:55:57 -0300] "POST /cormun/servlet/trsolicitudgral?db091de016acd0d079ff466d64140ec4,,gx-no-cache=1458071505060 HTTP/1.1" 200 5830
192.168.10.99 - - [15/Mar/2016:16:55:57 -0300] "POST /cormun/servlet/trsolicitudgral?db091de016acd0d079ff466d64140ec4,,gx-no-cache=1458071505267 HTTP/1.1" 200 5829
192.168.10.99 - - [15/Mar/2016:16:55:57 -0300] "POST /cormun/servlet/trsolicitudgral?db091de016acd0d079ff466d64140ec4,,gx-no-cache=1458071505482 HTTP/1.1" 200 5828
192.168.10.99 - - [15/Mar/2016:16:55:57 -0300] "POST /cormun/servlet/trsolicitudgral?db091de016acd0d079ff466d64140ec4,,gx-no-cache=1458071505655 HTTP/1.1" 200 5829
192.168.10.99 - - [15/Mar/2016:16:55:58 -0300] "POST /cormun/servlet/trsolicitudgral?db091de016acd0d079ff466d64140ec4,,gx-no-cache=1458071505830 HTTP/1.1" 200 5828
192.168.10.89 - - [15/Mar/2016:16:55:58 -0300] "POST /cormun/servlet/solicitudot?gx-no-cache=1458071506010 HTTP/1.1" 200 1171
192.168.10.99 - - [15/Mar/2016:16:55:58 -0300] "POST /cormun/servlet/trsolicitudgral?db091de016acd0d079ff466d64140ec4,,gx-no-cache=1458071506072 HTTP/1.1" 200 5827
192.168.10.89 - - [15/Mar/2016:16:55:58 -0300] "GET /cormun/servlet/solicitudot?85d3a554ad3466d9538c92bf92b8e7a1ef1c97fc7503f7a207d1825de92edf17e984fc01fb1d1cf1547e95cd753c0941ccc81d2457808b9b77fcb024accd5a471bde5f811cde0bdc31eaa364f69276f867a5e449f2b325d2d709f11f9130e65553222a6e70c94954d885a97d47d53176878375af40312063b61b6411564d0082847ffd56192ce9f921376890b4491ce3,gx-no-cache=1458071506123 HTTP/1.1" 200 38
192.168.10.89 - - [15/Mar/2016:16:55:58 -0300] "GET /cormun/servlet/solicitudot?85d3a554ad3466d9538c92bf92b8e7a148ecf1b6376cd469839bd7f8675a1c3c21d965ba7e217f8b130259469ae7da02e3a1d10988a291352d2a2f320911cee2a7dd9a0891d9e471bd7992e26158b1e02ca9a4a90c841c71dcd0f0a1574325dc6ff5b2655212bdea3e5c2535e18f72cb0e754cb645b31cdcd3d136aebe4ebbd95b608501a8b8a45094d357f17511178ed3a48aca694353f8d0940da3bb6ee093,gx-no-cache=1458071506143 HTTP/1.1" 200 29
192.168.10.89 - - [15/Mar/2016:16:55:58 -0300] "POST /cormun/servlet/solicitudot?gx-no-cache=1458071506162 HTTP/1.1" 200 1127
192.168.10.99 - - [15/Mar/2016:16:55:58 -0300] "POST /cormun/servlet/trsolicitudgral?db091de016acd0d079ff466d64140ec4,,gx-no-cache=1458071506305 HTTP/1.1" 200 5828
192.168.10.89 - - [15/Mar/2016:16:56:07 -0300] "GET /cormun/servlet/solicitudot?85d3a554ad3466d9538c92bf92b8e7a13c4923037df8e37e54fe495c6fc2906f6e13d216678ca35ee0de479b7bd14e2ef62d843440d643299c40452c30513a6b2a8eb5b3592f78e0c353e564670d5fca2f2a546c544df0c19812f410c836ad2ed4230fa2b8272125fa183ebb1d1ee1f573a5447c986fb03bd3038f143caf32edccba8801d3142e577bee1e65eb39a8b7507d22a44975647410158ddacd6df64fa663472e870d7ea7de1229935c18a9ce,gx-no-cache=1458071514978 HTTP/1.1" 200 30
192.168.10.89 - - [15/Mar/2016:16:56:13 -0300] "POST /cormun/servlet/solicitudot?6e57f3b0d0ec6ab57f71aa14193582e4,INS,0,0,,gx-no-cache=1458071520656 HTTP/1.1" 200 93
192.168.10.89 - - [15/Mar/2016:16:56:13 -0300] "GET /cormun/servlet/hpexe_return? HTTP/1.1" 200 1006
192.168.10.99 - - [15/Mar/2016:16:56:13 -0300] "POST /cormun/servlet/trsolicitudgral?db091de016acd0d079ff466d64140ec4,,gx-no-cache=1458071521367 HTTP/1.1" 200 5909
192.168.10.99 - - [15/Mar/2016:16:56:14 -0300] "GET /cormun/servlet/trsolicitudgral?0cb63d57aad970963e79f5993363bfd8a264ed8291f3c3f6f5fcf4124a8d778a61db3a92cc6a01218018f411e9701ac4db929665f7d77285e13533c4d10d239b0a0895fb9c96f059778d258006cfbf3e98cf4e6ce4c1732a8f6013aeb46d0f86,gx-no-cache=1458071521776 HTTP/1.1" 200 2221
192.168.10.89 - - [15/Mar/2016:16:56:15 -0300] "GET /cormun/servlet/trsolicitudot? HTTP/1.1" 200 12412
192.168.10.99 - - [15/Mar/2016:16:56:28 -0300] "POST /cormun/servlet/trsolicitudgral?db091de016acd0d079ff466d64140ec4,,gx-no-cache=1458071536655 HTTP/1.1" 200 4477
192.168.10.99 - - [15/Mar/2016:16:56:29 -0300] "GET /cormun/servlet/trsolicitudgral?0cb63d57aad970963e79f5993363bfd8367f4a6b16dbc0002e8554c679eef70961db3a92cc6a01218018f411e9701ac4428cf6aa1d29f33ba751fb8f18e9604ba4587a06979c4e4716d63c208d1ac17b98cf4e6ce4c1732a8f6013aeb46d0f86,gx-no-cache=1458071537059 HTTP/1.1" 200 638
192.168.10.99 - - [15/Mar/2016:16:56:31 -0300] "POST /cormun/servlet/trsolicitudgral?db091de016acd0d079ff466d64140ec4,,gx-no-cache=1458071539587 HTTP/1.1" 200 8066
192.168.10.99 - - [15/Mar/2016:16:56:32 -0300] "GET /cormun/servlet/trsolicitudgral?0cb63d57aad970963e79f5993363bfd8214a1f470628eef5a9cda9f2ee6e359d6acd92eeea04621f4345399aaa5b32e4428cf6aa1d29f33ba751fb8f18e9604ba4587a06979c4e4716d63c208d1ac17b98cf4e6ce4c1732a8f6013aeb46d0f86,gx-no-cache=1458071540121 HTTP/1.1" 200 4789
192.168.10.99 - - [15/Mar/2016:16:57:25 -0300] "POST /cormun/servlet/trsolicitudgral?db091de016acd0d079ff466d64140ec4,,gx-no-cache=1458071592883 HTTP/1.1" 200 6130
192.168.10.99 - - [15/Mar/2016:16:57:25 -0300] "GET /cormun/servlet/trsolicitudgral?0cb63d57aad970963e79f5993363bfd803fa0f71f8d2815f08412d9776948e621341c7497cfabaeb7bc0ce3dd6fed3d5e77f3186d8049cdaed50d21e07ac8230c26159ae0f9f653e82467ed0f0f9b3920e2fc3b992162b48843610bb8edf56a5,gx-no-cache=1458071593284 HTTP/1.1" 200 2488
192.168.10.99 - - [15/Mar/2016:16:57:34 -0300] "POST /cormun/servlet/trsolicitudgral?db091de016acd0d079ff466d64140ec4,,gx-no-cache=1458071601908 HTTP/1.1" 200 5909
192.168.10.99 - - [15/Mar/2016:16:57:34 -0300] "GET /cormun/servlet/trsolicitudgral?0cb63d57aad970963e79f5993363bfd8a264ed8291f3c3f6f5fcf4124a8d778a3d068059796ef3c3f95087f8c5146f885bd2223ae73ff5af10a848d5baef5e19b6fbde52ec0b0b4c50d04801253fedf498cf4e6ce4c1732a8f6013aeb46d0f86,gx-no-cache=1458071602320 HTTP/1.1" 200 2221
192.168.10.99 - - [15/Mar/2016:16:57:41 -0300] "POST /cormun/servlet/trsolicitudgral?db091de016acd0d079ff466d64140ec4,,gx-no-cache=1458071609515 HTTP/1.1" 200 5619
192.168.10.99 - - [15/Mar/2016:16:57:42 -0300] "GET /cormun/servlet/trsolicitudgral?0cb63d57aad970963e79f5993363bfd86ea9f737f77a2b1d742ab760b736f73561db3a92cc6a01218018f411e9701ac4428cf6aa1d29f33ba751fb8f18e9604ba4587a06979c4e4716d63c208d1ac17b98cf4e6ce4c1732a8f6013aeb46d0f86,gx-no-cache=1458071609917 HTTP/1.1" 200 1878
192.168.10.99 - - [15/Mar/2016:16:57:48 -0300] "POST /cormun/servlet/trsolicitudgral?db091de016acd0d079ff466d64140ec4,,gx-no-cache=1458071616397 HTTP/1.1" 200 5829
192.168.10.99 - - [15/Mar/2016:16:57:49 -0300] "GET /cormun/servlet/trsolicitudgral?0cb63d57aad970963e79f5993363bfd813efa42419bdbe560aa12cc9ec6aba7c342aa251be49f99cd35df47d2cfa54e8db929665f7d77285e13533c4d10d239bda34cb489c6460e91acb8df96115066798cf4e6ce4c1732a8f6013aeb46d0f86,gx-no-cache=1458071616802 HTTP/1.1" 200 2127
192.168.10.99 - - [15/Mar/2016:16:57:54 -0300] "POST /cormun/servlet/trsolicitudgral?db091de016acd0d079ff466d64140ec4,,gx-no-cache=1458071622019 HTTP/1.1" 200 15269
192.168.10.99 - - [15/Mar/2016:16:57:56 -0300] "GET /cormun/servlet/trsolicitudgral?0cb63d57aad970963e79f5993363bfd8eea17d6bc9d52f48c07605b0804287cb61db3a92cc6a01218018f411e9701ac4db929665f7d77285e13533c4d10d239b0a0895fb9c96f059778d258006cfbf3e98cf4e6ce4c1732a8f6013aeb46d0f86,gx-no-cache=1458071623970 HTTP/1.1" 200 14153
186.78.63.9 - - [15/Mar/2016:16:58:01 -0300] "GET /cormun/servlet/hlogin HTTP/1.1" 200 1715
186.78.63.9 - - [15/Mar/2016:16:58:01 -0300] "GET /cormun/static/Resources/Spanish/PXTools.css?005343 HTTP/1.1" 304 -
186.78.63.9 - - [15/Mar/2016:16:58:01 -0300] "GET /cormun/static/gxtimezone.js?85251 HTTP/1.1" 304 -
186.78.63.9 - - [15/Mar/2016:16:58:01 -0300] "GET /cormun/static/gxgral.js?85251 HTTP/1.1" 304 -
186.78.63.9 - - [15/Mar/2016:16:58:01 -0300] "GET /cormun/static/gxcfg.js?20151120045111 HTTP/1.1" 304 -
186.78.63.9 - - [15/Mar/2016:16:58:01 -0300] "GET /cormun/static/Resources/ComunLogin.png HTTP/1.1" 304 -
186.78.63.9 - - [15/Mar/2016:16:58:01 -0300] "GET /cormun/static/messages.spa.js?85251 HTTP/1.1" 304 -
186.78.63.9 - - [15/Mar/2016:16:58:01 -0300] "GET /cormun/static/hlogin.js?20151120045126 HTTP/1.1" 304 -
186.78.63.9 - - [15/Mar/2016:16:58:01 -0300] "GET /cormun/static/Resources/PXToolsButtonRight21.png HTTP/1.1" 304 -
186.78.63.9 - - [15/Mar/2016:16:58:01 -0300] "GET /cormun/static/Resources/PXToolsLoginBackground.png HTTP/1.1" 304 -
186.78.63.9 - - [15/Mar/2016:16:58:01 -0300] "GET /cormun/static/Resources/PXToolsLoginTop.png HTTP/1.1" 304 -
186.78.63.9 - - [15/Mar/2016:16:58:01 -0300] "GET /cormun/static/Resources/PXToolsButtonLeft21.png HTTP/1.1" 304 -
186.78.63.9 - - [15/Mar/2016:16:58:01 -0300] "GET /cormun/static/Resources/PXToolsButtonBackground2.png HTTP/1.1" 304 -
186.78.63.9 - - [15/Mar/2016:16:58:01 -0300] "GET /cormun/static/Resources/PXToolsLoginBottom.png HTTP/1.1" 304 -
186.78.63.9 - - [15/Mar/2016:16:58:02 -0300] "GET /cormun/static/Resources/indicator.gif HTTP/1.1" 304 -
186.78.63.9 - - [15/Mar/2016:16:58:02 -0300] "GET /cormun/servlet/hlogin HTTP/1.1" 200 1726
186.78.63.9 - - [15/Mar/2016:16:58:14 -0300] "POST /cormun/servlet/hlogin?fd6349e7cabe63548eb1bd2310768251,gx-no-cache=1458071920666 HTTP/1.1" 200 90
186.78.63.9 - - [15/Mar/2016:16:58:14 -0300] "GET /cormun/servlet/hpexe_link HTTP/1.1" 200 950
186.78.63.9 - - [15/Mar/2016:16:58:14 -0300] "GET /cormun/static/gxcfg.js?20151120044395 HTTP/1.1" 304 -
186.78.63.9 - - [15/Mar/2016:16:58:14 -0300] "GET /cormun/static/hpexe_link.js?20151120044398 HTTP/1.1" 304 -
186.78.63.9 - - [15/Mar/2016:16:58:14 -0300] "GET /cormun/servlet/hhome HTTP/1.1" 200 3484
186.78.63.9 - - [15/Mar/2016:16:58:14 -0300] "GET /cormun/static/Resources/Spanish/PXTools.css?10515224 HTTP/1.1" 304 -
186.78.63.9 - - [15/Mar/2016:16:58:14 -0300] "GET /cormun/static/gxcfg.js?2015112210564248 HTTP/1.1" 304 -
186.78.63.9 - - [15/Mar/2016:16:58:14 -0300] "GET /cormun/static/hhome.js?2015112210564255 HTTP/1.1" 304 -
186.78.63.9 - - [15/Mar/2016:16:58:14 -0300] "GET /cormun/static/hwchdr01.js?20162241650484 HTTP/1.1" 304 -
186.78.63.9 - - [15/Mar/2016:16:58:14 -0300] "GET /cormun/static/hpexe_recentlink.js?2015111312121342 HTTP/1.1" 304 -
186.78.63.9 - - [15/Mar/2016:16:58:14 -0300] "GET /cormun/static/hpexe_scripts.js?20151120014546 HTTP/1.1" 304 -
186.78.63.9 - - [15/Mar/2016:16:58:14 -0300] "GET /cormun/static/hpexe_messagecontroller.js?2015112210524422 HTTP/1.1" 304 -
186.78.63.9 - - [15/Mar/2016:16:58:14 -0300] "GET /cormun/static/hpexe_messagepopupcomponent.js?20163219454551 HTTP/1.1" 304 -
186.78.63.9 - - [15/Mar/2016:16:58:14 -0300] "GET /cormun/static/hpexe_messagegenexuscomponent.js?20151120014314 HTTP/1.1" 304 -
186.78.63.9 - - [15/Mar/2016:16:58:14 -0300] "GET /cormun/static/cmcontrolpreferences.js?20151120014525 HTTP/1.1" 304 -
186.78.63.9 - - [15/Mar/2016:16:58:14 -0300] "GET /cormun/static/hmpwkw03.js?2016311993330 HTTP/1.1" 304 -
192.168.10.99 - - [15/Mar/2016:16:58:18 -0300] "POST /cormun/servlet/trsolicitudgral?db091de016acd0d079ff466d64140ec4,,gx-no-cache=1458071645663 HTTP/1.1" 200 15270
192.168.10.99 - - [15/Mar/2016:16:58:20 -0300] "POST /cormun/servlet/trsolicitudgral?db091de016acd0d079ff466d64140ec4,,gx-no-cache=1458071647760 HTTP/1.1" 200 15271
186.78.63.9 - - [15/Mar/2016:16:58:20 -0300] "GET /cormun/servlet/trvisualizadoreventos? HTTP/1.1" 200 5998
186.78.63.9 - - [15/Mar/2016:16:58:21 -0300] "GET /cormun/static/Resources/Spanish/PXTools.css?17554516 HTTP/1.1" 304 -
186.78.63.9 - - [15/Mar/2016:16:58:21 -0300] "GET /cormun/static/gxcfg.js?2016251828014 HTTP/1.1" 304 -
186.78.63.9 - - [15/Mar/2016:16:58:21 -0300] "GET /cormun/static/trvisualizadoreventos.js?2016251828276 HTTP/1.1" 304 -
192.168.10.99 - - [15/Mar/2016:16:58:22 -0300] "POST /cormun/servlet/trsolicitudgral?db091de016acd0d079ff466d64140ec4,,gx-no-cache=1458071649868 HTTP/1.1" 200 15270
186.78.63.9 - - [15/Mar/2016:16:58:23 -0300] "GET /cormun/static/menuarrow.gif HTTP/1.1" 404 1015
192.168.10.99 - - [15/Mar/2016:16:58:24 -0300] "POST /cormun/servlet/trsolicitudgral?db091de016acd0d079ff466d64140ec4,,gx-no-cache=1458071651990 HTTP/1.1" 200 15269
186.78.63.9 - - [15/Mar/2016:16:58:28 -0300] "GET /cormun/servlet/trvisualizadoreventos?a8f1c35b46269aa7e0e627bdeefdfac813a5fbb8237bb2aa9bbda14bcfcb512f834d73a4eb0e218d5f01e46671ac17922056fc9646c81218ab86cce8b6fa1d309a14a088e8b60bcda85284d882a3915c3315c700cc060a4151eb249aa2df838d8b4b96848f0cb9c56bb121a6b4f561c97ce7c45ebc12461807973955c91e6ea69bc08a3ebad107c52e5bbf07298f596101b59b518676a670423a66fb1d63e9d69b76d77929743b3db12594014be5a568999408c994bac89c58d7ee4cfeb462c1,gx-no-cache=1458071934881 HTTP/1.1" 200 570
186.78.63.9 - - [15/Mar/2016:16:58:35 -0300] "POST /cormun/servlet/trvisualizadoreventos?fd6349e7cabe63548eb1bd2310768251,,gx-no-cache=1458071941322 HTTP/1.1" 200 3406
186.78.63.9 - - [15/Mar/2016:16:58:35 -0300] "POST /cormun/servlet/trvisualizadoreventos?fd6349e7cabe63548eb1bd2310768251,,gx-no-cache=1458071941776 HTTP/1.1" 200 3406
186.78.63.9 - - [15/Mar/2016:16:58:35 -0300] "POST /cormun/servlet/trvisualizadoreventos?fd6349e7cabe63548eb1bd2310768251,,gx-no-cache=1458071942197 HTTP/1.1" 200 3406
186.103.159.44 - - [15/Mar/2016:16:58:41 -0300] "GET /cormun/servlet/hpexe_return? HTTP/1.1" 200 1007
186.103.159.44 - - [15/Mar/2016:16:58:41 -0300] "GET /cormun/servlet/hhome HTTP/1.1" 200 3455
186.103.159.44 - - [15/Mar/2016:16:58:45 -0300] "GET /cormun/servlet/trsolicitudot? HTTP/1.1" 200 8106
186.103.159.44 - - [15/Mar/2016:16:58:52 -0300] "POST /cormun/servlet/trsolicitudot?8d0df1b9826bbb9a6c7ac6af203c0b13,,gx-no-cache=1458071957557 HTTP/1.1" 200 5511
186.103.159.44 - - [15/Mar/2016:16:58:53 -0300] "POST /cormun/servlet/trsolicitudot?8d0df1b9826bbb9a6c7ac6af203c0b13,,gx-no-cache=1458071958146 HTTP/1.1" 200 5511
186.103.159.44 - - [15/Mar/2016:16:58:54 -0300] "POST /cormun/servlet/trsolicitudot?8d0df1b9826bbb9a6c7ac6af203c0b13,,gx-no-cache=1458071958884 HTTP/1.1" 200 5512
192.168.10.99 - - [15/Mar/2016:16:58:54 -0300] "POST /cormun/servlet/trsolicitudgral?db091de016acd0d079ff466d64140ec4,,gx-no-cache=1458071682294 HTTP/1.1" 200 15270
186.103.159.44 - - [15/Mar/2016:16:58:55 -0300] "POST /cormun/servlet/trsolicitudot?8d0df1b9826bbb9a6c7ac6af203c0b13,,gx-no-cache=1458071959827 HTTP/1.1" 200 5512
186.103.159.44 - - [15/Mar/2016:16:58:56 -0300] "POST /cormun/servlet/trsolicitudot?8d0df1b9826bbb9a6c7ac6af203c0b13,,gx-no-cache=1458071961278 HTTP/1.1" 200 5512
186.103.159.44 - - [15/Mar/2016:16:58:57 -0300] "POST /cormun/servlet/trsolicitudot?8d0df1b9826bbb9a6c7ac6af203c0b13,,gx-no-cache=1458071962434 HTTP/1.1" 200 5512
186.78.63.9 - - [15/Mar/2016:16:58:57 -0300] "GET /cormun/servlet/trvisualizadoreventos?a8f1c35b46269aa7e0e627bdeefdfac805d3b4f06c25473f99bf78a6401ed0a0f74c5928f4bcc1af540a7e2d86f3be381b2f779446d052cd8e4a6cc8414e0ab69f378308a95c5cdab7250bd7e83589a2806371ab2389153779d6ee12ee0155929238033e03bc1f087526a3380d258db19f14953b2274459495d0fe782bb29b8ad7848feb96a7c9b067922d324a786495c34cf7eae8c00d1308b8965d706d933362db99c650bc45a3f4220e30625d5c8c166458964dfbe3d3ab8abe882bb912a9,gx-no-cache=1458071964241 HTTP/1.1" 200 572
186.78.63.9 - - [15/Mar/2016:16:58:58 -0300] "POST /cormun/servlet/trvisualizadoreventos?fd6349e7cabe63548eb1bd2310768251,,gx-no-cache=1458071964624 HTTP/1.1" 200 3414
186.103.159.44 - - [15/Mar/2016:16:58:59 -0300] "POST /cormun/servlet/trsolicitudot?8d0df1b9826bbb9a6c7ac6af203c0b13,,gx-no-cache=1458071963807 HTTP/1.1" 200 5511
186.78.63.9 - - [15/Mar/2016:16:59:09 -0300] "GET /cormun/servlet/trvisualizadoreventos?a8f1c35b46269aa7e0e627bdeefdfac86bf135d571e0b78915aa476814b11ad39ab73bb849f19031b94a339342d41ec629b1c785246a790cbdc2c5fd039f1c7624945f58c680ec72b10d050590fde8787219e1eb0cb87ac6cc20d0a852df8d242501327e6c3fdc772070f6a4509b6507ba7220f0b10c0c67fa20d6c27b4e6326997504c11d69905b631ae299cc08f99297a4a70bc451333ac119ca6723983740d0cdd50ee61279526c05f4225f588ec4926a67647e2975c5161474e09c060af335cce0d504a7c45561d49067d43b5270,gx-no-cache=1458071975636 HTTP/1.1" 200 577
186.103.159.44 - - [15/Mar/2016:16:59:09 -0300] "POST /cormun/servlet/trsolicitudot?8d0df1b9826bbb9a6c7ac6af203c0b13,,gx-no-cache=1458071965728 HTTP/1.1" 200 5232
186.78.63.9 - - [15/Mar/2016:16:59:09 -0300] "POST /cormun/servlet/trvisualizadoreventos?fd6349e7cabe63548eb1bd2310768251,,gx-no-cache=1458071975938 HTTP/1.1" 200 3414
186.78.63.9 - - [15/Mar/2016:16:59:10 -0300] "POST /cormun/servlet/trvisualizadoreventos?fd6349e7cabe63548eb1bd2310768251,,gx-no-cache=1458071976504 HTTP/1.1" 200 3414
186.103.159.44 - - [15/Mar/2016:16:59:11 -0300] "POST /cormun/servlet/trsolicitudot?8d0df1b9826bbb9a6c7ac6af203c0b13,,gx-no-cache=1458071975678 HTTP/1.1" 200 5174
192.168.10.99 - - [15/Mar/2016:16:59:11 -0300] "POST /cormun/servlet/trsolicitudgral?db091de016acd0d079ff466d64140ec4,,gx-no-cache=1458071699480 HTTP/1.1" 200 15270
186.78.63.9 - - [15/Mar/2016:16:59:12 -0300] "POST /cormun/servlet/trvisualizadoreventos?fd6349e7cabe63548eb1bd2310768251,,gx-no-cache=1458071978392 HTTP/1.1" 200 3416
186.103.159.44 - - [15/Mar/2016:16:59:12 -0300] "GET /cormun/static/Shared/jqueryui/images/ui-icons_8d78a5_256x240.png HTTP/1.1" 404 1089
186.103.159.44 - - [15/Mar/2016:16:59:12 -0300] "GET /cormun/static/Shared/jqueryui/images/ui-bg_flat_55_fafafa_40x100.png HTTP/1.1" 404 1097
186.103.159.44 - - [15/Mar/2016:16:59:12 -0300] "GET /cormun/static/Shared/jqueryui/images/ui-bg_highlight-soft_100_c6c2c8_1x100.png HTTP/1.1" 404 1117
186.103.159.44 - - [15/Mar/2016:16:59:12 -0300] "GET /cormun/static/Shared/jqueryui/images/ui-icons_82798d_256x240.png HTTP/1.1" 404 1089
186.78.63.9 - - [15/Mar/2016:16:59:12 -0300] "GET /cormun/servlet/trvisualizadoreventos?a8f1c35b46269aa7e0e627bdeefdfac884a08c202207743975676e07958c616d789556f8031ef9e039260a03d29b2b581b2f779446d052cd8e4a6cc8414e0ab69f378308a95c5cdab7250bd7e83589a2806371ab2389153779d6ee12ee0155929238033e03bc1f087526a3380d258db19f14953b2274459495d0fe782bb29b8ad7848feb96a7c9b067922d324a786495c34cf7eae8c00d1308b8965d706d933362db99c650bc45a3f4220e30625d5c8c166458964dfbe3d3ab8abe882bb912a9,gx-no-cache=1458071979054 HTTP/1.1" 200 579
186.78.63.9 - - [15/Mar/2016:16:59:15 -0300] "POST /cormun/servlet/trvisualizadoreventos?fd6349e7cabe63548eb1bd2310768251,,gx-no-cache=1458071981265 HTTP/1.1" 200 3416
186.103.159.44 - - [15/Mar/2016:16:59:30 -0300] "POST /cormun/servlet/trsolicitudot?8d0df1b9826bbb9a6c7ac6af203c0b13,,gx-no-cache=1458071994552 HTTP/1.1" 200 4936
186.78.63.9 - - [15/Mar/2016:16:59:37 -0300] "GET /cormun/servlet/trvisualizadoreventos?a8f1c35b46269aa7e0e627bdeefdfac8ff4abc02f7c3c2c235b723f1c27350b2789556f8031ef9e039260a03d29b2b581b2f779446d052cd8e4a6cc8414e0ab69f378308a95c5cdab7250bd7e83589a2806371ab2389153779d6ee12ee0155929238033e03bc1f087526a3380d258db19f14953b2274459495d0fe782bb29b8ad7848feb96a7c9b067922d324a786495c34cf7eae8c00d1308b8965d706d933362db99c650bc45a3f4220e30625d5c8c166458964dfbe3d3ab8abe882bb912a9,gx-no-cache=1458072003864 HTTP/1.1" 200 580
186.78.63.9 - - [15/Mar/2016:16:59:38 -0300] "POST /cormun/servlet/trvisualizadoreventos?fd6349e7cabe63548eb1bd2310768251,,gx-no-cache=1458072004366 HTTP/1.1" 200 3416
186.78.63.9 - - [15/Mar/2016:16:59:40 -0300] "POST /cormun/servlet/trvisualizadoreventos?fd6349e7cabe63548eb1bd2310768251,,gx-no-cache=1458072005346 HTTP/1.1" 200 3416
186.103.159.44 - - [15/Mar/2016:16:59:45 -0300] "GET /cormun/servlet/hlogin HTTP/1.1" 200 1717
186.103.159.44 - - [15/Mar/2016:16:59:46 -0300] "GET /cormun/static/Resources/Spanish/PXTools.css?005343 HTTP/1.1" 304 -
186.103.159.44 - - [15/Mar/2016:16:59:46 -0300] "GET /cormun/static/gxtimezone.js?85251 HTTP/1.1" 304 -
186.103.159.44 - - [15/Mar/2016:16:59:46 -0300] "GET /cormun/static/gxgral.js?85251 HTTP/1.1" 304 -
186.103.159.44 - - [15/Mar/2016:16:59:46 -0300] "GET /cormun/static/messages.spa.js?85251 HTTP/1.1" 304 -
186.103.159.44 - - [15/Mar/2016:16:59:46 -0300] "GET /cormun/static/hlogin.js?20151120045126 HTTP/1.1" 304 -
186.103.159.44 - - [15/Mar/2016:16:59:46 -0300] "GET /cormun/static/Resources/ComunLogin.png HTTP/1.1" 304 -
186.103.159.44 - - [15/Mar/2016:16:59:46 -0300] "GET /cormun/static/gxcfg.js?20151120045111 HTTP/1.1" 304 -
186.103.159.44 - - [15/Mar/2016:16:59:46 -0300] "GET /cormun/static/Resources/PXToolsLoginBottom.png HTTP/1.1" 304 -
186.103.159.44 - - [15/Mar/2016:16:59:46 -0300] "GET /cormun/static/Resources/PXToolsButtonBackground2.png HTTP/1.1" 304 -
186.103.159.44 - - [15/Mar/2016:16:59:46 -0300] "GET /cormun/static/Resources/PXToolsButtonRight21.png HTTP/1.1" 304 -
186.103.159.44 - - [15/Mar/2016:16:59:46 -0300] "GET /cormun/static/Resources/PXToolsButtonLeft21.png HTTP/1.1" 304 -
186.103.159.44 - - [15/Mar/2016:16:59:46 -0300] "GET /cormun/static/Resources/PXToolsLoginBackground.png HTTP/1.1" 304 -
186.103.159.44 - - [15/Mar/2016:16:59:46 -0300] "GET /cormun/static/Resources/PXToolsLoginTop.png HTTP/1.1" 304 -
186.103.159.44 - - [15/Mar/2016:16:59:46 -0300] "GET /cormun/static/Resources/indicator.gif HTTP/1.1" 304 -
186.78.63.9 - - [15/Mar/2016:16:59:54 -0300] "GET /cormun/servlet/trvisualizadoreventos?a8f1c35b46269aa7e0e627bdeefdfac8949d52befe5571bab701c28dfaea66b7472c0eb4ca10ecba8814e8cb29d8ad5729b1c785246a790cbdc2c5fd039f1c7624945f58c680ec72b10d050590fde8787219e1eb0cb87ac6cc20d0a852df8d242501327e6c3fdc772070f6a4509b6507ba7220f0b10c0c67fa20d6c27b4e6326997504c11d69905b631ae299cc08f99297a4a70bc451333ac119ca6723983740d0cdd50ee61279526c05f4225f588ec4926a67647e2975c5161474e09c060af335cce0d504a7c45561d49067d43b5270,gx-no-cache=1458072021407 HTTP/1.1" 200 579
186.78.63.9 - - [15/Mar/2016:16:59:55 -0300] "POST /cormun/servlet/trvisualizadoreventos?fd6349e7cabe63548eb1bd2310768251,,gx-no-cache=1458072021913 HTTP/1.1" 200 3416
186.78.63.9 - - [15/Mar/2016:16:59:56 -0300] "POST /cormun/servlet/trvisualizadoreventos?fd6349e7cabe63548eb1bd2310768251,,gx-no-cache=1458072022702 HTTP/1.1" 200 3416
186.78.63.9 - - [15/Mar/2016:16:59:57 -0300] "POST /cormun/servlet/trvisualizadoreventos?fd6349e7cabe63548eb1bd2310768251,,gx-no-cache=1458072023529 HTTP/1.1" 200 3414
186.78.63.9 - - [15/Mar/2016:16:59:58 -0300] "GET /cormun/servlet/trvisualizadoreventos?a8f1c35b46269aa7e0e627bdeefdfac8e7439926240b6e5ac02815a4beb1d6e0f74c5928f4bcc1af540a7e2d86f3be381b2f779446d052cd8e4a6cc8414e0ab69f378308a95c5cdab7250bd7e83589a2806371ab2389153779d6ee12ee0155929238033e03bc1f087526a3380d258db19f14953b2274459495d0fe782bb29b8ad7848feb96a7c9b067922d324a786495c34cf7eae8c00d1308b8965d706d933362db99c650bc45a3f4220e30625d5c8c166458964dfbe3d3ab8abe882bb912a9,gx-no-cache=1458072025067 HTTP/1.1" 200 577
186.103.159.44 - - [15/Mar/2016:17:00:00 -0300] "POST /cormun/servlet/hlogin?8d0df1b9826bbb9a6c7ac6af203c0b13,gx-no-cache=1458072025672 HTTP/1.1" 200 90
186.103.159.44 - - [15/Mar/2016:17:00:01 -0300] "GET /cormun/servlet/hpexe_link HTTP/1.1" 200 958
186.103.159.44 - - [15/Mar/2016:17:00:01 -0300] "GET /cormun/servlet/trsolicitudot? HTTP/1.1" 200 7501
186.78.63.9 - - [15/Mar/2016:17:00:01 -0300] "POST /cormun/servlet/trvisualizadoreventos?fd6349e7cabe63548eb1bd2310768251,,gx-no-cache=1458072028151 HTTP/1.1" 200 3414
