186.78.51.154 - - [15/Mar/2016:16:27:23 -0300] "POST /cormun/servlet/trsolicitudot?0ba6a775b8d24928c1bc9d2b02fab917,,gx-no-cache=1458073722499 HTTP/1.1" 200 7362
186.78.51.154 - - [15/Mar/2016:16:27:23 -0300] "POST /cormun/servlet/trsolicitudot?0ba6a775b8d24928c1bc9d2b02fab917,,gx-no-cache=1458073723185 HTTP/1.1" 200 7054
186.78.51.154 - - [15/Mar/2016:16:27:25 -0300] "POST /cormun/servlet/trsolicitudot?0ba6a775b8d24928c1bc9d2b02fab917,,gx-no-cache=1458073723976 HTTP/1.1" 200 6994
192.168.10.89 - - [15/Mar/2016:16:27:26 -0300] "POST /cormun/servlet/trsolicitudot?6e57f3b0d0ec6ab57f71aa14193582e4,,gx-no-cache=1458069794341 HTTP/1.1" 200 7034
186.78.51.154 - - [15/Mar/2016:16:27:33 -0300] "POST /cormun/servlet/trsolicitudot?0ba6a775b8d24928c1bc9d2b02fab917,,gx-no-cache=1458073732517 HTTP/1.1" 200 104
186.78.51.154 - - [15/Mar/2016:16:27:33 -0300] "GET /cormun/servlet/solicitudot?UPD,2016,861, HTTP/1.1" 200 12695
186.78.51.154 - - [15/Mar/2016:16:27:34 -0300] "GET /cormun/servlet/solicitudot?UPD,2016,861, HTTP/1.1" 200 12704
186.78.51.154 - - [15/Mar/2016:16:27:34 -0300] "POST /cormun/servlet/solicitudot?gx-no-cache=1458073734224 HTTP/1.1" 200 2783
186.78.51.154 - - [15/Mar/2016:16:27:35 -0300] "POST /cormun/servlet/solicitudot?0ba6a775b8d24928c1bc9d2b02fab917,UPD,2016,861,,gx-no-cache=1458073734778 HTTP/1.1" 200 9084
186.78.51.154 - - [15/Mar/2016:16:27:35 -0300] "GET /cormun/servlet/solicitudot?e6acb375af76d037ca666034d511f7f903b7ff6f9280b15b3bc64b456b05e65a39d9cd6a3a2da68f2dc706dcd3d36f70,gx-no-cache=1458073735249 HTTP/1.1" 200 30
186.78.51.154 - - [15/Mar/2016:16:27:35 -0300] "POST /cormun/servlet/solicitudot?gx-no-cache=1458073735378 HTTP/1.1" 200 30
186.78.51.154 - - [15/Mar/2016:16:27:35 -0300] "POST /cormun/servlet/solicitudot?gx-no-cache=1458073735495 HTTP/1.1" 200 122
186.78.51.154 - - [15/Mar/2016:16:27:35 -0300] "POST /cormun/servlet/solicitudot?gx-no-cache=1458073735661 HTTP/1.1" 200 1171
186.78.51.154 - - [15/Mar/2016:16:27:36 -0300] "GET /cormun/servlet/solicitudot?e6acb375af76d037ca666034d511f7f9f44a9639b5ffa0a287ba1b2f538bc0a0ab32da0f6a16827846e7b734fa14b72c89b0ce0a497f21822d7e68e03b3f2b6c9f9ce55373b3978e0efc6ed438cfc0038061081f3f8f137914c3ef7e8e77782a1c1852ca052a71969e4c37b6826b796afd2a12c3c5b9d9e8a309b64edd4e3155061d108d4a34b3a786d705be36e6be56822aebec0f0b507d936bf26742f5a38e,gx-no-cache=1458073735867 HTTP/1.1" 200 41
186.78.51.154 - - [15/Mar/2016:16:27:40 -0300] "POST /cormun/servlet/solicitudot?gx-no-cache=1458073739924 HTTP/1.1" 200 30
186.78.51.154 - - [15/Mar/2016:16:28:02 -0300] "POST /cormun/servlet/solicitudot?gx-no-cache=1458073762114 HTTP/1.1" 200 1171
186.78.51.154 - - [15/Mar/2016:16:28:03 -0300] "GET /cormun/servlet/solicitudot?e6acb375af76d037ca666034d511f7f9f44a9639b5ffa0a287ba1b2f538bc0a0ab32da0f6a16827846e7b734fa14b72c89b0ce0a497f21822d7e68e03b3f2b6c9f9ce55373b3978e0efc6ed438cfc0038061081f3f8f137914c3ef7e8e77782a1c1852ca052a71969e4c37b6826b796afd2a12c3c5b9d9e8a309b64edd4e3155061d108d4a34b3a786d705be36e6be56822aebec0f0b507d936bf26742f5a38e,gx-no-cache=1458073762829 HTTP/1.1" 200 41
186.78.51.154 - - [15/Mar/2016:16:28:03 -0300] "GET /cormun/servlet/solicitudot?e6acb375af76d037ca666034d511f7f91437e66d348ca3242e14e23c0952177d56e5a5d65e8fecf13ebd4fdb4afc8019c383b81a099d2c645f61bfce9a12885062b9030e2635afc719a70cc7c031a830bd3c2398f10e7af06be41cf493b3312524465514daaa8ddfb0fb1429b6f408d3a038a7caa0d2fd98b2f8ab9a2853d0bfb3431df3d2052f10602657d581269067f40729cfb73898149176fdd380f63e41,gx-no-cache=1458073762929 HTTP/1.1" 200 29
186.78.51.154 - - [15/Mar/2016:16:28:03 -0300] "POST /cormun/servlet/solicitudot?gx-no-cache=1458073763030 HTTP/1.1" 200 1128
186.78.51.154 - - [15/Mar/2016:16:28:03 -0300] "GET /cormun/servlet/solicitudot?e6acb375af76d037ca666034d511f7f9c75bf5c7617a7625331f68d229fa5f4f78b360e0522bb5d7382e30fe827b5798a3b87ccb1dcfe85353d5bb4be49f9e7382aeedb015e46928ecd15f017782281e2f876809b9d7289b57e2abe079a3eed55cbd0655f786fefb2cee28a58d990ba7965cb5f14b155600a437d8723673407edb4e2573752f9a9d3846195e856da41a7575666ba06b18f19eaedcc2a54e42e740ee924c30e135d8478bbc571b2fb5fe,gx-no-cache=1458073763255 HTTP/1.1" 200 30
186.78.51.154 - - [15/Mar/2016:16:28:03 -0300] "POST /cormun/servlet/solicitudot?0ba6a775b8d24928c1bc9d2b02fab917,UPD,2016,861,,gx-no-cache=1458073763360 HTTP/1.1" 200 93
186.78.51.154 - - [15/Mar/2016:16:28:04 -0300] "GET /cormun/servlet/hpexe_return? HTTP/1.1" 200 1009
186.78.51.154 - - [15/Mar/2016:16:28:04 -0300] "GET /cormun/servlet/trsolicitudot? HTTP/1.1" 200 9550
186.78.51.154 - - [15/Mar/2016:16:28:04 -0300] "GET /cormun/servlet/trsolicitudot? HTTP/1.1" 200 9547
186.78.51.154 - - [15/Mar/2016:16:28:12 -0300] "POST /cormun/servlet/trsolicitudot?0ba6a775b8d24928c1bc9d2b02fab917,,gx-no-cache=1458073771615 HTTP/1.1" 200 7014
186.78.51.154 - - [15/Mar/2016:16:28:12 -0300] "POST /cormun/servlet/trsolicitudot?0ba6a775b8d24928c1bc9d2b02fab917,,gx-no-cache=1458073772153 HTTP/1.1" 200 7014
186.78.51.154 - - [15/Mar/2016:16:28:13 -0300] "POST /cormun/servlet/trsolicitudot?0ba6a775b8d24928c1bc9d2b02fab917,,gx-no-cache=1458073772726 HTTP/1.1" 200 7014
186.78.51.154 - - [15/Mar/2016:16:28:13 -0300] "POST /cormun/servlet/trsolicitudot?0ba6a775b8d24928c1bc9d2b02fab917,,gx-no-cache=1458073773292 HTTP/1.1" 200 7013
186.78.51.154 - - [15/Mar/2016:16:28:14 -0300] "POST /cormun/servlet/trsolicitudot?0ba6a775b8d24928c1bc9d2b02fab917,,gx-no-cache=1458073773863 HTTP/1.1" 200 7014
186.78.51.154 - - [15/Mar/2016:16:28:15 -0300] "POST /cormun/servlet/trsolicitudot?0ba6a775b8d24928c1bc9d2b02fab917,,gx-no-cache=1458073774457 HTTP/1.1" 200 7015
186.78.51.154 - - [15/Mar/2016:16:28:15 -0300] "POST /cormun/servlet/trsolicitudot?0ba6a775b8d24928c1bc9d2b02fab917,,gx-no-cache=1458073775044 HTTP/1.1" 200 7015
186.78.51.154 - - [15/Mar/2016:16:28:16 -0300] "POST /cormun/servlet/trsolicitudot?0ba6a775b8d24928c1bc9d2b02fab917,,gx-no-cache=1458073775627 HTTP/1.1" 200 6758
186.78.51.154 - - [15/Mar/2016:16:28:16 -0300] "POST /cormun/servlet/trsolicitudot?0ba6a775b8d24928c1bc9d2b02fab917,,gx-no-cache=1458073776278 HTTP/1.1" 200 6698
186.78.51.154 - - [15/Mar/2016:16:28:26 -0300] "POST /cormun/servlet/trsolicitudot?0ba6a775b8d24928c1bc9d2b02fab917,,gx-no-cache=1458073785922 HTTP/1.1" 200 6429
186.78.51.154 - - [15/Mar/2016:16:28:27 -0300] "POST /cormun/servlet/trsolicitudot?0ba6a775b8d24928c1bc9d2b02fab917,,gx-no-cache=1458073786530 HTTP/1.1" 200 6370
192.168.10.89 - - [15/Mar/2016:16:28:30 -0300] "POST /cormun/servlet/trsolicitudot?6e57f3b0d0ec6ab57f71aa14193582e4,,gx-no-cache=1458069858345 HTTP/1.1" 200 6408
186.78.51.154 - - [15/Mar/2016:16:28:41 -0300] "POST /cormun/servlet/trsolicitudot?0ba6a775b8d24928c1bc9d2b02fab917,,gx-no-cache=1458073801165 HTTP/1.1" 200 104
186.78.51.154 - - [15/Mar/2016:16:28:41 -0300] "GET /cormun/servlet/solicitudot?UPD,2016,404, HTTP/1.1" 200 12695
186.78.51.154 - - [15/Mar/2016:16:28:42 -0300] "GET /cormun/servlet/solicitudot?UPD,2016,404, HTTP/1.1" 200 12704
186.78.51.154 - - [15/Mar/2016:16:28:43 -0300] "POST /cormun/servlet/solicitudot?gx-no-cache=1458073802685 HTTP/1.1" 200 2768
186.78.51.154 - - [15/Mar/2016:16:28:43 -0300] "POST /cormun/servlet/solicitudot?0ba6a775b8d24928c1bc9d2b02fab917,UPD,2016,404,,gx-no-cache=1458073803026 HTTP/1.1" 200 9146
186.78.51.154 - - [15/Mar/2016:16:28:43 -0300] "GET /cormun/servlet/solicitudot?e6acb375af76d037ca666034d511f7f998c9c64a34c25debdcc3cf9aec1d83ea39d9cd6a3a2da68f2dc706dcd3d36f70,gx-no-cache=1458073803406 HTTP/1.1" 200 30
186.78.51.154 - - [15/Mar/2016:16:28:43 -0300] "POST /cormun/servlet/solicitudot?gx-no-cache=1458073803489 HTTP/1.1" 200 30
186.78.51.154 - - [15/Mar/2016:16:28:43 -0300] "POST /cormun/servlet/solicitudot?gx-no-cache=1458073803571 HTTP/1.1" 200 122
186.78.51.154 - - [15/Mar/2016:16:28:43 -0300] "POST /cormun/servlet/solicitudot?gx-no-cache=1458073803694 HTTP/1.1" 200 1170
186.78.51.154 - - [15/Mar/2016:16:28:44 -0300] "GET /cormun/servlet/solicitudot?e6acb375af76d037ca666034d511f7f9f44a9639b5ffa0a287ba1b2f538bc0a0ab32da0f6a16827846e7b734fa14b72c89b0ce0a497f21822d7e68e03b3f2b6c9f9ce55373b3978e0efc6ed438cfc0038061081f3f8f137914c3ef7e8e77782a1c1852ca052a71969e4c37b6826b796afd2a12c3c5b9d9e8a309b64edd4e3155ae3e02b36a8539b6f4ff37ea6aa8f70537ab27b43c7f4438544c5b6bb2b7b755,gx-no-cache=1458073803913 HTTP/1.1" 200 41
186.78.51.154 - - [15/Mar/2016:16:29:57 -0300] "POST /cormun/servlet/solicitudot?0ba6a775b8d24928c1bc9d2b02fab917,UPD,2016,404,,gx-no-cache=1458073876834 HTTP/1.1" 200 93
186.78.51.154 - - [15/Mar/2016:16:29:57 -0300] "GET /cormun/servlet/hpexe_return? HTTP/1.1" 200 1009
186.78.51.154 - - [15/Mar/2016:16:29:57 -0300] "GET /cormun/servlet/trsolicitudot? HTTP/1.1" 200 8951
186.78.51.154 - - [15/Mar/2016:16:29:58 -0300] "GET /cormun/servlet/trsolicitudot? HTTP/1.1" 200 8948
186.78.51.154 - - [15/Mar/2016:16:30:26 -0300] "POST /cormun/servlet/trsolicitudot?0ba6a775b8d24928c1bc9d2b02fab917,,gx-no-cache=1458073905962 HTTP/1.1" 200 6393
186.78.51.154 - - [15/Mar/2016:16:30:27 -0300] "POST /cormun/servlet/trsolicitudot?0ba6a775b8d24928c1bc9d2b02fab917,,gx-no-cache=1458073906504 HTTP/1.1" 200 6392
186.78.51.154 - - [15/Mar/2016:16:30:27 -0300] "POST /cormun/servlet/trsolicitudot?0ba6a775b8d24928c1bc9d2b02fab917,,gx-no-cache=1458073907016 HTTP/1.1" 200 6391
186.78.51.154 - - [15/Mar/2016:16:30:28 -0300] "POST /cormun/servlet/trsolicitudot?0ba6a775b8d24928c1bc9d2b02fab917,,gx-no-cache=1458073907514 HTTP/1.1" 200 6393
186.78.51.154 - - [15/Mar/2016:16:30:28 -0300] "POST /cormun/servlet/trsolicitudot?0ba6a775b8d24928c1bc9d2b02fab917,,gx-no-cache=1458073908026 HTTP/1.1" 200 6392
186.78.51.154 - - [15/Mar/2016:16:30:29 -0300] "POST /cormun/servlet/trsolicitudot?0ba6a775b8d24928c1bc9d2b02fab917,,gx-no-cache=1458073908557 HTTP/1.1" 200 6392
186.78.51.154 - - [15/Mar/2016:16:30:29 -0300] "POST /cormun/servlet/trsolicitudot?0ba6a775b8d24928c1bc9d2b02fab917,,gx-no-cache=1458073909067 HTTP/1.1" 200 6392
186.78.51.154 - - [15/Mar/2016:16:30:30 -0300] "POST /cormun/servlet/trsolicitudot?0ba6a775b8d24928c1bc9d2b02fab917,,gx-no-cache=1458073909595 HTTP/1.1" 200 104
186.78.51.154 - - [15/Mar/2016:16:30:30 -0300] "GET /cormun/servlet/solicitudot?UPD,2016,404, HTTP/1.1" 200 12695
186.78.51.154 - - [15/Mar/2016:16:30:30 -0300] "GET /cormun/servlet/solicitudot?UPD,2016,404, HTTP/1.1" 200 12704
186.78.51.154 - - [15/Mar/2016:16:30:31 -0300] "POST /cormun/servlet/solicitudot?gx-no-cache=1458073911105 HTTP/1.1" 200 2768
186.78.51.154 - - [15/Mar/2016:16:30:31 -0300] "POST /cormun/servlet/solicitudot?0ba6a775b8d24928c1bc9d2b02fab917,UPD,2016,404,,gx-no-cache=1458073911468 HTTP/1.1" 200 9146
186.78.51.154 - - [15/Mar/2016:16:30:32 -0300] "GET /cormun/servlet/solicitudot?e6acb375af76d037ca666034d511f7f998c9c64a34c25debdcc3cf9aec1d83ea39d9cd6a3a2da68f2dc706dcd3d36f70,gx-no-cache=1458073911855 HTTP/1.1" 200 30
186.78.51.154 - - [15/Mar/2016:16:30:32 -0300] "POST /cormun/servlet/solicitudot?gx-no-cache=1458073911929 HTTP/1.1" 200 30
186.78.51.154 - - [15/Mar/2016:16:30:32 -0300] "POST /cormun/servlet/solicitudot?gx-no-cache=1458073912008 HTTP/1.1" 200 122
186.78.51.154 - - [15/Mar/2016:16:30:32 -0300] "POST /cormun/servlet/solicitudot?gx-no-cache=1458073912127 HTTP/1.1" 200 1170
186.78.51.154 - - [15/Mar/2016:16:30:32 -0300] "GET /cormun/servlet/solicitudot?e6acb375af76d037ca666034d511f7f9f44a9639b5ffa0a287ba1b2f538bc0a0ab32da0f6a16827846e7b734fa14b72c89b0ce0a497f21822d7e68e03b3f2b6c9f9ce55373b3978e0efc6ed438cfc0038061081f3f8f137914c3ef7e8e77782a1c1852ca052a71969e4c37b6826b796afd2a12c3c5b9d9e8a309b64edd4e3155ae3e02b36a8539b6f4ff37ea6aa8f70537ab27b43c7f4438544c5b6bb2b7b755,gx-no-cache=1458073912363 HTTP/1.1" 200 41
186.78.51.154 - - [15/Mar/2016:16:30:35 -0300] "POST /cormun/servlet/solicitudot?0ba6a775b8d24928c1bc9d2b02fab917,UPD,2016,404,,gx-no-cache=1458073914756 HTTP/1.1" 200 93
186.78.51.154 - - [15/Mar/2016:16:30:35 -0300] "GET /cormun/servlet/hpexe_return? HTTP/1.1" 200 1009
186.78.51.154 - - [15/Mar/2016:16:30:35 -0300] "GET /cormun/servlet/trsolicitudot? HTTP/1.1" 200 8951
186.78.51.154 - - [15/Mar/2016:16:30:35 -0300] "GET /cormun/servlet/trsolicitudot? HTTP/1.1" 200 8948
186.78.51.154 - - [15/Mar/2016:16:31:03 -0300] "POST /cormun/servlet/trsolicitudot?0ba6a775b8d24928c1bc9d2b02fab917,,gx-no-cache=1458073943012 HTTP/1.1" 200 6392
186.78.51.154 - - [15/Mar/2016:16:31:04 -0300] "POST /cormun/servlet/trsolicitudot?0ba6a775b8d24928c1bc9d2b02fab917,,gx-no-cache=1458073943554 HTTP/1.1" 200 6392
186.78.51.154 - - [15/Mar/2016:16:31:04 -0300] "POST /cormun/servlet/trsolicitudot?0ba6a775b8d24928c1bc9d2b02fab917,,gx-no-cache=1458073944038 HTTP/1.1" 200 6393
186.78.51.154 - - [15/Mar/2016:16:31:05 -0300] "POST /cormun/servlet/trsolicitudot?0ba6a775b8d24928c1bc9d2b02fab917,,gx-no-cache=1458073944537 HTTP/1.1" 200 6392
186.78.51.154 - - [15/Mar/2016:16:31:05 -0300] "POST /cormun/servlet/trsolicitudot?0ba6a775b8d24928c1bc9d2b02fab917,,gx-no-cache=1458073945042 HTTP/1.1" 200 6393
186.78.51.154 - - [15/Mar/2016:16:31:06 -0300] "POST /cormun/servlet/trsolicitudot?0ba6a775b8d24928c1bc9d2b02fab917,,gx-no-cache=1458073945543 HTTP/1.1" 200 6392
186.78.51.154 - - [15/Mar/2016:16:31:06 -0300] "POST /cormun/servlet/trsolicitudot?0ba6a775b8d24928c1bc9d2b02fab917,,gx-no-cache=1458073946053 HTTP/1.1" 200 6392
186.78.51.154 - - [15/Mar/2016:16:31:07 -0300] "POST /cormun/servlet/trsolicitudot?0ba6a775b8d24928c1bc9d2b02fab917,,gx-no-cache=1458073946610 HTTP/1.1" 200 104
186.78.51.154 - - [15/Mar/2016:16:31:07 -0300] "GET /cormun/servlet/solicitudot?UPD,2016,404, HTTP/1.1" 200 12695
186.78.51.154 - - [15/Mar/2016:16:31:07 -0300] "GET /cormun/servlet/solicitudot?UPD,2016,404, HTTP/1.1" 200 12704
192.168.10.89 - - [15/Mar/2016:16:31:08 -0300] "POST /cormun/servlet/trsolicitudot?6e57f3b0d0ec6ab57f71aa14193582e4,,gx-no-cache=1458070015786 HTTP/1.1" 200 6407
186.78.51.154 - - [15/Mar/2016:16:31:08 -0300] "POST /cormun/servlet/solicitudot?gx-no-cache=1458073948147 HTTP/1.1" 200 2771
186.78.51.154 - - [15/Mar/2016:16:31:08 -0300] "POST /cormun/servlet/solicitudot?0ba6a775b8d24928c1bc9d2b02fab917,UPD,2016,404,,gx-no-cache=1458073948488 HTTP/1.1" 200 9148
186.78.51.154 - - [15/Mar/2016:16:31:09 -0300] "GET /cormun/servlet/solicitudot?e6acb375af76d037ca666034d511f7f998c9c64a34c25debdcc3cf9aec1d83ea39d9cd6a3a2da68f2dc706dcd3d36f70,gx-no-cache=1458073948871 HTTP/1.1" 200 30
186.78.51.154 - - [15/Mar/2016:16:31:09 -0300] "POST /cormun/servlet/solicitudot?gx-no-cache=1458073948956 HTTP/1.1" 200 30
186.78.51.154 - - [15/Mar/2016:16:31:09 -0300] "POST /cormun/servlet/solicitudot?gx-no-cache=1458073949036 HTTP/1.1" 200 122
186.78.51.154 - - [15/Mar/2016:16:31:09 -0300] "POST /cormun/servlet/solicitudot?gx-no-cache=1458073949169 HTTP/1.1" 200 1170
186.78.51.154 - - [15/Mar/2016:16:31:09 -0300] "GET /cormun/servlet/solicitudot?e6acb375af76d037ca666034d511f7f9f44a9639b5ffa0a287ba1b2f538bc0a0ab32da0f6a16827846e7b734fa14b72c89b0ce0a497f21822d7e68e03b3f2b6c9f9ce55373b3978e0efc6ed438cfc0038061081f3f8f137914c3ef7e8e77782a1c1852ca052a71969e4c37b6826b796afd2a12c3c5b9d9e8a309b64edd4e3155ae3e02b36a8539b6f4ff37ea6aa8f70537ab27b43c7f4438544c5b6bb2b7b755,gx-no-cache=1458073949389 HTTP/1.1" 200 41
186.103.196.84 - - [15/Mar/2016:16:31:11 -0300] "GET /cormun/servlet/hlogin HTTP/1.1" 200 1728
186.103.196.84 - - [15/Mar/2016:16:31:15 -0300] "POST /cormun/servlet/hlogin?5e966455b2caf89acf1dd3a55ef55b69,gx-no-cache=1458070301258 HTTP/1.1" 200 90
186.103.196.84 - - [15/Mar/2016:16:31:15 -0300] "GET /cormun/servlet/hpexe_link HTTP/1.1" 200 956
186.103.196.84 - - [15/Mar/2016:16:31:15 -0300] "GET /cormun/servlet/hhome HTTP/1.1" 200 3442
186.103.196.84 - - [15/Mar/2016:16:31:17 -0300] "GET /cormun/servlet/hhome HTTP/1.1" 200 3442
186.103.196.84 - - [15/Mar/2016:16:31:24 -0300] "GET /cormun/servlet/trsolicitudot? HTTP/1.1" 200 9903
186.103.196.84 - - [15/Mar/2016:16:31:25 -0300] "GET /cormun/servlet/trsolicitudot? HTTP/1.1" 200 9901
186.78.51.154 - - [15/Mar/2016:16:31:29 -0300] "GET /cormun/servlet/solicitudot?e6acb375af76d037ca666034d511f7f93407de26bbecab6da3a12f186305389356e5a5d65e8fecf13ebd4fdb4afc8019c383b81a099d2c645f61bfce9a12885062b9030e2635afc719a70cc7c031a830bd3c2398f10e7af06be41cf493b3312524465514daaa8ddfb0fb1429b6f408d3a038a7caa0d2fd98b2f8ab9a2853d0bfb3431df3d2052f10602657d581269067f40729cfb73898149176fdd380f63e41,gx-no-cache=1458073969530 HTTP/1.1" 200 30
186.78.51.154 - - [15/Mar/2016:16:31:32 -0300] "POST /cormun/servlet/solicitudot?gx-no-cache=1458073971828 HTTP/1.1" 200 1128
186.78.51.154 - - [15/Mar/2016:16:31:32 -0300] "GET /cormun/servlet/solicitudot?e6acb375af76d037ca666034d511f7f94b00ed0866b3b44a4d89e901fe17eb2239a560092d29c0266b47e2c79f4ae8cf69afe7f0a92abea666de82541ac1e28498eece1d88bf6c3737e2736cd031fe84d3a17828304ac75f48496330ff8c1f107c51a0f260241133d8d5737ed68b4692f23cb1ccac1bf6a54f7158a2c647d304d994b046bf31272efd8aa244e0743ffb1764342fd821e02ec6c930dbe1924e81d6f56d622a3ebad6bd064623d58469ca3f14eb15cd153b8f12d09931fb094dab,gx-no-cache=1458073972029 HTTP/1.1" 200 32
186.78.51.154 - - [15/Mar/2016:16:31:32 -0300] "POST /cormun/servlet/solicitudot?0ba6a775b8d24928c1bc9d2b02fab917,UPD,2016,404,,gx-no-cache=1458073972114 HTTP/1.1" 200 93
186.78.51.154 - - [15/Mar/2016:16:31:32 -0300] "GET /cormun/servlet/hpexe_return? HTTP/1.1" 200 1009
186.78.51.154 - - [15/Mar/2016:16:31:32 -0300] "GET /cormun/servlet/trsolicitudot? HTTP/1.1" 200 8940
186.78.51.154 - - [15/Mar/2016:16:31:33 -0300] "GET /cormun/servlet/trsolicitudot? HTTP/1.1" 200 8936
186.78.51.154 - - [15/Mar/2016:16:31:39 -0300] "POST /cormun/servlet/trsolicitudot?0ba6a775b8d24928c1bc9d2b02fab917,,gx-no-cache=1458073978874 HTTP/1.1" 200 6386
186.78.51.154 - - [15/Mar/2016:16:31:39 -0300] "POST /cormun/servlet/trsolicitudot?0ba6a775b8d24928c1bc9d2b02fab917,,gx-no-cache=1458073979341 HTTP/1.1" 200 6386
186.78.51.154 - - [15/Mar/2016:16:31:40 -0300] "POST /cormun/servlet/trsolicitudot?0ba6a775b8d24928c1bc9d2b02fab917,,gx-no-cache=1458073979848 HTTP/1.1" 200 6386
186.78.51.154 - - [15/Mar/2016:16:31:40 -0300] "POST /cormun/servlet/trsolicitudot?0ba6a775b8d24928c1bc9d2b02fab917,,gx-no-cache=1458073980383 HTTP/1.1" 200 6386
186.78.51.154 - - [15/Mar/2016:16:31:41 -0300] "POST /cormun/servlet/trsolicitudot?0ba6a775b8d24928c1bc9d2b02fab917,,gx-no-cache=1458073980889 HTTP/1.1" 200 6386
186.78.51.154 - - [15/Mar/2016:16:31:41 -0300] "POST /cormun/servlet/trsolicitudot?0ba6a775b8d24928c1bc9d2b02fab917,,gx-no-cache=1458073981392 HTTP/1.1" 200 6385
186.78.51.154 - - [15/Mar/2016:16:31:42 -0300] "POST /cormun/servlet/trsolicitudot?0ba6a775b8d24928c1bc9d2b02fab917,,gx-no-cache=1458073981895 HTTP/1.1" 200 6386
186.78.51.154 - - [15/Mar/2016:16:31:42 -0300] "POST /cormun/servlet/trsolicitudot?0ba6a775b8d24928c1bc9d2b02fab917,,gx-no-cache=1458073982418 HTTP/1.1" 200 6055
186.78.51.154 - - [15/Mar/2016:16:31:43 -0300] "POST /cormun/servlet/trsolicitudot?0ba6a775b8d24928c1bc9d2b02fab917,,gx-no-cache=1458073982987 HTTP/1.1" 200 5999
192.168.10.89 - - [15/Mar/2016:16:31:47 -0300] "GET /cormun/servlet/trautorizarsolicitud? HTTP/1.1" 200 7873
186.78.51.154 - - [15/Mar/2016:16:31:54 -0300] "POST /cormun/servlet/trsolicitudot?0ba6a775b8d24928c1bc9d2b02fab917,,gx-no-cache=1458073994295 HTTP/1.1" 200 6021
186.78.51.154 - - [15/Mar/2016:16:31:55 -0300] "POST /cormun/servlet/trsolicitudot?0ba6a775b8d24928c1bc9d2b02fab917,,gx-no-cache=1458073994796 HTTP/1.1" 200 6021
186.78.51.154 - - [15/Mar/2016:16:31:55 -0300] "POST /cormun/servlet/trsolicitudot?0ba6a775b8d24928c1bc9d2b02fab917,,gx-no-cache=1458073995291 HTTP/1.1" 200 6021
186.78.51.154 - - [15/Mar/2016:16:31:56 -0300] "POST /cormun/servlet/trsolicitudot?0ba6a775b8d24928c1bc9d2b02fab917,,gx-no-cache=1458073995818 HTTP/1.1" 200 6021
186.78.51.154 - - [15/Mar/2016:16:31:56 -0300] "POST /cormun/servlet/trsolicitudot?0ba6a775b8d24928c1bc9d2b02fab917,,gx-no-cache=1458073996322 HTTP/1.1" 200 6022
186.78.51.154 - - [15/Mar/2016:16:31:57 -0300] "POST /cormun/servlet/trsolicitudot?0ba6a775b8d24928c1bc9d2b02fab917,,gx-no-cache=1458073996833 HTTP/1.1" 200 6021
186.78.51.154 - - [15/Mar/2016:16:31:57 -0300] "POST /cormun/servlet/trsolicitudot?0ba6a775b8d24928c1bc9d2b02fab917,,gx-no-cache=1458073997357 HTTP/1.1" 200 6021
186.78.51.154 - - [15/Mar/2016:16:31:58 -0300] "POST /cormun/servlet/trsolicitudot?0ba6a775b8d24928c1bc9d2b02fab917,,gx-no-cache=1458073997889 HTTP/1.1" 200 104
192.168.10.89 - - [15/Mar/2016:16:31:58 -0300] "GET /cormun/servlet/trsolicitudot? HTTP/1.1" 200 8584
186.78.51.154 - - [15/Mar/2016:16:31:58 -0300] "GET /cormun/servlet/solicitudot?DLT,2016,501, HTTP/1.1" 200 8450
186.78.51.154 - - [15/Mar/2016:16:31:59 -0300] "GET /cormun/servlet/solicitudot?DLT,2016,501, HTTP/1.1" 200 8459
186.78.51.154 - - [15/Mar/2016:16:32:02 -0300] "POST /cormun/servlet/solicitudot?0ba6a775b8d24928c1bc9d2b02fab917,DLT,2016,501,,gx-no-cache=1458074002118 HTTP/1.1" 200 9385
186.78.51.154 - - [15/Mar/2016:16:32:02 -0300] "GET /cormun/static/Shared/jqueryui/images/ui-bg_flat_55_994d53_40x100.png HTTP/1.1" 404 1097
186.78.51.154 - - [15/Mar/2016:16:32:02 -0300] "GET /cormun/static/Shared/jqueryui/images/ui-icons_ebccce_256x240.png HTTP/1.1" 404 1089
192.168.10.89 - - [15/Mar/2016:16:32:02 -0300] "POST /cormun/servlet/trsolicitudot?6e57f3b0d0ec6ab57f71aa14193582e4,,gx-no-cache=1458070070505 HTTP/1.1" 200 6038
192.168.10.89 - - [15/Mar/2016:16:32:03 -0300] "POST /cormun/servlet/trsolicitudot?6e57f3b0d0ec6ab57f71aa14193582e4,,gx-no-cache=1458070070826 HTTP/1.1" 200 6038
192.168.10.89 - - [15/Mar/2016:16:32:03 -0300] "POST /cormun/servlet/trsolicitudot?6e57f3b0d0ec6ab57f71aa14193582e4,,gx-no-cache=1458070071206 HTTP/1.1" 200 6039
192.168.10.89 - - [15/Mar/2016:16:32:04 -0300] "POST /cormun/servlet/trsolicitudot?6e57f3b0d0ec6ab57f71aa14193582e4,,gx-no-cache=1458070071650 HTTP/1.1" 200 6039
192.168.10.89 - - [15/Mar/2016:16:32:04 -0300] "POST /cormun/servlet/trsolicitudot?6e57f3b0d0ec6ab57f71aa14193582e4,,gx-no-cache=1458070072157 HTTP/1.1" 200 6039
192.168.10.89 - - [15/Mar/2016:16:32:05 -0300] "POST /cormun/servlet/trsolicitudot?6e57f3b0d0ec6ab57f71aa14193582e4,,gx-no-cache=1458070072762 HTTP/1.1" 200 6040
192.168.10.89 - - [15/Mar/2016:16:32:05 -0300] "POST /cormun/servlet/trsolicitudot?6e57f3b0d0ec6ab57f71aa14193582e4,,gx-no-cache=1458070073385 HTTP/1.1" 200 6040
186.78.51.154 - - [15/Mar/2016:16:32:09 -0300] "POST /cormun/servlet/solicitudot?0ba6a775b8d24928c1bc9d2b02fab917,DLT,2016,501,,gx-no-cache=1458074008985 HTTP/1.1" 200 93
192.168.10.89 - - [15/Mar/2016:16:32:09 -0300] "POST /cormun/servlet/trsolicitudot?6e57f3b0d0ec6ab57f71aa14193582e4,,gx-no-cache=1458070074084 HTTP/1.1" 200 6039
186.78.51.154 - - [15/Mar/2016:16:32:09 -0300] "GET /cormun/servlet/hpexe_return? HTTP/1.1" 200 1008
186.78.51.154 - - [15/Mar/2016:16:32:09 -0300] "GET /cormun/servlet/trsolicitudot? HTTP/1.1" 200 8598
186.78.51.154 - - [15/Mar/2016:16:32:10 -0300] "GET /cormun/servlet/trsolicitudot? HTTP/1.1" 200 8594
186.78.51.154 - - [15/Mar/2016:16:32:21 -0300] "POST /cormun/servlet/trsolicitudot?0ba6a775b8d24928c1bc9d2b02fab917,,gx-no-cache=1458074021366 HTTP/1.1" 200 6021
186.78.51.154 - - [15/Mar/2016:16:32:22 -0300] "POST /cormun/servlet/trsolicitudot?0ba6a775b8d24928c1bc9d2b02fab917,,gx-no-cache=1458074021833 HTTP/1.1" 200 6021
186.78.51.154 - - [15/Mar/2016:16:32:22 -0300] "POST /cormun/servlet/trsolicitudot?0ba6a775b8d24928c1bc9d2b02fab917,,gx-no-cache=1458074022314 HTTP/1.1" 200 6021
192.168.10.89 - - [15/Mar/2016:16:32:22 -0300] "POST /cormun/servlet/trsolicitudot?6e57f3b0d0ec6ab57f71aa14193582e4,,gx-no-cache=1458070090507 HTTP/1.1" 200 106
186.78.51.154 - - [15/Mar/2016:16:32:23 -0300] "POST /cormun/servlet/trsolicitudot?0ba6a775b8d24928c1bc9d2b02fab917,,gx-no-cache=1458074022775 HTTP/1.1" 200 6020
192.168.10.89 - - [15/Mar/2016:16:32:23 -0300] "GET /cormun/servlet/trsolicitudadjuntos?2016,339, HTTP/1.1" 200 7662
192.168.10.89 - - [15/Mar/2016:16:32:23 -0300] "GET /cormun/static/gxcfg.js?2016311731090 HTTP/1.1" 304 -
192.168.10.89 - - [15/Mar/2016:16:32:23 -0300] "GET /cormun/static/trsolicitudadjuntos.js?2016311731342 HTTP/1.1" 304 -
186.78.51.154 - - [15/Mar/2016:16:32:23 -0300] "POST /cormun/servlet/trsolicitudot?0ba6a775b8d24928c1bc9d2b02fab917,,gx-no-cache=1458074023275 HTTP/1.1" 200 6020
186.78.51.154 - - [15/Mar/2016:16:32:24 -0300] "POST /cormun/servlet/trsolicitudot?0ba6a775b8d24928c1bc9d2b02fab917,,gx-no-cache=1458074023742 HTTP/1.1" 200 6021
186.78.51.154 - - [15/Mar/2016:16:32:24 -0300] "POST /cormun/servlet/trsolicitudot?0ba6a775b8d24928c1bc9d2b02fab917,,gx-no-cache=1458074024220 HTTP/1.1" 200 6020
186.78.51.154 - - [15/Mar/2016:16:32:25 -0300] "POST /cormun/servlet/trsolicitudot?0ba6a775b8d24928c1bc9d2b02fab917,,gx-no-cache=1458074024716 HTTP/1.1" 200 105
186.78.51.154 - - [15/Mar/2016:16:32:25 -0300] "GET /cormun/servlet/solicitudot?DLT,2016,339, HTTP/1.1" 200 8435
186.78.51.154 - - [15/Mar/2016:16:32:25 -0300] "GET /cormun/servlet/solicitudot?DLT,2016,339, HTTP/1.1" 200 8444
192.168.10.89 - - [15/Mar/2016:16:32:27 -0300] "GET /cormun/servlet/trsolicitudot? HTTP/1.1" 200 8584
186.78.51.154 - - [15/Mar/2016:16:32:29 -0300] "POST /cormun/servlet/solicitudot?0ba6a775b8d24928c1bc9d2b02fab917,DLT,2016,339,,gx-no-cache=1458074029018 HTTP/1.1" 200 93
186.78.51.154 - - [15/Mar/2016:16:32:29 -0300] "GET /cormun/servlet/hpexe_return? HTTP/1.1" 200 1009
186.78.51.154 - - [15/Mar/2016:16:32:29 -0300] "GET /cormun/servlet/trsolicitudot? HTTP/1.1" 200 8598
186.78.51.154 - - [15/Mar/2016:16:32:30 -0300] "GET /cormun/servlet/trsolicitudot? HTTP/1.1" 200 8594
192.168.10.89 - - [15/Mar/2016:16:32:37 -0300] "GET /cormun/servlet/trautorizarsolicitud? HTTP/1.1" 200 7873
192.168.10.89 - - [15/Mar/2016:16:32:41 -0300] "GET /cormun/static/menuarrow.gif HTTP/1.1" 404 1015
192.168.10.89 - - [15/Mar/2016:16:32:45 -0300] "POST /cormun/servlet/trautorizarsolicitud?6e57f3b0d0ec6ab57f71aa14193582e4,,gx-no-cache=1458070112820 HTTP/1.1" 200 5350
192.168.10.89 - - [15/Mar/2016:16:32:45 -0300] "POST /cormun/servlet/trautorizarsolicitud?6e57f3b0d0ec6ab57f71aa14193582e4,,gx-no-cache=1458070113122 HTTP/1.1" 200 5350
192.168.10.89 - - [15/Mar/2016:16:32:45 -0300] "POST /cormun/servlet/trautorizarsolicitud?6e57f3b0d0ec6ab57f71aa14193582e4,,gx-no-cache=1458070113452 HTTP/1.1" 200 5350
192.168.10.89 - - [15/Mar/2016:16:32:46 -0300] "POST /cormun/servlet/trautorizarsolicitud?6e57f3b0d0ec6ab57f71aa14193582e4,,gx-no-cache=1458070113831 HTTP/1.1" 200 5349
192.168.10.89 - - [15/Mar/2016:16:32:46 -0300] "POST /cormun/servlet/trautorizarsolicitud?6e57f3b0d0ec6ab57f71aa14193582e4,,gx-no-cache=1458070114262 HTTP/1.1" 200 5350
192.168.10.89 - - [15/Mar/2016:16:32:47 -0300] "POST /cormun/servlet/trautorizarsolicitud?6e57f3b0d0ec6ab57f71aa14193582e4,,gx-no-cache=1458070114732 HTTP/1.1" 200 5350
192.168.10.89 - - [15/Mar/2016:16:32:47 -0300] "POST /cormun/servlet/trautorizarsolicitud?6e57f3b0d0ec6ab57f71aa14193582e4,,gx-no-cache=1458070115269 HTTP/1.1" 200 5350
192.168.10.89 - - [15/Mar/2016:16:32:50 -0300] "POST /cormun/servlet/trautorizarsolicitud?6e57f3b0d0ec6ab57f71aa14193582e4,,gx-no-cache=1458070115829 HTTP/1.1" 200 5350
192.168.10.89 - - [15/Mar/2016:16:32:59 -0300] "GET /cormun/servlet/trsolicitudot? HTTP/1.1" 200 8584
192.168.10.89 - - [15/Mar/2016:16:33:19 -0300] "GET /cormun/servlet/trautorizarsolicitud? HTTP/1.1" 200 7873
186.103.196.84 - - [15/Mar/2016:16:33:22 -0300] "GET /cormun/servlet/solicitudot?INS,0,0, HTTP/1.1" 200 11465
192.168.10.89 - - [15/Mar/2016:16:33:23 -0300] "GET /cormun/servlet/trsolicitudot? HTTP/1.1" 200 8584
186.103.196.84 - - [15/Mar/2016:16:33:24 -0300] "GET /cormun/servlet/solicitudot?INS,0,0, HTTP/1.1" 200 11470
192.168.10.89 - - [15/Mar/2016:16:33:25 -0300] "POST /cormun/servlet/trsolicitudot?6e57f3b0d0ec6ab57f71aa14193582e4,,gx-no-cache=1458070153522 HTTP/1.1" 200 6040
192.168.10.89 - - [15/Mar/2016:16:33:26 -0300] "POST /cormun/servlet/trsolicitudot?6e57f3b0d0ec6ab57f71aa14193582e4,,gx-no-cache=1458070153872 HTTP/1.1" 200 6040
192.168.10.89 - - [15/Mar/2016:16:33:26 -0300] "POST /cormun/servlet/trsolicitudot?6e57f3b0d0ec6ab57f71aa14193582e4,,gx-no-cache=1458070154266 HTTP/1.1" 200 6039
192.168.10.89 - - [15/Mar/2016:16:33:27 -0300] "POST /cormun/servlet/trsolicitudot?6e57f3b0d0ec6ab57f71aa14193582e4,,gx-no-cache=1458070154716 HTTP/1.1" 200 6038
192.168.10.89 - - [15/Mar/2016:16:33:33 -0300] "GET /cormun/servlet/trsolicitudot?b2620461ef71411394840d309b9d87f46e80f0073b2bf6db5e892ca59703d8bc3f27d5365ae9fbc9822de447e534b7d1def2331283c3aee2eb8b18ee3e4839a1901f0bbfedd2d67b8c4456aa69e2c81a120e291735ee6c323d1a037df0a66ad182ab90fa5e2bd9282577464bcc6f3e9b3faf60b75856600696710f44533a034d950eaca8b3baf4dd2686918143d9e1ed,gx-no-cache=1458070160651 HTTP/1.1" 200 3479
192.168.10.89 - - [15/Mar/2016:16:33:33 -0300] "POST /cormun/servlet/trsolicitudot?6e57f3b0d0ec6ab57f71aa14193582e4,,gx-no-cache=1458070159780 HTTP/1.1" 200 8315
192.168.10.89 - - [15/Mar/2016:16:33:36 -0300] "POST /cormun/servlet/trsolicitudot?6e57f3b0d0ec6ab57f71aa14193582e4,,gx-no-cache=1458070163943 HTTP/1.1" 200 8316
192.168.10.89 - - [15/Mar/2016:16:33:37 -0300] "POST /cormun/servlet/trsolicitudot?6e57f3b0d0ec6ab57f71aa14193582e4,,gx-no-cache=1458070165059 HTTP/1.1" 200 8317
192.168.10.89 - - [15/Mar/2016:16:33:38 -0300] "POST /cormun/servlet/trsolicitudot?6e57f3b0d0ec6ab57f71aa14193582e4,,gx-no-cache=1458070166348 HTTP/1.1" 200 8316
192.168.10.89 - - [15/Mar/2016:16:33:43 -0300] "POST /cormun/servlet/trsolicitudot?6e57f3b0d0ec6ab57f71aa14193582e4,,gx-no-cache=1458070167655 HTTP/1.1" 200 8317
186.103.196.84 - - [15/Mar/2016:16:33:47 -0300] "POST /cormun/servlet/solicitudot?gx-no-cache=1458070453831 HTTP/1.1" 200 2762
186.103.196.84 - - [15/Mar/2016:16:33:48 -0300] "POST /cormun/servlet/solicitudot?5e966455b2caf89acf1dd3a55ef55b69,INS,0,0,,gx-no-cache=1458070454132 HTTP/1.1" 200 8398
186.103.196.84 - - [15/Mar/2016:16:33:53 -0300] "GET /cormun/servlet/solicitudot?45b5ca26b4b4f1a2e5f1a272ab3e1f23f39c904d5674ae474093e42d6a8991d247c7021a434b60569913259041d96286,gx-no-cache=1458070459702 HTTP/1.1" 200 30
186.103.196.84 - - [15/Mar/2016:16:33:53 -0300] "POST /cormun/servlet/solicitudot?gx-no-cache=1458070459833 HTTP/1.1" 200 30
186.103.196.84 - - [15/Mar/2016:16:33:53 -0300] "POST /cormun/servlet/solicitudot?gx-no-cache=1458070459910 HTTP/1.1" 200 33
186.103.196.84 - - [15/Mar/2016:16:33:53 -0300] "POST /cormun/servlet/solicitudot?gx-no-cache=1458070460002 HTTP/1.1" 200 1171
186.103.196.84 - - [15/Mar/2016:16:33:54 -0300] "GET /cormun/servlet/solicitudot?45b5ca26b4b4f1a2e5f1a272ab3e1f233b72f021f4c1cce52722843610ac1891a3d8877a8796d91f31df313c3ca7dc27c798ab367cd8f6c854c0f2e0958948633b0c8021fa5eb2bd9cbb29cacfce586fed9e419d8c53803f4071c926039f915897248e23bb362118b07379f3eb4e773a0229513e399d2cc21b8a429980c213bd56bec0a64178022678b49443e5ac6c00,gx-no-cache=1458070460143 HTTP/1.1" 200 38
192.168.10.89 - - [15/Mar/2016:16:33:56 -0300] "POST /cormun/servlet/trsolicitudot?6e57f3b0d0ec6ab57f71aa14193582e4,,gx-no-cache=1458070184526 HTTP/1.1" 200 8295
192.168.10.89 - - [15/Mar/2016:16:34:13 -0300] "POST /cormun/servlet/trsolicitudot?6e57f3b0d0ec6ab57f71aa14193582e4,,gx-no-cache=1458070201085 HTTP/1.1" 200 8297
192.168.10.89 - - [15/Mar/2016:16:34:26 -0300] "GET /cormun/servlet/treventos?2016,885, HTTP/1.1" 200 6314
192.168.10.89 - - [15/Mar/2016:16:34:26 -0300] "GET /cormun/static/gxcfg.js?2016311731661 HTTP/1.1" 200 953
192.168.10.89 - - [15/Mar/2016:16:34:26 -0300] "GET /cormun/static/treventos.js?2016311731865 HTTP/1.1" 200 14123
192.168.10.89 - - [15/Mar/2016:16:34:35 -0300] "GET /cormun/servlet/trautorizarsolicitud? HTTP/1.1" 200 7865
192.168.10.89 - - [15/Mar/2016:16:35:10 -0300] "GET /cormun/servlet/trsolicitudot? HTTP/1.1" 200 10858
186.103.196.84 - - [15/Mar/2016:16:35:26 -0300] "GET /cormun/servlet/solicitudot?45b5ca26b4b4f1a2e5f1a272ab3e1f233360c319876ed8f82fabb8e21f7ef794d6f58730d3b85701748dd5943fe7bbf78ee35522eae209fb4e60fc3a89cc8cc7ad89f6164a29da8067d54d18e06cb5353597fc0029176adb48d12b913709f09c4300ae048ed5ad6161c6ca97b5a5eb41,gx-no-cache=1458070552264 HTTP/1.1" 200 29
186.103.196.84 - - [15/Mar/2016:16:35:26 -0300] "POST /cormun/servlet/solicitudot?gx-no-cache=1458070552408 HTTP/1.1" 200 1127
192.168.10.89 - - [15/Mar/2016:16:35:28 -0300] "GET /cormun/servlet/trautorizarsolicitud? HTTP/1.1" 200 7873
192.168.10.89 - - [15/Mar/2016:16:35:33 -0300] "POST /cormun/servlet/trautorizarsolicitud?6e57f3b0d0ec6ab57f71aa14193582e4,,gx-no-cache=1458070281443 HTTP/1.1" 200 5350
192.168.10.89 - - [15/Mar/2016:16:35:34 -0300] "POST /cormun/servlet/trautorizarsolicitud?6e57f3b0d0ec6ab57f71aa14193582e4,,gx-no-cache=1458070281707 HTTP/1.1" 200 5349
192.168.10.89 - - [15/Mar/2016:16:35:34 -0300] "POST /cormun/servlet/trautorizarsolicitud?6e57f3b0d0ec6ab57f71aa14193582e4,,gx-no-cache=1458070282044 HTTP/1.1" 200 5350
192.168.10.89 - - [15/Mar/2016:16:35:34 -0300] "POST /cormun/servlet/trautorizarsolicitud?6e57f3b0d0ec6ab57f71aa14193582e4,,gx-no-cache=1458070282424 HTTP/1.1" 200 5349
192.168.10.89 - - [15/Mar/2016:16:35:38 -0300] "GET /cormun/servlet/trautorizarsolicitud?b2620461ef71411394840d309b9d87f46e80f0073b2bf6db5e892ca59703d8bc104eec6f101480d55b21f5a06b1a65f2d6c1c7c42ec5f2845163755f80e18a9307e137e36d28b64dd0f7bc302217607824c4beb6664aa4b3251829c73c0ffd0eea37a84d1bdaa816bf3de3db75aa669b,gx-no-cache=1458070286508 HTTP/1.1" 200 2710
192.168.10.89 - - [15/Mar/2016:16:35:38 -0300] "POST /cormun/servlet/trautorizarsolicitud?6e57f3b0d0ec6ab57f71aa14193582e4,,gx-no-cache=1458070286043 HTTP/1.1" 200 8281
186.103.196.84 - - [15/Mar/2016:16:35:49 -0300] "POST /cormun/servlet/solicitudot?gx-no-cache=1458070575237 HTTP/1.1" 200 30
186.103.196.84 - - [15/Mar/2016:16:35:51 -0300] "POST /cormun/servlet/solicitudot?gx-no-cache=1458070577365 HTTP/1.1" 200 1171
186.103.196.84 - - [15/Mar/2016:16:35:51 -0300] "GET /cormun/servlet/solicitudot?45b5ca26b4b4f1a2e5f1a272ab3e1f233b72f021f4c1cce52722843610ac1891a3d8877a8796d91f31df313c3ca7dc27c798ab367cd8f6c854c0f2e0958948633b0c8021fa5eb2bd9cbb29cacfce586fed9e419d8c53803f4071c926039f915897248e23bb362118b07379f3eb4e773a0229513e399d2cc21b8a429980c213bdcd7e7b01491c9927922af33bc0d808d5cc7ab6c58a6df2352ad9a19e49df7201,gx-no-cache=1458070577525 HTTP/1.1" 200 41
186.103.196.84 - - [15/Mar/2016:16:35:51 -0300] "POST /cormun/servlet/solicitudot?gx-no-cache=1458070577597 HTTP/1.1" 200 1127
186.103.196.84 - - [15/Mar/2016:16:35:51 -0300] "GET /cormun/servlet/solicitudot?45b5ca26b4b4f1a2e5f1a272ab3e1f231b0a1ced1198b7b475e511fd890ae21353b089b81135875d49e4106d24c6e1ff54cb83f0bd1eb93580fb04a7e79b96c15664c6f92ac1f63e4221224e4a078b17f7627ab803f61ecd3beecf6b0588745b3846842c6cd3a3a9a010d3caf1ad3442ed63be78298e2bd05794e14a01d83299fc08900a5c927c6b94eef48d582559d14930a3002a81aca80002bd0ad3c59ecbc56cd7cc9a48c2592892bfe3142fb349,gx-no-cache=1458070577673 HTTP/1.1" 200 30
186.103.196.84 - - [15/Mar/2016:16:35:51 -0300] "POST /cormun/servlet/solicitudot?5e966455b2caf89acf1dd3a55ef55b69,INS,0,0,,gx-no-cache=1458070577744 HTTP/1.1" 200 93
186.103.196.84 - - [15/Mar/2016:16:35:51 -0300] "GET /cormun/servlet/hpexe_return? HTTP/1.1" 200 1012
186.103.196.84 - - [15/Mar/2016:16:35:52 -0300] "GET /cormun/servlet/trsolicitudot HTTP/1.1" 200 10276
186.103.196.84 - - [15/Mar/2016:16:35:53 -0300] "GET /cormun/servlet/trsolicitudot HTTP/1.1" 200 10272
192.168.10.89 - - [15/Mar/2016:16:36:30 -0300] "GET /cormun/servlet/hlogin HTTP/1.1" 200 1739
186.103.159.44 - - [15/Mar/2016:16:38:45 -0300] "GET /cormun/servlet/hlogin HTTP/1.1" 200 1717
186.103.159.44 - - [15/Mar/2016:16:38:45 -0300] "GET /cormun/static/gxtimezone.js?85251 HTTP/1.1" 304 -
186.103.159.44 - - [15/Mar/2016:16:38:45 -0300] "GET /cormun/static/Resources/Spanish/PXTools.css?005343 HTTP/1.1" 304 -
186.103.159.44 - - [15/Mar/2016:16:38:45 -0300] "GET /cormun/static/gxcfg.js?20151120045111 HTTP/1.1" 304 -
186.103.159.44 - - [15/Mar/2016:16:38:45 -0300] "GET /cormun/static/gxgral.js?85251 HTTP/1.1" 304 -
186.103.159.44 - - [15/Mar/2016:16:38:45 -0300] "GET /cormun/static/Resources/ComunLogin.png HTTP/1.1" 304 -
186.103.159.44 - - [15/Mar/2016:16:38:45 -0300] "GET /cormun/static/messages.spa.js?85251 HTTP/1.1" 304 -
186.103.159.44 - - [15/Mar/2016:16:38:45 -0300] "GET /cormun/static/hlogin.js?20151120045126 HTTP/1.1" 304 -
186.103.159.44 - - [15/Mar/2016:16:38:46 -0300] "GET /cormun/servlet/hlogin HTTP/1.1" 200 1727
186.103.159.44 - - [15/Mar/2016:16:38:46 -0300] "GET /cormun/static/Resources/indicator.gif HTTP/1.1" 304 -
186.103.159.44 - - [15/Mar/2016:16:39:50 -0300] "POST /cormun/servlet/hlogin?8d0df1b9826bbb9a6c7ac6af203c0b13,gx-no-cache=1458070814715 HTTP/1.1" 200 90
186.103.159.44 - - [15/Mar/2016:16:39:50 -0300] "GET /cormun/servlet/hpexe_link HTTP/1.1" 200 951
186.103.159.44 - - [15/Mar/2016:16:39:50 -0300] "GET /cormun/servlet/hhome HTTP/1.1" 200 3454
186.103.159.44 - - [15/Mar/2016:16:39:53 -0300] "GET /cormun/servlet/trsolicitudot? HTTP/1.1" 200 7503
186.103.159.44 - - [15/Mar/2016:16:40:02 -0300] "POST /cormun/servlet/trsolicitudot?8d0df1b9826bbb9a6c7ac6af203c0b13,,gx-no-cache=1458070827567 HTTP/1.1" 200 4893
186.103.159.44 - - [15/Mar/2016:16:40:03 -0300] "POST /cormun/servlet/trsolicitudot?8d0df1b9826bbb9a6c7ac6af203c0b13,,gx-no-cache=1458070828093 HTTP/1.1" 200 4893
186.103.159.44 - - [15/Mar/2016:16:40:03 -0300] "POST /cormun/servlet/trsolicitudot?8d0df1b9826bbb9a6c7ac6af203c0b13,,gx-no-cache=1458070828663 HTTP/1.1" 200 4892
186.103.159.44 - - [15/Mar/2016:16:40:04 -0300] "POST /cormun/servlet/trsolicitudot?8d0df1b9826bbb9a6c7ac6af203c0b13,,gx-no-cache=1458070829353 HTTP/1.1" 200 4893
186.103.159.44 - - [15/Mar/2016:16:40:05 -0300] "POST /cormun/servlet/trsolicitudot?8d0df1b9826bbb9a6c7ac6af203c0b13,,gx-no-cache=1458070830147 HTTP/1.1" 200 4892
186.103.159.44 - - [15/Mar/2016:16:40:06 -0300] "POST /cormun/servlet/trsolicitudot?8d0df1b9826bbb9a6c7ac6af203c0b13,,gx-no-cache=1458070831013 HTTP/1.1" 200 4892
186.103.159.44 - - [15/Mar/2016:16:40:07 -0300] "POST /cormun/servlet/trsolicitudot?8d0df1b9826bbb9a6c7ac6af203c0b13,,gx-no-cache=1458070832029 HTTP/1.1" 200 4892
186.103.159.44 - - [15/Mar/2016:16:40:14 -0300] "POST /cormun/servlet/trsolicitudot?8d0df1b9826bbb9a6c7ac6af203c0b13,,gx-no-cache=1458070833189 HTTP/1.1" 200 104
186.103.159.44 - - [15/Mar/2016:16:40:14 -0300] "GET /cormun/servlet/solicitudot?UPD,2016,880, HTTP/1.1" 200 12710
186.103.159.44 - - [15/Mar/2016:16:40:17 -0300] "POST /cormun/servlet/solicitudot?gx-no-cache=1458070842194 HTTP/1.1" 200 2775
186.103.159.44 - - [15/Mar/2016:16:40:17 -0300] "POST /cormun/servlet/solicitudot?8d0df1b9826bbb9a6c7ac6af203c0b13,UPD,2016,880,,gx-no-cache=1458070842387 HTTP/1.1" 200 9071
186.103.159.44 - - [15/Mar/2016:16:40:17 -0300] "GET /cormun/servlet/solicitudot?459494f61ec13220c1459c1403120f1331a8d725e14b684a988666cac02849487851e4d46c1ce45b1226283978e05d17,gx-no-cache=1458070842649 HTTP/1.1" 200 30
186.103.159.44 - - [15/Mar/2016:16:40:18 -0300] "POST /cormun/servlet/solicitudot?gx-no-cache=1458070842760 HTTP/1.1" 200 30
186.103.159.44 - - [15/Mar/2016:16:40:18 -0300] "POST /cormun/servlet/solicitudot?gx-no-cache=1458070842834 HTTP/1.1" 200 30
186.103.159.44 - - [15/Mar/2016:16:40:18 -0300] "POST /cormun/servlet/solicitudot?gx-no-cache=1458070842964 HTTP/1.1" 200 1167
186.103.159.44 - - [15/Mar/2016:16:40:18 -0300] "GET /cormun/servlet/solicitudot?459494f61ec13220c1459c1403120f132ba3b1ed8866fba3b416a161d36d1d75285cc6007503e28ef4d111da454dee3d10b8a7e68e6fe4e71aef61ec1d5f51ac096642db45cb8d2f641ae13fec81679abc63c983eba7f060737f77d5974ebed66355e6b8c3a3649474e1a1e30e43933d63ab05b65b3292994c281305254e4ce801bd5806aa7558908b75dae83f0833d9f3f4305289009a30dd32a3f92b2421bb,gx-no-cache=1458070843081 HTTP/1.1" 200 41
186.103.159.44 - - [15/Mar/2016:16:40:52 -0300] "GET /cormun/servlet/solicitudot?459494f61ec13220c1459c1403120f13c9d46ac37a1c44595039a00dc70ee4adac416998511ca0d150646d2ad12dbd09502b2e7d70b100680d0a8f26aecdf879759ea65610c1a396f4dfd097a3f3f941383e76a9c4936d8943a2e667a433ddac265e6f56e03c626f957bb572437390a1,gx-no-cache=1458070877612 HTTP/1.1" 200 29
186.103.159.44 - - [15/Mar/2016:16:40:52 -0300] "POST /cormun/servlet/solicitudot?gx-no-cache=1458070877695 HTTP/1.1" 200 1128
186.103.159.44 - - [15/Mar/2016:16:40:53 -0300] "GET /cormun/servlet/solicitudot?459494f61ec13220c1459c1403120f13b828d3bebff0568667a03c310e7923cfa79dafc0da435f553e1ed584506c9ccf250149ec145cf61f88e5144c0f57a68e6a111c1abe78dde0a4d6317a76c99cbb31437fdd7f569ffc3a80de6bfd10fb4761fb3ba5feeca44bff44c027966ccf6f005218406321ef494dbc7b5bb4cdc7dc2bb3669e18753d76dcf30a5ba68bba2b2040c40bc9a7e8c6ebbe72885c808b830146017d748c07457714b5ba43f32329,gx-no-cache=1458070877797 HTTP/1.1" 200 30
186.103.159.44 - - [15/Mar/2016:16:40:53 -0300] "POST /cormun/servlet/solicitudot?8d0df1b9826bbb9a6c7ac6af203c0b13,UPD,2016,880,,gx-no-cache=1458070877859 HTTP/1.1" 200 93
186.103.159.44 - - [15/Mar/2016:16:40:53 -0300] "GET /cormun/servlet/hpexe_return? HTTP/1.1" 200 1012
186.103.159.44 - - [15/Mar/2016:16:40:53 -0300] "GET /cormun/servlet/trsolicitudot? HTTP/1.1" 200 7508
186.103.159.44 - - [15/Mar/2016:16:41:09 -0300] "POST /cormun/servlet/trsolicitudot?8d0df1b9826bbb9a6c7ac6af203c0b13,,gx-no-cache=1458070894495 HTTP/1.1" 200 4898
186.103.159.44 - - [15/Mar/2016:16:41:10 -0300] "POST /cormun/servlet/trsolicitudot?8d0df1b9826bbb9a6c7ac6af203c0b13,,gx-no-cache=1458070894930 HTTP/1.1" 200 4897
186.103.159.44 - - [15/Mar/2016:16:41:10 -0300] "POST /cormun/servlet/trsolicitudot?8d0df1b9826bbb9a6c7ac6af203c0b13,,gx-no-cache=1458070895456 HTTP/1.1" 200 4897
186.103.159.44 - - [15/Mar/2016:16:41:11 -0300] "POST /cormun/servlet/trsolicitudot?8d0df1b9826bbb9a6c7ac6af203c0b13,,gx-no-cache=1458070896114 HTTP/1.1" 200 4897
186.103.159.44 - - [15/Mar/2016:16:41:12 -0300] "POST /cormun/servlet/trsolicitudot?8d0df1b9826bbb9a6c7ac6af203c0b13,,gx-no-cache=1458070897042 HTTP/1.1" 200 4896
186.103.159.44 - - [15/Mar/2016:16:41:13 -0300] "POST /cormun/servlet/trsolicitudot?8d0df1b9826bbb9a6c7ac6af203c0b13,,gx-no-cache=1458070897932 HTTP/1.1" 200 4897
186.103.159.44 - - [15/Mar/2016:16:41:14 -0300] "POST /cormun/servlet/trsolicitudot?8d0df1b9826bbb9a6c7ac6af203c0b13,,gx-no-cache=1458070898982 HTTP/1.1" 200 4896
186.103.159.44 - - [15/Mar/2016:16:41:21 -0300] "POST /cormun/servlet/trsolicitudot?8d0df1b9826bbb9a6c7ac6af203c0b13,,gx-no-cache=1458070900128 HTTP/1.1" 200 3622
186.103.159.44 - - [15/Mar/2016:16:41:23 -0300] "POST /cormun/servlet/trsolicitudot?8d0df1b9826bbb9a6c7ac6af203c0b13,,gx-no-cache=1458070907884 HTTP/1.1" 200 3462
186.103.159.44 - - [15/Mar/2016:16:41:24 -0300] "GET /cormun/static/Shared/jqueryui/images/ui-icons_8d78a5_256x240.png HTTP/1.1" 404 1089
186.103.159.44 - - [15/Mar/2016:16:41:24 -0300] "GET /cormun/static/Shared/jqueryui/images/ui-bg_flat_55_fafafa_40x100.png HTTP/1.1" 404 1097
186.103.159.44 - - [15/Mar/2016:16:41:24 -0300] "GET /cormun/static/Shared/jqueryui/images/ui-icons_82798d_256x240.png HTTP/1.1" 404 1089
186.103.159.44 - - [15/Mar/2016:16:41:24 -0300] "GET /cormun/static/Shared/jqueryui/images/ui-bg_highlight-soft_100_c6c2c8_1x100.png HTTP/1.1" 404 1117
186.103.159.44 - - [15/Mar/2016:16:41:31 -0300] "GET /cormun/servlet/solicitudot?INS,0,0, HTTP/1.1" 200 11462
186.103.159.44 - - [15/Mar/2016:16:41:48 -0300] "POST /cormun/servlet/solicitudot?gx-no-cache=1458070932839 HTTP/1.1" 200 2779
186.103.159.44 - - [15/Mar/2016:16:41:48 -0300] "POST /cormun/servlet/solicitudot?8d0df1b9826bbb9a6c7ac6af203c0b13,INS,0,0,,gx-no-cache=1458070933049 HTTP/1.1" 200 8394
186.103.159.44 - - [15/Mar/2016:16:41:55 -0300] "GET /cormun/servlet/solicitudot?459494f61ec13220c1459c1403120f13b26662f6286b1f234a9e13d8eb8b6bca6b42502171b4a9273e9f8a97c5e570c7,gx-no-cache=1458070940633 HTTP/1.1" 200 30
186.103.159.44 - - [15/Mar/2016:16:41:55 -0300] "POST /cormun/servlet/solicitudot?gx-no-cache=1458070940699 HTTP/1.1" 200 30
186.103.159.44 - - [15/Mar/2016:16:41:59 -0300] "POST /cormun/servlet/solicitudot?gx-no-cache=1458070944197 HTTP/1.1" 200 30
186.103.159.44 - - [15/Mar/2016:16:42:01 -0300] "POST /cormun/servlet/solicitudot?gx-no-cache=1458070946301 HTTP/1.1" 200 452
186.103.159.44 - - [15/Mar/2016:16:42:01 -0300] "GET /cormun/servlet/solicitudot?459494f61ec13220c1459c1403120f132ba3b1ed8866fba3b416a161d36d1d75285cc6007503e28ef4d111da454dee3d10b8a7e68e6fe4e71aef61ec1d5f51ac096642db45cb8d2f641ae13fec81679abc63c983eba7f060737f77d5974ebed66355e6b8c3a3649474e1a1e30e43933d63ab05b65b3292994c281305254e4ce8d576694e84cea21a3800dd8f31e0aef0,gx-no-cache=1458070946388 HTTP/1.1" 200 38
186.103.159.44 - - [15/Mar/2016:16:43:12 -0300] "GET /cormun/servlet/solicitudot?459494f61ec13220c1459c1403120f133053f4ed0328cc6a566a8b8fb338f7c0d89d3e61e8c65a99b7479aadcded806f17f65739f2a2ee81debd93647a31ff88ddca7601e21faa06eaba0248027b641039361f5944b984424a3c29ab46a3e5706fa3b02da7a8cfed63951e90b2b7c6dff8f153cfef97678ff75d856046c8823e66f44e155f2eb656a82f6828ce6fc93a89eace96d2d43c2e2d4f85ea8148166b,gx-no-cache=1458071016836 HTTP/1.1" 200 29
186.103.159.44 - - [15/Mar/2016:16:43:12 -0300] "POST /cormun/servlet/solicitudot?gx-no-cache=1458071016906 HTTP/1.1" 200 404
186.103.159.44 - - [15/Mar/2016:16:43:12 -0300] "GET /cormun/static/menuarrow.gif HTTP/1.1" 404 1015
186.103.159.44 - - [15/Mar/2016:16:43:22 -0300] "GET /cormun/servlet/solicitudot?459494f61ec13220c1459c1403120f130daf4fd9a7b13c4e14663dd3eb65580193019b46ee9ee850e9b5b481e94c1a15250149ec145cf61f88e5144c0f57a68e6a111c1abe78dde0a4d6317a76c99cbb31437fdd7f569ffc3a80de6bfd10fb4761fb3ba5feeca44bff44c027966ccf6f005218406321ef494dbc7b5bb4cdc7dc2bb3669e18753d76dcf30a5ba68bba2b2040c40bc9a7e8c6ebbe72885c808b830146017d748c07457714b5ba43f32329,gx-no-cache=1458071027370 HTTP/1.1" 200 30
186.78.51.154 - - [15/Mar/2016:16:44:20 -0300] "GET /cormun/servlet/hlogin HTTP/1.1" 200 1730
186.103.159.44 - - [15/Mar/2016:16:44:30 -0300] "POST /cormun/servlet/solicitudot?gx-no-cache=1458071094821 HTTP/1.1" 200 1128
186.103.159.44 - - [15/Mar/2016:16:46:07 -0300] "GET /cormun/servlet/solicitudot?459494f61ec13220c1459c1403120f130daf4fd9a7b13c4e14663dd3eb65580193019b46ee9ee850e9b5b481e94c1a15250149ec145cf61f88e5144c0f57a68e6a111c1abe78dde0a4d6317a76c99cbb31437fdd7f569ffc3a80de6bfd10fb4761fb3ba5feeca44bff44c027966ccf6f005218406321ef494dbc7b5bb4cdc7dc2bb3669e18753d76dcf30a5ba68bba2b2040c40bc9a7e8c6ebbe72885c808b830146017d748c07457714b5ba43f32329,gx-no-cache=1458071192457 HTTP/1.1" 200 30
186.103.159.44 - - [15/Mar/2016:16:46:07 -0300] "POST /cormun/servlet/solicitudot?8d0df1b9826bbb9a6c7ac6af203c0b13,INS,0,0,,gx-no-cache=1458071192574 HTTP/1.1" 200 93
186.103.159.44 - - [15/Mar/2016:16:46:08 -0300] "GET /cormun/servlet/hpexe_return? HTTP/1.1" 200 1007
186.103.159.44 - - [15/Mar/2016:16:46:08 -0300] "GET /cormun/servlet/trsolicitudot? HTTP/1.1" 200 7504
186.103.159.44 - - [15/Mar/2016:16:46:13 -0300] "GET /cormun/servlet/solicitudot?INS,0,0, HTTP/1.1" 200 11461
192.168.10.89 - - [15/Mar/2016:16:46:22 -0300] "POST /cormun/servlet/hlogin?6e57f3b0d0ec6ab57f71aa14193582e4,gx-no-cache=1458070929840 HTTP/1.1" 200 90
192.168.10.89 - - [15/Mar/2016:16:46:22 -0300] "GET /cormun/servlet/hpexe_link HTTP/1.1" 200 950
192.168.10.89 - - [15/Mar/2016:16:46:23 -0300] "GET /cormun/servlet/hhome HTTP/1.1" 200 3855
186.103.159.44 - - [15/Mar/2016:16:46:29 -0300] "POST /cormun/servlet/solicitudot?gx-no-cache=1458071213709 HTTP/1.1" 200 2779
186.103.159.44 - - [15/Mar/2016:16:46:29 -0300] "POST /cormun/servlet/solicitudot?8d0df1b9826bbb9a6c7ac6af203c0b13,INS,0,0,,gx-no-cache=1458071213891 HTTP/1.1" 200 8394
186.103.159.44 - - [15/Mar/2016:16:46:29 -0300] "GET /cormun/servlet/solicitudot?459494f61ec13220c1459c1403120f13b26662f6286b1f234a9e13d8eb8b6bca6b42502171b4a9273e9f8a97c5e570c7,gx-no-cache=1458071214342 HTTP/1.1" 200 30
192.168.10.89 - - [15/Mar/2016:16:46:31 -0300] "GET /cormun/servlet/trsolicitudgral? HTTP/1.1" 200 17288
192.168.10.89 - - [15/Mar/2016:16:46:31 -0300] "GET /cormun/static/gxcfg.js?2016311844946 HTTP/1.1" 304 -
192.168.10.89 - - [15/Mar/2016:16:46:31 -0300] "GET /cormun/static/trsolicitudgral.js?20163118441420 HTTP/1.1" 304 -
186.103.159.44 - - [15/Mar/2016:16:46:32 -0300] "POST /cormun/servlet/solicitudot?gx-no-cache=1458071217719 HTTP/1.1" 200 30
186.103.159.44 - - [15/Mar/2016:16:46:37 -0300] "POST /cormun/servlet/solicitudot?gx-no-cache=1458071221909 HTTP/1.1" 200 122
186.103.159.44 - - [15/Mar/2016:16:46:37 -0300] "GET /cormun/static/Shared/jqueryui/images/ui-bg_flat_55_fafafa_40x100.png HTTP/1.1" 404 1097
186.103.159.44 - - [15/Mar/2016:16:46:37 -0300] "GET /cormun/static/Shared/jqueryui/images/ui-bg_highlight-soft_100_c6c2c8_1x100.png HTTP/1.1" 404 1117
186.103.159.44 - - [15/Mar/2016:16:46:37 -0300] "GET /cormun/static/Shared/jqueryui/images/ui-icons_8d78a5_256x240.png HTTP/1.1" 404 1089
186.103.159.44 - - [15/Mar/2016:16:46:37 -0300] "GET /cormun/static/Shared/jqueryui/images/ui-icons_82798d_256x240.png HTTP/1.1" 404 1089
192.168.10.89 - - [15/Mar/2016:16:46:38 -0300] "POST /cormun/servlet/trsolicitudgral?6e57f3b0d0ec6ab57f71aa14193582e4,,gx-no-cache=1458070946197 HTTP/1.1" 200 15263
192.168.10.89 - - [15/Mar/2016:16:46:40 -0300] "POST /cormun/servlet/trsolicitudgral?6e57f3b0d0ec6ab57f71aa14193582e4,,gx-no-cache=1458070947457 HTTP/1.1" 200 15263
192.168.10.89 - - [15/Mar/2016:16:46:41 -0300] "POST /cormun/servlet/trsolicitudgral?6e57f3b0d0ec6ab57f71aa14193582e4,,gx-no-cache=1458070948989 HTTP/1.1" 200 15264
192.168.10.89 - - [15/Mar/2016:16:46:43 -0300] "POST /cormun/servlet/trsolicitudgral?6e57f3b0d0ec6ab57f71aa14193582e4,,gx-no-cache=1458070950738 HTTP/1.1" 200 15263
192.168.10.89 - - [15/Mar/2016:16:46:45 -0300] "POST /cormun/servlet/trsolicitudgral?6e57f3b0d0ec6ab57f71aa14193582e4,,gx-no-cache=1458070952692 HTTP/1.1" 200 15263
192.168.10.89 - - [15/Mar/2016:16:46:47 -0300] "POST /cormun/servlet/trsolicitudgral?6e57f3b0d0ec6ab57f71aa14193582e4,,gx-no-cache=1458070954894 HTTP/1.1" 200 15263
186.103.159.44 - - [15/Mar/2016:16:46:48 -0300] "GET /cormun/servlet/trsolicitudot? HTTP/1.1" 200 7504
192.168.10.89 - - [15/Mar/2016:16:46:49 -0300] "POST /cormun/servlet/trsolicitudgral?6e57f3b0d0ec6ab57f71aa14193582e4,,gx-no-cache=1458070957382 HTTP/1.1" 200 15264
186.103.159.44 - - [15/Mar/2016:16:47:07 -0300] "GET /cormun/servlet/solicitudot?INS,0,0, HTTP/1.1" 200 11461
