186.103.159.44 - - [15/Mar/2016:09:12:23 -0300] "GET /cormun/static/scaMessage/scaMessageRender.js HTTP/1.1" 304 -
192.168.10.89 - - [15/Mar/2016:09:12:24 -0300] "POST /cormun/servlet/trautorizarsolicitud?dce58c1d222ccb3ab33132f58ac1f9aa,,gx-no-cache=1458043692285 HTTP/1.1" 200 3481
192.168.10.89 - - [15/Mar/2016:09:12:25 -0300] "POST /cormun/servlet/trautorizarsolicitud?dce58c1d222ccb3ab33132f58ac1f9aa,,gx-no-cache=1458043692852 HTTP/1.1" 200 3480
192.168.10.89 - - [15/Mar/2016:09:12:25 -0300] "POST /cormun/servlet/trautorizarsolicitud?dce58c1d222ccb3ab33132f58ac1f9aa,,gx-no-cache=1458043693506 HTTP/1.1" 200 3481
186.103.159.186 - - [15/Mar/2016:09:12:28 -0300] "POST /cormun/servlet/trsolicitudot?dd884d41e9ab16a685496456a8dff47d,,gx-no-cache=1458044056119 HTTP/1.1" 200 4922
186.103.159.186 - - [15/Mar/2016:09:12:29 -0300] "POST /cormun/servlet/trsolicitudot?dd884d41e9ab16a685496456a8dff47d,,gx-no-cache=1458044056295 HTTP/1.1" 200 4923
192.168.10.89 - - [15/Mar/2016:09:12:29 -0300] "POST /cormun/servlet/trautorizarsolicitud?dce58c1d222ccb3ab33132f58ac1f9aa,,gx-no-cache=1458043694207 HTTP/1.1" 200 3481
186.103.159.186 - - [15/Mar/2016:09:12:29 -0300] "POST /cormun/servlet/trsolicitudot?dd884d41e9ab16a685496456a8dff47d,,gx-no-cache=1458044056983 HTTP/1.1" 200 4922
186.103.159.186 - - [15/Mar/2016:09:12:29 -0300] "POST /cormun/servlet/trsolicitudot?dd884d41e9ab16a685496456a8dff47d,,gx-no-cache=1458044057156 HTTP/1.1" 200 4922
186.103.159.186 - - [15/Mar/2016:09:12:29 -0300] "POST /cormun/servlet/trsolicitudot?dd884d41e9ab16a685496456a8dff47d,,gx-no-cache=1458044057333 HTTP/1.1" 200 4922
186.103.159.186 - - [15/Mar/2016:09:12:29 -0300] "POST /cormun/servlet/trsolicitudot?dd884d41e9ab16a685496456a8dff47d,,gx-no-cache=1458044057486 HTTP/1.1" 200 4922
186.103.159.186 - - [15/Mar/2016:09:12:30 -0300] "POST /cormun/servlet/trsolicitudot?dd884d41e9ab16a685496456a8dff47d,,gx-no-cache=1458044057644 HTTP/1.1" 200 4923
186.103.159.186 - - [15/Mar/2016:09:12:30 -0300] "POST /cormun/servlet/trsolicitudot?dd884d41e9ab16a685496456a8dff47d,,gx-no-cache=1458044057846 HTTP/1.1" 200 3613
186.103.159.186 - - [15/Mar/2016:09:12:30 -0300] "POST /cormun/servlet/trsolicitudot?dd884d41e9ab16a685496456a8dff47d,,gx-no-cache=1458044058085 HTTP/1.1" 200 3474
192.168.10.89 - - [15/Mar/2016:09:12:33 -0300] "POST /cormun/servlet/trautorizarsolicitud?dce58c1d222ccb3ab33132f58ac1f9aa,,gx-no-cache=1458043700985 HTTP/1.1" 200 3480
192.168.10.89 - - [15/Mar/2016:09:12:34 -0300] "GET /cormun/servlet/trautorizarsolicitud?4a3afed1e416c6165734e39b6b6b8c5610e2d15547977e6460c6fd09ac66773d4c5b486c1fb84a6bdafddab71b353bfffd0a3d82674343db92071f9554e832bfbcf42d84c21d08982f7a0e0fb19e6b4a69d58c1167145bc6ac3b229bed8aefe6,gx-no-cache=1458043701892 HTTP/1.1" 200 756
192.168.10.89 - - [15/Mar/2016:09:12:38 -0300] "POST /cormun/servlet/trautorizarsolicitud?dce58c1d222ccb3ab33132f58ac1f9aa,,gx-no-cache=1458043706457 HTTP/1.1" 200 4943
192.168.10.89 - - [15/Mar/2016:09:12:39 -0300] "GET /cormun/servlet/trautorizarsolicitud?4a3afed1e416c6165734e39b6b6b8c5675a94d1f88f9e041285f9882c8d9f56d4c5b486c1fb84a6bdafddab71b353bfffd0a3d82674343db92071f9554e832bfbcf42d84c21d08982f7a0e0fb19e6b4a69d58c1167145bc6ac3b229bed8aefe6,gx-no-cache=1458043707530 HTTP/1.1" 200 2248
186.78.59.15 - - [15/Mar/2016:09:12:52 -0300] "GET /cormun/servlet/trsolicitudot? HTTP/1.1" 200 6152
186.78.59.15 - - [15/Mar/2016:09:12:53 -0300] "GET /cormun/static/gxui/gxui-all.css?120300 HTTP/1.1" 200 2179
186.78.59.15 - - [15/Mar/2016:09:12:53 -0300] "GET /cormun/static/calendar-system.css?85620 HTTP/1.1" 200 5572
186.78.59.15 - - [15/Mar/2016:09:12:53 -0300] "GET /cormun/static/gxcfg.js?201631185636 HTTP/1.1" 200 953
186.78.59.15 - - [15/Mar/2016:09:12:53 -0300] "GET /cormun/static/calendar-setup.js?85251 HTTP/1.1" 200 2588
186.78.59.15 - - [15/Mar/2016:09:12:53 -0300] "GET /cormun/static/calendar-es.js?85251 HTTP/1.1" 200 1901
186.78.59.15 - - [15/Mar/2016:09:12:53 -0300] "GET /cormun/static/calendar.js?85251 HTTP/1.1" 200 26246
186.78.59.15 - - [15/Mar/2016:09:12:53 -0300] "GET /cormun/static/gxdec.js?85251 HTTP/1.1" 200 19579
186.78.59.15 - - [15/Mar/2016:09:12:53 -0300] "GET /cormun/static/Resources/PXTools/calendar.png HTTP/1.1" 200 1306
186.78.59.15 - - [15/Mar/2016:09:12:53 -0300] "GET /cormun/static/Resources/Spanish/PXTools.css?18502099 HTTP/1.1" 200 89042
186.78.59.15 - - [15/Mar/2016:09:12:53 -0300] "GET /cormun/static/Resources/PXToolsDataSearch.png HTTP/1.1" 200 419
186.78.59.15 - - [15/Mar/2016:09:12:54 -0300] "GET /cormun/static/Resources/PXToolsGridFirst.gif HTTP/1.1" 200 379
186.78.59.15 - - [15/Mar/2016:09:12:54 -0300] "GET /cormun/static/Resources/PXToolsGridPrevious.gif HTTP/1.1" 200 369
186.78.59.15 - - [15/Mar/2016:09:12:54 -0300] "GET /cormun/static/Resources/PXToolsGridNext.gif HTTP/1.1" 200 369
186.78.59.15 - - [15/Mar/2016:09:12:54 -0300] "GET /cormun/static/Resources/PXToolsGridLast.gif HTTP/1.1" 200 370
186.78.59.15 - - [15/Mar/2016:09:12:54 -0300] "GET /cormun/static/Resources/PXToolsActionExcel.png HTTP/1.1" 200 3187
186.78.59.15 - - [15/Mar/2016:09:12:54 -0300] "GET /cormun/static/Resources/PXToolsGridNew.png HTTP/1.1" 200 2949
186.103.159.186 - - [15/Mar/2016:09:12:55 -0300] "GET /cormun/servlet/hlogin HTTP/1.1" 200 1717
186.78.59.15 - - [15/Mar/2016:09:12:55 -0300] "GET /cormun/static/trsolicitudot.js?2016311856838 HTTP/1.1" 200 45326
186.78.59.15 - - [15/Mar/2016:09:12:55 -0300] "GET /cormun/static/Shared/ext/resources/css/ext-all.css?215870 HTTP/1.1" 200 416045
186.78.59.15 - - [15/Mar/2016:09:12:56 -0300] "GET /cormun/static/Resources/asc.gif HTTP/1.1" 200 67
186.78.59.15 - - [15/Mar/2016:09:12:57 -0300] "GET /cormun/static/Resources/desc.gif HTTP/1.1" 200 65
186.78.59.15 - - [15/Mar/2016:09:12:57 -0300] "GET /cormun/servlet/trsolicitudot? HTTP/1.1" 200 6152
186.78.59.15 - - [15/Mar/2016:09:12:57 -0300] "GET /cormun/static/Shared/ext/resources/themes/images/default/panel/bg-headersPanel.png HTTP/1.1" 200 255
186.78.59.15 - - [15/Mar/2016:09:12:57 -0300] "GET /cormun/static/Shared/ext/resources/themes/images/default/tools/tool-sprites.gif HTTP/1.1" 200 5434
186.103.159.186 - - [15/Mar/2016:09:13:13 -0300] "POST /cormun/servlet/hlogin?dd884d41e9ab16a685496456a8dff47d,gx-no-cache=1458044104307 HTTP/1.1" 200 90
186.103.159.186 - - [15/Mar/2016:09:13:13 -0300] "GET /cormun/servlet/hpexe_link HTTP/1.1" 200 949
186.103.159.186 - - [15/Mar/2016:09:13:13 -0300] "GET /cormun/servlet/hhome HTTP/1.1" 200 3418
186.103.159.186 - - [15/Mar/2016:09:13:14 -0300] "GET /cormun/servlet/hhome HTTP/1.1" 200 3415
186.103.159.186 - - [15/Mar/2016:09:13:47 -0300] "GET /cormun/servlet/trautorizarsolicitud? HTTP/1.1" 200 7735
186.103.159.186 - - [15/Mar/2016:09:13:48 -0300] "GET /cormun/servlet/trautorizarsolicitud? HTTP/1.1" 200 7733
186.103.159.44 - - [15/Mar/2016:09:13:49 -0300] "GET /cormun/servlet/trsolicitudot? HTTP/1.1" 200 6218
186.78.59.15 - - [15/Mar/2016:09:13:49 -0300] "POST /cormun/servlet/trsolicitudot?5d2d49bcd9a5d469e00060a6bb8d48f6,,gx-no-cache=1458044055844 HTTP/1.1" 200 3483
186.78.59.15 - - [15/Mar/2016:09:13:52 -0300] "POST /cormun/servlet/trsolicitudot?5d2d49bcd9a5d469e00060a6bb8d48f6,,gx-no-cache=1458044058218 HTTP/1.1" 200 3483
186.78.59.15 - - [15/Mar/2016:09:13:52 -0300] "POST /cormun/servlet/trsolicitudot?5d2d49bcd9a5d469e00060a6bb8d48f6,,gx-no-cache=1458044058550 HTTP/1.1" 200 3482
186.78.59.15 - - [15/Mar/2016:09:13:54 -0300] "GET /cormun/servlet/trsolicitudot?a8692fa507edefca172b9ec6908d402250742585fb7522eb5c9d97ed5c17ac99ed72a8367269658b77e9717ed6a8c1ff5f32c3dc3ffa23ecd9c9fc7d1eb17d12cfe08e313e7472d8503dc684e2b028f4,gx-no-cache=1458044060856 HTTP/1.1" 200 759
186.78.59.15 - - [15/Mar/2016:09:13:55 -0300] "GET /cormun/servlet/trsolicitudot?a8692fa507edefca172b9ec6908d40221e8f24fdf47fed0aab94afbc2501c9faddef51c24a176dbeacb801204ac4588427be5eb1e7a93af774d8074f3986a917d17f9219815eeb02852f4bcd741e4951ab2c1dbc8d3538c62e36cbd672fab98c,gx-no-cache=1458044061720 HTTP/1.1" 200 759
191.112.2.102 - - [15/Mar/2016:09:13:56 -0300] "POST /cormun/servlet/solicitudot?gx-no-cache=1458044058464 HTTP/1.1" 200 2668
186.78.59.15 - - [15/Mar/2016:09:13:56 -0300] "GET /cormun/servlet/trsolicitudot?a8692fa507edefca172b9ec6908d402214b34cab99a92621f0f066963024fe7cea25d96c2017d50c2c064108dff9d503031c86e7e6ab8da8a833647f8ec54831862221211d8221306ae0e6710a10ed9011eece3e4386df1e837ed2b74d653d17,gx-no-cache=1458044062854 HTTP/1.1" 200 759
191.112.2.102 - - [15/Mar/2016:09:13:56 -0300] "POST /cormun/servlet/solicitudot?a122b9268fa42dbbcf72d97e600cc831,INS,0,0,,gx-no-cache=1458044059001 HTTP/1.1" 200 8290
186.78.59.15 - - [15/Mar/2016:09:13:57 -0300] "GET /cormun/servlet/trsolicitudot?a8692fa507edefca172b9ec6908d402214b34cab99a92621f0f066963024fe7c46a670dc131a0fc11a28c74bbcd3d99fdf2f532a6ee8dfd95838182bc75653ff9773cd72dec90cda862a3f34d4c87260dde79a0f37dc2d2a2e6900857653fb9b,gx-no-cache=1458044063782 HTTP/1.1" 200 759
191.112.2.102 - - [15/Mar/2016:09:13:57 -0300] "GET /cormun/servlet/solicitudot?82b3f3a5d198b08e3d4327a20d3e0df7ac3775bb477400d430524d1133707402b7c8079cf27f8b221e0bedf8aaf383be,gx-no-cache=1458044060244 HTTP/1.1" 200 30
186.103.159.44 - - [15/Mar/2016:09:14:05 -0300] "GET /cormun/servlet/solicitudot?INS,0,0, HTTP/1.1" 200 11460
186.103.159.186 - - [15/Mar/2016:09:14:09 -0300] "POST /cormun/servlet/trautorizarsolicitud?dd884d41e9ab16a685496456a8dff47d,,gx-no-cache=1458044167092 HTTP/1.1" 200 5231
186.103.159.186 - - [15/Mar/2016:09:14:09 -0300] "POST /cormun/servlet/trautorizarsolicitud?dd884d41e9ab16a685496456a8dff47d,,gx-no-cache=1458044167287 HTTP/1.1" 200 5232
186.103.159.186 - - [15/Mar/2016:09:14:09 -0300] "POST /cormun/servlet/trautorizarsolicitud?dd884d41e9ab16a685496456a8dff47d,,gx-no-cache=1458044167443 HTTP/1.1" 200 5232
186.103.159.186 - - [15/Mar/2016:09:14:09 -0300] "POST /cormun/servlet/trautorizarsolicitud?dd884d41e9ab16a685496456a8dff47d,,gx-no-cache=1458044167608 HTTP/1.1" 200 5232
186.103.159.186 - - [15/Mar/2016:09:14:09 -0300] "POST /cormun/servlet/trautorizarsolicitud?dd884d41e9ab16a685496456a8dff47d,,gx-no-cache=1458044167782 HTTP/1.1" 200 5232
186.103.159.186 - - [15/Mar/2016:09:14:10 -0300] "POST /cormun/servlet/trautorizarsolicitud?dd884d41e9ab16a685496456a8dff47d,,gx-no-cache=1458044167978 HTTP/1.1" 200 5232
186.103.159.186 - - [15/Mar/2016:09:14:10 -0300] "POST /cormun/servlet/trautorizarsolicitud?dd884d41e9ab16a685496456a8dff47d,,gx-no-cache=1458044168171 HTTP/1.1" 200 5231
186.103.159.186 - - [15/Mar/2016:09:14:10 -0300] "POST /cormun/servlet/trautorizarsolicitud?dd884d41e9ab16a685496456a8dff47d,,gx-no-cache=1458044168370 HTTP/1.1" 200 4923
186.103.159.186 - - [15/Mar/2016:09:14:10 -0300] "GET /cormun/static/Shared/jqueryui/images/ui-bg_highlight-soft_100_c6c2c8_1x100.png HTTP/1.1" 404 1117
186.103.159.186 - - [15/Mar/2016:09:14:10 -0300] "GET /cormun/static/Shared/jqueryui/images/ui-icons_82798d_256x240.png HTTP/1.1" 404 1089
186.103.159.186 - - [15/Mar/2016:09:14:10 -0300] "GET /cormun/static/Shared/jqueryui/images/ui-bg_flat_55_fafafa_40x100.png HTTP/1.1" 404 1097
186.103.159.186 - - [15/Mar/2016:09:14:10 -0300] "GET /cormun/static/Shared/jqueryui/images/ui-icons_8d78a5_256x240.png HTTP/1.1" 404 1089
186.103.159.186 - - [15/Mar/2016:09:14:10 -0300] "POST /cormun/servlet/trautorizarsolicitud?dd884d41e9ab16a685496456a8dff47d,,gx-no-cache=1458044168594 HTTP/1.1" 200 4867
186.103.159.186 - - [15/Mar/2016:09:14:15 -0300] "POST /cormun/servlet/trautorizarsolicitud?dd884d41e9ab16a685496456a8dff47d,,gx-no-cache=1458044173369 HTTP/1.1" 200 3579
186.103.159.186 - - [15/Mar/2016:09:14:15 -0300] "POST /cormun/servlet/trautorizarsolicitud?dd884d41e9ab16a685496456a8dff47d,,gx-no-cache=1458044173556 HTTP/1.1" 200 3446
186.78.59.15 - - [15/Mar/2016:09:14:16 -0300] "GET /cormun/servlet/trsolicitudot?a8692fa507edefca172b9ec6908d4022fbe924202c4084f950a5c0df84223e597147ac9314e1a343a25b58a589a37614b4f50d5d9d3f5282af582df4d758d90bfef0de8ea227ac285620077884becb9f,gx-no-cache=1458044082789 HTTP/1.1" 200 759
186.78.59.15 - - [15/Mar/2016:09:14:19 -0300] "GET /cormun/servlet/solicitudot?INS,0,0, HTTP/1.1" 200 11409
186.78.59.15 - - [15/Mar/2016:09:14:19 -0300] "GET /cormun/static/gxcfg.js?20163219435133 HTTP/1.1" 200 953
186.78.59.15 - - [15/Mar/2016:09:14:19 -0300] "GET /cormun/static/Resources/prompt.gif HTTP/1.1" 200 902
186.78.59.15 - - [15/Mar/2016:09:14:19 -0300] "GET /cormun/static/solicitudot.js?20163219435183 HTTP/1.1" 200 44151
186.78.59.15 - - [15/Mar/2016:09:14:19 -0300] "GET /cormun/static/Resources/Spanish/PXTools.css?1944839 HTTP/1.1" 200 89042
186.103.159.44 - - [15/Mar/2016:09:14:20 -0300] "POST /cormun/servlet/solicitudot?gx-no-cache=1458044085691 HTTP/1.1" 200 2759
186.78.59.15 - - [15/Mar/2016:09:14:20 -0300] "GET /cormun/servlet/solicitudot?INS,0,0, HTTP/1.1" 200 11413
186.103.159.44 - - [15/Mar/2016:09:14:21 -0300] "POST /cormun/servlet/solicitudot?a67188875fc247b1f3235e627b9129a8,INS,0,0,,gx-no-cache=1458044086155 HTTP/1.1" 200 8364
186.78.59.15 - - [15/Mar/2016:09:14:23 -0300] "POST /cormun/servlet/solicitudot?gx-no-cache=1458044089826 HTTP/1.1" 200 2668
186.78.59.15 - - [15/Mar/2016:09:14:24 -0300] "POST /cormun/servlet/solicitudot?5d2d49bcd9a5d469e00060a6bb8d48f6,INS,0,0,,gx-no-cache=1458044090140 HTTP/1.1" 200 8265
186.78.59.15 - - [15/Mar/2016:09:14:24 -0300] "GET /cormun/servlet/solicitudot?5bff20ae7abb5297d252e574d0374696bf8d354b9329f9306761866b256ad84a,gx-no-cache=1458044090580 HTTP/1.1" 200 111
186.78.59.15 - - [15/Mar/2016:09:14:24 -0300] "GET /cormun/static/Shared/jqueryui/images/ui-bg_highlight-soft_100_c6c2c8_1x100.png HTTP/1.1" 404 1117
186.78.59.15 - - [15/Mar/2016:09:14:24 -0300] "GET /cormun/static/Shared/jqueryui/images/ui-icons_82798d_256x240.png HTTP/1.1" 404 1089
186.78.59.15 - - [15/Mar/2016:09:14:24 -0300] "GET /cormun/static/Shared/jqueryui/images/ui-bg_flat_55_994d53_40x100.png HTTP/1.1" 404 1097
186.78.59.15 - - [15/Mar/2016:09:14:24 -0300] "GET /cormun/static/Shared/jqueryui/images/ui-icons_ebccce_256x240.png HTTP/1.1" 404 1089
186.78.59.15 - - [15/Mar/2016:09:14:49 -0300] "POST /cormun/servlet/solicitudot?gx-no-cache=1458044115222 HTTP/1.1" 200 2668
186.78.59.15 - - [15/Mar/2016:09:14:49 -0300] "POST /cormun/servlet/solicitudot?5d2d49bcd9a5d469e00060a6bb8d48f6,INS,0,0,,gx-no-cache=1458044115755 HTTP/1.1" 200 8323
186.78.59.15 - - [15/Mar/2016:09:14:49 -0300] "GET /cormun/servlet/solicitudot?5bff20ae7abb5297d252e574d0374696b178f15552d246bdb77e8cd358abcac4be6ea48c8670fd2c09b35a694fe35a2f,gx-no-cache=1458044116241 HTTP/1.1" 200 111
191.112.2.102 - - [15/Mar/2016:09:14:51 -0300] "POST /cormun/servlet/solicitudot?gx-no-cache=1458044114261 HTTP/1.1" 200 30
186.78.59.15 - - [15/Mar/2016:09:14:56 -0300] "GET /cormun/static/Resources/resize.gif HTTP/1.1" 200 77
186.78.59.15 - - [15/Mar/2016:09:14:56 -0300] "GET /cormun/servlet/prfichaempleado?,MD,,gxPopupLevel%3D0%3B HTTP/1.1" 200 7864
186.78.59.15 - - [15/Mar/2016:09:14:56 -0300] "GET /cormun/static/gxui/gxui-all.css?1917420 HTTP/1.1" 200 2179
186.78.59.15 - - [15/Mar/2016:09:14:56 -0300] "GET /cormun/static/scaMessage/css/jquery-ui.css?104140 HTTP/1.1" 404 1045
186.78.59.15 - - [15/Mar/2016:09:14:56 -0300] "GET /cormun/static/gxcfg.js?201511151625694 HTTP/1.1" 200 953
186.78.59.15 - - [15/Mar/2016:09:14:56 -0300] "GET /cormun/static/menusearch.js?20163219454787 HTTP/1.1" 200 1424
186.78.59.15 - - [15/Mar/2016:09:14:56 -0300] "GET /cormun/static/prfichaempleado.js?201511151625857 HTTP/1.1" 200 14240
186.78.59.15 - - [15/Mar/2016:09:14:56 -0300] "GET /cormun/static/Resources/PXToolsMenuSearch.png HTTP/1.1" 200 2914
186.78.59.15 - - [15/Mar/2016:09:14:56 -0300] "GET /cormun/static/Resources/Spanish/PXTools.css?16184758 HTTP/1.1" 200 89042
186.78.59.15 - - [15/Mar/2016:09:14:56 -0300] "GET /cormun/static/Resources/PXToolsMenuSearchCancel.png HTTP/1.1" 200 2972
186.78.59.15 - - [15/Mar/2016:09:14:57 -0300] "GET /cormun/static/hmpwkw01.js?201511211495945 HTTP/1.1" 200 2037
186.78.59.15 - - [15/Mar/2016:09:14:57 -0300] "GET /cormun/static/Shared/jqueryui/jquery-ui.min-1.8.js HTTP/1.1" 200 213511
191.112.2.102 - - [15/Mar/2016:09:14:57 -0300] "POST /cormun/servlet/solicitudot?gx-no-cache=1458044120220 HTTP/1.1" 200 30
191.112.2.102 - - [15/Mar/2016:09:14:59 -0300] "POST /cormun/servlet/solicitudot?gx-no-cache=1458044122052 HTTP/1.1" 200 452
191.112.2.102 - - [15/Mar/2016:09:14:59 -0300] "GET /cormun/servlet/solicitudot?82b3f3a5d198b08e3d4327a20d3e0df752d2e5d120f94224a3f60e48f0483d6c1bdeedb68c7c9079908edd86a480b561b22bd6fc488565af69d8b4a211a77ea0153aa329399d918efa5165483ada9a93f8c2e2863708b6ba96ba9af75767744ff57f011dcbab693a39e17c60bf00a12c26b3b3a3b6c86125636db9a2600b97f84fd6eab8f3962f84aa630937e7fcf1fd,gx-no-cache=1458044122282 HTTP/1.1" 200 38
186.78.59.15 - - [15/Mar/2016:09:15:04 -0300] "GET /cormun/servlet/prfichaempleado?a8692fa507edefca172b9ec6908d4022695530f22249d9ed9cd2431b8f0e651618da2388b3f5940077e517c266676104bb08255148e888eca269fb169015cd5982f1fba0d181a807e371275343f5e208,gx-no-cache=1458044130998 HTTP/1.1" 200 464
186.78.59.15 - - [15/Mar/2016:09:15:07 -0300] "GET /cormun/servlet/prfichaempleado?a8692fa507edefca172b9ec6908d4022695530f22249d9ed9cd2431b8f0e65165d7e62dcca5528e629fa6294530e2f689bb1a14ca24a5fc44e81e88f71b9994deb95f10f8c447b7e121a23c947974698,gx-no-cache=1458044134214 HTTP/1.1" 200 468
186.78.59.15 - - [15/Mar/2016:09:15:08 -0300] "GET /cormun/servlet/prfichaempleado?a8692fa507edefca172b9ec6908d4022695530f22249d9ed9cd2431b8f0e6516eaef25ac8d9d30bc62f62d3874ed6e658f79d171a3d9f16d66ac01e8f08652082a8fa06f429132195ef1beb9fbec877c,gx-no-cache=1458044134729 HTTP/1.1" 200 469
186.78.59.15 - - [15/Mar/2016:09:15:11 -0300] "GET /cormun/servlet/prfichaempleado?a8692fa507edefca172b9ec6908d4022695530f22249d9ed9cd2431b8f0e65163083ad34d30043756c2e15a8da17c78d16482690c9deacc1406b32f9dbc397dcf8a8f60182bafdc9e204518dec91c5d9,gx-no-cache=1458044137373 HTTP/1.1" 200 470
186.78.59.15 - - [15/Mar/2016:09:15:12 -0300] "POST /cormun/servlet/prfichaempleado?5d2d49bcd9a5d469e00060a6bb8d48f6,,MD,,gxPopupLevel%3D0%3B,gx-no-cache=1458044138917 HTTP/1.1" 200 2829
186.78.59.15 - - [15/Mar/2016:09:15:47 -0300] "POST /cormun/servlet/solicitudot?gx-no-cache=1458044173442 HTTP/1.1" 200 2749
186.78.59.15 - - [15/Mar/2016:09:15:47 -0300] "POST /cormun/servlet/solicitudot?5d2d49bcd9a5d469e00060a6bb8d48f6,INS,0,0,,gx-no-cache=1458044173854 HTTP/1.1" 200 8481
186.78.59.15 - - [15/Mar/2016:09:15:48 -0300] "GET /cormun/servlet/solicitudot?5bff20ae7abb5297d252e574d03746967c0e04b56945f4722c20ad50e03125dd53a06c2a5517e65c6df79b249afef094,gx-no-cache=1458044174368 HTTP/1.1" 200 30
186.103.159.183 - - [15/Mar/2016:09:15:52 -0300] "POST /cormun/servlet/hlogin?78877cca6372778aba0b59da9a06519d,gx-no-cache=1458047792222 HTTP/1.1" 200 90
186.103.159.183 - - [15/Mar/2016:09:15:52 -0300] "GET /cormun/servlet/hpexe_link HTTP/1.1" 200 956
186.103.159.183 - - [15/Mar/2016:09:15:52 -0300] "GET /cormun/servlet/hhome HTTP/1.1" 200 3442
186.103.159.183 - - [15/Mar/2016:09:15:53 -0300] "GET /cormun/servlet/hhome HTTP/1.1" 200 3438
186.103.159.183 - - [15/Mar/2016:09:15:57 -0300] "GET /cormun/servlet/trautorizarsolicitud? HTTP/1.1" 200 7453
186.103.159.183 - - [15/Mar/2016:09:15:57 -0300] "GET /cormun/static/trautorizarsolicitud.js?20163219505323 HTTP/1.1" 200 45302
186.103.159.183 - - [15/Mar/2016:09:15:57 -0300] "GET /cormun/static/Resources/Spanish/PXTools.css?19444614 HTTP/1.1" 200 89042
186.103.159.183 - - [15/Mar/2016:09:16:00 -0300] "GET /cormun/static/gxcfg.js?20163219504791 HTTP/1.1" 200 953
186.103.159.183 - - [15/Mar/2016:09:16:02 -0300] "GET /cormun/servlet/trautorizarsolicitud? HTTP/1.1" 200 7452
186.103.159.44 - - [15/Mar/2016:09:16:08 -0300] "GET /cormun/servlet/solicitudot?a7d3eac657aaf312be0795a2f6eaca68efafb929996fa5decaa3da7984ada0b939e97625703d1f0450af6b50eb375e5b,gx-no-cache=1458044190609 HTTP/1.1" 200 30
191.112.2.102 - - [15/Mar/2016:09:16:13 -0300] "GET /cormun/servlet/solicitudot?82b3f3a5d198b08e3d4327a20d3e0df73ccc385417e5d50c02d7bb93d7e9dc22ccd77a634f86d72b6ae2637eee07f22365e42752a67e82aacf6072cd4365ba21d89df3ba925411bd17532e5ac5f8458da2125e4dec91bd03aaebe6b16a0d8437fc7226d05baff42f8e258f5dc009b1ea,gx-no-cache=1458044195870 HTTP/1.1" 200 29
191.112.2.102 - - [15/Mar/2016:09:16:13 -0300] "POST /cormun/servlet/solicitudot?gx-no-cache=1458044196165 HTTP/1.1" 200 404
191.112.2.102 - - [15/Mar/2016:09:16:16 -0300] "POST /cormun/servlet/solicitudot?gx-no-cache=1458044199372 HTTP/1.1" 200 1128
186.103.159.183 - - [15/Mar/2016:09:16:20 -0300] "POST /cormun/servlet/trautorizarsolicitud?78877cca6372778aba0b59da9a06519d,,gx-no-cache=1458047820733 HTTP/1.1" 200 4907
186.103.159.183 - - [15/Mar/2016:09:16:20 -0300] "POST /cormun/servlet/trautorizarsolicitud?78877cca6372778aba0b59da9a06519d,,gx-no-cache=1458047821083 HTTP/1.1" 200 4907
186.103.159.183 - - [15/Mar/2016:09:16:21 -0300] "POST /cormun/servlet/trautorizarsolicitud?78877cca6372778aba0b59da9a06519d,,gx-no-cache=1458047821462 HTTP/1.1" 200 4906
186.103.159.183 - - [15/Mar/2016:09:16:21 -0300] "POST /cormun/servlet/trautorizarsolicitud?78877cca6372778aba0b59da9a06519d,,gx-no-cache=1458047821823 HTTP/1.1" 200 4907
186.103.159.183 - - [15/Mar/2016:09:16:21 -0300] "POST /cormun/servlet/trautorizarsolicitud?78877cca6372778aba0b59da9a06519d,,gx-no-cache=1458047822149 HTTP/1.1" 200 4907
186.103.159.183 - - [15/Mar/2016:09:16:22 -0300] "POST /cormun/servlet/trautorizarsolicitud?78877cca6372778aba0b59da9a06519d,,gx-no-cache=1458047822484 HTTP/1.1" 200 4907
186.103.159.183 - - [15/Mar/2016:09:16:22 -0300] "POST /cormun/servlet/trautorizarsolicitud?78877cca6372778aba0b59da9a06519d,,gx-no-cache=1458047822842 HTTP/1.1" 200 4907
186.103.159.183 - - [15/Mar/2016:09:16:22 -0300] "POST /cormun/servlet/trautorizarsolicitud?78877cca6372778aba0b59da9a06519d,,gx-no-cache=1458047823191 HTTP/1.1" 200 3601
186.103.159.183 - - [15/Mar/2016:09:16:23 -0300] "GET /cormun/static/Shared/jqueryui/images/ui-bg_highlight-soft_100_c6c2c8_1x100.png HTTP/1.1" 404 1117
186.103.159.183 - - [15/Mar/2016:09:16:23 -0300] "GET /cormun/static/Shared/jqueryui/images/ui-bg_flat_55_fafafa_40x100.png HTTP/1.1" 404 1097
186.103.159.183 - - [15/Mar/2016:09:16:23 -0300] "GET /cormun/static/Shared/jqueryui/images/ui-icons_8d78a5_256x240.png HTTP/1.1" 404 1089
186.103.159.183 - - [15/Mar/2016:09:16:23 -0300] "GET /cormun/static/Shared/jqueryui/images/ui-icons_82798d_256x240.png HTTP/1.1" 404 1089
186.103.159.183 - - [15/Mar/2016:09:16:23 -0300] "POST /cormun/servlet/trautorizarsolicitud?78877cca6372778aba0b59da9a06519d,,gx-no-cache=1458047823585 HTTP/1.1" 200 3453
192.168.10.89 - - [15/Mar/2016:09:17:13 -0300] "GET /cormun/servlet/hlogin HTTP/1.1" 200 1744
191.112.2.102 - - [15/Mar/2016:09:17:43 -0300] "GET /cormun/static/menuarrow.gif HTTP/1.1" 404 1015
191.112.2.102 - - [15/Mar/2016:09:17:52 -0300] "GET /cormun/servlet/solicitudot?82b3f3a5d198b08e3d4327a20d3e0df70027142fbe022f2e309da7f1d6c74b41e32403ea991b0c287f0075ed980411cde9a63485f0a1b653df9a0221c5d4e52c555be56a5d5ac2e9175d0c91802baf359b0792b17e7b88bb7d0707f0c9eef500ac459c2ee144349115f16cf30301b13e465bea578b5583e8df2a79ae58b4f5c4f880f3dd06243199b5e4d30c642c1bc5065896e1be5d3d57f8f2929ec2470cb3d9ed450df2ea3025954c156c453b245d,gx-no-cache=1458044294576 HTTP/1.1" 200 30
191.112.2.102 - - [15/Mar/2016:09:18:07 -0300] "POST /cormun/servlet/solicitudot?a122b9268fa42dbbcf72d97e600cc831,INS,0,0,,gx-no-cache=1458044309514 HTTP/1.1" 200 93
191.112.2.102 - - [15/Mar/2016:09:18:07 -0300] "GET /cormun/servlet/hpexe_return? HTTP/1.1" 200 1010
191.112.2.102 - - [15/Mar/2016:09:18:08 -0300] "GET /cormun/static/gxcfg.js?2015111312145050 HTTP/1.1" 200 953
191.112.2.102 - - [15/Mar/2016:09:18:08 -0300] "GET /cormun/static/hpexe_return.js?2015111312145056 HTTP/1.1" 200 1633
186.103.159.44 - - [15/Mar/2016:09:18:08 -0300] "POST /cormun/servlet/solicitudot?gx-no-cache=1458044313223 HTTP/1.1" 200 30
191.112.2.102 - - [15/Mar/2016:09:18:08 -0300] "GET /cormun/static/Resources/Spanish/PXTools.css?12112540 HTTP/1.1" 200 89042
191.112.2.102 - - [15/Mar/2016:09:18:08 -0300] "GET /cormun/servlet/trsolicitudot HTTP/1.1" 200 7534
191.112.2.102 - - [15/Mar/2016:09:18:09 -0300] "GET /cormun//static/Resources/PXToolsActionView.png HTTP/1.1" 200 2995
191.112.2.102 - - [15/Mar/2016:09:18:09 -0300] "GET /cormun//static/Resources/PXToolsGridUpdate.png HTTP/1.1" 200 2984
191.112.2.102 - - [15/Mar/2016:09:18:09 -0300] "GET /cormun/servlet/trsolicitudot HTTP/1.1" 200 7530
191.112.2.102 - - [15/Mar/2016:09:18:09 -0300] "GET /cormun//static/Resources/PXToolsGridDelete.png HTTP/1.1" 200 357
191.112.2.102 - - [15/Mar/2016:09:18:09 -0300] "GET /cormun//static/Resources/PXToolsRemoveAllAction.png HTTP/1.1" 200 3558
191.112.2.102 - - [15/Mar/2016:09:18:09 -0300] "GET /cormun//static/Resources/PXTools/ActionInsert.png HTTP/1.1" 200 1482
191.112.2.102 - - [15/Mar/2016:09:18:11 -0300] "POST /cormun/servlet/trsolicitudot?a122b9268fa42dbbcf72d97e600cc831,gx-no-cache=1458044313703 HTTP/1.1" 200 4933
191.112.2.102 - - [15/Mar/2016:09:18:11 -0300] "POST /cormun/servlet/trsolicitudot?a122b9268fa42dbbcf72d97e600cc831,gx-no-cache=1458044314199 HTTP/1.1" 200 4932
191.112.2.102 - - [15/Mar/2016:09:18:12 -0300] "POST /cormun/servlet/trsolicitudot?a122b9268fa42dbbcf72d97e600cc831,gx-no-cache=1458044314635 HTTP/1.1" 200 4933
191.112.2.102 - - [15/Mar/2016:09:18:12 -0300] "POST /cormun/servlet/trsolicitudot?a122b9268fa42dbbcf72d97e600cc831,gx-no-cache=1458044315039 HTTP/1.1" 200 4932
191.112.2.102 - - [15/Mar/2016:09:18:13 -0300] "POST /cormun/servlet/trsolicitudot?a122b9268fa42dbbcf72d97e600cc831,gx-no-cache=1458044315541 HTTP/1.1" 200 4932
191.112.2.102 - - [15/Mar/2016:09:18:13 -0300] "POST /cormun/servlet/trsolicitudot?a122b9268fa42dbbcf72d97e600cc831,gx-no-cache=1458044315971 HTTP/1.1" 200 4933
191.112.2.102 - - [15/Mar/2016:09:18:14 -0300] "POST /cormun/servlet/trsolicitudot?a122b9268fa42dbbcf72d97e600cc831,gx-no-cache=1458044316422 HTTP/1.1" 200 4933
191.112.2.102 - - [15/Mar/2016:09:18:14 -0300] "POST /cormun/servlet/trsolicitudot?a122b9268fa42dbbcf72d97e600cc831,gx-no-cache=1458044316841 HTTP/1.1" 200 5176
191.112.2.102 - - [15/Mar/2016:09:18:14 -0300] "GET /cormun/static/Shared/jqueryui/images/ui-bg_highlight-soft_100_c6c2c8_1x100.png HTTP/1.1" 404 1117
191.112.2.102 - - [15/Mar/2016:09:18:14 -0300] "GET /cormun/static/Shared/jqueryui/images/ui-icons_82798d_256x240.png HTTP/1.1" 404 1089
191.112.2.102 - - [15/Mar/2016:09:18:14 -0300] "GET /cormun/static/Shared/jqueryui/images/ui-bg_flat_55_fafafa_40x100.png HTTP/1.1" 404 1097
191.112.2.102 - - [15/Mar/2016:09:18:14 -0300] "GET /cormun/static/Shared/jqueryui/images/ui-icons_8d78a5_256x240.png HTTP/1.1" 404 1089
191.112.2.102 - - [15/Mar/2016:09:18:16 -0300] "GET /cormun/servlet/vesolicitudot?2016,878,, HTTP/1.1" 200 7600
191.112.2.102 - - [15/Mar/2016:09:18:17 -0300] "GET /cormun/static/gxcfg.js?20163117275080 HTTP/1.1" 200 953
191.112.2.102 - - [15/Mar/2016:09:18:17 -0300] "GET /cormun/pexe_scrolldiv.js HTTP/1.1" 404 1009
191.112.2.102 - - [15/Mar/2016:09:18:17 -0300] "GET /cormun/static/vesolicitudot.js?20163117275148 HTTP/1.1" 200 6091
191.112.2.102 - - [15/Mar/2016:09:18:17 -0300] "GET /cormun/static/hwcviewtabs.js?20151120014372 HTTP/1.1" 200 1074
191.112.2.102 - - [15/Mar/2016:09:18:17 -0300] "GET /cormun/static/Resources/PXToolsTabFirstSelected.png HTTP/1.1" 200 1259
191.112.2.102 - - [15/Mar/2016:09:18:17 -0300] "GET /cormun/static/hpexe_tabsview.js?20151120014350 HTTP/1.1" 200 1661
191.112.2.102 - - [15/Mar/2016:09:18:17 -0300] "GET /cormun/static/tbsolicitudot01.js?20163117273399 HTTP/1.1" 200 27008
191.112.2.102 - - [15/Mar/2016:09:18:17 -0300] "GET /cormun/static/Resources/PXToolsTabLastUnselected.png HTTP/1.1" 200 1291
191.112.2.102 - - [15/Mar/2016:09:18:17 -0300] "GET /cormun/static/Resources/Spanish/PXTools.css?171692 HTTP/1.1" 200 89042
191.112.2.102 - - [15/Mar/2016:09:18:17 -0300] "GET /cormun/static/Resources/PXToolsTabPrevious.gif HTTP/1.1" 200 172
191.112.2.102 - - [15/Mar/2016:09:18:18 -0300] "GET /cormun/static/Resources/PXToolsTabNext.gif HTTP/1.1" 200 168
191.112.2.102 - - [15/Mar/2016:09:18:18 -0300] "GET /cormun/static/calendar-system.css HTTP/1.1" 200 5572
191.112.2.102 - - [15/Mar/2016:09:18:18 -0300] "GET /cormun/static/Resources/PXToolsTabBackSelected.png HTTP/1.1" 200 1157
191.112.2.102 - - [15/Mar/2016:09:18:18 -0300] "GET /cormun/static/Resources/PXToolsTabBackUnselected.png HTTP/1.1" 200 1175
191.112.2.102 - - [15/Mar/2016:09:18:18 -0300] "GET /cormun/static/Resources/PXToolsTabSelectedUnselected.png HTTP/1.1" 200 1428
191.112.2.102 - - [15/Mar/2016:09:18:18 -0300] "GET /cormun/static/Resources/PXToolsTabUnselectedUnselected.png HTTP/1.1" 200 1459
191.112.2.102 - - [15/Mar/2016:09:18:18 -0300] "GET /cormun/servlet/vesolicitudot?2016,878,, HTTP/1.1" 200 7600
186.103.159.44 - - [15/Mar/2016:09:18:19 -0300] "POST /cormun/servlet/solicitudot?gx-no-cache=1458044324833 HTTP/1.1" 200 30
191.112.2.102 - - [15/Mar/2016:09:18:20 -0300] "GET /cormun/servlet/vesolicitudot?2016,878,,SolicitudOTAdjuntos HTTP/1.1" 200 6646
191.112.2.102 - - [15/Mar/2016:09:18:20 -0300] "GET /cormun/pexe_scrolldiv.js HTTP/1.1" 404 1009
191.112.2.102 - - [15/Mar/2016:09:18:20 -0300] "GET /cormun/static/tbsolicitudot02.js?20163117272879 HTTP/1.1" 200 14861
191.112.2.102 - - [15/Mar/2016:09:18:20 -0300] "GET /cormun/static/gxui/gxui-all.css HTTP/1.1" 200 2179
191.112.2.102 - - [15/Mar/2016:09:18:20 -0300] "GET /cormun/static/Resources/PXToolsTabFirstUnselected.png HTTP/1.1" 200 1264
191.112.2.102 - - [15/Mar/2016:09:18:20 -0300] "GET /cormun/static/Resources/PXToolsTabUnselectedSelected.png HTTP/1.1" 200 1444
191.112.2.102 - - [15/Mar/2016:09:18:20 -0300] "GET /cormun/servlet/vesolicitudot?2016,878,,SolicitudOTAdjuntos HTTP/1.1" 200 6647
191.112.2.102 - - [15/Mar/2016:09:18:21 -0300] "POST /cormun/servlet/acontrolpreferencessavestate?None,EVALENZUELA,true HTTP/1.1" 200 35
191.112.2.102 - - [15/Mar/2016:09:18:22 -0300] "GET /cormun/servlet/solicitudotadjuntos?INS,2016,878,,1, HTTP/1.1" 200 5517
191.112.2.102 - - [15/Mar/2016:09:18:22 -0300] "GET /cormun/static/Shared/ext/resources/css/ext-all.css HTTP/1.1" 200 245760
191.112.2.102 - - [15/Mar/2016:09:18:22 -0300] "GET /cormun/static/gxcfg.js?2016311984045 HTTP/1.1" 200 953
191.112.2.102 - - [15/Mar/2016:09:18:22 -0300] "GET /cormun/static/about:blank HTTP/1.1" 404 1011
191.112.2.102 - - [15/Mar/2016:09:18:23 -0300] "GET /cormun/static/solicitudotadjuntos.js?2016311984068 HTTP/1.1" 200 11762
191.112.2.102 - - [15/Mar/2016:09:18:23 -0300] "GET /cormun/servlet/solicitudotadjuntos?INS,2016,878,,1, HTTP/1.1" 200 5509
191.112.2.102 - - [15/Mar/2016:09:18:23 -0300] "GET /cormun/servlet/solicitudotadjuntos?82b3f3a5d198b08e3d4327a20d3e0df73b2930dc40f09b8180cb8ed210edb9cb1342165e25c91e23543d68017846b6e4,gx-no-cache=1458044326416 HTTP/1.1" 200 30
191.112.2.102 - - [15/Mar/2016:09:18:24 -0300] "POST /cormun/servlet/solicitudotadjuntos?a122b9268fa42dbbcf72d97e600cc831,INS,2016,878,,1,,gx-no-cache=1458044326520 HTTP/1.1" 200 3393
191.112.2.102 - - [15/Mar/2016:09:18:25 -0300] "POST /cormun/servlet/solicitudotadjuntos?gx-no-cache=1458044328161 HTTP/1.1" 200 26
186.103.159.44 - - [15/Mar/2016:09:18:29 -0300] "POST /cormun/servlet/solicitudot?gx-no-cache=1458044333943 HTTP/1.1" 200 30
191.112.2.102 - - [15/Mar/2016:09:18:35 -0300] "GET /cormun/servlet/solicitudotadjuntos?82b3f3a5d198b08e3d4327a20d3e0df795e59a17f5ba439725d025da3e273a61,gx-no-cache=1458044338226 HTTP/1.1" 200 30
191.112.2.102 - - [15/Mar/2016:09:18:35 -0300] "GET /cormun/servlet/solicitudotadjuntos?82b3f3a5d198b08e3d4327a20d3e0df795e59a17f5ba439725d025da3e273a61,gx-no-cache=1458044338281 HTTP/1.1" 200 30
186.103.159.44 - - [15/Mar/2016:09:18:35 -0300] "POST /cormun/servlet/solicitudot?gx-no-cache=1458044341138 HTTP/1.1" 200 1170
186.103.159.44 - - [15/Mar/2016:09:18:36 -0300] "GET /cormun/servlet/solicitudot?a7d3eac657aaf312be0795a2f6eaca68259c007aea098d7f60719ff940b062ea16069723fc53cfb76ad2378818338e823942467c73e2759a6f74748dcecf9d4c11c6502c8a5c7c5f1ab0abd6069f3a082a27e2f66c553597eefe4cc268b626d391b153687c8ce985ceed5f3d6a8daf082d988f1bdd85107911343aa7a9d8f8878bdc646b879a5e8913d874bc7abb7957,gx-no-cache=1458044341254 HTTP/1.1" 200 38
191.112.2.102 - - [15/Mar/2016:09:18:38 -0300] "POST /cormun/servlet/solicitudotadjuntos?a122b9268fa42dbbcf72d97e600cc831,INS,2016,878,,1, HTTP/1.1" 200 116
191.112.2.102 - - [15/Mar/2016:09:18:38 -0300] "GET /cormun/servlet/hpexe_return? HTTP/1.1" 200 1034
191.112.2.102 - - [15/Mar/2016:09:18:38 -0300] "GET /cormun/servlet/vesolicitudot?2016,878,,SolicitudOTAdjuntos HTTP/1.1" 200 8586
191.112.2.102 - - [15/Mar/2016:09:18:38 -0300] "GET /cormun/pexe_scrolldiv.js HTTP/1.1" 404 1009
191.112.2.102 - - [15/Mar/2016:09:18:38 -0300] "GET /cormun/static/Shared/ext/resources/css/ext-all.css HTTP/1.1" 206 1
191.112.2.102 - - [15/Mar/2016:09:18:39 -0300] "GET /cormun/servlet/vesolicitudot?2016,878,,SolicitudOTAdjuntos HTTP/1.1" 200 8582
191.112.2.102 - - [15/Mar/2016:09:18:39 -0300] "GET /cormun/static/Shared/ext/resources/css/ext-all.css HTTP/1.1" 206 199276
191.112.2.102 - - [15/Mar/2016:09:18:39 -0300] "POST /cormun/servlet/acontrolpreferencessavestate?None,EVALENZUELA,true HTTP/1.1" 200 35
191.112.2.102 - - [15/Mar/2016:09:18:42 -0300] "GET /cormun/servlet/solicitudotadjuntos?INS,2016,878,,1, HTTP/1.1" 200 5517
191.112.2.102 - - [15/Mar/2016:09:18:42 -0300] "GET /cormun/static/about:blank HTTP/1.1" 404 1011
191.112.2.102 - - [15/Mar/2016:09:18:43 -0300] "GET /cormun/servlet/solicitudotadjuntos?INS,2016,878,,1, HTTP/1.1" 200 5509
191.112.2.102 - - [15/Mar/2016:09:18:43 -0300] "GET /cormun/servlet/solicitudotadjuntos?82b3f3a5d198b08e3d4327a20d3e0df73b2930dc40f09b8180cb8ed210edb9cb1342165e25c91e23543d68017846b6e4,gx-no-cache=1458044346065 HTTP/1.1" 200 30
191.112.2.102 - - [15/Mar/2016:09:18:43 -0300] "POST /cormun/servlet/solicitudotadjuntos?a122b9268fa42dbbcf72d97e600cc831,INS,2016,878,,1,,gx-no-cache=1458044346204 HTTP/1.1" 200 3393
186.103.159.44 - - [15/Mar/2016:09:18:45 -0300] "GET /cormun/servlet/solicitudot?a7d3eac657aaf312be0795a2f6eaca68f6a04aa69968741f4a735278f31201ae06c9bb9cf7c97f472d3ba8fd12f4a7b1d50dd77d9bd375eaf6ed62e71c2a7d56da0ec6e421656a769239f0512a9da28f7e8b17c2130c450d8947d4ebefea87070252a3f088da73072073020c6eed7520,gx-no-cache=1458044351078 HTTP/1.1" 200 29
191.112.2.102 - - [15/Mar/2016:09:18:46 -0300] "POST /cormun/servlet/solicitudotadjuntos?gx-no-cache=1458044349015 HTTP/1.1" 200 26
186.103.159.44 - - [15/Mar/2016:09:18:47 -0300] "POST /cormun/servlet/solicitudot?gx-no-cache=1458044352924 HTTP/1.1" 200 1127
191.112.2.102 - - [15/Mar/2016:09:18:54 -0300] "GET /cormun/servlet/solicitudotadjuntos?82b3f3a5d198b08e3d4327a20d3e0df795e59a17f5ba439725d025da3e273a61,gx-no-cache=1458044357120 HTTP/1.1" 200 30
191.112.2.102 - - [15/Mar/2016:09:18:54 -0300] "GET /cormun/servlet/solicitudotadjuntos?82b3f3a5d198b08e3d4327a20d3e0df795e59a17f5ba439725d025da3e273a61,gx-no-cache=1458044357279 HTTP/1.1" 200 30
191.112.2.102 - - [15/Mar/2016:09:18:56 -0300] "POST /cormun/servlet/solicitudotadjuntos?a122b9268fa42dbbcf72d97e600cc831,INS,2016,878,,1, HTTP/1.1" 200 116
191.112.2.102 - - [15/Mar/2016:09:18:57 -0300] "GET /cormun/servlet/hpexe_return? HTTP/1.1" 200 1034
191.112.2.102 - - [15/Mar/2016:09:18:57 -0300] "GET /cormun/servlet/vesolicitudot?2016,878,,SolicitudOTAdjuntos HTTP/1.1" 200 8738
191.112.2.102 - - [15/Mar/2016:09:18:57 -0300] "GET /cormun/pexe_scrolldiv.js HTTP/1.1" 404 1009
191.112.2.102 - - [15/Mar/2016:09:18:58 -0300] "GET /cormun/servlet/vesolicitudot?2016,878,,SolicitudOTAdjuntos HTTP/1.1" 200 8735
191.112.2.102 - - [15/Mar/2016:09:18:59 -0300] "POST /cormun/servlet/acontrolpreferencessavestate?None,EVALENZUELA,true HTTP/1.1" 200 35
191.112.2.102 - - [15/Mar/2016:09:19:02 -0300] "GET /cormun/servlet/solicitudotadjuntos?INS,2016,878,,1, HTTP/1.1" 200 5517
191.112.2.102 - - [15/Mar/2016:09:19:03 -0300] "GET /cormun/static/about:blank HTTP/1.1" 404 1011
191.112.2.102 - - [15/Mar/2016:09:19:03 -0300] "GET /cormun/servlet/solicitudotadjuntos?INS,2016,878,,1, HTTP/1.1" 200 5509
191.112.2.102 - - [15/Mar/2016:09:19:03 -0300] "GET /cormun/servlet/solicitudotadjuntos?82b3f3a5d198b08e3d4327a20d3e0df73b2930dc40f09b8180cb8ed210edb9cb1342165e25c91e23543d68017846b6e4,gx-no-cache=1458044366181 HTTP/1.1" 200 30
191.112.2.102 - - [15/Mar/2016:09:19:03 -0300] "POST /cormun/servlet/solicitudotadjuntos?a122b9268fa42dbbcf72d97e600cc831,INS,2016,878,,1,,gx-no-cache=1458044366312 HTTP/1.1" 200 3393
191.112.2.102 - - [15/Mar/2016:09:19:05 -0300] "POST /cormun/servlet/solicitudotadjuntos?gx-no-cache=1458044367607 HTTP/1.1" 200 26
186.103.159.44 - - [15/Mar/2016:09:19:07 -0300] "GET /cormun/static/menuarrow.gif HTTP/1.1" 404 1015
186.103.159.44 - - [15/Mar/2016:09:19:18 -0300] "GET /cormun/servlet/solicitudot?a7d3eac657aaf312be0795a2f6eaca6817dc0da4cb03645e478e509af1cbadea9b55e694cdb83ce3e47948cd40bee717fe815dac1ef41965499ca3257db31cda801af52ec0bc0393c512dc49faed21324287e831944128eb64fe0f6a26f96b62da260d4591dc87d059a876bbb3d1258e756d597a9a887a67c7d8d7a29429557256891ee4c6af062b2d159c7a54d0997a50132b68b6e1e8b593007ab3cbc151b528045852dee417de6a48004377f2c00e,gx-no-cache=1458044383245 HTTP/1.1" 200 30
191.112.2.102 - - [15/Mar/2016:09:19:47 -0300] "POST /cormun/servlet/solicitudotadjuntos?gx-no-cache=1458044410310 HTTP/1.1" 200 26
191.112.2.102 - - [15/Mar/2016:09:19:53 -0300] "GET /cormun/servlet/solicitudotadjuntos?82b3f3a5d198b08e3d4327a20d3e0df795e59a17f5ba439725d025da3e273a61,gx-no-cache=1458044416239 HTTP/1.1" 200 30
191.112.2.102 - - [15/Mar/2016:09:19:53 -0300] "GET /cormun/servlet/solicitudotadjuntos?82b3f3a5d198b08e3d4327a20d3e0df795e59a17f5ba439725d025da3e273a61,gx-no-cache=1458044416296 HTTP/1.1" 200 30
191.112.2.102 - - [15/Mar/2016:09:19:56 -0300] "POST /cormun/servlet/solicitudotadjuntos?a122b9268fa42dbbcf72d97e600cc831,INS,2016,878,,1, HTTP/1.1" 200 5413
191.112.2.102 - - [15/Mar/2016:09:19:57 -0300] "GET /home/sistema/apache-tomcat-7.0.65/webapps/cormun/PrivateTempStorage/upload_00007368.pdf HTTP/1.1" 404 1135
191.112.2.102 - - [15/Mar/2016:09:19:57 -0300] "GET /cormun/static/Shared/jqueryui/images/ui-bg_highlight-soft_100_c6c2c8_1x100.png HTTP/1.1" 404 1117
191.112.2.102 - - [15/Mar/2016:09:19:57 -0300] "GET /cormun/static/Shared/jqueryui/images/ui-icons_82798d_256x240.png HTTP/1.1" 404 1089
191.112.2.102 - - [15/Mar/2016:09:19:57 -0300] "GET /cormun/static/Shared/jqueryui/images/ui-bg_flat_55_994d53_40x100.png HTTP/1.1" 404 1097
191.112.2.102 - - [15/Mar/2016:09:19:57 -0300] "GET /home/sistema/apache-tomcat-7.0.65/webapps/cormun/PrivateTempStorage/upload_00007368.pdf HTTP/1.1" 404 1135
191.112.2.102 - - [15/Mar/2016:09:19:57 -0300] "GET /cormun/static/Shared/jqueryui/images/ui-icons_ebccce_256x240.png HTTP/1.1" 404 1089
191.112.2.102 - - [15/Mar/2016:09:19:57 -0300] "GET /cormun/PrivateTempStorage/upload_00007368.pdf HTTP/1.1" 200 117809
191.112.2.102 - - [15/Mar/2016:09:19:59 -0300] "GET /cormun/PrivateTempStorage/upload_00007368.pdf HTTP/1.1" 304 -
191.112.2.102 - - [15/Mar/2016:09:20:00 -0300] "GET /cormun/PrivateTempStorage/upload_00007368.pdf HTTP/1.1" 304 -
186.78.59.15 - - [15/Mar/2016:09:20:01 -0300] "POST /cormun/servlet/solicitudot?gx-no-cache=1458044427140 HTTP/1.1" 200 30
191.112.2.102 - - [15/Mar/2016:09:20:01 -0300] "POST /cormun/servlet/solicitudotadjuntos?gx-no-cache=1458044423557 HTTP/1.1" 200 26
186.78.59.15 - - [15/Mar/2016:09:20:01 -0300] "POST /cormun/servlet/solicitudot?gx-no-cache=1458044427406 HTTP/1.1" 200 33
186.78.59.15 - - [15/Mar/2016:09:20:01 -0300] "POST /cormun/servlet/solicitudot?gx-no-cache=1458044427526 HTTP/1.1" 200 1171
186.78.59.15 - - [15/Mar/2016:09:20:01 -0300] "GET /cormun/servlet/solicitudot?5bff20ae7abb5297d252e574d0374696178dd5579beedf3fe132e2559de2e2062dc00b020af3d7fd3d733c25345e83084409e6e3b5868d7d23eaace53ed2e5da0bba1d47125f8d25d1ae2b806228e8276f2ae6e19a7200522e6e91f39d1e428244999f18bb3acf7702fe6ddac0baa3c924800c5c24d22e14c19f28a53efc3d316128724691c11ac0318593a5b4e67373,gx-no-cache=1458044427717 HTTP/1.1" 200 38
191.112.2.102 - - [15/Mar/2016:09:20:09 -0300] "GET /cormun/servlet/solicitudotadjuntos?82b3f3a5d198b08e3d4327a20d3e0df7eb5e06cd724ec0f7c2ae6b4cf5871cf51342165e25c91e23543d68017846b6e4,gx-no-cache=1458044431847 HTTP/1.1" 200 30
191.112.2.102 - - [15/Mar/2016:09:20:09 -0300] "GET /cormun/servlet/solicitudotadjuntos?82b3f3a5d198b08e3d4327a20d3e0df7ab79b7b540dffa979e8fdc7b900bdd991342165e25c91e23543d68017846b6e4,gx-no-cache=1458044431931 HTTP/1.1" 200 30
191.112.2.102 - - [15/Mar/2016:09:20:12 -0300] "POST /cormun/servlet/solicitudotadjuntos?a122b9268fa42dbbcf72d97e600cc831,INS,2016,878,,1, HTTP/1.1" 200 116
191.112.2.102 - - [15/Mar/2016:09:20:13 -0300] "GET /cormun/servlet/hpexe_return? HTTP/1.1" 200 1034
191.112.2.102 - - [15/Mar/2016:09:20:13 -0300] "GET /cormun/servlet/vesolicitudot?2016,878,,SolicitudOTAdjuntos HTTP/1.1" 200 8878
191.112.2.102 - - [15/Mar/2016:09:20:13 -0300] "GET /cormun/pexe_scrolldiv.js HTTP/1.1" 404 1009
191.112.2.102 - - [15/Mar/2016:09:20:13 -0300] "GET /cormun/pexe_scrolldiv.js HTTP/1.1" 404 1009
191.112.2.102 - - [15/Mar/2016:09:20:14 -0300] "GET /cormun/servlet/vesolicitudot?2016,878,,SolicitudOTAdjuntos HTTP/1.1" 200 8881
191.112.2.102 - - [15/Mar/2016:09:20:15 -0300] "POST /cormun/servlet/acontrolpreferencessavestate?None,EVALENZUELA,true HTTP/1.1" 200 35
191.112.2.102 - - [15/Mar/2016:09:20:17 -0300] "GET /cormun/servlet/solicitudotadjuntos?INS,2016,878,,1, HTTP/1.1" 200 5516
191.112.2.102 - - [15/Mar/2016:09:20:17 -0300] "GET /cormun/static/about:blank HTTP/1.1" 404 1011
191.112.2.102 - - [15/Mar/2016:09:20:18 -0300] "GET /cormun/servlet/solicitudotadjuntos?INS,2016,878,,1, HTTP/1.1" 200 5509
191.112.2.102 - - [15/Mar/2016:09:20:18 -0300] "GET /cormun/servlet/solicitudotadjuntos?82b3f3a5d198b08e3d4327a20d3e0df73b2930dc40f09b8180cb8ed210edb9cb1342165e25c91e23543d68017846b6e4,gx-no-cache=1458044441333 HTTP/1.1" 200 30
191.112.2.102 - - [15/Mar/2016:09:20:19 -0300] "POST /cormun/servlet/solicitudotadjuntos?a122b9268fa42dbbcf72d97e600cc831,INS,2016,878,,1,,gx-no-cache=1458044441428 HTTP/1.1" 200 3391
191.112.2.102 - - [15/Mar/2016:09:20:21 -0300] "POST /cormun/servlet/solicitudotadjuntos?gx-no-cache=1458044444332 HTTP/1.1" 200 26
186.78.59.15 - - [15/Mar/2016:09:20:25 -0300] "POST /cormun/servlet/solicitudot?gx-no-cache=1458044452024 HTTP/1.1" 200 30
191.112.2.102 - - [15/Mar/2016:09:20:28 -0300] "GET /cormun/servlet/solicitudotadjuntos?82b3f3a5d198b08e3d4327a20d3e0df795e59a17f5ba439725d025da3e273a61,gx-no-cache=1458044451038 HTTP/1.1" 200 30
191.112.2.102 - - [15/Mar/2016:09:20:28 -0300] "GET /cormun/servlet/solicitudotadjuntos?82b3f3a5d198b08e3d4327a20d3e0df795e59a17f5ba439725d025da3e273a61,gx-no-cache=1458044451105 HTTP/1.1" 200 30
191.112.2.102 - - [15/Mar/2016:09:20:31 -0300] "POST /cormun/servlet/solicitudotadjuntos?a122b9268fa42dbbcf72d97e600cc831,INS,2016,878,,1, HTTP/1.1" 200 116
191.112.2.102 - - [15/Mar/2016:09:20:32 -0300] "GET /cormun/servlet/hpexe_return? HTTP/1.1" 200 1034
191.112.2.102 - - [15/Mar/2016:09:20:32 -0300] "GET /cormun/servlet/vesolicitudot?2016,878,,SolicitudOTAdjuntos HTTP/1.1" 200 9032
191.112.2.102 - - [15/Mar/2016:09:20:32 -0300] "GET /cormun/pexe_scrolldiv.js HTTP/1.1" 404 1009
191.112.2.102 - - [15/Mar/2016:09:20:33 -0300] "GET /cormun/servlet/vesolicitudot?2016,878,,SolicitudOTAdjuntos HTTP/1.1" 200 9030
191.112.2.102 - - [15/Mar/2016:09:20:34 -0300] "POST /cormun/servlet/acontrolpreferencessavestate?None,EVALENZUELA,true HTTP/1.1" 200 35
191.112.2.102 - - [15/Mar/2016:09:20:37 -0300] "GET /cormun/servlet/solicitudotadjuntos?INS,2016,878,,1, HTTP/1.1" 200 5516
191.112.2.102 - - [15/Mar/2016:09:20:37 -0300] "GET /cormun/static/about:blank HTTP/1.1" 404 1011
186.78.59.15 - - [15/Mar/2016:09:20:38 -0300] "POST /cormun/servlet/solicitudot?gx-no-cache=1458044464454 HTTP/1.1" 200 1171
186.78.59.15 - - [15/Mar/2016:09:20:38 -0300] "GET /cormun/servlet/solicitudot?5bff20ae7abb5297d252e574d0374696178dd5579beedf3fe132e2559de2e2062dc00b020af3d7fd3d733c25345e83084409e6e3b5868d7d23eaace53ed2e5da0bba1d47125f8d25d1ae2b806228e8276f2ae6e19a7200522e6e91f39d1e428244999f18bb3acf7702fe6ddac0baa3c924800c5c24d22e14c19f28a53efc3d316128724691c11ac0318593a5b4e67373,gx-no-cache=1458044464660 HTTP/1.1" 200 38
191.112.2.102 - - [15/Mar/2016:09:20:38 -0300] "GET /cormun/servlet/solicitudotadjuntos?INS,2016,878,,1, HTTP/1.1" 200 5509
191.112.2.102 - - [15/Mar/2016:09:20:38 -0300] "GET /cormun/servlet/solicitudotadjuntos?82b3f3a5d198b08e3d4327a20d3e0df73b2930dc40f09b8180cb8ed210edb9cb1342165e25c91e23543d68017846b6e4,gx-no-cache=1458044461357 HTTP/1.1" 200 30
191.112.2.102 - - [15/Mar/2016:09:20:39 -0300] "POST /cormun/servlet/solicitudotadjuntos?a122b9268fa42dbbcf72d97e600cc831,INS,2016,878,,1,,gx-no-cache=1458044461432 HTTP/1.1" 200 3391
191.112.2.102 - - [15/Mar/2016:09:20:43 -0300] "POST /cormun/servlet/solicitudotadjuntos?gx-no-cache=1458044466332 HTTP/1.1" 200 26
186.103.159.44 - - [15/Mar/2016:09:20:49 -0300] "POST /cormun/servlet/solicitudot?a67188875fc247b1f3235e627b9129a8,INS,0,0,,gx-no-cache=1458044473754 HTTP/1.1" 200 93
186.103.159.44 - - [15/Mar/2016:09:20:49 -0300] "GET /cormun/servlet/hpexe_return? HTTP/1.1" 200 1008
186.103.159.44 - - [15/Mar/2016:09:20:50 -0300] "GET /cormun/servlet/trsolicitudot HTTP/1.1" 200 7496
186.78.59.15 - - [15/Mar/2016:09:20:53 -0300] "GET /cormun/servlet/solicitudot?5bff20ae7abb5297d252e574d037469603b3d307452f1660e819a336cc4140b502092660b3bd755ffcd42dfd9f50047cde2cf2df39ae5515f771cf1cd1480c6773ae10d63fa4e33a314c09a5cd4f425be702940a26d8ce968a369b0a6ae0e7161f341c9e9b9bdc417aede860cc4c310c58cfe3a1e99697c55014c2aa024f9ecd10f31c8da0fad336075878ea8552d2ab57a565b83eb300e457e1c2ba00393861,gx-no-cache=1458044479583 HTTP/1.1" 200 29
186.78.59.15 - - [15/Mar/2016:09:20:53 -0300] "POST /cormun/servlet/solicitudot?gx-no-cache=1458044479656 HTTP/1.1" 200 1127
186.78.59.15 - - [15/Mar/2016:09:20:53 -0300] "GET /cormun/static/menuarrow.gif HTTP/1.1" 404 1015
186.103.159.44 - - [15/Mar/2016:09:21:05 -0300] "POST /cormun/servlet/trsolicitudot?a67188875fc247b1f3235e627b9129a8,gx-no-cache=1458044490675 HTTP/1.1" 200 4884
186.103.159.44 - - [15/Mar/2016:09:21:05 -0300] "POST /cormun/servlet/trsolicitudot?a67188875fc247b1f3235e627b9129a8,gx-no-cache=1458044491031 HTTP/1.1" 200 4882
186.103.159.44 - - [15/Mar/2016:09:21:08 -0300] "POST /cormun/servlet/trsolicitudot?a67188875fc247b1f3235e627b9129a8,gx-no-cache=1458044493180 HTTP/1.1" 200 4884
186.78.59.15 - - [15/Mar/2016:09:21:08 -0300] "GET /cormun/servlet/solicitudot?5bff20ae7abb5297d252e574d0374696b67fa88fceeb82f3eb0c13373239e418683bcf34b1acecba709d7147886c648b843dcdb55e8cf6e06245e311e3783b11226ce881b0d0e6f98418c1904ade6f65829dcc55a77f0f419d5e753152f8f09d604607a5407fdb7238766f6d108f3af61ccd9d197769d6c5666ce243a9fb6d52650d01fc85011392ef2e742013cbd5c9636464d7cba867d40bd055d2772e3bccbb41493bc5021807943293bdd02d83c2,gx-no-cache=1458044495197 HTTP/1.1" 200 30
186.103.159.44 - - [15/Mar/2016:09:21:09 -0300] "POST /cormun/servlet/trsolicitudot?a67188875fc247b1f3235e627b9129a8,gx-no-cache=1458044494434 HTTP/1.1" 200 4884
186.103.159.44 - - [15/Mar/2016:09:21:10 -0300] "POST /cormun/servlet/trsolicitudot?a67188875fc247b1f3235e627b9129a8,gx-no-cache=1458044496099 HTTP/1.1" 200 4884
186.103.159.44 - - [15/Mar/2016:09:21:27 -0300] "POST /cormun/servlet/trsolicitudot?a67188875fc247b1f3235e627b9129a8,gx-no-cache=1458044512986 HTTP/1.1" 200 4884
186.103.159.44 - - [15/Mar/2016:09:21:29 -0300] "POST /cormun/servlet/trsolicitudot?a67188875fc247b1f3235e627b9129a8,gx-no-cache=1458044513703 HTTP/1.1" 200 4884
186.78.59.15 - - [15/Mar/2016:09:21:35 -0300] "GET /cormun/servlet/solicitudot?5bff20ae7abb5297d252e574d037469603b3d307452f1660e819a336cc4140b502092660b3bd755ffcd42dfd9f50047c8ab87bf5cf5c3319a22f626e4efbedda73ae10d63fa4e33a314c09a5cd4f425be702940a26d8ce968a369b0a6ae0e7161f341c9e9b9bdc417aede860cc4c310c58cfe3a1e99697c55014c2aa024f9ecd10f31c8da0fad336075878ea8552d2ab57a565b83eb300e457e1c2ba00393861,gx-no-cache=1458044521562 HTTP/1.1" 200 29
186.103.159.44 - - [15/Mar/2016:09:21:35 -0300] "POST /cormun/servlet/trsolicitudot?a67188875fc247b1f3235e627b9129a8,gx-no-cache=1458044516897 HTTP/1.1" 200 3612
186.78.59.15 - - [15/Mar/2016:09:21:37 -0300] "GET /cormun/servlet/solicitudot?5bff20ae7abb5297d252e574d037469603b3d307452f1660e819a336cc4140b502092660b3bd755ffcd42dfd9f50047cde2cf2df39ae5515f771cf1cd1480c6773ae10d63fa4e33a314c09a5cd4f425be702940a26d8ce968a369b0a6ae0e7161f341c9e9b9bdc417aede860cc4c310c58cfe3a1e99697c55014c2aa024f9ecd10f31c8da0fad336075878ea8552d2ab57a565b83eb300e457e1c2ba00393861,gx-no-cache=1458044523920 HTTP/1.1" 200 29
186.103.159.44 - - [15/Mar/2016:09:21:38 -0300] "POST /cormun/servlet/trsolicitudot?a67188875fc247b1f3235e627b9129a8,gx-no-cache=1458044523615 HTTP/1.1" 200 3459
186.103.159.44 - - [15/Mar/2016:09:21:55 -0300] "GET /cormun/static/Shared/jqueryui/images/ui-icons_82798d_256x240.png HTTP/1.1" 404 1089
186.103.159.44 - - [15/Mar/2016:09:21:55 -0300] "GET /cormun/static/Shared/jqueryui/images/ui-bg_highlight-soft_100_c6c2c8_1x100.png HTTP/1.1" 404 1117
186.103.159.44 - - [15/Mar/2016:09:21:55 -0300] "GET /cormun/static/Shared/jqueryui/images/ui-bg_flat_55_fafafa_40x100.png HTTP/1.1" 404 1097
186.103.159.44 - - [15/Mar/2016:09:21:55 -0300] "GET /cormun/static/Shared/jqueryui/images/ui-icons_8d78a5_256x240.png HTTP/1.1" 404 1089
186.103.159.44 - - [15/Mar/2016:09:22:06 -0300] "GET /cormun/servlet/solicitudot?INS,0,0, HTTP/1.1" 200 11460
191.112.2.102 - - [15/Mar/2016:09:22:11 -0300] "GET /cormun/servlet/solicitudotadjuntos?82b3f3a5d198b08e3d4327a20d3e0df795e59a17f5ba439725d025da3e273a61,gx-no-cache=1458044553882 HTTP/1.1" 200 30
191.112.2.102 - - [15/Mar/2016:09:22:11 -0300] "GET /cormun/servlet/solicitudotadjuntos?82b3f3a5d198b08e3d4327a20d3e0df795e59a17f5ba439725d025da3e273a61,gx-no-cache=1458044554020 HTTP/1.1" 200 30
191.112.2.102 - - [15/Mar/2016:09:22:15 -0300] "POST /cormun/servlet/solicitudotadjuntos?a122b9268fa42dbbcf72d97e600cc831,INS,2016,878,,1, HTTP/1.1" 200 116
191.112.2.102 - - [15/Mar/2016:09:22:15 -0300] "GET /cormun/servlet/hpexe_return? HTTP/1.1" 200 1034
