191.112.2.102 - - [14/Mar/2016:09:25:25 -0300] "GET /cormun/static/calendar-setup.js?85251 HTTP/1.1" 304 -
191.112.2.102 - - [14/Mar/2016:09:25:25 -0300] "GET /cormun/static/calendar-es.js?85251 HTTP/1.1" 304 -
191.112.2.102 - - [14/Mar/2016:09:25:25 -0300] "GET /cormun/static/Resources/PXToolsActionPrint.png HTTP/1.1" 200 3317
191.112.2.102 - - [14/Mar/2016:09:25:25 -0300] "GET /cormun/static/trvisualizadoreventos.js?2016251828276 HTTP/1.1" 200 19096
186.103.248.189 - - [14/Mar/2016:09:25:25 -0300] "POST /cormun/servlet/trvisualizadoreventos?6bf7ba1ae5209b877e03f2982985b692,,gx-no-cache=1457958356103 HTTP/1.1" 200 3890
191.112.2.102 - - [14/Mar/2016:09:25:25 -0300] "GET /cormun/static/Resources/Spanish/PXTools.css?17554516 HTTP/1.1" 200 89042
186.103.240.224 - - [14/Mar/2016:09:25:26 -0300] "GET /cormun/servlet/trautorizarsolicitud? HTTP/1.1" 200 6186
186.103.240.224 - - [14/Mar/2016:09:25:26 -0300] "GET /cormun/static/Resources/Spanish/PXTools.css?19444614 HTTP/1.1" 304 -
186.103.240.224 - - [14/Mar/2016:09:25:26 -0300] "GET /cormun/static/gxcfg.js?20163219504791 HTTP/1.1" 304 -
186.103.240.224 - - [14/Mar/2016:09:25:26 -0300] "GET /cormun/static/trautorizarsolicitud.js?20163219505323 HTTP/1.1" 304 -
115.231.222.40 - - [14/Mar/2016:09:25:26 -0300] "GET /cgi-bin/common/attr?id=260714&r=0.7414525571509346 HTTP/1.1" 404 999
115.231.222.40 - - [14/Mar/2016:09:25:26 -0300] "GET /cgi-bin/common/attr?id=260714&r=0.4738960732743341 HTTP/1.1" 404 999
191.112.2.102 - - [14/Mar/2016:09:25:28 -0300] "GET /cormun/static/gxdec.js?85251 HTTP/1.1" 304 -
186.103.240.224 - - [14/Mar/2016:09:25:28 -0300] "GET /cormun/servlet/trautorizarsolicitud? HTTP/1.1" 200 6186
191.112.2.102 - - [14/Mar/2016:09:25:28 -0300] "GET /cormun/servlet/trvisualizadoreventos? HTTP/1.1" 200 5983
186.103.248.189 - - [14/Mar/2016:09:25:30 -0300] "POST /cormun/servlet/trvisualizadoreventos?6bf7ba1ae5209b877e03f2982985b692,,gx-no-cache=1457958361005 HTTP/1.1" 200 3953
186.103.248.189 - - [14/Mar/2016:09:25:30 -0300] "GET /cormun/servlet/trvisualizadoreventos?f948a05706c42618420ec55643514aca65f3f8d20c8b73a7488f80d80f921a88fb45949e1a5df27d25355a6a4d3215ec56021847ce40a9e10048d6beb1a9384ae026191a4c27dceab2c462f85aba5277f101e1001f1763d92c95933f3e9e42ab7d736dda23fb72721cec21d1122d790d3e0dc13dba5b7bacf4e226fde72ffa472c196a160eb2bc1835474ea96c94c86ec3b1fc24d546cc063be80c46678223f40e7b81dd951ef30d7ace70d982d0d9120c174d64d34aa61345e556fbb48ba3ba,gx-no-cache=1457958361416 HTTP/1.1" 200 1347
191.112.2.102 - - [14/Mar/2016:09:25:31 -0300] "GET /cormun/static/menuarrow.gif HTTP/1.1" 404 1015
191.112.2.102 - - [14/Mar/2016:09:25:33 -0300] "GET /cormun/servlet/trvisualizadoreventos?e19c0a210db65a77ae931b725ee36bbf83b5f2e125fe732f8d9d4e122972dd20c0c559fed8e31e4907a2a40b5b7794f834108fd3b40433faa96eb9f837eedd0d3c7bc277a84fd0c880afb6db7a420f7d73f62b03b98d46ad769433470370a4dfa04022ed35e602c033b4895d953487c2f0e5b0d6c98201c403e3c04400efe352ff4b6ebd55ebd862449b7d8681d40cf9bd40fbc933a175087779a94b5326a787f672ef40b16ab3d776b36408e6b138dac0c802f3dac2dff417958ed68a38f472,gx-no-cache=1457958352027 HTTP/1.1" 200 567
191.112.2.102 - - [14/Mar/2016:09:25:37 -0300] "POST /cormun/servlet/trvisualizadoreventos?45f9068d40b37e0a1ce735b60d4b1d8c,,gx-no-cache=1457958355230 HTTP/1.1" 200 3386
186.103.248.189 - - [14/Mar/2016:09:25:37 -0300] "POST /cormun/servlet/trvisualizadoreventos?6bf7ba1ae5209b877e03f2982985b692,,gx-no-cache=1457958368579 HTTP/1.1" 200 3277
186.103.248.189 - - [14/Mar/2016:09:25:38 -0300] "GET /cormun/servlet/trvisualizadoreventos?f948a05706c42618420ec55643514acaedeaaf91550a3861d51c973b0f3187a0a50f800dd5cc78ef2a9ef6b9cba5afae56021847ce40a9e10048d6beb1a9384ae026191a4c27dceab2c462f85aba5277f101e1001f1763d92c95933f3e9e42ab7d736dda23fb72721cec21d1122d790d3e0dc13dba5b7bacf4e226fde72ffa472c196a160eb2bc1835474ea96c94c86ec3b1fc24d546cc063be80c46678223f40e7b81dd951ef30d7ace70d982d0d912e62d2a825e019a6ccb3247bfbf60efc8,gx-no-cache=1457958368983 HTTP/1.1" 200 574
186.78.49.104 - - [14/Mar/2016:09:25:39 -0300] "POST /cormun/servlet/hlogin?5e9c1da92497abf49ec76ec3be79f619,gx-no-cache=1457958362489 HTTP/1.1" 200 454
191.112.2.102 - - [14/Mar/2016:09:25:39 -0300] "POST /cormun/servlet/trvisualizadoreventos?45f9068d40b37e0a1ce735b60d4b1d8c,,gx-no-cache=1457958357083 HTTP/1.1" 200 3386
191.112.2.102 - - [14/Mar/2016:09:25:40 -0300] "POST /cormun/servlet/trvisualizadoreventos?45f9068d40b37e0a1ce735b60d4b1d8c,,gx-no-cache=1457958358452 HTTP/1.1" 200 3386
191.112.2.102 - - [14/Mar/2016:09:25:41 -0300] "POST /cormun/servlet/trvisualizadoreventos?45f9068d40b37e0a1ce735b60d4b1d8c,,gx-no-cache=1457958359910 HTTP/1.1" 200 3386
191.112.2.102 - - [14/Mar/2016:09:25:41 -0300] "POST /cormun/servlet/trvisualizadoreventos?45f9068d40b37e0a1ce735b60d4b1d8c,,gx-no-cache=1457958360543 HTTP/1.1" 200 3386
186.103.240.224 - - [14/Mar/2016:09:25:44 -0300] "GET /cormun/servlet/hlogin HTTP/1.1" 200 1722
191.112.2.102 - - [14/Mar/2016:09:25:46 -0300] "GET /cormun/servlet/trvisualizadoreventos?e19c0a210db65a77ae931b725ee36bbf9cf76b865012afebb26b8e48d87f8420c0c559fed8e31e4907a2a40b5b7794f834108fd3b40433faa96eb9f837eedd0d3c7bc277a84fd0c880afb6db7a420f7d73f62b03b98d46ad769433470370a4dfa04022ed35e602c033b4895d953487c2f0e5b0d6c98201c403e3c04400efe352ff4b6ebd55ebd862449b7d8681d40cf9bd40fbc933a175087779a94b5326a787f672ef40b16ab3d776b36408e6b138dac0c802f3dac2dff417958ed68a38f472,gx-no-cache=1457958365893 HTTP/1.1" 200 568
191.112.2.102 - - [14/Mar/2016:09:25:47 -0300] "POST /cormun/servlet/trvisualizadoreventos?45f9068d40b37e0a1ce735b60d4b1d8c,,gx-no-cache=1457958365482 HTTP/1.1" 200 3998
186.103.248.189 - - [14/Mar/2016:09:25:50 -0300] "GET /cormun/servlet/trautorizarsolicitud? HTTP/1.1" 200 6163
186.103.248.189 - - [14/Mar/2016:09:25:50 -0300] "GET /cormun/static/Resources/Spanish/PXTools.css?19444614 HTTP/1.1" 304 -
186.103.248.189 - - [14/Mar/2016:09:25:50 -0300] "GET /cormun/static/gxcfg.js?20163219504791 HTTP/1.1" 304 -
186.103.248.189 - - [14/Mar/2016:09:25:50 -0300] "GET /cormun/static/trautorizarsolicitud.js?20163219505323 HTTP/1.1" 304 -
186.103.248.189 - - [14/Mar/2016:09:25:51 -0300] "GET /cormun/servlet/trautorizarsolicitud? HTTP/1.1" 200 6163
186.78.49.104 - - [14/Mar/2016:09:25:52 -0300] "POST /cormun/servlet/hlogin?5e9c1da92497abf49ec76ec3be79f619,gx-no-cache=1457958376039 HTTP/1.1" 200 90
186.78.49.104 - - [14/Mar/2016:09:25:52 -0300] "GET /cormun/servlet/hpexe_link HTTP/1.1" 200 958
186.78.49.104 - - [14/Mar/2016:09:25:53 -0300] "GET /cormun/static/hpexe_link.js?20151120044398 HTTP/1.1" 304 -
186.78.49.104 - - [14/Mar/2016:09:25:53 -0300] "GET /cormun/servlet/trautorizarsolicitud HTTP/1.1" 200 6015
186.103.248.189 - - [14/Mar/2016:09:25:54 -0300] "GET /cormun/static/menuarrow.gif HTTP/1.1" 404 1015
186.103.240.224 - - [14/Mar/2016:09:25:56 -0300] "POST /cormun/servlet/hlogin?043591a73f5d80eaf09686d8d9195c7b,gx-no-cache=1457958382387 HTTP/1.1" 200 90
186.103.240.224 - - [14/Mar/2016:09:25:56 -0300] "GET /cormun/servlet/hpexe_link HTTP/1.1" 200 953
186.103.240.224 - - [14/Mar/2016:09:25:57 -0300] "GET /cormun/servlet/hhome HTTP/1.1" 200 3432
186.103.248.189 - - [14/Mar/2016:09:25:58 -0300] "POST /cormun/servlet/trautorizarsolicitud?6bf7ba1ae5209b877e03f2982985b692,,gx-no-cache=1457958388651 HTTP/1.1" 200 3477
186.103.248.189 - - [14/Mar/2016:09:25:58 -0300] "POST /cormun/servlet/trautorizarsolicitud?6bf7ba1ae5209b877e03f2982985b692,,gx-no-cache=1457958389134 HTTP/1.1" 200 3477
186.78.49.104 - - [14/Mar/2016:09:25:58 -0300] "GET /cormun/servlet/trautorizarsolicitud? HTTP/1.1" 200 6014
186.103.248.189 - - [14/Mar/2016:09:25:58 -0300] "POST /cormun/servlet/trautorizarsolicitud?6bf7ba1ae5209b877e03f2982985b692,,gx-no-cache=1457958389508 HTTP/1.1" 200 3477
186.103.248.189 - - [14/Mar/2016:09:25:59 -0300] "POST /cormun/servlet/trautorizarsolicitud?6bf7ba1ae5209b877e03f2982985b692,,gx-no-cache=1457958389865 HTTP/1.1" 200 3478
186.103.240.224 - - [14/Mar/2016:09:25:59 -0300] "GET /cormun/servlet/hhome HTTP/1.1" 200 3428
186.103.248.189 - - [14/Mar/2016:09:26:02 -0300] "POST /cormun/servlet/trautorizarsolicitud?6bf7ba1ae5209b877e03f2982985b692,,gx-no-cache=1457958392805 HTTP/1.1" 200 3478
186.103.248.189 - - [14/Mar/2016:09:26:02 -0300] "GET /cormun/servlet/trautorizarsolicitud?f948a05706c42618420ec55643514aca6264192630a14ff354eda85b131e9f57b35aa53db268bfb13a6386e1063bfe986164a9f60a270f989819828211f882699158ac60a15ab79dcb69b3d84139a74e95d05aa46e2738f2a28c410ae9af5c16,gx-no-cache=1457958393213 HTTP/1.1" 200 757
186.103.240.224 - - [14/Mar/2016:09:26:04 -0300] "GET /cormun/servlet/trsolicitudot? HTTP/1.1" 200 7840
186.103.248.189 - - [14/Mar/2016:09:26:06 -0300] "POST /cormun/servlet/trautorizarsolicitud?6bf7ba1ae5209b877e03f2982985b692,,gx-no-cache=1457958397041 HTTP/1.1" 200 3479
186.103.240.224 - - [14/Mar/2016:09:26:06 -0300] "GET /cormun/servlet/trsolicitudot? HTTP/1.1" 200 7838
186.103.248.189 - - [14/Mar/2016:09:26:06 -0300] "GET /cormun/servlet/trautorizarsolicitud?f948a05706c42618420ec55643514aca460ebb76b16087decc6e1463ab9ea882b35aa53db268bfb13a6386e1063bfe986164a9f60a270f989819828211f882699158ac60a15ab79dcb69b3d84139a74e95d05aa46e2738f2a28c410ae9af5c16,gx-no-cache=1457958397480 HTTP/1.1" 200 757
186.78.49.104 - - [14/Mar/2016:09:26:10 -0300] "POST /cormun/servlet/trautorizarsolicitud?5e9c1da92497abf49ec76ec3be79f619,,gx-no-cache=1457958390051 HTTP/1.1" 200 3202
186.103.248.189 - - [14/Mar/2016:09:26:11 -0300] "POST /cormun/servlet/trautorizarsolicitud?6bf7ba1ae5209b877e03f2982985b692,,gx-no-cache=1457958402085 HTTP/1.1" 200 4915
186.103.248.189 - - [14/Mar/2016:09:26:11 -0300] "GET /cormun/servlet/trautorizarsolicitud?f948a05706c42618420ec55643514acadb506fcca135fcdd86cf9fa2042b328bb35aa53db268bfb13a6386e1063bfe986164a9f60a270f989819828211f882699158ac60a15ab79dcb69b3d84139a74e95d05aa46e2738f2a28c410ae9af5c16,gx-no-cache=1457958402544 HTTP/1.1" 200 2220
186.78.49.104 - - [14/Mar/2016:09:26:14 -0300] "POST /cormun/servlet/trautorizarsolicitud?5e9c1da92497abf49ec76ec3be79f619,,gx-no-cache=1457958396156 HTTP/1.1" 200 3202
186.103.240.224 - - [14/Mar/2016:09:26:15 -0300] "POST /cormun/servlet/trsolicitudot?043591a73f5d80eaf09686d8d9195c7b,,gx-no-cache=1457958401252 HTTP/1.1" 200 5291
186.78.49.104 - - [14/Mar/2016:09:26:15 -0300] "POST /cormun/servlet/trautorizarsolicitud?5e9c1da92497abf49ec76ec3be79f619,,gx-no-cache=1457958398579 HTTP/1.1" 200 3202
186.103.240.224 - - [14/Mar/2016:09:26:16 -0300] "POST /cormun/servlet/trsolicitudot?043591a73f5d80eaf09686d8d9195c7b,,gx-no-cache=1457958401845 HTTP/1.1" 200 5288
186.103.240.224 - - [14/Mar/2016:09:26:16 -0300] "POST /cormun/servlet/trsolicitudot?043591a73f5d80eaf09686d8d9195c7b,,gx-no-cache=1457958402406 HTTP/1.1" 200 5291
186.103.240.224 - - [14/Mar/2016:09:26:17 -0300] "POST /cormun/servlet/trsolicitudot?043591a73f5d80eaf09686d8d9195c7b,,gx-no-cache=1457958402969 HTTP/1.1" 200 5292
186.103.240.224 - - [14/Mar/2016:09:26:17 -0300] "POST /cormun/servlet/trsolicitudot?043591a73f5d80eaf09686d8d9195c7b,,gx-no-cache=1457958403524 HTTP/1.1" 200 5292
186.103.240.224 - - [14/Mar/2016:09:26:18 -0300] "POST /cormun/servlet/trsolicitudot?043591a73f5d80eaf09686d8d9195c7b,,gx-no-cache=1457958404188 HTTP/1.1" 200 5290
186.103.240.224 - - [14/Mar/2016:09:26:19 -0300] "POST /cormun/servlet/trsolicitudot?043591a73f5d80eaf09686d8d9195c7b,,gx-no-cache=1457958404758 HTTP/1.1" 200 5291
186.103.240.224 - - [14/Mar/2016:09:26:19 -0300] "POST /cormun/servlet/trsolicitudot?043591a73f5d80eaf09686d8d9195c7b,,gx-no-cache=1457958405346 HTTP/1.1" 200 4959
186.103.240.224 - - [14/Mar/2016:09:26:19 -0300] "GET /cormun/static/Shared/jqueryui/images/ui-bg_highlight-soft_100_c6c2c8_1x100.png HTTP/1.1" 404 1117
186.103.240.224 - - [14/Mar/2016:09:26:19 -0300] "GET /cormun/static/Shared/jqueryui/images/ui-icons_82798d_256x240.png HTTP/1.1" 404 1089
186.103.240.224 - - [14/Mar/2016:09:26:19 -0300] "GET /cormun/static/Shared/jqueryui/images/ui-bg_flat_55_fafafa_40x100.png HTTP/1.1" 404 1097
186.103.240.224 - - [14/Mar/2016:09:26:20 -0300] "GET /cormun/static/Shared/jqueryui/images/ui-icons_8d78a5_256x240.png HTTP/1.1" 404 1089
186.103.240.224 - - [14/Mar/2016:09:26:20 -0300] "POST /cormun/servlet/trsolicitudot?043591a73f5d80eaf09686d8d9195c7b,,gx-no-cache=1457958406063 HTTP/1.1" 200 4900
186.103.240.224 - - [14/Mar/2016:09:26:23 -0300] "POST /cormun/servlet/trsolicitudot?043591a73f5d80eaf09686d8d9195c7b,,gx-no-cache=1457958409307 HTTP/1.1" 200 4926
186.103.240.224 - - [14/Mar/2016:09:26:24 -0300] "POST /cormun/servlet/trsolicitudot?043591a73f5d80eaf09686d8d9195c7b,,gx-no-cache=1457958409835 HTTP/1.1" 200 4926
186.103.240.224 - - [14/Mar/2016:09:26:24 -0300] "POST /cormun/servlet/trsolicitudot?043591a73f5d80eaf09686d8d9195c7b,,gx-no-cache=1457958410443 HTTP/1.1" 200 4926
186.103.240.224 - - [14/Mar/2016:09:26:25 -0300] "POST /cormun/servlet/trsolicitudot?043591a73f5d80eaf09686d8d9195c7b,,gx-no-cache=1457958410989 HTTP/1.1" 200 4926
186.103.240.224 - - [14/Mar/2016:09:26:25 -0300] "POST /cormun/servlet/trsolicitudot?043591a73f5d80eaf09686d8d9195c7b,,gx-no-cache=1457958411545 HTTP/1.1" 200 4925
186.103.240.224 - - [14/Mar/2016:09:26:26 -0300] "POST /cormun/servlet/trsolicitudot?043591a73f5d80eaf09686d8d9195c7b,,gx-no-cache=1457958412134 HTTP/1.1" 200 4926
186.103.240.224 - - [14/Mar/2016:09:26:27 -0300] "POST /cormun/servlet/trsolicitudot?043591a73f5d80eaf09686d8d9195c7b,,gx-no-cache=1457958412778 HTTP/1.1" 200 4926
186.103.240.224 - - [14/Mar/2016:09:26:27 -0300] "POST /cormun/servlet/trsolicitudot?043591a73f5d80eaf09686d8d9195c7b,,gx-no-cache=1457958413380 HTTP/1.1" 200 3602
186.103.240.224 - - [14/Mar/2016:09:26:28 -0300] "POST /cormun/servlet/trsolicitudot?043591a73f5d80eaf09686d8d9195c7b,,gx-no-cache=1457958413980 HTTP/1.1" 200 3459
186.78.49.104 - - [14/Mar/2016:09:26:34 -0300] "POST /cormun/servlet/trautorizarsolicitud?5e9c1da92497abf49ec76ec3be79f619,,gx-no-cache=1457958416849 HTTP/1.1" 200 3203
186.78.49.104 - - [14/Mar/2016:09:26:35 -0300] "POST /cormun/servlet/trautorizarsolicitud?5e9c1da92497abf49ec76ec3be79f619,,gx-no-cache=1457958418625 HTTP/1.1" 200 3203
186.103.248.189 - - [14/Mar/2016:09:26:36 -0300] "POST /cormun/servlet/trautorizarsolicitud?6bf7ba1ae5209b877e03f2982985b692,,gx-no-cache=1457958426476 HTTP/1.1" 200 3479
186.78.49.104 - - [14/Mar/2016:09:26:36 -0300] "POST /cormun/servlet/trautorizarsolicitud?5e9c1da92497abf49ec76ec3be79f619,,gx-no-cache=1457958419221 HTTP/1.1" 200 3202
186.103.248.189 - - [14/Mar/2016:09:26:36 -0300] "GET /cormun/servlet/trautorizarsolicitud?f948a05706c42618420ec55643514aca6264192630a14ff354eda85b131e9f57e9c14afa283eb24bf32247e1c83c4d8e6164a9f60a270f989819828211f88269eb2f6c0cc905fedff0961a9bd91d7084b257043505a460f0e0fc64872c5550696ae38229bbd79a3952be768a77f7c29e,gx-no-cache=1457958426878 HTTP/1.1" 200 770
186.103.248.189 - - [14/Mar/2016:09:26:40 -0300] "POST /cormun/servlet/trautorizarsolicitud?6bf7ba1ae5209b877e03f2982985b692,,gx-no-cache=1457958431014 HTTP/1.1" 200 6037
186.103.248.189 - - [14/Mar/2016:09:26:40 -0300] "GET /cormun/servlet/trautorizarsolicitud?f948a05706c42618420ec55643514aca34182c1131ead04200be62bfb7974973b35aa53db268bfb13a6386e1063bfe986164a9f60a270f989819828211f882699158ac60a15ab79dcb69b3d84139a74e95d05aa46e2738f2a28c410ae9af5c16,gx-no-cache=1457958431575 HTTP/1.1" 200 3516
186.78.49.104 - - [14/Mar/2016:09:26:42 -0300] "POST /cormun/servlet/trautorizarsolicitud?5e9c1da92497abf49ec76ec3be79f619,,gx-no-cache=1457958425802 HTTP/1.1" 200 3202
186.103.240.224 - - [14/Mar/2016:09:26:44 -0300] "GET /cormun/servlet/hlogin HTTP/1.1" 200 1714
186.78.49.104 - - [14/Mar/2016:09:26:47 -0300] "GET /cormun/servlet/trautorizarsolicitud?4250b49d52f6f35d2b1d8343dd4e175a1be1b02eda8e6587117e706950a6d2444ac48060f454d30d34dd1c7967f477713ceef724976ef64ad168ea089c4fba22e9a72de1aec6ba27af55649eafe4dcbe2b30b5790c14acdfb03b8134c6f89ad6,gx-no-cache=1457958430721 HTTP/1.1" 200 752
186.78.49.104 - - [14/Mar/2016:09:26:52 -0300] "POST /cormun/servlet/trautorizarsolicitud?5e9c1da92497abf49ec76ec3be79f619,,gx-no-cache=1457958435587 HTTP/1.1" 200 3209
186.78.49.104 - - [14/Mar/2016:09:26:59 -0300] "GET /cormun/servlet/trautorizarsolicitud?4250b49d52f6f35d2b1d8343dd4e175a1be1b02eda8e6587117e706950a6d244c8ac4d5411dc794a012ea972e117dd3e06ce8bb7ae6646cf7a17534bc0b1c84a61ebad169b3655e8cc692a86ebf6323aff6dd85454708df6327b4de01ebd913a,gx-no-cache=1457958442687 HTTP/1.1" 200 755
186.78.49.104 - - [14/Mar/2016:09:27:00 -0300] "POST /cormun/servlet/trautorizarsolicitud?5e9c1da92497abf49ec76ec3be79f619,,gx-no-cache=1457958443268 HTTP/1.1" 200 3214
186.103.240.224 - - [14/Mar/2016:09:27:02 -0300] "POST /cormun/servlet/hlogin?4d3fee72991f85e25b8781eac955f028,gx-no-cache=1457958448819 HTTP/1.1" 200 90
186.103.240.224 - - [14/Mar/2016:09:27:02 -0300] "GET /cormun/servlet/hpexe_link HTTP/1.1" 200 948
186.103.240.224 - - [14/Mar/2016:09:27:03 -0300] "GET /cormun/servlet/hhome HTTP/1.1" 200 3476
186.103.240.224 - - [14/Mar/2016:09:27:05 -0300] "GET /cormun/servlet/hhome HTTP/1.1" 200 3471
186.103.240.224 - - [14/Mar/2016:09:27:10 -0300] "GET /cormun/servlet/trautorizarsolicitud? HTTP/1.1" 200 7823
186.103.240.224 - - [14/Mar/2016:09:27:12 -0300] "GET /cormun/servlet/trautorizarsolicitud? HTTP/1.1" 200 7821
191.112.2.102 - - [14/Mar/2016:09:27:22 -0300] "POST /cormun/servlet/trvisualizadoreventos?45f9068d40b37e0a1ce735b60d4b1d8c,,gx-no-cache=1457958459750 HTTP/1.1" 200 3998
186.103.240.224 - - [14/Mar/2016:09:27:26 -0300] "POST /cormun/servlet/trautorizarsolicitud?4d3fee72991f85e25b8781eac955f028,,gx-no-cache=1457958471931 HTTP/1.1" 200 4887
191.112.2.102 - - [14/Mar/2016:09:27:26 -0300] "POST /cormun/servlet/trvisualizadoreventos?45f9068d40b37e0a1ce735b60d4b1d8c,,gx-no-cache=1457958464680 HTTP/1.1" 200 3998
186.103.240.224 - - [14/Mar/2016:09:27:26 -0300] "GET /cormun/static/Shared/jqueryui/images/ui-bg_highlight-soft_100_c6c2c8_1x100.png HTTP/1.1" 404 1117
186.103.240.224 - - [14/Mar/2016:09:27:26 -0300] "GET /cormun/static/Shared/jqueryui/images/ui-icons_82798d_256x240.png HTTP/1.1" 404 1089
186.103.240.224 - - [14/Mar/2016:09:27:26 -0300] "GET /cormun/static/Shared/jqueryui/images/ui-bg_flat_55_fafafa_40x100.png HTTP/1.1" 404 1097
186.103.240.224 - - [14/Mar/2016:09:27:26 -0300] "GET /cormun/static/Shared/jqueryui/images/ui-icons_8d78a5_256x240.png HTTP/1.1" 404 1089
186.103.240.224 - - [14/Mar/2016:09:27:26 -0300] "POST /cormun/servlet/trautorizarsolicitud?4d3fee72991f85e25b8781eac955f028,,gx-no-cache=1457958472564 HTTP/1.1" 200 4832
186.103.240.224 - - [14/Mar/2016:09:27:29 -0300] "POST /cormun/servlet/trautorizarsolicitud?4d3fee72991f85e25b8781eac955f028,,gx-no-cache=1457958474766 HTTP/1.1" 200 3580
186.103.240.224 - - [14/Mar/2016:09:27:29 -0300] "POST /cormun/servlet/trautorizarsolicitud?4d3fee72991f85e25b8781eac955f028,,gx-no-cache=1457958475248 HTTP/1.1" 200 3439
191.112.2.102 - - [14/Mar/2016:09:27:33 -0300] "POST /cormun/servlet/trvisualizadoreventos?45f9068d40b37e0a1ce735b60d4b1d8c,,gx-no-cache=1457958471199 HTTP/1.1" 200 3998
186.103.248.189 - - [14/Mar/2016:09:27:35 -0300] "GET /cormun/servlet/trsolicitudot? HTTP/1.1" 200 6216
186.103.248.189 - - [14/Mar/2016:09:27:35 -0300] "GET /cormun/static/Resources/Spanish/PXTools.css?18502099 HTTP/1.1" 304 -
186.103.248.189 - - [14/Mar/2016:09:27:35 -0300] "GET /cormun/static/gxcfg.js?201631185636 HTTP/1.1" 304 -
186.103.248.189 - - [14/Mar/2016:09:27:35 -0300] "GET /cormun/static/trsolicitudot.js?2016311856838 HTTP/1.1" 304 -
186.103.248.189 - - [14/Mar/2016:09:27:35 -0300] "GET /cormun/servlet/trsolicitudot? HTTP/1.1" 200 6216
186.103.248.189 - - [14/Mar/2016:09:27:39 -0300] "POST /cormun/servlet/trsolicitudot?6bf7ba1ae5209b877e03f2982985b692,,gx-no-cache=1457958490028 HTTP/1.1" 200 3503
191.112.2.102 - - [14/Mar/2016:09:27:39 -0300] "POST /cormun/servlet/trvisualizadoreventos?45f9068d40b37e0a1ce735b60d4b1d8c,,gx-no-cache=1457958477526 HTTP/1.1" 200 3998
186.103.248.189 - - [14/Mar/2016:09:27:39 -0300] "POST /cormun/servlet/trsolicitudot?6bf7ba1ae5209b877e03f2982985b692,,gx-no-cache=1457958490406 HTTP/1.1" 200 3503
186.103.248.189 - - [14/Mar/2016:09:27:40 -0300] "POST /cormun/servlet/trsolicitudot?6bf7ba1ae5209b877e03f2982985b692,,gx-no-cache=1457958490729 HTTP/1.1" 200 3503
186.103.248.189 - - [14/Mar/2016:09:27:40 -0300] "POST /cormun/servlet/trsolicitudot?6bf7ba1ae5209b877e03f2982985b692,,gx-no-cache=1457958491058 HTTP/1.1" 200 3504
186.103.248.189 - - [14/Mar/2016:09:27:43 -0300] "POST /cormun/servlet/trsolicitudot?6bf7ba1ae5209b877e03f2982985b692,,gx-no-cache=1457958494066 HTTP/1.1" 200 3507
186.103.248.189 - - [14/Mar/2016:09:27:43 -0300] "GET /cormun/servlet/trsolicitudot?f948a05706c42618420ec55643514aca6264192630a14ff354eda85b131e9f57b35aa53db268bfb13a6386e1063bfe9839557cfedef29bf817b9bbe8d24a324e873420cc4b8d490009a476782282a694,gx-no-cache=1457958494473 HTTP/1.1" 200 763
191.112.2.102 - - [14/Mar/2016:09:27:46 -0300] "POST /cormun/servlet/trvisualizadoreventos?45f9068d40b37e0a1ce735b60d4b1d8c,,gx-no-cache=1457958485574 HTTP/1.1" 200 3998
191.112.2.102 - - [14/Mar/2016:09:27:50 -0300] "POST /cormun/servlet/trvisualizadoreventos?45f9068d40b37e0a1ce735b60d4b1d8c,,gx-no-cache=1457958487663 HTTP/1.1" 200 3998
191.112.2.102 - - [14/Mar/2016:09:27:57 -0300] "POST /cormun/servlet/acontrolpreferencessavestate?None,EVALENZUELA,true HTTP/1.1" 200 35
191.112.2.102 - - [14/Mar/2016:09:27:59 -0300] "POST /cormun/servlet/acontrolpreferencessavestate?None,EVALENZUELA,true HTTP/1.1" 200 35
191.112.2.102 - - [14/Mar/2016:09:28:04 -0300] "POST /cormun/servlet/trvisualizadoreventos?45f9068d40b37e0a1ce735b60d4b1d8c,,gx-no-cache=1457958502771 HTTP/1.1" 200 3998
186.103.240.224 - - [14/Mar/2016:09:28:18 -0300] "GET /cormun/servlet/hlogin HTTP/1.1" 200 1718
186.103.240.224 - - [14/Mar/2016:09:28:31 -0300] "POST /cormun/servlet/hlogin?f9dfceca7f7806f8c05f01fcb362b517,gx-no-cache=1457958537100 HTTP/1.1" 200 90
186.103.240.224 - - [14/Mar/2016:09:28:31 -0300] "GET /cormun/servlet/hpexe_link HTTP/1.1" 200 952
186.103.240.224 - - [14/Mar/2016:09:28:31 -0300] "GET /cormun/servlet/hhome HTTP/1.1" 200 3427
186.103.240.224 - - [14/Mar/2016:09:28:33 -0300] "GET /cormun/servlet/hhome HTTP/1.1" 200 3425
186.103.240.224 - - [14/Mar/2016:09:28:38 -0300] "GET /cormun/servlet/trsolicitudot? HTTP/1.1" 200 6190
186.103.240.224 - - [14/Mar/2016:09:28:40 -0300] "GET /cormun/servlet/trsolicitudot? HTTP/1.1" 200 6190
186.103.240.224 - - [14/Mar/2016:09:28:46 -0300] "GET /cormun/servlet/solicitudot?INS,0,0, HTTP/1.1" 200 11424
186.103.240.224 - - [14/Mar/2016:09:28:49 -0300] "GET /cormun/servlet/solicitudot?INS,0,0, HTTP/1.1" 200 11429
186.103.240.224 - - [14/Mar/2016:09:29:46 -0300] "POST /cormun/servlet/solicitudot?gx-no-cache=1457958612630 HTTP/1.1" 200 2784
186.103.240.224 - - [14/Mar/2016:09:29:47 -0300] "POST /cormun/servlet/solicitudot?f9dfceca7f7806f8c05f01fcb362b517,INS,0,0,,gx-no-cache=1457958613175 HTTP/1.1" 200 8411
186.103.240.224 - - [14/Mar/2016:09:29:58 -0300] "GET /cormun/servlet/solicitudot?d87ce52a5a6edc9f764867a9c839bfdc4462c6c56057e06c424ae04574ecb8659c39893aebb730ad52e45dc5a0630673,gx-no-cache=1457958624073 HTTP/1.1" 200 30
186.103.240.224 - - [14/Mar/2016:09:29:58 -0300] "POST /cormun/servlet/solicitudot?gx-no-cache=1457958624190 HTTP/1.1" 200 30
186.103.240.224 - - [14/Mar/2016:09:30:03 -0300] "POST /cormun/servlet/solicitudot?gx-no-cache=1457958628932 HTTP/1.1" 200 30
186.103.240.224 - - [14/Mar/2016:09:30:05 -0300] "GET /cormun/servlet/prcontratosol?16178807,,,,,MD,,gxPopupLevel%3D0%3B HTTP/1.1" 200 5683
186.103.240.224 - - [14/Mar/2016:09:30:11 -0300] "POST /cormun/servlet/solicitudot?gx-no-cache=1457958637035 HTTP/1.1" 200 1172
186.103.240.224 - - [14/Mar/2016:09:30:11 -0300] "GET /cormun/servlet/solicitudot?d87ce52a5a6edc9f764867a9c839bfdcf39bb7de8b2ea17e050519f4f30c9c0966a8dad00ea567ed0d57067fd449c3473401066aa1435241cfc721688a410bdca865b1ea29da7d269581805a3507100d38b124c2810bfa1ebe7f2f592c802b6245c07b42c69bc06d05df4dcced9518388370d4b78f8624a085ee3180260602a95dfe6d9ca94c89e19baedd54ebccb79b,gx-no-cache=1457958637207 HTTP/1.1" 200 38
186.103.240.224 - - [14/Mar/2016:09:30:11 -0300] "GET /cormun/servlet/solicitudot?d87ce52a5a6edc9f764867a9c839bfdc5e0e059acef67e809a6d4e35a92ad7c40b9bce2099462e0f022aa1e86447d77a95a0081d50104767e3aa1ca4ce0584c2e1c6c2e511563298efb3a55c94e46293c4b9a3f4c52259e6eda90c8c70078cf63fa12ea6be7df44a51f8476ea997835fd8f483522763f9013a1bf8df2395dde5dcc9a954857bdbf312b83102f70351b2071ffff858ae35edaf90c823673748dfdd85c4ce1f2b6c65da6e2bece0877cd385ef5503fd72acc3849d23caad4cc64fa167d1c7f70ed5c536cbeef37e57e21f,gx-no-cache=1457958637294 HTTP/1.1" 200 29
186.103.240.224 - - [14/Mar/2016:09:30:11 -0300] "POST /cormun/servlet/solicitudot?gx-no-cache=1457958637372 HTTP/1.1" 200 1128
186.103.240.224 - - [14/Mar/2016:09:30:27 -0300] "GET /cormun/servlet/solicitudot?d87ce52a5a6edc9f764867a9c839bfdc5e0e059acef67e809a6d4e35a92ad7c40b9bce2099462e0f022aa1e86447d77aaac51bfd4c08800363553a896636ffb6e1c6c2e511563298efb3a55c94e46293c4b9a3f4c52259e6eda90c8c70078cf63fa12ea6be7df44a51f8476ea997835fd8f483522763f9013a1bf8df2395dde5dcc9a954857bdbf312b83102f70351b2071ffff858ae35edaf90c823673748dfdd85c4ce1f2b6c65da6e2bece0877cd385ef5503fd72acc3849d23caad4cc64fa167d1c7f70ed5c536cbeef37e57e21f,gx-no-cache=1457958653144 HTTP/1.1" 200 29
186.103.240.224 - - [14/Mar/2016:09:30:32 -0300] "GET /cormun/static/menuarrow.gif HTTP/1.1" 404 1015
186.103.240.224 - - [14/Mar/2016:09:30:38 -0300] "GET /cormun/servlet/solicitudot?d87ce52a5a6edc9f764867a9c839bfdca258b9966cc75d3cd6ad0f57ce6dd8dc1b9cc4a6aa6e2133aa2083dac0578dc92ce9156ebcf6a5e49d8938467a0c9b0631de0328c4b86930735d1a83997c2683761ad29bf7d0c27ebbd70e2fe09989699397d71926ac5b734f6b9bd862912196c376589a5808fb686d9f78bf1adea718ad8e6e76b4bf447411de29d960e89b4322cf5494bd7ca6b9cdc2fd1ba4c4e1a678dbd428bd9fdd1ebc7ec50e4ac6d2cb,gx-no-cache=1457958664563 HTTP/1.1" 200 30
186.103.240.224 - - [14/Mar/2016:09:30:51 -0300] "POST /cormun/servlet/solicitudot?f9dfceca7f7806f8c05f01fcb362b517,INS,0,0,,gx-no-cache=1457958676921 HTTP/1.1" 200 93
186.103.240.224 - - [14/Mar/2016:09:30:51 -0300] "GET /cormun/servlet/hpexe_return? HTTP/1.1" 200 1008
186.103.240.224 - - [14/Mar/2016:09:30:52 -0300] "GET /cormun/servlet/trsolicitudot HTTP/1.1" 200 7493
186.103.240.224 - - [14/Mar/2016:09:30:54 -0300] "GET /cormun/servlet/trsolicitudot HTTP/1.1" 200 7489
186.103.240.224 - - [14/Mar/2016:09:31:10 -0300] "POST /cormun/servlet/trsolicitudot?f9dfceca7f7806f8c05f01fcb362b517,gx-no-cache=1457958696562 HTTP/1.1" 200 4930
186.103.240.224 - - [14/Mar/2016:09:31:11 -0300] "POST /cormun/servlet/trsolicitudot?f9dfceca7f7806f8c05f01fcb362b517,gx-no-cache=1457958697050 HTTP/1.1" 200 4929
186.103.240.224 - - [14/Mar/2016:09:31:11 -0300] "POST /cormun/servlet/trsolicitudot?f9dfceca7f7806f8c05f01fcb362b517,gx-no-cache=1457958697507 HTTP/1.1" 200 4930
186.103.240.224 - - [14/Mar/2016:09:31:12 -0300] "POST /cormun/servlet/trsolicitudot?f9dfceca7f7806f8c05f01fcb362b517,gx-no-cache=1457958697988 HTTP/1.1" 200 4930
186.103.240.224 - - [14/Mar/2016:09:31:12 -0300] "POST /cormun/servlet/trsolicitudot?f9dfceca7f7806f8c05f01fcb362b517,gx-no-cache=1457958698488 HTTP/1.1" 200 4930
186.103.240.224 - - [14/Mar/2016:09:31:13 -0300] "POST /cormun/servlet/trsolicitudot?f9dfceca7f7806f8c05f01fcb362b517,gx-no-cache=1457958698975 HTTP/1.1" 200 4930
186.103.240.224 - - [14/Mar/2016:09:31:14 -0300] "POST /cormun/servlet/trsolicitudot?f9dfceca7f7806f8c05f01fcb362b517,gx-no-cache=1457958699471 HTTP/1.1" 200 4930
186.103.240.224 - - [14/Mar/2016:09:31:14 -0300] "POST /cormun/servlet/trsolicitudot?f9dfceca7f7806f8c05f01fcb362b517,gx-no-cache=1457958700447 HTTP/1.1" 200 3608
186.103.240.224 - - [14/Mar/2016:09:31:15 -0300] "GET /cormun/static/Shared/jqueryui/images/ui-bg_highlight-soft_100_c6c2c8_1x100.png HTTP/1.1" 404 1117
186.103.240.224 - - [14/Mar/2016:09:31:15 -0300] "GET /cormun/static/Shared/jqueryui/images/ui-icons_82798d_256x240.png HTTP/1.1" 404 1089
186.103.240.224 - - [14/Mar/2016:09:31:15 -0300] "GET /cormun/static/Shared/jqueryui/images/ui-bg_flat_55_fafafa_40x100.png HTTP/1.1" 404 1097
186.103.240.224 - - [14/Mar/2016:09:31:15 -0300] "GET /cormun/static/Shared/jqueryui/images/ui-icons_8d78a5_256x240.png HTTP/1.1" 404 1089
186.103.240.224 - - [14/Mar/2016:09:31:15 -0300] "POST /cormun/servlet/trsolicitudot?f9dfceca7f7806f8c05f01fcb362b517,gx-no-cache=1457958701311 HTTP/1.1" 200 3458
186.103.240.224 - - [14/Mar/2016:09:31:18 -0300] "GET /cormun/servlet/solicitudot?INS,0,0, HTTP/1.1" 200 11424
186.103.240.224 - - [14/Mar/2016:09:31:20 -0300] "GET /cormun/servlet/solicitudot?INS,0,0, HTTP/1.1" 200 11429
186.103.240.224 - - [14/Mar/2016:09:31:57 -0300] "GET /cormun/servlet/hlogin HTTP/1.1" 200 1717
186.103.240.224 - - [14/Mar/2016:09:32:10 -0300] "POST /cormun/servlet/hlogin?822a4b8a8bee635cecc8356ed5ee083d,gx-no-cache=1457958755946 HTTP/1.1" 200 90
186.103.240.224 - - [14/Mar/2016:09:32:10 -0300] "GET /cormun/servlet/hpexe_link HTTP/1.1" 200 950
186.103.240.224 - - [14/Mar/2016:09:32:10 -0300] "GET /cormun/servlet/hhome HTTP/1.1" 200 3478
186.103.240.224 - - [14/Mar/2016:09:32:12 -0300] "GET /cormun/servlet/hhome HTTP/1.1" 200 3474
186.103.240.224 - - [14/Mar/2016:09:32:16 -0300] "GET /cormun/servlet/trautorizarsolicitud? HTTP/1.1" 200 7486
186.103.240.224 - - [14/Mar/2016:09:32:18 -0300] "GET /cormun/servlet/trautorizarsolicitud? HTTP/1.1" 200 7486
186.103.240.224 - - [14/Mar/2016:09:32:41 -0300] "POST /cormun/servlet/trautorizarsolicitud?822a4b8a8bee635cecc8356ed5ee083d,,gx-no-cache=1457958787649 HTTP/1.1" 200 3589
186.103.240.224 - - [14/Mar/2016:09:32:42 -0300] "GET /cormun/static/Shared/jqueryui/images/ui-bg_highlight-soft_100_c6c2c8_1x100.png HTTP/1.1" 404 1117
186.103.240.224 - - [14/Mar/2016:09:32:42 -0300] "GET /cormun/static/Shared/jqueryui/images/ui-icons_82798d_256x240.png HTTP/1.1" 404 1089
186.103.240.224 - - [14/Mar/2016:09:32:42 -0300] "GET /cormun/static/Shared/jqueryui/images/ui-bg_flat_55_fafafa_40x100.png HTTP/1.1" 404 1097
186.103.240.224 - - [14/Mar/2016:09:32:42 -0300] "GET /cormun/static/Shared/jqueryui/images/ui-icons_8d78a5_256x240.png HTTP/1.1" 404 1089
186.103.240.224 - - [14/Mar/2016:09:32:42 -0300] "POST /cormun/servlet/trautorizarsolicitud?822a4b8a8bee635cecc8356ed5ee083d,,gx-no-cache=1457958788264 HTTP/1.1" 200 3444
191.112.2.102 - - [14/Mar/2016:09:35:09 -0300] "GET /cormun/servlet/hlogin HTTP/1.1" 200 1721
191.112.2.102 - - [14/Mar/2016:09:35:09 -0300] "GET /cormun/static/Resources/Spanish/PXTools.css?005343 HTTP/1.1" 304 -
191.112.2.102 - - [14/Mar/2016:09:35:09 -0300] "GET /cormun/static/gxcfg.js?20151120045111 HTTP/1.1" 304 -
191.112.2.102 - - [14/Mar/2016:09:35:09 -0300] "GET /cormun/static/messages.spa.js?85251 HTTP/1.1" 304 -
191.112.2.102 - - [14/Mar/2016:09:35:10 -0300] "GET /cormun/static/hlogin.js?20151120045126 HTTP/1.1" 304 -
191.112.2.102 - - [14/Mar/2016:09:35:10 -0300] "GET /cormun/servlet/hlogin HTTP/1.1" 200 1729
191.112.2.102 - - [14/Mar/2016:09:35:11 -0300] "GET /favicon.ico HTTP/1.1" 200 21630
191.112.2.102 - - [14/Mar/2016:09:35:12 -0300] "POST /cormun/servlet/hlogin?6f98838fa82107b0dc0e445d0706425d,gx-no-cache=1457958935755 HTTP/1.1" 200 90
191.112.2.102 - - [14/Mar/2016:09:35:12 -0300] "GET /cormun/servlet/hpexe_link HTTP/1.1" 200 949
191.112.2.102 - - [14/Mar/2016:09:35:12 -0300] "GET /cormun/static/gxcfg.js?20151120044395 HTTP/1.1" 304 -
191.112.2.102 - - [14/Mar/2016:09:35:12 -0300] "GET /cormun/static/hpexe_link.js?20151120044398 HTTP/1.1" 304 -
191.112.2.102 - - [14/Mar/2016:09:35:12 -0300] "GET /cormun/servlet/hhome HTTP/1.1" 200 3466
191.112.2.102 - - [14/Mar/2016:09:35:12 -0300] "GET /cormun/static/Resources/Spanish/PXTools.css?10515224 HTTP/1.1" 304 -
191.112.2.102 - - [14/Mar/2016:09:35:13 -0300] "GET /cormun/static/gxcfg.js?2015112210564248 HTTP/1.1" 304 -
191.112.2.102 - - [14/Mar/2016:09:35:13 -0300] "GET /cormun/static/hhome.js?2015112210564255 HTTP/1.1" 304 -
191.112.2.102 - - [14/Mar/2016:09:35:13 -0300] "GET /cormun/static/hwchdr01.js?20162241650484 HTTP/1.1" 304 -
191.112.2.102 - - [14/Mar/2016:09:35:13 -0300] "GET /cormun/static/hpexe_recentlink.js?2015111312121342 HTTP/1.1" 304 -
191.112.2.102 - - [14/Mar/2016:09:35:13 -0300] "GET /cormun/static/hpexe_scripts.js?20151120014546 HTTP/1.1" 304 -
191.112.2.102 - - [14/Mar/2016:09:35:13 -0300] "GET /cormun/static/hpexe_messagecontroller.js?2015112210524422 HTTP/1.1" 304 -
191.112.2.102 - - [14/Mar/2016:09:35:13 -0300] "GET /cormun/static/hpexe_messagepopupcomponent.js?20163219454551 HTTP/1.1" 304 -
191.112.2.102 - - [14/Mar/2016:09:35:13 -0300] "GET /cormun/static/hpexe_messagegenexuscomponent.js?20151120014314 HTTP/1.1" 304 -
191.112.2.102 - - [14/Mar/2016:09:35:13 -0300] "GET /cormun/static/cmcontrolpreferences.js?20151120014525 HTTP/1.1" 304 -
191.112.2.102 - - [14/Mar/2016:09:35:13 -0300] "GET /cormun/static/hmpwkw03.js?2016311993330 HTTP/1.1" 304 -
191.112.2.102 - - [14/Mar/2016:09:35:13 -0300] "GET /cormun/static/Resources/PXToolsFooterBackground2.png HTTP/1.1" 304 -
191.112.2.102 - - [14/Mar/2016:09:35:13 -0300] "GET /cormun/servlet/hhome HTTP/1.1" 200 3462
186.78.49.104 - - [14/Mar/2016:09:35:14 -0300] "GET /cormun/servlet/trautorizarsolicitud?4250b49d52f6f35d2b1d8343dd4e175aae4c98fb32d32e3348d4ef6798a4869158f046027ebc813a756145e48c44ca0a3938b8840fb100220cfbad680f12fda321d1a1303b02bc29c8b41bb9a051007ec37d3f5cee2b9de93570a2b4cdb9ab72bca586799d8594374c4ed05156d3c96a,gx-no-cache=1457958937915 HTTP/1.1" 200 758
186.78.49.104 - - [14/Mar/2016:09:35:26 -0300] "GET /cormun/servlet/trautorizarsolicitud?4250b49d52f6f35d2b1d8343dd4e175aae4c98fb32d32e3348d4ef6798a4869158f046027ebc813a756145e48c44ca0a3938b8840fb100220cfbad680f12fda321d1a1303b02bc29c8b41bb9a051007ec37d3f5cee2b9de93570a2b4cdb9ab72bca586799d8594374c4ed05156d3c96a,gx-no-cache=1457958950021 HTTP/1.1" 200 758
186.78.49.104 - - [14/Mar/2016:09:35:27 -0300] "POST /cormun/servlet/trautorizarsolicitud?5e9c1da92497abf49ec76ec3be79f619,,gx-no-cache=1457958950559 HTTP/1.1" 200 3214
186.78.49.104 - - [14/Mar/2016:09:35:28 -0300] "POST /cormun/servlet/trautorizarsolicitud?5e9c1da92497abf49ec76ec3be79f619,,gx-no-cache=1457958951488 HTTP/1.1" 200 3214
186.78.49.104 - - [14/Mar/2016:09:35:31 -0300] "GET /cormun/servlet/trautorizarsolicitud?4250b49d52f6f35d2b1d8343dd4e175a1be1b02eda8e6587117e706950a6d24454caf0ca52cf9a7316f50527c44727fd4a9b84edbf27fabd66f77d196ffa6d5615e189a04493eb6ca2ef57a47b460e3b0cf7969e99bff8d1bf3b16d4312041a7,gx-no-cache=1457958955115 HTTP/1.1" 200 758
186.78.49.104 - - [14/Mar/2016:09:35:32 -0300] "GET /cormun/servlet/trautorizarsolicitud?4250b49d52f6f35d2b1d8343dd4e175a1be1b02eda8e6587117e706950a6d24470760130555945a8d1aa25daa9477ecf075cc97cba82bf4f5416aafe54cbc8d99ccd45645887790c1cf25f1c946db0baa4023b108d90e578fadafb6a41539912,gx-no-cache=1457958956163 HTTP/1.1" 200 758
186.78.49.104 - - [14/Mar/2016:09:35:34 -0300] "GET /cormun/servlet/trautorizarsolicitud?4250b49d52f6f35d2b1d8343dd4e175a1be1b02eda8e6587117e706950a6d24405f3eb11ac29abb893a543e308eb9690ecd7d999b833d754c3f67e4e0d482895f470fada2a74ff0b4f0b2d2211ae57046bb5f9e5166e6a0b86c5c6bab66ee1b44c7ee4b4c8fb4918f0cc6df8563a7b0f,gx-no-cache=1457958958445 HTTP/1.1" 200 758
191.112.2.102 - - [14/Mar/2016:09:35:48 -0300] "GET /cormun/servlet/trsolicitudot? HTTP/1.1" 200 6227
191.112.2.102 - - [14/Mar/2016:09:35:48 -0300] "GET /cormun/static/Resources/Spanish/PXTools.css?18502099 HTTP/1.1" 304 -
191.112.2.102 - - [14/Mar/2016:09:35:48 -0300] "GET /cormun/static/gxcfg.js?201631185636 HTTP/1.1" 304 -
191.112.2.102 - - [14/Mar/2016:09:35:48 -0300] "GET /cormun/static/trsolicitudot.js?2016311856838 HTTP/1.1" 304 -
191.112.2.102 - - [14/Mar/2016:09:35:49 -0300] "GET /cormun/servlet/trsolicitudot? HTTP/1.1" 200 6227
186.78.53.94 - - [14/Mar/2016:09:35:53 -0300] "GET /cormun/servlet/hlogin HTTP/1.1" 200 1721
186.78.53.94 - - [14/Mar/2016:09:35:54 -0300] "GET /cormun/static/Resources/Spanish/PXTools.css?005343 HTTP/1.1" 304 -
186.78.53.94 - - [14/Mar/2016:09:35:54 -0300] "GET /cormun/static/gxtimezone.js?85251 HTTP/1.1" 304 -
186.78.53.94 - - [14/Mar/2016:09:35:54 -0300] "GET /cormun/static/gxcfg.js?20151120045111 HTTP/1.1" 304 -
186.78.53.94 - - [14/Mar/2016:09:35:54 -0300] "GET /cormun/static/messages.spa.js?85251 HTTP/1.1" 304 -
186.78.53.94 - - [14/Mar/2016:09:35:54 -0300] "GET /cormun/static/hlogin.js?20151120045126 HTTP/1.1" 304 -
186.78.53.94 - - [14/Mar/2016:09:35:54 -0300] "GET /cormun/static/Resources/PXToolsButtonLeft21.png HTTP/1.1" 304 -
186.78.53.94 - - [14/Mar/2016:09:35:54 -0300] "GET /cormun/static/Resources/PXToolsButtonBackground2.png HTTP/1.1" 304 -
186.78.53.94 - - [14/Mar/2016:09:35:54 -0300] "GET /cormun/static/Resources/PXToolsButtonRight21.png HTTP/1.1" 304 -
186.78.53.94 - - [14/Mar/2016:09:35:54 -0300] "GET /cormun/static/Resources/indicator.gif HTTP/1.1" 200 1553
186.78.53.94 - - [14/Mar/2016:09:35:59 -0300] "GET /cormun/servlet/hlogin HTTP/1.1" 200 1721
186.78.53.94 - - [14/Mar/2016:09:35:59 -0300] "GET /cormun/static/Resources/PXToolsButtonLeft21.png HTTP/1.1" 200 1287
186.78.53.94 - - [14/Mar/2016:09:35:59 -0300] "GET /cormun/static/Resources/PXToolsButtonRight21.png HTTP/1.1" 200 1283
186.78.53.94 - - [14/Mar/2016:09:35:59 -0300] "GET /cormun/static/Resources/PXToolsButtonBackground2.png HTTP/1.1" 200 1181
186.78.53.94 - - [14/Mar/2016:09:35:59 -0300] "GET /cormun/static/Resources/indicator.gif HTTP/1.1" 200 1553
186.78.53.94 - - [14/Mar/2016:09:35:59 -0300] "GET /favicon.ico HTTP/1.1" 200 21630
191.112.2.102 - - [14/Mar/2016:09:36:02 -0300] "POST /cormun/servlet/trsolicitudot?6f98838fa82107b0dc0e445d0706425d,,gx-no-cache=1457958984970 HTTP/1.1" 200 3502
191.112.2.102 - - [14/Mar/2016:09:36:03 -0300] "GET /cormun/servlet/solicitudot?INS,0,0, HTTP/1.1" 200 11493
191.112.2.102 - - [14/Mar/2016:09:36:03 -0300] "GET /cormun/static/Resources/Spanish/PXTools.css?1944839 HTTP/1.1" 304 -
191.112.2.102 - - [14/Mar/2016:09:36:03 -0300] "GET /cormun/static/gxcfg.js?20163219435133 HTTP/1.1" 304 -
191.112.2.102 - - [14/Mar/2016:09:36:03 -0300] "GET /cormun/static/solicitudot.js?20163219435183 HTTP/1.1" 304 -
191.112.2.102 - - [14/Mar/2016:09:36:04 -0300] "GET /cormun/servlet/solicitudot?INS,0,0, HTTP/1.1" 200 11497
186.78.53.94 - - [14/Mar/2016:09:36:14 -0300] "POST /cormun/servlet/hlogin?4fba6f51b0b0b530e0b2479e17a208f1,gx-no-cache=1457962652821 HTTP/1.1" 200 90
186.78.53.94 - - [14/Mar/2016:09:36:15 -0300] "GET /cormun/servlet/hpexe_link HTTP/1.1" 200 952
186.78.53.94 - - [14/Mar/2016:09:36:15 -0300] "GET /cormun/static/hpexe_link.js?20151120044398 HTTP/1.1" 304 -
186.78.53.94 - - [14/Mar/2016:09:36:15 -0300] "GET /cormun/static/gxcfg.js?20151120044395 HTTP/1.1" 304 -
186.78.53.94 - - [14/Mar/2016:09:36:16 -0300] "GET /cormun/servlet/hhome HTTP/1.1" 200 3430
186.78.53.94 - - [14/Mar/2016:09:36:16 -0300] "GET /cormun/static/SmoothNavMenu/resources/ddsmoothmenu-v.css?1112540 HTTP/1.1" 200 1188
186.78.53.94 - - [14/Mar/2016:09:36:16 -0300] "GET /cormun/static/SmoothNavMenu/resources/ddsmoothmenu.css?1112540 HTTP/1.1" 200 2223
186.78.53.94 - - [14/Mar/2016:09:36:17 -0300] "GET /cormun/static/scaMessage/css/jquery.pnotify.default.css?1816380 HTTP/1.1" 200 1707
186.78.53.94 - - [14/Mar/2016:09:36:17 -0300] "GET /cormun/static/Shared/jqueryui/jquery-ui.min.css?1345370 HTTP/1.1" 200 30288
186.78.53.94 - - [14/Mar/2016:09:36:17 -0300] "GET /cormun/static/gxcfg.js?2015112210564248 HTTP/1.1" 200 953
186.78.53.94 - - [14/Mar/2016:09:36:18 -0300] "GET /cormun/static/PXToolsJavascripts/pexe_cookies.js HTTP/1.1" 200 792
186.78.53.94 - - [14/Mar/2016:09:36:18 -0300] "GET /cormun/static/PXToolsJavascripts/pexe_menudivfix.js HTTP/1.1" 200 333
186.78.53.94 - - [14/Mar/2016:09:36:18 -0300] "GET /cormun/static/PXToolsJavascripts/pexe_oav.js HTTP/1.1" 200 645
186.78.53.94 - - [14/Mar/2016:09:36:18 -0300] "GET /cormun/static/PXToolsJavascripts/pexe_oavdivfix.js HTTP/1.1" 200 639
186.78.53.94 - - [14/Mar/2016:09:36:18 -0300] "GET /cormun/static/PXToolsJavascripts/pexe_tabdivfix.js HTTP/1.1" 200 876
186.78.53.94 - - [14/Mar/2016:09:36:18 -0300] "GET /cormun/static/PXToolsJavascripts/PXToolsJavascriptsRender.js HTTP/1.1" 200 367
186.78.53.94 - - [14/Mar/2016:09:36:18 -0300] "GET /cormun/static/RunJS/RunJS.js HTTP/1.1" 200 288
186.78.53.94 - - [14/Mar/2016:09:36:18 -0300] "GET /cormun/static/hhome.js?2015112210564255 HTTP/1.1" 200 777
186.78.53.94 - - [14/Mar/2016:09:36:18 -0300] "GET /cormun/static/hwchdr01.js?20162241650484 HTTP/1.1" 304 -
186.78.53.94 - - [14/Mar/2016:09:36:18 -0300] "GET /cormun/static/hpexe_recentlink.js?2015111312121342 HTTP/1.1" 304 -
186.78.53.94 - - [14/Mar/2016:09:36:18 -0300] "GET /cormun/static/hpexe_scripts.js?20151120014546 HTTP/1.1" 304 -
186.78.53.94 - - [14/Mar/2016:09:36:18 -0300] "GET /cormun/static/hpexe_messagecontroller.js?2015112210524422 HTTP/1.1" 304 -
186.78.53.94 - - [14/Mar/2016:09:36:19 -0300] "GET /cormun/static/hpexe_messagepopupcomponent.js?20163219454551 HTTP/1.1" 200 605
186.78.53.94 - - [14/Mar/2016:09:36:19 -0300] "GET /cormun/static/hpexe_messagegenexuscomponent.js?20151120014314 HTTP/1.1" 304 -
186.78.53.94 - - [14/Mar/2016:09:36:19 -0300] "GET /cormun/static/cmcontrolpreferences.js?20151120014525 HTTP/1.1" 304 -
186.78.53.94 - - [14/Mar/2016:09:36:19 -0300] "GET /cormun/static/hmpwkw03.js?2016311993330 HTTP/1.1" 304 -
186.78.53.94 - - [14/Mar/2016:09:36:19 -0300] "GET /cormun/static/Resources/logo4.png HTTP/1.1" 304 -
186.78.53.94 - - [14/Mar/2016:09:36:19 -0300] "GET /cormun/static/PXToolsJavascripts/pexe_picture.js HTTP/1.1" 200 689
186.78.53.94 - - [14/Mar/2016:09:36:20 -0300] "GET /cormun/static/Resources/Spanish/PXTools.css?10515224 HTTP/1.1" 200 89042
186.78.53.94 - - [14/Mar/2016:09:36:20 -0300] "GET /cormun/static/Resources/PXToolsHeaderBackground2.png HTTP/1.1" 200 1174
186.78.53.94 - - [14/Mar/2016:09:36:20 -0300] "GET /cormun/static/Resources/PXToolsDataTitle.png HTTP/1.1" 200 1173
186.78.53.94 - - [14/Mar/2016:09:36:20 -0300] "GET /cormun/static/Resources/PXToolsFooterBackground2.png HTTP/1.1" 200 1172
186.78.53.94 - - [14/Mar/2016:09:36:21 -0300] "GET /cormun/servlet/hhome HTTP/1.1" 200 3426
191.112.2.102 - - [14/Mar/2016:09:36:35 -0300] "POST /cormun/servlet/solicitudot?gx-no-cache=1457959017361 HTTP/1.1" 200 2668
191.112.2.102 - - [14/Mar/2016:09:36:35 -0300] "POST /cormun/servlet/solicitudot?6f98838fa82107b0dc0e445d0706425d,INS,0,0,,gx-no-cache=1457959019365 HTTP/1.1" 200 8289
186.78.53.94 - - [14/Mar/2016:09:36:43 -0300] "GET /cormun/servlet/trsolicitudot? HTTP/1.1" 200 6198
186.78.53.94 - - [14/Mar/2016:09:36:43 -0300] "GET /cormun/static/calendar-system.css?85620 HTTP/1.1" 200 5572
186.78.53.94 - - [14/Mar/2016:09:36:43 -0300] "GET /cormun/static/Resources/Spanish/PXTools.css?18502099 HTTP/1.1" 304 -
186.78.53.94 - - [14/Mar/2016:09:36:43 -0300] "GET /cormun/static/gxcfg.js?201631185636 HTTP/1.1" 304 -
186.78.53.94 - - [14/Mar/2016:09:36:43 -0300] "GET /cormun/static/calendar.js?85251 HTTP/1.1" 304 -
186.78.53.94 - - [14/Mar/2016:09:36:43 -0300] "GET /cormun/static/calendar-setup.js?85251 HTTP/1.1" 304 -
186.78.53.94 - - [14/Mar/2016:09:36:43 -0300] "GET /cormun/static/calendar-es.js?85251 HTTP/1.1" 304 -
186.78.53.94 - - [14/Mar/2016:09:36:43 -0300] "GET /cormun/static/gxdec.js?85251 HTTP/1.1" 304 -
186.78.53.94 - - [14/Mar/2016:09:36:43 -0300] "GET /cormun/static/trsolicitudot.js?2016311856838 HTTP/1.1" 304 -
186.78.53.94 - - [14/Mar/2016:09:36:43 -0300] "GET /cormun/static/Resources/PXTools/calendar.png HTTP/1.1" 304 -
186.78.53.94 - - [14/Mar/2016:09:36:43 -0300] "GET /cormun/servlet/trsolicitudot? HTTP/1.1" 200 6198
191.112.2.102 - - [14/Mar/2016:09:36:47 -0300] "POST /cormun/servlet/solicitudot?gx-no-cache=1457959031011 HTTP/1.1" 200 2757
191.112.2.102 - - [14/Mar/2016:09:36:48 -0300] "POST /cormun/servlet/solicitudot?6f98838fa82107b0dc0e445d0706425d,INS,0,0,,gx-no-cache=1457959031447 HTTP/1.1" 200 8450
191.112.2.102 - - [14/Mar/2016:09:36:48 -0300] "GET /cormun/servlet/solicitudot?ef014240df450cff861129050bb29ffbd219d3d198eb4e8aaaa5a764938cef7de84669dcb479fd218e0750b00310f729,gx-no-cache=1457959032296 HTTP/1.1" 200 30
186.78.53.94 - - [14/Mar/2016:09:36:51 -0300] "POST /cormun/servlet/acontrolpreferencessavestate?None,CA-L%2FE,true HTTP/1.1" 200 35
186.78.49.104 - - [14/Mar/2016:09:36:52 -0300] "GET /cormun/servlet/trautorizarsolicitud?4250b49d52f6f35d2b1d8343dd4e175aae4c98fb32d32e3348d4ef6798a486911ef4ead1a2e50f88be521704d8f077a9781cb6132c7446678e5ac85f05461d2d2add8d1ecf89c6d167cdd753ccad9bb959496da8be22778497ac87e9a50cee685d381a155b99af080187180f37a76a81,gx-no-cache=1457959036364 HTTP/1.1" 200 758
186.78.49.104 - - [14/Mar/2016:09:36:54 -0300] "POST /cormun/servlet/trautorizarsolicitud?5e9c1da92497abf49ec76ec3be79f619,,gx-no-cache=1457959037283 HTTP/1.1" 200 3224
191.112.2.102 - - [14/Mar/2016:09:36:55 -0300] "POST /cormun/servlet/solicitudot?gx-no-cache=1457959039394 HTTP/1.1" 200 30
186.78.53.94 - - [14/Mar/2016:09:37:00 -0300] "GET /cormun/servlet/trvisualizadoreventos? HTTP/1.1" 200 5956
186.78.53.94 - - [14/Mar/2016:09:37:00 -0300] "GET /cormun/static/Resources/PXToolsActionPrint.png HTTP/1.1" 200 3317
186.78.53.94 - - [14/Mar/2016:09:37:00 -0300] "GET /cormun/static/gxcfg.js?2016251828014 HTTP/1.1" 200 953
186.78.53.94 - - [14/Mar/2016:09:37:00 -0300] "GET /cormun/static/trvisualizadoreventos.js?2016251828276 HTTP/1.1" 200 19096
186.78.53.94 - - [14/Mar/2016:09:37:00 -0300] "GET /cormun/static/Resources/Spanish/PXTools.css?17554516 HTTP/1.1" 200 89042
186.78.53.94 - - [14/Mar/2016:09:37:01 -0300] "GET /cormun/servlet/trvisualizadoreventos? HTTP/1.1" 200 5956
191.112.2.102 - - [14/Mar/2016:09:37:08 -0300] "POST /cormun/servlet/solicitudot?gx-no-cache=1457959052587 HTTP/1.1" 200 30
186.78.53.94 - - [14/Mar/2016:09:37:10 -0300] "POST /cormun/servlet/trvisualizadoreventos?4fba6f51b0b0b530e0b2479e17a208f1,,gx-no-cache=1457962707204 HTTP/1.1" 200 90
186.78.53.94 - - [14/Mar/2016:09:37:10 -0300] "GET /cormun/servlet/hpexe_link HTTP/1.1" 200 966
186.78.53.94 - - [14/Mar/2016:09:37:10 -0300] "GET /cormun/servlet/trsolicitudot HTTP/1.1" 200 6199
186.78.53.94 - - [14/Mar/2016:09:37:11 -0300] "GET /cormun/servlet/trsolicitudot HTTP/1.1" 200 6198
191.112.2.102 - - [14/Mar/2016:09:37:12 -0300] "POST /cormun/servlet/solicitudot?gx-no-cache=1457959055063 HTTP/1.1" 200 452
191.112.2.102 - - [14/Mar/2016:09:37:12 -0300] "GET /cormun/servlet/solicitudot?ef014240df450cff861129050bb29ffb05527eafe5cc4a89d12bf48986b77aa5902150cf8a8695cbae543e0765b3be83dbbec54aa27a5357f7e91a6c702edcf4b9d6142653344fb93d3763700d47210510df9e37492cb15c09c8398cf2b988f751afba6b5fd83cabe934b7aab1a8c0b46191cf07315f8e449bb40884e94e6284010a8fbcff446e2b979758807c617276,gx-no-cache=1457959056567 HTTP/1.1" 200 38
186.78.53.94 - - [14/Mar/2016:09:37:21 -0300] "GET /cormun/servlet/trsolicitudot? HTTP/1.1" 200 6198
186.78.53.94 - - [14/Mar/2016:09:37:21 -0300] "GET /cormun/servlet/trsolicitudot? HTTP/1.1" 200 6198
186.78.49.104 - - [14/Mar/2016:09:37:27 -0300] "POST /cormun/servlet/trautorizarsolicitud?5e9c1da92497abf49ec76ec3be79f619,,gx-no-cache=1457959070778 HTTP/1.1" 200 3224
186.78.53.94 - - [14/Mar/2016:09:37:29 -0300] "POST /cormun/servlet/acontrolpreferencessavestate?None,CA-L%2FE,true HTTP/1.1" 200 35
186.78.53.94 - - [14/Mar/2016:09:37:49 -0300] "POST /cormun/servlet/trsolicitudot?4fba6f51b0b0b530e0b2479e17a208f1,,gx-no-cache=1457962747038 HTTP/1.1" 200 3488
186.78.53.94 - - [14/Mar/2016:09:37:49 -0300] "POST /cormun/servlet/trsolicitudot?4fba6f51b0b0b530e0b2479e17a208f1,,gx-no-cache=1457962747656 HTTP/1.1" 200 3488
186.78.53.94 - - [14/Mar/2016:09:37:50 -0300] "POST /cormun/servlet/trsolicitudot?4fba6f51b0b0b530e0b2479e17a208f1,,gx-no-cache=1457962748008 HTTP/1.1" 200 3488
186.78.53.94 - - [14/Mar/2016:09:37:50 -0300] "POST /cormun/servlet/trsolicitudot?4fba6f51b0b0b530e0b2479e17a208f1,,gx-no-cache=1457962748461 HTTP/1.1" 200 3488
186.78.53.94 - - [14/Mar/2016:09:37:51 -0300] "POST /cormun/servlet/trsolicitudot?4fba6f51b0b0b530e0b2479e17a208f1,,gx-no-cache=1457962748997 HTTP/1.1" 200 3488
186.78.53.94 - - [14/Mar/2016:09:37:52 -0300] "POST /cormun/servlet/trsolicitudot?4fba6f51b0b0b530e0b2479e17a208f1,,gx-no-cache=1457962749608 HTTP/1.1" 200 3488
186.78.53.94 - - [14/Mar/2016:09:37:54 -0300] "POST /cormun/servlet/trsolicitudot?4fba6f51b0b0b530e0b2479e17a208f1,,gx-no-cache=1457962750980 HTTP/1.1" 200 3488
186.78.53.94 - - [14/Mar/2016:09:37:55 -0300] "POST /cormun/servlet/trsolicitudot?4fba6f51b0b0b530e0b2479e17a208f1,,gx-no-cache=1457962752755 HTTP/1.1" 200 3487
191.112.2.102 - - [14/Mar/2016:09:37:55 -0300] "GET /cormun/servlet/solicitudot?ef014240df450cff861129050bb29ffba72029f6288ec0e9df7939a3a9e2d7807b32f15440001880f222e3dd348a55f440fb8e38b9ca1964b8af78f178accd8fb818f01ef99f773ce06f647b85ff1677c7d7f82a3d053c6c4cdc0b14ba690a0c9a241d99e7c63b4be9283fb7f8b9cacd,gx-no-cache=1457959099267 HTTP/1.1" 200 29
191.112.2.102 - - [14/Mar/2016:09:37:56 -0300] "POST /cormun/servlet/solicitudot?gx-no-cache=1457959099712 HTTP/1.1" 200 404
186.78.53.94 - - [14/Mar/2016:09:37:57 -0300] "GET /cormun/servlet/trvisualizadoreventos? HTTP/1.1" 200 5956
186.78.53.94 - - [14/Mar/2016:09:37:58 -0300] "GET /cormun/servlet/trvisualizadoreventos? HTTP/1.1" 200 5956
186.78.53.94 - - [14/Mar/2016:09:38:06 -0300] "POST /cormun/servlet/trvisualizadoreventos?4fba6f51b0b0b530e0b2479e17a208f1,,gx-no-cache=1457962764342 HTTP/1.1" 200 3255
186.78.53.94 - - [14/Mar/2016:09:38:07 -0300] "POST /cormun/servlet/trvisualizadoreventos?4fba6f51b0b0b530e0b2479e17a208f1,,gx-no-cache=1457962764902 HTTP/1.1" 200 3255
186.78.53.94 - - [14/Mar/2016:09:38:07 -0300] "POST /cormun/servlet/trvisualizadoreventos?4fba6f51b0b0b530e0b2479e17a208f1,,gx-no-cache=1457962765339 HTTP/1.1" 200 3255
186.78.53.94 - - [14/Mar/2016:09:38:08 -0300] "POST /cormun/servlet/trvisualizadoreventos?4fba6f51b0b0b530e0b2479e17a208f1,,gx-no-cache=1457962765734 HTTP/1.1" 200 3255
186.78.53.94 - - [14/Mar/2016:09:38:08 -0300] "POST /cormun/servlet/trvisualizadoreventos?4fba6f51b0b0b530e0b2479e17a208f1,,gx-no-cache=1457962766569 HTTP/1.1" 200 3256
