186.103.159.186 - - [14/Mar/2016:17:29:35 -0300] "POST /cormun/servlet/trsolicitudot?d0c95b35c6d0f37b27af3f60907ccf29,,gx-no-cache=1457987691621 HTTP/1.1" 200 3467
186.103.159.186 - - [14/Mar/2016:17:29:45 -0300] "GET /cormun/servlet/trsolicitudot?6d620ab847b39a9ac9f54efe4ab6c4ce132e91f57098067e1583e9a3f0c9769a392d9858a187041aed3e8e7fe98b0ac97914b9b3cd1382cc12bfb11dbda17688f6442c8e45b5df3cf26f62e56b84e69e,gx-no-cache=1457987702257 HTTP/1.1" 200 767
186.78.49.104 - - [14/Mar/2016:17:29:46 -0300] "GET /cormun/servlet/trsolicitudot?8534ab630296098837ed1b1419444a14d3b4f70f13a991f48b71425a53658ff513b065a75cfb2bd43e4635b4d8db8bac8fb668085caa3ac0283627fc651e637466fd5f520d19fa2d75f1b97f71807b06a18a507bcb81c9fd4a42d9eea88a260e,gx-no-cache=1457987409335 HTTP/1.1" 200 760
186.78.49.104 - - [14/Mar/2016:17:29:46 -0300] "POST /cormun/servlet/trsolicitudot?c3c1072d005ce39a505bc22717ac7b25,,gx-no-cache=1457987409612 HTTP/1.1" 200 3497
186.103.159.186 - - [14/Mar/2016:17:29:46 -0300] "GET /cormun/servlet/trsolicitudot?6d620ab847b39a9ac9f54efe4ab6c4cecf08f974234e78e58f7ecc9296a63470ddfc3b197f122f52306addf09c687299b1929619216260ec3cf5c4060e6f27e9f0bd7c11152cde9d13498809b3e1e4670aabe53f19099f1b856729a5c8b3aa89,gx-no-cache=1457987703935 HTTP/1.1" 200 767
186.78.49.104 - - [14/Mar/2016:17:29:47 -0300] "POST /cormun/servlet/trsolicitudot?c3c1072d005ce39a505bc22717ac7b25,,gx-no-cache=1457987410167 HTTP/1.1" 200 3496
186.103.159.186 - - [14/Mar/2016:17:29:48 -0300] "POST /cormun/servlet/trsolicitudot?d0c95b35c6d0f37b27af3f60907ccf29,,gx-no-cache=1457987705574 HTTP/1.1" 200 3498
186.78.49.104 - - [14/Mar/2016:17:29:48 -0300] "GET /cormun/servlet/trsolicitudot?8534ab630296098837ed1b1419444a14d3b4f70f13a991f48b71425a53658ff5e47f1723916b4102ba6ee32772aa61ec20f962e2fe8770eb46d31f001362b56d13bbdb2ee65defce6f9bd4fa65fc4c740dbe9613fe536f71760b80e7b9121f7e,gx-no-cache=1457987412118 HTTP/1.1" 200 768
186.78.49.104 - - [14/Mar/2016:17:29:49 -0300] "GET /cormun/servlet/trsolicitudot?8534ab630296098837ed1b1419444a14d3b4f70f13a991f48b71425a53658ff52bc2df93512e6eb9698f4c8d99e74bf08c0420ebe976c5733e93bdb0c97ee14154b0ab2db065ef18fd9e2cba04f306f0884cf09aae90eb1ec916819d8fcdc42c,gx-no-cache=1457987413175 HTTP/1.1" 200 768
186.78.49.104 - - [14/Mar/2016:17:29:50 -0300] "GET /cormun/servlet/trsolicitudot?8534ab630296098837ed1b1419444a14d3b4f70f13a991f48b71425a53658ff57b0efcb742bf2e672fb3444106010e51f0836c7558a495baea12bd408b6346e0f26320a4770f60a5c6a73a31c0a44ce95a2d80d2cb18cbd7f779572ee4874619,gx-no-cache=1457987413968 HTTP/1.1" 200 768
186.78.49.104 - - [14/Mar/2016:17:29:52 -0300] "POST /cormun/servlet/trsolicitudot?c3c1072d005ce39a505bc22717ac7b25,,gx-no-cache=1457987415278 HTTP/1.1" 200 3505
186.103.159.186 - - [14/Mar/2016:17:29:54 -0300] "GET /cormun/servlet/trsolicitudot?6d620ab847b39a9ac9f54efe4ab6c4cecf08f974234e78e58f7ecc9296a63470ce11a9a7e3138c808df43b4012e9f8f672571b2c05d90e62c657fd2340080489709842a385549dc4ad8b90bac18e9f9c29c533611560a68a021a7d57658e041d,gx-no-cache=1457987712087 HTTP/1.1" 200 772
186.103.159.186 - - [14/Mar/2016:17:29:56 -0300] "GET /cormun/servlet/solicitudot?INS,0,0, HTTP/1.1" 200 11428
186.103.159.186 - - [14/Mar/2016:17:29:56 -0300] "GET /cormun/servlet/solicitudot?INS,0,0, HTTP/1.1" 200 11433
186.78.49.104 - - [14/Mar/2016:17:29:57 -0300] "GET /cormun/servlet/trsolicitudot?8534ab630296098837ed1b1419444a14d3b4f70f13a991f48b71425a53658ff50d741d0a57385598f4796f933c5bfb1f3b0d77ccf17a9325182e8808ce6c318ddaa3c846c93dc46e48151a7cd8478148affb3261845fdb64447d9f7e941f3497,gx-no-cache=1457987420384 HTTP/1.1" 200 772
186.78.49.104 - - [14/Mar/2016:17:29:58 -0300] "GET /cormun/servlet/trsolicitudot?8534ab630296098837ed1b1419444a14d3b4f70f13a991f48b71425a53658ff543d4dcb3bec2551e11ab971e9eaf1c420979458ffab8785c9dd22401f9268bcb82bc211bcb4fbe6e86f35cec705fa7aaa3c6dfbd1270cc6aeb9d78f1a5189599,gx-no-cache=1457987421672 HTTP/1.1" 200 772
186.78.49.104 - - [14/Mar/2016:17:29:59 -0300] "GET /cormun/servlet/trsolicitudot?8534ab630296098837ed1b1419444a14d3b4f70f13a991f48b71425a53658ff55aa8314daa3f67c98c991288a1e2449efa533e8eccc41996926578d8601ee787547883cff9ad89ee92598ca093063ab2e0b51dbc4147688c163cec9b13e43412,gx-no-cache=1457987423014 HTTP/1.1" 200 772
186.78.49.104 - - [14/Mar/2016:17:30:01 -0300] "POST /cormun/servlet/trsolicitudot?c3c1072d005ce39a505bc22717ac7b25,,gx-no-cache=1457987424397 HTTP/1.1" 200 3510
186.78.49.104 - - [14/Mar/2016:17:30:02 -0300] "POST /cormun/servlet/trsolicitudot?c3c1072d005ce39a505bc22717ac7b25,,gx-no-cache=1457987425136 HTTP/1.1" 200 3510
186.103.159.186 - - [14/Mar/2016:17:30:06 -0300] "POST /cormun/servlet/solicitudot?gx-no-cache=1457987725953 HTTP/1.1" 200 2765
186.103.159.186 - - [14/Mar/2016:17:30:07 -0300] "POST /cormun/servlet/solicitudot?d0c95b35c6d0f37b27af3f60907ccf29,INS,0,0,,gx-no-cache=1457987726107 HTTP/1.1" 200 8391
186.78.49.104 - - [14/Mar/2016:17:30:12 -0300] "GET /cormun/servlet/solicitudot?INS,0,0, HTTP/1.1" 200 11485
186.103.159.186 - - [14/Mar/2016:17:30:22 -0300] "GET /cormun/servlet/solicitudot?fab78437e558c9c93afd3997918a92695e677a724e42db5c3133c82ff835e6af80732a501a4c98acda5bdb005db77b20,gx-no-cache=1457987743848 HTTP/1.1" 200 30
186.103.159.186 - - [14/Mar/2016:17:30:22 -0300] "POST /cormun/servlet/solicitudot?gx-no-cache=1457987743912 HTTP/1.1" 200 30
186.103.159.186 - - [14/Mar/2016:17:30:24 -0300] "POST /cormun/servlet/solicitudot?gx-no-cache=1457987746531 HTTP/1.1" 200 30
186.103.159.186 - - [14/Mar/2016:17:30:28 -0300] "POST /cormun/servlet/solicitudot?gx-no-cache=1457987750906 HTTP/1.1" 200 1171
186.103.159.186 - - [14/Mar/2016:17:30:28 -0300] "GET /cormun/servlet/solicitudot?fab78437e558c9c93afd3997918a92692dfdc4f1e74fc66684d0f4e7f95bce796d19fb41f96c6d5c7ceb16591cc7b571aac8522c770f41320a9b2a6fc94f25166a18a86e05a19743364020b4583872ebdb7ac1dba6196daae0a8ba13dce966c3794d7ec0ae52b6801323c03e6e9221b09e2b83cce30a553c26305b9a9e85a616d0f4e3ff94205f9fa667c641fee281bc,gx-no-cache=1457987750984 HTTP/1.1" 200 38
186.78.49.104 - - [14/Mar/2016:17:30:35 -0300] "GET /cormun/servlet/prfichaempleado?,MD,,gxPopupLevel%3D0%3B HTTP/1.1" 200 7927
186.78.49.104 - - [14/Mar/2016:17:30:35 -0300] "GET /cormun/static/Resources/Spanish/PXTools.css?16184758 HTTP/1.1" 304 -
186.78.49.104 - - [14/Mar/2016:17:30:35 -0300] "GET /cormun/static/scaMessage/css/jquery-ui.css?104140 HTTP/1.1" 404 1045
186.78.49.104 - - [14/Mar/2016:17:30:35 -0300] "GET /cormun/static/gxcfg.js?201511151625694 HTTP/1.1" 304 -
186.78.49.104 - - [14/Mar/2016:17:30:35 -0300] "GET /cormun/static/prfichaempleado.js?201511151625857 HTTP/1.1" 304 -
186.78.49.104 - - [14/Mar/2016:17:30:35 -0300] "GET /cormun/static/menusearch.js?20163219454787 HTTP/1.1" 304 -
186.78.49.104 - - [14/Mar/2016:17:30:35 -0300] "GET /cormun/static/hmpwkw01.js?201511211495945 HTTP/1.1" 304 -
186.103.159.186 - - [14/Mar/2016:17:30:36 -0300] "GET /cormun/servlet/solicitudot?fab78437e558c9c93afd3997918a9269471807d6a25bed2b9724c6c1c191fa37413cff3457d70471be6d25e7586730deb84367934f76a24099426cad9e6edbbda9b7ba3ec31c78d0009cc9948e7a69b9d5aa4e29f7c2f2b06a50a5b0af3efd3885fcf4cc3ab19da612e716fd51de63da9899ee4cd729ecaa4a274dbfd32aec0aaa2b8bef7cf13c1bf19c893390e8e82f501e0338945953fe2523b76265e264a96c9fe36ba285c0f174cfd03f98ca2a668d9a7bc10ca051e4bc1eeda5c4177e9d9ce5eb1bc910406a4ed2a4aecb066aa4,gx-no-cache=1457987759675 HTTP/1.1" 200 29
186.78.49.104 - - [14/Mar/2016:17:30:42 -0300] "POST /cormun/servlet/solicitudot?gx-no-cache=1457987465974 HTTP/1.1" 200 2766
186.103.159.186 - - [14/Mar/2016:17:30:43 -0300] "POST /cormun/servlet/solicitudot?gx-no-cache=1457987767266 HTTP/1.1" 200 1127
186.78.49.104 - - [14/Mar/2016:17:30:43 -0300] "POST /cormun/servlet/solicitudot?c3c1072d005ce39a505bc22717ac7b25,INS,0,0,,gx-no-cache=1457987466342 HTTP/1.1" 200 8401
186.78.49.104 - - [14/Mar/2016:17:30:48 -0300] "GET /cormun/servlet/solicitudot?aa655470a1dd1a2ad4d7dc942ae61f07c35ce8faaccbc79b714a22b9d228c390f771cd6d48fa51c20eb4e901b8ca7901,gx-no-cache=1457987472067 HTTP/1.1" 200 30
186.78.49.104 - - [14/Mar/2016:17:30:48 -0300] "POST /cormun/servlet/solicitudot?gx-no-cache=1457987472149 HTTP/1.1" 200 30
186.103.159.186 - - [14/Mar/2016:17:30:50 -0300] "GET /cormun/servlet/solicitudot?fab78437e558c9c93afd3997918a926947eb9e89e51eac098809f4df8f96c76d0f07b45d3e74ae5ab12e907b660eedb25a8d5f1c14f3d437d1d6db4e7ab079519f00b02122481eb494e33f1946768383c11da8a226101be0bbefe2396aee9e6697490b386ec9cfdf0a40b7c675a5723e70344d44adc07eb44d80e4f7a760d032b2532695d177f5243ceca8e5934e7ed20bd2b1a3100e62581e0f5f0565c6f1484b69b748f25ef23832eb6933355b592f,gx-no-cache=1457987775629 HTTP/1.1" 200 30
186.78.49.104 - - [14/Mar/2016:17:30:52 -0300] "POST /cormun/servlet/solicitudot?gx-no-cache=1457987475226 HTTP/1.1" 200 30
186.78.49.104 - - [14/Mar/2016:17:30:54 -0300] "POST /cormun/servlet/solicitudot?gx-no-cache=1457987477889 HTTP/1.1" 200 30
186.103.159.183 - - [14/Mar/2016:17:31:00 -0300] "POST /cormun/servlet/solicitudotadjuntos?gx-no-cache=1457991071674 HTTP/1.1" 200 26
186.78.49.104 - - [14/Mar/2016:17:31:01 -0300] "POST /cormun/servlet/solicitudot?gx-no-cache=1457987484572 HTTP/1.1" 200 1171
186.78.49.104 - - [14/Mar/2016:17:31:01 -0300] "GET /cormun/servlet/solicitudot?aa655470a1dd1a2ad4d7dc942ae61f07870210bff390dd69c3d9d91325b0cbde6a5376a3974ed833a1ed1d4fd8964ed3faca633040496cb56981c00344484fcc775fa3c21ee78c27e2551d96eb730bc7fb51a5f94a5025193183eebb3a4c8ac2274a9c6b7014f41a05faf4b245756680699e478cf76908e4757cc85729a14519414d9a25277e76b1da8a17d226c86f6e,gx-no-cache=1457987484775 HTTP/1.1" 200 38
186.103.159.183 - - [14/Mar/2016:17:31:07 -0300] "GET /cormun/servlet/solicitudotadjuntos?89b827edaabe5f7f40c08bc47d19fff2b1e0b63fc4d7bd10d10ed3636b1391cf,gx-no-cache=1457991078249 HTTP/1.1" 200 30
186.103.159.183 - - [14/Mar/2016:17:31:07 -0300] "GET /cormun/servlet/solicitudotadjuntos?89b827edaabe5f7f40c08bc47d19fff2b1e0b63fc4d7bd10d10ed3636b1391cf,gx-no-cache=1457991078319 HTTP/1.1" 200 30
186.103.159.183 - - [14/Mar/2016:17:31:08 -0300] "POST /cormun/servlet/solicitudotadjuntos?ce17dc09e5fa852f9d6b57bc0f3b0708,INS,2016,864,,1, HTTP/1.1" 200 116
186.103.159.183 - - [14/Mar/2016:17:31:08 -0300] "GET /cormun/servlet/hpexe_return? HTTP/1.1" 200 1034
186.103.159.183 - - [14/Mar/2016:17:31:09 -0300] "GET /cormun/servlet/vesolicitudot?2016,864,,SolicitudOTAdjuntos HTTP/1.1" 200 9378
186.103.159.183 - - [14/Mar/2016:17:31:09 -0300] "GET /cormun/pexe_scrolldiv.js HTTP/1.1" 404 1009
186.103.159.183 - - [14/Mar/2016:17:31:09 -0300] "GET /cormun/pexe_scrolldiv.js HTTP/1.1" 404 1009
186.103.159.186 - - [14/Mar/2016:17:31:10 -0300] "POST /cormun/servlet/solicitudot?d0c95b35c6d0f37b27af3f60907ccf29,INS,0,0,,gx-no-cache=1457987514617 HTTP/1.1" 200 93
186.103.159.186 - - [14/Mar/2016:17:31:10 -0300] "GET /cormun/servlet/hpexe_return? HTTP/1.1" 200 1003
186.103.159.186 - - [14/Mar/2016:17:31:10 -0300] "GET /cormun/servlet/trsolicitudot? HTTP/1.1" 200 7512
186.103.159.186 - - [14/Mar/2016:17:31:10 -0300] "GET /cormun/servlet/trsolicitudot? HTTP/1.1" 200 7508
186.103.159.183 - - [14/Mar/2016:17:31:11 -0300] "GET /cormun/servlet/vesolicitudot?2016,864,,SolicitudOTAdjuntos HTTP/1.1" 200 9379
186.103.159.183 - - [14/Mar/2016:17:31:12 -0300] "POST /cormun/servlet/acontrolpreferencessavestate?None,CE-34,true HTTP/1.1" 200 35
186.103.159.186 - - [14/Mar/2016:17:31:19 -0300] "POST /cormun/servlet/trsolicitudot?d0c95b35c6d0f37b27af3f60907ccf29,,gx-no-cache=1457987524789 HTTP/1.1" 200 4931
186.103.159.186 - - [14/Mar/2016:17:31:19 -0300] "POST /cormun/servlet/trsolicitudot?d0c95b35c6d0f37b27af3f60907ccf29,,gx-no-cache=1457987524965 HTTP/1.1" 200 4931
186.103.159.186 - - [14/Mar/2016:17:31:19 -0300] "POST /cormun/servlet/trsolicitudot?d0c95b35c6d0f37b27af3f60907ccf29,,gx-no-cache=1457987525098 HTTP/1.1" 200 4931
186.103.159.186 - - [14/Mar/2016:17:31:19 -0300] "POST /cormun/servlet/trsolicitudot?d0c95b35c6d0f37b27af3f60907ccf29,,gx-no-cache=1457987525232 HTTP/1.1" 200 4931
186.103.159.186 - - [14/Mar/2016:17:31:19 -0300] "POST /cormun/servlet/trsolicitudot?d0c95b35c6d0f37b27af3f60907ccf29,,gx-no-cache=1457987525372 HTTP/1.1" 200 4931
186.103.159.186 - - [14/Mar/2016:17:31:19 -0300] "POST /cormun/servlet/trsolicitudot?d0c95b35c6d0f37b27af3f60907ccf29,,gx-no-cache=1457987525523 HTTP/1.1" 200 4931
186.103.159.186 - - [14/Mar/2016:17:31:19 -0300] "POST /cormun/servlet/trsolicitudot?d0c95b35c6d0f37b27af3f60907ccf29,,gx-no-cache=1457987525670 HTTP/1.1" 200 4931
186.103.159.186 - - [14/Mar/2016:17:31:20 -0300] "POST /cormun/servlet/trsolicitudot?d0c95b35c6d0f37b27af3f60907ccf29,,gx-no-cache=1457987525845 HTTP/1.1" 200 3617
186.103.159.186 - - [14/Mar/2016:17:31:20 -0300] "POST /cormun/servlet/trsolicitudot?d0c95b35c6d0f37b27af3f60907ccf29,,gx-no-cache=1457987526065 HTTP/1.1" 200 3477
186.103.159.183 - - [14/Mar/2016:17:31:22 -0300] "GET /cormun/servlet/trvisualizadoreventos? HTTP/1.1" 200 5986
186.103.159.183 - - [14/Mar/2016:17:31:22 -0300] "GET /cormun/static/gxcfg.js?2016251828014 HTTP/1.1" 200 953
186.103.159.183 - - [14/Mar/2016:17:31:22 -0300] "GET /cormun/static/Resources/Spanish/PXTools.css?17554516 HTTP/1.1" 200 89042
186.103.159.183 - - [14/Mar/2016:17:31:22 -0300] "GET /cormun/static/trvisualizadoreventos.js?2016251828276 HTTP/1.1" 200 19096
186.103.159.183 - - [14/Mar/2016:17:31:22 -0300] "GET /cormun/static/Resources/PXToolsActionPrint.png HTTP/1.1" 200 3317
186.103.159.183 - - [14/Mar/2016:17:31:24 -0300] "GET /cormun/servlet/trvisualizadoreventos? HTTP/1.1" 200 5969
186.103.159.186 - - [14/Mar/2016:17:31:24 -0300] "GET /cormun/servlet/trsolicitudot?6d620ab847b39a9ac9f54efe4ab6c4ce1ce8971fd69136632846eb96c0362a5cb6cf4b925b5701a75271e74f1af804a8b099bff1630f27795a60903bced306f2fcbf85ec9a65bccfa220bf52878ca594,gx-no-cache=1457987531095 HTTP/1.1" 200 772
186.103.159.186 - - [14/Mar/2016:17:31:28 -0300] "GET /cormun/servlet/trsolicitudot?6d620ab847b39a9ac9f54efe4ab6c4ce9bb947fc38418b152ed71eaabe9519c174bb88ef0fcdec6acaedad88b45bd233f38d9654fdb6d46e8ab78e53b62db2baaadec889f4ea72904474e3339ef26b6980732a501a4c98acda5bdb005db77b20,gx-no-cache=1457987534762 HTTP/1.1" 200 772
186.103.159.186 - - [14/Mar/2016:17:31:28 -0300] "GET /cormun/servlet/trsolicitudot?6d620ab847b39a9ac9f54efe4ab6c4ceb29b9dfac5aa1602f4d7571e46685a08ddfc3b197f122f52306addf09c687299b1929619216260ec3cf5c4060e6f27e9f0bd7c11152cde9d13498809b3e1e4670aabe53f19099f1b856729a5c8b3aa89,gx-no-cache=1457987535539 HTTP/1.1" 200 772
186.103.159.183 - - [14/Mar/2016:17:31:29 -0300] "POST /cormun/servlet/trvisualizadoreventos?ce17dc09e5fa852f9d6b57bc0f3b0708,,gx-no-cache=1457991100063 HTTP/1.1" 200 3272
186.103.159.183 - - [14/Mar/2016:17:31:29 -0300] "POST /cormun/servlet/trvisualizadoreventos?ce17dc09e5fa852f9d6b57bc0f3b0708,,gx-no-cache=1457991100305 HTTP/1.1" 200 3272
186.103.159.183 - - [14/Mar/2016:17:31:29 -0300] "POST /cormun/servlet/trvisualizadoreventos?ce17dc09e5fa852f9d6b57bc0f3b0708,,gx-no-cache=1457991100504 HTTP/1.1" 200 3272
186.103.159.186 - - [14/Mar/2016:17:31:29 -0300] "POST /cormun/servlet/trsolicitudot?d0c95b35c6d0f37b27af3f60907ccf29,,gx-no-cache=1457987536536 HTTP/1.1" 200 3497
186.103.159.183 - - [14/Mar/2016:17:31:29 -0300] "POST /cormun/servlet/trvisualizadoreventos?ce17dc09e5fa852f9d6b57bc0f3b0708,,gx-no-cache=1457991100702 HTTP/1.1" 200 3272
186.103.159.186 - - [14/Mar/2016:17:31:29 -0300] "POST /cormun/servlet/trsolicitudot?d0c95b35c6d0f37b27af3f60907ccf29,,gx-no-cache=1457987536743 HTTP/1.1" 200 3498
186.103.159.183 - - [14/Mar/2016:17:31:30 -0300] "POST /cormun/servlet/trvisualizadoreventos?ce17dc09e5fa852f9d6b57bc0f3b0708,,gx-no-cache=1457991100897 HTTP/1.1" 200 3272
186.103.159.186 - - [14/Mar/2016:17:31:30 -0300] "POST /cormun/servlet/trsolicitudot?d0c95b35c6d0f37b27af3f60907ccf29,,gx-no-cache=1457987536897 HTTP/1.1" 200 3498
186.103.159.186 - - [14/Mar/2016:17:31:30 -0300] "POST /cormun/servlet/trsolicitudot?d0c95b35c6d0f37b27af3f60907ccf29,,gx-no-cache=1457987537044 HTTP/1.1" 200 3498
186.103.159.186 - - [14/Mar/2016:17:31:32 -0300] "GET /cormun/servlet/trsolicitudot?6d620ab847b39a9ac9f54efe4ab6c4ceb29b9dfac5aa1602f4d7571e46685a087178f137cd4f53f53aca3bf0e6f5a74496b7d41c25654f2b773b801303f362bc5cff7cc4f77516708695a341af4585d90c255e8e9be28f3b076657e8a3b98c4c,gx-no-cache=1457987539781 HTTP/1.1" 200 772
186.103.159.186 - - [14/Mar/2016:17:31:33 -0300] "GET /cormun/servlet/trsolicitudot?6d620ab847b39a9ac9f54efe4ab6c4ceb29b9dfac5aa1602f4d7571e46685a087f51494b8142cc945cc62e4419f61237bbb35f6fa403efd0f38f8204b997e4a74df9ae37f071679045f7ec932edaeaf3fb6b0132f2f8b80d64a00f074c2779c9,gx-no-cache=1457987540414 HTTP/1.1" 200 772
186.103.159.183 - - [14/Mar/2016:17:31:33 -0300] "GET /cormun/static/menuarrow.gif HTTP/1.1" 404 1015
186.103.159.186 - - [14/Mar/2016:17:31:33 -0300] "GET /cormun/servlet/trsolicitudot?6d620ab847b39a9ac9f54efe4ab6c4ceb29b9dfac5aa1602f4d7571e46685a08128cc3a45108eee3d6f02d7ab49f11d672571b2c05d90e62c657fd2340080489709842a385549dc4ad8b90bac18e9f9c29c533611560a68a021a7d57658e041d,gx-no-cache=1457987541223 HTTP/1.1" 200 772
186.103.159.186 - - [14/Mar/2016:17:31:34 -0300] "GET /cormun/servlet/trsolicitudot?6d620ab847b39a9ac9f54efe4ab6c4ceb29b9dfac5aa1602f4d7571e46685a08765ad668f24f893ebedaac00094e3513aeb1ade2251645dee0c16c6d7f453e4603143a49e8ee3a9bff58d458a45becd6b1148f978eb09a0f2a01ccb750bf180a,gx-no-cache=1457987541736 HTTP/1.1" 200 772
186.103.159.186 - - [14/Mar/2016:17:31:37 -0300] "GET /cormun/servlet/solicitudot?INS,0,0, HTTP/1.1" 200 11429
186.103.159.183 - - [14/Mar/2016:17:31:37 -0300] "GET /cormun/servlet/trvisualizadoreventos?61da4ccf7c571c1696abc7a62b17968758a625f94eaa8298fd727451e8fbe5c953e2b24420fedfbb0b8a96a6ea5426ffb595f03d86ccc386b3578e1fd7883c750afa9d444add484e583c2772adbd5e91b65986d5f62feccddfc3c771f42b1d0d57e736a4aacef34e645ba97bd3d8d278b9963706ac5d9dcbce435ab0e5e0a1a0625582f6aa06bea3d905fd41e4552cbc5cb2af746214c2dd81583da05e0058153861a95086fd64772b51d70d49a3122196ae3d0e8140a69588431fc12d34ded6,gx-no-cache=1457991108569 HTTP/1.1" 200 565
186.103.159.186 - - [14/Mar/2016:17:31:37 -0300] "GET /cormun/servlet/solicitudot?INS,0,0, HTTP/1.1" 200 11433
186.103.159.183 - - [14/Mar/2016:17:31:38 -0300] "POST /cormun/servlet/trvisualizadoreventos?ce17dc09e5fa852f9d6b57bc0f3b0708,,gx-no-cache=1457991109868 HTTP/1.1" 200 3276
186.103.159.183 - - [14/Mar/2016:17:31:39 -0300] "POST /cormun/servlet/trvisualizadoreventos?ce17dc09e5fa852f9d6b57bc0f3b0708,,gx-no-cache=1457991110092 HTTP/1.1" 200 3276
186.103.159.183 - - [14/Mar/2016:17:31:39 -0300] "POST /cormun/servlet/trvisualizadoreventos?ce17dc09e5fa852f9d6b57bc0f3b0708,,gx-no-cache=1457991110316 HTTP/1.1" 200 3276
186.103.159.183 - - [14/Mar/2016:17:31:39 -0300] "POST /cormun/servlet/trvisualizadoreventos?ce17dc09e5fa852f9d6b57bc0f3b0708,,gx-no-cache=1457991110538 HTTP/1.1" 200 3276
186.103.159.183 - - [14/Mar/2016:17:31:39 -0300] "POST /cormun/servlet/trvisualizadoreventos?ce17dc09e5fa852f9d6b57bc0f3b0708,,gx-no-cache=1457991110769 HTTP/1.1" 200 3276
186.103.159.183 - - [14/Mar/2016:17:31:59 -0300] "GET /cormun/servlet/trvisualizadoreventos?61da4ccf7c571c1696abc7a62b17968783ee2c039dcf5f710d84538aa6571ebfb67fe58eb5088186c1b0b127e3e5ba1a6f552c8d31a7976f3b669edc0b29cabf6de61080d600c76b530af52463d75a9a8fd06c7f81f7ebe5d63817ea95429ac33fa281e8e8509a2400141664a912092d0a4f20025d2aaef0f6c295b57531206cb2fa27fa35cc1e8c9e19ff586cb07987361096f9539438cc3a9f8a5273e3bbced815a479471470d012ce00653ef1eb9b7be05cc96f13c43fbbefaec96ea8733c,gx-no-cache=1457991130418 HTTP/1.1" 200 569
186.103.159.183 - - [14/Mar/2016:17:31:59 -0300] "POST /cormun/servlet/trvisualizadoreventos?ce17dc09e5fa852f9d6b57bc0f3b0708,,gx-no-cache=1457991130597 HTTP/1.1" 200 3284
186.103.159.186 - - [14/Mar/2016:17:32:02 -0300] "POST /cormun/servlet/solicitudot?gx-no-cache=1457987573375 HTTP/1.1" 200 2771
186.103.159.186 - - [14/Mar/2016:17:32:02 -0300] "POST /cormun/servlet/solicitudot?d0c95b35c6d0f37b27af3f60907ccf29,INS,0,0,,gx-no-cache=1457987573518 HTTP/1.1" 200 8397
186.103.159.183 - - [14/Mar/2016:17:32:03 -0300] "GET /cormun/servlet/trsolicitudot? HTTP/1.1" 200 7527
186.103.159.183 - - [14/Mar/2016:17:32:05 -0300] "GET /cormun/servlet/trsolicitudot? HTTP/1.1" 200 7527
186.103.159.186 - - [14/Mar/2016:17:32:06 -0300] "GET /cormun/servlet/solicitudot?fab78437e558c9c93afd3997918a926952bfac7e3efe8dbf7b9792fc7c79eb333c4902abaf95bf70082fa07f397e9c18,gx-no-cache=1457987578421 HTTP/1.1" 200 30
186.103.159.186 - - [14/Mar/2016:17:32:07 -0300] "POST /cormun/servlet/solicitudot?gx-no-cache=1457987578486 HTTP/1.1" 200 30
186.103.159.186 - - [14/Mar/2016:17:32:08 -0300] "POST /cormun/servlet/solicitudot?gx-no-cache=1457987580337 HTTP/1.1" 200 30
186.103.159.186 - - [14/Mar/2016:17:32:11 -0300] "POST /cormun/servlet/solicitudot?gx-no-cache=1457987583325 HTTP/1.1" 200 1171
186.103.159.186 - - [14/Mar/2016:17:32:11 -0300] "GET /cormun/servlet/solicitudot?fab78437e558c9c93afd3997918a92692dfdc4f1e74fc66684d0f4e7f95bce796d19fb41f96c6d5c7ceb16591cc7b571aac8522c770f41320a9b2a6fc94f25166a18a86e05a19743364020b4583872ebdb7ac1dba6196daae0a8ba13dce966c3794d7ec0ae52b6801323c03e6e9221b09e2b83cce30a553c26305b9a9e85a616d0f4e3ff94205f9fa667c641fee281bc,gx-no-cache=1457987583374 HTTP/1.1" 200 38
186.103.159.186 - - [14/Mar/2016:17:32:20 -0300] "GET /cormun/servlet/solicitudot?fab78437e558c9c93afd3997918a9269471807d6a25bed2b9724c6c1c191fa37413cff3457d70471be6d25e7586730deb84367934f76a24099426cad9e6edbbda9b7ba3ec31c78d0009cc9948e7a69b9d5aa4e29f7c2f2b06a50a5b0af3efd3885fcf4cc3ab19da612e716fd51de63da9899ee4cd729ecaa4a274dbfd32aec0aaa2b8bef7cf13c1bf19c893390e8e82f501e0338945953fe2523b76265e264a96c9fe36ba285c0f174cfd03f98ca2a668d9a7bc10ca051e4bc1eeda5c4177e9d9ce5eb1bc910406a4ed2a4aecb066aa4,gx-no-cache=1457987593830 HTTP/1.1" 200 29
186.103.159.186 - - [14/Mar/2016:17:32:23 -0300] "POST /cormun/servlet/solicitudot?gx-no-cache=1457987596545 HTTP/1.1" 200 1127
186.103.159.186 - - [14/Mar/2016:17:32:30 -0300] "GET /cormun/servlet/solicitudot?fab78437e558c9c93afd3997918a9269b4341ac6315be7ff7ea5d73a8dc4b5488545360193e95417508445b08fe18631f5a41a38485fee14bf7b394b974fc3d0177b7b5522bca3a38404baf2aa041e01e1599f81fea3fb7f7e68466608fc9026bff2b8b60f32ea2aa824420323b8877673083f8278ec6812a332ae60b673a11595c59377c21812660b84350dcb7e7e89e1421ca131f4162052262b7f7c3e924f4a700c680b434e52d9f1131b2af77289,gx-no-cache=1457987604794 HTTP/1.1" 200 30
186.103.159.183 - - [14/Mar/2016:17:32:34 -0300] "POST /cormun/servlet/trsolicitudot?ce17dc09e5fa852f9d6b57bc0f3b0708,,gx-no-cache=1457991165431 HTTP/1.1" 200 4942
186.103.159.183 - - [14/Mar/2016:17:32:34 -0300] "POST /cormun/servlet/trsolicitudot?ce17dc09e5fa852f9d6b57bc0f3b0708,,gx-no-cache=1457991165811 HTTP/1.1" 200 4942
186.103.159.183 - - [14/Mar/2016:17:32:35 -0300] "POST /cormun/servlet/trsolicitudot?ce17dc09e5fa852f9d6b57bc0f3b0708,,gx-no-cache=1457991166155 HTTP/1.1" 200 4943
186.103.159.183 - - [14/Mar/2016:17:32:35 -0300] "POST /cormun/servlet/trsolicitudot?ce17dc09e5fa852f9d6b57bc0f3b0708,,gx-no-cache=1457991166490 HTTP/1.1" 200 4942
186.103.159.183 - - [14/Mar/2016:17:32:35 -0300] "POST /cormun/servlet/trsolicitudot?ce17dc09e5fa852f9d6b57bc0f3b0708,,gx-no-cache=1457991166837 HTTP/1.1" 200 4942
186.103.159.183 - - [14/Mar/2016:17:32:36 -0300] "POST /cormun/servlet/trsolicitudot?ce17dc09e5fa852f9d6b57bc0f3b0708,,gx-no-cache=1457991167226 HTTP/1.1" 200 4942
186.103.159.183 - - [14/Mar/2016:17:32:36 -0300] "POST /cormun/servlet/trsolicitudot?ce17dc09e5fa852f9d6b57bc0f3b0708,,gx-no-cache=1457991167741 HTTP/1.1" 200 4942
186.103.159.183 - - [14/Mar/2016:17:32:37 -0300] "POST /cormun/servlet/trsolicitudot?ce17dc09e5fa852f9d6b57bc0f3b0708,,gx-no-cache=1457991168109 HTTP/1.1" 200 3631
186.103.159.183 - - [14/Mar/2016:17:32:37 -0300] "GET /cormun/static/Shared/jqueryui/images/ui-bg_highlight-soft_100_c6c2c8_1x100.png HTTP/1.1" 404 1117
186.103.159.183 - - [14/Mar/2016:17:32:37 -0300] "GET /cormun/static/Shared/jqueryui/images/ui-icons_82798d_256x240.png HTTP/1.1" 404 1089
186.103.159.183 - - [14/Mar/2016:17:32:37 -0300] "GET /cormun/static/Shared/jqueryui/images/ui-bg_flat_55_fafafa_40x100.png HTTP/1.1" 404 1097
186.103.159.183 - - [14/Mar/2016:17:32:37 -0300] "GET /cormun/static/Shared/jqueryui/images/ui-icons_8d78a5_256x240.png HTTP/1.1" 404 1089
186.103.159.183 - - [14/Mar/2016:17:32:37 -0300] "POST /cormun/servlet/trsolicitudot?ce17dc09e5fa852f9d6b57bc0f3b0708,,gx-no-cache=1457991168536 HTTP/1.1" 200 3463
186.103.159.183 - - [14/Mar/2016:17:32:42 -0300] "GET /cormun/servlet/trvisualizadoreventos? HTTP/1.1" 200 5977
186.103.159.183 - - [14/Mar/2016:17:32:44 -0300] "GET /cormun/servlet/trvisualizadoreventos? HTTP/1.1" 200 5977
186.103.159.183 - - [14/Mar/2016:17:32:46 -0300] "POST /cormun/servlet/trvisualizadoreventos?ce17dc09e5fa852f9d6b57bc0f3b0708,,gx-no-cache=1457991177064 HTTP/1.1" 200 3261
186.103.159.183 - - [14/Mar/2016:17:32:46 -0300] "POST /cormun/servlet/trvisualizadoreventos?ce17dc09e5fa852f9d6b57bc0f3b0708,,gx-no-cache=1457991177253 HTTP/1.1" 200 3261
186.103.159.183 - - [14/Mar/2016:17:32:46 -0300] "POST /cormun/servlet/trvisualizadoreventos?ce17dc09e5fa852f9d6b57bc0f3b0708,,gx-no-cache=1457991177445 HTTP/1.1" 200 3261
186.103.159.183 - - [14/Mar/2016:17:32:46 -0300] "POST /cormun/servlet/trvisualizadoreventos?ce17dc09e5fa852f9d6b57bc0f3b0708,,gx-no-cache=1457991177641 HTTP/1.1" 200 3261
186.103.159.183 - - [14/Mar/2016:17:32:47 -0300] "POST /cormun/servlet/trvisualizadoreventos?ce17dc09e5fa852f9d6b57bc0f3b0708,,gx-no-cache=1457991178580 HTTP/1.1" 200 3263
186.103.159.183 - - [14/Mar/2016:17:32:47 -0300] "GET /cormun/servlet/trvisualizadoreventos?61da4ccf7c571c1696abc7a62b179687529c113bacd2f0b7125a7f16b50e73f3d7ca1facec69e664cff34461646aaa106f552c8d31a7976f3b669edc0b29cabf6de61080d600c76b530af52463d75a9a8fd06c7f81f7ebe5d63817ea95429ac33fa281e8e8509a2400141664a912092d0a4f20025d2aaef0f6c295b57531206cb2fa27fa35cc1e8c9e19ff586cb07987361096f9539438cc3a9f8a5273e3bbced815a479471470d012ce00653ef1eb9b7be05cc96f13c43fbbefaec96ea8733c,gx-no-cache=1457991178987 HTTP/1.1" 200 575
186.103.159.183 - - [14/Mar/2016:17:32:50 -0300] "POST /cormun/servlet/trvisualizadoreventos?ce17dc09e5fa852f9d6b57bc0f3b0708,,gx-no-cache=1457991181996 HTTP/1.1" 200 3263
186.103.159.186 - - [14/Mar/2016:17:32:52 -0300] "POST /cormun/servlet/solicitudot?d0c95b35c6d0f37b27af3f60907ccf29,INS,0,0,,gx-no-cache=1457987629235 HTTP/1.1" 200 93
186.103.159.186 - - [14/Mar/2016:17:32:52 -0300] "GET /cormun/servlet/hpexe_return? HTTP/1.1" 200 1003
186.103.159.186 - - [14/Mar/2016:17:32:52 -0300] "GET /cormun/servlet/trsolicitudot? HTTP/1.1" 200 7510
186.103.159.186 - - [14/Mar/2016:17:32:53 -0300] "GET /cormun/servlet/trsolicitudot? HTTP/1.1" 200 7506
186.103.159.183 - - [14/Mar/2016:17:32:55 -0300] "GET /cormun/servlet/trvisualizadoreventos?61da4ccf7c571c1696abc7a62b17968720be706265f1ec96c1061beda670675853e2b24420fedfbb0b8a96a6ea5426ffb595f03d86ccc386b3578e1fd7883c750afa9d444add484e583c2772adbd5e91b65986d5f62feccddfc3c771f42b1d0d57e736a4aacef34e645ba97bd3d8d278b9963706ac5d9dcbce435ab0e5e0a1a0625582f6aa06bea3d905fd41e4552cbc5cb2af746214c2dd81583da05e0058153861a95086fd64772b51d70d49a3122196ae3d0e8140a69588431fc12d34ded6,gx-no-cache=1457991186991 HTTP/1.1" 200 574
186.103.159.183 - - [14/Mar/2016:17:32:56 -0300] "POST /cormun/servlet/trvisualizadoreventos?ce17dc09e5fa852f9d6b57bc0f3b0708,,gx-no-cache=1457991187250 HTTP/1.1" 200 3548
186.103.159.186 - - [14/Mar/2016:17:32:58 -0300] "POST /cormun/servlet/trsolicitudot?d0c95b35c6d0f37b27af3f60907ccf29,,gx-no-cache=1457987636259 HTTP/1.1" 200 4930
186.103.159.186 - - [14/Mar/2016:17:32:59 -0300] "POST /cormun/servlet/trsolicitudot?d0c95b35c6d0f37b27af3f60907ccf29,,gx-no-cache=1457987636469 HTTP/1.1" 200 4930
186.103.159.186 - - [14/Mar/2016:17:32:59 -0300] "POST /cormun/servlet/trsolicitudot?d0c95b35c6d0f37b27af3f60907ccf29,,gx-no-cache=1457987637307 HTTP/1.1" 200 4932
186.103.159.186 - - [14/Mar/2016:17:33:00 -0300] "POST /cormun/servlet/trsolicitudot?d0c95b35c6d0f37b27af3f60907ccf29,,gx-no-cache=1457987637465 HTTP/1.1" 200 4930
186.103.159.186 - - [14/Mar/2016:17:33:00 -0300] "POST /cormun/servlet/trsolicitudot?d0c95b35c6d0f37b27af3f60907ccf29,,gx-no-cache=1457987637628 HTTP/1.1" 200 4930
186.103.159.186 - - [14/Mar/2016:17:33:00 -0300] "POST /cormun/servlet/trsolicitudot?d0c95b35c6d0f37b27af3f60907ccf29,,gx-no-cache=1457987637780 HTTP/1.1" 200 4932
186.103.159.186 - - [14/Mar/2016:17:33:00 -0300] "POST /cormun/servlet/trsolicitudot?d0c95b35c6d0f37b27af3f60907ccf29,,gx-no-cache=1457987637936 HTTP/1.1" 200 4932
186.103.159.186 - - [14/Mar/2016:17:33:00 -0300] "POST /cormun/servlet/trsolicitudot?d0c95b35c6d0f37b27af3f60907ccf29,,gx-no-cache=1457987638111 HTTP/1.1" 200 3614
186.103.159.186 - - [14/Mar/2016:17:33:01 -0300] "POST /cormun/servlet/trsolicitudot?d0c95b35c6d0f37b27af3f60907ccf29,,gx-no-cache=1457987638295 HTTP/1.1" 200 3477
186.103.159.186 - - [14/Mar/2016:17:33:05 -0300] "GET /cormun/servlet/trsolicitudot?6d620ab847b39a9ac9f54efe4ab6c4ce26ae8f34e64854f8d23900889cf04beb392d9858a187041aed3e8e7fe98b0ac97914b9b3cd1382cc12bfb11dbda17688f6442c8e45b5df3cf26f62e56b84e69e,gx-no-cache=1457987643364 HTTP/1.1" 200 772
186.103.159.186 - - [14/Mar/2016:17:33:06 -0300] "GET /cormun/servlet/trsolicitudot?6d620ab847b39a9ac9f54efe4ab6c4ceb0a238f49e16db98d95cf5ec6ceaf04992ddef2d2d32a0d9e0a614e7718617e1cebef94a6d221802c20de8a10b778b4dfccb487d4737fb8ebc2d2bafca26b52ab6138314c3e5a10113c44ee38a5417b2,gx-no-cache=1457987644852 HTTP/1.1" 200 772
186.103.159.186 - - [14/Mar/2016:17:33:07 -0300] "GET /cormun/servlet/trsolicitudot?6d620ab847b39a9ac9f54efe4ab6c4ce2ad155187dceaf4822c6b0bf0e85bc27509371e414c147c54a27c55693345b47c2be71176b1e92971166ef847bb29fcc25416ab2755933ed2846e7533d413a5d128e0fd6f82d9e99033254da4101f41c,gx-no-cache=1457987645718 HTTP/1.1" 200 772
186.103.159.186 - - [14/Mar/2016:17:33:09 -0300] "POST /cormun/servlet/trsolicitudot?d0c95b35c6d0f37b27af3f60907ccf29,,gx-no-cache=1457987647672 HTTP/1.1" 200 3498
186.103.159.186 - - [14/Mar/2016:17:33:09 -0300] "POST /cormun/servlet/trsolicitudot?d0c95b35c6d0f37b27af3f60907ccf29,,gx-no-cache=1457987647830 HTTP/1.1" 200 3498
186.103.159.186 - - [14/Mar/2016:17:33:09 -0300] "POST /cormun/servlet/trsolicitudot?d0c95b35c6d0f37b27af3f60907ccf29,,gx-no-cache=1457987647989 HTTP/1.1" 200 3497
186.103.159.186 - - [14/Mar/2016:17:33:09 -0300] "POST /cormun/servlet/trsolicitudot?d0c95b35c6d0f37b27af3f60907ccf29,,gx-no-cache=1457987648151 HTTP/1.1" 200 3498
186.103.159.186 - - [14/Mar/2016:17:33:10 -0300] "GET /cormun/servlet/trsolicitudot?6d620ab847b39a9ac9f54efe4ab6c4ce2ad155187dceaf4822c6b0bf0e85bc27be0b59771850026a91e2d9745fbdaa2d282d9641f6beabeba336a025345e4bc1383a4ecc29b32a0365d57797840a78f5941e3a043b6930d8ceba5ff3a6d5b0fd,gx-no-cache=1457987649437 HTTP/1.1" 200 772
186.103.159.186 - - [14/Mar/2016:17:33:11 -0300] "GET /cormun/servlet/trsolicitudot?6d620ab847b39a9ac9f54efe4ab6c4ce2ad155187dceaf4822c6b0bf0e85bc272e1d1e6fc446ff3133aa39d5bb5c24decc49b6d9c71179af676d0d134a8467272f4fba13bf1e7f3e986c6d4496dc6954086f42abf468ea0b77a2e85c9781a010,gx-no-cache=1457987650109 HTTP/1.1" 200 772
186.103.159.186 - - [14/Mar/2016:17:33:13 -0300] "GET /cormun/servlet/solicitudot?INS,0,0, HTTP/1.1" 200 11428
186.103.159.186 - - [14/Mar/2016:17:33:14 -0300] "GET /cormun/servlet/solicitudot?INS,0,0, HTTP/1.1" 200 11433
186.103.159.186 - - [14/Mar/2016:17:33:24 -0300] "POST /cormun/servlet/solicitudot?gx-no-cache=1457987664671 HTTP/1.1" 200 2742
186.103.159.186 - - [14/Mar/2016:17:33:24 -0300] "POST /cormun/servlet/solicitudot?d0c95b35c6d0f37b27af3f60907ccf29,INS,0,0,,gx-no-cache=1457987664798 HTTP/1.1" 200 8365
186.78.49.104 - - [14/Mar/2016:17:33:27 -0300] "GET /cormun/servlet/solicitudot?aa655470a1dd1a2ad4d7dc942ae61f07ae31e12b3351a2a4b3065b30c440179c97e0fa24ee90edf18f4ebb6689f9350d8d342f0e2f5f9c36d0b1c5bb8ccc6cd5b6f70831b7821cdd0d7729a60473b779593ac949f3f5bf60482e92466a0769b97050275c30cfb3aecfc2bb4bd3a6d3356c9049f9cd584c43b04dd953ca940b4da411e3d2029e48c093a3701aa8c2f80b052373db5e6a85321832d2886fd34ba3,gx-no-cache=1457987630826 HTTP/1.1" 200 29
186.78.49.104 - - [14/Mar/2016:17:33:27 -0300] "POST /cormun/servlet/solicitudot?gx-no-cache=1457987631047 HTTP/1.1" 200 1127
186.103.159.186 - - [14/Mar/2016:17:33:28 -0300] "GET /cormun/servlet/solicitudot?fab78437e558c9c93afd3997918a92693b0fefdbf38b21a207dce1639f8167cb80732a501a4c98acda5bdb005db77b20,gx-no-cache=1457987669102 HTTP/1.1" 200 30
186.103.159.186 - - [14/Mar/2016:17:33:28 -0300] "POST /cormun/servlet/solicitudot?gx-no-cache=1457987669138 HTTP/1.1" 200 30
186.103.159.186 - - [14/Mar/2016:17:33:29 -0300] "POST /cormun/servlet/solicitudot?gx-no-cache=1457987670732 HTTP/1.1" 200 30
186.103.159.186 - - [14/Mar/2016:17:33:32 -0300] "POST /cormun/servlet/solicitudot?gx-no-cache=1457987673294 HTTP/1.1" 200 1171
186.103.159.186 - - [14/Mar/2016:17:33:32 -0300] "GET /cormun/servlet/solicitudot?fab78437e558c9c93afd3997918a92692dfdc4f1e74fc66684d0f4e7f95bce796d19fb41f96c6d5c7ceb16591cc7b571aac8522c770f41320a9b2a6fc94f25166a18a86e05a19743364020b4583872ebdb7ac1dba6196daae0a8ba13dce966c3794d7ec0ae52b6801323c03e6e9221b09e2b83cce30a553c26305b9a9e85a616d0f4e3ff94205f9fa667c641fee281bc,gx-no-cache=1457987673362 HTTP/1.1" 200 38
186.103.159.186 - - [14/Mar/2016:17:33:41 -0300] "GET /cormun/servlet/solicitudot?fab78437e558c9c93afd3997918a9269471807d6a25bed2b9724c6c1c191fa37413cff3457d70471be6d25e7586730dea00d2352d2a779e4b132ca1ba356b8a3a9b7ba3ec31c78d0009cc9948e7a69b9d5aa4e29f7c2f2b06a50a5b0af3efd3885fcf4cc3ab19da612e716fd51de63da9899ee4cd729ecaa4a274dbfd32aec0aaa2b8bef7cf13c1bf19c893390e8e82f501e0338945953fe2523b76265e264a96c9fe36ba285c0f174cfd03f98ca2a668d9a7bc10ca051e4bc1eeda5c4177e9d9ce5eb1bc910406a4ed2a4aecb066aa4,gx-no-cache=1457987683541 HTTP/1.1" 200 29
186.103.159.186 - - [14/Mar/2016:17:33:41 -0300] "POST /cormun/servlet/solicitudot?gx-no-cache=1457987683572 HTTP/1.1" 200 1127
186.103.159.186 - - [14/Mar/2016:17:33:48 -0300] "GET /cormun/servlet/solicitudot?fab78437e558c9c93afd3997918a92690fb7630a6c962177c7411377640934050f07b45d3e74ae5ab12e907b660eedb25a8d5f1c14f3d437d1d6db4e7ab079519f00b02122481eb494e33f1946768383c11da8a226101be0bbefe2396aee9e6697490b386ec9cfdf0a40b7c675a5723e70344d44adc07eb44d80e4f7a760d032b2532695d177f5243ceca8e5934e7ed20bd2b1a3100e62581e0f5f0565c6f1484b69b748f25ef23832eb6933355b592f,gx-no-cache=1457987691304 HTTP/1.1" 200 30
186.103.159.186 - - [14/Mar/2016:17:34:00 -0300] "POST /cormun/servlet/solicitudot?d0c95b35c6d0f37b27af3f60907ccf29,INS,0,0,,gx-no-cache=1457987704505 HTTP/1.1" 200 93
186.103.159.186 - - [14/Mar/2016:17:34:00 -0300] "GET /cormun/servlet/hpexe_return? HTTP/1.1" 200 1003
186.103.159.186 - - [14/Mar/2016:17:34:00 -0300] "GET /cormun/servlet/trsolicitudot? HTTP/1.1" 200 7498
186.103.159.186 - - [14/Mar/2016:17:34:01 -0300] "GET /cormun/servlet/trsolicitudot? HTTP/1.1" 200 7494
186.103.159.186 - - [14/Mar/2016:17:34:06 -0300] "POST /cormun/servlet/trsolicitudot?d0c95b35c6d0f37b27af3f60907ccf29,,gx-no-cache=1457987711304 HTTP/1.1" 200 4917
186.103.159.186 - - [14/Mar/2016:17:34:06 -0300] "POST /cormun/servlet/trsolicitudot?d0c95b35c6d0f37b27af3f60907ccf29,,gx-no-cache=1457987711533 HTTP/1.1" 200 4919
186.103.159.186 - - [14/Mar/2016:17:34:07 -0300] "POST /cormun/servlet/trsolicitudot?d0c95b35c6d0f37b27af3f60907ccf29,,gx-no-cache=1457987711800 HTTP/1.1" 200 4919
186.103.159.186 - - [14/Mar/2016:17:34:07 -0300] "POST /cormun/servlet/trsolicitudot?d0c95b35c6d0f37b27af3f60907ccf29,,gx-no-cache=1457987712673 HTTP/1.1" 200 4919
186.103.159.186 - - [14/Mar/2016:17:34:07 -0300] "POST /cormun/servlet/trsolicitudot?d0c95b35c6d0f37b27af3f60907ccf29,,gx-no-cache=1457987712837 HTTP/1.1" 200 4919
186.103.159.186 - - [14/Mar/2016:17:34:07 -0300] "POST /cormun/servlet/trsolicitudot?d0c95b35c6d0f37b27af3f60907ccf29,,gx-no-cache=1457987712989 HTTP/1.1" 200 4919
186.103.159.186 - - [14/Mar/2016:17:34:07 -0300] "POST /cormun/servlet/trsolicitudot?d0c95b35c6d0f37b27af3f60907ccf29,,gx-no-cache=1457987713147 HTTP/1.1" 200 4919
186.103.159.186 - - [14/Mar/2016:17:34:08 -0300] "POST /cormun/servlet/trsolicitudot?d0c95b35c6d0f37b27af3f60907ccf29,,gx-no-cache=1457987713322 HTTP/1.1" 200 3608
186.103.159.186 - - [14/Mar/2016:17:34:08 -0300] "POST /cormun/servlet/trsolicitudot?d0c95b35c6d0f37b27af3f60907ccf29,,gx-no-cache=1457987713508 HTTP/1.1" 200 3477
186.103.159.186 - - [14/Mar/2016:17:34:13 -0300] "GET /cormun/servlet/trsolicitudot?6d620ab847b39a9ac9f54efe4ab6c4ce1ce8971fd69136632846eb96c0362a5cb6cf4b925b5701a75271e74f1af804a8b099bff1630f27795a60903bced306f2fcbf85ec9a65bccfa220bf52878ca594,gx-no-cache=1457987719677 HTTP/1.1" 200 772
186.103.159.186 - - [14/Mar/2016:17:34:14 -0300] "GET /cormun/servlet/trsolicitudot?6d620ab847b39a9ac9f54efe4ab6c4ce2c949260c83a1c868ed500df13aaf1d592ddef2d2d32a0d9e0a614e7718617e1cebef94a6d221802c20de8a10b778b4dfccb487d4737fb8ebc2d2bafca26b52ab6138314c3e5a10113c44ee38a5417b2,gx-no-cache=1457987720629 HTTP/1.1" 200 772
186.103.159.186 - - [14/Mar/2016:17:34:16 -0300] "GET /cormun/servlet/trsolicitudot?6d620ab847b39a9ac9f54efe4ab6c4ce6382365fbb80c0713836edaf7eb883a474bb88ef0fcdec6acaedad88b45bd233f38d9654fdb6d46e8ab78e53b62db2baaadec889f4ea72904474e3339ef26b6980732a501a4c98acda5bdb005db77b20,gx-no-cache=1457987722380 HTTP/1.1" 200 772
186.103.159.186 - - [14/Mar/2016:17:34:17 -0300] "GET /cormun/servlet/trsolicitudot?6d620ab847b39a9ac9f54efe4ab6c4ce853d57af3d8f825199bb33d4e45376926a502e2f0c474ce244899a759377f19b96b7d41c25654f2b773b801303f362bc5cff7cc4f77516708695a341af4585d90c255e8e9be28f3b076657e8a3b98c4c,gx-no-cache=1457987723919 HTTP/1.1" 200 772
186.103.159.186 - - [14/Mar/2016:17:34:18 -0300] "POST /cormun/servlet/trsolicitudot?d0c95b35c6d0f37b27af3f60907ccf29,,gx-no-cache=1457987725510 HTTP/1.1" 200 3500
186.103.159.186 - - [14/Mar/2016:17:34:19 -0300] "POST /cormun/servlet/trsolicitudot?d0c95b35c6d0f37b27af3f60907ccf29,,gx-no-cache=1457987725684 HTTP/1.1" 200 3501
186.103.159.186 - - [14/Mar/2016:17:34:19 -0300] "POST /cormun/servlet/trsolicitudot?d0c95b35c6d0f37b27af3f60907ccf29,,gx-no-cache=1457987725829 HTTP/1.1" 200 3501
186.103.159.186 - - [14/Mar/2016:17:34:19 -0300] "POST /cormun/servlet/trsolicitudot?d0c95b35c6d0f37b27af3f60907ccf29,,gx-no-cache=1457987725979 HTTP/1.1" 200 3500
186.103.159.186 - - [14/Mar/2016:17:34:20 -0300] "GET /cormun/servlet/trsolicitudot?6d620ab847b39a9ac9f54efe4ab6c4ce853d57af3d8f825199bb33d4e4537692c37302bd775051c84bbd9cf780e7ebfe72571b2c05d90e62c657fd2340080489709842a385549dc4ad8b90bac18e9f9c29c533611560a68a021a7d57658e041d,gx-no-cache=1457987727577 HTTP/1.1" 200 775
186.103.159.186 - - [14/Mar/2016:17:34:21 -0300] "GET /cormun/servlet/trsolicitudot?6d620ab847b39a9ac9f54efe4ab6c4ce853d57af3d8f825199bb33d4e4537692483aa630725443ae658b48cfc75634beaeb1ade2251645dee0c16c6d7f453e4603143a49e8ee3a9bff58d458a45becd6b1148f978eb09a0f2a01ccb750bf180a,gx-no-cache=1457987728182 HTTP/1.1" 200 775
186.103.159.186 - - [14/Mar/2016:17:34:23 -0300] "GET /cormun/servlet/solicitudot?INS,0,0, HTTP/1.1" 200 11428
186.103.159.186 - - [14/Mar/2016:17:34:24 -0300] "GET /cormun/servlet/solicitudot?INS,0,0, HTTP/1.1" 200 11433
186.103.159.186 - - [14/Mar/2016:17:34:32 -0300] "POST /cormun/servlet/solicitudot?gx-no-cache=1457987740971 HTTP/1.1" 200 2761
186.103.159.186 - - [14/Mar/2016:17:34:33 -0300] "POST /cormun/servlet/solicitudot?d0c95b35c6d0f37b27af3f60907ccf29,INS,0,0,,gx-no-cache=1457987741129 HTTP/1.1" 200 8388
186.103.159.186 - - [14/Mar/2016:17:34:35 -0300] "GET /cormun/servlet/solicitudot?fab78437e558c9c93afd3997918a926983e1b7655c8c1b00ec59da5dc3591ee080732a501a4c98acda5bdb005db77b20,gx-no-cache=1457987743888 HTTP/1.1" 200 30
186.103.159.186 - - [14/Mar/2016:17:34:35 -0300] "POST /cormun/servlet/solicitudot?gx-no-cache=1457987743948 HTTP/1.1" 200 30
186.103.159.186 - - [14/Mar/2016:17:34:37 -0300] "POST /cormun/servlet/solicitudot?gx-no-cache=1457987746137 HTTP/1.1" 200 30
186.103.159.186 - - [14/Mar/2016:17:34:39 -0300] "POST /cormun/servlet/solicitudot?gx-no-cache=1457987748560 HTTP/1.1" 200 1171
186.103.159.186 - - [14/Mar/2016:17:34:39 -0300] "GET /cormun/servlet/solicitudot?fab78437e558c9c93afd3997918a92692dfdc4f1e74fc66684d0f4e7f95bce796d19fb41f96c6d5c7ceb16591cc7b571aac8522c770f41320a9b2a6fc94f25166a18a86e05a19743364020b4583872ebdb7ac1dba6196daae0a8ba13dce966c3794d7ec0ae52b6801323c03e6e9221b09e2b83cce30a553c26305b9a9e85a616d0f4e3ff94205f9fa667c641fee281bc,gx-no-cache=1457987748631 HTTP/1.1" 200 38
186.103.159.186 - - [14/Mar/2016:17:34:46 -0300] "GET /cormun/servlet/solicitudot?fab78437e558c9c93afd3997918a9269471807d6a25bed2b9724c6c1c191fa37413cff3457d70471be6d25e7586730dea00d2352d2a779e4b132ca1ba356b8a3a9b7ba3ec31c78d0009cc9948e7a69b9d5aa4e29f7c2f2b06a50a5b0af3efd3885fcf4cc3ab19da612e716fd51de63da9899ee4cd729ecaa4a274dbfd32aec0aaa2b8bef7cf13c1bf19c893390e8e82f501e0338945953fe2523b76265e264a96c9fe36ba285c0f174cfd03f98ca2a668d9a7bc10ca051e4bc1eeda5c4177e9d9ce5eb1bc910406a4ed2a4aecb066aa4,gx-no-cache=1457987756256 HTTP/1.1" 200 29
186.103.159.186 - - [14/Mar/2016:17:34:46 -0300] "POST /cormun/servlet/solicitudot?gx-no-cache=1457987756287 HTTP/1.1" 200 1127
186.103.159.186 - - [14/Mar/2016:17:34:53 -0300] "GET /cormun/servlet/solicitudot?fab78437e558c9c93afd3997918a92696fbae9b3eb200ac9ccd1e6b1c0dbbe5a0f07b45d3e74ae5ab12e907b660eedb25a8d5f1c14f3d437d1d6db4e7ab079519f00b02122481eb494e33f1946768383c11da8a226101be0bbefe2396aee9e6697490b386ec9cfdf0a40b7c675a5723e70344d44adc07eb44d80e4f7a760d032b2532695d177f5243ceca8e5934e7ed20bd2b1a3100e62581e0f5f0565c6f1484b69b748f25ef23832eb6933355b592f,gx-no-cache=1457987763993 HTTP/1.1" 200 30
186.103.159.186 - - [14/Mar/2016:17:35:08 -0300] "POST /cormun/servlet/solicitudot?d0c95b35c6d0f37b27af3f60907ccf29,INS,0,0,,gx-no-cache=1457987781499 HTTP/1.1" 200 93
186.103.159.186 - - [14/Mar/2016:17:35:09 -0300] "GET /cormun/servlet/hpexe_return? HTTP/1.1" 200 1003
186.103.159.186 - - [14/Mar/2016:17:35:09 -0300] "GET /cormun/servlet/trsolicitudot? HTTP/1.1" 200 7511
186.103.159.186 - - [14/Mar/2016:17:35:09 -0300] "GET /cormun/servlet/trsolicitudot? HTTP/1.1" 200 7507
186.103.159.183 - - [14/Mar/2016:17:35:12 -0300] "GET /cormun/servlet/trsolicitudot? HTTP/1.1" 200 6207
186.103.159.186 - - [14/Mar/2016:17:35:13 -0300] "POST /cormun/servlet/trsolicitudot?d0c95b35c6d0f37b27af3f60907ccf29,,gx-no-cache=1457987786973 HTTP/1.1" 200 4929
186.103.159.186 - - [14/Mar/2016:17:35:14 -0300] "POST /cormun/servlet/trsolicitudot?d0c95b35c6d0f37b27af3f60907ccf29,,gx-no-cache=1457987787209 HTTP/1.1" 200 4930
186.103.159.186 - - [14/Mar/2016:17:35:14 -0300] "POST /cormun/servlet/trsolicitudot?d0c95b35c6d0f37b27af3f60907ccf29,,gx-no-cache=1457987787341 HTTP/1.1" 200 4930
186.103.159.186 - - [14/Mar/2016:17:35:14 -0300] "POST /cormun/servlet/trsolicitudot?d0c95b35c6d0f37b27af3f60907ccf29,,gx-no-cache=1457987787476 HTTP/1.1" 200 4930
186.103.159.183 - - [14/Mar/2016:17:35:14 -0300] "GET /cormun/servlet/trsolicitudot? HTTP/1.1" 200 6206
186.103.159.186 - - [14/Mar/2016:17:35:14 -0300] "POST /cormun/servlet/trsolicitudot?d0c95b35c6d0f37b27af3f60907ccf29,,gx-no-cache=1457987787632 HTTP/1.1" 200 4930
186.103.159.186 - - [14/Mar/2016:17:35:14 -0300] "POST /cormun/servlet/trsolicitudot?d0c95b35c6d0f37b27af3f60907ccf29,,gx-no-cache=1457987787780 HTTP/1.1" 200 4929
186.103.159.186 - - [14/Mar/2016:17:35:14 -0300] "POST /cormun/servlet/trsolicitudot?d0c95b35c6d0f37b27af3f60907ccf29,,gx-no-cache=1457987787924 HTTP/1.1" 200 4930
186.103.159.186 - - [14/Mar/2016:17:35:15 -0300] "POST /cormun/servlet/trsolicitudot?d0c95b35c6d0f37b27af3f60907ccf29,,gx-no-cache=1457987788127 HTTP/1.1" 200 3614
186.103.159.186 - - [14/Mar/2016:17:35:15 -0300] "POST /cormun/servlet/trsolicitudot?d0c95b35c6d0f37b27af3f60907ccf29,,gx-no-cache=1457987788308 HTTP/1.1" 200 3479
186.103.159.186 - - [14/Mar/2016:17:35:20 -0300] "GET /cormun/servlet/trsolicitudot?6d620ab847b39a9ac9f54efe4ab6c4ce1ce8971fd69136632846eb96c0362a5cb6cf4b925b5701a75271e74f1af804a8b099bff1630f27795a60903bced306f2fcbf85ec9a65bccfa220bf52878ca594,gx-no-cache=1457987794106 HTTP/1.1" 200 775
186.103.159.186 - - [14/Mar/2016:17:35:21 -0300] "GET /cormun/servlet/trsolicitudot?6d620ab847b39a9ac9f54efe4ab6c4cef4f069924be98001f78589e5fc80cb9a74bb88ef0fcdec6acaedad88b45bd233f38d9654fdb6d46e8ab78e53b62db2baaadec889f4ea72904474e3339ef26b6980732a501a4c98acda5bdb005db77b20,gx-no-cache=1457987795832 HTTP/1.1" 200 775
186.103.159.186 - - [14/Mar/2016:17:35:23 -0300] "POST /cormun/servlet/trsolicitudot?d0c95b35c6d0f37b27af3f60907ccf29,,gx-no-cache=1457987797475 HTTP/1.1" 200 3496
186.103.159.183 - - [14/Mar/2016:17:35:23 -0300] "GET /cormun/servlet/trsolicitudot? HTTP/1.1" 200 6206
186.103.159.186 - - [14/Mar/2016:17:35:23 -0300] "POST /cormun/servlet/trsolicitudot?d0c95b35c6d0f37b27af3f60907ccf29,,gx-no-cache=1457987797663 HTTP/1.1" 200 3497
186.103.159.186 - - [14/Mar/2016:17:35:23 -0300] "POST /cormun/servlet/trsolicitudot?d0c95b35c6d0f37b27af3f60907ccf29,,gx-no-cache=1457987797822 HTTP/1.1" 200 3497
186.103.159.186 - - [14/Mar/2016:17:35:24 -0300] "POST /cormun/servlet/trsolicitudot?d0c95b35c6d0f37b27af3f60907ccf29,,gx-no-cache=1457987797976 HTTP/1.1" 200 3495
186.103.159.183 - - [14/Mar/2016:17:35:25 -0300] "GET /cormun/servlet/trsolicitudot? HTTP/1.1" 200 6206
186.103.159.186 - - [14/Mar/2016:17:35:26 -0300] "GET /cormun/servlet/trsolicitudot?6d620ab847b39a9ac9f54efe4ab6c4cef4f069924be98001f78589e5fc80cb9aba511edb900a74554ff15ae88981d989bbb35f6fa403efd0f38f8204b997e4a74df9ae37f071679045f7ec932edaeaf3fb6b0132f2f8b80d64a00f074c2779c9,gx-no-cache=1457987800384 HTTP/1.1" 200 770
186.103.159.186 - - [14/Mar/2016:17:35:28 -0300] "GET /cormun/servlet/solicitudot?INS,0,0, HTTP/1.1" 200 11428
186.103.159.186 - - [14/Mar/2016:17:35:29 -0300] "GET /cormun/servlet/solicitudot?INS,0,0, HTTP/1.1" 200 11433
186.103.159.183 - - [14/Mar/2016:17:35:33 -0300] "GET /cormun/servlet/trvisualizadoreventos? HTTP/1.1" 200 6259
186.103.159.183 - - [14/Mar/2016:17:35:35 -0300] "GET /cormun/servlet/trvisualizadoreventos? HTTP/1.1" 200 6259
186.103.159.186 - - [14/Mar/2016:17:35:38 -0300] "POST /cormun/servlet/solicitudot?gx-no-cache=1457987813788 HTTP/1.1" 200 2762
186.103.159.186 - - [14/Mar/2016:17:35:38 -0300] "POST /cormun/servlet/solicitudot?d0c95b35c6d0f37b27af3f60907ccf29,INS,0,0,,gx-no-cache=1457987813969 HTTP/1.1" 200 8389
186.103.159.186 - - [14/Mar/2016:17:35:41 -0300] "GET /cormun/servlet/solicitudot?fab78437e558c9c93afd3997918a92693c79474f092992607e46101da5344daf80732a501a4c98acda5bdb005db77b20,gx-no-cache=1457987816828 HTTP/1.1" 200 30
186.103.159.186 - - [14/Mar/2016:17:35:41 -0300] "POST /cormun/servlet/solicitudot?gx-no-cache=1457987816883 HTTP/1.1" 200 30
186.103.159.186 - - [14/Mar/2016:17:35:42 -0300] "POST /cormun/servlet/solicitudot?gx-no-cache=1457987818429 HTTP/1.1" 200 30
186.103.159.186 - - [14/Mar/2016:17:35:44 -0300] "POST /cormun/servlet/solicitudot?gx-no-cache=1457987820318 HTTP/1.1" 200 1171
186.103.159.186 - - [14/Mar/2016:17:35:44 -0300] "GET /cormun/servlet/solicitudot?fab78437e558c9c93afd3997918a92692dfdc4f1e74fc66684d0f4e7f95bce796d19fb41f96c6d5c7ceb16591cc7b571aac8522c770f41320a9b2a6fc94f25166a18a86e05a19743364020b4583872ebdb7ac1dba6196daae0a8ba13dce966c3794d7ec0ae52b6801323c03e6e9221b09e2b83cce30a553c26305b9a9e85a616d0f4e3ff94205f9fa667c641fee281bc,gx-no-cache=1457987820393 HTTP/1.1" 200 38
186.103.159.183 - - [14/Mar/2016:17:35:48 -0300] "GET /cormun/servlet/hlogin HTTP/1.1" 200 1740
186.103.159.186 - - [14/Mar/2016:17:35:50 -0300] "GET /cormun/servlet/solicitudot?fab78437e558c9c93afd3997918a9269471807d6a25bed2b9724c6c1c191fa37413cff3457d70471be6d25e7586730dea00d2352d2a779e4b132ca1ba356b8a3a9b7ba3ec31c78d0009cc9948e7a69b9d5aa4e29f7c2f2b06a50a5b0af3efd3885fcf4cc3ab19da612e716fd51de63da9899ee4cd729ecaa4a274dbfd32aec0aaa2b8bef7cf13c1bf19c893390e8e82f501e0338945953fe2523b76265e264a96c9fe36ba285c0f174cfd03f98ca2a668d9a7bc10ca051e4bc1eeda5c4177e9d9ce5eb1bc910406a4ed2a4aecb066aa4,gx-no-cache=1457987827388 HTTP/1.1" 200 29
186.103.159.186 - - [14/Mar/2016:17:35:50 -0300] "POST /cormun/servlet/solicitudot?gx-no-cache=1457987827419 HTTP/1.1" 200 1127
186.103.159.183 - - [14/Mar/2016:17:35:51 -0300] "POST /cormun/servlet/hlogin?ce17dc09e5fa852f9d6b57bc0f3b0708,gx-no-cache=1457991362721 HTTP/1.1" 200 449
186.103.159.186 - - [14/Mar/2016:17:35:57 -0300] "GET /cormun/servlet/solicitudot?fab78437e558c9c93afd3997918a92696e7c276f497b5ed6c0d1ee48c83327810f07b45d3e74ae5ab12e907b660eedb25a8d5f1c14f3d437d1d6db4e7ab079519f00b02122481eb494e33f1946768383c11da8a226101be0bbefe2396aee9e6697490b386ec9cfdf0a40b7c675a5723e70344d44adc07eb44d80e4f7a760d032b2532695d177f5243ceca8e5934e7ed20bd2b1a3100e62581e0f5f0565c6f1484b69b748f25ef23832eb6933355b592f,gx-no-cache=1457987834857 HTTP/1.1" 200 30
191.112.108.3 - - [14/Mar/2016:17:36:05 -0300] "POST /cormun/servlet/hlogin?afa27622e158d3dc50dd87f2de7f2dca,gx-no-cache=1457987791695 HTTP/1.1" 440 972
186.103.159.183 - - [14/Mar/2016:17:36:06 -0300] "POST /cormun/servlet/hlogin?ce17dc09e5fa852f9d6b57bc0f3b0708,gx-no-cache=1457991378137 HTTP/1.1" 200 457
191.112.108.3 - - [14/Mar/2016:17:36:09 -0300] "GET /cormun/servlet/hlogin HTTP/1.1" 200 1732
186.103.159.186 - - [14/Mar/2016:17:36:22 -0300] "POST /cormun/servlet/solicitudot?d0c95b35c6d0f37b27af3f60907ccf29,INS,0,0,,gx-no-cache=1457987861753 HTTP/1.1" 200 93
186.103.159.186 - - [14/Mar/2016:17:36:22 -0300] "GET /cormun/servlet/hpexe_return? HTTP/1.1" 200 1003
186.103.159.186 - - [14/Mar/2016:17:36:22 -0300] "GET /cormun/servlet/trsolicitudot? HTTP/1.1" 200 7512
186.103.159.186 - - [14/Mar/2016:17:36:23 -0300] "GET /cormun/servlet/trsolicitudot? HTTP/1.1" 200 7508
186.103.159.186 - - [14/Mar/2016:17:36:26 -0300] "POST /cormun/servlet/trsolicitudot?d0c95b35c6d0f37b27af3f60907ccf29,,gx-no-cache=1457987867889 HTTP/1.1" 200 4932
186.103.159.186 - - [14/Mar/2016:17:36:27 -0300] "POST /cormun/servlet/trsolicitudot?d0c95b35c6d0f37b27af3f60907ccf29,,gx-no-cache=1457987868186 HTTP/1.1" 200 4932
186.103.159.186 - - [14/Mar/2016:17:36:27 -0300] "POST /cormun/servlet/trsolicitudot?d0c95b35c6d0f37b27af3f60907ccf29,,gx-no-cache=1457987868463 HTTP/1.1" 200 4932
186.103.159.186 - - [14/Mar/2016:17:36:27 -0300] "POST /cormun/servlet/trsolicitudot?d0c95b35c6d0f37b27af3f60907ccf29,,gx-no-cache=1457987868660 HTTP/1.1" 200 4933
