186.103.159.204 - - [11/Mar/2016:12:27:54 -0300] "POST /cormun/servlet/trautorizarsolicitud?0e6259421fdb8cb29d2430cbeed43ab5,,gx-no-cache=1457710093355 HTTP/1.1" 200 4903
186.103.159.204 - - [11/Mar/2016:12:27:54 -0300] "POST /cormun/servlet/trautorizarsolicitud?0e6259421fdb8cb29d2430cbeed43ab5,,gx-no-cache=1457710093533 HTTP/1.1" 200 4902
186.103.158.250 - - [11/Mar/2016:12:27:54 -0300] "GET /cormun/servlet/trsolicitudot?0498d65c50c0418d33c5be99cafdcfc6d934e89979f8fa1f2ed6fe5704ffdb8542a68ca4606853413bc4667992925731bfb8b3a5ae293f11af424d9069382f0616f03495e103908e1b3febd75010b93b,gx-no-cache=1457710100139 HTTP/1.1" 200 762
186.103.159.204 - - [11/Mar/2016:12:27:54 -0300] "POST /cormun/servlet/trautorizarsolicitud?0e6259421fdb8cb29d2430cbeed43ab5,,gx-no-cache=1457710093749 HTTP/1.1" 200 4914
186.103.159.204 - - [11/Mar/2016:12:27:54 -0300] "GET /cormun/static/Shared/jqueryui/images/ui-bg_highlight-soft_100_c6c2c8_1x100.png HTTP/1.1" 404 1117
186.103.159.204 - - [11/Mar/2016:12:27:54 -0300] "GET /cormun/static/Shared/jqueryui/images/ui-icons_82798d_256x240.png HTTP/1.1" 404 1089
186.103.159.204 - - [11/Mar/2016:12:27:54 -0300] "GET /cormun/static/Shared/jqueryui/images/ui-bg_flat_55_fafafa_40x100.png HTTP/1.1" 404 1097
186.103.159.204 - - [11/Mar/2016:12:27:54 -0300] "GET /cormun/static/Shared/jqueryui/images/ui-icons_8d78a5_256x240.png HTTP/1.1" 404 1089
186.103.158.250 - - [11/Mar/2016:12:27:56 -0300] "POST /cormun/servlet/trsolicitudot?3f9a9c0c3935ca902f7183c0624fce93,,gx-no-cache=1457710101629 HTTP/1.1" 200 3486
186.103.158.250 - - [11/Mar/2016:12:27:56 -0300] "POST /cormun/servlet/trsolicitudot?3f9a9c0c3935ca902f7183c0624fce93,,gx-no-cache=1457710102071 HTTP/1.1" 200 3486
186.103.158.250 - - [11/Mar/2016:12:27:56 -0300] "POST /cormun/servlet/trsolicitudot?3f9a9c0c3935ca902f7183c0624fce93,,gx-no-cache=1457710102479 HTTP/1.1" 200 3487
186.103.158.250 - - [11/Mar/2016:12:27:57 -0300] "POST /cormun/servlet/trsolicitudot?3f9a9c0c3935ca902f7183c0624fce93,,gx-no-cache=1457710102880 HTTP/1.1" 200 3487
186.103.158.250 - - [11/Mar/2016:12:27:59 -0300] "GET /cormun/servlet/trsolicitudot? HTTP/1.1" 200 6169
186.103.158.250 - - [11/Mar/2016:12:28:01 -0300] "GET /cormun/servlet/trsolicitudot? HTTP/1.1" 200 6179
186.103.159.204 - - [11/Mar/2016:12:28:01 -0300] "POST /cormun/servlet/trautorizarsolicitud?0e6259421fdb8cb29d2430cbeed43ab5,,gx-no-cache=1457710100644 HTTP/1.1" 200 3472
186.103.159.204 - - [11/Mar/2016:12:28:01 -0300] "GET /cormun/servlet/trautorizarsolicitud?59d18e154f2355255d1c912bde9786169c46d7c5b7b2bc80d8d0ca3c1470da44798932f4250cef448fefb11e1cdcbfead3dfaeb261e911fa9c3db818652ce18707865daf6c203965cd6d39e62ee6ccd292c2b15364f013d94982d7f57310e0d19aeb299d6426d1412ad9a63cec86391c,gx-no-cache=1457710101052 HTTP/1.1" 200 764
186.103.159.204 - - [11/Mar/2016:12:28:04 -0300] "GET /cormun/static/menuarrow.gif HTTP/1.1" 404 1015
186.103.158.250 - - [11/Mar/2016:12:28:06 -0300] "POST /cormun/servlet/trsolicitudot?3f9a9c0c3935ca902f7183c0624fce93,,gx-no-cache=1457710112459 HTTP/1.1" 200 3476
186.103.159.204 - - [11/Mar/2016:12:28:07 -0300] "POST /cormun/servlet/trautorizarsolicitud?0e6259421fdb8cb29d2430cbeed43ab5,,gx-no-cache=1457710106182 HTTP/1.1" 200 3476
186.103.158.250 - - [11/Mar/2016:12:28:07 -0300] "POST /cormun/servlet/trsolicitudot?3f9a9c0c3935ca902f7183c0624fce93,,gx-no-cache=1457710112709 HTTP/1.1" 200 3476
186.103.159.204 - - [11/Mar/2016:12:28:07 -0300] "POST /cormun/servlet/trautorizarsolicitud?0e6259421fdb8cb29d2430cbeed43ab5,,gx-no-cache=1457710106351 HTTP/1.1" 200 3475
186.103.159.204 - - [11/Mar/2016:12:28:07 -0300] "POST /cormun/servlet/trautorizarsolicitud?0e6259421fdb8cb29d2430cbeed43ab5,,gx-no-cache=1457710106527 HTTP/1.1" 200 3475
186.103.158.250 - - [11/Mar/2016:12:28:07 -0300] "POST /cormun/servlet/trsolicitudot?3f9a9c0c3935ca902f7183c0624fce93,,gx-no-cache=1457710112916 HTTP/1.1" 200 3475
186.103.159.204 - - [11/Mar/2016:12:28:07 -0300] "POST /cormun/servlet/trautorizarsolicitud?0e6259421fdb8cb29d2430cbeed43ab5,,gx-no-cache=1457710106741 HTTP/1.1" 200 3475
186.103.158.250 - - [11/Mar/2016:12:28:07 -0300] "POST /cormun/servlet/trsolicitudot?3f9a9c0c3935ca902f7183c0624fce93,,gx-no-cache=1457710113180 HTTP/1.1" 200 3476
186.103.159.204 - - [11/Mar/2016:12:28:07 -0300] "POST /cormun/servlet/trautorizarsolicitud?0e6259421fdb8cb29d2430cbeed43ab5,,gx-no-cache=1457710106908 HTTP/1.1" 200 3476
186.103.159.204 - - [11/Mar/2016:12:28:07 -0300] "POST /cormun/servlet/trautorizarsolicitud?0e6259421fdb8cb29d2430cbeed43ab5,,gx-no-cache=1457710107079 HTTP/1.1" 200 3476
186.103.159.204 - - [11/Mar/2016:12:28:08 -0300] "POST /cormun/servlet/trautorizarsolicitud?0e6259421fdb8cb29d2430cbeed43ab5,,gx-no-cache=1457710107259 HTTP/1.1" 200 3476
186.103.159.204 - - [11/Mar/2016:12:28:08 -0300] "POST /cormun/servlet/trautorizarsolicitud?0e6259421fdb8cb29d2430cbeed43ab5,,gx-no-cache=1457710107437 HTTP/1.1" 200 3476
186.103.159.204 - - [11/Mar/2016:12:28:11 -0300] "GET /cormun/servlet/trsolicitudot? HTTP/1.1" 200 7416
186.103.159.204 - - [11/Mar/2016:12:28:12 -0300] "GET /cormun/servlet/trsolicitudot? HTTP/1.1" 200 7416
186.103.158.250 - - [11/Mar/2016:12:28:12 -0300] "POST /cormun/servlet/trsolicitudot?3f9a9c0c3935ca902f7183c0624fce93,,gx-no-cache=1457710117784 HTTP/1.1" 200 3479
186.103.158.250 - - [11/Mar/2016:12:28:12 -0300] "GET /cormun/servlet/trsolicitudot?0498d65c50c0418d33c5be99cafdcfc63f1b07abb96b8892e4e38fb2fa93a9ef42a68ca4606853413bc4667992925731bfb8b3a5ae293f11af424d9069382f0616f03495e103908e1b3febd75010b93b,gx-no-cache=1457710118206 HTTP/1.1" 200 763
186.103.158.250 - - [11/Mar/2016:12:28:14 -0300] "POST /cormun/servlet/trsolicitudot?3f9a9c0c3935ca902f7183c0624fce93,,gx-no-cache=1457710119644 HTTP/1.1" 200 3478
186.103.158.250 - - [11/Mar/2016:12:28:14 -0300] "POST /cormun/servlet/trsolicitudot?3f9a9c0c3935ca902f7183c0624fce93,,gx-no-cache=1457710119876 HTTP/1.1" 200 3478
186.103.158.250 - - [11/Mar/2016:12:28:14 -0300] "POST /cormun/servlet/trsolicitudot?3f9a9c0c3935ca902f7183c0624fce93,,gx-no-cache=1457710120116 HTTP/1.1" 200 3476
186.103.158.250 - - [11/Mar/2016:12:28:14 -0300] "POST /cormun/servlet/trsolicitudot?3f9a9c0c3935ca902f7183c0624fce93,,gx-no-cache=1457710120367 HTTP/1.1" 200 3478
186.103.158.250 - - [11/Mar/2016:12:28:20 -0300] "POST /cormun/servlet/trsolicitudot?3f9a9c0c3935ca902f7183c0624fce93,,gx-no-cache=1457710125806 HTTP/1.1" 200 3475
186.103.158.250 - - [11/Mar/2016:12:28:20 -0300] "POST /cormun/servlet/trsolicitudot?3f9a9c0c3935ca902f7183c0624fce93,,gx-no-cache=1457710126113 HTTP/1.1" 200 3475
186.103.158.250 - - [11/Mar/2016:12:28:20 -0300] "POST /cormun/servlet/trsolicitudot?3f9a9c0c3935ca902f7183c0624fce93,,gx-no-cache=1457710126368 HTTP/1.1" 200 3475
186.103.158.250 - - [11/Mar/2016:12:28:21 -0300] "POST /cormun/servlet/trsolicitudot?3f9a9c0c3935ca902f7183c0624fce93,,gx-no-cache=1457710126634 HTTP/1.1" 200 3476
186.103.158.250 - - [11/Mar/2016:12:28:21 -0300] "POST /cormun/servlet/trsolicitudot?3f9a9c0c3935ca902f7183c0624fce93,,gx-no-cache=1457710126954 HTTP/1.1" 200 3475
186.103.158.250 - - [11/Mar/2016:12:28:21 -0300] "POST /cormun/servlet/trsolicitudot?3f9a9c0c3935ca902f7183c0624fce93,,gx-no-cache=1457710127262 HTTP/1.1" 200 3475
186.103.158.250 - - [11/Mar/2016:12:28:22 -0300] "POST /cormun/servlet/trsolicitudot?3f9a9c0c3935ca902f7183c0624fce93,,gx-no-cache=1457710127550 HTTP/1.1" 200 3475
186.103.158.250 - - [11/Mar/2016:12:28:22 -0300] "POST /cormun/servlet/trsolicitudot?3f9a9c0c3935ca902f7183c0624fce93,,gx-no-cache=1457710127852 HTTP/1.1" 200 3475
186.103.158.250 - - [11/Mar/2016:12:28:26 -0300] "GET /cormun/servlet/trvisualizadoreventos? HTTP/1.1" 200 5936
186.103.158.250 - - [11/Mar/2016:12:28:26 -0300] "GET /cormun/static/Resources/Spanish/PXTools.css?17554516 HTTP/1.1" 200 89042
186.103.158.250 - - [11/Mar/2016:12:28:26 -0300] "GET /cormun/static/gxcfg.js?2016251828014 HTTP/1.1" 200 953
186.103.158.250 - - [11/Mar/2016:12:28:26 -0300] "GET /cormun/static/Resources/PXToolsActionPrint.png HTTP/1.1" 200 3317
186.103.158.250 - - [11/Mar/2016:12:28:26 -0300] "GET /cormun/static/trvisualizadoreventos.js?2016251828276 HTTP/1.1" 200 19096
186.103.158.250 - - [11/Mar/2016:12:28:28 -0300] "GET /cormun/servlet/trvisualizadoreventos? HTTP/1.1" 200 5935
186.103.159.204 - - [11/Mar/2016:12:28:35 -0300] "POST /cormun/servlet/trsolicitudot?0e6259421fdb8cb29d2430cbeed43ab5,,gx-no-cache=1457710134865 HTTP/1.1" 200 4698
186.103.158.250 - - [11/Mar/2016:12:28:35 -0300] "POST /cormun/servlet/trvisualizadoreventos?3f9a9c0c3935ca902f7183c0624fce93,,gx-no-cache=1457710141397 HTTP/1.1" 200 3253
186.103.159.204 - - [11/Mar/2016:12:28:36 -0300] "POST /cormun/servlet/trsolicitudot?0e6259421fdb8cb29d2430cbeed43ab5,,gx-no-cache=1457710135097 HTTP/1.1" 200 4698
186.103.158.250 - - [11/Mar/2016:12:28:36 -0300] "POST /cormun/servlet/trvisualizadoreventos?3f9a9c0c3935ca902f7183c0624fce93,,gx-no-cache=1457710141646 HTTP/1.1" 200 3253
186.103.159.204 - - [11/Mar/2016:12:28:36 -0300] "POST /cormun/servlet/trsolicitudot?0e6259421fdb8cb29d2430cbeed43ab5,,gx-no-cache=1457710135270 HTTP/1.1" 200 4698
186.103.158.250 - - [11/Mar/2016:12:28:36 -0300] "POST /cormun/servlet/trvisualizadoreventos?3f9a9c0c3935ca902f7183c0624fce93,,gx-no-cache=1457710141826 HTTP/1.1" 200 3253
186.103.159.204 - - [11/Mar/2016:12:28:36 -0300] "POST /cormun/servlet/trsolicitudot?0e6259421fdb8cb29d2430cbeed43ab5,,gx-no-cache=1457710135447 HTTP/1.1" 200 4698
186.103.158.250 - - [11/Mar/2016:12:28:44 -0300] "GET /cormun/servlet/trvisualizadoreventos?0498d65c50c0418d33c5be99cafdcfc6465a9a2f5b08ea19ff6c35bba6c8a9141abf0b585f3514b2e2f6bbc8e52908b75b948a42f87969f449e3c7303fd23f7fb5df552a541698832f88535621824eee5176bbc64973a4fe9122bcedf39a53244531922883e265b0e87f0a6e62178543fcabd0266c36db3c2c6a3b4bdbebfaea58060848a2a093a0bab32a8cc6d41a3570d6c486c6e740f4397c9e5201a740551b69e8dd957027d8eed0bca3af8daad35df0bfb712876f331b9054c8ad42fea3,gx-no-cache=1457710150528 HTTP/1.1" 200 564
186.103.158.250 - - [11/Mar/2016:12:28:45 -0300] "POST /cormun/servlet/trvisualizadoreventos?3f9a9c0c3935ca902f7183c0624fce93,,gx-no-cache=1457710150666 HTTP/1.1" 200 3260
186.103.158.250 - - [11/Mar/2016:12:28:49 -0300] "GET /cormun/servlet/trvisualizadoreventos?0498d65c50c0418d33c5be99cafdcfc6465a9a2f5b08ea19ff6c35bba6c8a9141abf0b585f3514b2e2f6bbc8e52908b75b948a42f87969f449e3c7303fd23f7fb5df552a541698832f88535621824eee5176bbc64973a4fe9122bcedf39a53244531922883e265b0e87f0a6e62178543fcabd0266c36db3c2c6a3b4bdbebfaea58060848a2a093a0bab32a8cc6d41a3570d6c486c6e740f4397c9e5201a740551b69e8dd957027d8eed0bca3af8daad330d71bcc83e5e860ea65f4b11b274883,gx-no-cache=1457710154545 HTTP/1.1" 200 572
186.103.158.250 - - [11/Mar/2016:12:28:50 -0300] "POST /cormun/servlet/trvisualizadoreventos?3f9a9c0c3935ca902f7183c0624fce93,,gx-no-cache=1457710156052 HTTP/1.1" 200 3266
186.103.158.250 - - [11/Mar/2016:12:28:50 -0300] "POST /cormun/servlet/trvisualizadoreventos?3f9a9c0c3935ca902f7183c0624fce93,,gx-no-cache=1457710156261 HTTP/1.1" 200 3266
186.103.158.250 - - [11/Mar/2016:12:28:50 -0300] "POST /cormun/servlet/trvisualizadoreventos?3f9a9c0c3935ca902f7183c0624fce93,,gx-no-cache=1457710156484 HTTP/1.1" 200 3266
186.103.158.250 - - [11/Mar/2016:12:28:51 -0300] "POST /cormun/servlet/trvisualizadoreventos?3f9a9c0c3935ca902f7183c0624fce93,,gx-no-cache=1457710156694 HTTP/1.1" 200 3266
186.103.158.250 - - [11/Mar/2016:12:28:54 -0300] "GET /cormun/servlet/trsolicitudot? HTTP/1.1" 200 6176
186.103.158.250 - - [11/Mar/2016:12:28:55 -0300] "GET /cormun/servlet/trsolicitudot? HTTP/1.1" 200 6176
186.103.158.250 - - [11/Mar/2016:12:28:57 -0300] "POST /cormun/servlet/trsolicitudot?3f9a9c0c3935ca902f7183c0624fce93,,gx-no-cache=1457710163309 HTTP/1.1" 200 3490
186.103.158.250 - - [11/Mar/2016:12:28:58 -0300] "POST /cormun/servlet/trsolicitudot?3f9a9c0c3935ca902f7183c0624fce93,,gx-no-cache=1457710163573 HTTP/1.1" 200 3491
186.103.158.250 - - [11/Mar/2016:12:28:58 -0300] "POST /cormun/servlet/trsolicitudot?3f9a9c0c3935ca902f7183c0624fce93,,gx-no-cache=1457710163784 HTTP/1.1" 200 3491
186.103.158.250 - - [11/Mar/2016:12:28:58 -0300] "POST /cormun/servlet/trsolicitudot?3f9a9c0c3935ca902f7183c0624fce93,,gx-no-cache=1457710163980 HTTP/1.1" 200 3491
186.103.159.204 - - [11/Mar/2016:12:29:02 -0300] "GET /cormun/servlet/trautorizarsolicitud? HTTP/1.1" 200 6217
186.103.158.250 - - [11/Mar/2016:12:29:02 -0300] "POST /cormun/servlet/trsolicitudot?3f9a9c0c3935ca902f7183c0624fce93,,gx-no-cache=1457710168400 HTTP/1.1" 200 3491
186.103.158.250 - - [11/Mar/2016:12:29:03 -0300] "GET /cormun/servlet/trsolicitudot?0498d65c50c0418d33c5be99cafdcfc61444fc5d8c6199dea8451ab79715409042a68ca4606853413bc4667992925731bfb8b3a5ae293f11af424d9069382f0616f03495e103908e1b3febd75010b93b,gx-no-cache=1457710168806 HTTP/1.1" 200 762
186.103.159.204 - - [11/Mar/2016:12:29:03 -0300] "GET /cormun/servlet/trautorizarsolicitud? HTTP/1.1" 200 6217
186.103.158.250 - - [11/Mar/2016:12:29:06 -0300] "POST /cormun/servlet/trsolicitudot?3f9a9c0c3935ca902f7183c0624fce93,,gx-no-cache=1457710172422 HTTP/1.1" 200 3495
186.103.158.250 - - [11/Mar/2016:12:29:07 -0300] "POST /cormun/servlet/trsolicitudot?3f9a9c0c3935ca902f7183c0624fce93,,gx-no-cache=1457710172668 HTTP/1.1" 200 3495
186.103.158.250 - - [11/Mar/2016:12:29:07 -0300] "POST /cormun/servlet/trsolicitudot?3f9a9c0c3935ca902f7183c0624fce93,,gx-no-cache=1457710172922 HTTP/1.1" 200 3495
186.103.158.250 - - [11/Mar/2016:12:29:07 -0300] "POST /cormun/servlet/trsolicitudot?3f9a9c0c3935ca902f7183c0624fce93,,gx-no-cache=1457710173165 HTTP/1.1" 200 3495
186.103.158.250 - - [11/Mar/2016:12:29:07 -0300] "POST /cormun/servlet/trsolicitudot?3f9a9c0c3935ca902f7183c0624fce93,,gx-no-cache=1457710173411 HTTP/1.1" 200 3493
186.103.158.250 - - [11/Mar/2016:12:29:08 -0300] "POST /cormun/servlet/trsolicitudot?3f9a9c0c3935ca902f7183c0624fce93,,gx-no-cache=1457710173668 HTTP/1.1" 200 3495
186.103.158.250 - - [11/Mar/2016:12:29:08 -0300] "POST /cormun/servlet/trsolicitudot?3f9a9c0c3935ca902f7183c0624fce93,,gx-no-cache=1457710173946 HTTP/1.1" 200 3494
186.103.158.250 - - [11/Mar/2016:12:29:08 -0300] "POST /cormun/servlet/trsolicitudot?3f9a9c0c3935ca902f7183c0624fce93,,gx-no-cache=1457710174253 HTTP/1.1" 200 3495
186.103.158.250 - - [11/Mar/2016:12:29:14 -0300] "GET /cormun/servlet/trsolicitudot?0498d65c50c0418d33c5be99cafdcfc61444fc5d8c6199dea8451ab7971540903c737f7f5a9f251640cfc246fcf07f7bc8eae8cf434896e6fd7a692a44f7cec079a0d13a019c823f87d2ca7f0aaf095a,gx-no-cache=1457710179689 HTTP/1.1" 200 764
186.103.158.250 - - [11/Mar/2016:12:29:14 -0300] "POST /cormun/servlet/trsolicitudot?3f9a9c0c3935ca902f7183c0624fce93,,gx-no-cache=1457710180013 HTTP/1.1" 200 3498
186.103.159.204 - - [11/Mar/2016:12:29:19 -0300] "GET /cormun/servlet/trsolicitudot? HTTP/1.1" 200 7416
186.103.159.204 - - [11/Mar/2016:12:29:20 -0300] "GET /cormun/servlet/trsolicitudot? HTTP/1.1" 200 7416
186.103.158.250 - - [11/Mar/2016:12:29:21 -0300] "POST /cormun/servlet/trsolicitudot?3f9a9c0c3935ca902f7183c0624fce93,,gx-no-cache=1457710187390 HTTP/1.1" 200 3497
186.103.158.250 - - [11/Mar/2016:12:29:22 -0300] "GET /cormun/servlet/trsolicitudot?0498d65c50c0418d33c5be99cafdcfc60352de6c2e926f951aeafcdf1802096f3c737f7f5a9f251640cfc246fcf07f7bc8eae8cf434896e6fd7a692a44f7cec079a0d13a019c823f87d2ca7f0aaf095a,gx-no-cache=1457710187811 HTTP/1.1" 200 766
186.103.158.250 - - [11/Mar/2016:12:29:22 -0300] "POST /cormun/servlet/trsolicitudot?3f9a9c0c3935ca902f7183c0624fce93,,gx-no-cache=1457710188421 HTTP/1.1" 200 3497
186.103.158.250 - - [11/Mar/2016:12:29:23 -0300] "POST /cormun/servlet/trsolicitudot?3f9a9c0c3935ca902f7183c0624fce93,,gx-no-cache=1457710188795 HTTP/1.1" 200 3498
186.103.158.250 - - [11/Mar/2016:12:29:23 -0300] "POST /cormun/servlet/trsolicitudot?3f9a9c0c3935ca902f7183c0624fce93,,gx-no-cache=1457710189099 HTTP/1.1" 200 3496
186.103.159.204 - - [11/Mar/2016:12:29:25 -0300] "POST /cormun/servlet/trsolicitudot?0e6259421fdb8cb29d2430cbeed43ab5,,gx-no-cache=1457710184493 HTTP/1.1" 200 4698
186.103.158.250 - - [11/Mar/2016:12:29:25 -0300] "POST /cormun/servlet/trsolicitudot?3f9a9c0c3935ca902f7183c0624fce93,,gx-no-cache=1457710190976 HTTP/1.1" 200 3497
186.103.159.204 - - [11/Mar/2016:12:29:25 -0300] "POST /cormun/servlet/trsolicitudot?0e6259421fdb8cb29d2430cbeed43ab5,,gx-no-cache=1457710184738 HTTP/1.1" 200 4698
186.103.159.204 - - [11/Mar/2016:12:29:25 -0300] "POST /cormun/servlet/trsolicitudot?0e6259421fdb8cb29d2430cbeed43ab5,,gx-no-cache=1457710184915 HTTP/1.1" 200 4698
186.103.158.250 - - [11/Mar/2016:12:29:25 -0300] "GET /cormun/servlet/trsolicitudot?0498d65c50c0418d33c5be99cafdcfc63f1b07abb96b8892e4e38fb2fa93a9ef3c737f7f5a9f251640cfc246fcf07f7bc8eae8cf434896e6fd7a692a44f7cec079a0d13a019c823f87d2ca7f0aaf095a,gx-no-cache=1457710191378 HTTP/1.1" 200 767
186.103.159.204 - - [11/Mar/2016:12:29:25 -0300] "POST /cormun/servlet/trsolicitudot?0e6259421fdb8cb29d2430cbeed43ab5,,gx-no-cache=1457710185087 HTTP/1.1" 200 4698
186.103.158.250 - - [11/Mar/2016:12:29:26 -0300] "POST /cormun/servlet/trsolicitudot?3f9a9c0c3935ca902f7183c0624fce93,,gx-no-cache=1457710192248 HTTP/1.1" 200 3497
186.103.158.250 - - [11/Mar/2016:12:29:27 -0300] "POST /cormun/servlet/trsolicitudot?3f9a9c0c3935ca902f7183c0624fce93,,gx-no-cache=1457710192641 HTTP/1.1" 200 3497
186.103.158.250 - - [11/Mar/2016:12:29:27 -0300] "POST /cormun/servlet/trsolicitudot?3f9a9c0c3935ca902f7183c0624fce93,,gx-no-cache=1457710192976 HTTP/1.1" 200 3497
186.103.159.204 - - [11/Mar/2016:12:29:28 -0300] "POST /cormun/servlet/trsolicitudot?0e6259421fdb8cb29d2430cbeed43ab5,,gx-no-cache=1457710187770 HTTP/1.1" 200 3245
186.103.159.204 - - [11/Mar/2016:12:29:29 -0300] "GET /cormun/servlet/trsolicitudot?59d18e154f2355255d1c912bde9786169c46d7c5b7b2bc80d8d0ca3c1470da44798932f4250cef448fefb11e1cdcbfea5864df41fe2eae122be6d9fbdd28dc1430871fc0def9e8cb821de632804107825d7414351a543549cb5f10df04720d31,gx-no-cache=1457710188174 HTTP/1.1" 200 774
186.103.158.250 - - [11/Mar/2016:12:29:31 -0300] "POST /cormun/servlet/trsolicitudot?3f9a9c0c3935ca902f7183c0624fce93,,gx-no-cache=1457710196709 HTTP/1.1" 200 3498
186.103.158.250 - - [11/Mar/2016:12:29:31 -0300] "GET /cormun/servlet/trsolicitudot?0498d65c50c0418d33c5be99cafdcfc6a934a67c522a515891fe75b6f681e91d3c737f7f5a9f251640cfc246fcf07f7bc8eae8cf434896e6fd7a692a44f7cec079a0d13a019c823f87d2ca7f0aaf095a,gx-no-cache=1457710197125 HTTP/1.1" 200 768
186.103.158.250 - - [11/Mar/2016:12:29:32 -0300] "POST /cormun/servlet/trsolicitudot?3f9a9c0c3935ca902f7183c0624fce93,,gx-no-cache=1457710197687 HTTP/1.1" 200 3499
186.103.158.250 - - [11/Mar/2016:12:29:32 -0300] "POST /cormun/servlet/trsolicitudot?3f9a9c0c3935ca902f7183c0624fce93,,gx-no-cache=1457710198118 HTTP/1.1" 200 3498
186.103.158.250 - - [11/Mar/2016:12:29:33 -0300] "POST /cormun/servlet/trsolicitudot?3f9a9c0c3935ca902f7183c0624fce93,,gx-no-cache=1457710198525 HTTP/1.1" 200 3499
186.103.159.204 - - [11/Mar/2016:12:29:33 -0300] "POST /cormun/servlet/trsolicitudot?0e6259421fdb8cb29d2430cbeed43ab5,,gx-no-cache=1457710192499 HTTP/1.1" 200 6328
186.103.159.204 - - [11/Mar/2016:12:29:33 -0300] "GET /cormun/servlet/trsolicitudot?59d18e154f2355255d1c912bde978616babf342aa32f0dda8e4aa11e84652c6db123746bba6f7ce8c88ec9d13e9279c95864df41fe2eae122be6d9fbdd28dc1430871fc0def9e8cb821de632804107825d7414351a543549cb5f10df04720d31,gx-no-cache=1457710192906 HTTP/1.1" 200 4135
186.103.158.250 - - [11/Mar/2016:12:29:35 -0300] "POST /cormun/servlet/trsolicitudot?3f9a9c0c3935ca902f7183c0624fce93,,gx-no-cache=1457710201282 HTTP/1.1" 200 3499
186.103.158.250 - - [11/Mar/2016:12:29:36 -0300] "GET /cormun/servlet/trsolicitudot?0498d65c50c0418d33c5be99cafdcfc6217447fa1070c50fc9b5ec2cea9097213c737f7f5a9f251640cfc246fcf07f7bc8eae8cf434896e6fd7a692a44f7cec079a0d13a019c823f87d2ca7f0aaf095a,gx-no-cache=1457710201695 HTTP/1.1" 200 769
186.103.158.250 - - [11/Mar/2016:12:29:38 -0300] "POST /cormun/servlet/trsolicitudot?3f9a9c0c3935ca902f7183c0624fce93,,gx-no-cache=1457710203971 HTTP/1.1" 200 3497
186.103.158.250 - - [11/Mar/2016:12:29:38 -0300] "GET /cormun/servlet/trsolicitudot?0498d65c50c0418d33c5be99cafdcfc61444fc5d8c6199dea8451ab7971540903c737f7f5a9f251640cfc246fcf07f7bc8eae8cf434896e6fd7a692a44f7cec079a0d13a019c823f87d2ca7f0aaf095a,gx-no-cache=1457710204457 HTTP/1.1" 200 768
186.103.158.250 - - [11/Mar/2016:12:29:39 -0300] "POST /cormun/servlet/trsolicitudot?3f9a9c0c3935ca902f7183c0624fce93,,gx-no-cache=1457710205049 HTTP/1.1" 200 3497
186.103.158.250 - - [11/Mar/2016:12:29:40 -0300] "POST /cormun/servlet/trsolicitudot?3f9a9c0c3935ca902f7183c0624fce93,,gx-no-cache=1457710205532 HTTP/1.1" 200 3497
186.103.158.250 - - [11/Mar/2016:12:29:40 -0300] "POST /cormun/servlet/trsolicitudot?3f9a9c0c3935ca902f7183c0624fce93,,gx-no-cache=1457710206000 HTTP/1.1" 200 3497
186.103.158.250 - - [11/Mar/2016:12:29:41 -0300] "POST /cormun/servlet/trsolicitudot?3f9a9c0c3935ca902f7183c0624fce93,,gx-no-cache=1457710206621 HTTP/1.1" 200 3498
186.103.159.204 - - [11/Mar/2016:12:29:48 -0300] "POST /cormun/servlet/trsolicitudot?0e6259421fdb8cb29d2430cbeed43ab5,,gx-no-cache=1457710207232 HTTP/1.1" 200 6329
186.103.159.204 - - [11/Mar/2016:12:29:48 -0300] "POST /cormun/servlet/trsolicitudot?0e6259421fdb8cb29d2430cbeed43ab5,,gx-no-cache=1457710207562 HTTP/1.1" 200 6329
186.103.159.204 - - [11/Mar/2016:12:29:48 -0300] "POST /cormun/servlet/trsolicitudot?0e6259421fdb8cb29d2430cbeed43ab5,,gx-no-cache=1457710207916 HTTP/1.1" 200 6328
186.103.159.204 - - [11/Mar/2016:12:29:49 -0300] "POST /cormun/servlet/trsolicitudot?0e6259421fdb8cb29d2430cbeed43ab5,,gx-no-cache=1457710208264 HTTP/1.1" 200 6049
186.103.159.204 - - [11/Mar/2016:12:29:49 -0300] "GET /cormun/static/Shared/jqueryui/images/ui-bg_highlight-soft_100_c6c2c8_1x100.png HTTP/1.1" 404 1117
186.103.159.204 - - [11/Mar/2016:12:29:49 -0300] "GET /cormun/static/Shared/jqueryui/images/ui-icons_82798d_256x240.png HTTP/1.1" 404 1089
186.103.159.204 - - [11/Mar/2016:12:29:49 -0300] "GET /cormun/static/Shared/jqueryui/images/ui-bg_flat_55_fafafa_40x100.png HTTP/1.1" 404 1097
186.103.159.204 - - [11/Mar/2016:12:29:49 -0300] "GET /cormun/static/Shared/jqueryui/images/ui-icons_8d78a5_256x240.png HTTP/1.1" 404 1089
186.103.159.204 - - [11/Mar/2016:12:29:49 -0300] "POST /cormun/servlet/trsolicitudot?0e6259421fdb8cb29d2430cbeed43ab5,,gx-no-cache=1457710208637 HTTP/1.1" 200 5990
186.103.158.250 - - [11/Mar/2016:12:29:50 -0300] "GET /cormun/servlet/hlogin HTTP/1.1" 200 1724
186.103.158.250 - - [11/Mar/2016:12:30:06 -0300] "POST /cormun/servlet/hlogin?3f9a9c0c3935ca902f7183c0624fce93,gx-no-cache=1457710231567 HTTP/1.1" 200 432
186.103.158.250 - - [11/Mar/2016:12:30:11 -0300] "POST /cormun/servlet/hlogin?3f9a9c0c3935ca902f7183c0624fce93,gx-no-cache=1457710237027 HTTP/1.1" 200 90
186.103.158.250 - - [11/Mar/2016:12:30:11 -0300] "GET /cormun/servlet/hpexe_link HTTP/1.1" 200 956
186.103.158.250 - - [11/Mar/2016:12:30:11 -0300] "GET /cormun/servlet/hhome HTTP/1.1" 200 3438
186.103.159.204 - - [11/Mar/2016:12:30:12 -0300] "POST /cormun/servlet/trsolicitudot?0e6259421fdb8cb29d2430cbeed43ab5,,gx-no-cache=1457710231144 HTTP/1.1" 200 5740
186.103.159.204 - - [11/Mar/2016:12:30:12 -0300] "POST /cormun/servlet/trsolicitudot?0e6259421fdb8cb29d2430cbeed43ab5,,gx-no-cache=1457710231512 HTTP/1.1" 200 5680
186.103.158.250 - - [11/Mar/2016:12:30:13 -0300] "GET /cormun/servlet/hhome HTTP/1.1" 200 3434
186.103.158.250 - - [11/Mar/2016:12:30:18 -0300] "GET /cormun/servlet/trvisualizadoreventos? HTTP/1.1" 200 5966
186.103.159.204 - - [11/Mar/2016:12:30:19 -0300] "POST /cormun/servlet/trsolicitudot?0e6259421fdb8cb29d2430cbeed43ab5,,gx-no-cache=1457710238339 HTTP/1.1" 200 5443
186.103.159.204 - - [11/Mar/2016:12:30:19 -0300] "POST /cormun/servlet/trsolicitudot?0e6259421fdb8cb29d2430cbeed43ab5,,gx-no-cache=1457710238682 HTTP/1.1" 200 5383
186.103.158.250 - - [11/Mar/2016:12:30:20 -0300] "GET /cormun/servlet/trvisualizadoreventos? HTTP/1.1" 200 5966
186.103.159.204 - - [11/Mar/2016:12:30:20 -0300] "POST /cormun/servlet/trsolicitudot?0e6259421fdb8cb29d2430cbeed43ab5,,gx-no-cache=1457710240076 HTTP/1.1" 200 5071
186.103.159.204 - - [11/Mar/2016:12:30:21 -0300] "POST /cormun/servlet/trsolicitudot?0e6259421fdb8cb29d2430cbeed43ab5,,gx-no-cache=1457710240379 HTTP/1.1" 200 5012
186.103.158.250 - - [11/Mar/2016:12:30:24 -0300] "GET /cormun/static/menuarrow.gif HTTP/1.1" 404 1015
186.103.158.250 - - [11/Mar/2016:12:30:25 -0300] "GET /cormun/servlet/trvisualizadoreventos?0498d65c50c0418d33c5be99cafdcfc6465a9a2f5b08ea19ff6c35bba6c8a9141abf0b585f3514b2e2f6bbc8e52908b75b948a42f87969f449e3c7303fd23f7fb5df552a541698832f88535621824eee5176bbc64973a4fe9122bcedf39a53244531922883e265b0e87f0a6e62178543fcabd0266c36db3c2c6a3b4bdbebfaea58060848a2a093a0bab32a8cc6d41a3570d6c486c6e740f4397c9e5201a740551b69e8dd957027d8eed0bca3af8daad3cb278e43e04e4c778d0768e91a4a9599,gx-no-cache=1457710251259 HTTP/1.1" 200 574
186.103.158.250 - - [11/Mar/2016:12:30:26 -0300] "POST /cormun/servlet/trvisualizadoreventos?3f9a9c0c3935ca902f7183c0624fce93,,gx-no-cache=1457710252407 HTTP/1.1" 200 3367
186.103.158.250 - - [11/Mar/2016:12:30:27 -0300] "POST /cormun/servlet/trvisualizadoreventos?3f9a9c0c3935ca902f7183c0624fce93,,gx-no-cache=1457710252646 HTTP/1.1" 200 3367
186.103.158.250 - - [11/Mar/2016:12:30:27 -0300] "POST /cormun/servlet/trvisualizadoreventos?3f9a9c0c3935ca902f7183c0624fce93,,gx-no-cache=1457710252847 HTTP/1.1" 200 3367
186.103.158.250 - - [11/Mar/2016:12:30:27 -0300] "POST /cormun/servlet/trvisualizadoreventos?3f9a9c0c3935ca902f7183c0624fce93,,gx-no-cache=1457710253060 HTTP/1.1" 200 3367
186.103.159.204 - - [11/Mar/2016:12:30:27 -0300] "POST /cormun/servlet/trsolicitudot?0e6259421fdb8cb29d2430cbeed43ab5,,gx-no-cache=1457710246998 HTTP/1.1" 200 4738
186.103.159.204 - - [11/Mar/2016:12:30:28 -0300] "POST /cormun/servlet/trsolicitudot?0e6259421fdb8cb29d2430cbeed43ab5,,gx-no-cache=1457710247249 HTTP/1.1" 200 4679
186.103.159.204 - - [11/Mar/2016:12:30:29 -0300] "POST /cormun/servlet/trsolicitudot?0e6259421fdb8cb29d2430cbeed43ab5,,gx-no-cache=1457710248400 HTTP/1.1" 200 3378
186.103.159.204 - - [11/Mar/2016:12:30:29 -0300] "POST /cormun/servlet/trsolicitudot?0e6259421fdb8cb29d2430cbeed43ab5,,gx-no-cache=1457710248605 HTTP/1.1" 200 3221
186.103.158.250 - - [11/Mar/2016:12:30:29 -0300] "POST /cormun/servlet/trvisualizadoreventos?3f9a9c0c3935ca902f7183c0624fce93,,gx-no-cache=1457710255494 HTTP/1.1" 200 3700
186.103.158.250 - - [11/Mar/2016:12:30:30 -0300] "GET /cormun/servlet/trvisualizadoreventos?0498d65c50c0418d33c5be99cafdcfc6de8b61d2de75242ac64506822d1f10b5f06f2a4a89d069974e9cf900397e96c65b948a42f87969f449e3c7303fd23f7fb5df552a541698832f88535621824eee5176bbc64973a4fe9122bcedf39a53244531922883e265b0e87f0a6e62178543fcabd0266c36db3c2c6a3b4bdbebfaea58060848a2a093a0bab32a8cc6d41a3570d6c486c6e740f4397c9e5201a740551b69e8dd957027d8eed0bca3af8daad3cb278e43e04e4c778d0768e91a4a9599,gx-no-cache=1457710255902 HTTP/1.1" 200 944
186.103.159.204 - - [11/Mar/2016:12:30:33 -0300] "GET /cormun/servlet/trsolicitudot? HTTP/1.1" 200 6091
186.103.159.204 - - [11/Mar/2016:12:30:34 -0300] "GET /cormun/servlet/trsolicitudot? HTTP/1.1" 200 6091
186.103.159.204 - - [11/Mar/2016:12:30:37 -0300] "POST /cormun/servlet/trsolicitudot?0e6259421fdb8cb29d2430cbeed43ab5,,gx-no-cache=1457710255810 HTTP/1.1" 200 3239
186.103.159.204 - - [11/Mar/2016:12:30:37 -0300] "POST /cormun/servlet/trsolicitudot?0e6259421fdb8cb29d2430cbeed43ab5,,gx-no-cache=1457710256382 HTTP/1.1" 200 3240
186.103.159.204 - - [11/Mar/2016:12:30:37 -0300] "POST /cormun/servlet/trsolicitudot?0e6259421fdb8cb29d2430cbeed43ab5,,gx-no-cache=1457710256969 HTTP/1.1" 200 3239
186.103.159.204 - - [11/Mar/2016:12:30:38 -0300] "POST /cormun/servlet/trsolicitudot?0e6259421fdb8cb29d2430cbeed43ab5,,gx-no-cache=1457710257158 HTTP/1.1" 200 3240
186.103.159.204 - - [11/Mar/2016:12:30:42 -0300] "POST /cormun/servlet/trsolicitudot?0e6259421fdb8cb29d2430cbeed43ab5,,gx-no-cache=1457710261840 HTTP/1.1" 200 4692
186.103.159.204 - - [11/Mar/2016:12:30:43 -0300] "GET /cormun/servlet/trsolicitudot?59d18e154f2355255d1c912bde97861671a3494e160492224e19357f0e5d7412b123746bba6f7ce8c88ec9d13e9279c911bc512bcab9569ffd94668f7a217816eadeebbd4f53bc00702c26647c3b906d,gx-no-cache=1457710262245 HTTP/1.1" 200 2195
186.103.158.250 - - [11/Mar/2016:12:30:43 -0300] "POST /cormun/servlet/trsolicitudot?3f9a9c0c3935ca902f7183c0624fce93,,gx-no-cache=1457710269049 HTTP/1.1" 200 3503
186.103.158.250 - - [11/Mar/2016:12:30:44 -0300] "POST /cormun/servlet/trsolicitudot?3f9a9c0c3935ca902f7183c0624fce93,,gx-no-cache=1457710269510 HTTP/1.1" 200 3499
186.103.159.204 - - [11/Mar/2016:12:30:45 -0300] "POST /cormun/servlet/trsolicitudot?0e6259421fdb8cb29d2430cbeed43ab5,,gx-no-cache=1457710264525 HTTP/1.1" 200 3240
186.103.159.204 - - [11/Mar/2016:12:30:45 -0300] "GET /cormun/servlet/trsolicitudot?59d18e154f2355255d1c912bde978616babf342aa32f0dda8e4aa11e84652c6d798932f4250cef448fefb11e1cdcbfea5864df41fe2eae122be6d9fbdd28dc1430871fc0def9e8cb821de632804107825d7414351a543549cb5f10df04720d31,gx-no-cache=1457710264932 HTTP/1.1" 200 774
186.103.158.250 - - [11/Mar/2016:12:30:46 -0300] "POST /cormun/servlet/trsolicitudot?3f9a9c0c3935ca902f7183c0624fce93,,gx-no-cache=1457710272077 HTTP/1.1" 200 3498
186.103.158.250 - - [11/Mar/2016:12:30:46 -0300] "GET /cormun/servlet/trsolicitudot?0498d65c50c0418d33c5be99cafdcfc63f1b07abb96b8892e4e38fb2fa93a9ef3c737f7f5a9f251640cfc246fcf07f7bc8eae8cf434896e6fd7a692a44f7cec079a0d13a019c823f87d2ca7f0aaf095a,gx-no-cache=1457710272534 HTTP/1.1" 200 767
186.103.158.250 - - [11/Mar/2016:12:30:48 -0300] "POST /cormun/servlet/trsolicitudot?3f9a9c0c3935ca902f7183c0624fce93,,gx-no-cache=1457710273534 HTTP/1.1" 200 3498
186.103.158.250 - - [11/Mar/2016:12:30:48 -0300] "POST /cormun/servlet/trsolicitudot?3f9a9c0c3935ca902f7183c0624fce93,,gx-no-cache=1457710274055 HTTP/1.1" 200 3499
186.103.159.204 - - [11/Mar/2016:12:30:50 -0300] "POST /cormun/servlet/trsolicitudot?0e6259421fdb8cb29d2430cbeed43ab5,,gx-no-cache=1457710269473 HTTP/1.1" 200 6323
186.103.159.204 - - [11/Mar/2016:12:30:50 -0300] "GET /cormun/servlet/trsolicitudot?59d18e154f2355255d1c912bde9786169c46d7c5b7b2bc80d8d0ca3c1470da44b123746bba6f7ce8c88ec9d13e9279c95864df41fe2eae122be6d9fbdd28dc1430871fc0def9e8cb821de632804107825d7414351a543549cb5f10df04720d31,gx-no-cache=1457710269880 HTTP/1.1" 200 4135
186.103.158.250 - - [11/Mar/2016:12:30:53 -0300] "GET /cormun/servlet/trsolicitudot?0498d65c50c0418d33c5be99cafdcfc63f1b07abb96b8892e4e38fb2fa93a9ef42a68ca4606853413bc4667992925731bfb8b3a5ae293f11af424d9069382f0616f03495e103908e1b3febd75010b93b,gx-no-cache=1457710278752 HTTP/1.1" 200 767
186.103.158.250 - - [11/Mar/2016:12:30:53 -0300] "POST /cormun/servlet/trsolicitudot?3f9a9c0c3935ca902f7183c0624fce93,,gx-no-cache=1457710279203 HTTP/1.1" 200 3495
186.103.158.250 - - [11/Mar/2016:12:31:12 -0300] "POST /cormun/servlet/trsolicitudot?3f9a9c0c3935ca902f7183c0624fce93,,gx-no-cache=1457710298111 HTTP/1.1" 200 3496
186.103.158.250 - - [11/Mar/2016:12:31:13 -0300] "POST /cormun/servlet/trsolicitudot?3f9a9c0c3935ca902f7183c0624fce93,,gx-no-cache=1457710298643 HTTP/1.1" 200 3496
186.103.158.250 - - [11/Mar/2016:12:31:13 -0300] "POST /cormun/servlet/trsolicitudot?3f9a9c0c3935ca902f7183c0624fce93,,gx-no-cache=1457710299166 HTTP/1.1" 200 3496
186.103.158.250 - - [11/Mar/2016:12:31:14 -0300] "POST /cormun/servlet/trsolicitudot?3f9a9c0c3935ca902f7183c0624fce93,,gx-no-cache=1457710299663 HTTP/1.1" 200 3496
186.103.158.250 - - [11/Mar/2016:12:31:14 -0300] "POST /cormun/servlet/trsolicitudot?3f9a9c0c3935ca902f7183c0624fce93,,gx-no-cache=1457710300179 HTTP/1.1" 200 3496
186.103.158.250 - - [11/Mar/2016:12:31:15 -0300] "POST /cormun/servlet/trsolicitudot?3f9a9c0c3935ca902f7183c0624fce93,,gx-no-cache=1457710300724 HTTP/1.1" 200 3496
186.103.158.250 - - [11/Mar/2016:12:31:15 -0300] "POST /cormun/servlet/trsolicitudot?3f9a9c0c3935ca902f7183c0624fce93,,gx-no-cache=1457710301272 HTTP/1.1" 200 3496
186.103.158.250 - - [11/Mar/2016:12:31:16 -0300] "POST /cormun/servlet/trsolicitudot?3f9a9c0c3935ca902f7183c0624fce93,,gx-no-cache=1457710301820 HTTP/1.1" 200 3496
186.103.158.250 - - [11/Mar/2016:12:31:20 -0300] "POST /cormun/servlet/trsolicitudot?3f9a9c0c3935ca902f7183c0624fce93,,gx-no-cache=1457710305699 HTTP/1.1" 200 3495
186.103.158.250 - - [11/Mar/2016:12:31:20 -0300] "GET /cormun/servlet/trsolicitudot?0498d65c50c0418d33c5be99cafdcfc6d934e89979f8fa1f2ed6fe5704ffdb8542a68ca4606853413bc4667992925731bfb8b3a5ae293f11af424d9069382f0616f03495e103908e1b3febd75010b93b,gx-no-cache=1457710306262 HTTP/1.1" 200 763
186.103.158.250 - - [11/Mar/2016:12:31:21 -0300] "POST /cormun/servlet/trsolicitudot?3f9a9c0c3935ca902f7183c0624fce93,,gx-no-cache=1457710306805 HTTP/1.1" 200 3494
186.103.158.250 - - [11/Mar/2016:12:31:21 -0300] "POST /cormun/servlet/trsolicitudot?3f9a9c0c3935ca902f7183c0624fce93,,gx-no-cache=1457710307369 HTTP/1.1" 200 3495
186.103.158.250 - - [11/Mar/2016:12:31:22 -0300] "POST /cormun/servlet/trsolicitudot?3f9a9c0c3935ca902f7183c0624fce93,,gx-no-cache=1457710307948 HTTP/1.1" 200 3494
186.103.158.250 - - [11/Mar/2016:12:31:23 -0300] "POST /cormun/servlet/trsolicitudot?3f9a9c0c3935ca902f7183c0624fce93,,gx-no-cache=1457710308540 HTTP/1.1" 200 3494
186.103.158.250 - - [11/Mar/2016:12:31:23 -0300] "POST /cormun/servlet/trsolicitudot?3f9a9c0c3935ca902f7183c0624fce93,,gx-no-cache=1457710309241 HTTP/1.1" 200 3494
186.103.158.250 - - [11/Mar/2016:12:31:38 -0300] "POST /cormun/servlet/trsolicitudot?3f9a9c0c3935ca902f7183c0624fce93,,gx-no-cache=1457710324231 HTTP/1.1" 200 4904
186.103.158.250 - - [11/Mar/2016:12:31:39 -0300] "GET /cormun//static/Resources/PXToolsActionView.png HTTP/1.1" 200 2995
186.103.158.250 - - [11/Mar/2016:12:31:39 -0300] "GET /cormun//static/Resources/PXToolsGridUpdate.png HTTP/1.1" 200 2984
186.103.158.250 - - [11/Mar/2016:12:31:39 -0300] "GET /cormun//static/Resources/PXToolsGridDelete.png HTTP/1.1" 200 357
186.103.158.250 - - [11/Mar/2016:12:31:39 -0300] "GET /cormun//static/Resources/PXToolsRemoveAllAction.png HTTP/1.1" 200 3558
186.103.158.250 - - [11/Mar/2016:12:31:39 -0300] "GET /cormun//static/Resources/PXTools/ActionInsert.png HTTP/1.1" 200 1482
186.103.158.250 - - [11/Mar/2016:12:31:39 -0300] "GET /cormun/servlet/trsolicitudot?0498d65c50c0418d33c5be99cafdcfc658222c1ac6bcd7c2f65bd600e0d29f6742a68ca4606853413bc4667992925731bfb8b3a5ae293f11af424d9069382f0616f03495e103908e1b3febd75010b93b,gx-no-cache=1457710325138 HTTP/1.1" 200 2200
186.103.158.250 - - [11/Mar/2016:12:31:40 -0300] "POST /cormun/servlet/trsolicitudot?3f9a9c0c3935ca902f7183c0624fce93,,gx-no-cache=1457710325970 HTTP/1.1" 200 4906
186.103.158.250 - - [11/Mar/2016:12:31:41 -0300] "POST /cormun/servlet/trsolicitudot?3f9a9c0c3935ca902f7183c0624fce93,,gx-no-cache=1457710326834 HTTP/1.1" 200 4906
186.103.158.250 - - [11/Mar/2016:12:31:42 -0300] "POST /cormun/servlet/trsolicitudot?3f9a9c0c3935ca902f7183c0624fce93,,gx-no-cache=1457710327749 HTTP/1.1" 200 4906
186.103.158.250 - - [11/Mar/2016:12:31:43 -0300] "POST /cormun/servlet/trsolicitudot?3f9a9c0c3935ca902f7183c0624fce93,,gx-no-cache=1457710328734 HTTP/1.1" 200 4905
186.103.158.250 - - [11/Mar/2016:12:31:44 -0300] "GET /cormun/servlet/vesolicitudot?2016,804,, HTTP/1.1" 200 7602
186.103.158.250 - - [11/Mar/2016:12:31:44 -0300] "GET /cormun/static/gxcfg.js?20163117275080 HTTP/1.1" 200 953
186.103.158.250 - - [11/Mar/2016:12:31:44 -0300] "GET /cormun/pexe_scrolldiv.js HTTP/1.1" 404 1009
186.103.158.250 - - [11/Mar/2016:12:31:44 -0300] "GET /cormun/static/Resources/PXToolsTabFirstSelected.png HTTP/1.1" 200 1259
186.103.158.250 - - [11/Mar/2016:12:31:44 -0300] "GET /cormun/static/vesolicitudot.js?20163117275148 HTTP/1.1" 200 6091
186.103.158.250 - - [11/Mar/2016:12:31:44 -0300] "GET /cormun/static/hwcviewtabs.js?20151120014372 HTTP/1.1" 200 1074
186.103.158.250 - - [11/Mar/2016:12:31:44 -0300] "GET /cormun/static/hpexe_tabsview.js?20151120014350 HTTP/1.1" 200 1661
186.103.158.250 - - [11/Mar/2016:12:31:44 -0300] "GET /cormun/static/Resources/PXToolsTabLastUnselected.png HTTP/1.1" 200 1291
186.103.158.250 - - [11/Mar/2016:12:31:44 -0300] "GET /cormun/static/Resources/Spanish/PXTools.css?171692 HTTP/1.1" 200 89042
186.103.158.250 - - [11/Mar/2016:12:31:44 -0300] "GET /cormun/static/tbsolicitudot01.js?20163117273399 HTTP/1.1" 200 27008
186.103.158.250 - - [11/Mar/2016:12:31:44 -0300] "GET /cormun/static/Resources/PXToolsTabPrevious.gif HTTP/1.1" 200 172
186.103.158.250 - - [11/Mar/2016:12:31:44 -0300] "GET /cormun/static/Resources/PXToolsTabNext.gif HTTP/1.1" 200 168
186.103.158.250 - - [11/Mar/2016:12:31:46 -0300] "GET /cormun/static/calendar-system.css HTTP/1.1" 200 5572
186.103.158.250 - - [11/Mar/2016:12:31:46 -0300] "GET /cormun/static/Resources/PXToolsTabBackSelected.png HTTP/1.1" 200 1157
186.103.158.250 - - [11/Mar/2016:12:31:46 -0300] "GET /cormun/static/Resources/PXToolsTabBackUnselected.png HTTP/1.1" 200 1175
186.103.158.250 - - [11/Mar/2016:12:31:46 -0300] "GET /cormun/static/Resources/PXToolsTabSelectedUnselected.png HTTP/1.1" 200 1428
186.103.158.250 - - [11/Mar/2016:12:31:46 -0300] "GET /cormun/static/Resources/PXToolsTabUnselectedUnselected.png HTTP/1.1" 200 1459
186.103.158.250 - - [11/Mar/2016:12:31:46 -0300] "GET /cormun/servlet/vesolicitudot?2016,804,, HTTP/1.1" 200 7602
186.103.158.250 - - [11/Mar/2016:12:31:49 -0300] "GET /cormun/servlet/vesolicitudot?2016,804,,SolicitudOTAdjuntos HTTP/1.1" 200 9357
186.103.158.250 - - [11/Mar/2016:12:31:49 -0300] "GET /cormun/pexe_scrolldiv.js HTTP/1.1" 404 1009
186.103.158.250 - - [11/Mar/2016:12:31:49 -0300] "GET /cormun/static/tbsolicitudot02.js?20163117272879 HTTP/1.1" 200 14861
186.103.158.250 - - [11/Mar/2016:12:31:50 -0300] "GET /cormun/static/gxui/gxui-all.css HTTP/1.1" 200 2179
186.103.158.250 - - [11/Mar/2016:12:31:50 -0300] "GET /cormun/static/Shared/ext/resources/css/ext-all.css HTTP/1.1" 200 416045
186.103.158.250 - - [11/Mar/2016:12:31:51 -0300] "GET /cormun/static/Resources/PXToolsTabFirstUnselected.png HTTP/1.1" 200 1264
186.103.158.250 - - [11/Mar/2016:12:31:51 -0300] "GET /cormun/static/Resources/PXToolsTabUnselectedSelected.png HTTP/1.1" 200 1444
186.103.158.250 - - [11/Mar/2016:12:31:51 -0300] "GET /cormun/servlet/vesolicitudot?2016,804,,SolicitudOTAdjuntos HTTP/1.1" 200 9355
186.103.158.250 - - [11/Mar/2016:12:31:52 -0300] "POST /cormun/servlet/acontrolpreferencessavestate?None,CERIKAKS,true HTTP/1.1" 200 35
186.103.158.250 - - [11/Mar/2016:12:31:57 -0300] "GET /cormun/servlet/solicitudotadjuntos?INS,2016,804,,2, HTTP/1.1" 200 5487
186.103.158.250 - - [11/Mar/2016:12:31:57 -0300] "GET /cormun/static/gxcfg.js?2016311984045 HTTP/1.1" 200 953
186.103.158.250 - - [11/Mar/2016:12:31:57 -0300] "GET /cormun/static/solicitudotadjuntos.js?2016311984068 HTTP/1.1" 200 11762
186.103.158.250 - - [11/Mar/2016:12:31:57 -0300] "GET /cormun/static/Resources/Spanish/PXTools.css?1944839 HTTP/1.1" 200 89042
186.103.158.250 - - [11/Mar/2016:12:31:57 -0300] "GET /cormun/static/about:blank HTTP/1.1" 404 1011
186.103.158.250 - - [11/Mar/2016:12:31:58 -0300] "GET /cormun/servlet/solicitudotadjuntos?INS,2016,804,,2, HTTP/1.1" 200 5480
186.103.158.250 - - [11/Mar/2016:12:31:58 -0300] "GET /cormun/servlet/solicitudotadjuntos?df5cc55882adf6c843a7aaae827cd0623151c237c04d9eb515786b8ab7ec678c57b68d3e42d2eb238c403bd22b68236a,gx-no-cache=1457710344528 HTTP/1.1" 200 30
186.103.158.250 - - [11/Mar/2016:12:31:59 -0300] "POST /cormun/servlet/solicitudotadjuntos?3f9a9c0c3935ca902f7183c0624fce93,INS,2016,804,,2,,gx-no-cache=1457710344596 HTTP/1.1" 200 3573
186.103.158.250 - - [11/Mar/2016:12:32:37 -0300] "POST /cormun/servlet/solicitudotadjuntos?3f9a9c0c3935ca902f7183c0624fce93,INS,2016,804,,2,,gx-no-cache=1457710383349 HTTP/1.1" 200 90
186.103.158.250 - - [11/Mar/2016:12:32:37 -0300] "GET /cormun/servlet/hpexe_link HTTP/1.1" 200 990
186.103.158.250 - - [11/Mar/2016:12:32:38 -0300] "GET /cormun/servlet/vesolicitudot?2016,804,,SolicitudOTAdjuntos HTTP/1.1" 200 9362
186.103.158.250 - - [11/Mar/2016:12:32:38 -0300] "GET /cormun/pexe_scrolldiv.js HTTP/1.1" 404 1009
186.103.158.250 - - [11/Mar/2016:12:32:41 -0300] "GET /cormun/servlet/vesolicitudot?2016,804,,SolicitudOTAdjuntos HTTP/1.1" 200 9364
186.103.158.250 - - [11/Mar/2016:12:32:42 -0300] "POST /cormun/servlet/acontrolpreferencessavestate?None,CERIKAKS,true HTTP/1.1" 200 35
186.103.158.250 - - [11/Mar/2016:12:32:46 -0300] "GET /cormun/servlet/solicitudotadjuntos?INS,2016,804,,1, HTTP/1.1" 200 5487
186.103.158.250 - - [11/Mar/2016:12:32:48 -0300] "GET /cormun/static/about:blank HTTP/1.1" 404 1011
186.103.158.250 - - [11/Mar/2016:12:32:48 -0300] "GET /cormun/servlet/solicitudotadjuntos?INS,2016,804,,1, HTTP/1.1" 200 5479
186.103.158.250 - - [11/Mar/2016:12:32:49 -0300] "GET /cormun/servlet/solicitudotadjuntos?df5cc55882adf6c843a7aaae827cd0623151c237c04d9eb515786b8ab7ec678c57b68d3e42d2eb238c403bd22b68236a,gx-no-cache=1457710394595 HTTP/1.1" 200 30
186.103.158.250 - - [11/Mar/2016:12:32:49 -0300] "POST /cormun/servlet/solicitudotadjuntos?3f9a9c0c3935ca902f7183c0624fce93,INS,2016,804,,1,,gx-no-cache=1457710394699 HTTP/1.1" 200 3360
186.103.158.250 - - [11/Mar/2016:12:32:55 -0300] "POST /cormun/servlet/solicitudotadjuntos?3f9a9c0c3935ca902f7183c0624fce93,INS,2016,804,,1,,gx-no-cache=1457710401421 HTTP/1.1" 200 90
186.103.158.250 - - [11/Mar/2016:12:32:55 -0300] "GET /cormun/servlet/hpexe_link HTTP/1.1" 200 990
186.103.158.250 - - [11/Mar/2016:12:32:56 -0300] "GET /cormun/servlet/vesolicitudot?2016,804,,SolicitudOTAdjuntos HTTP/1.1" 200 9361
186.103.158.250 - - [11/Mar/2016:12:32:56 -0300] "GET /cormun/pexe_scrolldiv.js HTTP/1.1" 404 1009
186.103.158.250 - - [11/Mar/2016:12:32:58 -0300] "GET /cormun/servlet/vesolicitudot?2016,804,,SolicitudOTAdjuntos HTTP/1.1" 200 9365
186.103.158.250 - - [11/Mar/2016:12:32:59 -0300] "POST /cormun/servlet/acontrolpreferencessavestate?None,CERIKAKS,true HTTP/1.1" 200 35
186.103.158.250 - - [11/Mar/2016:12:33:03 -0300] "GET /cormun/servlet/solicitudotadjuntos?INS,2016,804,,2, HTTP/1.1" 200 5487
186.103.158.250 - - [11/Mar/2016:12:33:03 -0300] "GET /cormun/static/about:blank HTTP/1.1" 404 1011
186.103.158.250 - - [11/Mar/2016:12:33:04 -0300] "GET /cormun/servlet/solicitudotadjuntos?INS,2016,804,,2, HTTP/1.1" 200 5480
186.103.158.250 - - [11/Mar/2016:12:33:05 -0300] "GET /cormun/servlet/solicitudotadjuntos?df5cc55882adf6c843a7aaae827cd0623151c237c04d9eb515786b8ab7ec678c57b68d3e42d2eb238c403bd22b68236a,gx-no-cache=1457710411029 HTTP/1.1" 200 30
186.103.158.250 - - [11/Mar/2016:12:33:05 -0300] "POST /cormun/servlet/solicitudotadjuntos?3f9a9c0c3935ca902f7183c0624fce93,INS,2016,804,,2,,gx-no-cache=1457710411091 HTTP/1.1" 200 3573
191.112.15.155 - - [11/Mar/2016:12:33:40 -0300] "POST /cormun/servlet/trautorizarsolicitud?7481b56b180c6b72ccf107f50bd9b056,,gx-no-cache=1457714047038 HTTP/1.1" 200 3228
192.168.10.98 - - [11/Mar/2016:12:37:05 -0300] "GET /cormun/servlet/hlogin HTTP/1.1" 200 1742
192.168.10.98 - - [11/Mar/2016:12:37:10 -0300] "GET /cormun/servlet/solicitudot?INS,0,0, HTTP/1.1" 200 11051
192.168.10.98 - - [11/Mar/2016:12:37:11 -0300] "GET /cormun/servlet/hlogin HTTP/1.1" 200 1742
192.168.10.98 - - [11/Mar/2016:12:37:11 -0300] "GET /cormun/servlet/solicitudot?INS,0,0, HTTP/1.1" 200 11057
192.168.10.98 - - [11/Mar/2016:12:37:23 -0300] "POST /cormun/servlet/hlogin?548686c2f9a3cfc0e812c8121bdfa98b,gx-no-cache=1457710392396 HTTP/1.1" 200 90
192.168.10.98 - - [11/Mar/2016:12:37:23 -0300] "GET /cormun/servlet/hpexe_link HTTP/1.1" 200 962
192.168.10.98 - - [11/Mar/2016:12:37:23 -0300] "GET /cormun/servlet/solicitudot?INS,0,0, HTTP/1.1" 200 11297
192.168.10.98 - - [11/Mar/2016:12:37:24 -0300] "GET /cormun/servlet/solicitudot?INS,0,0, HTTP/1.1" 200 11301
192.168.10.98 - - [11/Mar/2016:12:37:34 -0300] "GET /cormun/servlet/trsolicitudot? HTTP/1.1" 200 7516
192.168.10.98 - - [11/Mar/2016:12:37:35 -0300] "GET /cormun/servlet/trsolicitudot? HTTP/1.1" 200 7515
192.168.10.98 - - [11/Mar/2016:12:37:39 -0300] "POST /cormun/servlet/trsolicitudot?548686c2f9a3cfc0e812c8121bdfa98b,,gx-no-cache=1457710408589 HTTP/1.1" 200 4925
192.168.10.98 - - [11/Mar/2016:12:37:39 -0300] "POST /cormun/servlet/trsolicitudot?548686c2f9a3cfc0e812c8121bdfa98b,,gx-no-cache=1457710408787 HTTP/1.1" 200 4924
192.168.10.98 - - [11/Mar/2016:12:37:39 -0300] "POST /cormun/servlet/trsolicitudot?548686c2f9a3cfc0e812c8121bdfa98b,,gx-no-cache=1457710408968 HTTP/1.1" 200 4925
192.168.10.98 - - [11/Mar/2016:12:37:40 -0300] "POST /cormun/servlet/trsolicitudot?548686c2f9a3cfc0e812c8121bdfa98b,,gx-no-cache=1457710409145 HTTP/1.1" 200 4924
192.168.10.98 - - [11/Mar/2016:12:37:43 -0300] "POST /cormun/servlet/trsolicitudot?548686c2f9a3cfc0e812c8121bdfa98b,,gx-no-cache=1457710412670 HTTP/1.1" 200 3486
192.168.10.98 - - [11/Mar/2016:12:37:43 -0300] "GET /cormun/servlet/trsolicitudot?38d24edfbb135b8143a86c43eb9fb641e641988f7e19862e3e1b49316368a7a70501264802c88cb2d6d4f7f40125d7940991e263719c56cbbca6847d25371e56a77386ec4094c37c4616aa5f61e7435f418313e09645797baa44913305193c65,gx-no-cache=1457710413084 HTTP/1.1" 200 773
192.168.10.98 - - [11/Mar/2016:12:37:45 -0300] "POST /cormun/servlet/trsolicitudot?548686c2f9a3cfc0e812c8121bdfa98b,,gx-no-cache=1457710414715 HTTP/1.1" 200 3486
192.168.10.98 - - [11/Mar/2016:12:37:45 -0300] "POST /cormun/servlet/trsolicitudot?548686c2f9a3cfc0e812c8121bdfa98b,,gx-no-cache=1457710414882 HTTP/1.1" 200 3486
192.168.10.98 - - [11/Mar/2016:12:37:45 -0300] "POST /cormun/servlet/trsolicitudot?548686c2f9a3cfc0e812c8121bdfa98b,,gx-no-cache=1457710415063 HTTP/1.1" 200 3485
192.168.10.98 - - [11/Mar/2016:12:37:46 -0300] "POST /cormun/servlet/trsolicitudot?548686c2f9a3cfc0e812c8121bdfa98b,,gx-no-cache=1457710415243 HTTP/1.1" 200 3486
192.168.10.98 - - [11/Mar/2016:12:37:55 -0300] "POST /cormun/servlet/trsolicitudgral?c9c1adc9c9c2aaaab1c23235725d19f9,,gx-no-cache=1457710424988 HTTP/1.1" 440 972
192.168.10.98 - - [11/Mar/2016:12:37:57 -0300] "GET /cormun/servlet/trsolicitudgral?30117f27f365a3ac2db5584f4a736d54ecead2cbb975ed939e32577c552dd0a6a573bb50c5205ffe5af0be89701e032094beff3e544a6d64b89c1ab26036f360afa3113fb7338e4001605c5018d818727efe015b0956da115af425ea80f4cab5,gx-no-cache=1457710426306 HTTP/1.1" 440 972
192.168.10.98 - - [11/Mar/2016:12:37:57 -0300] "GET /cormun/servlet/trsolicitudgral? HTTP/1.1" 200 8666
192.168.10.98 - - [11/Mar/2016:12:37:58 -0300] "GET /cormun/servlet/trsolicitudgral? HTTP/1.1" 200 8666
192.168.10.98 - - [11/Mar/2016:12:37:58 -0300] "POST /cormun/servlet/acontrolpreferencessavestate?None,CENOR,true HTTP/1.1" 200 35
192.168.10.98 - - [11/Mar/2016:12:38:39 -0300] "GET /cormun/servlet/solicitudot?INS,0,0, HTTP/1.1" 200 11294
192.168.10.98 - - [11/Mar/2016:12:38:40 -0300] "GET /cormun/servlet/solicitudot?INS,0,0, HTTP/1.1" 200 11310
192.168.10.98 - - [11/Mar/2016:12:38:46 -0300] "GET /cormun/servlet/hlogin HTTP/1.1" 200 1717
192.168.10.98 - - [11/Mar/2016:12:39:01 -0300] "POST /cormun/servlet/hlogin?548686c2f9a3cfc0e812c8121bdfa98b,gx-no-cache=1457710490559 HTTP/1.1" 200 90
192.168.10.98 - - [11/Mar/2016:12:39:01 -0300] "GET /cormun/servlet/hpexe_link HTTP/1.1" 200 949
192.168.10.98 - - [11/Mar/2016:12:39:01 -0300] "GET /cormun/servlet/hhome HTTP/1.1" 200 3443
192.168.10.98 - - [11/Mar/2016:12:39:02 -0300] "GET /cormun/servlet/hhome HTTP/1.1" 200 3439
192.168.10.98 - - [11/Mar/2016:12:39:06 -0300] "GET /cormun/servlet/trsolicitudot? HTTP/1.1" 200 7986
192.168.10.98 - - [11/Mar/2016:12:39:07 -0300] "GET /cormun/servlet/trsolicitudot? HTTP/1.1" 200 7984
192.168.10.98 - - [11/Mar/2016:12:39:11 -0300] "GET /cormun/static/menuarrow.gif HTTP/1.1" 404 1015
192.168.10.98 - - [11/Mar/2016:12:39:24 -0300] "POST /cormun/servlet/trsolicitudot?548686c2f9a3cfc0e812c8121bdfa98b,,gx-no-cache=1457710513171 HTTP/1.1" 200 5428
192.168.10.98 - - [11/Mar/2016:12:39:24 -0300] "POST /cormun/servlet/trsolicitudot?548686c2f9a3cfc0e812c8121bdfa98b,,gx-no-cache=1457710513360 HTTP/1.1" 200 5429
192.168.10.98 - - [11/Mar/2016:12:39:24 -0300] "POST /cormun/servlet/trsolicitudot?548686c2f9a3cfc0e812c8121bdfa98b,,gx-no-cache=1457710513572 HTTP/1.1" 200 5429
192.168.10.98 - - [11/Mar/2016:12:39:24 -0300] "POST /cormun/servlet/trsolicitudot?548686c2f9a3cfc0e812c8121bdfa98b,,gx-no-cache=1457710513784 HTTP/1.1" 200 5429
192.168.10.98 - - [11/Mar/2016:12:39:24 -0300] "POST /cormun/servlet/trsolicitudot?548686c2f9a3cfc0e812c8121bdfa98b,,gx-no-cache=1457710513968 HTTP/1.1" 200 5429
192.168.10.98 - - [11/Mar/2016:12:39:25 -0300] "POST /cormun/servlet/trsolicitudot?548686c2f9a3cfc0e812c8121bdfa98b,,gx-no-cache=1457710514188 HTTP/1.1" 200 5428
192.168.10.98 - - [11/Mar/2016:12:39:25 -0300] "POST /cormun/servlet/trsolicitudot?548686c2f9a3cfc0e812c8121bdfa98b,,gx-no-cache=1457710514418 HTTP/1.1" 200 5428
192.168.10.98 - - [11/Mar/2016:12:39:25 -0300] "POST /cormun/servlet/trsolicitudot?548686c2f9a3cfc0e812c8121bdfa98b,,gx-no-cache=1457710514666 HTTP/1.1" 200 5404
192.168.10.98 - - [11/Mar/2016:12:39:25 -0300] "POST /cormun/servlet/trsolicitudot?548686c2f9a3cfc0e812c8121bdfa98b,,gx-no-cache=1457710514982 HTTP/1.1" 200 5405
186.103.159.189 - - [11/Mar/2016:12:39:46 -0300] "GET /cormun/servlet/hlogin HTTP/1.1" 200 1714
186.103.159.189 - - [11/Mar/2016:12:39:46 -0300] "GET /cormun/static/Resources/Spanish/PXTools.css?005343 HTTP/1.1" 304 -
186.103.159.189 - - [11/Mar/2016:12:39:46 -0300] "GET /cormun/static/gxcfg.js?20151120045111 HTTP/1.1" 304 -
186.103.159.189 - - [11/Mar/2016:12:39:46 -0300] "GET /cormun/static/messages.spa.js?85251 HTTP/1.1" 304 -
186.103.159.189 - - [11/Mar/2016:12:39:46 -0300] "GET /cormun/static/hlogin.js?20151120045126 HTTP/1.1" 304 -
186.103.159.189 - - [11/Mar/2016:12:39:47 -0300] "GET /cormun/static/Resources/PXToolsButtonLeft21.png HTTP/1.1" 304 -
186.103.159.189 - - [11/Mar/2016:12:39:47 -0300] "GET /cormun/static/Resources/PXToolsButtonBackground2.png HTTP/1.1" 304 -
186.103.159.189 - - [11/Mar/2016:12:39:47 -0300] "GET /cormun/static/Resources/PXToolsButtonRight21.png HTTP/1.1" 304 -
186.103.159.189 - - [11/Mar/2016:12:39:48 -0300] "POST /cormun/servlet/hlogin?52323ad84a40c6ef6c2c5dabb464a0d7,gx-no-cache=1457714582900 HTTP/1.1" 200 90
186.103.159.189 - - [11/Mar/2016:12:39:48 -0300] "GET /cormun/servlet/hpexe_link HTTP/1.1" 200 947
