186.103.159.230 - - [11/Mar/2016:10:32:42 -0300] "GET /cormun/servlet/solicitudotadjuntos?9bd76176bb7aa01b2d309eb77842f52b3c85c77ab259002f9a92744d3fb5807a,gx-no-cache=1457703186527 HTTP/1.1" 200 30
186.103.159.230 - - [11/Mar/2016:10:32:42 -0300] "POST /cormun/servlet/solicitudotadjuntos?8d1b2cf19fd05ebc29eb562064229d1e,INS,2016,817,,1,,gx-no-cache=1457703186558 HTTP/1.1" 200 3185
191.112.51.239 - - [11/Mar/2016:10:32:44 -0300] "GET /cormun/servlet/trsolicitudot? HTTP/1.1" 200 6224
186.103.240.224 - - [11/Mar/2016:10:32:45 -0300] "GET /cormun/servlet/prcontratosol?5386071,,,,,MD,,gxPopupLevel%3D0%3B HTTP/1.1" 200 5672
186.103.159.230 - - [11/Mar/2016:10:32:47 -0300] "POST /cormun/servlet/solicitudotadjuntos?8d1b2cf19fd05ebc29eb562064229d1e,INS,2016,817,,1,,gx-no-cache=1457703191571 HTTP/1.1" 200 93
186.103.159.230 - - [11/Mar/2016:10:32:47 -0300] "GET /cormun/servlet/hpexe_return? HTTP/1.1" 200 1024
191.112.51.239 - - [11/Mar/2016:10:32:47 -0300] "GET /cormun/servlet/solicitudot?INS,0,0, HTTP/1.1" 200 11476
186.103.159.230 - - [11/Mar/2016:10:32:47 -0300] "GET /cormun/servlet/trsolicitudadjuntos?2016,817, HTTP/1.1" 200 8090
191.112.51.239 - - [11/Mar/2016:10:32:47 -0300] "GET /cormun/static/Resources/Spanish/PXTools.css?1944839 HTTP/1.1" 304 -
191.112.51.239 - - [11/Mar/2016:10:32:47 -0300] "GET /cormun/static/gxcfg.js?20163219435133 HTTP/1.1" 304 -
191.112.51.239 - - [11/Mar/2016:10:32:47 -0300] "GET /cormun/static/solicitudot.js?20163219435183 HTTP/1.1" 304 -
186.103.159.230 - - [11/Mar/2016:10:32:47 -0300] "GET /cormun/servlet/trsolicitudadjuntos?2016,817, HTTP/1.1" 200 8088
191.112.51.239 - - [11/Mar/2016:10:32:49 -0300] "GET /cormun/servlet/solicitudot?INS,0,0, HTTP/1.1" 200 11481
186.103.240.224 - - [11/Mar/2016:10:32:55 -0300] "POST /cormun/servlet/solicitudot?gx-no-cache=1457703202466 HTTP/1.1" 200 1171
186.103.240.224 - - [11/Mar/2016:10:32:55 -0300] "GET /cormun/servlet/solicitudot?2ff93b36f7561e014303e40a33b69ee7dfae26fdf027c0187b0bcc9af55cbb5ff047fe5b2260b0729470a010de0a62c455f1e2a550ea979a8bfbc56257052017f601757532600ecf3be3d3b2803641dbf1468b1daee91dc07d36eebf360266b6ac79147ba16e5629bff7fea171725ae084e696ab76987ad40bfb44b44efcd83b7c2452a04e3d1d4100a3ee6de90bce6c4bfbec6035cfefe8be2ea1cd96359169,gx-no-cache=1457703202783 HTTP/1.1" 200 41
200.112.233.47 - - [11/Mar/2016:10:32:55 -0300] "POST /cormun/servlet/trsolicitudot?ad8c523a5a81154d38327f0ee55637a1,,gx-no-cache=1457703203890 HTTP/1.1" 200 5869
186.103.240.224 - - [11/Mar/2016:10:32:55 -0300] "POST /cormun/servlet/solicitudot?gx-no-cache=1457703203042 HTTP/1.1" 200 1127
200.112.233.47 - - [11/Mar/2016:10:32:56 -0300] "POST /cormun/servlet/trsolicitudot?ad8c523a5a81154d38327f0ee55637a1,,gx-no-cache=1457703204375 HTTP/1.1" 200 5869
200.112.233.47 - - [11/Mar/2016:10:32:56 -0300] "POST /cormun/servlet/trsolicitudot?ad8c523a5a81154d38327f0ee55637a1,,gx-no-cache=1457703204734 HTTP/1.1" 200 5867
200.112.233.47 - - [11/Mar/2016:10:32:56 -0300] "POST /cormun/servlet/trsolicitudot?ad8c523a5a81154d38327f0ee55637a1,,gx-no-cache=1457703205156 HTTP/1.1" 200 5868
200.112.233.47 - - [11/Mar/2016:10:32:57 -0300] "POST /cormun/servlet/trsolicitudot?ad8c523a5a81154d38327f0ee55637a1,,gx-no-cache=1457703205625 HTTP/1.1" 200 5869
191.112.51.239 - - [11/Mar/2016:10:33:00 -0300] "POST /cormun/servlet/solicitudot?gx-no-cache=1457703199898 HTTP/1.1" 200 2668
191.112.51.239 - - [11/Mar/2016:10:33:00 -0300] "POST /cormun/servlet/solicitudot?b00fafa9f2a67aea11c736f16599d47c,INS,0,0,,gx-no-cache=1457703200326 HTTP/1.1" 200 8265
191.112.51.239 - - [11/Mar/2016:10:33:03 -0300] "GET /cormun/servlet/solicitudot?f24fc714dce4f27908ee90730ca08452f030bc082e85823d876d189aacff46e3094cd89c2367863430ed3afb0c233f6c,gx-no-cache=1457703202995 HTTP/1.1" 200 30
186.103.159.230 - - [11/Mar/2016:10:33:07 -0300] "GET /cormun/servlet/trautorizarsolicitud? HTTP/1.1" 200 6152
186.103.159.230 - - [11/Mar/2016:10:33:08 -0300] "GET /cormun/servlet/trautorizarsolicitud? HTTP/1.1" 200 6141
186.103.159.230 - - [11/Mar/2016:10:33:16 -0300] "GET /cormun/servlet/trvisualizadoreventos? HTTP/1.1" 200 5952
186.103.159.230 - - [11/Mar/2016:10:33:17 -0300] "GET /cormun/servlet/trvisualizadoreventos? HTTP/1.1" 200 5952
186.103.159.230 - - [11/Mar/2016:10:33:28 -0300] "GET /cormun/servlet/trautorizarsolicitud? HTTP/1.1" 200 6152
186.103.159.230 - - [11/Mar/2016:10:33:29 -0300] "GET /cormun/servlet/trautorizarsolicitud? HTTP/1.1" 200 6141
186.103.159.230 - - [11/Mar/2016:10:33:31 -0300] "GET /cormun/servlet/trsolicitudadjuntos?2016,817, HTTP/1.1" 200 8090
186.103.159.230 - - [11/Mar/2016:10:33:31 -0300] "GET /cormun/servlet/trsolicitudadjuntos?2016,817, HTTP/1.1" 200 8088
186.103.159.230 - - [11/Mar/2016:10:33:33 -0300] "GET /cormun/servlet/solicitudotadjuntos?INS,2016,817,,1, HTTP/1.1" 200 5469
186.103.159.230 - - [11/Mar/2016:10:33:34 -0300] "GET /cormun/servlet/solicitudotadjuntos?INS,2016,817,,1, HTTP/1.1" 200 5463
186.103.159.230 - - [11/Mar/2016:10:33:34 -0300] "GET /cormun/servlet/solicitudotadjuntos?9bd76176bb7aa01b2d309eb77842f52b861878f2e8d1e2759c1215c3a6820c6cdd5cf3550881f0ff0acf70c4869df596,gx-no-cache=1457703238990 HTTP/1.1" 200 30
186.103.159.230 - - [11/Mar/2016:10:33:34 -0300] "POST /cormun/servlet/solicitudotadjuntos?8d1b2cf19fd05ebc29eb562064229d1e,INS,2016,817,,1,,gx-no-cache=1457703239045 HTTP/1.1" 200 3344
186.103.159.230 - - [11/Mar/2016:10:33:40 -0300] "POST /cormun/servlet/solicitudotadjuntos?8d1b2cf19fd05ebc29eb562064229d1e,INS,2016,817,,1,,gx-no-cache=1457703244597 HTTP/1.1" 200 93
186.103.159.230 - - [11/Mar/2016:10:33:40 -0300] "GET /cormun/servlet/hpexe_return? HTTP/1.1" 200 1024
186.103.159.230 - - [11/Mar/2016:10:33:40 -0300] "GET /cormun/servlet/trsolicitudadjuntos?2016,817, HTTP/1.1" 200 8090
186.103.159.230 - - [11/Mar/2016:10:33:40 -0300] "GET /cormun/servlet/trsolicitudadjuntos?2016,817, HTTP/1.1" 200 8088
186.103.159.230 - - [11/Mar/2016:10:33:45 -0300] "GET /cormun/servlet/solicitudotadjuntos?INS,2016,817,,1, HTTP/1.1" 200 5469
186.103.159.230 - - [11/Mar/2016:10:33:45 -0300] "GET /cormun/static/about:blank HTTP/1.1" 404 1011
186.103.159.230 - - [11/Mar/2016:10:33:45 -0300] "GET /cormun/servlet/solicitudotadjuntos?INS,2016,817,,1, HTTP/1.1" 200 5463
186.103.159.230 - - [11/Mar/2016:10:33:46 -0300] "GET /cormun/servlet/solicitudotadjuntos?9bd76176bb7aa01b2d309eb77842f52b861878f2e8d1e2759c1215c3a6820c6cdd5cf3550881f0ff0acf70c4869df596,gx-no-cache=1457703250585 HTTP/1.1" 200 30
186.103.159.230 - - [11/Mar/2016:10:33:46 -0300] "POST /cormun/servlet/solicitudotadjuntos?8d1b2cf19fd05ebc29eb562064229d1e,INS,2016,817,,1,,gx-no-cache=1457703250624 HTTP/1.1" 200 3344
186.103.159.230 - - [11/Mar/2016:10:33:49 -0300] "POST /cormun/servlet/solicitudotadjuntos?8d1b2cf19fd05ebc29eb562064229d1e,INS,2016,817,,1,,gx-no-cache=1457703253461 HTTP/1.1" 200 93
186.103.159.230 - - [11/Mar/2016:10:33:49 -0300] "GET /cormun/servlet/hpexe_return? HTTP/1.1" 200 1024
186.103.159.230 - - [11/Mar/2016:10:33:49 -0300] "GET /cormun/servlet/trsolicitudadjuntos?2016,817, HTTP/1.1" 200 8090
186.103.159.230 - - [11/Mar/2016:10:33:49 -0300] "GET /cormun/servlet/trsolicitudadjuntos?2016,817, HTTP/1.1" 200 8088
186.103.240.224 - - [11/Mar/2016:10:33:54 -0300] "GET /cormun/servlet/solicitudot?2ff93b36f7561e014303e40a33b69ee7526ce6919694a333af53531273eddf2f352b691a55f7040de0b0b09a3ed1cb77d237f4762b9d173183e25f58298b5973bad585e4893f26da9f0ebc01486e50c1b4fdcdb318177fd5dea877c52d8d320e09351dd5b5a02557c43ae4d9eaebd64ca7caa0ebadeb6326ed93b9451b1fbaa0b9e39e8028704d95c37bf4f41d238e2eb0cadb285370b39c236b4a9682148103454124846b31963c81e0c2786b0e13b4,gx-no-cache=1457703261535 HTTP/1.1" 200 30
186.103.240.224 - - [11/Mar/2016:10:33:54 -0300] "POST /cormun/servlet/solicitudot?4a86d8bb899723642fbd34d568c7f199,INS,0,0,,gx-no-cache=1457703261736 HTTP/1.1" 200 93
186.103.240.224 - - [11/Mar/2016:10:33:55 -0300] "GET /cormun/servlet/hpexe_return? HTTP/1.1" 200 1005
186.103.240.224 - - [11/Mar/2016:10:33:55 -0300] "GET /cormun/static/Resources/Spanish/PXTools.css?12112540 HTTP/1.1" 304 -
186.103.240.224 - - [11/Mar/2016:10:33:55 -0300] "GET /cormun/static/gxcfg.js?2015111312145050 HTTP/1.1" 304 -
186.103.240.224 - - [11/Mar/2016:10:33:55 -0300] "GET /cormun/static/hpexe_return.js?2015111312145056 HTTP/1.1" 304 -
186.103.240.224 - - [11/Mar/2016:10:33:55 -0300] "GET /cormun/servlet/trsolicitudot HTTP/1.1" 200 7474
186.103.240.224 - - [11/Mar/2016:10:33:58 -0300] "GET /cormun/servlet/trsolicitudot HTTP/1.1" 200 7470
186.103.240.224 - - [11/Mar/2016:10:34:10 -0300] "GET /cormun/servlet/solicitudot?INS,0,0, HTTP/1.1" 200 11412
186.103.240.224 - - [11/Mar/2016:10:34:12 -0300] "GET /cormun/servlet/solicitudot?INS,0,0, HTTP/1.1" 200 11416
186.103.159.230 - - [11/Mar/2016:10:34:24 -0300] "GET /cormun/servlet/solicitudotadjuntos?INS,2016,817,,2, HTTP/1.1" 200 5469
186.103.159.230 - - [11/Mar/2016:10:34:25 -0300] "GET /cormun/static/about:blank HTTP/1.1" 404 1011
186.103.159.230 - - [11/Mar/2016:10:34:25 -0300] "GET /cormun/servlet/solicitudotadjuntos?INS,2016,817,,2, HTTP/1.1" 200 5463
186.103.159.230 - - [11/Mar/2016:10:34:25 -0300] "GET /cormun/servlet/solicitudotadjuntos?9bd76176bb7aa01b2d309eb77842f52b861878f2e8d1e2759c1215c3a6820c6cdd5cf3550881f0ff0acf70c4869df596,gx-no-cache=1457703290232 HTTP/1.1" 200 30
186.103.159.230 - - [11/Mar/2016:10:34:25 -0300] "POST /cormun/servlet/solicitudotadjuntos?8d1b2cf19fd05ebc29eb562064229d1e,INS,2016,817,,2,,gx-no-cache=1457703290263 HTTP/1.1" 200 3557
186.103.159.230 - - [11/Mar/2016:10:34:28 -0300] "POST /cormun/servlet/solicitudotadjuntos?8d1b2cf19fd05ebc29eb562064229d1e,INS,2016,817,,2,,gx-no-cache=1457703292733 HTTP/1.1" 200 93
186.103.159.230 - - [11/Mar/2016:10:34:28 -0300] "GET /cormun/servlet/hpexe_return? HTTP/1.1" 200 1024
186.103.159.230 - - [11/Mar/2016:10:34:28 -0300] "GET /cormun/servlet/trsolicitudadjuntos?2016,817, HTTP/1.1" 200 8090
186.103.159.230 - - [11/Mar/2016:10:34:29 -0300] "GET /cormun/servlet/trsolicitudadjuntos?2016,817, HTTP/1.1" 200 8088
186.103.159.230 - - [11/Mar/2016:10:34:40 -0300] "GET /cormun/servlet/trautorizarsolicitud? HTTP/1.1" 200 6152
186.103.159.230 - - [11/Mar/2016:10:34:40 -0300] "GET /cormun/servlet/trautorizarsolicitud? HTTP/1.1" 200 6141
186.103.240.224 - - [11/Mar/2016:10:34:44 -0300] "POST /cormun/servlet/solicitudot?gx-no-cache=1457703311750 HTTP/1.1" 200 2770
186.103.240.224 - - [11/Mar/2016:10:34:45 -0300] "POST /cormun/servlet/solicitudot?4a86d8bb899723642fbd34d568c7f199,INS,0,0,,gx-no-cache=1457703312376 HTTP/1.1" 200 8395
186.103.159.230 - - [11/Mar/2016:10:34:48 -0300] "POST /cormun/servlet/trautorizarsolicitud?8d1b2cf19fd05ebc29eb562064229d1e,,gx-no-cache=1457703312483 HTTP/1.1" 200 3475
186.103.159.230 - - [11/Mar/2016:10:34:48 -0300] "POST /cormun/servlet/trautorizarsolicitud?8d1b2cf19fd05ebc29eb562064229d1e,,gx-no-cache=1457703312622 HTTP/1.1" 200 3475
186.103.159.230 - - [11/Mar/2016:10:34:48 -0300] "POST /cormun/servlet/trautorizarsolicitud?8d1b2cf19fd05ebc29eb562064229d1e,,gx-no-cache=1457703312732 HTTP/1.1" 200 3474
186.103.159.230 - - [11/Mar/2016:10:34:48 -0300] "POST /cormun/servlet/trautorizarsolicitud?8d1b2cf19fd05ebc29eb562064229d1e,,gx-no-cache=1457703312846 HTTP/1.1" 200 3475
186.103.159.230 - - [11/Mar/2016:10:34:48 -0300] "POST /cormun/servlet/trautorizarsolicitud?8d1b2cf19fd05ebc29eb562064229d1e,,gx-no-cache=1457703312963 HTTP/1.1" 200 3475
186.103.159.230 - - [11/Mar/2016:10:34:48 -0300] "POST /cormun/servlet/trautorizarsolicitud?8d1b2cf19fd05ebc29eb562064229d1e,,gx-no-cache=1457703313084 HTTP/1.1" 200 3475
186.103.240.224 - - [11/Mar/2016:10:34:48 -0300] "GET /cormun/servlet/solicitudot?2ff93b36f7561e014303e40a33b69ee754e33d2ccd9ea4a35f5102704520adb23b7c95004d7250acacacc1ebed7819dd,gx-no-cache=1457703316210 HTTP/1.1" 200 30
186.103.240.224 - - [11/Mar/2016:10:34:49 -0300] "POST /cormun/servlet/solicitudot?gx-no-cache=1457703316357 HTTP/1.1" 200 30
186.103.159.230 - - [11/Mar/2016:10:34:59 -0300] "GET /cormun/servlet/trautorizarsolicitud?5081b208ca13d7d93659a146789686f32f77e94c843a812b23de3bd4b9f4c35d9ff7a187819cf0054df07ed12983ee79702a900324ef101c405a4db9988a9684ef7387b03a06557ae66c87cd05bd06f305396ede1216051c003ba559b2f25bcb,gx-no-cache=1457703323600 HTTP/1.1" 200 751
186.103.159.230 - - [11/Mar/2016:10:34:59 -0300] "POST /cormun/servlet/trautorizarsolicitud?8d1b2cf19fd05ebc29eb562064229d1e,,gx-no-cache=1457703323679 HTTP/1.1" 200 3479
186.103.159.230 - - [11/Mar/2016:10:35:01 -0300] "POST /cormun/servlet/trautorizarsolicitud?8d1b2cf19fd05ebc29eb562064229d1e,,gx-no-cache=1457703326040 HTTP/1.1" 200 3479
186.103.240.224 - - [11/Mar/2016:10:35:08 -0300] "POST /cormun/servlet/solicitudot?gx-no-cache=1457703335350 HTTP/1.1" 200 30
186.103.240.224 - - [11/Mar/2016:10:35:13 -0300] "POST /cormun/servlet/solicitudot?gx-no-cache=1457703340312 HTTP/1.1" 200 452
186.103.240.224 - - [11/Mar/2016:10:35:13 -0300] "GET /cormun/servlet/solicitudot?2ff93b36f7561e014303e40a33b69ee7dfae26fdf027c0187b0bcc9af55cbb5ff047fe5b2260b0729470a010de0a62c455f1e2a550ea979a8bfbc56257052017f601757532600ecf3be3d3b2803641dbf1468b1daee91dc07d36eebf360266b6ac79147ba16e5629bff7fea171725ae084e696ab76987ad40bfb44b44efcd83b9df4145c994ed6723f3b65b8992eaedf,gx-no-cache=1457703340491 HTTP/1.1" 200 38
186.103.240.224 - - [11/Mar/2016:10:35:19 -0300] "GET /cormun/servlet/solicitudot?2ff93b36f7561e014303e40a33b69ee7c1e2b715fe66566276888d069d902aca8e553ae4fa6519ef14f8b7af9f760f35662a23070b18c19760890e7c9fb8a7c9bff5a5c409695ff7f32ca5cd119bb920068b1fdb5f06c0c37d68cbce8be4bf40f95218520ecf15e60e963d5927b13863ae35078d2242f0497037f745f0787dd15f1a5ec537056a4c5e7ec10be72366ca1579add1acc30e037795dd0ab8bdca90a8bb4763b9ab2f74222dac94e0bafaf7ad2d872a6948d2b71f11b325eb5ee51d90a5ff6431134c1c8e8a895771b3f142,gx-no-cache=1457703346723 HTTP/1.1" 200 29
186.103.240.224 - - [11/Mar/2016:10:35:24 -0300] "POST /cormun/servlet/solicitudot?gx-no-cache=1457703351830 HTTP/1.1" 200 1128
186.103.240.224 - - [11/Mar/2016:10:35:43 -0300] "GET /cormun/static/menuarrow.gif HTTP/1.1" 404 1015
186.103.240.224 - - [11/Mar/2016:10:35:56 -0300] "GET /cormun/servlet/solicitudot?2ff93b36f7561e014303e40a33b69ee74c364611e29d86f7c38acd3126ceff582e15a95e3ffe0f43376cf6496f73270429126837e410ca55a61dc687e2db175a5b99e29b176b746c85fadb277af4383a737b38da16958002c4fa428938d2d5107867e1764c9b25c1584da4c6daca1d04dfd3e0142ede2609d7ba137bd469446999e812bd3ee4638343a7566593ed1ed6bfa560e35ba7875a20728fc7e6501e0084f56b4f6f1a588921d7847e0923f1e7,gx-no-cache=1457703383280 HTTP/1.1" 200 30
186.103.159.230 - - [11/Mar/2016:10:36:01 -0300] "GET /cormun/servlet/trautorizarsolicitud?5081b208ca13d7d93659a146789686f38f7f0aa83fe003fdec9f9f09f8ae634559b5ea76e9fa3f4328df34e4b1c0ce7ced966ff1521b9480801c0b02b0ac8af4fb796cc94916b31428e0c00e8cf830115a8bc3c5e06e567dc06f2eca5d0084a0,gx-no-cache=1457703385642 HTTP/1.1" 200 755
186.103.159.230 - - [11/Mar/2016:10:36:09 -0300] "GET /cormun/servlet/trautorizarsolicitud?5081b208ca13d7d93659a146789686f38f7f0aa83fe003fdec9f9f09f8ae63455a4c425ea9a70048c7bcc9d372693dfcbb402208e5ef9a9f168a31703516ffa103c759cc037b070001a3ac81adcc569c8e231a05d4113c279e1e3d175593e27ddd5cf3550881f0ff0acf70c4869df596,gx-no-cache=1457703393478 HTTP/1.1" 200 755
186.103.240.224 - - [11/Mar/2016:10:36:09 -0300] "POST /cormun/servlet/solicitudot?4a86d8bb899723642fbd34d568c7f199,INS,0,0,,gx-no-cache=1457703395615 HTTP/1.1" 200 93
186.103.240.224 - - [11/Mar/2016:10:36:09 -0300] "GET /cormun/servlet/hpexe_return? HTTP/1.1" 200 1005
186.103.159.230 - - [11/Mar/2016:10:36:09 -0300] "GET /cormun/servlet/trautorizarsolicitud?5081b208ca13d7d93659a146789686f3139b10bacd2f78e705638c8e185355edae44c0c53bef1999247b2cb038084dcd8d7ca829f01c842671510df78dd922f3e1cbde3704497c465efbaffe5e701c88fc26ddda6cb246947b0dabe47595633c,gx-no-cache=1457703393993 HTTP/1.1" 200 755
186.103.240.224 - - [11/Mar/2016:10:36:09 -0300] "GET /cormun/servlet/trsolicitudot HTTP/1.1" 200 7803
186.103.159.230 - - [11/Mar/2016:10:36:10 -0300] "GET /cormun/servlet/trautorizarsolicitud?5081b208ca13d7d93659a146789686f3b0ed60325447ba4a16125c0627a39b0536e357af493d7d7966a980a8abd0ae356bffc41bd22e5abda9379e07b5e395f6160852eaaf3889d67e56fc5e8574920f7f717ab85817b7cf988593d631df4671,gx-no-cache=1457703394775 HTTP/1.1" 200 755
186.103.240.224 - - [11/Mar/2016:10:36:12 -0300] "GET /cormun/servlet/trsolicitudot HTTP/1.1" 200 7799
186.103.159.230 - - [11/Mar/2016:10:36:16 -0300] "GET /cormun/servlet/trautorizarsolicitud?5081b208ca13d7d93659a146789686f3b0ed60325447ba4a16125c0627a39b050fe39a0672910bcd27e30d9ac18dc584eabe752bb113976b010bfc94289e8addc3a6c56f23cd7ee5994ab1aae9c7b22c5cd0a20a844a3599843394b9eb5a6d34,gx-no-cache=1457703400731 HTTP/1.1" 200 755
186.103.159.230 - - [11/Mar/2016:10:36:16 -0300] "GET /cormun/servlet/trautorizarsolicitud?5081b208ca13d7d93659a146789686f38a4f991ef57e78b6ccb0024e9ed957af2ab03531644c434ca91f404b3bfcd046dc884a029bc8a7fc400ce88c8a86c62b5fb1c27b50dc695b6a3dc753c6ea26485d13f518b6adb4bd19da6119af23ab9e,gx-no-cache=1457703401300 HTTP/1.1" 200 755
186.103.159.230 - - [11/Mar/2016:10:36:18 -0300] "GET /cormun/servlet/trautorizarsolicitud?5081b208ca13d7d93659a146789686f38a4f991ef57e78b6ccb0024e9ed957af861723b1eac1678758012a1a4d6629eeeabe752bb113976b010bfc94289e8addc3a6c56f23cd7ee5994ab1aae9c7b22c5cd0a20a844a3599843394b9eb5a6d34,gx-no-cache=1457703402621 HTTP/1.1" 200 755
186.103.240.224 - - [11/Mar/2016:10:36:21 -0300] "GET /cormun/servlet/solicitudot?INS,0,0, HTTP/1.1" 200 11412
186.103.240.224 - - [11/Mar/2016:10:36:24 -0300] "GET /cormun/servlet/solicitudot?INS,0,0, HTTP/1.1" 200 11417
186.103.240.224 - - [11/Mar/2016:10:36:40 -0300] "POST /cormun/servlet/solicitudot?gx-no-cache=1457703426915 HTTP/1.1" 200 2770
186.103.240.224 - - [11/Mar/2016:10:36:41 -0300] "POST /cormun/servlet/solicitudot?4a86d8bb899723642fbd34d568c7f199,INS,0,0,,gx-no-cache=1457703428067 HTTP/1.1" 200 8394
186.103.240.224 - - [11/Mar/2016:10:36:44 -0300] "GET /cormun/servlet/solicitudot?2ff93b36f7561e014303e40a33b69ee708b6c00edeadf3cac0b8a7de468115f23b7c95004d7250acacacc1ebed7819dd,gx-no-cache=1457703431728 HTTP/1.1" 200 30
186.103.240.224 - - [11/Mar/2016:10:36:44 -0300] "POST /cormun/servlet/solicitudot?gx-no-cache=1457703431934 HTTP/1.1" 200 30
186.103.159.230 - - [11/Mar/2016:10:36:45 -0300] "GET /cormun/servlet/trautorizarsolicitud?5081b208ca13d7d93659a146789686f3935e75daaf8dfa40d6937712825611cc861723b1eac1678758012a1a4d6629eeeabe752bb113976b010bfc94289e8addc3a6c56f23cd7ee5994ab1aae9c7b22c5cd0a20a844a3599843394b9eb5a6d34,gx-no-cache=1457703430135 HTTP/1.1" 200 755
186.103.240.224 - - [11/Mar/2016:10:36:51 -0300] "POST /cormun/servlet/solicitudot?gx-no-cache=1457703439058 HTTP/1.1" 200 30
186.103.159.230 - - [11/Mar/2016:10:36:56 -0300] "GET /cormun/servlet/trsolicitudadjuntos?2016,817, HTTP/1.1" 200 8090
186.103.159.230 - - [11/Mar/2016:10:36:57 -0300] "GET /cormun/servlet/trsolicitudadjuntos?2016,817, HTTP/1.1" 200 8088
186.103.240.224 - - [11/Mar/2016:10:37:10 -0300] "POST /cormun/servlet/solicitudot?gx-no-cache=1457703457895 HTTP/1.1" 200 1170
186.103.240.224 - - [11/Mar/2016:10:37:10 -0300] "GET /cormun/servlet/solicitudot?2ff93b36f7561e014303e40a33b69ee7dfae26fdf027c0187b0bcc9af55cbb5ff047fe5b2260b0729470a010de0a62c455f1e2a550ea979a8bfbc56257052017f601757532600ecf3be3d3b2803641dbf1468b1daee91dc07d36eebf360266b6ac79147ba16e5629bff7fea171725ae084e696ab76987ad40bfb44b44efcd83b9df4145c994ed6723f3b65b8992eaedf,gx-no-cache=1457703458114 HTTP/1.1" 200 38
186.103.159.230 - - [11/Mar/2016:10:37:16 -0300] "GET /cormun/servlet/solicitudotadjuntos?INS,2016,817,,2, HTTP/1.1" 200 5469
186.103.158.250 - - [11/Mar/2016:10:37:16 -0300] "GET /cormun/servlet/hlogin HTTP/1.1" 200 1720
186.103.159.230 - - [11/Mar/2016:10:37:16 -0300] "GET /cormun/servlet/solicitudotadjuntos?INS,2016,817,,2, HTTP/1.1" 200 5463
186.103.158.250 - - [11/Mar/2016:10:37:16 -0300] "GET /cormun/static/gxtimezone.js?85251 HTTP/1.1" 200 5781
186.103.158.250 - - [11/Mar/2016:10:37:16 -0300] "GET /cormun/static/gxcfg.js?20151120045111 HTTP/1.1" 200 953
186.103.158.250 - - [11/Mar/2016:10:37:17 -0300] "GET /cormun/static/Resources/Spanish/PXTools.css?005343 HTTP/1.1" 200 89042
186.103.158.250 - - [11/Mar/2016:10:37:17 -0300] "GET /cormun/static/hlogin.js?20151120045126 HTTP/1.1" 200 2136
186.103.158.250 - - [11/Mar/2016:10:37:17 -0300] "GET /cormun/static/messages.spa.js?85251 HTTP/1.1" 200 30736
186.103.158.250 - - [11/Mar/2016:10:37:17 -0300] "GET /cormun/static/Resources/ComunLogin.png HTTP/1.1" 200 17326
186.103.159.230 - - [11/Mar/2016:10:37:17 -0300] "GET /cormun/servlet/solicitudotadjuntos?9bd76176bb7aa01b2d309eb77842f52b861878f2e8d1e2759c1215c3a6820c6cdd5cf3550881f0ff0acf70c4869df596,gx-no-cache=1457703461625 HTTP/1.1" 200 30
186.103.159.230 - - [11/Mar/2016:10:37:17 -0300] "POST /cormun/servlet/solicitudotadjuntos?8d1b2cf19fd05ebc29eb562064229d1e,INS,2016,817,,2,,gx-no-cache=1457703461659 HTTP/1.1" 200 3557
186.103.158.250 - - [11/Mar/2016:10:37:17 -0300] "GET /cormun/static/gxgral.js?85251 HTTP/1.1" 200 384558
186.103.158.250 - - [11/Mar/2016:10:37:18 -0300] "GET /cormun/servlet/hlogin HTTP/1.1" 200 1731
186.103.158.250 - - [11/Mar/2016:10:37:18 -0300] "GET /cormun/static/Resources/indicator.gif HTTP/1.1" 200 1553
186.103.158.250 - - [11/Mar/2016:10:37:18 -0300] "GET /cormun/static/Resources/PXToolsLoginBackground.png HTTP/1.1" 200 1164
186.103.158.250 - - [11/Mar/2016:10:37:18 -0300] "GET /cormun/static/Resources/PXToolsLoginTop.png HTTP/1.1" 200 1337
186.103.158.250 - - [11/Mar/2016:10:37:18 -0300] "GET /cormun/static/Resources/PXToolsButtonRight21.png HTTP/1.1" 200 1283
186.103.158.250 - - [11/Mar/2016:10:37:18 -0300] "GET /cormun/static/Resources/PXToolsButtonLeft21.png HTTP/1.1" 200 1287
186.103.158.250 - - [11/Mar/2016:10:37:18 -0300] "GET /cormun/static/Resources/PXToolsButtonBackground2.png HTTP/1.1" 200 1181
186.103.158.250 - - [11/Mar/2016:10:37:18 -0300] "GET /cormun/static/Resources/PXToolsLoginBottom.png HTTP/1.1" 200 1389
186.103.158.250 - - [11/Mar/2016:10:37:19 -0300] "GET /favicon.ico HTTP/1.1" 200 21630
186.103.159.230 - - [11/Mar/2016:10:37:19 -0300] "GET /cormun/servlet/trsolicitudadjuntos?2016,817, HTTP/1.1" 200 8090
186.103.159.230 - - [11/Mar/2016:10:37:19 -0300] "GET /cormun/servlet/trsolicitudadjuntos?2016,817, HTTP/1.1" 200 8088
186.103.159.230 - - [11/Mar/2016:10:37:20 -0300] "GET /cormun/servlet/solicitudotadjuntos?INS,2016,817,,1, HTTP/1.1" 200 5469
186.103.159.230 - - [11/Mar/2016:10:37:21 -0300] "GET /cormun/servlet/solicitudotadjuntos?INS,2016,817,,1, HTTP/1.1" 200 5463
186.103.240.224 - - [11/Mar/2016:10:37:21 -0300] "GET /cormun/servlet/solicitudot?2ff93b36f7561e014303e40a33b69ee7c1e2b715fe66566276888d069d902aca8e553ae4fa6519ef14f8b7af9f760f35662a23070b18c19760890e7c9fb8a7c9bff5a5c409695ff7f32ca5cd119bb920068b1fdb5f06c0c37d68cbce8be4bf40f95218520ecf15e60e963d5927b13863ae35078d2242f0497037f745f0787dd15f1a5ec537056a4c5e7ec10be72366ca1579add1acc30e037795dd0ab8bdca90a8bb4763b9ab2f74222dac94e0bafaf7ad2d872a6948d2b71f11b325eb5ee51d90a5ff6431134c1c8e8a895771b3f142,gx-no-cache=1457703468798 HTTP/1.1" 200 29
186.103.159.230 - - [11/Mar/2016:10:37:21 -0300] "GET /cormun/servlet/solicitudotadjuntos?9bd76176bb7aa01b2d309eb77842f52b861878f2e8d1e2759c1215c3a6820c6cdd5cf3550881f0ff0acf70c4869df596,gx-no-cache=1457703466264 HTTP/1.1" 200 30
186.103.159.230 - - [11/Mar/2016:10:37:21 -0300] "POST /cormun/servlet/solicitudotadjuntos?8d1b2cf19fd05ebc29eb562064229d1e,INS,2016,817,,1,,gx-no-cache=1457703466330 HTTP/1.1" 200 3343
186.103.159.230 - - [11/Mar/2016:10:37:22 -0300] "GET /cormun/servlet/trsolicitudadjuntos?2016,817, HTTP/1.1" 200 8090
186.103.159.230 - - [11/Mar/2016:10:37:23 -0300] "GET /cormun/servlet/trsolicitudadjuntos?2016,817, HTTP/1.1" 200 8088
186.103.159.230 - - [11/Mar/2016:10:37:24 -0300] "GET /cormun/servlet/solicitudotadjuntos?INS,2016,817,,1, HTTP/1.1" 200 5469
186.103.159.230 - - [11/Mar/2016:10:37:24 -0300] "GET /cormun/servlet/solicitudotadjuntos?INS,2016,817,,1, HTTP/1.1" 200 5463
186.103.159.230 - - [11/Mar/2016:10:37:25 -0300] "GET /cormun/servlet/solicitudotadjuntos?9bd76176bb7aa01b2d309eb77842f52b861878f2e8d1e2759c1215c3a6820c6cdd5cf3550881f0ff0acf70c4869df596,gx-no-cache=1457703469738 HTTP/1.1" 200 30
186.103.159.230 - - [11/Mar/2016:10:37:25 -0300] "POST /cormun/servlet/solicitudotadjuntos?8d1b2cf19fd05ebc29eb562064229d1e,INS,2016,817,,1,,gx-no-cache=1457703469778 HTTP/1.1" 200 3343
186.103.240.224 - - [11/Mar/2016:10:37:25 -0300] "POST /cormun/servlet/solicitudot?gx-no-cache=1457703472964 HTTP/1.1" 200 1127
186.103.159.230 - - [11/Mar/2016:10:37:26 -0300] "GET /cormun/servlet/trsolicitudadjuntos?2016,817, HTTP/1.1" 200 8090
186.103.159.230 - - [11/Mar/2016:10:37:26 -0300] "GET /cormun/servlet/trsolicitudadjuntos?2016,817, HTTP/1.1" 200 8088
186.103.159.230 - - [11/Mar/2016:10:37:27 -0300] "GET /cormun/servlet/solicitudotadjuntos?INS,2016,817,,1, HTTP/1.1" 200 5469
186.103.159.230 - - [11/Mar/2016:10:37:28 -0300] "GET /cormun/servlet/solicitudotadjuntos?INS,2016,817,,1, HTTP/1.1" 200 5463
186.103.159.230 - - [11/Mar/2016:10:37:28 -0300] "GET /cormun/servlet/solicitudotadjuntos?9bd76176bb7aa01b2d309eb77842f52b861878f2e8d1e2759c1215c3a6820c6cdd5cf3550881f0ff0acf70c4869df596,gx-no-cache=1457703473121 HTTP/1.1" 200 30
186.103.159.230 - - [11/Mar/2016:10:37:28 -0300] "POST /cormun/servlet/solicitudotadjuntos?8d1b2cf19fd05ebc29eb562064229d1e,INS,2016,817,,1,,gx-no-cache=1457703473162 HTTP/1.1" 200 3343
186.103.159.230 - - [11/Mar/2016:10:37:29 -0300] "GET /cormun/servlet/trsolicitudadjuntos?2016,817, HTTP/1.1" 200 8086
186.103.159.230 - - [11/Mar/2016:10:37:30 -0300] "GET /cormun/servlet/trsolicitudadjuntos?2016,817, HTTP/1.1" 200 8088
186.103.159.230 - - [11/Mar/2016:10:37:31 -0300] "GET /cormun/servlet/trsolicitudot? HTTP/1.1" 200 7482
186.103.159.230 - - [11/Mar/2016:10:37:31 -0300] "GET /cormun/servlet/trsolicitudot? HTTP/1.1" 200 7478
186.103.159.230 - - [11/Mar/2016:10:37:36 -0300] "POST /cormun/servlet/trsolicitudot?8d1b2cf19fd05ebc29eb562064229d1e,,gx-no-cache=1457703480641 HTTP/1.1" 200 4903
186.103.159.230 - - [11/Mar/2016:10:37:36 -0300] "POST /cormun/servlet/trsolicitudot?8d1b2cf19fd05ebc29eb562064229d1e,,gx-no-cache=1457703480776 HTTP/1.1" 200 4903
186.103.159.230 - - [11/Mar/2016:10:37:36 -0300] "POST /cormun/servlet/trsolicitudot?8d1b2cf19fd05ebc29eb562064229d1e,,gx-no-cache=1457703480891 HTTP/1.1" 200 4903
186.103.159.230 - - [11/Mar/2016:10:37:36 -0300] "POST /cormun/servlet/trsolicitudot?8d1b2cf19fd05ebc29eb562064229d1e,,gx-no-cache=1457703481031 HTTP/1.1" 200 4902
186.103.159.230 - - [11/Mar/2016:10:37:36 -0300] "POST /cormun/servlet/trsolicitudot?8d1b2cf19fd05ebc29eb562064229d1e,,gx-no-cache=1457703481187 HTTP/1.1" 200 4903
186.103.159.230 - - [11/Mar/2016:10:37:36 -0300] "POST /cormun/servlet/trsolicitudot?8d1b2cf19fd05ebc29eb562064229d1e,,gx-no-cache=1457703481330 HTTP/1.1" 200 4903
186.103.158.250 - - [11/Mar/2016:10:37:36 -0300] "POST /cormun/servlet/hlogin?3ff6447733a43dda91f3b3248afdc7d5,gx-no-cache=1457703405102 HTTP/1.1" 200 90
186.103.158.250 - - [11/Mar/2016:10:37:37 -0300] "GET /cormun/servlet/hpexe_link HTTP/1.1" 200 954
186.103.159.230 - - [11/Mar/2016:10:37:37 -0300] "POST /cormun/servlet/trsolicitudot?8d1b2cf19fd05ebc29eb562064229d1e,,gx-no-cache=1457703481467 HTTP/1.1" 200 4904
186.103.158.250 - - [11/Mar/2016:10:37:37 -0300] "GET /cormun/static/gxcfg.js?20151120044395 HTTP/1.1" 200 953
186.103.158.250 - - [11/Mar/2016:10:37:37 -0300] "GET /cormun/static/hpexe_link.js?20151120044398 HTTP/1.1" 200 625
186.103.158.250 - - [11/Mar/2016:10:37:37 -0300] "GET /cormun/servlet/hhome HTTP/1.1" 200 3414
186.103.159.230 - - [11/Mar/2016:10:37:37 -0300] "POST /cormun/servlet/trsolicitudot?8d1b2cf19fd05ebc29eb562064229d1e,,gx-no-cache=1457703481633 HTTP/1.1" 200 3629
186.103.158.250 - - [11/Mar/2016:10:37:37 -0300] "GET /cormun/static/Resources/Spanish/PXTools.css?10515224 HTTP/1.1" 200 89042
186.103.158.250 - - [11/Mar/2016:10:37:37 -0300] "GET /cormun/static/Shared/jqueryui/jquery-ui.min.css?1345370 HTTP/1.1" 200 30288
186.103.158.250 - - [11/Mar/2016:10:37:37 -0300] "GET /cormun/static/SmoothNavMenu/resources/ddsmoothmenu.css?1112540 HTTP/1.1" 200 2223
186.103.158.250 - - [11/Mar/2016:10:37:37 -0300] "GET /cormun/static/SmoothNavMenu/resources/ddsmoothmenu-v.css?1112540 HTTP/1.1" 200 1188
186.103.158.250 - - [11/Mar/2016:10:37:37 -0300] "GET /cormun/static/scaMessage/css/jquery.pnotify.default.css?1816380 HTTP/1.1" 200 1707
186.103.158.250 - - [11/Mar/2016:10:37:37 -0300] "GET /cormun/static/gxcfg.js?2015112210564248 HTTP/1.1" 200 953
186.103.158.250 - - [11/Mar/2016:10:37:37 -0300] "GET /cormun/static/PXToolsJavascripts/pexe_autoreload.js HTTP/1.1" 200 1762
186.103.158.250 - - [11/Mar/2016:10:37:37 -0300] "GET /cormun/static/PXToolsJavascripts/pexe_cookies.js HTTP/1.1" 200 792
186.103.158.250 - - [11/Mar/2016:10:37:37 -0300] "GET /cormun/static/PXToolsJavascripts/pexe_windows.js HTTP/1.1" 200 15207
186.103.159.230 - - [11/Mar/2016:10:37:37 -0300] "POST /cormun/servlet/trsolicitudot?8d1b2cf19fd05ebc29eb562064229d1e,,gx-no-cache=1457703481858 HTTP/1.1" 200 3479
186.103.158.250 - - [11/Mar/2016:10:37:37 -0300] "GET /cormun/static/PXToolsJavascripts/pexe_griddivfix.js HTTP/1.1" 200 6644
186.103.158.250 - - [11/Mar/2016:10:37:37 -0300] "GET /cormun/static/PXToolsJavascripts/pexe_grid.js HTTP/1.1" 200 7559
186.103.158.250 - - [11/Mar/2016:10:37:37 -0300] "GET /cormun/static/PXToolsJavascripts/pexe_link.js HTTP/1.1" 200 5671
186.103.158.250 - - [11/Mar/2016:10:37:37 -0300] "GET /cormun/static/PXToolsJavascripts/pexe_menudivfix.js HTTP/1.1" 200 333
186.103.158.250 - - [11/Mar/2016:10:37:37 -0300] "GET /cormun/static/PXToolsJavascripts/pexe_menus.js HTTP/1.1" 200 1286
186.103.158.250 - - [11/Mar/2016:10:37:37 -0300] "GET /cormun/static/PXToolsJavascripts/pexe_layers.js HTTP/1.1" 200 4114
186.103.158.250 - - [11/Mar/2016:10:37:37 -0300] "GET /cormun/static/PXToolsJavascripts/pexe_oav.js HTTP/1.1" 200 645
186.103.158.250 - - [11/Mar/2016:10:37:37 -0300] "GET /cormun/static/PXToolsJavascripts/pexe_picture.js HTTP/1.1" 200 689
186.103.158.250 - - [11/Mar/2016:10:37:37 -0300] "GET /cormun/static/PXToolsJavascripts/pexe_oavdivfix.js HTTP/1.1" 200 639
186.103.158.250 - - [11/Mar/2016:10:37:37 -0300] "GET /cormun/static/PXToolsJavascripts/pexe_popup.js HTTP/1.1" 200 13458
186.103.158.250 - - [11/Mar/2016:10:37:37 -0300] "GET /cormun/static/PXToolsJavascripts/pexe_tabdivfix.js HTTP/1.1" 200 876
186.103.158.250 - - [11/Mar/2016:10:37:37 -0300] "GET /cormun/static/PXToolsJavascripts/pexe_scrolldiv.js HTTP/1.1" 200 4138
186.103.158.250 - - [11/Mar/2016:10:37:37 -0300] "GET /cormun/static/PXToolsJavascripts/pexe_tabs.js HTTP/1.1" 200 3748
186.103.158.250 - - [11/Mar/2016:10:37:37 -0300] "GET /cormun/static/PXToolsJavascripts/pexe_upload.js HTTP/1.1" 200 1423
186.103.158.250 - - [11/Mar/2016:10:37:37 -0300] "GET /cormun/static/PXToolsJavascripts/PXToolsJavascriptsRender.js HTTP/1.1" 200 367
186.103.158.250 - - [11/Mar/2016:10:37:37 -0300] "GET /cormun/static/Resources/logo4.png HTTP/1.1" 200 6582
186.103.158.250 - - [11/Mar/2016:10:37:37 -0300] "GET /cormun/static/Resources/PXToolsHeaderActionsLeft.png HTTP/1.1" 200 1118
186.103.158.250 - - [11/Mar/2016:10:37:37 -0300] "GET /cormun/static/Resources/PXToolsHeaderHome.png HTTP/1.1" 200 4147
186.103.158.250 - - [11/Mar/2016:10:37:37 -0300] "GET /cormun/static/Resources/PXToolsHeaderPreferences.png HTTP/1.1" 200 4189
186.103.158.250 - - [11/Mar/2016:10:37:37 -0300] "GET /cormun/static/Resources/PXToolsHeaderLogin.png HTTP/1.1" 200 4279
186.103.158.250 - - [11/Mar/2016:10:37:37 -0300] "GET /cormun/static/Resources/PXToolsHeaderActionsRight.png HTTP/1.1" 200 1201
186.103.158.250 - - [11/Mar/2016:10:37:37 -0300] "GET /cormun/static/Resources/PXToolsHeaderSecurity.png HTTP/1.1" 200 4166
186.103.158.250 - - [11/Mar/2016:10:37:37 -0300] "GET /cormun/static/RunJS/RunJS.js HTTP/1.1" 200 288
186.103.158.250 - - [11/Mar/2016:10:37:38 -0300] "GET /cormun/static/Shared/ext/locale/ext-lang-en.js HTTP/1.1" 200 10940
186.103.158.250 - - [11/Mar/2016:10:37:38 -0300] "GET /cormun/static/hhome.js?2015112210564255 HTTP/1.1" 200 777
186.103.158.250 - - [11/Mar/2016:10:37:38 -0300] "GET /cormun/static/hwchdr01.js?20162241650484 HTTP/1.1" 200 1183
186.103.158.250 - - [11/Mar/2016:10:37:38 -0300] "GET /cormun/static/hpexe_recentlink.js?2015111312121342 HTTP/1.1" 200 2144
186.103.158.250 - - [11/Mar/2016:10:37:38 -0300] "GET /cormun/static/gxui/gxui-all.js HTTP/1.1" 200 107772
186.103.158.250 - - [11/Mar/2016:10:37:38 -0300] "GET /cormun/static/hpexe_scripts.js?20151120014546 HTTP/1.1" 200 1544
186.103.158.250 - - [11/Mar/2016:10:37:38 -0300] "GET /cormun/static/hpexe_messagegenexuscomponent.js?20151120014314 HTTP/1.1" 200 587
186.103.158.250 - - [11/Mar/2016:10:37:38 -0300] "GET /cormun/static/hpexe_messagepopupcomponent.js?20163219454551 HTTP/1.1" 200 605
186.103.158.250 - - [11/Mar/2016:10:37:38 -0300] "GET /cormun/static/hpexe_messagecontroller.js?2015112210524422 HTTP/1.1" 200 870
186.103.158.250 - - [11/Mar/2016:10:37:38 -0300] "GET /cormun/static/cmcontrolpreferences.js?20151120014525 HTTP/1.1" 200 1375
186.103.158.250 - - [11/Mar/2016:10:37:38 -0300] "GET /cormun/static/Shared/jquery/jquery-1.4.2.min.js HTTP/1.1" 200 72174
186.103.158.250 - - [11/Mar/2016:10:37:38 -0300] "GET /cormun/static/SmoothNavMenu/resources/ddsmoothmenu.js HTTP/1.1" 200 12712
186.103.158.250 - - [11/Mar/2016:10:37:38 -0300] "GET /cormun/static/SmoothNavMenu/resources/SmoothNavMenuRender.js HTTP/1.1" 200 5951
186.103.158.250 - - [11/Mar/2016:10:37:38 -0300] "GET /cormun/static/scaMessage/js/jquery.pnotify.min.js HTTP/1.1" 200 13038
186.103.158.250 - - [11/Mar/2016:10:37:38 -0300] "GET /cormun/static/scaMessage/scaMessageRender.js HTTP/1.1" 200 11977
186.103.158.250 - - [11/Mar/2016:10:37:38 -0300] "GET /cormun/static/hmpwkw03.js?2016311993330 HTTP/1.1" 200 3898
186.103.158.250 - - [11/Mar/2016:10:37:38 -0300] "GET /cormun/static/Resources/PXToolsDataTitle.png HTTP/1.1" 200 1173
186.103.158.250 - - [11/Mar/2016:10:37:38 -0300] "GET /cormun/static/Resources/PXToolsHeaderActionsBackground.png HTTP/1.1" 200 484
186.103.158.250 - - [11/Mar/2016:10:37:39 -0300] "GET /cormun/static/Resources/PXToolsHeaderBackground2.png HTTP/1.1" 200 1174
186.103.158.250 - - [11/Mar/2016:10:37:39 -0300] "GET /cormun/static/Resources/PXToolsFooterBackground2.png HTTP/1.1" 200 1172
186.103.158.250 - - [11/Mar/2016:10:37:39 -0300] "GET /cormun/static/Shared/jqueryui/jquery-ui.min.js HTTP/1.1" 200 240427
186.103.158.250 - - [11/Mar/2016:10:37:39 -0300] "GET /cormun/static/Shared/jquery/jquery-1.10.2.min.js HTTP/1.1" 200 273199
186.103.158.250 - - [11/Mar/2016:10:37:40 -0300] "GET /cormun/static/Shared/ext/ext-all.js HTTP/1.1" 200 1289687
186.103.240.224 - - [11/Mar/2016:10:37:42 -0300] "GET /cormun/servlet/solicitudot?2ff93b36f7561e014303e40a33b69ee7515a1a6b0c8e84e99fa5d3392a4c3ce1aff6126e57b0297af3f205b4b850e75e29126837e410ca55a61dc687e2db175a5b99e29b176b746c85fadb277af4383a737b38da16958002c4fa428938d2d5107867e1764c9b25c1584da4c6daca1d04dfd3e0142ede2609d7ba137bd469446999e812bd3ee4638343a7566593ed1ed6bfa560e35ba7875a20728fc7e6501e0084f56b4f6f1a588921d7847e0923f1e7,gx-no-cache=1457703489466 HTTP/1.1" 200 30
186.103.158.250 - - [11/Mar/2016:10:37:42 -0300] "GET /cormun/static/SmoothNavMenu/resources/images/down.gif HTTP/1.1" 200 854
186.103.158.250 - - [11/Mar/2016:10:37:51 -0300] "GET /cormun/servlet/trvisualizadoreventos? HTTP/1.1" 200 5925
186.103.158.250 - - [11/Mar/2016:10:37:51 -0300] "GET /cormun/static/calendar-system.css?85620 HTTP/1.1" 200 5572
186.103.158.250 - - [11/Mar/2016:10:37:51 -0300] "GET /cormun/static/gxui/gxui-all.css?120300 HTTP/1.1" 200 2179
186.103.158.250 - - [11/Mar/2016:10:37:51 -0300] "GET /cormun/static/Resources/Spanish/PXTools.css?17554516 HTTP/1.1" 200 89042
186.103.158.250 - - [11/Mar/2016:10:37:51 -0300] "GET /cormun/static/gxcfg.js?2016251828014 HTTP/1.1" 200 953
186.103.158.250 - - [11/Mar/2016:10:37:51 -0300] "GET /cormun/static/calendar.js?85251 HTTP/1.1" 200 26246
186.103.158.250 - - [11/Mar/2016:10:37:51 -0300] "GET /cormun/static/calendar-setup.js?85251 HTTP/1.1" 200 2588
186.103.158.250 - - [11/Mar/2016:10:37:51 -0300] "GET /cormun/static/calendar-es.js?85251 HTTP/1.1" 200 1901
186.103.158.250 - - [11/Mar/2016:10:37:51 -0300] "GET /cormun/static/Resources/PXTools/calendar.png HTTP/1.1" 200 1306
186.103.158.250 - - [11/Mar/2016:10:37:51 -0300] "GET /cormun/static/Resources/PXToolsDataSearch.png HTTP/1.1" 200 419
186.103.158.250 - - [11/Mar/2016:10:37:51 -0300] "GET /cormun/static/Resources/PXToolsGridPrevious.gif HTTP/1.1" 200 369
186.103.158.250 - - [11/Mar/2016:10:37:51 -0300] "GET /cormun/static/Resources/PXToolsGridNext.gif HTTP/1.1" 200 369
186.103.158.250 - - [11/Mar/2016:10:37:51 -0300] "GET /cormun/static/Resources/PXToolsGridFirst.gif HTTP/1.1" 200 379
186.103.158.250 - - [11/Mar/2016:10:37:51 -0300] "GET /cormun/static/Resources/PXToolsGridLast.gif HTTP/1.1" 200 370
186.103.158.250 - - [11/Mar/2016:10:37:51 -0300] "GET /cormun/static/Resources/PXToolsActionPrint.png HTTP/1.1" 200 3317
186.103.158.250 - - [11/Mar/2016:10:37:51 -0300] "GET /cormun/static/Resources/PXToolsActionExcel.png HTTP/1.1" 200 3187
186.103.158.250 - - [11/Mar/2016:10:37:51 -0300] "GET /cormun/static/gxdec.js?85251 HTTP/1.1" 200 19579
186.103.158.250 - - [11/Mar/2016:10:37:51 -0300] "GET /cormun/static/trvisualizadoreventos.js?2016251828276 HTTP/1.1" 200 19096
186.103.158.250 - - [11/Mar/2016:10:37:51 -0300] "GET /cormun/static/Shared/ext/resources/css/ext-all.css?215870 HTTP/1.1" 200 416045
186.103.240.224 - - [11/Mar/2016:10:37:52 -0300] "POST /cormun/servlet/solicitudot?4a86d8bb899723642fbd34d568c7f199,INS,0,0,,gx-no-cache=1457703499833 HTTP/1.1" 200 93
186.103.240.224 - - [11/Mar/2016:10:37:53 -0300] "GET /cormun/servlet/hpexe_return? HTTP/1.1" 200 1005
186.103.158.250 - - [11/Mar/2016:10:37:53 -0300] "GET /cormun/static/Resources/desc.gif HTTP/1.1" 200 65
186.103.158.250 - - [11/Mar/2016:10:37:53 -0300] "GET /cormun/static/Resources/asc.gif HTTP/1.1" 200 67
186.103.240.224 - - [11/Mar/2016:10:37:53 -0300] "GET /cormun/servlet/trsolicitudot HTTP/1.1" 200 8108
186.103.158.250 - - [11/Mar/2016:10:37:53 -0300] "GET /cormun/static/Shared/ext/resources/themes/images/default/tools/tool-sprites.gif HTTP/1.1" 200 5434
186.103.158.250 - - [11/Mar/2016:10:37:53 -0300] "GET /cormun/static/Shared/ext/resources/themes/images/default/panel/bg-headersPanel.png HTTP/1.1" 200 255
186.103.240.224 - - [11/Mar/2016:10:37:55 -0300] "GET /cormun/servlet/trsolicitudot HTTP/1.1" 200 8104
186.103.158.250 - - [11/Mar/2016:10:37:59 -0300] "GET /cormun/static/menuarrow.gif HTTP/1.1" 404 1015
186.103.158.250 - - [11/Mar/2016:10:38:03 -0300] "GET /cormun/servlet/trvisualizadoreventos?ab149e1640842d802868cc515b34ee25ee42cc50ed139085b43c321e6c2722e9fabe582ce9d0fce60384e294d927d43f3df8baf3f67323f4f8a40327eface9eb1019bc95a360a5d470e92370b46dcc571ab5ea9784815e177c7cdc614daf56dab93dc41fc5dc2e88b8911e182f8c08508c6b4596a6273774aaf60666d254a32691e6a5bee5a4f0fd524cb6a90eb4e29d495a142b4d25c7c8be4ebc704e9220013254382286c72ce7581d171ab664051b7875acbf6232ac1918c4d18991a4b77d,gx-no-cache=1457703431284 HTTP/1.1" 200 567
186.103.158.250 - - [11/Mar/2016:10:38:05 -0300] "POST /cormun/servlet/trvisualizadoreventos?3ff6447733a43dda91f3b3248afdc7d5,,gx-no-cache=1457703433117 HTTP/1.1" 200 3330
186.103.240.224 - - [11/Mar/2016:10:38:05 -0300] "GET /cormun/servlet/solicitudot?INS,0,0, HTTP/1.1" 200 11412
186.103.158.250 - - [11/Mar/2016:10:38:05 -0300] "POST /cormun/servlet/trvisualizadoreventos?3ff6447733a43dda91f3b3248afdc7d5,,gx-no-cache=1457703433610 HTTP/1.1" 200 3330
186.103.158.250 - - [11/Mar/2016:10:38:06 -0300] "POST /cormun/servlet/trvisualizadoreventos?3ff6447733a43dda91f3b3248afdc7d5,,gx-no-cache=1457703434213 HTTP/1.1" 200 3330
186.103.158.250 - - [11/Mar/2016:10:38:06 -0300] "POST /cormun/servlet/trvisualizadoreventos?3ff6447733a43dda91f3b3248afdc7d5,,gx-no-cache=1457703434931 HTTP/1.1" 200 3330
186.103.240.224 - - [11/Mar/2016:10:38:07 -0300] "GET /cormun/servlet/solicitudot?INS,0,0, HTTP/1.1" 200 11417
186.103.158.250 - - [11/Mar/2016:10:38:10 -0300] "POST /cormun/servlet/trvisualizadoreventos?3ff6447733a43dda91f3b3248afdc7d5,,gx-no-cache=1457703435794 HTTP/1.1" 200 3330
186.103.158.250 - - [11/Mar/2016:10:38:12 -0300] "POST /cormun/servlet/trvisualizadoreventos?3ff6447733a43dda91f3b3248afdc7d5,,gx-no-cache=1457703440760 HTTP/1.1" 200 3330
186.103.158.250 - - [11/Mar/2016:10:38:14 -0300] "POST /cormun/servlet/trvisualizadoreventos?3ff6447733a43dda91f3b3248afdc7d5,,gx-no-cache=1457703442844 HTTP/1.1" 200 3330
186.103.159.230 - - [11/Mar/2016:10:38:21 -0300] "GET /cormun/servlet/trautorizarsolicitud? HTTP/1.1" 200 7429
186.103.159.230 - - [11/Mar/2016:10:38:21 -0300] "GET /cormun/servlet/trautorizarsolicitud? HTTP/1.1" 200 7429
186.103.240.224 - - [11/Mar/2016:10:38:26 -0300] "POST /cormun/servlet/solicitudot?gx-no-cache=1457703533556 HTTP/1.1" 200 2781
186.103.240.224 - - [11/Mar/2016:10:38:26 -0300] "POST /cormun/servlet/solicitudot?4a86d8bb899723642fbd34d568c7f199,INS,0,0,,gx-no-cache=1457703534001 HTTP/1.1" 200 8403
186.103.158.250 - - [11/Mar/2016:10:38:30 -0300] "GET /cormun/servlet/trsolicitudot? HTTP/1.1" 200 6169
186.103.158.250 - - [11/Mar/2016:10:38:30 -0300] "GET /cormun/static/Resources/Spanish/PXTools.css?18502099 HTTP/1.1" 200 89042
186.103.158.250 - - [11/Mar/2016:10:38:30 -0300] "GET /cormun/static/gxcfg.js?201631185636 HTTP/1.1" 200 953
186.103.158.250 - - [11/Mar/2016:10:38:30 -0300] "GET /cormun/static/Resources/PXToolsGridNew.png HTTP/1.1" 200 2949
186.103.158.250 - - [11/Mar/2016:10:38:30 -0300] "GET /cormun/static/trsolicitudot.js?2016311856838 HTTP/1.1" 200 45326
186.103.159.230 - - [11/Mar/2016:10:38:31 -0300] "POST /cormun/servlet/trautorizarsolicitud?8d1b2cf19fd05ebc29eb562064229d1e,,gx-no-cache=1457703535680 HTTP/1.1" 200 4879
186.103.159.230 - - [11/Mar/2016:10:38:31 -0300] "POST /cormun/servlet/trautorizarsolicitud?8d1b2cf19fd05ebc29eb562064229d1e,,gx-no-cache=1457703535833 HTTP/1.1" 200 4879
186.103.159.230 - - [11/Mar/2016:10:38:31 -0300] "POST /cormun/servlet/trautorizarsolicitud?8d1b2cf19fd05ebc29eb562064229d1e,,gx-no-cache=1457703535955 HTTP/1.1" 200 4879
186.103.159.230 - - [11/Mar/2016:10:38:31 -0300] "POST /cormun/servlet/trautorizarsolicitud?8d1b2cf19fd05ebc29eb562064229d1e,,gx-no-cache=1457703536087 HTTP/1.1" 200 4878
186.103.159.230 - - [11/Mar/2016:10:38:31 -0300] "POST /cormun/servlet/trautorizarsolicitud?8d1b2cf19fd05ebc29eb562064229d1e,,gx-no-cache=1457703536241 HTTP/1.1" 200 4879
186.103.159.230 - - [11/Mar/2016:10:38:32 -0300] "POST /cormun/servlet/trautorizarsolicitud?8d1b2cf19fd05ebc29eb562064229d1e,,gx-no-cache=1457703536393 HTTP/1.1" 200 4879
186.103.159.230 - - [11/Mar/2016:10:38:32 -0300] "POST /cormun/servlet/trautorizarsolicitud?8d1b2cf19fd05ebc29eb562064229d1e,,gx-no-cache=1457703536572 HTTP/1.1" 200 4879
186.103.159.230 - - [11/Mar/2016:10:38:32 -0300] "POST /cormun/servlet/trautorizarsolicitud?8d1b2cf19fd05ebc29eb562064229d1e,,gx-no-cache=1457703536745 HTTP/1.1" 200 3601
186.103.159.230 - - [11/Mar/2016:10:38:32 -0300] "POST /cormun/servlet/trautorizarsolicitud?8d1b2cf19fd05ebc29eb562064229d1e,,gx-no-cache=1457703536886 HTTP/1.1" 200 3456
186.103.240.224 - - [11/Mar/2016:10:38:32 -0300] "GET /cormun/servlet/solicitudot?2ff93b36f7561e014303e40a33b69ee77652dbfb68ea2cecc1c78d52ab12efd93b7c95004d7250acacacc1ebed7819dd,gx-no-cache=1457703539876 HTTP/1.1" 200 30
186.103.240.224 - - [11/Mar/2016:10:38:32 -0300] "POST /cormun/servlet/solicitudot?gx-no-cache=1457703540165 HTTP/1.1" 200 30
186.103.158.250 - - [11/Mar/2016:10:38:37 -0300] "POST /cormun/servlet/trsolicitudot?3ff6447733a43dda91f3b3248afdc7d5,,gx-no-cache=1457703465626 HTTP/1.1" 200 3480
186.103.158.250 - - [11/Mar/2016:10:38:38 -0300] "POST /cormun/servlet/trsolicitudot?3ff6447733a43dda91f3b3248afdc7d5,,gx-no-cache=1457703466121 HTTP/1.1" 200 3481
186.103.158.250 - - [11/Mar/2016:10:38:38 -0300] "POST /cormun/servlet/trsolicitudot?3ff6447733a43dda91f3b3248afdc7d5,,gx-no-cache=1457703466700 HTTP/1.1" 200 3481
186.103.158.250 - - [11/Mar/2016:10:38:39 -0300] "POST /cormun/servlet/trsolicitudot?3ff6447733a43dda91f3b3248afdc7d5,,gx-no-cache=1457703467411 HTTP/1.1" 200 3481
186.103.158.250 - - [11/Mar/2016:10:38:40 -0300] "POST /cormun/servlet/trsolicitudot?3ff6447733a43dda91f3b3248afdc7d5,,gx-no-cache=1457703468310 HTTP/1.1" 200 3481
186.103.158.250 - - [11/Mar/2016:10:38:41 -0300] "POST /cormun/servlet/trsolicitudot?3ff6447733a43dda91f3b3248afdc7d5,,gx-no-cache=1457703469326 HTTP/1.1" 200 3480
186.103.240.224 - - [11/Mar/2016:10:38:41 -0300] "POST /cormun/servlet/solicitudot?gx-no-cache=1457703548911 HTTP/1.1" 200 30
186.103.158.250 - - [11/Mar/2016:10:38:42 -0300] "POST /cormun/servlet/trsolicitudot?3ff6447733a43dda91f3b3248afdc7d5,,gx-no-cache=1457703470493 HTTP/1.1" 200 3480
186.103.240.224 - - [11/Mar/2016:10:38:43 -0300] "GET /cormun/servlet/prcontratosol?14331834,,,,,MD,,gxPopupLevel%3D0%3B HTTP/1.1" 200 5670
186.103.240.224 - - [11/Mar/2016:10:38:49 -0300] "POST /cormun/servlet/solicitudot?gx-no-cache=1457703556356 HTTP/1.1" 200 1171
186.103.240.224 - - [11/Mar/2016:10:38:49 -0300] "GET /cormun/servlet/solicitudot?2ff93b36f7561e014303e40a33b69ee7dfae26fdf027c0187b0bcc9af55cbb5ff047fe5b2260b0729470a010de0a62c455f1e2a550ea979a8bfbc56257052017f601757532600ecf3be3d3b2803641dbf1468b1daee91dc07d36eebf360266b6ac79147ba16e5629bff7fea171725ae084e696ab76987ad40bfb44b44efcd83b9df4145c994ed6723f3b65b8992eaedf,gx-no-cache=1457703556575 HTTP/1.1" 200 38
186.103.240.224 - - [11/Mar/2016:10:38:49 -0300] "GET /cormun/servlet/solicitudot?2ff93b36f7561e014303e40a33b69ee7c1e2b715fe66566276888d069d902aca8e553ae4fa6519ef14f8b7af9f760f35b81468a475d56a559a101399e5b30768bff5a5c409695ff7f32ca5cd119bb920068b1fdb5f06c0c37d68cbce8be4bf40f95218520ecf15e60e963d5927b13863ae35078d2242f0497037f745f0787dd15f1a5ec537056a4c5e7ec10be72366ca1579add1acc30e037795dd0ab8bdca90a8bb4763b9ab2f74222dac94e0bafaf7ad2d872a6948d2b71f11b325eb5ee51d90a5ff6431134c1c8e8a895771b3f142,gx-no-cache=1457703556729 HTTP/1.1" 200 29
186.103.240.224 - - [11/Mar/2016:10:38:49 -0300] "POST /cormun/servlet/solicitudot?gx-no-cache=1457703556852 HTTP/1.1" 200 1128
186.103.158.250 - - [11/Mar/2016:10:38:53 -0300] "POST /cormun/servlet/trsolicitudot?3ff6447733a43dda91f3b3248afdc7d5,,gx-no-cache=1457703471860 HTTP/1.1" 200 3480
186.103.158.250 - - [11/Mar/2016:10:39:01 -0300] "GET /cormun/Manuales/manual.pdf HTTP/1.1" 200 850295
186.103.240.224 - - [11/Mar/2016:10:39:11 -0300] "GET /cormun/servlet/solicitudot?2ff93b36f7561e014303e40a33b69ee7c1e2b715fe66566276888d069d902aca8e553ae4fa6519ef14f8b7af9f760f35662a23070b18c19760890e7c9fb8a7c9bff5a5c409695ff7f32ca5cd119bb920068b1fdb5f06c0c37d68cbce8be4bf40f95218520ecf15e60e963d5927b13863ae35078d2242f0497037f745f0787dd15f1a5ec537056a4c5e7ec10be72366ca1579add1acc30e037795dd0ab8bdca90a8bb4763b9ab2f74222dac94e0bafaf7ad2d872a6948d2b71f11b325eb5ee51d90a5ff6431134c1c8e8a895771b3f142,gx-no-cache=1457703578872 HTTP/1.1" 200 29
186.103.240.224 - - [11/Mar/2016:10:39:23 -0300] "GET /cormun/servlet/solicitudot?2ff93b36f7561e014303e40a33b69ee7b16718db09b2c0fa2900c7fa961153b328c20c3dbc539e90a2ee82592933cfc2a72bc062a97b72d7add0899d467fb357ed80dd9305ea7c7705eaa874136ac20849bb884347108af04e84eaac46d469534759b967d42c2bb9e9815f8ea6a76fadfc221ae15b0896eea797f6cfb7b4bab1b0be9645dd6f0e4a871cb316c9738573875d25f0310db00af9c0224cdbd646c16c23bf9fbcb638d5b3a676ae59d25d75,gx-no-cache=1457703590821 HTTP/1.1" 200 30
186.103.240.224 - - [11/Mar/2016:10:39:34 -0300] "POST /cormun/servlet/solicitudot?4a86d8bb899723642fbd34d568c7f199,INS,0,0,,gx-no-cache=1457703601591 HTTP/1.1" 200 93
186.103.240.224 - - [11/Mar/2016:10:39:34 -0300] "GET /cormun/servlet/hpexe_return? HTTP/1.1" 200 1005
186.103.240.224 - - [11/Mar/2016:10:39:35 -0300] "GET /cormun/servlet/trsolicitudot HTTP/1.1" 200 8424
186.103.240.224 - - [11/Mar/2016:10:39:37 -0300] "GET /cormun/servlet/trsolicitudot HTTP/1.1" 200 8420
186.103.240.224 - - [11/Mar/2016:10:39:49 -0300] "GET /cormun/servlet/solicitudot?INS,0,0, HTTP/1.1" 200 11412
186.103.240.224 - - [11/Mar/2016:10:39:51 -0300] "GET /cormun/servlet/solicitudot?INS,0,0, HTTP/1.1" 200 11417
186.103.240.224 - - [11/Mar/2016:10:40:17 -0300] "POST /cormun/servlet/solicitudot?gx-no-cache=1457703644689 HTTP/1.1" 200 2770
186.103.240.224 - - [11/Mar/2016:10:40:18 -0300] "POST /cormun/servlet/solicitudot?4a86d8bb899723642fbd34d568c7f199,INS,0,0,,gx-no-cache=1457703645512 HTTP/1.1" 200 8395
186.103.240.224 - - [11/Mar/2016:10:40:21 -0300] "GET /cormun/servlet/solicitudot?2ff93b36f7561e014303e40a33b69ee754e33d2ccd9ea4a35f5102704520adb23b7c95004d7250acacacc1ebed7819dd,gx-no-cache=1457703648850 HTTP/1.1" 200 30
186.103.240.224 - - [11/Mar/2016:10:40:21 -0300] "POST /cormun/servlet/solicitudot?gx-no-cache=1457703649099 HTTP/1.1" 200 30
186.103.159.230 - - [11/Mar/2016:10:40:24 -0300] "GET /cormun/servlet/trsolicitudot? HTTP/1.1" 200 6202
186.103.159.230 - - [11/Mar/2016:10:40:25 -0300] "GET /cormun/servlet/trsolicitudot? HTTP/1.1" 200 6202
186.103.240.224 - - [11/Mar/2016:10:40:25 -0300] "POST /cormun/servlet/solicitudot?gx-no-cache=1457703653188 HTTP/1.1" 200 30
186.103.240.224 - - [11/Mar/2016:10:40:28 -0300] "GET /cormun/servlet/prcontratosol?16257870,,,,,MD,,gxPopupLevel%3D0%3B HTTP/1.1" 200 5345
186.103.159.230 - - [11/Mar/2016:10:40:29 -0300] "GET /cormun/servlet/solicitudot?INS,0,0, HTTP/1.1" 200 11452
186.103.159.230 - - [11/Mar/2016:10:40:29 -0300] "GET /cormun/servlet/solicitudot?INS,0,0, HTTP/1.1" 200 11457
186.103.240.224 - - [11/Mar/2016:10:40:36 -0300] "POST /cormun/servlet/solicitudot?gx-no-cache=1457703664138 HTTP/1.1" 200 452
186.103.240.224 - - [11/Mar/2016:10:40:36 -0300] "GET /cormun/servlet/solicitudot?2ff93b36f7561e014303e40a33b69ee7dfae26fdf027c0187b0bcc9af55cbb5ff047fe5b2260b0729470a010de0a62c455f1e2a550ea979a8bfbc56257052017f601757532600ecf3be3d3b2803641dbf1468b1daee91dc07d36eebf360266b6ac79147ba16e5629bff7fea171725ae084e696ab76987ad40bfb44b44efcd83b9df4145c994ed6723f3b65b8992eaedf,gx-no-cache=1457703664296 HTTP/1.1" 200 38
