200.112.233.47 - - [11/Mar/2016:10:26:49 -0300] "POST /cormun/servlet/trvisualizadoreventos?ad8c523a5a81154d38327f0ee55637a1,,gx-no-cache=1457702837421 HTTP/1.1" 200 4219
200.112.233.47 - - [11/Mar/2016:10:26:49 -0300] "GET /cormun/servlet/trvisualizadoreventos?7750a50ddefbaf1ab3f05aaa1bed5d5345b100439cef5a3accab19e8ec0198bb33e3de074b764170153fd9981868eeb60d49e158dd010c164bb309f649720b4aac2e6415b734eb34a6a21e0f3ab35656c41d86ba0d7636438f84b6ce478030e0f7ff68c6ed78d5ec769dbb3c4304f7f957b16347b8168ede57ef55f9821f9e38bc789bf7dd588420291ef369008b05095389ff58a9b8734e5de917a4ea481280f47315f98953d389a2f437c2b449ef2d2333083bf50cd5e8a25859c4401fa2ac,gx-no-cache=1457702837921 HTTP/1.1" 200 1292
186.103.156.166 - - [11/Mar/2016:10:26:52 -0300] "GET /cormun/servlet/trautorizarsolicitud? HTTP/1.1" 200 7487
186.103.156.166 - - [11/Mar/2016:10:26:52 -0300] "GET /cormun/static/gxcfg.js?20163219504791 HTTP/1.1" 200 953
186.103.156.166 - - [11/Mar/2016:10:26:52 -0300] "GET /cormun/static/calendar.js?85251 HTTP/1.1" 304 -
186.103.156.166 - - [11/Mar/2016:10:26:52 -0300] "GET /cormun/static/calendar-setup.js?85251 HTTP/1.1" 304 -
186.103.156.166 - - [11/Mar/2016:10:26:52 -0300] "GET /cormun/static/calendar-es.js?85251 HTTP/1.1" 304 -
186.103.156.166 - - [11/Mar/2016:10:26:52 -0300] "GET /cormun/static/gxdec.js?85251 HTTP/1.1" 304 -
186.103.156.166 - - [11/Mar/2016:10:26:52 -0300] "GET /cormun/static/trautorizarsolicitud.js?20163219505323 HTTP/1.1" 200 45302
186.103.156.166 - - [11/Mar/2016:10:26:52 -0300] "GET /cormun/static/Resources/Spanish/PXTools.css?19444614 HTTP/1.1" 200 89042
186.103.156.166 - - [11/Mar/2016:10:26:53 -0300] "GET /cormun//static/Resources/PXToolsGridDelete.png HTTP/1.1" 200 357
186.103.156.166 - - [11/Mar/2016:10:26:53 -0300] "GET /cormun//static/Resources/PXToolsActionView.png HTTP/1.1" 200 2995
186.103.156.166 - - [11/Mar/2016:10:26:53 -0300] "GET /cormun//static/Resources/PXTools/ActionInsert.png HTTP/1.1" 200 1482
186.103.156.166 - - [11/Mar/2016:10:26:53 -0300] "GET /cormun//static/Resources/PXToolsRemoveAllAction.png HTTP/1.1" 200 3558
186.103.156.166 - - [11/Mar/2016:10:26:53 -0300] "GET /cormun//static/Resources/PXToolsGridUpdate.png HTTP/1.1" 200 2984
186.103.156.166 - - [11/Mar/2016:10:26:53 -0300] "GET /cormun/servlet/trautorizarsolicitud? HTTP/1.1" 200 7486
186.103.159.230 - - [11/Mar/2016:10:26:57 -0300] "POST /cormun/servlet/solicitudotadjuntos?8d1b2cf19fd05ebc29eb562064229d1e,INS,2016,817,,1,,gx-no-cache=1457702842102 HTTP/1.1" 200 93
186.103.159.230 - - [11/Mar/2016:10:26:57 -0300] "GET /cormun/servlet/hpexe_return? HTTP/1.1" 200 1024
186.103.159.230 - - [11/Mar/2016:10:26:57 -0300] "GET /cormun/servlet/trsolicitudadjuntos?2016,817, HTTP/1.1" 200 7871
186.103.159.230 - - [11/Mar/2016:10:26:58 -0300] "GET /cormun/servlet/trsolicitudadjuntos?2016,817, HTTP/1.1" 200 7869
186.103.156.166 - - [11/Mar/2016:10:27:03 -0300] "GET /cormun/servlet/hhome HTTP/1.1" 200 3485
186.103.156.166 - - [11/Mar/2016:10:27:04 -0300] "GET /cormun/servlet/hhome HTTP/1.1" 200 3482
186.103.159.230 - - [11/Mar/2016:10:27:04 -0300] "GET /cormun/servlet/solicitudotadjuntos?INS,2016,817,,1, HTTP/1.1" 200 5469
186.103.159.230 - - [11/Mar/2016:10:27:05 -0300] "GET /cormun/servlet/solicitudotadjuntos?INS,2016,817,,1, HTTP/1.1" 200 5463
186.103.159.230 - - [11/Mar/2016:10:27:05 -0300] "GET /cormun/servlet/solicitudotadjuntos?9bd76176bb7aa01b2d309eb77842f52b861878f2e8d1e2759c1215c3a6820c6cdd5cf3550881f0ff0acf70c4869df596,gx-no-cache=1457702849963 HTTP/1.1" 200 30
186.103.159.230 - - [11/Mar/2016:10:27:05 -0300] "POST /cormun/servlet/solicitudotadjuntos?8d1b2cf19fd05ebc29eb562064229d1e,INS,2016,817,,1,,gx-no-cache=1457702849991 HTTP/1.1" 200 3342
200.112.233.47 - - [11/Mar/2016:10:27:07 -0300] "POST /cormun/servlet/trvisualizadoreventos?ad8c523a5a81154d38327f0ee55637a1,,gx-no-cache=1457702855328 HTTP/1.1" 200 3578
200.112.233.47 - - [11/Mar/2016:10:27:07 -0300] "GET /cormun/servlet/trvisualizadoreventos?7750a50ddefbaf1ab3f05aaa1bed5d53024997709a3d6e7948f15db3e7a297ed33e3de074b764170153fd9981868eeb60d49e158dd010c164bb309f649720b4aac2e6415b734eb34a6a21e0f3ab35656c41d86ba0d7636438f84b6ce478030e0f7ff68c6ed78d5ec769dbb3c4304f7f957b16347b8168ede57ef55f9821f9e38bc789bf7dd588420291ef369008b05095389ff58a9b8734e5de917a4ea481280f47315f98953d389a2f437c2b449ef2df2a4a5482fca4254b44221fac150ffe7,gx-no-cache=1457702855781 HTTP/1.1" 200 572
186.103.159.230 - - [11/Mar/2016:10:27:08 -0300] "GET /cormun/servlet/trsolicitudadjuntos?2016,817, HTTP/1.1" 200 7871
186.103.159.230 - - [11/Mar/2016:10:27:08 -0300] "GET /cormun/servlet/trsolicitudadjuntos?2016,817, HTTP/1.1" 200 7869
186.103.159.230 - - [11/Mar/2016:10:27:09 -0300] "GET /cormun/servlet/solicitudotadjuntos?INS,2016,817,,1, HTTP/1.1" 200 5469
186.103.159.230 - - [11/Mar/2016:10:27:10 -0300] "GET /cormun/servlet/solicitudotadjuntos?INS,2016,817,,1, HTTP/1.1" 200 5463
186.103.159.230 - - [11/Mar/2016:10:27:10 -0300] "GET /cormun/servlet/solicitudotadjuntos?9bd76176bb7aa01b2d309eb77842f52b861878f2e8d1e2759c1215c3a6820c6cdd5cf3550881f0ff0acf70c4869df596,gx-no-cache=1457702855244 HTTP/1.1" 200 30
186.103.159.230 - - [11/Mar/2016:10:27:10 -0300] "POST /cormun/servlet/solicitudotadjuntos?8d1b2cf19fd05ebc29eb562064229d1e,INS,2016,817,,1,,gx-no-cache=1457702855279 HTTP/1.1" 200 3342
186.103.156.166 - - [11/Mar/2016:10:27:15 -0300] "GET /cormun/servlet/hlogin HTTP/1.1" 200 1720
200.112.233.47 - - [11/Mar/2016:10:27:16 -0300] "POST /cormun/servlet/trvisualizadoreventos?ad8c523a5a81154d38327f0ee55637a1,,gx-no-cache=1457702864593 HTTP/1.1" 200 3572
200.112.233.47 - - [11/Mar/2016:10:27:16 -0300] "GET /cormun/servlet/trvisualizadoreventos?7750a50ddefbaf1ab3f05aaa1bed5d53f5e4aec5081afa960e5b54111bb0245db0225d2018286dd0b1cc5c270277f7060d49e158dd010c164bb309f649720b4aac2e6415b734eb34a6a21e0f3ab35656c41d86ba0d7636438f84b6ce478030e0f7ff68c6ed78d5ec769dbb3c4304f7f957b16347b8168ede57ef55f9821f9e38bc789bf7dd588420291ef369008b05095389ff58a9b8734e5de917a4ea481280f47315f98953d389a2f437c2b449ef2df2a4a5482fca4254b44221fac150ffe7,gx-no-cache=1457702865078 HTTP/1.1" 200 570
186.103.159.230 - - [11/Mar/2016:10:27:19 -0300] "POST /cormun/servlet/solicitudotadjuntos?8d1b2cf19fd05ebc29eb562064229d1e,INS,2016,817,,1,,gx-no-cache=1457702863455 HTTP/1.1" 200 93
186.103.159.230 - - [11/Mar/2016:10:27:19 -0300] "GET /cormun/servlet/hpexe_return? HTTP/1.1" 200 1024
186.103.159.230 - - [11/Mar/2016:10:27:19 -0300] "GET /cormun/servlet/trsolicitudadjuntos?2016,817, HTTP/1.1" 200 7871
186.103.159.230 - - [11/Mar/2016:10:27:19 -0300] "GET /cormun/servlet/trsolicitudadjuntos?2016,817, HTTP/1.1" 200 7869
200.112.233.47 - - [11/Mar/2016:10:27:24 -0300] "POST /cormun/servlet/trvisualizadoreventos?ad8c523a5a81154d38327f0ee55637a1,,gx-no-cache=1457702872640 HTTP/1.1" 200 4233
200.112.233.47 - - [11/Mar/2016:10:27:24 -0300] "GET /cormun/servlet/trvisualizadoreventos?7750a50ddefbaf1ab3f05aaa1bed5d536c3e18f12c04c44284f8b7a53227217eb0225d2018286dd0b1cc5c270277f7060d49e158dd010c164bb309f649720b4aac2e6415b734eb34a6a21e0f3ab35656c41d86ba0d7636438f84b6ce478030e0f7ff68c6ed78d5ec769dbb3c4304f7f957b16347b8168ede57ef55f9821f9e38bc789bf7dd588420291ef369008b05095389ff58a9b8734e5de917a4ea481280f47315f98953d389a2f437c2b449ef2df2a4a5482fca4254b44221fac150ffe7,gx-no-cache=1457702873109 HTTP/1.1" 200 1313
186.103.159.230 - - [11/Mar/2016:10:27:28 -0300] "GET /cormun/servlet/trvisualizadoreventos? HTTP/1.1" 200 5967
186.103.159.230 - - [11/Mar/2016:10:27:28 -0300] "GET /cormun/static/Resources/Spanish/PXTools.css?17554516 HTTP/1.1" 304 -
186.103.159.230 - - [11/Mar/2016:10:27:28 -0300] "GET /cormun/static/gxcfg.js?2016251828014 HTTP/1.1" 304 -
186.103.159.230 - - [11/Mar/2016:10:27:28 -0300] "GET /cormun/static/trvisualizadoreventos.js?2016251828276 HTTP/1.1" 304 -
186.103.159.230 - - [11/Mar/2016:10:27:28 -0300] "GET /cormun/servlet/trvisualizadoreventos? HTTP/1.1" 200 5957
186.103.156.166 - - [11/Mar/2016:10:27:29 -0300] "POST /cormun/servlet/hlogin?cc94d095cc57161c1ec5b045d79567c5,gx-no-cache=1457702879700 HTTP/1.1" 200 90
186.103.156.166 - - [11/Mar/2016:10:27:29 -0300] "GET /cormun/servlet/hpexe_link HTTP/1.1" 200 949
186.103.156.166 - - [11/Mar/2016:10:27:29 -0300] "GET /cormun/servlet/hhome HTTP/1.1" 200 3413
186.103.156.166 - - [11/Mar/2016:10:27:30 -0300] "GET /cormun/servlet/hhome HTTP/1.1" 200 3409
200.112.233.47 - - [11/Mar/2016:10:27:31 -0300] "POST /cormun/servlet/trvisualizadoreventos?ad8c523a5a81154d38327f0ee55637a1,,gx-no-cache=1457702879593 HTTP/1.1" 200 4232
200.112.233.47 - - [11/Mar/2016:10:27:32 -0300] "POST /cormun/servlet/trvisualizadoreventos?ad8c523a5a81154d38327f0ee55637a1,,gx-no-cache=1457702881203 HTTP/1.1" 200 4232
186.103.156.166 - - [11/Mar/2016:10:27:33 -0300] "GET /cormun/servlet/trsolicitudot? HTTP/1.1" 200 6179
186.103.156.166 - - [11/Mar/2016:10:27:33 -0300] "GET /cormun/static/gxcfg.js?201631185636 HTTP/1.1" 200 953
186.103.156.166 - - [11/Mar/2016:10:27:33 -0300] "GET /cormun/static/trsolicitudot.js?2016311856838 HTTP/1.1" 200 45326
186.103.156.166 - - [11/Mar/2016:10:27:33 -0300] "GET /cormun/static/Resources/Spanish/PXTools.css?18502099 HTTP/1.1" 200 89042
186.103.159.230 - - [11/Mar/2016:10:27:34 -0300] "GET /cormun/servlet/trautorizarsolicitud? HTTP/1.1" 200 6143
186.103.159.230 - - [11/Mar/2016:10:27:34 -0300] "GET /cormun/servlet/trautorizarsolicitud? HTTP/1.1" 200 6143
186.103.156.166 - - [11/Mar/2016:10:27:34 -0300] "GET /cormun/servlet/trsolicitudot? HTTP/1.1" 200 6179
200.112.233.47 - - [11/Mar/2016:10:27:35 -0300] "POST /cormun/servlet/trvisualizadoreventos?ad8c523a5a81154d38327f0ee55637a1,,gx-no-cache=1457702883437 HTTP/1.1" 200 4232
200.112.233.47 - - [11/Mar/2016:10:27:36 -0300] "POST /cormun/servlet/trvisualizadoreventos?ad8c523a5a81154d38327f0ee55637a1,,gx-no-cache=1457702885156 HTTP/1.1" 200 4232
186.103.156.166 - - [11/Mar/2016:10:27:38 -0300] "GET /cormun/servlet/solicitudot?INS,0,0, HTTP/1.1" 200 11408
186.103.156.166 - - [11/Mar/2016:10:27:38 -0300] "GET /cormun/static/gxcfg.js?20163219435133 HTTP/1.1" 200 953
186.103.156.166 - - [11/Mar/2016:10:27:38 -0300] "GET /cormun/static/solicitudot.js?20163219435183 HTTP/1.1" 200 44151
186.103.156.166 - - [11/Mar/2016:10:27:38 -0300] "GET /cormun/static/Resources/Spanish/PXTools.css?1944839 HTTP/1.1" 200 89042
186.103.156.166 - - [11/Mar/2016:10:27:38 -0300] "GET /cormun/servlet/solicitudot?INS,0,0, HTTP/1.1" 200 11413
186.103.156.166 - - [11/Mar/2016:10:27:43 -0300] "GET /cormun/servlet/hhome HTTP/1.1" 200 3418
186.103.156.166 - - [11/Mar/2016:10:27:44 -0300] "GET /cormun/servlet/hhome HTTP/1.1" 200 3409
200.112.233.47 - - [11/Mar/2016:10:27:45 -0300] "GET /cormun/servlet/trvisualizadoreventos?7750a50ddefbaf1ab3f05aaa1bed5d5344a259b560a7881b5ec8ea3222638be89fb27e3dd96d9ce69f2e7c363bb1ce1ab915f7a677daecf847df1c6be93e78c369a5a0b9acb9558f6944c26a36e9ab7b97971d7292f8153e902357ecc922dd42f8402c82fd265ca72f9e02aff155b71f56389cb0f98e5b46de2638a221aaaf5ce26b048be7c591e8f2f209a43e9e784b4a5b25386c1c574d5e68d07c6e0f6a66c6374d6bf645be103f3eb614e5a9347559e2be191a8a42055f090f4c0c50beded37ed92ebfda8e64702eec587290a89c,gx-no-cache=1457702894140 HTTP/1.1" 200 1314
200.112.233.47 - - [11/Mar/2016:10:27:46 -0300] "POST /cormun/servlet/trvisualizadoreventos?ad8c523a5a81154d38327f0ee55637a1,,gx-no-cache=1457702894406 HTTP/1.1" 200 4233
200.112.233.47 - - [11/Mar/2016:10:27:47 -0300] "POST /cormun/servlet/trvisualizadoreventos?ad8c523a5a81154d38327f0ee55637a1,,gx-no-cache=1457702895750 HTTP/1.1" 200 4233
200.112.233.47 - - [11/Mar/2016:10:27:52 -0300] "GET /cormun/servlet/trsolicitudot? HTTP/1.1" 200 7868
186.103.156.166 - - [11/Mar/2016:10:27:52 -0300] "GET /cormun/servlet/hlogin HTTP/1.1" 200 1720
186.103.156.166 - - [11/Mar/2016:10:28:04 -0300] "POST /cormun/servlet/hlogin?cc94d095cc57161c1ec5b045d79567c5,gx-no-cache=1457702915071 HTTP/1.1" 200 90
186.103.156.166 - - [11/Mar/2016:10:28:04 -0300] "GET /cormun/servlet/hpexe_link HTTP/1.1" 200 949
186.103.156.166 - - [11/Mar/2016:10:28:04 -0300] "GET /cormun/servlet/hhome HTTP/1.1" 200 3486
186.103.156.166 - - [11/Mar/2016:10:28:05 -0300] "GET /cormun/servlet/hhome HTTP/1.1" 200 3482
186.103.156.166 - - [11/Mar/2016:10:28:11 -0300] "GET /cormun/servlet/trautorizarsolicitud? HTTP/1.1" 200 7487
186.103.156.166 - - [11/Mar/2016:10:28:11 -0300] "GET /cormun/servlet/trautorizarsolicitud? HTTP/1.1" 200 7486
186.103.240.224 - - [11/Mar/2016:10:29:01 -0300] "GET /cormun/servlet/hlogin HTTP/1.1" 200 1715
186.103.240.224 - - [11/Mar/2016:10:29:11 -0300] "POST /cormun/servlet/hlogin?4a86d8bb899723642fbd34d568c7f199,gx-no-cache=1457702979116 HTTP/1.1" 200 90
186.103.240.224 - - [11/Mar/2016:10:29:11 -0300] "GET /cormun/servlet/hpexe_link HTTP/1.1" 200 948
186.103.240.224 - - [11/Mar/2016:10:29:12 -0300] "GET /cormun/static/gxcfg.js?20151120044395 HTTP/1.1" 304 -
186.103.240.224 - - [11/Mar/2016:10:29:12 -0300] "GET /cormun/static/hpexe_link.js?20151120044398 HTTP/1.1" 304 -
186.103.240.224 - - [11/Mar/2016:10:29:12 -0300] "GET /cormun/servlet/hhome HTTP/1.1" 200 3415
186.103.240.224 - - [11/Mar/2016:10:29:12 -0300] "GET /cormun/static/Resources/Spanish/PXTools.css?10515224 HTTP/1.1" 304 -
186.103.240.224 - - [11/Mar/2016:10:29:12 -0300] "GET /cormun/static/gxcfg.js?2015112210564248 HTTP/1.1" 304 -
186.103.240.224 - - [11/Mar/2016:10:29:12 -0300] "GET /cormun/static/hhome.js?2015112210564255 HTTP/1.1" 304 -
186.103.240.224 - - [11/Mar/2016:10:29:12 -0300] "GET /cormun/static/hwchdr01.js?20162241650484 HTTP/1.1" 304 -
186.103.240.224 - - [11/Mar/2016:10:29:12 -0300] "GET /cormun/static/hpexe_recentlink.js?2015111312121342 HTTP/1.1" 304 -
186.103.240.224 - - [11/Mar/2016:10:29:12 -0300] "GET /cormun/static/hpexe_scripts.js?20151120014546 HTTP/1.1" 304 -
186.103.240.224 - - [11/Mar/2016:10:29:12 -0300] "GET /cormun/static/hpexe_messagecontroller.js?2015112210524422 HTTP/1.1" 304 -
186.103.240.224 - - [11/Mar/2016:10:29:12 -0300] "GET /cormun/static/hpexe_messagepopupcomponent.js?20163219454551 HTTP/1.1" 304 -
186.103.240.224 - - [11/Mar/2016:10:29:12 -0300] "GET /cormun/static/hpexe_messagegenexuscomponent.js?20151120014314 HTTP/1.1" 304 -
186.103.240.224 - - [11/Mar/2016:10:29:12 -0300] "GET /cormun/static/cmcontrolpreferences.js?20151120014525 HTTP/1.1" 304 -
186.103.240.224 - - [11/Mar/2016:10:29:12 -0300] "GET /cormun/static/hmpwkw03.js?2016311993330 HTTP/1.1" 304 -
186.103.240.224 - - [11/Mar/2016:10:29:15 -0300] "GET /cormun/servlet/hhome HTTP/1.1" 200 3411
186.103.240.224 - - [11/Mar/2016:10:29:27 -0300] "GET /cormun/servlet/trsolicitudot? HTTP/1.1" 200 6177
186.103.240.224 - - [11/Mar/2016:10:29:27 -0300] "GET /cormun/static/Resources/Spanish/PXTools.css?18502099 HTTP/1.1" 304 -
186.103.240.224 - - [11/Mar/2016:10:29:27 -0300] "GET /cormun/static/gxcfg.js?201631185636 HTTP/1.1" 304 -
186.103.240.224 - - [11/Mar/2016:10:29:27 -0300] "GET /cormun/static/calendar.js?85251 HTTP/1.1" 304 -
186.103.240.224 - - [11/Mar/2016:10:29:27 -0300] "GET /cormun/static/calendar-setup.js?85251 HTTP/1.1" 304 -
186.103.240.224 - - [11/Mar/2016:10:29:27 -0300] "GET /cormun/static/calendar-es.js?85251 HTTP/1.1" 304 -
186.103.240.224 - - [11/Mar/2016:10:29:27 -0300] "GET /cormun/static/gxdec.js?85251 HTTP/1.1" 304 -
186.103.240.224 - - [11/Mar/2016:10:29:27 -0300] "GET /cormun/static/trsolicitudot.js?2016311856838 HTTP/1.1" 304 -
186.103.240.224 - - [11/Mar/2016:10:29:29 -0300] "GET /cormun/servlet/trsolicitudot? HTTP/1.1" 200 6176
192.168.10.98 - - [11/Mar/2016:10:29:35 -0300] "GET /cormun/servlet/hlogin HTTP/1.1" 200 1722
192.168.10.98 - - [11/Mar/2016:10:29:35 -0300] "GET /cormun/static/gxcfg.js?20151120045111 HTTP/1.1" 304 -
192.168.10.98 - - [11/Mar/2016:10:29:35 -0300] "GET /cormun/static/Resources/Spanish/PXTools.css?005343 HTTP/1.1" 304 -
192.168.10.98 - - [11/Mar/2016:10:29:35 -0300] "GET /cormun/static/hlogin.js?20151120045126 HTTP/1.1" 304 -
192.168.10.98 - - [11/Mar/2016:10:29:35 -0300] "GET /cormun/static/messages.spa.js?85251 HTTP/1.1" 304 -
192.168.10.98 - - [11/Mar/2016:10:29:35 -0300] "GET /cormun/servlet/hlogin HTTP/1.1" 200 1732
186.103.240.224 - - [11/Mar/2016:10:29:36 -0300] "GET /cormun/servlet/solicitudot?INS,0,0, HTTP/1.1" 200 11412
186.103.240.224 - - [11/Mar/2016:10:29:36 -0300] "GET /cormun/static/Resources/Spanish/PXTools.css?1944839 HTTP/1.1" 304 -
186.103.240.224 - - [11/Mar/2016:10:29:36 -0300] "GET /cormun/static/gxcfg.js?20163219435133 HTTP/1.1" 304 -
186.103.240.224 - - [11/Mar/2016:10:29:36 -0300] "GET /cormun/static/solicitudot.js?20163219435183 HTTP/1.1" 304 -
186.103.240.224 - - [11/Mar/2016:10:29:38 -0300] "GET /cormun/servlet/solicitudot?INS,0,0, HTTP/1.1" 200 11417
192.168.10.98 - - [11/Mar/2016:10:29:50 -0300] "POST /cormun/servlet/hlogin?c9c1adc9c9c2aaaab1c23235725d19f9,gx-no-cache=1457702740023 HTTP/1.1" 200 90
192.168.10.98 - - [11/Mar/2016:10:29:50 -0300] "GET /cormun/servlet/hpexe_link HTTP/1.1" 200 954
192.168.10.98 - - [11/Mar/2016:10:29:50 -0300] "GET /cormun/static/hpexe_link.js?20151120044398 HTTP/1.1" 304 -
192.168.10.98 - - [11/Mar/2016:10:29:50 -0300] "GET /cormun/static/gxcfg.js?20151120044395 HTTP/1.1" 304 -
192.168.10.98 - - [11/Mar/2016:10:29:50 -0300] "GET /cormun/servlet/hhome HTTP/1.1" 200 3703
192.168.10.98 - - [11/Mar/2016:10:29:51 -0300] "GET /cormun/static/Resources/Spanish/PXTools.css?10515224 HTTP/1.1" 304 -
192.168.10.98 - - [11/Mar/2016:10:29:51 -0300] "GET /cormun/static/gxcfg.js?2015112210564248 HTTP/1.1" 304 -
192.168.10.98 - - [11/Mar/2016:10:29:51 -0300] "GET /cormun/static/hwchdr01.js?20162241650484 HTTP/1.1" 304 -
192.168.10.98 - - [11/Mar/2016:10:29:51 -0300] "GET /cormun/static/hhome.js?2015112210564255 HTTP/1.1" 304 -
192.168.10.98 - - [11/Mar/2016:10:29:51 -0300] "GET /cormun/static/hpexe_recentlink.js?2015111312121342 HTTP/1.1" 304 -
192.168.10.98 - - [11/Mar/2016:10:29:51 -0300] "GET /cormun/static/hpexe_messagecontroller.js?2015112210524422 HTTP/1.1" 304 -
192.168.10.98 - - [11/Mar/2016:10:29:51 -0300] "GET /cormun/static/hpexe_messagepopupcomponent.js?20163219454551 HTTP/1.1" 304 -
192.168.10.98 - - [11/Mar/2016:10:29:51 -0300] "GET /cormun/static/hpexe_scripts.js?20151120014546 HTTP/1.1" 304 -
192.168.10.98 - - [11/Mar/2016:10:29:51 -0300] "GET /cormun/static/hpexe_messagegenexuscomponent.js?20151120014314 HTTP/1.1" 304 -
192.168.10.98 - - [11/Mar/2016:10:29:51 -0300] "GET /cormun/static/cmcontrolpreferences.js?20151120014525 HTTP/1.1" 304 -
192.168.10.98 - - [11/Mar/2016:10:29:51 -0300] "GET /cormun/static/hmpwkw03.js?2016311993330 HTTP/1.1" 304 -
192.168.10.98 - - [11/Mar/2016:10:29:51 -0300] "GET /cormun/servlet/hhome HTTP/1.1" 200 3700
192.168.10.98 - - [11/Mar/2016:10:29:55 -0300] "GET /cormun/servlet/trsolicitudgral? HTTP/1.1" 200 8308
192.168.10.98 - - [11/Mar/2016:10:29:55 -0300] "GET /cormun/static/Resources/Spanish/PXTools.css?171692 HTTP/1.1" 304 -
192.168.10.98 - - [11/Mar/2016:10:29:55 -0300] "GET /cormun/static/gxcfg.js?2016311844946 HTTP/1.1" 304 -
192.168.10.98 - - [11/Mar/2016:10:29:56 -0300] "GET /cormun/static/trsolicitudgral.js?20163118441420 HTTP/1.1" 304 -
192.168.10.98 - - [11/Mar/2016:10:29:56 -0300] "GET /cormun/servlet/trsolicitudgral? HTTP/1.1" 200 8306
192.168.10.98 - - [11/Mar/2016:10:30:00 -0300] "POST /cormun/servlet/trsolicitudgral?c9c1adc9c9c2aaaab1c23235725d19f9,,gx-no-cache=1457702749727 HTTP/1.1" 200 5588
192.168.10.98 - - [11/Mar/2016:10:30:00 -0300] "POST /cormun/servlet/trsolicitudgral?c9c1adc9c9c2aaaab1c23235725d19f9,,gx-no-cache=1457702750075 HTTP/1.1" 200 5588
192.168.10.98 - - [11/Mar/2016:10:30:01 -0300] "POST /cormun/servlet/trsolicitudgral?c9c1adc9c9c2aaaab1c23235725d19f9,,gx-no-cache=1457702750236 HTTP/1.1" 200 5588
192.168.10.98 - - [11/Mar/2016:10:30:01 -0300] "POST /cormun/servlet/trsolicitudgral?c9c1adc9c9c2aaaab1c23235725d19f9,,gx-no-cache=1457702750438 HTTP/1.1" 200 5587
192.168.10.98 - - [11/Mar/2016:10:30:01 -0300] "POST /cormun/servlet/trsolicitudgral?c9c1adc9c9c2aaaab1c23235725d19f9,,gx-no-cache=1457702750586 HTTP/1.1" 200 5588
192.168.10.98 - - [11/Mar/2016:10:30:01 -0300] "POST /cormun/servlet/trsolicitudgral?c9c1adc9c9c2aaaab1c23235725d19f9,,gx-no-cache=1457702750772 HTTP/1.1" 200 5588
192.168.10.89 - - [11/Mar/2016:10:30:01 -0300] "GET /cormun/servlet/hhome HTTP/1.1" 200 3226
192.168.10.89 - - [11/Mar/2016:10:30:01 -0300] "GET /cormun/static/Shared/ext/ext-all.js HTTP/1.1" 200 1289687
192.168.10.98 - - [11/Mar/2016:10:30:01 -0300] "POST /cormun/servlet/trsolicitudgral?c9c1adc9c9c2aaaab1c23235725d19f9,,gx-no-cache=1457702750987 HTTP/1.1" 200 5588
192.168.10.89 - - [11/Mar/2016:10:30:02 -0300] "GET /cormun/servlet/hlogin HTTP/1.1" 200 1728
192.168.10.89 - - [11/Mar/2016:10:30:16 -0300] "POST /cormun/servlet/hlogin?c1d034d1aeb210c769034e004b9ffacd,gx-no-cache=1457702765298 HTTP/1.1" 200 90
192.168.10.89 - - [11/Mar/2016:10:30:16 -0300] "GET /cormun/servlet/hpexe_link HTTP/1.1" 200 950
192.168.10.89 - - [11/Mar/2016:10:30:16 -0300] "GET /cormun/servlet/hhome HTTP/1.1" 200 3487
192.168.10.89 - - [11/Mar/2016:10:30:18 -0300] "GET /cormun/servlet/trsolicitudot? HTTP/1.1" 200 6249
192.168.10.89 - - [11/Mar/2016:10:30:21 -0300] "GET /cormun/static/menuarrow.gif HTTP/1.1" 404 1015
192.168.10.89 - - [11/Mar/2016:10:30:24 -0300] "POST /cormun/servlet/trsolicitudot?c1d034d1aeb210c769034e004b9ffacd,,gx-no-cache=1457702774126 HTTP/1.1" 200 4932
192.168.10.89 - - [11/Mar/2016:10:30:25 -0300] "POST /cormun/servlet/trsolicitudot?c1d034d1aeb210c769034e004b9ffacd,,gx-no-cache=1457702774379 HTTP/1.1" 200 4933
192.168.10.89 - - [11/Mar/2016:10:30:25 -0300] "POST /cormun/servlet/trsolicitudot?c1d034d1aeb210c769034e004b9ffacd,,gx-no-cache=1457702774695 HTTP/1.1" 200 4933
192.168.10.89 - - [11/Mar/2016:10:30:25 -0300] "POST /cormun/servlet/trsolicitudot?c1d034d1aeb210c769034e004b9ffacd,,gx-no-cache=1457702775055 HTTP/1.1" 200 4933
186.103.240.224 - - [11/Mar/2016:10:30:26 -0300] "POST /cormun/servlet/solicitudot?gx-no-cache=1457703052732 HTTP/1.1" 200 2775
192.168.10.89 - - [11/Mar/2016:10:30:26 -0300] "POST /cormun/servlet/trsolicitudot?c1d034d1aeb210c769034e004b9ffacd,,gx-no-cache=1457702775443 HTTP/1.1" 200 4932
192.168.10.89 - - [11/Mar/2016:10:30:26 -0300] "POST /cormun/servlet/trsolicitudot?c1d034d1aeb210c769034e004b9ffacd,,gx-no-cache=1457702775844 HTTP/1.1" 200 4933
186.103.240.224 - - [11/Mar/2016:10:30:26 -0300] "POST /cormun/servlet/solicitudot?4a86d8bb899723642fbd34d568c7f199,INS,0,0,,gx-no-cache=1457703053787 HTTP/1.1" 200 8396
192.168.10.89 - - [11/Mar/2016:10:30:27 -0300] "POST /cormun/servlet/trsolicitudot?c1d034d1aeb210c769034e004b9ffacd,,gx-no-cache=1457702776335 HTTP/1.1" 200 4934
192.168.10.89 - - [11/Mar/2016:10:30:29 -0300] "POST /cormun/servlet/trsolicitudot?c1d034d1aeb210c769034e004b9ffacd,,gx-no-cache=1457702776867 HTTP/1.1" 200 4933
186.103.240.224 - - [11/Mar/2016:10:30:32 -0300] "GET /cormun/servlet/solicitudot?2ff93b36f7561e014303e40a33b69ee7af0dc70a59314861a64eedb75f2bcfbb73f5ee1df1de138c26da83960009506e,gx-no-cache=1457703059465 HTTP/1.1" 200 30
186.103.240.224 - - [11/Mar/2016:10:30:32 -0300] "POST /cormun/servlet/solicitudot?gx-no-cache=1457703059688 HTTP/1.1" 200 30
192.168.10.89 - - [11/Mar/2016:10:30:32 -0300] "GET /cormun/servlet/trautorizarsolicitud? HTTP/1.1" 200 7495
186.103.240.224 - - [11/Mar/2016:10:30:41 -0300] "POST /cormun/servlet/solicitudot?gx-no-cache=1457703068658 HTTP/1.1" 200 30
186.103.159.230 - - [11/Mar/2016:10:30:45 -0300] "GET /cormun/servlet/trvisualizadoreventos? HTTP/1.1" 200 5967
186.103.159.230 - - [11/Mar/2016:10:30:45 -0300] "GET /cormun/servlet/trvisualizadoreventos? HTTP/1.1" 200 5957
186.103.240.224 - - [11/Mar/2016:10:30:46 -0300] "GET /cormun/servlet/prcontratosol?5386071,,,,,MD,,gxPopupLevel%3D0%3B HTTP/1.1" 200 5672
186.103.240.224 - - [11/Mar/2016:10:30:46 -0300] "GET /cormun/static/Resources/Spanish/PXTools.css?1423257 HTTP/1.1" 304 -
186.103.240.224 - - [11/Mar/2016:10:30:46 -0300] "GET /cormun/static/gxcfg.js?2016141247819 HTTP/1.1" 304 -
186.103.240.224 - - [11/Mar/2016:10:30:47 -0300] "GET /cormun/static/prcontratosol.js?2016141247993 HTTP/1.1" 304 -
192.168.10.98 - - [11/Mar/2016:10:30:47 -0300] "POST /cormun/servlet/trsolicitudgral?c9c1adc9c9c2aaaab1c23235725d19f9,,gx-no-cache=1457702796247 HTTP/1.1" 200 4467
186.103.240.224 - - [11/Mar/2016:10:30:47 -0300] "GET /cormun/static/menusearch.js?20163219454787 HTTP/1.1" 304 -
186.103.240.224 - - [11/Mar/2016:10:30:47 -0300] "GET /cormun/static/hmpwkw011.js?20163117201773 HTTP/1.1" 304 -
192.168.10.98 - - [11/Mar/2016:10:30:47 -0300] "GET /cormun/servlet/trsolicitudgral?30117f27f365a3ac2db5584f4a736d54ecead2cbb975ed939e32577c552dd0a6cb64a2732a22f549bbb841fe4db0108994beff3e544a6d64b89c1ab26036f3606e02533a02725d2589e2000d4885cf49fac7fdd45d89eec1c2e724c657f8f050,gx-no-cache=1457702796659 HTTP/1.1" 200 635
192.168.10.89 - - [11/Mar/2016:10:30:47 -0300] "POST /cormun/servlet/trautorizarsolicitud?c1d034d1aeb210c769034e004b9ffacd,,gx-no-cache=1457702796982 HTTP/1.1" 200 4885
192.168.10.89 - - [11/Mar/2016:10:30:48 -0300] "POST /cormun/servlet/trautorizarsolicitud?c1d034d1aeb210c769034e004b9ffacd,,gx-no-cache=1457702797212 HTTP/1.1" 200 4885
186.103.159.230 - - [11/Mar/2016:10:30:48 -0300] "GET /cormun/servlet/trsolicitudadjuntos?2016,817, HTTP/1.1" 200 7871
192.168.10.89 - - [11/Mar/2016:10:30:48 -0300] "POST /cormun/servlet/trautorizarsolicitud?c1d034d1aeb210c769034e004b9ffacd,,gx-no-cache=1457702797499 HTTP/1.1" 200 4884
192.168.10.89 - - [11/Mar/2016:10:30:48 -0300] "POST /cormun/servlet/trautorizarsolicitud?c1d034d1aeb210c769034e004b9ffacd,,gx-no-cache=1457702797860 HTTP/1.1" 200 4885
186.103.159.230 - - [11/Mar/2016:10:30:48 -0300] "GET /cormun/servlet/trsolicitudadjuntos?2016,817, HTTP/1.1" 200 7869
192.168.10.89 - - [11/Mar/2016:10:30:49 -0300] "POST /cormun/servlet/trautorizarsolicitud?c1d034d1aeb210c769034e004b9ffacd,,gx-no-cache=1457702798240 HTTP/1.1" 200 4885
192.168.10.89 - - [11/Mar/2016:10:30:49 -0300] "POST /cormun/servlet/trautorizarsolicitud?c1d034d1aeb210c769034e004b9ffacd,,gx-no-cache=1457702798678 HTTP/1.1" 200 4884
192.168.10.89 - - [11/Mar/2016:10:30:49 -0300] "POST /cormun/servlet/trautorizarsolicitud?c1d034d1aeb210c769034e004b9ffacd,,gx-no-cache=1457702799138 HTTP/1.1" 200 4885
186.103.159.230 - - [11/Mar/2016:10:30:50 -0300] "GET /cormun/servlet/solicitudotadjuntos?INS,2016,817,,1, HTTP/1.1" 200 5469
186.103.159.230 - - [11/Mar/2016:10:30:50 -0300] "GET /cormun/servlet/solicitudotadjuntos?INS,2016,817,,1, HTTP/1.1" 200 5463
186.103.159.230 - - [11/Mar/2016:10:30:50 -0300] "GET /cormun/servlet/solicitudotadjuntos?9bd76176bb7aa01b2d309eb77842f52b861878f2e8d1e2759c1215c3a6820c6cdd5cf3550881f0ff0acf70c4869df596,gx-no-cache=1457703075439 HTTP/1.1" 200 30
186.103.159.230 - - [11/Mar/2016:10:30:51 -0300] "POST /cormun/servlet/solicitudotadjuntos?8d1b2cf19fd05ebc29eb562064229d1e,INS,2016,817,,1,,gx-no-cache=1457703075476 HTTP/1.1" 200 3342
192.168.10.98 - - [11/Mar/2016:10:30:51 -0300] "POST /cormun/servlet/trsolicitudgral?c9c1adc9c9c2aaaab1c23235725d19f9,,gx-no-cache=1457702800738 HTTP/1.1" 200 5586
192.168.10.98 - - [11/Mar/2016:10:30:51 -0300] "GET /cormun/servlet/trsolicitudgral?30117f27f365a3ac2db5584f4a736d54d0539eb1155274c9a733916bf55427faa9d96ef85d9a092a3883f2f8bc3c4ca194beff3e544a6d64b89c1ab26036f3606e02533a02725d2589e2000d4885cf49fac7fdd45d89eec1c2e724c657f8f050,gx-no-cache=1457702801144 HTTP/1.1" 200 1835
186.103.159.230 - - [11/Mar/2016:10:30:52 -0300] "GET /cormun/servlet/solicitudotadjuntos?INS,2016,817,,1, HTTP/1.1" 200 5469
186.103.159.230 - - [11/Mar/2016:10:30:52 -0300] "GET /cormun/servlet/solicitudotadjuntos?INS,2016,817,,1, HTTP/1.1" 200 5463
192.168.10.89 - - [11/Mar/2016:10:30:52 -0300] "POST /cormun/servlet/trautorizarsolicitud?c1d034d1aeb210c769034e004b9ffacd,,gx-no-cache=1457702799659 HTTP/1.1" 200 3608
186.103.159.230 - - [11/Mar/2016:10:30:52 -0300] "GET /cormun/servlet/solicitudotadjuntos?9bd76176bb7aa01b2d309eb77842f52b861878f2e8d1e2759c1215c3a6820c6cdd5cf3550881f0ff0acf70c4869df596,gx-no-cache=1457703077430 HTTP/1.1" 200 30
186.103.159.230 - - [11/Mar/2016:10:30:53 -0300] "POST /cormun/servlet/solicitudotadjuntos?8d1b2cf19fd05ebc29eb562064229d1e,INS,2016,817,,1,,gx-no-cache=1457703077465 HTTP/1.1" 200 3342
192.168.10.98 - - [11/Mar/2016:10:30:53 -0300] "GET /cormun/static/menuarrow.gif HTTP/1.1" 404 1015
192.168.10.89 - - [11/Mar/2016:10:30:53 -0300] "POST /cormun/servlet/trautorizarsolicitud?c1d034d1aeb210c769034e004b9ffacd,,gx-no-cache=1457702802454 HTTP/1.1" 200 3450
192.168.10.89 - - [11/Mar/2016:10:30:53 -0300] "GET /cormun/static/Shared/jqueryui/images/ui-bg_highlight-soft_100_c6c2c8_1x100.png HTTP/1.1" 404 1117
192.168.10.89 - - [11/Mar/2016:10:30:53 -0300] "GET /cormun/static/Shared/jqueryui/images/ui-bg_flat_55_fafafa_40x100.png HTTP/1.1" 404 1097
192.168.10.89 - - [11/Mar/2016:10:30:53 -0300] "GET /cormun/static/Shared/jqueryui/images/ui-icons_8d78a5_256x240.png HTTP/1.1" 404 1089
192.168.10.89 - - [11/Mar/2016:10:30:53 -0300] "GET /cormun/static/Shared/jqueryui/images/ui-icons_82798d_256x240.png HTTP/1.1" 404 1089
186.103.240.224 - - [11/Mar/2016:10:30:54 -0300] "POST /cormun/servlet/solicitudot?gx-no-cache=1457703081736 HTTP/1.1" 200 1171
186.103.240.224 - - [11/Mar/2016:10:30:54 -0300] "GET /cormun/servlet/solicitudot?2ff93b36f7561e014303e40a33b69ee7dfae26fdf027c0187b0bcc9af55cbb5ff047fe5b2260b0729470a010de0a62c455f1e2a550ea979a8bfbc56257052017f601757532600ecf3be3d3b2803641dbf1468b1daee91dc07d36eebf360266b6ac79147ba16e5629bff7fea171725ae084e696ab76987ad40bfb44b44efcd83b9df4145c994ed6723f3b65b8992eaedf,gx-no-cache=1457703081979 HTTP/1.1" 200 38
186.103.240.224 - - [11/Mar/2016:10:30:54 -0300] "GET /cormun/servlet/solicitudot?2ff93b36f7561e014303e40a33b69ee7c1e2b715fe66566276888d069d902aca8e553ae4fa6519ef14f8b7af9f760f35b81468a475d56a559a101399e5b30768bff5a5c409695ff7f32ca5cd119bb920068b1fdb5f06c0c37d68cbce8be4bf40f95218520ecf15e60e963d5927b13863ae35078d2242f0497037f745f0787dd15f1a5ec537056a4c5e7ec10be72366ca1579add1acc30e037795dd0ab8bdca90a8bb4763b9ab2f74222dac94e0bafaf7ad2d872a6948d2b71f11b325eb5ee51d90a5ff6431134c1c8e8a895771b3f142,gx-no-cache=1457703082144 HTTP/1.1" 200 29
186.103.240.224 - - [11/Mar/2016:10:30:55 -0300] "POST /cormun/servlet/solicitudot?gx-no-cache=1457703082287 HTTP/1.1" 200 1127
186.103.159.230 - - [11/Mar/2016:10:30:56 -0300] "GET /cormun/servlet/trsolicitudadjuntos?2016,817, HTTP/1.1" 200 7867
186.103.159.230 - - [11/Mar/2016:10:30:56 -0300] "GET /cormun/servlet/trsolicitudadjuntos?2016,817, HTTP/1.1" 200 7869
186.103.159.230 - - [11/Mar/2016:10:30:57 -0300] "GET /cormun/servlet/trsolicitudot? HTTP/1.1" 200 7482
186.103.159.230 - - [11/Mar/2016:10:30:58 -0300] "GET /cormun/servlet/trsolicitudot? HTTP/1.1" 200 7478
192.168.10.98 - - [11/Mar/2016:10:31:01 -0300] "POST /cormun/servlet/trsolicitudgral?c9c1adc9c9c2aaaab1c23235725d19f9,,gx-no-cache=1457702810185 HTTP/1.1" 200 6075
192.168.10.98 - - [11/Mar/2016:10:31:01 -0300] "POST /cormun/servlet/trsolicitudgral?c9c1adc9c9c2aaaab1c23235725d19f9,,gx-no-cache=1457702810486 HTTP/1.1" 200 6075
192.168.10.98 - - [11/Mar/2016:10:31:01 -0300] "POST /cormun/servlet/trsolicitudgral?c9c1adc9c9c2aaaab1c23235725d19f9,,gx-no-cache=1457702810818 HTTP/1.1" 200 6074
192.168.10.98 - - [11/Mar/2016:10:31:01 -0300] "POST /cormun/servlet/trsolicitudgral?c9c1adc9c9c2aaaab1c23235725d19f9,,gx-no-cache=1457702811133 HTTP/1.1" 200 6075
186.103.159.230 - - [11/Mar/2016:10:31:05 -0300] "POST /cormun/servlet/trsolicitudot?8d1b2cf19fd05ebc29eb562064229d1e,,gx-no-cache=1457703090193 HTTP/1.1" 200 4903
186.103.159.230 - - [11/Mar/2016:10:31:05 -0300] "POST /cormun/servlet/trsolicitudot?8d1b2cf19fd05ebc29eb562064229d1e,,gx-no-cache=1457703090333 HTTP/1.1" 200 4903
186.103.159.230 - - [11/Mar/2016:10:31:06 -0300] "POST /cormun/servlet/trsolicitudot?8d1b2cf19fd05ebc29eb562064229d1e,,gx-no-cache=1457703090462 HTTP/1.1" 200 4903
186.103.159.230 - - [11/Mar/2016:10:31:06 -0300] "POST /cormun/servlet/trsolicitudot?8d1b2cf19fd05ebc29eb562064229d1e,,gx-no-cache=1457703090589 HTTP/1.1" 200 4903
186.103.159.230 - - [11/Mar/2016:10:31:06 -0300] "POST /cormun/servlet/trsolicitudot?8d1b2cf19fd05ebc29eb562064229d1e,,gx-no-cache=1457703090742 HTTP/1.1" 200 4903
186.103.159.230 - - [11/Mar/2016:10:31:06 -0300] "POST /cormun/servlet/trsolicitudot?8d1b2cf19fd05ebc29eb562064229d1e,,gx-no-cache=1457703090895 HTTP/1.1" 200 4904
186.103.159.230 - - [11/Mar/2016:10:31:06 -0300] "POST /cormun/servlet/trsolicitudot?8d1b2cf19fd05ebc29eb562064229d1e,,gx-no-cache=1457703091047 HTTP/1.1" 200 4903
186.103.159.230 - - [11/Mar/2016:10:31:06 -0300] "POST /cormun/servlet/trsolicitudot?8d1b2cf19fd05ebc29eb562064229d1e,,gx-no-cache=1457703091192 HTTP/1.1" 200 4976
186.103.240.224 - - [11/Mar/2016:10:31:11 -0300] "GET /cormun/servlet/solicitudot?2ff93b36f7561e014303e40a33b69ee7c1e2b715fe66566276888d069d902aca8e553ae4fa6519ef14f8b7af9f760f35662a23070b18c19760890e7c9fb8a7c9bff5a5c409695ff7f32ca5cd119bb920068b1fdb5f06c0c37d68cbce8be4bf40f95218520ecf15e60e963d5927b13863ae35078d2242f0497037f745f0787dd15f1a5ec537056a4c5e7ec10be72366ca1579add1acc30e037795dd0ab8bdca90a8bb4763b9ab2f74222dac94e0bafaf7ad2d872a6948d2b71f11b325eb5ee51d90a5ff6431134c1c8e8a895771b3f142,gx-no-cache=1457703098372 HTTP/1.1" 200 29
186.103.159.230 - - [11/Mar/2016:10:31:13 -0300] "POST /cormun/servlet/trsolicitudot?8d1b2cf19fd05ebc29eb562064229d1e,,gx-no-cache=1457703098298 HTTP/1.1" 200 4977
186.103.159.230 - - [11/Mar/2016:10:31:15 -0300] "POST /cormun/servlet/trsolicitudot?8d1b2cf19fd05ebc29eb562064229d1e,,gx-no-cache=1457703099904 HTTP/1.1" 200 4976
186.103.159.230 - - [11/Mar/2016:10:31:21 -0300] "POST /cormun/servlet/trsolicitudot?8d1b2cf19fd05ebc29eb562064229d1e,,gx-no-cache=1457703106204 HTTP/1.1" 200 104
186.103.159.230 - - [11/Mar/2016:10:31:21 -0300] "GET /cormun/servlet/solicitudot?UPD,2016,817, HTTP/1.1" 200 12668
191.112.51.239 - - [11/Mar/2016:10:31:21 -0300] "POST /cormun/servlet/hlogin?119f573bb7e2a7715727a310762e2b3a,gx-no-cache=1457703101808 HTTP/1.1" 440 972
186.103.159.230 - - [11/Mar/2016:10:31:22 -0300] "GET /cormun/servlet/solicitudot?UPD,2016,817, HTTP/1.1" 200 12677
186.103.159.230 - - [11/Mar/2016:10:31:23 -0300] "POST /cormun/servlet/solicitudot?gx-no-cache=1457703107458 HTTP/1.1" 200 2740
186.103.159.230 - - [11/Mar/2016:10:31:23 -0300] "POST /cormun/servlet/solicitudot?8d1b2cf19fd05ebc29eb562064229d1e,UPD,2016,817,,gx-no-cache=1457703107571 HTTP/1.1" 200 9043
186.103.159.230 - - [11/Mar/2016:10:31:23 -0300] "GET /cormun/servlet/solicitudot?9bd76176bb7aa01b2d309eb77842f52b3e281a568483b485425db1453c2b7f5bc2e738e7486e57ac343ba3d121d59aaa,gx-no-cache=1457703107734 HTTP/1.1" 200 30
186.103.159.230 - - [11/Mar/2016:10:31:23 -0300] "POST /cormun/servlet/solicitudot?gx-no-cache=1457703107763 HTTP/1.1" 200 30
186.103.159.230 - - [11/Mar/2016:10:31:23 -0300] "POST /cormun/servlet/solicitudot?gx-no-cache=1457703107784 HTTP/1.1" 200 30
186.103.159.230 - - [11/Mar/2016:10:31:23 -0300] "POST /cormun/servlet/solicitudot?gx-no-cache=1457703107812 HTTP/1.1" 200 1166
186.103.159.230 - - [11/Mar/2016:10:31:23 -0300] "GET /cormun/servlet/solicitudot?9bd76176bb7aa01b2d309eb77842f52bd316f1053fbe8da5a54023570f950a6436875f9c6b3d328189e62bafc60c4e11afb384c4e497dd3a639e29a82c08af3826cc9137976318897b19c36a69ebb27141c533a97a54b0012d28373d8bd7030ff642fefa589a58b88ea4c773f65288a037a2ccb6794891c19c9a3637c3b1bbcc9e825c00d0d588eaf4a733f7612dc62add5cf3550881f0ff0acf70c4869df596,gx-no-cache=1457703107856 HTTP/1.1" 200 41
191.112.51.239 - - [11/Mar/2016:10:31:23 -0300] "GET /cormun/servlet/hlogin HTTP/1.1" 200 1730
186.103.240.224 - - [11/Mar/2016:10:31:25 -0300] "GET /cormun/static/menuarrow.gif HTTP/1.1" 404 1015
191.112.51.239 - - [11/Mar/2016:10:31:30 -0300] "POST /cormun/servlet/hlogin?b00fafa9f2a67aea11c736f16599d47c,gx-no-cache=1457703110742 HTTP/1.1" 200 90
191.112.51.239 - - [11/Mar/2016:10:31:30 -0300] "GET /cormun/servlet/hpexe_link HTTP/1.1" 200 950
191.112.51.239 - - [11/Mar/2016:10:31:31 -0300] "GET /cormun/static/gxcfg.js?20151120044395 HTTP/1.1" 304 -
191.112.51.239 - - [11/Mar/2016:10:31:31 -0300] "GET /cormun/static/hpexe_link.js?20151120044398 HTTP/1.1" 304 -
191.112.51.239 - - [11/Mar/2016:10:31:31 -0300] "GET /cormun/servlet/hhome HTTP/1.1" 200 3466
191.112.51.239 - - [11/Mar/2016:10:31:31 -0300] "GET /cormun/static/Resources/Spanish/PXTools.css?10515224 HTTP/1.1" 304 -
191.112.51.239 - - [11/Mar/2016:10:31:31 -0300] "GET /cormun/static/gxcfg.js?2015112210564248 HTTP/1.1" 304 -
191.112.51.239 - - [11/Mar/2016:10:31:33 -0300] "GET /cormun/static/hhome.js?2015112210564255 HTTP/1.1" 304 -
191.112.51.239 - - [11/Mar/2016:10:31:33 -0300] "GET /cormun/static/hwchdr01.js?20162241650484 HTTP/1.1" 304 -
191.112.51.239 - - [11/Mar/2016:10:31:33 -0300] "GET /cormun/static/hpexe_recentlink.js?2015111312121342 HTTP/1.1" 304 -
191.112.51.239 - - [11/Mar/2016:10:31:34 -0300] "GET /cormun/static/hpexe_scripts.js?20151120014546 HTTP/1.1" 304 -
191.112.51.239 - - [11/Mar/2016:10:31:34 -0300] "GET /cormun/static/hpexe_messagecontroller.js?2015112210524422 HTTP/1.1" 304 -
191.112.51.239 - - [11/Mar/2016:10:31:34 -0300] "GET /cormun/static/hpexe_messagepopupcomponent.js?20163219454551 HTTP/1.1" 304 -
191.112.51.239 - - [11/Mar/2016:10:31:34 -0300] "GET /cormun/static/hpexe_messagegenexuscomponent.js?20151120014314 HTTP/1.1" 304 -
191.112.51.239 - - [11/Mar/2016:10:31:34 -0300] "GET /cormun/static/cmcontrolpreferences.js?20151120014525 HTTP/1.1" 304 -
191.112.51.239 - - [11/Mar/2016:10:31:34 -0300] "GET /cormun/static/hmpwkw03.js?2016311993330 HTTP/1.1" 304 -
186.103.159.230 - - [11/Mar/2016:10:31:36 -0300] "GET /cormun/servlet/solicitudot?9bd76176bb7aa01b2d309eb77842f52bbd815662b041ec537fdc75cbddf385c8b326b689d822e0a298758529f33764e962563fe5d760774f032010b8d94631351cc1d2d1f1cf086bad4d4a399259156d3400d1cc1a6e33b26498455c5df780b4163ca2617a5ec79c10e4674a8af14f40,gx-no-cache=1457703120610 HTTP/1.1" 200 29
186.103.159.230 - - [11/Mar/2016:10:31:36 -0300] "POST /cormun/servlet/solicitudot?gx-no-cache=1457703120659 HTTP/1.1" 200 1128
186.103.159.230 - - [11/Mar/2016:10:31:36 -0300] "GET /cormun/servlet/solicitudot?9bd76176bb7aa01b2d309eb77842f52bf9f77e0117dc70e7ad248c5ca7d5a8ec924599d847a1bb461860ec4c146c2a5397e79d45c75480a786207b0316baed5eb32b005fd3fce0afb5c8ce1fc846211f390bc8e195914260e3e7eb7e63fcf2096edb237f2909dc813c09b41100236f84ebfbe98d06d2b59445d98b4fa65f16b80221c66f3ef586214e9704dff0346bdd370582220bc25c3a70e2dd77bbbce9f36cc8befbce84f929cbfa17095cd80408,gx-no-cache=1457703120703 HTTP/1.1" 200 30
186.103.159.230 - - [11/Mar/2016:10:31:36 -0300] "POST /cormun/servlet/solicitudot?8d1b2cf19fd05ebc29eb562064229d1e,UPD,2016,817,,gx-no-cache=1457703120730 HTTP/1.1" 200 93
186.103.159.230 - - [11/Mar/2016:10:31:36 -0300] "GET /cormun/servlet/hpexe_return? HTTP/1.1" 200 1012
191.112.51.239 - - [11/Mar/2016:10:31:36 -0300] "GET /cormun/servlet/hhome HTTP/1.1" 200 3463
186.103.159.230 - - [11/Mar/2016:10:31:36 -0300] "GET /cormun/servlet/trsolicitudot? HTTP/1.1" 200 7482
186.103.159.230 - - [11/Mar/2016:10:31:37 -0300] "GET /cormun/servlet/trsolicitudot? HTTP/1.1" 200 7478
186.103.240.224 - - [11/Mar/2016:10:31:41 -0300] "GET /cormun/servlet/solicitudot?2ff93b36f7561e014303e40a33b69ee7526ce6919694a333af53531273eddf2f0f59c273f635398d55f7f06805ce53ddb9075115a5ac240bcd8007b0676c9ab2da77a84f2535603fb56bec09c4d37110e976328450e9d3fa0d9a45f363decbf4b654a8daa3597a84d215777c5028ed44aee1fe1b9ccf96d46aa420fa545b4dc91c40cbf25b3414b5b4860b0999b795accb3fc16b764329f240352d1d868964443f42df00d90fd6a6dee962b5fb66fee5,gx-no-cache=1457703128610 HTTP/1.1" 200 30
192.168.10.98 - - [11/Mar/2016:10:31:41 -0300] "GET /cormun/servlet/hlogin HTTP/1.1" 200 1722
186.103.159.230 - - [11/Mar/2016:10:31:44 -0300] "POST /cormun/servlet/trsolicitudot?8d1b2cf19fd05ebc29eb562064229d1e,,gx-no-cache=1457703128620 HTTP/1.1" 200 4903
186.103.159.230 - - [11/Mar/2016:10:31:44 -0300] "POST /cormun/servlet/trsolicitudot?8d1b2cf19fd05ebc29eb562064229d1e,,gx-no-cache=1457703128775 HTTP/1.1" 200 4904
186.103.159.230 - - [11/Mar/2016:10:31:44 -0300] "POST /cormun/servlet/trsolicitudot?8d1b2cf19fd05ebc29eb562064229d1e,,gx-no-cache=1457703128899 HTTP/1.1" 200 4903
186.103.159.230 - - [11/Mar/2016:10:31:44 -0300] "POST /cormun/servlet/trsolicitudot?8d1b2cf19fd05ebc29eb562064229d1e,,gx-no-cache=1457703129037 HTTP/1.1" 200 4903
186.103.159.230 - - [11/Mar/2016:10:31:44 -0300] "POST /cormun/servlet/trsolicitudot?8d1b2cf19fd05ebc29eb562064229d1e,,gx-no-cache=1457703129172 HTTP/1.1" 200 4903
186.103.159.230 - - [11/Mar/2016:10:31:44 -0300] "POST /cormun/servlet/trsolicitudot?8d1b2cf19fd05ebc29eb562064229d1e,,gx-no-cache=1457703129317 HTTP/1.1" 200 4904
186.103.159.230 - - [11/Mar/2016:10:31:45 -0300] "POST /cormun/servlet/trsolicitudot?8d1b2cf19fd05ebc29eb562064229d1e,,gx-no-cache=1457703129453 HTTP/1.1" 200 4903
186.103.159.230 - - [11/Mar/2016:10:31:45 -0300] "POST /cormun/servlet/trsolicitudot?8d1b2cf19fd05ebc29eb562064229d1e,,gx-no-cache=1457703129607 HTTP/1.1" 200 106
186.103.159.230 - - [11/Mar/2016:10:31:45 -0300] "GET /cormun/servlet/trsolicitudadjuntos?2016,817, HTTP/1.1" 200 7867
186.103.159.230 - - [11/Mar/2016:10:31:45 -0300] "GET /cormun/servlet/trsolicitudadjuntos?2016,817, HTTP/1.1" 200 7869
115.231.222.40 - - [11/Mar/2016:10:31:46 -0300] "GET /cgi-bin/common/attr?id=260714&r=0.1706443848015088 HTTP/1.1" 404 999
192.168.10.98 - - [11/Mar/2016:10:31:57 -0300] "POST /cormun/servlet/hlogin?c9c1adc9c9c2aaaab1c23235725d19f9,gx-no-cache=1457702867173 HTTP/1.1" 200 90
192.168.10.98 - - [11/Mar/2016:10:31:57 -0300] "GET /cormun/servlet/hpexe_link HTTP/1.1" 200 954
192.168.10.98 - - [11/Mar/2016:10:31:58 -0300] "GET /cormun/servlet/hhome HTTP/1.1" 200 3458
192.168.10.98 - - [11/Mar/2016:10:31:58 -0300] "GET /cormun/servlet/hhome HTTP/1.1" 200 3455
186.103.159.230 - - [11/Mar/2016:10:32:00 -0300] "GET /cormun/servlet/solicitudotadjuntos?INS,2016,817,,1, HTTP/1.1" 200 5468
186.103.159.230 - - [11/Mar/2016:10:32:00 -0300] "GET /cormun/static/about:blank HTTP/1.1" 404 1011
186.103.159.230 - - [11/Mar/2016:10:32:00 -0300] "GET /cormun/servlet/solicitudotadjuntos?INS,2016,817,,1, HTTP/1.1" 200 5463
186.103.159.230 - - [11/Mar/2016:10:32:01 -0300] "GET /cormun/servlet/solicitudotadjuntos?9bd76176bb7aa01b2d309eb77842f52b861878f2e8d1e2759c1215c3a6820c6cdd5cf3550881f0ff0acf70c4869df596,gx-no-cache=1457703145469 HTTP/1.1" 200 30
186.103.159.230 - - [11/Mar/2016:10:32:01 -0300] "POST /cormun/servlet/solicitudotadjuntos?8d1b2cf19fd05ebc29eb562064229d1e,INS,2016,817,,1,,gx-no-cache=1457703145507 HTTP/1.1" 200 3342
186.103.240.224 - - [11/Mar/2016:10:32:01 -0300] "POST /cormun/servlet/solicitudot?4a86d8bb899723642fbd34d568c7f199,INS,0,0,,gx-no-cache=1457703146203 HTTP/1.1" 200 9341
186.103.240.224 - - [11/Mar/2016:10:32:01 -0300] "GET /cormun/static/Shared/jqueryui/images/ui-bg_highlight-soft_100_c6c2c8_1x100.png HTTP/1.1" 404 1117
186.103.240.224 - - [11/Mar/2016:10:32:01 -0300] "GET /cormun/static/Shared/jqueryui/images/ui-icons_82798d_256x240.png HTTP/1.1" 404 1089
186.103.240.224 - - [11/Mar/2016:10:32:01 -0300] "GET /cormun/static/Shared/jqueryui/images/ui-bg_flat_55_994d53_40x100.png HTTP/1.1" 404 1097
186.103.240.224 - - [11/Mar/2016:10:32:01 -0300] "GET /cormun/static/Shared/jqueryui/images/ui-icons_ebccce_256x240.png HTTP/1.1" 404 1089
192.168.10.98 - - [11/Mar/2016:10:32:02 -0300] "GET /cormun/servlet/trsolicitudot? HTTP/1.1" 200 7522
192.168.10.98 - - [11/Mar/2016:10:32:02 -0300] "GET /cormun/static/Resources/Spanish/PXTools.css?18502099 HTTP/1.1" 304 -
192.168.10.98 - - [11/Mar/2016:10:32:02 -0300] "GET /cormun/static/gxcfg.js?201631185636 HTTP/1.1" 304 -
192.168.10.98 - - [11/Mar/2016:10:32:03 -0300] "GET /cormun/static/trsolicitudot.js?2016311856838 HTTP/1.1" 304 -
192.168.10.98 - - [11/Mar/2016:10:32:03 -0300] "GET /cormun/servlet/trsolicitudot? HTTP/1.1" 200 7521
186.103.159.230 - - [11/Mar/2016:10:32:06 -0300] "POST /cormun/servlet/solicitudotadjuntos?gx-no-cache=1457703151070 HTTP/1.1" 200 26
192.168.10.98 - - [11/Mar/2016:10:32:06 -0300] "GET /cormun/static/menuarrow.gif HTTP/1.1" 404 1015
186.103.240.224 - - [11/Mar/2016:10:32:09 -0300] "GET /cormun/servlet/prcontratosol?5386071,,,,,MD,,gxPopupLevel%3D0%3B HTTP/1.1" 200 5672
186.103.159.230 - - [11/Mar/2016:10:32:11 -0300] "GET /cormun/servlet/solicitudotadjuntos?9bd76176bb7aa01b2d309eb77842f52b3c85c77ab259002f9a92744d3fb5807a,gx-no-cache=1457703155835 HTTP/1.1" 200 30
186.103.159.230 - - [11/Mar/2016:10:32:11 -0300] "GET /cormun/servlet/solicitudotadjuntos?9bd76176bb7aa01b2d309eb77842f52b3c85c77ab259002f9a92744d3fb5807a,gx-no-cache=1457703155866 HTTP/1.1" 200 30
192.168.10.98 - - [11/Mar/2016:10:32:11 -0300] "POST /cormun/servlet/trsolicitudot?c9c1adc9c9c2aaaab1c23235725d19f9,,gx-no-cache=1457702880643 HTTP/1.1" 200 5534
186.103.159.230 - - [11/Mar/2016:10:32:11 -0300] "POST /cormun/servlet/solicitudotadjuntos?8d1b2cf19fd05ebc29eb562064229d1e,INS,2016,817,,1,,gx-no-cache=1457703155901 HTTP/1.1" 200 93
186.103.159.230 - - [11/Mar/2016:10:32:11 -0300] "GET /cormun/servlet/hpexe_return? HTTP/1.1" 200 1024
186.103.159.230 - - [11/Mar/2016:10:32:11 -0300] "GET /cormun/servlet/trsolicitudadjuntos?2016,817, HTTP/1.1" 200 8090
192.168.10.98 - - [11/Mar/2016:10:32:11 -0300] "POST /cormun/servlet/trsolicitudot?c9c1adc9c9c2aaaab1c23235725d19f9,,gx-no-cache=1457702880864 HTTP/1.1" 200 5535
192.168.10.98 - - [11/Mar/2016:10:32:11 -0300] "POST /cormun/servlet/trsolicitudot?c9c1adc9c9c2aaaab1c23235725d19f9,,gx-no-cache=1457702881077 HTTP/1.1" 200 5535
192.168.10.98 - - [11/Mar/2016:10:32:12 -0300] "POST /cormun/servlet/trsolicitudot?c9c1adc9c9c2aaaab1c23235725d19f9,,gx-no-cache=1457702881311 HTTP/1.1" 200 5534
186.103.159.230 - - [11/Mar/2016:10:32:12 -0300] "GET /cormun/servlet/trsolicitudadjuntos?2016,817, HTTP/1.1" 200 8088
192.168.10.98 - - [11/Mar/2016:10:32:12 -0300] "POST /cormun/servlet/trsolicitudot?c9c1adc9c9c2aaaab1c23235725d19f9,,gx-no-cache=1457702881500 HTTP/1.1" 200 5535
192.168.10.98 - - [11/Mar/2016:10:32:12 -0300] "POST /cormun/servlet/trsolicitudot?c9c1adc9c9c2aaaab1c23235725d19f9,,gx-no-cache=1457702881723 HTTP/1.1" 200 5534
192.168.10.98 - - [11/Mar/2016:10:32:12 -0300] "POST /cormun/servlet/trsolicitudot?c9c1adc9c9c2aaaab1c23235725d19f9,,gx-no-cache=1457702881935 HTTP/1.1" 200 5535
192.168.10.98 - - [11/Mar/2016:10:32:12 -0300] "POST /cormun/servlet/trsolicitudot?c9c1adc9c9c2aaaab1c23235725d19f9,,gx-no-cache=1457702882192 HTTP/1.1" 200 5535
186.103.159.230 - - [11/Mar/2016:10:32:29 -0300] "GET /cormun/servlet/solicitudotadjuntos?INS,2016,817,,1, HTTP/1.1" 200 5469
186.103.159.230 - - [11/Mar/2016:10:32:29 -0300] "GET /cormun/static/about:blank HTTP/1.1" 404 1011
186.103.159.230 - - [11/Mar/2016:10:32:29 -0300] "GET /cormun/servlet/solicitudotadjuntos?INS,2016,817,,1, HTTP/1.1" 200 5463
186.103.159.230 - - [11/Mar/2016:10:32:30 -0300] "GET /cormun/servlet/solicitudotadjuntos?9bd76176bb7aa01b2d309eb77842f52b861878f2e8d1e2759c1215c3a6820c6cdd5cf3550881f0ff0acf70c4869df596,gx-no-cache=1457703174919 HTTP/1.1" 200 30
186.103.159.230 - - [11/Mar/2016:10:32:30 -0300] "POST /cormun/servlet/solicitudotadjuntos?8d1b2cf19fd05ebc29eb562064229d1e,INS,2016,817,,1,,gx-no-cache=1457703174953 HTTP/1.1" 200 3343
186.103.156.166 - - [11/Mar/2016:10:32:31 -0300] "GET /cormun/servlet/hhome HTTP/1.1" 200 3485
186.103.156.166 - - [11/Mar/2016:10:32:32 -0300] "GET /cormun/servlet/hhome HTTP/1.1" 200 3482
186.103.240.224 - - [11/Mar/2016:10:32:34 -0300] "POST /cormun/servlet/solicitudot?gx-no-cache=1457703181188 HTTP/1.1" 200 30
186.103.240.224 - - [11/Mar/2016:10:32:35 -0300] "POST /cormun/servlet/solicitudot?gx-no-cache=1457703181556 HTTP/1.1" 200 1171
192.168.10.89 - - [11/Mar/2016:10:32:35 -0300] "GET /cormun/servlet/hlogin HTTP/1.1" 200 1740
186.103.240.224 - - [11/Mar/2016:10:32:35 -0300] "GET /cormun/servlet/solicitudot?2ff93b36f7561e014303e40a33b69ee7dfae26fdf027c0187b0bcc9af55cbb5ff047fe5b2260b0729470a010de0a62c455f1e2a550ea979a8bfbc56257052017f601757532600ecf3be3d3b2803641dbf1468b1daee91dc07d36eebf360266b6ac79147ba16e5629bff7fea171725ae084e696ab76987ad40bfb44b44efcd83b7c2452a04e3d1d4100a3ee6de90bce6c4bfbec6035cfefe8be2ea1cd96359169,gx-no-cache=1457703182701 HTTP/1.1" 200 41
186.103.240.224 - - [11/Mar/2016:10:32:35 -0300] "POST /cormun/servlet/solicitudot?gx-no-cache=1457703182878 HTTP/1.1" 200 1127
186.103.240.224 - - [11/Mar/2016:10:32:35 -0300] "GET /cormun/servlet/solicitudot?2ff93b36f7561e014303e40a33b69ee7526ce6919694a333af53531273eddf2f0f59c273f635398d55f7f06805ce53ddb9075115a5ac240bcd8007b0676c9ab2da77a84f2535603fb56bec09c4d37110e976328450e9d3fa0d9a45f363decbf4b654a8daa3597a84d215777c5028ed44aee1fe1b9ccf96d46aa420fa545b4dc91c40cbf25b3414b5b4860b0999b795accb3fc16b764329f240352d1d868964443f42df00d90fd6a6dee962b5fb66fee5,gx-no-cache=1457703183247 HTTP/1.1" 200 30
186.103.159.230 - - [11/Mar/2016:10:32:37 -0300] "POST /cormun/servlet/solicitudotadjuntos?gx-no-cache=1457703181704 HTTP/1.1" 200 26
186.103.159.230 - - [11/Mar/2016:10:32:37 -0300] "GET /cormun/servlet/solicitudotadjuntos?9bd76176bb7aa01b2d309eb77842f52b3c85c77ab259002f9a92744d3fb5807a,gx-no-cache=1457703181733 HTTP/1.1" 200 30
186.103.159.230 - - [11/Mar/2016:10:32:37 -0300] "GET /cormun/servlet/solicitudotadjuntos?9bd76176bb7aa01b2d309eb77842f52b3c85c77ab259002f9a92744d3fb5807a,gx-no-cache=1457703181754 HTTP/1.1" 200 30
186.103.159.230 - - [11/Mar/2016:10:32:37 -0300] "POST /cormun/servlet/solicitudotadjuntos?8d1b2cf19fd05ebc29eb562064229d1e,INS,2016,817,,1,,gx-no-cache=1457703181778 HTTP/1.1" 200 3185
186.103.240.224 - - [11/Mar/2016:10:32:37 -0300] "POST /cormun/servlet/solicitudot?4a86d8bb899723642fbd34d568c7f199,INS,0,0,,gx-no-cache=1457703183457 HTTP/1.1" 200 9388
191.112.51.239 - - [11/Mar/2016:10:32:41 -0300] "GET /cormun/servlet/trsolicitudot? HTTP/1.1" 200 6225
191.112.51.239 - - [11/Mar/2016:10:32:41 -0300] "GET /cormun/static/Resources/Spanish/PXTools.css?18502099 HTTP/1.1" 304 -
191.112.51.239 - - [11/Mar/2016:10:32:41 -0300] "GET /cormun/static/gxcfg.js?201631185636 HTTP/1.1" 304 -
191.112.51.239 - - [11/Mar/2016:10:32:42 -0300] "GET /cormun/static/trsolicitudot.js?2016311856838 HTTP/1.1" 304 -
