186.103.248.189 - - [11/Mar/2016:09:24:14 -0300] "POST /cormun/servlet/solicitudot?gx-no-cache=1457699083000 HTTP/1.1" 200 452
186.103.248.189 - - [11/Mar/2016:09:24:15 -0300] "GET /cormun/servlet/solicitudot?d1569fc545609a809b8375e495eb19992b57809b6d158cd851f2944c6e693c46c7e3de022025bcf90222efa1b2433dad8e93f68027022efa22761b7dec72f709307a8e521dc9e01301b7156b6542b4bb5c01a34df65dc4d2afec674d6cc5386f14760c10c0bc277f7ffa565f100f0929f5551761fc602b39c294324839155cd29ee2057dc526db29eaa95f682a3ac452,gx-no-cache=1457699083120 HTTP/1.1" 200 38
186.103.159.46 - - [11/Mar/2016:09:24:20 -0300] "POST /cormun/servlet/hlogin?d5f5c2dbe1c590343e02ed3b35d72d42,gx-no-cache=1457699087776 HTTP/1.1" 200 90
186.103.159.46 - - [11/Mar/2016:09:24:20 -0300] "GET /cormun/servlet/hpexe_link HTTP/1.1" 200 955
186.103.159.46 - - [11/Mar/2016:09:24:20 -0300] "GET /cormun/static/gxcfg.js?20151120044395 HTTP/1.1" 200 953
186.103.159.46 - - [11/Mar/2016:09:24:20 -0300] "GET /cormun/static/hpexe_link.js?20151120044398 HTTP/1.1" 200 625
186.103.159.46 - - [11/Mar/2016:09:24:21 -0300] "GET /cormun/servlet/hhome HTTP/1.1" 200 3389
186.103.159.46 - - [11/Mar/2016:09:24:22 -0300] "GET /cormun/servlet/hhome HTTP/1.1" 200 3385
186.103.159.46 - - [11/Mar/2016:09:24:22 -0300] "GET /cormun/static/SmoothNavMenu/resources/images/down.gif HTTP/1.1" 200 854
186.103.159.230 - - [11/Mar/2016:09:24:28 -0300] "POST /cormun/servlet/trautorizarsolicitud?8d1b2cf19fd05ebc29eb562064229d1e,,gx-no-cache=1457699092637 HTTP/1.1" 200 4919
186.103.159.230 - - [11/Mar/2016:09:24:28 -0300] "POST /cormun/servlet/trautorizarsolicitud?8d1b2cf19fd05ebc29eb562064229d1e,,gx-no-cache=1457699092787 HTTP/1.1" 200 4919
186.103.159.230 - - [11/Mar/2016:09:24:28 -0300] "POST /cormun/servlet/trautorizarsolicitud?8d1b2cf19fd05ebc29eb562064229d1e,,gx-no-cache=1457699092933 HTTP/1.1" 200 4919
186.103.159.230 - - [11/Mar/2016:09:24:28 -0300] "POST /cormun/servlet/trautorizarsolicitud?8d1b2cf19fd05ebc29eb562064229d1e,,gx-no-cache=1457699093058 HTTP/1.1" 200 4919
186.103.159.230 - - [11/Mar/2016:09:24:28 -0300] "POST /cormun/servlet/trautorizarsolicitud?8d1b2cf19fd05ebc29eb562064229d1e,,gx-no-cache=1457699093191 HTTP/1.1" 200 4919
186.103.159.230 - - [11/Mar/2016:09:24:28 -0300] "POST /cormun/servlet/trautorizarsolicitud?8d1b2cf19fd05ebc29eb562064229d1e,,gx-no-cache=1457699093324 HTTP/1.1" 200 4920
186.103.159.230 - - [11/Mar/2016:09:24:29 -0300] "POST /cormun/servlet/trautorizarsolicitud?8d1b2cf19fd05ebc29eb562064229d1e,,gx-no-cache=1457699093456 HTTP/1.1" 200 4919
186.103.156.166 - - [11/Mar/2016:09:24:29 -0300] "POST /cormun/servlet/trautorizarsolicitud?f5e2f3c6dc0a6fc71a675a17fd8d138f,,gx-no-cache=1457699103607 HTTP/1.1" 200 4873
186.103.159.230 - - [11/Mar/2016:09:24:29 -0300] "POST /cormun/servlet/trautorizarsolicitud?8d1b2cf19fd05ebc29eb562064229d1e,,gx-no-cache=1457699093668 HTTP/1.1" 200 3608
186.103.156.166 - - [11/Mar/2016:09:24:29 -0300] "POST /cormun/servlet/trautorizarsolicitud?f5e2f3c6dc0a6fc71a675a17fd8d138f,,gx-no-cache=1457699103873 HTTP/1.1" 200 4873
186.103.159.230 - - [11/Mar/2016:09:24:29 -0300] "GET /cormun/static/Shared/jqueryui/images/ui-bg_highlight-soft_100_c6c2c8_1x100.png HTTP/1.1" 404 1117
186.103.159.230 - - [11/Mar/2016:09:24:29 -0300] "GET /cormun/static/Shared/jqueryui/images/ui-bg_flat_55_fafafa_40x100.png HTTP/1.1" 404 1097
186.103.159.230 - - [11/Mar/2016:09:24:29 -0300] "GET /cormun/static/Shared/jqueryui/images/ui-icons_8d78a5_256x240.png HTTP/1.1" 404 1089
186.103.159.230 - - [11/Mar/2016:09:24:29 -0300] "GET /cormun/static/Shared/jqueryui/images/ui-icons_82798d_256x240.png HTTP/1.1" 404 1089
186.103.159.230 - - [11/Mar/2016:09:24:29 -0300] "POST /cormun/servlet/trautorizarsolicitud?8d1b2cf19fd05ebc29eb562064229d1e,,gx-no-cache=1457699093823 HTTP/1.1" 200 3451
186.103.156.166 - - [11/Mar/2016:09:24:29 -0300] "POST /cormun/servlet/trautorizarsolicitud?f5e2f3c6dc0a6fc71a675a17fd8d138f,,gx-no-cache=1457699104058 HTTP/1.1" 200 4873
186.103.156.166 - - [11/Mar/2016:09:24:29 -0300] "POST /cormun/servlet/trautorizarsolicitud?f5e2f3c6dc0a6fc71a675a17fd8d138f,,gx-no-cache=1457699104278 HTTP/1.1" 200 4873
186.103.156.166 - - [11/Mar/2016:09:24:29 -0300] "POST /cormun/servlet/trautorizarsolicitud?f5e2f3c6dc0a6fc71a675a17fd8d138f,,gx-no-cache=1457699104456 HTTP/1.1" 200 4873
186.103.156.166 - - [11/Mar/2016:09:24:30 -0300] "POST /cormun/servlet/trautorizarsolicitud?f5e2f3c6dc0a6fc71a675a17fd8d138f,,gx-no-cache=1457699104663 HTTP/1.1" 200 4874
186.103.156.166 - - [11/Mar/2016:09:24:30 -0300] "POST /cormun/servlet/trautorizarsolicitud?f5e2f3c6dc0a6fc71a675a17fd8d138f,,gx-no-cache=1457699104871 HTTP/1.1" 200 4873
186.103.156.166 - - [11/Mar/2016:09:24:30 -0300] "POST /cormun/servlet/trautorizarsolicitud?f5e2f3c6dc0a6fc71a675a17fd8d138f,,gx-no-cache=1457699105074 HTTP/1.1" 200 106
186.103.156.166 - - [11/Mar/2016:09:24:30 -0300] "GET /cormun/servlet/trsolicitudadjuntos?2016,810, HTTP/1.1" 200 5348
186.103.156.166 - - [11/Mar/2016:09:24:30 -0300] "GET /cormun/static/gxcfg.js?2016311731090 HTTP/1.1" 200 953
186.103.156.166 - - [11/Mar/2016:09:24:30 -0300] "GET /cormun/static/trsolicitudadjuntos.js?2016311731342 HTTP/1.1" 200 17275
186.103.156.166 - - [11/Mar/2016:09:24:30 -0300] "GET /cormun/static/Resources/Spanish/PXTools.css?171692 HTTP/1.1" 200 89042
186.103.156.166 - - [11/Mar/2016:09:24:31 -0300] "GET /cormun/servlet/trsolicitudadjuntos?2016,810, HTTP/1.1" 200 5348
186.103.159.46 - - [11/Mar/2016:09:24:36 -0300] "GET /cormun/servlet/trsolicitudot? HTTP/1.1" 200 6150
186.103.159.46 - - [11/Mar/2016:09:24:36 -0300] "GET /cormun/static/gxui/gxui-all.css?120300 HTTP/1.1" 200 2179
186.103.159.46 - - [11/Mar/2016:09:24:36 -0300] "GET /cormun/static/calendar-system.css?85620 HTTP/1.1" 200 5572
186.103.159.46 - - [11/Mar/2016:09:24:36 -0300] "GET /cormun/static/gxcfg.js?201631185636 HTTP/1.1" 200 953
186.103.159.46 - - [11/Mar/2016:09:24:36 -0300] "GET /cormun/static/calendar.js?85251 HTTP/1.1" 200 26246
186.103.159.46 - - [11/Mar/2016:09:24:36 -0300] "GET /cormun/static/calendar-setup.js?85251 HTTP/1.1" 200 2588
186.103.159.46 - - [11/Mar/2016:09:24:36 -0300] "GET /cormun/static/calendar-es.js?85251 HTTP/1.1" 200 1901
186.103.159.46 - - [11/Mar/2016:09:24:36 -0300] "GET /cormun/static/gxdec.js?85251 HTTP/1.1" 200 19579
186.103.159.46 - - [11/Mar/2016:09:24:36 -0300] "GET /cormun/static/Resources/PXTools/calendar.png HTTP/1.1" 200 1306
186.103.159.46 - - [11/Mar/2016:09:24:36 -0300] "GET /cormun/static/Resources/Spanish/PXTools.css?18502099 HTTP/1.1" 200 89042
186.103.159.46 - - [11/Mar/2016:09:24:36 -0300] "GET /cormun/static/trsolicitudot.js?2016311856838 HTTP/1.1" 200 45326
186.103.159.46 - - [11/Mar/2016:09:24:36 -0300] "GET /cormun/static/Resources/PXToolsDataSearch.png HTTP/1.1" 200 419
186.103.159.46 - - [11/Mar/2016:09:24:36 -0300] "GET /cormun/static/Resources/PXToolsGridFirst.gif HTTP/1.1" 200 379
186.103.159.46 - - [11/Mar/2016:09:24:36 -0300] "GET /cormun/static/Resources/PXToolsGridPrevious.gif HTTP/1.1" 200 369
186.103.159.46 - - [11/Mar/2016:09:24:36 -0300] "GET /cormun/static/Resources/PXToolsGridNext.gif HTTP/1.1" 200 369
186.103.159.46 - - [11/Mar/2016:09:24:36 -0300] "GET /cormun/static/Resources/PXToolsGridLast.gif HTTP/1.1" 200 370
186.103.159.46 - - [11/Mar/2016:09:24:37 -0300] "GET /cormun/static/Resources/PXToolsActionExcel.png HTTP/1.1" 200 3187
186.103.159.46 - - [11/Mar/2016:09:24:37 -0300] "GET /cormun/static/Resources/PXToolsGridNew.png HTTP/1.1" 200 2949
186.103.159.46 - - [11/Mar/2016:09:24:37 -0300] "GET /cormun/static/Shared/ext/resources/css/ext-all.css?215870 HTTP/1.1" 200 416045
186.103.159.46 - - [11/Mar/2016:09:24:39 -0300] "GET /cormun/static/Resources/desc.gif HTTP/1.1" 200 65
186.103.159.46 - - [11/Mar/2016:09:24:39 -0300] "GET /cormun/static/Resources/asc.gif HTTP/1.1" 200 67
186.103.159.46 - - [11/Mar/2016:09:24:39 -0300] "GET /cormun/servlet/trsolicitudot? HTTP/1.1" 200 6149
186.103.159.46 - - [11/Mar/2016:09:24:39 -0300] "GET /cormun/static/Shared/ext/resources/themes/images/default/panel/bg-headersPanel.png HTTP/1.1" 200 255
186.103.159.46 - - [11/Mar/2016:09:24:39 -0300] "GET /cormun/static/Shared/ext/resources/themes/images/default/tools/tool-sprites.gif HTTP/1.1" 200 5434
186.103.159.46 - - [11/Mar/2016:09:24:41 -0300] "POST /cormun/servlet/trsolicitudot?d5f5c2dbe1c590343e02ed3b35d72d42,,gx-no-cache=1457699109128 HTTP/1.1" 200 3486
186.103.156.166 - - [11/Mar/2016:09:24:51 -0300] "POST /cormun/servlet/acontrolpreferencessavestate?None,EBLANCO,true HTTP/1.1" 200 35
186.103.156.166 - - [11/Mar/2016:09:24:54 -0300] "POST /cormun/servlet/acontrolpreferencessavestate?None,EBLANCO,true HTTP/1.1" 200 35
186.78.48.113 - - [11/Mar/2016:09:24:59 -0300] "GET /cormun/servlet/hlogin HTTP/1.1" 200 1718
186.78.48.113 - - [11/Mar/2016:09:24:59 -0300] "GET /cormun/static/Resources/Spanish/PXTools.css?005343 HTTP/1.1" 304 -
186.78.48.113 - - [11/Mar/2016:09:24:59 -0300] "GET /cormun/static/gxtimezone.js?85251 HTTP/1.1" 304 -
186.78.48.113 - - [11/Mar/2016:09:24:59 -0300] "GET /cormun/static/gxgral.js?85251 HTTP/1.1" 304 -
186.78.48.113 - - [11/Mar/2016:09:24:59 -0300] "GET /cormun/static/gxcfg.js?20151120045111 HTTP/1.1" 304 -
186.78.48.113 - - [11/Mar/2016:09:24:59 -0300] "GET /cormun/static/Resources/ComunLogin.png HTTP/1.1" 304 -
186.78.48.113 - - [11/Mar/2016:09:24:59 -0300] "GET /cormun/static/messages.spa.js?85251 HTTP/1.1" 304 -
186.78.48.113 - - [11/Mar/2016:09:24:59 -0300] "GET /cormun/static/hlogin.js?20151120045126 HTTP/1.1" 304 -
186.78.48.113 - - [11/Mar/2016:09:24:59 -0300] "GET /cormun/static/Resources/PXToolsButtonRight21.png HTTP/1.1" 304 -
186.78.48.113 - - [11/Mar/2016:09:24:59 -0300] "GET /cormun/static/Resources/PXToolsButtonLeft21.png HTTP/1.1" 304 -
186.78.48.113 - - [11/Mar/2016:09:24:59 -0300] "GET /cormun/static/Resources/PXToolsLoginBackground.png HTTP/1.1" 304 -
186.78.48.113 - - [11/Mar/2016:09:24:59 -0300] "GET /cormun/static/Resources/PXToolsLoginTop.png HTTP/1.1" 304 -
186.78.48.113 - - [11/Mar/2016:09:24:59 -0300] "GET /cormun/static/Resources/PXToolsLoginBottom.png HTTP/1.1" 304 -
186.78.48.113 - - [11/Mar/2016:09:24:59 -0300] "GET /cormun/static/Resources/PXToolsButtonBackground2.png HTTP/1.1" 304 -
186.78.48.113 - - [11/Mar/2016:09:25:00 -0300] "GET /cormun/servlet/hlogin HTTP/1.1" 200 1729
186.78.48.113 - - [11/Mar/2016:09:25:00 -0300] "GET /cormun/static/Resources/indicator.gif HTTP/1.1" 304 -
186.103.159.46 - - [11/Mar/2016:09:25:02 -0300] "GET /cormun/servlet/trsolicitudot?28e3c15ed46c8791453ca6efb448b9354f338478a9f4661edd683821ee1248652771706f4d226f0e6309b0ca7537e329e3d013e13859de038a3d88e7a53585ed0baafb02138e939fb84079acbd66ca97a5c0a02908a2619c7445233a4bb86a5a,gx-no-cache=1457699130070 HTTP/1.1" 200 759
186.103.159.46 - - [11/Mar/2016:09:25:07 -0300] "GET /cormun/servlet/solicitudot?INS,0,0, HTTP/1.1" 200 11397
186.103.159.46 - - [11/Mar/2016:09:25:07 -0300] "GET /cormun/static/gxcfg.js?20163219435133 HTTP/1.1" 200 953
186.103.159.46 - - [11/Mar/2016:09:25:07 -0300] "GET /cormun/static/Resources/prompt.gif HTTP/1.1" 200 902
186.103.159.46 - - [11/Mar/2016:09:25:07 -0300] "GET /cormun/static/solicitudot.js?20163219435183 HTTP/1.1" 200 44151
186.103.159.46 - - [11/Mar/2016:09:25:07 -0300] "GET /cormun/static/Resources/Spanish/PXTools.css?1944839 HTTP/1.1" 200 89042
186.103.159.46 - - [11/Mar/2016:09:25:09 -0300] "GET /cormun/servlet/solicitudot?INS,0,0, HTTP/1.1" 200 11402
186.103.156.166 - - [11/Mar/2016:09:25:15 -0300] "GET /cormun/servlet/trsolicitudot? HTTP/1.1" 200 6233
186.103.156.166 - - [11/Mar/2016:09:25:16 -0300] "GET /cormun/servlet/trsolicitudot? HTTP/1.1" 200 6223
186.103.156.166 - - [11/Mar/2016:09:25:27 -0300] "GET /cormun/servlet/solicitudot?INS,0,0, HTTP/1.1" 200 11475
186.103.156.166 - - [11/Mar/2016:09:25:28 -0300] "GET /cormun/servlet/solicitudot?INS,0,0, HTTP/1.1" 200 11480
186.103.156.166 - - [11/Mar/2016:09:25:39 -0300] "GET /cormun/servlet/hlogin HTTP/1.1" 200 1719
186.103.156.166 - - [11/Mar/2016:09:25:52 -0300] "POST /cormun/servlet/hlogin?f5e2f3c6dc0a6fc71a675a17fd8d138f,gx-no-cache=1457699187351 HTTP/1.1" 200 90
186.103.156.166 - - [11/Mar/2016:09:25:52 -0300] "GET /cormun/servlet/hpexe_link HTTP/1.1" 200 960
186.103.156.166 - - [11/Mar/2016:09:25:53 -0300] "GET /cormun/servlet/solicitudot?INS,0,0, HTTP/1.1" 200 11477
186.103.156.166 - - [11/Mar/2016:09:25:54 -0300] "GET /cormun/servlet/solicitudot?INS,0,0, HTTP/1.1" 200 11480
186.103.159.46 - - [11/Mar/2016:09:25:55 -0300] "POST /cormun/servlet/solicitudot?gx-no-cache=1457699183046 HTTP/1.1" 200 2668
186.103.159.46 - - [11/Mar/2016:09:25:56 -0300] "POST /cormun/servlet/solicitudot?d5f5c2dbe1c590343e02ed3b35d72d42,INS,0,0,,gx-no-cache=1457699183939 HTTP/1.1" 200 8268
186.103.156.166 - - [11/Mar/2016:09:25:58 -0300] "GET /cormun/servlet/trautorizarsolicitud? HTTP/1.1" 200 7477
186.103.159.46 - - [11/Mar/2016:09:25:58 -0300] "GET /cormun/servlet/solicitudot?77a8859ab9f2e408dccebc4270918f4c5b4352c88e86dfeb7d4b383b0ea03fe00fee66e12a212269f581e3a7ad589ae2,gx-no-cache=1457699186024 HTTP/1.1" 200 30
186.103.156.166 - - [11/Mar/2016:09:25:59 -0300] "GET /cormun/servlet/trautorizarsolicitud? HTTP/1.1" 200 7471
192.168.10.89 - - [11/Mar/2016:09:26:02 -0300] "GET /cormun/servlet/hlogin HTTP/1.1" 200 1733
186.78.48.113 - - [11/Mar/2016:09:26:04 -0300] "POST /cormun/servlet/hlogin?b417932162c6bd48ca18957f7b1fb61a,gx-no-cache=1457699191431 HTTP/1.1" 200 90
186.78.48.113 - - [11/Mar/2016:09:26:04 -0300] "GET /cormun/servlet/hpexe_link HTTP/1.1" 200 949
186.78.48.113 - - [11/Mar/2016:09:26:04 -0300] "GET /cormun/static/gxcfg.js?20151120044395 HTTP/1.1" 304 -
186.78.48.113 - - [11/Mar/2016:09:26:04 -0300] "GET /cormun/static/hpexe_link.js?20151120044398 HTTP/1.1" 304 -
186.78.48.113 - - [11/Mar/2016:09:26:05 -0300] "GET /cormun/servlet/hhome HTTP/1.1" 200 3486
186.78.48.113 - - [11/Mar/2016:09:26:05 -0300] "GET /cormun/static/Resources/Spanish/PXTools.css?10515224 HTTP/1.1" 304 -
186.78.48.113 - - [11/Mar/2016:09:26:05 -0300] "GET /cormun/static/gxcfg.js?2015112210564248 HTTP/1.1" 304 -
186.78.48.113 - - [11/Mar/2016:09:26:05 -0300] "GET /cormun/static/hhome.js?2015112210564255 HTTP/1.1" 304 -
186.78.48.113 - - [11/Mar/2016:09:26:05 -0300] "GET /cormun/static/hwchdr01.js?20162241650484 HTTP/1.1" 304 -
186.78.48.113 - - [11/Mar/2016:09:26:05 -0300] "GET /cormun/static/hpexe_recentlink.js?2015111312121342 HTTP/1.1" 304 -
186.78.48.113 - - [11/Mar/2016:09:26:05 -0300] "GET /cormun/static/hpexe_scripts.js?20151120014546 HTTP/1.1" 304 -
186.78.48.113 - - [11/Mar/2016:09:26:05 -0300] "GET /cormun/static/hpexe_messagecontroller.js?2015112210524422 HTTP/1.1" 304 -
186.78.48.113 - - [11/Mar/2016:09:26:05 -0300] "GET /cormun/static/hpexe_messagepopupcomponent.js?20163219454551 HTTP/1.1" 304 -
186.78.48.113 - - [11/Mar/2016:09:26:05 -0300] "GET /cormun/static/hpexe_messagegenexuscomponent.js?20151120014314 HTTP/1.1" 304 -
186.78.48.113 - - [11/Mar/2016:09:26:05 -0300] "GET /cormun/static/cmcontrolpreferences.js?20151120014525 HTTP/1.1" 304 -
186.78.48.113 - - [11/Mar/2016:09:26:05 -0300] "GET /cormun/static/hmpwkw03.js?2016311993330 HTTP/1.1" 304 -
186.78.48.113 - - [11/Mar/2016:09:26:20 -0300] "GET /cormun/servlet/trsolicitudot? HTTP/1.1" 200 6242
186.78.48.113 - - [11/Mar/2016:09:26:20 -0300] "GET /cormun/static/Resources/Spanish/PXTools.css?18502099 HTTP/1.1" 304 -
186.78.48.113 - - [11/Mar/2016:09:26:20 -0300] "GET /cormun/static/gxcfg.js?201631185636 HTTP/1.1" 304 -
186.78.48.113 - - [11/Mar/2016:09:26:20 -0300] "GET /cormun/static/trsolicitudot.js?2016311856838 HTTP/1.1" 304 -
186.78.48.113 - - [11/Mar/2016:09:26:25 -0300] "GET /cormun/servlet/trautorizarsolicitud? HTTP/1.1" 200 6195
186.78.48.113 - - [11/Mar/2016:09:26:26 -0300] "GET /cormun/static/Resources/Spanish/PXTools.css?19444614 HTTP/1.1" 304 -
186.78.48.113 - - [11/Mar/2016:09:26:26 -0300] "GET /cormun/static/gxcfg.js?20163219504791 HTTP/1.1" 304 -
186.78.48.113 - - [11/Mar/2016:09:26:36 -0300] "GET /cormun/static/trautorizarsolicitud.js?20163219505323 HTTP/1.1" 304 -
186.78.48.113 - - [11/Mar/2016:09:27:19 -0300] "GET /cormun/servlet/trsolicitudot? HTTP/1.1" 200 6242
186.103.156.166 - - [11/Mar/2016:09:27:26 -0300] "GET /cormun/Manuales/manual.pdf HTTP/1.1" 200 850295
186.103.159.230 - - [11/Mar/2016:09:27:44 -0300] "GET /cormun/servlet/trsolicitudot? HTTP/1.1" 200 6196
186.103.159.230 - - [11/Mar/2016:09:27:45 -0300] "GET /cormun/servlet/trsolicitudot? HTTP/1.1" 200 6195
186.103.159.230 - - [11/Mar/2016:09:27:49 -0300] "GET /cormun/servlet/solicitudot?INS,0,0, HTTP/1.1" 200 11444
186.103.159.230 - - [11/Mar/2016:09:27:50 -0300] "GET /cormun/servlet/solicitudot?INS,0,0, HTTP/1.1" 200 11449
186.78.48.113 - - [11/Mar/2016:09:27:52 -0300] "GET /cormun/servlet/trvisualizadoreventos? HTTP/1.1" 200 6004
186.78.48.113 - - [11/Mar/2016:09:27:52 -0300] "GET /cormun/static/Resources/Spanish/PXTools.css?17554516 HTTP/1.1" 304 -
186.78.48.113 - - [11/Mar/2016:09:27:52 -0300] "GET /cormun/static/gxcfg.js?2016251828014 HTTP/1.1" 304 -
186.78.48.113 - - [11/Mar/2016:09:27:52 -0300] "GET /cormun/static/trvisualizadoreventos.js?2016251828276 HTTP/1.1" 304 -
186.78.48.113 - - [11/Mar/2016:09:28:02 -0300] "GET /cormun/servlet/trsolicitudot? HTTP/1.1" 200 6242
186.103.159.230 - - [11/Mar/2016:09:28:09 -0300] "POST /cormun/servlet/solicitudot?gx-no-cache=1457699313625 HTTP/1.1" 200 2780
186.103.159.230 - - [11/Mar/2016:09:28:09 -0300] "POST /cormun/servlet/solicitudot?8d1b2cf19fd05ebc29eb562064229d1e,INS,0,0,,gx-no-cache=1457699313822 HTTP/1.1" 200 8411
186.78.48.113 - - [11/Mar/2016:09:28:13 -0300] "GET /cormun/servlet/trautorizarsolicitud? HTTP/1.1" 200 6195
186.103.159.230 - - [11/Mar/2016:09:28:25 -0300] "GET /cormun/servlet/solicitudot?9bd76176bb7aa01b2d309eb77842f52b177bbf57890c39ef9047786f2b2dad9a8f9c0ff570d58fd7e94e9035d76bbfd9,gx-no-cache=1457699329978 HTTP/1.1" 200 30
186.103.159.230 - - [11/Mar/2016:09:28:25 -0300] "POST /cormun/servlet/solicitudot?gx-no-cache=1457699330032 HTTP/1.1" 200 30
186.103.159.230 - - [11/Mar/2016:09:28:25 -0300] "POST /cormun/servlet/solicitudot?gx-no-cache=1457699330074 HTTP/1.1" 200 33
186.103.159.230 - - [11/Mar/2016:09:28:25 -0300] "POST /cormun/servlet/solicitudot?gx-no-cache=1457699330135 HTTP/1.1" 200 452
186.103.159.230 - - [11/Mar/2016:09:28:25 -0300] "GET /cormun/servlet/solicitudot?9bd76176bb7aa01b2d309eb77842f52bd316f1053fbe8da5a54023570f950a6436875f9c6b3d328189e62bafc60c4e11afb384c4e497dd3a639e29a82c08af3826cc9137976318897b19c36a69ebb27141c533a97a54b0012d28373d8bd7030ff642fefa589a58b88ea4c773f65288a037a2ccb6794891c19c9a3637c3b1bbccf2327c7f7367ca8374494e90ac41408c,gx-no-cache=1457699330219 HTTP/1.1" 200 38
186.103.159.230 - - [11/Mar/2016:09:28:31 -0300] "GET /cormun/servlet/solicitudot?9bd76176bb7aa01b2d309eb77842f52b13e8a336e34b3c219eca592d8d51f258bf045faecb13971755d33e9458f3d728ca81f55b42ee487593b34ac70eb2bd5fbed174f0a19e3d63e8ecc67575351ccf2e992658b021102859e6a593bfbf857d83874a8795fc32f621eb4d266d1e6947,gx-no-cache=1457699336401 HTTP/1.1" 200 29
186.103.159.230 - - [11/Mar/2016:09:28:33 -0300] "POST /cormun/servlet/solicitudot?gx-no-cache=1457699337813 HTTP/1.1" 200 1128
186.78.48.113 - - [11/Mar/2016:09:28:51 -0300] "GET /cormun/servlet/trautorizarsolicitud? HTTP/1.1" 200 6195
186.78.63.212 - - [11/Mar/2016:09:28:55 -0300] "GET /cormun/servlet/hlogin HTTP/1.1" 200 1720
186.78.48.113 - - [11/Mar/2016:09:29:12 -0300] "GET /cormun/servlet/trvisualizadoreventos? HTTP/1.1" 200 5995
186.78.63.212 - - [11/Mar/2016:09:29:14 -0300] "POST /cormun/servlet/hlogin?09593c05870bbaf4bd3e0c3d46a1ad96,gx-no-cache=1457699384874 HTTP/1.1" 200 90
186.78.63.212 - - [11/Mar/2016:09:29:14 -0300] "GET /cormun/servlet/hpexe_link HTTP/1.1" 200 961
186.78.63.212 - - [11/Mar/2016:09:29:14 -0300] "GET /cormun/servlet/trautorizarsolicitud? HTTP/1.1" 200 6180
186.78.63.212 - - [11/Mar/2016:09:29:17 -0300] "GET /cormun/servlet/trautorizarsolicitud? HTTP/1.1" 200 6179
186.78.63.212 - - [11/Mar/2016:09:29:23 -0300] "GET /cormun/servlet/trsolicitudot? HTTP/1.1" 200 7561
186.78.63.212 - - [11/Mar/2016:09:29:25 -0300] "GET /cormun/servlet/trsolicitudot? HTTP/1.1" 200 7560
186.78.48.113 - - [11/Mar/2016:09:29:28 -0300] "GET /cormun/static/menuarrow.gif HTTP/1.1" 404 1015
186.78.48.113 - - [11/Mar/2016:09:29:31 -0300] "GET /cormun/servlet/trvisualizadoreventos?bce5ffbbc28f7c0499867bc4c29aa82f1bd002b112dcb49ab38ed397c471ab748d5b513cc3fa6f0e085663249e1269b80d914891a411fa39352c172c22f92cc4b424bcff5ef08d1df7d2464603216ce677e24930ab14dbba44fff19fd0ed140e502bd66a54315072f16afeff920be0c1095206497e37fadcd59d2acc56e7ee9c6b89c17bac79f1f1f29999f5ba6b6a84412df95c67a5dc0ea6c9aad35a99e7605caea710a56002698e619ba8521b3fb00ee6919575c92d36ee0a0f8ec4a64165,gx-no-cache=1457699397737 HTTP/1.1" 200 567
186.78.48.113 - - [11/Mar/2016:09:29:34 -0300] "POST /cormun/servlet/trvisualizadoreventos?b417932162c6bd48ca18957f7b1fb61a,,gx-no-cache=1457699400504 HTTP/1.1" 200 3402
186.78.48.113 - - [11/Mar/2016:09:29:34 -0300] "POST /cormun/servlet/trvisualizadoreventos?b417932162c6bd48ca18957f7b1fb61a,,gx-no-cache=1457699400920 HTTP/1.1" 200 3402
186.78.48.113 - - [11/Mar/2016:09:29:34 -0300] "POST /cormun/servlet/trvisualizadoreventos?b417932162c6bd48ca18957f7b1fb61a,,gx-no-cache=1457699401356 HTTP/1.1" 200 3402
186.78.48.113 - - [11/Mar/2016:09:29:35 -0300] "POST /cormun/servlet/trvisualizadoreventos?b417932162c6bd48ca18957f7b1fb61a,,gx-no-cache=1457699401823 HTTP/1.1" 200 3402
186.78.48.113 - - [11/Mar/2016:09:29:36 -0300] "POST /cormun/servlet/trvisualizadoreventos?b417932162c6bd48ca18957f7b1fb61a,,gx-no-cache=1457699402357 HTTP/1.1" 200 3402
186.78.63.212 - - [11/Mar/2016:09:29:37 -0300] "GET /cormun/servlet/vesolicitudot?2016,801,, HTTP/1.1" 200 7537
186.78.63.212 - - [11/Mar/2016:09:29:37 -0300] "GET /cormun/static/gxcfg.js?20163117275080 HTTP/1.1" 200 953
186.78.63.212 - - [11/Mar/2016:09:29:37 -0300] "GET /cormun/pexe_scrolldiv.js HTTP/1.1" 404 1009
186.78.63.212 - - [11/Mar/2016:09:29:37 -0300] "GET /cormun/static/vesolicitudot.js?20163117275148 HTTP/1.1" 200 6091
186.78.63.212 - - [11/Mar/2016:09:29:37 -0300] "GET /cormun/static/hwcviewtabs.js?20151120014372 HTTP/1.1" 200 1074
186.78.63.212 - - [11/Mar/2016:09:29:37 -0300] "GET /cormun/static/hpexe_tabsview.js?20151120014350 HTTP/1.1" 200 1661
186.78.63.212 - - [11/Mar/2016:09:29:37 -0300] "GET /cormun/static/Resources/PXToolsTabFirstSelected.png HTTP/1.1" 200 1259
186.78.63.212 - - [11/Mar/2016:09:29:37 -0300] "GET /cormun/static/tbsolicitudot01.js?20163117273399 HTTP/1.1" 200 27008
186.78.63.212 - - [11/Mar/2016:09:29:37 -0300] "GET /cormun/static/Resources/PXToolsTabLastUnselected.png HTTP/1.1" 200 1291
186.78.63.212 - - [11/Mar/2016:09:29:37 -0300] "GET /cormun/static/Resources/PXToolsTabPrevious.gif HTTP/1.1" 200 172
186.78.63.212 - - [11/Mar/2016:09:29:37 -0300] "GET /cormun/static/Resources/PXToolsTabNext.gif HTTP/1.1" 200 168
186.78.63.212 - - [11/Mar/2016:09:29:38 -0300] "GET /cormun/static/calendar-system.css HTTP/1.1" 200 5572
186.78.63.212 - - [11/Mar/2016:09:29:38 -0300] "GET /cormun/static/Resources/PXToolsTabBackSelected.png HTTP/1.1" 200 1157
186.78.63.212 - - [11/Mar/2016:09:29:38 -0300] "GET /cormun/static/Resources/PXToolsTabBackUnselected.png HTTP/1.1" 200 1175
186.78.63.212 - - [11/Mar/2016:09:29:38 -0300] "GET /cormun/static/Resources/PXToolsTabSelectedUnselected.png HTTP/1.1" 200 1428
186.78.63.212 - - [11/Mar/2016:09:29:38 -0300] "GET /cormun/static/Resources/PXToolsTabUnselectedUnselected.png HTTP/1.1" 200 1459
186.78.63.212 - - [11/Mar/2016:09:29:38 -0300] "GET /cormun/servlet/vesolicitudot?2016,801,, HTTP/1.1" 200 7537
186.103.159.230 - - [11/Mar/2016:09:29:39 -0300] "GET /cormun/servlet/solicitudot?9bd76176bb7aa01b2d309eb77842f52b291409c011d8df0f8d5025f8674619a846455e6b3b40101dca948b20b0fe935597e79d45c75480a786207b0316baed5eb32b005fd3fce0afb5c8ce1fc846211f390bc8e195914260e3e7eb7e63fcf2096edb237f2909dc813c09b41100236f84ebfbe98d06d2b59445d98b4fa65f16b80221c66f3ef586214e9704dff0346bdd370582220bc25c3a70e2dd77bbbce9f36cc8befbce84f929cbfa17095cd80408,gx-no-cache=1457699403285 HTTP/1.1" 200 30
186.78.48.113 - - [11/Mar/2016:09:29:51 -0300] "GET /cormun/servlet/trvisualizadoreventos?bce5ffbbc28f7c0499867bc4c29aa82f39799e5a8124755aa0200572d84b6a522c650b038d756653555545a164af6edeed4a1bb34763f57ee2775de65be02b83543d6c553bbb3e3bcfb6ac1b2dc7513ec88fb317e5215e249d05f4111c6939b4121f8f448e52be361ca1e2989b8175a97cbaae8feead00dfd12d77955cc4b32c3761e9a712b1d63f269278e843b42ab2d6f7a3b4acfb93f753692e86bf19c05594ef43a7fd4c895a7a8a01cbf52d08ced8078fabf220151ad3bdea46494cec6c,gx-no-cache=1457699417668 HTTP/1.1" 200 568
186.78.48.113 - - [11/Mar/2016:09:29:51 -0300] "POST /cormun/servlet/trvisualizadoreventos?b417932162c6bd48ca18957f7b1fb61a,,gx-no-cache=1457699418007 HTTP/1.1" 200 3406
186.78.63.212 - - [11/Mar/2016:09:30:01 -0300] "GET /cormun/servlet/vesolicitudot?2016,801,,SolicitudOTLog HTTP/1.1" 200 6462
186.78.63.212 - - [11/Mar/2016:09:30:01 -0300] "GET /cormun/pexe_scrolldiv.js HTTP/1.1" 404 1009
186.78.63.212 - - [11/Mar/2016:09:30:01 -0300] "GET /cormun/static/tbsolicitudot03.js?20163117272497 HTTP/1.1" 200 12365
186.78.63.212 - - [11/Mar/2016:09:30:01 -0300] "GET /cormun/static/Resources/PXToolsTabLastSelected.png HTTP/1.1" 200 1262
186.78.63.212 - - [11/Mar/2016:09:30:02 -0300] "GET /cormun/static/gxui/gxui-all.css HTTP/1.1" 200 2179
186.78.63.212 - - [11/Mar/2016:09:30:02 -0300] "GET /cormun/static/Resources/PXToolsTabFirstUnselected.png HTTP/1.1" 200 1264
186.78.63.212 - - [11/Mar/2016:09:30:02 -0300] "GET /cormun/static/Resources/PXToolsTabUnselectedSelected.png HTTP/1.1" 200 1444
186.78.63.212 - - [11/Mar/2016:09:30:02 -0300] "GET /cormun/servlet/vesolicitudot?2016,801,,SolicitudOTLog HTTP/1.1" 200 6464
186.78.63.212 - - [11/Mar/2016:09:30:03 -0300] "GET /cormun/static/Shared/ext/resources/css/ext-all.css HTTP/1.1" 200 416045
186.78.63.212 - - [11/Mar/2016:09:30:04 -0300] "POST /cormun/servlet/acontrolpreferencessavestate?None,ELOBOS,true HTTP/1.1" 200 35
186.78.63.212 - - [11/Mar/2016:09:30:11 -0300] "GET /cormun/servlet/trsolicitudot? HTTP/1.1" 200 7578
186.78.63.212 - - [11/Mar/2016:09:30:12 -0300] "GET /cormun/servlet/trsolicitudot? HTTP/1.1" 200 7572
186.78.48.113 - - [11/Mar/2016:09:30:17 -0300] "GET /cormun/servlet/trvisualizadoreventos?bce5ffbbc28f7c0499867bc4c29aa82fb1a13d482da1615c95b4b1fa585518e69952f422806c43501275edbbbe3088dc54bb78f1e6f3135606634f4f7ba74cdf8533b11a9245f535435741291b55ccbf30d7c795822c38c06835af7d4b97f09ca57c40de18bc50b7b390c598ea2beefa1c4573194283f1542549978a995fdec8b0f2715a546dfab5febd0f4fda400579ce60c1465de44d4aa3a26ebe3f4b6b701a5697900b297512e93849feb6f7ab2451e55243f582acf924acbebb8b4c0ab228a9b23642ccf251f6c3ff00092f594f,gx-no-cache=1457699444176 HTTP/1.1" 200 572
186.78.48.113 - - [11/Mar/2016:09:30:18 -0300] "POST /cormun/servlet/trvisualizadoreventos?b417932162c6bd48ca18957f7b1fb61a,,gx-no-cache=1457699444842 HTTP/1.1" 200 3414
186.78.63.212 - - [11/Mar/2016:09:30:22 -0300] "POST /cormun/servlet/trsolicitudot?09593c05870bbaf4bd3e0c3d46a1ad96,,gx-no-cache=1457699452498 HTTP/1.1" 200 4974
186.78.63.212 - - [11/Mar/2016:09:30:22 -0300] "POST /cormun/servlet/trsolicitudot?09593c05870bbaf4bd3e0c3d46a1ad96,,gx-no-cache=1457699452990 HTTP/1.1" 200 4975
186.78.63.212 - - [11/Mar/2016:09:30:23 -0300] "POST /cormun/servlet/trsolicitudot?09593c05870bbaf4bd3e0c3d46a1ad96,,gx-no-cache=1457699453441 HTTP/1.1" 200 4975
186.78.48.113 - - [11/Mar/2016:09:30:23 -0300] "GET /cormun/servlet/trautorizarsolicitud? HTTP/1.1" 200 6195
186.78.63.212 - - [11/Mar/2016:09:30:23 -0300] "POST /cormun/servlet/trsolicitudot?09593c05870bbaf4bd3e0c3d46a1ad96,,gx-no-cache=1457699454025 HTTP/1.1" 200 4975
186.78.63.212 - - [11/Mar/2016:09:30:24 -0300] "POST /cormun/servlet/trsolicitudot?09593c05870bbaf4bd3e0c3d46a1ad96,,gx-no-cache=1457699454493 HTTP/1.1" 200 4975
186.78.63.212 - - [11/Mar/2016:09:30:24 -0300] "POST /cormun/servlet/trsolicitudot?09593c05870bbaf4bd3e0c3d46a1ad96,,gx-no-cache=1457699454981 HTTP/1.1" 200 4975
186.78.63.212 - - [11/Mar/2016:09:30:25 -0300] "POST /cormun/servlet/trsolicitudot?09593c05870bbaf4bd3e0c3d46a1ad96,,gx-no-cache=1457699455464 HTTP/1.1" 200 4975
186.78.63.212 - - [11/Mar/2016:09:30:25 -0300] "POST /cormun/servlet/trsolicitudot?09593c05870bbaf4bd3e0c3d46a1ad96,,gx-no-cache=1457699456058 HTTP/1.1" 200 3667
186.78.63.212 - - [11/Mar/2016:09:30:25 -0300] "GET /cormun/static/Shared/jqueryui/images/ui-bg_highlight-soft_100_c6c2c8_1x100.png HTTP/1.1" 404 1117
186.78.63.212 - - [11/Mar/2016:09:30:25 -0300] "GET /cormun/static/Shared/jqueryui/images/ui-icons_82798d_256x240.png HTTP/1.1" 404 1089
186.78.63.212 - - [11/Mar/2016:09:30:25 -0300] "GET /cormun/static/Shared/jqueryui/images/ui-bg_flat_55_fafafa_40x100.png HTTP/1.1" 404 1097
186.78.63.212 - - [11/Mar/2016:09:30:25 -0300] "GET /cormun/static/Shared/jqueryui/images/ui-icons_8d78a5_256x240.png HTTP/1.1" 404 1089
186.78.63.212 - - [11/Mar/2016:09:30:26 -0300] "POST /cormun/servlet/trsolicitudot?09593c05870bbaf4bd3e0c3d46a1ad96,,gx-no-cache=1457699456642 HTTP/1.1" 200 3492
186.103.159.230 - - [11/Mar/2016:09:30:31 -0300] "POST /cormun/servlet/solicitudot?gx-no-cache=1457699455550 HTTP/1.1" 200 30
186.103.159.230 - - [11/Mar/2016:09:30:43 -0300] "POST /cormun/servlet/solicitudot?gx-no-cache=1457699467683 HTTP/1.1" 200 1167
186.103.159.230 - - [11/Mar/2016:09:30:43 -0300] "GET /cormun/servlet/solicitudot?9bd76176bb7aa01b2d309eb77842f52bd316f1053fbe8da5a54023570f950a6436875f9c6b3d328189e62bafc60c4e11afb384c4e497dd3a639e29a82c08af3826cc9137976318897b19c36a69ebb27141c533a97a54b0012d28373d8bd7030ff642fefa589a58b88ea4c773f65288a037a2ccb6794891c19c9a3637c3b1bbcc9e825c00d0d588eaf4a733f7612dc62add5cf3550881f0ff0acf70c4869df596,gx-no-cache=1457699467744 HTTP/1.1" 200 41
186.103.159.230 - - [11/Mar/2016:09:30:43 -0300] "POST /cormun/servlet/solicitudot?gx-no-cache=1457699467776 HTTP/1.1" 200 1128
186.103.159.230 - - [11/Mar/2016:09:30:43 -0300] "GET /cormun/servlet/solicitudot?9bd76176bb7aa01b2d309eb77842f52b291409c011d8df0f8d5025f8674619a846455e6b3b40101dca948b20b0fe935597e79d45c75480a786207b0316baed5eb32b005fd3fce0afb5c8ce1fc846211f390bc8e195914260e3e7eb7e63fcf2096edb237f2909dc813c09b41100236f84ebfbe98d06d2b59445d98b4fa65f16b80221c66f3ef586214e9704dff0346bdd370582220bc25c3a70e2dd77bbbce9f36cc8befbce84f929cbfa17095cd80408,gx-no-cache=1457699467829 HTTP/1.1" 200 30
186.103.159.230 - - [11/Mar/2016:09:30:43 -0300] "POST /cormun/servlet/solicitudot?8d1b2cf19fd05ebc29eb562064229d1e,INS,0,0,,gx-no-cache=1457699467876 HTTP/1.1" 200 93
186.103.159.230 - - [11/Mar/2016:09:30:43 -0300] "GET /cormun/servlet/hpexe_return? HTTP/1.1" 200 1007
186.103.159.230 - - [11/Mar/2016:09:30:43 -0300] "GET /cormun/static/gxcfg.js?2015111312145050 HTTP/1.1" 304 -
186.103.159.230 - - [11/Mar/2016:09:30:43 -0300] "GET /cormun/servlet/trsolicitudot HTTP/1.1" 200 7480
186.103.159.230 - - [11/Mar/2016:09:30:44 -0300] "GET /cormun/servlet/trsolicitudot HTTP/1.1" 200 7476
186.78.63.212 - - [11/Mar/2016:09:30:45 -0300] "GET /cormun/servlet/trsolicitudot? HTTP/1.1" 200 6242
186.78.63.212 - - [11/Mar/2016:09:30:47 -0300] "GET /cormun/servlet/trsolicitudot? HTTP/1.1" 200 6242
186.103.159.230 - - [11/Mar/2016:09:30:51 -0300] "POST /cormun/servlet/trsolicitudot?8d1b2cf19fd05ebc29eb562064229d1e,gx-no-cache=1457699475422 HTTP/1.1" 200 4912
186.103.159.230 - - [11/Mar/2016:09:30:51 -0300] "POST /cormun/servlet/trsolicitudot?8d1b2cf19fd05ebc29eb562064229d1e,gx-no-cache=1457699475601 HTTP/1.1" 200 4911
186.103.159.230 - - [11/Mar/2016:09:30:51 -0300] "POST /cormun/servlet/trsolicitudot?8d1b2cf19fd05ebc29eb562064229d1e,gx-no-cache=1457699475732 HTTP/1.1" 200 4911
186.103.159.230 - - [11/Mar/2016:09:30:51 -0300] "POST /cormun/servlet/trsolicitudot?8d1b2cf19fd05ebc29eb562064229d1e,gx-no-cache=1457699475861 HTTP/1.1" 200 4911
186.103.159.230 - - [11/Mar/2016:09:30:51 -0300] "POST /cormun/servlet/trsolicitudot?8d1b2cf19fd05ebc29eb562064229d1e,gx-no-cache=1457699476000 HTTP/1.1" 200 4911
186.103.159.230 - - [11/Mar/2016:09:30:51 -0300] "POST /cormun/servlet/trsolicitudot?8d1b2cf19fd05ebc29eb562064229d1e,gx-no-cache=1457699476135 HTTP/1.1" 200 4912
186.103.159.230 - - [11/Mar/2016:09:30:51 -0300] "POST /cormun/servlet/trsolicitudot?8d1b2cf19fd05ebc29eb562064229d1e,gx-no-cache=1457699476278 HTTP/1.1" 200 4911
186.103.159.230 - - [11/Mar/2016:09:30:52 -0300] "POST /cormun/servlet/trsolicitudot?8d1b2cf19fd05ebc29eb562064229d1e,gx-no-cache=1457699476427 HTTP/1.1" 200 3632
186.103.159.230 - - [11/Mar/2016:09:30:52 -0300] "POST /cormun/servlet/trsolicitudot?8d1b2cf19fd05ebc29eb562064229d1e,gx-no-cache=1457699476570 HTTP/1.1" 200 3478
186.78.48.113 - - [11/Mar/2016:09:30:54 -0300] "GET /cormun/Manuales/manual.pdf HTTP/1.1" 304 -
186.103.159.230 - - [11/Mar/2016:09:30:58 -0300] "GET /cormun/servlet/trautorizarsolicitud? HTTP/1.1" 200 7425
186.103.159.230 - - [11/Mar/2016:09:30:58 -0300] "GET /cormun/servlet/trautorizarsolicitud? HTTP/1.1" 200 7425
186.103.159.230 - - [11/Mar/2016:09:31:06 -0300] "POST /cormun/servlet/trautorizarsolicitud?8d1b2cf19fd05ebc29eb562064229d1e,,gx-no-cache=1457699490984 HTTP/1.1" 200 4884
186.103.159.230 - - [11/Mar/2016:09:31:06 -0300] "POST /cormun/servlet/trautorizarsolicitud?8d1b2cf19fd05ebc29eb562064229d1e,,gx-no-cache=1457699491123 HTTP/1.1" 200 4884
186.103.159.230 - - [11/Mar/2016:09:31:06 -0300] "POST /cormun/servlet/trautorizarsolicitud?8d1b2cf19fd05ebc29eb562064229d1e,,gx-no-cache=1457699491246 HTTP/1.1" 200 4884
186.103.159.230 - - [11/Mar/2016:09:31:06 -0300] "POST /cormun/servlet/trautorizarsolicitud?8d1b2cf19fd05ebc29eb562064229d1e,,gx-no-cache=1457699491373 HTTP/1.1" 200 4884
186.103.159.230 - - [11/Mar/2016:09:31:07 -0300] "POST /cormun/servlet/trautorizarsolicitud?8d1b2cf19fd05ebc29eb562064229d1e,,gx-no-cache=1457699491506 HTTP/1.1" 200 4884
186.103.159.230 - - [11/Mar/2016:09:31:07 -0300] "POST /cormun/servlet/trautorizarsolicitud?8d1b2cf19fd05ebc29eb562064229d1e,,gx-no-cache=1457699491641 HTTP/1.1" 200 4884
186.103.159.230 - - [11/Mar/2016:09:31:07 -0300] "POST /cormun/servlet/trautorizarsolicitud?8d1b2cf19fd05ebc29eb562064229d1e,,gx-no-cache=1457699491771 HTTP/1.1" 200 4884
186.103.159.230 - - [11/Mar/2016:09:31:07 -0300] "POST /cormun/servlet/trautorizarsolicitud?8d1b2cf19fd05ebc29eb562064229d1e,,gx-no-cache=1457699492040 HTTP/1.1" 200 3600
186.103.159.230 - - [11/Mar/2016:09:31:07 -0300] "POST /cormun/servlet/trautorizarsolicitud?8d1b2cf19fd05ebc29eb562064229d1e,,gx-no-cache=1457699492187 HTTP/1.1" 200 3452
186.78.48.113 - - [11/Mar/2016:09:31:17 -0300] "GET /cormun/servlet/hlogin HTTP/1.1" 200 1711
186.78.48.113 - - [11/Mar/2016:09:31:17 -0300] "GET /cormun/static/Resources/Spanish/PXTools.css?005343 HTTP/1.1" 304 -
186.78.48.113 - - [11/Mar/2016:09:31:17 -0300] "GET /cormun/static/gxtimezone.js?85251 HTTP/1.1" 304 -
186.78.48.113 - - [11/Mar/2016:09:31:17 -0300] "GET /cormun/static/gxgral.js?85251 HTTP/1.1" 304 -
186.78.48.113 - - [11/Mar/2016:09:31:17 -0300] "GET /cormun/static/gxcfg.js?20151120045111 HTTP/1.1" 304 -
186.78.48.113 - - [11/Mar/2016:09:31:18 -0300] "GET /cormun/static/Resources/ComunLogin.png HTTP/1.1" 304 -
186.78.48.113 - - [11/Mar/2016:09:31:18 -0300] "GET /cormun/static/messages.spa.js?85251 HTTP/1.1" 304 -
186.78.48.113 - - [11/Mar/2016:09:31:18 -0300] "GET /cormun/static/hlogin.js?20151120045126 HTTP/1.1" 304 -
186.78.48.113 - - [11/Mar/2016:09:31:18 -0300] "GET /cormun/static/Resources/PXToolsButtonBackground2.png HTTP/1.1" 304 -
186.78.48.113 - - [11/Mar/2016:09:31:18 -0300] "GET /cormun/static/Resources/PXToolsButtonRight21.png HTTP/1.1" 304 -
186.78.48.113 - - [11/Mar/2016:09:31:18 -0300] "GET /cormun/static/Resources/PXToolsButtonLeft21.png HTTP/1.1" 304 -
186.78.48.113 - - [11/Mar/2016:09:31:18 -0300] "GET /cormun/static/Resources/PXToolsLoginBackground.png HTTP/1.1" 304 -
186.78.48.113 - - [11/Mar/2016:09:31:18 -0300] "GET /cormun/static/Resources/PXToolsLoginBottom.png HTTP/1.1" 304 -
186.78.48.113 - - [11/Mar/2016:09:31:18 -0300] "GET /cormun/static/Resources/PXToolsLoginTop.png HTTP/1.1" 304 -
186.78.48.113 - - [11/Mar/2016:09:31:18 -0300] "GET /cormun/static/Resources/indicator.gif HTTP/1.1" 304 -
186.78.63.212 - - [11/Mar/2016:09:31:40 -0300] "GET /cormun/servlet/trsolicitudot? HTTP/1.1" 200 6242
186.78.63.212 - - [11/Mar/2016:09:31:42 -0300] "GET /cormun/servlet/trsolicitudot? HTTP/1.1" 200 6242
186.103.248.189 - - [11/Mar/2016:09:31:45 -0300] "GET /cormun/servlet/solicitudot?d1569fc545609a809b8375e495eb199923ad44cc945301eae9c16531f7ea0368a43fc0cff73b71945dd8c80550cc585b2d709953008b9c2a0962a7fbb0d152140705d906380e406324579857da79d9d3ef433414ce9132a37aa1e52ed85331f64f5b3094ca5488bc63283587230a2a96,gx-no-cache=1457699533290 HTTP/1.1" 200 29
186.78.63.212 - - [11/Mar/2016:09:31:46 -0300] "GET /cormun/static/menuarrow.gif HTTP/1.1" 404 1015
186.103.248.189 - - [11/Mar/2016:09:31:48 -0300] "POST /cormun/servlet/solicitudot?gx-no-cache=1457699536113 HTTP/1.1" 200 1128
186.78.63.212 - - [11/Mar/2016:09:31:51 -0300] "POST /cormun/servlet/trsolicitudot?09593c05870bbaf4bd3e0c3d46a1ad96,,gx-no-cache=1457699541538 HTTP/1.1" 200 3500
186.78.63.212 - - [11/Mar/2016:09:31:51 -0300] "POST /cormun/servlet/trsolicitudot?09593c05870bbaf4bd3e0c3d46a1ad96,,gx-no-cache=1457699541947 HTTP/1.1" 200 3499
186.103.159.46 - - [11/Mar/2016:09:31:54 -0300] "POST /cormun/servlet/solicitudot?gx-no-cache=1457699541660 HTTP/1.1" 200 30
186.78.63.212 - - [11/Mar/2016:09:31:58 -0300] "POST /cormun/servlet/trsolicitudot?09593c05870bbaf4bd3e0c3d46a1ad96,,gx-no-cache=1457699548554 HTTP/1.1" 200 3497
186.78.63.212 - - [11/Mar/2016:09:31:58 -0300] "POST /cormun/servlet/trsolicitudot?09593c05870bbaf4bd3e0c3d46a1ad96,,gx-no-cache=1457699548963 HTTP/1.1" 200 3497
186.103.159.46 - - [11/Mar/2016:09:32:01 -0300] "POST /cormun/servlet/solicitudot?gx-no-cache=1457699548613 HTTP/1.1" 200 30
186.78.63.212 - - [11/Mar/2016:09:32:01 -0300] "POST /cormun/servlet/trsolicitudot?09593c05870bbaf4bd3e0c3d46a1ad96,,gx-no-cache=1457699552071 HTTP/1.1" 200 3499
186.78.63.212 - - [11/Mar/2016:09:32:01 -0300] "GET /cormun/servlet/trsolicitudot?3dcef103fb6643c93d8b1b4bd3217931e13babfee3aaaa42b3c159c6e14d0208e0986340757299bcf10eaa57b527f20101292b66178c64767ddbda7206da6690733b80c6135d0613880c7e08e39443bd,gx-no-cache=1457699552523 HTTP/1.1" 200 762
186.78.63.212 - - [11/Mar/2016:09:32:04 -0300] "GET /cormun/servlet/solicitudot?INS,0,0, HTTP/1.1" 200 11497
186.78.63.212 - - [11/Mar/2016:09:32:06 -0300] "GET /cormun/servlet/solicitudot?INS,0,0, HTTP/1.1" 200 11501
186.103.159.46 - - [11/Mar/2016:09:32:11 -0300] "POST /cormun/servlet/solicitudot?gx-no-cache=1457699558394 HTTP/1.1" 200 452
186.103.159.46 - - [11/Mar/2016:09:32:11 -0300] "GET /cormun/servlet/solicitudot?77a8859ab9f2e408dccebc4270918f4c9a03e46700d061cbcd7c126c498ed900afde58f93b23da186907bdb30df76d06ef339ac1c38713a735d068350d09594452b3a87bbb0e4457d434c98c33461dcbf2b4977b7a1b64d951057a3f4e1bca64b12649d3c641201b13715b8dffba7dc318542ac54a264a3f8d0e91594729335771c0d140ac1333b5ab59050c3fb093e2,gx-no-cache=1457699558471 HTTP/1.1" 200 38
186.78.63.212 - - [11/Mar/2016:09:32:27 -0300] "GET /cormun/servlet/trsolicitudot? HTTP/1.1" 200 6239
186.78.63.212 - - [11/Mar/2016:09:32:29 -0300] "GET /cormun/servlet/trsolicitudot? HTTP/1.1" 200 6238
186.78.63.212 - - [11/Mar/2016:09:32:36 -0300] "POST /cormun/servlet/trsolicitudot?09593c05870bbaf4bd3e0c3d46a1ad96,,gx-no-cache=1457699586963 HTTP/1.1" 200 3499
186.78.63.212 - - [11/Mar/2016:09:32:36 -0300] "POST /cormun/servlet/trsolicitudot?09593c05870bbaf4bd3e0c3d46a1ad96,,gx-no-cache=1457699587373 HTTP/1.1" 200 3499
186.78.63.212 - - [11/Mar/2016:09:32:37 -0300] "POST /cormun/servlet/trsolicitudot?09593c05870bbaf4bd3e0c3d46a1ad96,,gx-no-cache=1457699587761 HTTP/1.1" 200 3499
186.78.63.212 - - [11/Mar/2016:09:32:37 -0300] "POST /cormun/servlet/trsolicitudot?09593c05870bbaf4bd3e0c3d46a1ad96,,gx-no-cache=1457699588154 HTTP/1.1" 200 3499
186.78.63.212 - - [11/Mar/2016:09:32:43 -0300] "POST /cormun/servlet/trsolicitudot?09593c05870bbaf4bd3e0c3d46a1ad96,,gx-no-cache=1457699593624 HTTP/1.1" 200 5407
186.78.63.212 - - [11/Mar/2016:09:32:43 -0300] "GET /cormun/servlet/trsolicitudot?3dcef103fb6643c93d8b1b4bd321793199cafa41fc1ee650fb74bc29ba3d3be9e0986340757299bcf10eaa57b527f20101292b66178c64767ddbda7206da6690733b80c6135d0613880c7e08e39443bd,gx-no-cache=1457699594208 HTTP/1.1" 200 2740
186.103.159.230 - - [11/Mar/2016:09:33:09 -0300] "GET /cormun/servlet/trsolicitudot? HTTP/1.1" 200 6196
186.103.159.230 - - [11/Mar/2016:09:33:09 -0300] "GET /cormun/servlet/trsolicitudot? HTTP/1.1" 200 6195
186.78.63.212 - - [11/Mar/2016:09:33:11 -0300] "GET /cormun/servlet/vesolicitudot?2016,729,, HTTP/1.1" 200 7577
186.78.63.212 - - [11/Mar/2016:09:33:11 -0300] "GET /cormun/pexe_scrolldiv.js HTTP/1.1" 404 1009
186.103.159.230 - - [11/Mar/2016:09:33:12 -0300] "GET /cormun/servlet/solicitudot?INS,0,0, HTTP/1.1" 200 11443
186.103.159.230 - - [11/Mar/2016:09:33:12 -0300] "GET /cormun/servlet/solicitudot?INS,0,0, HTTP/1.1" 200 11448
186.78.63.212 - - [11/Mar/2016:09:33:13 -0300] "GET /cormun/servlet/vesolicitudot?2016,729,, HTTP/1.1" 200 7577
186.103.159.46 - - [11/Mar/2016:09:33:16 -0300] "GET /cormun/servlet/solicitudot?77a8859ab9f2e408dccebc4270918f4c1508e9dead571676f6c5104b3410f34413cf217f986f7def0c110945a840b7f2777642eda7cffeb0e77aacc29203647169f845a38e52a2002e89cf395de8d65c2aea629e58dc3b4e8ec1a5292fd44462988b135ce05c179cc32d0aac26883a92,gx-no-cache=1457699623498 HTTP/1.1" 200 29
186.103.159.46 - - [11/Mar/2016:09:33:18 -0300] "POST /cormun/servlet/solicitudot?gx-no-cache=1457699626150 HTTP/1.1" 200 179
186.103.159.46 - - [11/Mar/2016:09:33:31 -0300] "GET /cormun/servlet/solicitudot?77a8859ab9f2e408dccebc4270918f4c3760d480d1f77a80685e4d8bc61c342669be84cc30047382ccbf79bef0318bfb72593ef6d430e7cb2c497c0e69b9ab58de7802951d23ba75fe011a7d5d2e4c07da61f30938990906b4c8c1dccc5cf764b7d65432192ae28f058776a03fb12807a510b04ed4af4669a4da518d1c7665a4a617f51aa1c52e1d33895319cdfa81ba8c7c64fee1562651d949adcc19778f021a2266991e851e38570ad731e95c918bf316abde37d39a03da5849125ba5707356a482496100ba7018b69d2666a072da9e44162eba48b26b79030c78886b4e284793dfc5f365a1bd64317631e4a4a77491e2c18e22f10facd376a084d2220de9fa6732c306088424f980a54e74cff8fb75a0b84782b1a1c838446f898c75e7f43330ae0b61b37a125c3885b165e65a0293346bef6303ace29074b1be4aee7fddbcf9d4c17f1ea60565bdb88005c27476130189a5342029589979302ed8b5eb08c1469ddf383840f35f4a6710d3122a629f674be41f9e9409d063ccecea1749b2cc9e486ded347a0ecee0ec8ae2fc56c6431487d6ef131c1e36e28810400b64a252522c993ea39170cef285627ab5413fb21f6533794c10c1b728f1d43327f7249bdd22a3e93b9cbb287f606eef90aa509de0709a9a5abdd69a133c17d4d7205b02d1682a5e0b7b4b7c9008f574625b9eee1b0b806b0938794d40a6b5aa886a4447b7bbfbbff8521db35834041dc871dca9d8ebd1919586f679c6d2d0b50c497d55babf436f68b072b454fa25a87a0688,gx-no-cache=1457699638299 HTTP/1.1" 200 1128
186.103.159.230 - - [11/Mar/2016:09:33:31 -0300] "POST /cormun/servlet/solicitudot?gx-no-cache=1457699636334 HTTP/1.1" 200 2668
186.103.159.230 - - [11/Mar/2016:09:33:32 -0300] "POST /cormun/servlet/solicitudot?8d1b2cf19fd05ebc29eb562064229d1e,INS,0,0,,gx-no-cache=1457699636464 HTTP/1.1" 200 8293
186.103.159.230 - - [11/Mar/2016:09:33:35 -0300] "GET /cormun/servlet/solicitudot?9bd76176bb7aa01b2d309eb77842f52b3e281a568483b485425db1453c2b7f5b8f9c0ff570d58fd7e94e9035d76bbfd9,gx-no-cache=1457699640377 HTTP/1.1" 200 30
186.78.63.212 - - [11/Mar/2016:09:33:37 -0300] "POST /cormun/servlet/vesolicitudot?09593c05870bbaf4bd3e0c3d46a1ad96,2016,729,,,gx-no-cache=1457699647976 HTTP/1.1" 200 93
186.78.63.212 - - [11/Mar/2016:09:33:37 -0300] "GET /cormun/servlet/hpexe_return? HTTP/1.1" 200 1009
186.78.63.212 - - [11/Mar/2016:09:33:38 -0300] "GET /cormun/servlet/trsolicitudot? HTTP/1.1" 200 7991
186.78.63.212 - - [11/Mar/2016:09:33:40 -0300] "GET /cormun/servlet/trsolicitudot? HTTP/1.1" 200 7987
186.78.63.212 - - [11/Mar/2016:09:33:44 -0300] "GET /cormun/servlet/trsolicitudot? HTTP/1.1" 200 7987
186.78.63.212 - - [11/Mar/2016:09:33:45 -0300] "GET /cormun/servlet/trsolicitudot? HTTP/1.1" 200 7987
186.78.63.212 - - [11/Mar/2016:09:33:50 -0300] "POST /cormun/servlet/trsolicitudot?09593c05870bbaf4bd3e0c3d46a1ad96,,gx-no-cache=1457699660540 HTTP/1.1" 200 5406
186.78.63.212 - - [11/Mar/2016:09:33:50 -0300] "POST /cormun/servlet/trsolicitudot?09593c05870bbaf4bd3e0c3d46a1ad96,,gx-no-cache=1457699661063 HTTP/1.1" 200 5406
186.78.63.212 - - [11/Mar/2016:09:33:51 -0300] "POST /cormun/servlet/trsolicitudot?09593c05870bbaf4bd3e0c3d46a1ad96,,gx-no-cache=1457699661568 HTTP/1.1" 200 5406
186.78.63.212 - - [11/Mar/2016:09:33:51 -0300] "POST /cormun/servlet/trsolicitudot?09593c05870bbaf4bd3e0c3d46a1ad96,,gx-no-cache=1457699662095 HTTP/1.1" 200 5407
186.103.248.189 - - [11/Mar/2016:09:33:51 -0300] "POST /cormun/servlet/solicitudot?gx-no-cache=1457699659820 HTTP/1.1" 200 30
186.103.248.189 - - [11/Mar/2016:09:33:51 -0300] "POST /cormun/servlet/solicitudot?gx-no-cache=1457699659945 HTTP/1.1" 200 1166
186.103.248.189 - - [11/Mar/2016:09:33:52 -0300] "GET /cormun/servlet/solicitudot?d1569fc545609a809b8375e495eb19992b57809b6d158cd851f2944c6e693c46c7e3de022025bcf90222efa1b2433dad8e93f68027022efa22761b7dec72f709307a8e521dc9e01301b7156b6542b4bb5c01a34df65dc4d2afec674d6cc5386f14760c10c0bc277f7ffa565f100f0929f5551761fc602b39c294324839155cd29ee2057dc526db29eaa95f682a3ac452,gx-no-cache=1457699660140 HTTP/1.1" 200 38
186.103.248.189 - - [11/Mar/2016:09:33:52 -0300] "POST /cormun/servlet/solicitudot?gx-no-cache=1457699660214 HTTP/1.1" 200 1128
186.78.63.212 - - [11/Mar/2016:09:33:55 -0300] "POST /cormun/servlet/trsolicitudot?09593c05870bbaf4bd3e0c3d46a1ad96,,gx-no-cache=1457699666241 HTTP/1.1" 200 3501
186.78.63.212 - - [11/Mar/2016:09:33:56 -0300] "GET /cormun/servlet/trsolicitudot?3dcef103fb6643c93d8b1b4bd321793115e7d4f679e7496fefde263ccc1153665f8a2095b1726c4a30ac13eea44d349ee9b50bebd41dd072a77e5947721b2e835a30ab89832c11e1adb3e8ff8498cb4c4ea0c02c09d561abd358b40a7b30d064ffb19ee4a3a4e04e925a1d9365b4427c7cf6625204667973422ab836b170c046084ff91f0ab1cdd52b5b5894c3edcea3,gx-no-cache=1457699666817 HTTP/1.1" 200 815
186.78.63.212 - - [11/Mar/2016:09:34:05 -0300] "POST /cormun/servlet/trsolicitudot?09593c05870bbaf4bd3e0c3d46a1ad96,,gx-no-cache=1457699675863 HTTP/1.1" 200 3499
186.78.63.212 - - [11/Mar/2016:09:34:05 -0300] "GET /cormun/servlet/trsolicitudot?3dcef103fb6643c93d8b1b4bd3217931e13babfee3aaaa42b3c159c6e14d0208e0986340757299bcf10eaa57b527f201e9b50bebd41dd072a77e5947721b2e836bddb27398f56c1f23ad32f1c019357070b351f687530e5df9a72cd5369a02ba0d91cbf7b5a587f9de80e39018242ece0844359d9eb06b02df24b8a08ae35789f843e3561c1d885b510a4370240b80aa,gx-no-cache=1457699676380 HTTP/1.1" 200 815
186.103.159.46 - - [11/Mar/2016:09:34:07 -0300] "GET /cormun/static/menuarrow.gif HTTP/1.1" 404 1015
186.78.63.212 - - [11/Mar/2016:09:34:08 -0300] "GET /cormun/servlet/solicitudot?INS,0,0, HTTP/1.1" 200 11496
186.78.63.212 - - [11/Mar/2016:09:34:10 -0300] "GET /cormun/servlet/solicitudot?INS,0,0, HTTP/1.1" 200 11501
186.78.63.212 - - [11/Mar/2016:09:34:23 -0300] "GET /cormun/servlet/hlogin HTTP/1.1" 200 1720
186.103.159.46 - - [11/Mar/2016:09:34:35 -0300] "GET /cormun/servlet/solicitudot?77a8859ab9f2e408dccebc4270918f4ca730b67263336fbbd6da1e434e147fbf429f1a4f1b2004c5d44ca6f340fe9b99e5ff698de8443c7d5b429fb04e22b00ab11308529f1578c269c2b93c0e7a71a33383c04171a1ef4630d3d75b1274e15ee1168707c382a33981f8fe698c8e05c08caa4932dcddc24b2e43ef5cc44b039c74b1c431c9842cab2bf5ea3a291ab5ca8a80cb501a39f0b006589ad80cc80863d5da660d7926b380080f89f4e659094e,gx-no-cache=1457699702245 HTTP/1.1" 200 30
186.103.248.189 - - [11/Mar/2016:09:34:44 -0300] "GET /cormun/servlet/solicitudot?d1569fc545609a809b8375e495eb19992d28361a6b23e0bfa3443e4b434a2af7846ca90db121b4f2eef3b0f56ee2ce79704ecd671914ebb370cc79e0f65028cf7b592f9fd754fb74aeaaf337d7a0d9b03fee10b1cbdee86e94a2c3e1acf42b8de8f2809bd47aa366b4281ca968ff37eb4dbae63e20ebe17ec745b7d070febd433c8b585fc24a55c46cdac53d494f1ff48e2d04713fcdfcdd39223fdc14fe5f08b01e4bad7aa31b909a29ed142bac0d85,gx-no-cache=1457699712184 HTTP/1.1" 200 30
186.78.63.212 - - [11/Mar/2016:09:34:44 -0300] "POST /cormun/servlet/hlogin?09593c05870bbaf4bd3e0c3d46a1ad96,gx-no-cache=1457699715351 HTTP/1.1" 200 90
186.78.63.212 - - [11/Mar/2016:09:34:44 -0300] "GET /cormun/servlet/hpexe_link HTTP/1.1" 200 961
186.78.63.212 - - [11/Mar/2016:09:34:45 -0300] "GET /cormun/servlet/solicitudot?INS,0,0, HTTP/1.1" 200 11497
186.78.63.212 - - [11/Mar/2016:09:34:48 -0300] "GET /cormun/servlet/solicitudot?INS,0,0, HTTP/1.1" 200 11501
186.78.63.212 - - [11/Mar/2016:09:34:51 -0300] "GET /cormun/servlet/trsolicitudot? HTTP/1.1" 200 6239
186.78.63.212 - - [11/Mar/2016:09:34:53 -0300] "GET /cormun/servlet/trsolicitudot? HTTP/1.1" 200 6238
186.78.63.212 - - [11/Mar/2016:09:35:00 -0300] "POST /cormun/servlet/trsolicitudot?09593c05870bbaf4bd3e0c3d46a1ad96,,gx-no-cache=1457699730481 HTTP/1.1" 200 3499
186.78.63.212 - - [11/Mar/2016:09:35:00 -0300] "POST /cormun/servlet/trsolicitudot?09593c05870bbaf4bd3e0c3d46a1ad96,,gx-no-cache=1457699730937 HTTP/1.1" 200 3499
186.78.63.212 - - [11/Mar/2016:09:35:01 -0300] "POST /cormun/servlet/trsolicitudot?09593c05870bbaf4bd3e0c3d46a1ad96,,gx-no-cache=1457699731547 HTTP/1.1" 200 3499
186.78.63.212 - - [11/Mar/2016:09:35:01 -0300] "POST /cormun/servlet/trsolicitudot?09593c05870bbaf4bd3e0c3d46a1ad96,,gx-no-cache=1457699732010 HTTP/1.1" 200 3499
186.78.63.212 - - [11/Mar/2016:09:35:09 -0300] "POST /cormun/servlet/trsolicitudot?09593c05870bbaf4bd3e0c3d46a1ad96,,gx-no-cache=1457699739582 HTTP/1.1" 200 3498
186.78.63.212 - - [11/Mar/2016:09:35:09 -0300] "GET /cormun/servlet/trsolicitudot?3dcef103fb6643c93d8b1b4bd3217931ac07f659253e951d735f9b78389ce52ae0986340757299bcf10eaa57b527f20101292b66178c64767ddbda7206da6690733b80c6135d0613880c7e08e39443bd,gx-no-cache=1457699740115 HTTP/1.1" 200 761
186.103.159.46 - - [11/Mar/2016:09:35:15 -0300] "POST /cormun/servlet/solicitudot?d5f5c2dbe1c590343e02ed3b35d72d42,INS,0,0,,gx-no-cache=1457699742397 HTTP/1.1" 200 93
186.103.159.46 - - [11/Mar/2016:09:35:15 -0300] "GET /cormun/servlet/hpexe_return? HTTP/1.1" 200 1012
