186.103.159.230 - - [11/Mar/2016:11:17:35 -0300] "GET /cormun/servlet/solicitudot?e0df735dd49454a5d8f4c192f0b01b48b5675acb57da8ddd8b422bea94380a4372d4a58b1b7f3a2ddb597dbbae183652,gx-no-cache=1457705879516 HTTP/1.1" 200 30
186.103.159.230 - - [11/Mar/2016:11:17:35 -0300] "POST /cormun/servlet/solicitudot?gx-no-cache=1457705879568 HTTP/1.1" 200 30
186.103.159.230 - - [11/Mar/2016:11:17:37 -0300] "POST /cormun/servlet/solicitudot?gx-no-cache=1457705881778 HTTP/1.1" 200 30
186.103.159.230 - - [11/Mar/2016:11:17:41 -0300] "POST /cormun/servlet/solicitudot?gx-no-cache=1457705885856 HTTP/1.1" 200 452
186.103.159.230 - - [11/Mar/2016:11:17:41 -0300] "GET /cormun/servlet/solicitudot?e0df735dd49454a5d8f4c192f0b01b48ae41b1e3ba05cc035565ae48749daca3691954944f75b531c67b0066589df91605799c801a10f0556b68bb79a0d9239cd8d7e3998cb7f6f800ec494343f875cd042853d653d335e6e0b9b009c3162ef07adb2e8e4d8428f17978cb5d93c2bc784788bf26dc89d1d91ca31aa49c5a4a5b3e28e0f6baac3536aaabfc56656d4459,gx-no-cache=1457705885903 HTTP/1.1" 200 38
186.103.156.24 - - [11/Mar/2016:11:17:43 -0300] "POST /cormun/servlet/solicitudot?5089ab0cef402e1deffcc564f7cd95c0,INS,0,0,,gx-no-cache=1457705904973 HTTP/1.1" 200 93
186.103.156.24 - - [11/Mar/2016:11:17:43 -0300] "GET /cormun/servlet/hpexe_return? HTTP/1.1" 200 1027
186.103.156.24 - - [11/Mar/2016:11:17:43 -0300] "GET /cormun/servlet/trsolicitudot?gx-no-cache=1457705865889 HTTP/1.1" 200 6238
191.112.101.43 - - [11/Mar/2016:11:17:43 -0300] "GET /cormun/servlet/solicitudotadjuntos?f24fc714dce4f27908ee90730ca084520976beb24d4eeef4229b8a28fcb26d0b,gx-no-cache=1457705883697 HTTP/1.1" 200 30
191.112.101.43 - - [11/Mar/2016:11:17:43 -0300] "GET /cormun/servlet/solicitudotadjuntos?f24fc714dce4f27908ee90730ca084520976beb24d4eeef4229b8a28fcb26d0b,gx-no-cache=1457705883858 HTTP/1.1" 200 30
186.103.156.24 - - [11/Mar/2016:11:17:44 -0300] "GET /cormun/servlet/trsolicitudot?gx-no-cache=1457705865889 HTTP/1.1" 200 6256
191.112.101.43 - - [11/Mar/2016:11:17:46 -0300] "POST /cormun/servlet/solicitudotadjuntos?b00fafa9f2a67aea11c736f16599d47c,INS,2016,827,,1, HTTP/1.1" 200 116
191.112.101.43 - - [11/Mar/2016:11:17:46 -0300] "GET /cormun/servlet/hpexe_return? HTTP/1.1" 200 1026
191.112.101.43 - - [11/Mar/2016:11:17:47 -0300] "GET /cormun/servlet/trsolicitudadjuntos?2016,827, HTTP/1.1" 200 7332
186.103.159.230 - - [11/Mar/2016:11:17:47 -0300] "GET /cormun/servlet/solicitudot?e0df735dd49454a5d8f4c192f0b01b482bcce4432cc87b20ca5b130a35e1a35aa04bee501a381032de2cfbf0c9ca5f708acef3c6169d846a016a44219c88ca23d4a11212a651618dd065e9aa0d901f0a12fcfcc4076724f05dfa545783f72cfe6e859330d8556fd4ccff4a5129bf1888,gx-no-cache=1457705891749 HTTP/1.1" 200 29
186.103.159.230 - - [11/Mar/2016:11:17:49 -0300] "POST /cormun/servlet/solicitudot?gx-no-cache=1457705893738 HTTP/1.1" 200 1128
186.103.156.24 - - [11/Mar/2016:11:17:49 -0300] "GET /cormun/servlet/trautorizarsolicitud? HTTP/1.1" 200 7502
186.103.156.24 - - [11/Mar/2016:11:17:49 -0300] "GET /cormun/static/gxcfg.js?20163219504791 HTTP/1.1" 200 953
191.112.101.43 - - [11/Mar/2016:11:17:49 -0300] "GET /cormun/servlet/trsolicitudadjuntos?2016,827, HTTP/1.1" 200 7327
186.103.156.24 - - [11/Mar/2016:11:17:49 -0300] "GET /cormun/static/trautorizarsolicitud.js?20163219505323 HTTP/1.1" 200 45302
186.103.156.24 - - [11/Mar/2016:11:17:49 -0300] "GET /cormun/static/Resources/Spanish/PXTools.css?19444614 HTTP/1.1" 200 89042
186.103.156.24 - - [11/Mar/2016:11:17:50 -0300] "GET /cormun/servlet/trautorizarsolicitud? HTTP/1.1" 200 7481
191.112.101.43 - - [11/Mar/2016:11:17:52 -0300] "GET /cormun/servlet/solicitudotadjuntos?INS,2016,827,,1, HTTP/1.1" 200 5489
191.112.101.43 - - [11/Mar/2016:11:17:52 -0300] "GET /cormun/static/about:blank HTTP/1.1" 404 1011
191.112.101.43 - - [11/Mar/2016:11:17:54 -0300] "GET /cormun/servlet/solicitudotadjuntos?INS,2016,827,,1, HTTP/1.1" 200 5483
191.112.101.43 - - [11/Mar/2016:11:17:54 -0300] "GET /cormun/servlet/solicitudotadjuntos?f24fc714dce4f27908ee90730ca08452f52912754da1f204f07c940c13da4d9d87051eaa25becd57dd6ceeda82f4193f,gx-no-cache=1457705894909 HTTP/1.1" 200 30
191.112.101.43 - - [11/Mar/2016:11:17:55 -0300] "POST /cormun/servlet/solicitudotadjuntos?b00fafa9f2a67aea11c736f16599d47c,INS,2016,827,,1,,gx-no-cache=1457705895031 HTTP/1.1" 200 3342
186.103.156.24 - - [11/Mar/2016:11:17:55 -0300] "POST /cormun/servlet/trautorizarsolicitud?5089ab0cef402e1deffcc564f7cd95c0,,gx-no-cache=1457705917490 HTTP/1.1" 200 4926
186.103.156.24 - - [11/Mar/2016:11:17:56 -0300] "POST /cormun/servlet/trautorizarsolicitud?5089ab0cef402e1deffcc564f7cd95c0,,gx-no-cache=1457705917707 HTTP/1.1" 200 4925
186.103.156.24 - - [11/Mar/2016:11:17:56 -0300] "POST /cormun/servlet/trautorizarsolicitud?5089ab0cef402e1deffcc564f7cd95c0,,gx-no-cache=1457705917902 HTTP/1.1" 200 4926
186.103.156.24 - - [11/Mar/2016:11:17:56 -0300] "POST /cormun/servlet/trautorizarsolicitud?5089ab0cef402e1deffcc564f7cd95c0,,gx-no-cache=1457705918083 HTTP/1.1" 200 4926
186.103.156.24 - - [11/Mar/2016:11:17:56 -0300] "POST /cormun/servlet/trautorizarsolicitud?5089ab0cef402e1deffcc564f7cd95c0,,gx-no-cache=1457705918297 HTTP/1.1" 200 4926
186.103.156.24 - - [11/Mar/2016:11:17:56 -0300] "POST /cormun/servlet/trautorizarsolicitud?5089ab0cef402e1deffcc564f7cd95c0,,gx-no-cache=1457705918484 HTTP/1.1" 200 4926
186.103.156.24 - - [11/Mar/2016:11:17:57 -0300] "POST /cormun/servlet/trautorizarsolicitud?5089ab0cef402e1deffcc564f7cd95c0,,gx-no-cache=1457705918672 HTTP/1.1" 200 4926
186.103.156.24 - - [11/Mar/2016:11:17:57 -0300] "POST /cormun/servlet/trautorizarsolicitud?5089ab0cef402e1deffcc564f7cd95c0,,gx-no-cache=1457705918879 HTTP/1.1" 200 3603
186.103.156.24 - - [11/Mar/2016:11:17:57 -0300] "POST /cormun/servlet/trautorizarsolicitud?5089ab0cef402e1deffcc564f7cd95c0,,gx-no-cache=1457705919120 HTTP/1.1" 200 3462
191.112.101.43 - - [11/Mar/2016:11:17:59 -0300] "POST /cormun/servlet/solicitudotadjuntos?gx-no-cache=1457705899441 HTTP/1.1" 200 26
191.112.101.43 - - [11/Mar/2016:11:18:03 -0300] "GET /cormun/servlet/solicitudotadjuntos?f24fc714dce4f27908ee90730ca084520976beb24d4eeef4229b8a28fcb26d0b,gx-no-cache=1457705903187 HTTP/1.1" 200 30
191.112.101.43 - - [11/Mar/2016:11:18:03 -0300] "GET /cormun/servlet/solicitudotadjuntos?f24fc714dce4f27908ee90730ca084520976beb24d4eeef4229b8a28fcb26d0b,gx-no-cache=1457705903281 HTTP/1.1" 200 30
191.112.101.43 - - [11/Mar/2016:11:18:04 -0300] "POST /cormun/servlet/solicitudotadjuntos?b00fafa9f2a67aea11c736f16599d47c,INS,2016,827,,1, HTTP/1.1" 200 116
191.112.101.43 - - [11/Mar/2016:11:18:05 -0300] "GET /cormun/servlet/hpexe_return? HTTP/1.1" 200 1026
191.112.101.43 - - [11/Mar/2016:11:18:05 -0300] "GET /cormun/servlet/trsolicitudadjuntos?2016,827, HTTP/1.1" 200 7480
191.112.101.43 - - [11/Mar/2016:11:18:07 -0300] "GET /cormun/servlet/trsolicitudadjuntos?2016,827, HTTP/1.1" 200 7479
191.112.101.43 - - [11/Mar/2016:11:18:09 -0300] "GET /cormun/servlet/solicitudotadjuntos?INS,2016,827,,1, HTTP/1.1" 200 5489
191.112.101.43 - - [11/Mar/2016:11:18:10 -0300] "GET /cormun/static/about:blank HTTP/1.1" 404 1011
191.112.101.43 - - [11/Mar/2016:11:18:11 -0300] "GET /cormun/servlet/solicitudotadjuntos?INS,2016,827,,1, HTTP/1.1" 200 5483
186.103.159.230 - - [11/Mar/2016:11:18:11 -0300] "GET /cormun/static/menuarrow.gif HTTP/1.1" 404 1015
191.112.101.43 - - [11/Mar/2016:11:18:11 -0300] "GET /cormun/servlet/solicitudotadjuntos?f24fc714dce4f27908ee90730ca08452f52912754da1f204f07c940c13da4d9d87051eaa25becd57dd6ceeda82f4193f,gx-no-cache=1457705911880 HTTP/1.1" 200 30
191.112.101.43 - - [11/Mar/2016:11:18:12 -0300] "POST /cormun/servlet/solicitudotadjuntos?b00fafa9f2a67aea11c736f16599d47c,INS,2016,827,,1,,gx-no-cache=1457705912005 HTTP/1.1" 200 3342
191.112.101.43 - - [11/Mar/2016:11:18:15 -0300] "POST /cormun/servlet/solicitudotadjuntos?gx-no-cache=1457705915372 HTTP/1.1" 200 26
191.112.101.43 - - [11/Mar/2016:11:18:20 -0300] "GET /cormun/servlet/solicitudotadjuntos?f24fc714dce4f27908ee90730ca084520976beb24d4eeef4229b8a28fcb26d0b,gx-no-cache=1457705920472 HTTP/1.1" 200 30
191.112.101.43 - - [11/Mar/2016:11:18:20 -0300] "GET /cormun/servlet/solicitudotadjuntos?f24fc714dce4f27908ee90730ca084520976beb24d4eeef4229b8a28fcb26d0b,gx-no-cache=1457705920548 HTTP/1.1" 200 30
191.112.101.43 - - [11/Mar/2016:11:18:22 -0300] "POST /cormun/servlet/solicitudotadjuntos?b00fafa9f2a67aea11c736f16599d47c,INS,2016,827,,1, HTTP/1.1" 200 116
191.112.101.43 - - [11/Mar/2016:11:18:23 -0300] "GET /cormun/servlet/hpexe_return? HTTP/1.1" 200 1026
191.112.101.43 - - [11/Mar/2016:11:18:23 -0300] "GET /cormun/servlet/trsolicitudadjuntos?2016,827, HTTP/1.1" 200 7655
191.112.101.43 - - [11/Mar/2016:11:18:26 -0300] "GET /cormun/servlet/trsolicitudadjuntos?2016,827, HTTP/1.1" 200 7653
186.103.159.230 - - [11/Mar/2016:11:18:27 -0300] "GET /cormun/servlet/solicitudot?e0df735dd49454a5d8f4c192f0b01b48648c614e042bcee99ce85814a0641ab3dfb90dbbcf640bd30f36a53c9c64621368df1dc1cf568c175bbf6254aec74088cb5b1e56e16935d6a967b410ff395b8f4a10975078b17b606fa99ff62263982e55fab98023dcabeb3ca26efc8412c9f1c818ea3e5ea3b13241f644f595e6edd5be477627ede10e6b27788f1e27cb475a1fbd223a1ded29b6f1f28c50202fff1d6f36a00c5feef02ce82afd95037f0ac5,gx-no-cache=1457705931686 HTTP/1.1" 200 30
191.112.101.43 - - [11/Mar/2016:11:18:28 -0300] "GET /cormun/servlet/solicitudotadjuntos?INS,2016,827,,1, HTTP/1.1" 200 5489
191.112.101.43 - - [11/Mar/2016:11:18:29 -0300] "GET /cormun/static/about:blank HTTP/1.1" 404 1011
191.112.101.43 - - [11/Mar/2016:11:18:30 -0300] "GET /cormun/servlet/solicitudotadjuntos?INS,2016,827,,1, HTTP/1.1" 200 5483
191.112.101.43 - - [11/Mar/2016:11:18:31 -0300] "GET /cormun/servlet/solicitudotadjuntos?f24fc714dce4f27908ee90730ca08452f52912754da1f204f07c940c13da4d9d87051eaa25becd57dd6ceeda82f4193f,gx-no-cache=1457705931130 HTTP/1.1" 200 30
191.112.101.43 - - [11/Mar/2016:11:18:31 -0300] "POST /cormun/servlet/solicitudotadjuntos?b00fafa9f2a67aea11c736f16599d47c,INS,2016,827,,1,,gx-no-cache=1457705931236 HTTP/1.1" 200 3342
191.112.101.43 - - [11/Mar/2016:11:18:49 -0300] "POST /cormun/servlet/solicitudotadjuntos?gx-no-cache=1457705949216 HTTP/1.1" 200 26
191.112.101.43 - - [11/Mar/2016:11:18:59 -0300] "GET /cormun/servlet/solicitudotadjuntos?f24fc714dce4f27908ee90730ca084520976beb24d4eeef4229b8a28fcb26d0b,gx-no-cache=1457705959441 HTTP/1.1" 200 30
191.112.101.43 - - [11/Mar/2016:11:18:59 -0300] "GET /cormun/servlet/solicitudotadjuntos?f24fc714dce4f27908ee90730ca084520976beb24d4eeef4229b8a28fcb26d0b,gx-no-cache=1457705959516 HTTP/1.1" 200 30
191.112.101.43 - - [11/Mar/2016:11:19:00 -0300] "POST /cormun/servlet/solicitudotadjuntos?b00fafa9f2a67aea11c736f16599d47c,INS,2016,827,,1, HTTP/1.1" 200 116
191.112.101.43 - - [11/Mar/2016:11:19:01 -0300] "GET /cormun/servlet/hpexe_return? HTTP/1.1" 200 1026
191.112.101.43 - - [11/Mar/2016:11:19:02 -0300] "GET /cormun/servlet/trsolicitudadjuntos?2016,827, HTTP/1.1" 200 7775
191.112.101.43 - - [11/Mar/2016:11:19:04 -0300] "GET /cormun/servlet/trsolicitudadjuntos?2016,827, HTTP/1.1" 200 7774
191.112.101.43 - - [11/Mar/2016:11:19:06 -0300] "GET /cormun/servlet/solicitudotadjuntos?INS,2016,827,,1, HTTP/1.1" 200 5489
191.112.101.43 - - [11/Mar/2016:11:19:07 -0300] "GET /cormun/static/about:blank HTTP/1.1" 404 1011
191.112.101.43 - - [11/Mar/2016:11:19:08 -0300] "GET /cormun/servlet/solicitudotadjuntos?INS,2016,827,,1, HTTP/1.1" 200 5483
191.112.101.43 - - [11/Mar/2016:11:19:09 -0300] "GET /cormun/servlet/solicitudotadjuntos?f24fc714dce4f27908ee90730ca08452f52912754da1f204f07c940c13da4d9d87051eaa25becd57dd6ceeda82f4193f,gx-no-cache=1457705969433 HTTP/1.1" 200 30
191.112.101.43 - - [11/Mar/2016:11:19:09 -0300] "POST /cormun/servlet/solicitudotadjuntos?b00fafa9f2a67aea11c736f16599d47c,INS,2016,827,,1,,gx-no-cache=1457705969742 HTTP/1.1" 200 3342
191.112.101.43 - - [11/Mar/2016:11:19:15 -0300] "POST /cormun/servlet/solicitudotadjuntos?gx-no-cache=1457705975377 HTTP/1.1" 200 26
191.112.101.43 - - [11/Mar/2016:11:19:20 -0300] "GET /cormun/servlet/solicitudotadjuntos?f24fc714dce4f27908ee90730ca084520976beb24d4eeef4229b8a28fcb26d0b,gx-no-cache=1457705980848 HTTP/1.1" 200 30
191.112.101.43 - - [11/Mar/2016:11:19:21 -0300] "GET /cormun/servlet/solicitudotadjuntos?f24fc714dce4f27908ee90730ca084520976beb24d4eeef4229b8a28fcb26d0b,gx-no-cache=1457705980931 HTTP/1.1" 200 30
191.112.101.43 - - [11/Mar/2016:11:19:22 -0300] "POST /cormun/servlet/solicitudotadjuntos?b00fafa9f2a67aea11c736f16599d47c,INS,2016,827,,1, HTTP/1.1" 200 116
191.112.101.43 - - [11/Mar/2016:11:19:23 -0300] "GET /cormun/servlet/hpexe_return? HTTP/1.1" 200 1026
191.112.101.43 - - [11/Mar/2016:11:19:23 -0300] "GET /cormun/servlet/trsolicitudadjuntos?2016,827, HTTP/1.1" 200 7915
191.112.101.43 - - [11/Mar/2016:11:19:26 -0300] "GET /cormun/servlet/trsolicitudadjuntos?2016,827, HTTP/1.1" 200 7915
115.231.222.40 - - [11/Mar/2016:11:19:27 -0300] "GET /cgi-bin/common/attr?id=260714&r=0.8851269679469652 HTTP/1.1" 404 999
186.103.159.230 - - [11/Mar/2016:11:19:37 -0300] "POST /cormun/servlet/solicitudot?130f094159701d6a4cc15a67d117a63e,INS,0,0,,gx-no-cache=1457706001494 HTTP/1.1" 200 93
186.103.159.230 - - [11/Mar/2016:11:19:37 -0300] "GET /cormun/servlet/hpexe_return? HTTP/1.1" 200 1004
186.103.159.230 - - [11/Mar/2016:11:19:37 -0300] "GET /cormun/servlet/trsolicitudot HTTP/1.1" 200 7482
186.103.159.230 - - [11/Mar/2016:11:19:37 -0300] "GET /cormun/servlet/trsolicitudot HTTP/1.1" 200 7478
186.103.159.230 - - [11/Mar/2016:11:19:45 -0300] "POST /cormun/servlet/trsolicitudot?130f094159701d6a4cc15a67d117a63e,gx-no-cache=1457706010093 HTTP/1.1" 200 4903
186.103.159.230 - - [11/Mar/2016:11:19:45 -0300] "POST /cormun/servlet/trsolicitudot?130f094159701d6a4cc15a67d117a63e,gx-no-cache=1457706010256 HTTP/1.1" 200 4902
186.103.159.230 - - [11/Mar/2016:11:19:46 -0300] "POST /cormun/servlet/trsolicitudot?130f094159701d6a4cc15a67d117a63e,gx-no-cache=1457706010424 HTTP/1.1" 200 4903
186.103.159.230 - - [11/Mar/2016:11:19:46 -0300] "POST /cormun/servlet/trsolicitudot?130f094159701d6a4cc15a67d117a63e,gx-no-cache=1457706010575 HTTP/1.1" 200 4903
186.103.159.230 - - [11/Mar/2016:11:19:46 -0300] "POST /cormun/servlet/trsolicitudot?130f094159701d6a4cc15a67d117a63e,gx-no-cache=1457706010732 HTTP/1.1" 200 4902
186.103.159.230 - - [11/Mar/2016:11:19:46 -0300] "POST /cormun/servlet/trsolicitudot?130f094159701d6a4cc15a67d117a63e,gx-no-cache=1457706010873 HTTP/1.1" 200 4903
186.103.159.230 - - [11/Mar/2016:11:19:46 -0300] "POST /cormun/servlet/trsolicitudot?130f094159701d6a4cc15a67d117a63e,gx-no-cache=1457706011030 HTTP/1.1" 200 4902
186.103.159.230 - - [11/Mar/2016:11:19:46 -0300] "POST /cormun/servlet/trsolicitudot?130f094159701d6a4cc15a67d117a63e,gx-no-cache=1457706011188 HTTP/1.1" 200 3627
186.103.159.230 - - [11/Mar/2016:11:19:46 -0300] "GET /cormun/static/Shared/jqueryui/images/ui-bg_flat_55_fafafa_40x100.png HTTP/1.1" 404 1097
186.103.159.230 - - [11/Mar/2016:11:19:46 -0300] "GET /cormun/static/Shared/jqueryui/images/ui-icons_8d78a5_256x240.png HTTP/1.1" 404 1089
186.103.159.230 - - [11/Mar/2016:11:19:47 -0300] "POST /cormun/servlet/trsolicitudot?130f094159701d6a4cc15a67d117a63e,gx-no-cache=1457706011361 HTTP/1.1" 200 3474
186.103.159.230 - - [11/Mar/2016:11:20:01 -0300] "GET /cormun/servlet/trautorizarsolicitud? HTTP/1.1" 200 8141
186.103.159.230 - - [11/Mar/2016:11:20:01 -0300] "GET /cormun/servlet/trautorizarsolicitud? HTTP/1.1" 200 8141
186.103.159.230 - - [11/Mar/2016:11:20:30 -0300] "POST /cormun/servlet/trautorizarsolicitud?130f094159701d6a4cc15a67d117a63e,,gx-no-cache=1457706054380 HTTP/1.1" 200 5626
186.103.159.230 - - [11/Mar/2016:11:20:30 -0300] "POST /cormun/servlet/trautorizarsolicitud?130f094159701d6a4cc15a67d117a63e,,gx-no-cache=1457706054591 HTTP/1.1" 200 5626
186.103.159.230 - - [11/Mar/2016:11:20:30 -0300] "POST /cormun/servlet/trautorizarsolicitud?130f094159701d6a4cc15a67d117a63e,,gx-no-cache=1457706054752 HTTP/1.1" 200 5626
186.103.159.230 - - [11/Mar/2016:11:20:30 -0300] "POST /cormun/servlet/trautorizarsolicitud?130f094159701d6a4cc15a67d117a63e,,gx-no-cache=1457706054916 HTTP/1.1" 200 5625
186.103.159.230 - - [11/Mar/2016:11:20:30 -0300] "POST /cormun/servlet/trautorizarsolicitud?130f094159701d6a4cc15a67d117a63e,,gx-no-cache=1457706055099 HTTP/1.1" 200 5626
186.103.159.230 - - [11/Mar/2016:11:20:30 -0300] "POST /cormun/servlet/trautorizarsolicitud?130f094159701d6a4cc15a67d117a63e,,gx-no-cache=1457706055268 HTTP/1.1" 200 5626
186.103.159.230 - - [11/Mar/2016:11:20:31 -0300] "POST /cormun/servlet/trautorizarsolicitud?130f094159701d6a4cc15a67d117a63e,,gx-no-cache=1457706055455 HTTP/1.1" 200 5627
186.103.159.230 - - [11/Mar/2016:11:20:31 -0300] "POST /cormun/servlet/trautorizarsolicitud?130f094159701d6a4cc15a67d117a63e,,gx-no-cache=1457706055662 HTTP/1.1" 200 5423
186.103.159.230 - - [11/Mar/2016:11:20:31 -0300] "POST /cormun/servlet/trautorizarsolicitud?130f094159701d6a4cc15a67d117a63e,,gx-no-cache=1457706055891 HTTP/1.1" 200 5367
191.112.15.155 - - [11/Mar/2016:11:31:55 -0300] "POST /cormun/servlet/trautorizarsolicitud?3d095bdbee98cddf523ce02dbaddae6f,gx-no-cache=1457710342979 HTTP/1.1" 440 972
191.112.15.155 - - [11/Mar/2016:11:31:57 -0300] "GET /cormun/servlet/trautorizarsolicitud HTTP/1.1" 200 5765
191.112.15.155 - - [11/Mar/2016:11:31:58 -0300] "GET /cormun/static/Resources/Spanish/PXTools.css?19444614 HTTP/1.1" 304 -
191.112.15.155 - - [11/Mar/2016:11:31:58 -0300] "GET /cormun/static/gxcfg.js?20163219504791 HTTP/1.1" 304 -
191.112.15.155 - - [11/Mar/2016:11:31:58 -0300] "GET /cormun/static/messages.spa.js?85251 HTTP/1.1" 304 -
191.112.15.155 - - [11/Mar/2016:11:31:58 -0300] "GET /cormun/static/trautorizarsolicitud.js?20163219505323 HTTP/1.1" 304 -
191.112.15.155 - - [11/Mar/2016:11:31:58 -0300] "GET /cormun/static/hwchdr01.js?20162241650484 HTTP/1.1" 304 -
191.112.15.155 - - [11/Mar/2016:11:31:58 -0300] "GET /cormun/static/hpexe_recentlink.js?2015111312121342 HTTP/1.1" 304 -
191.112.15.155 - - [11/Mar/2016:11:31:58 -0300] "GET /cormun/static/hpexe_scripts.js?20151120014546 HTTP/1.1" 304 -
191.112.15.155 - - [11/Mar/2016:11:31:58 -0300] "GET /cormun/static/hpexe_messagecontroller.js?2015112210524422 HTTP/1.1" 304 -
191.112.15.155 - - [11/Mar/2016:11:31:58 -0300] "GET /cormun/static/hpexe_messagepopupcomponent.js?20163219454551 HTTP/1.1" 304 -
191.112.15.155 - - [11/Mar/2016:11:31:58 -0300] "GET /cormun/static/hpexe_messagegenexuscomponent.js?20151120014314 HTTP/1.1" 304 -
191.112.15.155 - - [11/Mar/2016:11:31:58 -0300] "GET /cormun/static/cmcontrolpreferences.js?20151120014525 HTTP/1.1" 304 -
191.112.15.155 - - [11/Mar/2016:11:31:58 -0300] "GET /cormun/static/hmpwkw03.js?2016311993330 HTTP/1.1" 304 -
191.112.15.155 - - [11/Mar/2016:11:31:58 -0300] "GET /cormun/servlet/trautorizarsolicitud HTTP/1.1" 200 5765
191.112.15.155 - - [11/Mar/2016:11:31:58 -0300] "GET /cormun/servlet/hlogin HTTP/1.1" 200 1738
191.112.15.155 - - [11/Mar/2016:11:31:59 -0300] "GET /cormun/static/Resources/Spanish/PXTools.css?005343 HTTP/1.1" 304 -
191.112.15.155 - - [11/Mar/2016:11:31:59 -0300] "GET /cormun/static/gxcfg.js?20151120045111 HTTP/1.1" 304 -
191.112.15.155 - - [11/Mar/2016:11:31:59 -0300] "GET /cormun/static/hlogin.js?20151120045126 HTTP/1.1" 304 -
191.112.15.155 - - [11/Mar/2016:11:32:01 -0300] "POST /cormun/servlet/hlogin?7481b56b180c6b72ccf107f50bd9b056,gx-no-cache=1457710348894 HTTP/1.1" 200 90
191.112.15.155 - - [11/Mar/2016:11:32:01 -0300] "GET /cormun/servlet/hpexe_link HTTP/1.1" 200 959
191.112.15.155 - - [11/Mar/2016:11:32:01 -0300] "GET /cormun/static/gxcfg.js?20151120044395 HTTP/1.1" 304 -
191.112.15.155 - - [11/Mar/2016:11:32:01 -0300] "GET /cormun/static/hpexe_link.js?20151120044398 HTTP/1.1" 304 -
191.112.15.155 - - [11/Mar/2016:11:32:01 -0300] "GET /cormun/servlet/trautorizarsolicitud HTTP/1.1" 200 5954
191.112.15.155 - - [11/Mar/2016:11:32:02 -0300] "GET /cormun/servlet/trautorizarsolicitud HTTP/1.1" 200 5952
191.112.15.155 - - [11/Mar/2016:11:32:23 -0300] "POST /cormun/servlet/trautorizarsolicitud?7481b56b180c6b72ccf107f50bd9b056,gx-no-cache=1457710370372 HTTP/1.1" 200 3220
191.112.15.155 - - [11/Mar/2016:11:32:23 -0300] "POST /cormun/servlet/trautorizarsolicitud?7481b56b180c6b72ccf107f50bd9b056,gx-no-cache=1457710370783 HTTP/1.1" 200 3222
191.112.15.155 - - [11/Mar/2016:11:32:23 -0300] "POST /cormun/servlet/trautorizarsolicitud?7481b56b180c6b72ccf107f50bd9b056,gx-no-cache=1457710371161 HTTP/1.1" 200 3222
191.112.15.155 - - [11/Mar/2016:11:32:24 -0300] "POST /cormun/servlet/trautorizarsolicitud?7481b56b180c6b72ccf107f50bd9b056,gx-no-cache=1457710371513 HTTP/1.1" 200 3222
191.112.15.155 - - [11/Mar/2016:11:32:24 -0300] "POST /cormun/servlet/trautorizarsolicitud?7481b56b180c6b72ccf107f50bd9b056,gx-no-cache=1457710371882 HTTP/1.1" 200 3222
191.112.15.155 - - [11/Mar/2016:11:32:24 -0300] "POST /cormun/servlet/trautorizarsolicitud?7481b56b180c6b72ccf107f50bd9b056,gx-no-cache=1457710372247 HTTP/1.1" 200 3222
191.112.15.155 - - [11/Mar/2016:11:32:25 -0300] "POST /cormun/servlet/trautorizarsolicitud?7481b56b180c6b72ccf107f50bd9b056,gx-no-cache=1457710372658 HTTP/1.1" 200 3222
191.112.15.155 - - [11/Mar/2016:11:32:25 -0300] "POST /cormun/servlet/trautorizarsolicitud?7481b56b180c6b72ccf107f50bd9b056,gx-no-cache=1457710373023 HTTP/1.1" 200 3221
191.112.15.155 - - [11/Mar/2016:11:32:42 -0300] "POST /cormun/servlet/trautorizarsolicitud?7481b56b180c6b72ccf107f50bd9b056,gx-no-cache=1457710390278 HTTP/1.1" 200 3222
115.239.228.8 - - [11/Mar/2016:11:33:28 -0300] "GET /cgi-bin/common/attr?id=260714&r=0.0557905902344459 HTTP/1.1" 404 999
191.112.15.155 - - [11/Mar/2016:11:33:30 -0300] "POST /cormun/servlet/trautorizarsolicitud?7481b56b180c6b72ccf107f50bd9b056,gx-no-cache=1457710438057 HTTP/1.1" 200 3222
186.103.240.224 - - [11/Mar/2016:11:33:34 -0300] "GET /cormun/servlet/hlogin HTTP/1.1" 200 1719
191.112.15.155 - - [11/Mar/2016:11:33:44 -0300] "POST /cormun/servlet/trautorizarsolicitud?7481b56b180c6b72ccf107f50bd9b056,gx-no-cache=1457710451890 HTTP/1.1" 200 3224
191.112.15.155 - - [11/Mar/2016:11:33:44 -0300] "POST /cormun/servlet/trautorizarsolicitud?7481b56b180c6b72ccf107f50bd9b056,gx-no-cache=1457710452295 HTTP/1.1" 200 3224
186.103.240.224 - - [11/Mar/2016:11:33:45 -0300] "POST /cormun/servlet/hlogin?0606ee9f9d7a93e4fe8a50acdfd49faa,gx-no-cache=1457706852395 HTTP/1.1" 200 90
186.103.240.224 - - [11/Mar/2016:11:33:45 -0300] "GET /cormun/servlet/hpexe_link HTTP/1.1" 200 951
191.112.15.155 - - [11/Mar/2016:11:33:45 -0300] "POST /cormun/servlet/trautorizarsolicitud?7481b56b180c6b72ccf107f50bd9b056,gx-no-cache=1457710452684 HTTP/1.1" 200 3224
186.103.240.224 - - [11/Mar/2016:11:33:45 -0300] "GET /cormun/servlet/hhome HTTP/1.1" 200 3429
191.112.15.155 - - [11/Mar/2016:11:33:45 -0300] "POST /cormun/servlet/trautorizarsolicitud?7481b56b180c6b72ccf107f50bd9b056,gx-no-cache=1457710453070 HTTP/1.1" 200 3223
191.112.15.155 - - [11/Mar/2016:11:33:46 -0300] "POST /cormun/servlet/trautorizarsolicitud?7481b56b180c6b72ccf107f50bd9b056,gx-no-cache=1457710453467 HTTP/1.1" 200 3223
191.112.15.155 - - [11/Mar/2016:11:33:46 -0300] "POST /cormun/servlet/trautorizarsolicitud?7481b56b180c6b72ccf107f50bd9b056,gx-no-cache=1457710453880 HTTP/1.1" 200 3223
191.112.15.155 - - [11/Mar/2016:11:33:46 -0300] "POST /cormun/servlet/trautorizarsolicitud?7481b56b180c6b72ccf107f50bd9b056,gx-no-cache=1457710454268 HTTP/1.1" 200 3224
191.112.15.155 - - [11/Mar/2016:11:33:47 -0300] "POST /cormun/servlet/trautorizarsolicitud?7481b56b180c6b72ccf107f50bd9b056,gx-no-cache=1457710454687 HTTP/1.1" 200 3224
186.103.240.224 - - [11/Mar/2016:11:33:49 -0300] "GET /cormun/servlet/hhome HTTP/1.1" 200 3425
186.103.240.224 - - [11/Mar/2016:11:33:54 -0300] "GET /cormun/servlet/trsolicitudot? HTTP/1.1" 200 8665
186.103.240.224 - - [11/Mar/2016:11:33:56 -0300] "GET /cormun/servlet/trsolicitudot? HTTP/1.1" 200 8662
191.112.15.155 - - [11/Mar/2016:11:34:05 -0300] "POST /cormun/servlet/trautorizarsolicitud?7481b56b180c6b72ccf107f50bd9b056,gx-no-cache=1457710472786 HTTP/1.1" 200 3223
191.112.15.155 - - [11/Mar/2016:11:34:05 -0300] "POST /cormun/servlet/trautorizarsolicitud?7481b56b180c6b72ccf107f50bd9b056,gx-no-cache=1457710473193 HTTP/1.1" 200 3223
191.112.15.155 - - [11/Mar/2016:11:34:06 -0300] "POST /cormun/servlet/trautorizarsolicitud?7481b56b180c6b72ccf107f50bd9b056,gx-no-cache=1457710473602 HTTP/1.1" 200 3223
191.112.15.155 - - [11/Mar/2016:11:34:06 -0300] "POST /cormun/servlet/trautorizarsolicitud?7481b56b180c6b72ccf107f50bd9b056,gx-no-cache=1457710474034 HTTP/1.1" 200 3222
186.103.240.224 - - [11/Mar/2016:11:34:23 -0300] "GET /cormun/servlet/solicitudot?INS,0,0, HTTP/1.1" 200 11425
186.103.240.224 - - [11/Mar/2016:11:34:25 -0300] "GET /cormun/servlet/solicitudot?INS,0,0, HTTP/1.1" 200 11430
186.103.240.224 - - [11/Mar/2016:11:34:38 -0300] "POST /cormun/servlet/solicitudot?gx-no-cache=1457706905649 HTTP/1.1" 200 2770
186.103.240.224 - - [11/Mar/2016:11:34:39 -0300] "POST /cormun/servlet/solicitudot?0606ee9f9d7a93e4fe8a50acdfd49faa,INS,0,0,,gx-no-cache=1457706906156 HTTP/1.1" 200 8399
186.103.240.224 - - [11/Mar/2016:11:34:41 -0300] "GET /cormun/servlet/solicitudot?69b634e5d12c943210a9adccfbc692b96375bc28568509fe7548bc449279bd62d2feffc182853339cd2671777cbf6817,gx-no-cache=1457706909084 HTTP/1.1" 200 30
186.103.240.224 - - [11/Mar/2016:11:34:41 -0300] "POST /cormun/servlet/solicitudot?gx-no-cache=1457706909200 HTTP/1.1" 200 30
191.112.15.155 - - [11/Mar/2016:11:34:41 -0300] "POST /cormun/servlet/trautorizarsolicitud?7481b56b180c6b72ccf107f50bd9b056,gx-no-cache=1457710509307 HTTP/1.1" 200 6486
191.112.15.155 - - [11/Mar/2016:11:34:42 -0300] "GET /cormun/servlet/trautorizarsolicitud?c04830a6cb3baa7add0fe83cc7f4db05fe3714fa97ecc9315bd5f023ed48159fa8cc65dacf35ddf38dd1f06b805dfce4246a58be762fab325f54d301f26f86f2a3d129ec036908ff0c3bbcf2f669aede4a906fffa2315608652245a1285ff54d,gx-no-cache=1457710509718 HTTP/1.1" 200 4412
186.103.240.224 - - [11/Mar/2016:11:34:53 -0300] "POST /cormun/servlet/solicitudot?gx-no-cache=1457706921069 HTTP/1.1" 200 30
186.103.240.224 - - [11/Mar/2016:11:34:56 -0300] "GET /cormun/servlet/prcontratosol?16257870,,,,,MD,,gxPopupLevel%3D0%3B HTTP/1.1" 200 5359
186.103.240.224 - - [11/Mar/2016:11:35:02 -0300] "POST /cormun/servlet/solicitudot?gx-no-cache=1457706930036 HTTP/1.1" 200 452
186.103.240.224 - - [11/Mar/2016:11:35:02 -0300] "GET /cormun/servlet/solicitudot?69b634e5d12c943210a9adccfbc692b912e86cba3b8815cb7285fbca4713eaec08c7366c9fc7a4dbcb14146b28bbe12e18402ac206d515af055d422a509c04280e0a11631d8b1690d46af5c8ea6143cb8ace7d1197f9ed1199258d741f21a04403bb66a41ee07a2896c0b0da13861d25fb87c3e79489152e5d67da1a22b18458a6c2ed21669a8268bb9421e985f5ef04,gx-no-cache=1457706930182 HTTP/1.1" 200 38
186.103.240.224 - - [11/Mar/2016:11:35:02 -0300] "GET /cormun/servlet/solicitudot?69b634e5d12c943210a9adccfbc692b9b1bae5353e2d7b22c216008aa226be6336de38299bc55e580c6b364478f6f72df4c54bd9cef831961e9a8bc455de2aa86fcd10adb6dc3e225db2d5b619819672a9b1ff00d5b735f6e2c56354ff6ff72420e5f7702689f969b0ed9d1cdd25fe1f819fb457029ddafaf2c281dc8df254a575e6144d3017b6184e0815e3f56c2c2bc366c4b0b272ebb1881277f6fdbbaf93921dcba69c3a3ce8cba618380ad45c9e7b251853af5963fa591a45957d58e2061c3cd9bd05d4013597b271cc491c971b,gx-no-cache=1457706930260 HTTP/1.1" 200 29
186.103.240.224 - - [11/Mar/2016:11:35:03 -0300] "POST /cormun/servlet/solicitudot?gx-no-cache=1457706930339 HTTP/1.1" 200 404
186.103.240.224 - - [11/Mar/2016:11:35:04 -0300] "GET /cormun/servlet/prsolicitudot?16257870,,,,,MD,,gxPopupLevel%3D0%3B HTTP/1.1" 200 5633
186.103.240.224 - - [11/Mar/2016:11:35:21 -0300] "POST /cormun/servlet/solicitudot?gx-no-cache=1457706948907 HTTP/1.1" 200 452
186.103.240.224 - - [11/Mar/2016:11:35:21 -0300] "GET /cormun/servlet/solicitudot?69b634e5d12c943210a9adccfbc692b912e86cba3b8815cb7285fbca4713eaec08c7366c9fc7a4dbcb14146b28bbe12e18402ac206d515af055d422a509c04280e0a11631d8b1690d46af5c8ea6143cb8ace7d1197f9ed1199258d741f21a04403bb66a41ee07a2896c0b0da13861d25fb87c3e79489152e5d67da1a22b18458a6c2ed21669a8268bb9421e985f5ef04,gx-no-cache=1457706949061 HTTP/1.1" 200 38
186.103.240.224 - - [11/Mar/2016:11:35:21 -0300] "POST /cormun/servlet/solicitudot?gx-no-cache=1457706949170 HTTP/1.1" 200 404
186.103.240.224 - - [11/Mar/2016:11:35:33 -0300] "GET /cormun/servlet/solicitudot?69b634e5d12c943210a9adccfbc692b9b1bae5353e2d7b22c216008aa226be6336de38299bc55e580c6b364478f6f72d59e18505066bbf7726316347eb8115cc6fcd10adb6dc3e225db2d5b619819672a9b1ff00d5b735f6e2c56354ff6ff72420e5f7702689f969b0ed9d1cdd25fe1f819fb457029ddafaf2c281dc8df254a575e6144d3017b6184e0815e3f56c2c2bc366c4b0b272ebb1881277f6fdbbaf93921dcba69c3a3ce8cba618380ad45c9e7b251853af5963fa591a45957d58e2061c3cd9bd05d4013597b271cc491c971b,gx-no-cache=1457706960619 HTTP/1.1" 200 29
186.103.240.224 - - [11/Mar/2016:11:35:39 -0300] "POST /cormun/servlet/solicitudot?gx-no-cache=1457706966986 HTTP/1.1" 200 1128
191.112.15.155 - - [11/Mar/2016:11:36:02 -0300] "POST /cormun/servlet/trautorizarsolicitud?7481b56b180c6b72ccf107f50bd9b056,gx-no-cache=1457710589914 HTTP/1.1" 200 6486
191.112.15.155 - - [11/Mar/2016:11:36:03 -0300] "POST /cormun/servlet/trautorizarsolicitud?7481b56b180c6b72ccf107f50bd9b056,gx-no-cache=1457710590944 HTTP/1.1" 200 6486
191.112.15.155 - - [11/Mar/2016:11:36:04 -0300] "POST /cormun/servlet/trautorizarsolicitud?7481b56b180c6b72ccf107f50bd9b056,gx-no-cache=1457710591919 HTTP/1.1" 200 6487
191.112.15.155 - - [11/Mar/2016:11:36:05 -0300] "POST /cormun/servlet/trautorizarsolicitud?7481b56b180c6b72ccf107f50bd9b056,gx-no-cache=1457710592921 HTTP/1.1" 200 6499
191.112.15.155 - - [11/Mar/2016:11:36:05 -0300] "GET /cormun/static/Shared/jqueryui/images/ui-bg_highlight-soft_100_c6c2c8_1x100.png HTTP/1.1" 404 1117
191.112.15.155 - - [11/Mar/2016:11:36:05 -0300] "GET /cormun/static/Shared/jqueryui/images/ui-icons_82798d_256x240.png HTTP/1.1" 404 1089
186.103.240.224 - - [11/Mar/2016:11:36:06 -0300] "GET /cormun/servlet/solicitudot?69b634e5d12c943210a9adccfbc692b98ce5fa0d222f1348d068e6dfa77996065c8dad5aa4f227d9407e2243d6b3e420fc3edfee05647a5e3ac61ea1d5542fe63148465f03123e838fec0ab9133723127b55c0906ee8dd1f19efef2c6f1d9d933c5a05106736f24343de95bf982adff7d81d62cc0bd618f3f92607cba809cfc79d8762749aa158a2393d6907e9af65d95c66f1ea3ba9fbec9c007722c7d303eb15bcac9504be9ee294c2a4b901dd4409,gx-no-cache=1457706993401 HTTP/1.1" 200 30
191.112.15.155 - - [11/Mar/2016:11:36:06 -0300] "GET /cormun/static/Shared/jqueryui/images/ui-bg_flat_55_fafafa_40x100.png HTTP/1.1" 404 1097
191.112.15.155 - - [11/Mar/2016:11:36:06 -0300] "GET /cormun/static/Shared/jqueryui/images/ui-icons_8d78a5_256x240.png HTTP/1.1" 404 1089
191.112.15.155 - - [11/Mar/2016:11:36:22 -0300] "POST /cormun/servlet/trautorizarsolicitud?7481b56b180c6b72ccf107f50bd9b056,gx-no-cache=1457710609588 HTTP/1.1" 200 6486
191.112.15.155 - - [11/Mar/2016:11:36:23 -0300] "POST /cormun/servlet/trautorizarsolicitud?7481b56b180c6b72ccf107f50bd9b056,gx-no-cache=1457710610589 HTTP/1.1" 200 6486
191.112.15.155 - - [11/Mar/2016:11:36:24 -0300] "POST /cormun/servlet/trautorizarsolicitud?7481b56b180c6b72ccf107f50bd9b056,gx-no-cache=1457710611614 HTTP/1.1" 200 6486
191.112.15.155 - - [11/Mar/2016:11:36:25 -0300] "POST /cormun/servlet/trautorizarsolicitud?7481b56b180c6b72ccf107f50bd9b056,gx-no-cache=1457710612693 HTTP/1.1" 200 6499
191.112.15.155 - - [11/Mar/2016:11:36:33 -0300] "POST /cormun/servlet/trautorizarsolicitud?7481b56b180c6b72ccf107f50bd9b056,gx-no-cache=1457710620444 HTTP/1.1" 200 6486
191.112.15.155 - - [11/Mar/2016:11:36:34 -0300] "POST /cormun/servlet/trautorizarsolicitud?7481b56b180c6b72ccf107f50bd9b056,gx-no-cache=1457710621497 HTTP/1.1" 200 6486
191.112.15.155 - - [11/Mar/2016:11:36:35 -0300] "POST /cormun/servlet/trautorizarsolicitud?7481b56b180c6b72ccf107f50bd9b056,gx-no-cache=1457710622605 HTTP/1.1" 200 6486
191.112.15.155 - - [11/Mar/2016:11:36:36 -0300] "POST /cormun/servlet/trautorizarsolicitud?7481b56b180c6b72ccf107f50bd9b056,gx-no-cache=1457710623685 HTTP/1.1" 200 6499
186.103.240.224 - - [11/Mar/2016:11:36:38 -0300] "POST /cormun/servlet/solicitudot?0606ee9f9d7a93e4fe8a50acdfd49faa,INS,0,0,,gx-no-cache=1457707025096 HTTP/1.1" 200 93
186.103.240.224 - - [11/Mar/2016:11:36:38 -0300] "GET /cormun/servlet/hpexe_return? HTTP/1.1" 200 1010
186.103.240.224 - - [11/Mar/2016:11:36:38 -0300] "GET /cormun/servlet/trsolicitudot HTTP/1.1" 200 8883
186.103.240.224 - - [11/Mar/2016:11:36:40 -0300] "GET /cormun/servlet/trsolicitudot HTTP/1.1" 200 8878
191.112.15.155 - - [11/Mar/2016:11:36:43 -0300] "POST /cormun/servlet/trautorizarsolicitud?7481b56b180c6b72ccf107f50bd9b056,gx-no-cache=1457710630620 HTTP/1.1" 200 6486
191.112.15.155 - - [11/Mar/2016:11:36:44 -0300] "POST /cormun/servlet/trautorizarsolicitud?7481b56b180c6b72ccf107f50bd9b056,gx-no-cache=1457710631730 HTTP/1.1" 200 6486
191.112.15.155 - - [11/Mar/2016:11:36:45 -0300] "POST /cormun/servlet/trautorizarsolicitud?7481b56b180c6b72ccf107f50bd9b056,gx-no-cache=1457710632843 HTTP/1.1" 200 6485
191.112.15.155 - - [11/Mar/2016:11:36:46 -0300] "POST /cormun/servlet/trautorizarsolicitud?7481b56b180c6b72ccf107f50bd9b056,gx-no-cache=1457710633981 HTTP/1.1" 200 6499
191.112.15.155 - - [11/Mar/2016:11:36:53 -0300] "POST /cormun/servlet/trautorizarsolicitud?7481b56b180c6b72ccf107f50bd9b056,gx-no-cache=1457710640999 HTTP/1.1" 200 6486
191.112.15.155 - - [11/Mar/2016:11:36:55 -0300] "POST /cormun/servlet/trautorizarsolicitud?7481b56b180c6b72ccf107f50bd9b056,gx-no-cache=1457710642157 HTTP/1.1" 200 6486
191.112.15.155 - - [11/Mar/2016:11:36:56 -0300] "POST /cormun/servlet/trautorizarsolicitud?7481b56b180c6b72ccf107f50bd9b056,gx-no-cache=1457710643447 HTTP/1.1" 200 6486
191.112.15.155 - - [11/Mar/2016:11:36:57 -0300] "POST /cormun/servlet/trautorizarsolicitud?7481b56b180c6b72ccf107f50bd9b056,gx-no-cache=1457710644665 HTTP/1.1" 200 6499
186.103.240.224 - - [11/Mar/2016:11:37:00 -0300] "GET /cormun/servlet/solicitudot?INS,0,0, HTTP/1.1" 200 11426
186.103.240.224 - - [11/Mar/2016:11:37:03 -0300] "GET /cormun/servlet/solicitudot?INS,0,0, HTTP/1.1" 200 11431
191.112.15.155 - - [11/Mar/2016:11:37:16 -0300] "POST /cormun/servlet/trautorizarsolicitud?7481b56b180c6b72ccf107f50bd9b056,gx-no-cache=1457710663254 HTTP/1.1" 200 6486
191.112.15.155 - - [11/Mar/2016:11:37:17 -0300] "POST /cormun/servlet/trautorizarsolicitud?7481b56b180c6b72ccf107f50bd9b056,gx-no-cache=1457710664455 HTTP/1.1" 200 6486
191.112.15.155 - - [11/Mar/2016:11:37:18 -0300] "POST /cormun/servlet/trautorizarsolicitud?7481b56b180c6b72ccf107f50bd9b056,gx-no-cache=1457710665744 HTTP/1.1" 200 6486
191.112.15.155 - - [11/Mar/2016:11:37:19 -0300] "POST /cormun/servlet/trautorizarsolicitud?7481b56b180c6b72ccf107f50bd9b056,gx-no-cache=1457710666982 HTTP/1.1" 200 6499
186.103.240.224 - - [11/Mar/2016:11:37:33 -0300] "POST /cormun/servlet/solicitudot?gx-no-cache=1457707080517 HTTP/1.1" 200 2767
186.103.240.224 - - [11/Mar/2016:11:37:33 -0300] "POST /cormun/servlet/solicitudot?0606ee9f9d7a93e4fe8a50acdfd49faa,INS,0,0,,gx-no-cache=1457707080995 HTTP/1.1" 200 8393
186.103.240.224 - - [11/Mar/2016:11:37:38 -0300] "GET /cormun/servlet/solicitudot?69b634e5d12c943210a9adccfbc692b9f826baf77f6d1de3a55825d931161179d2feffc182853339cd2671777cbf6817,gx-no-cache=1457707085710 HTTP/1.1" 200 30
186.103.240.224 - - [11/Mar/2016:11:37:38 -0300] "POST /cormun/servlet/solicitudot?gx-no-cache=1457707085821 HTTP/1.1" 200 30
191.112.15.155 - - [11/Mar/2016:11:37:40 -0300] "POST /cormun/servlet/trautorizarsolicitud?7481b56b180c6b72ccf107f50bd9b056,gx-no-cache=1457710687303 HTTP/1.1" 200 3223
191.112.15.155 - - [11/Mar/2016:11:37:40 -0300] "GET /cormun/servlet/trautorizarsolicitud?c04830a6cb3baa7add0fe83cc7f4db058d7962d3aed6ecbcb462453da29f2fc1487662ed1b6e340d9e39a05b064ba3ea246a58be762fab325f54d301f26f86f23859bb4da685344dfac829da0c5ce9ada8d224982fbccb640c9c7cdc6472c4578d1ea8c47ffd2d82b3afe6a870f877c5,gx-no-cache=1457710687711 HTTP/1.1" 200 768
186.103.240.224 - - [11/Mar/2016:11:37:44 -0300] "POST /cormun/servlet/solicitudot?gx-no-cache=1457707091786 HTTP/1.1" 200 30
191.112.15.155 - - [11/Mar/2016:11:37:45 -0300] "POST /cormun/servlet/trautorizarsolicitud?7481b56b180c6b72ccf107f50bd9b056,gx-no-cache=1457710692479 HTTP/1.1" 200 3223
191.112.15.155 - - [11/Mar/2016:11:37:45 -0300] "POST /cormun/servlet/trautorizarsolicitud?7481b56b180c6b72ccf107f50bd9b056,gx-no-cache=1457710692976 HTTP/1.1" 200 3223
191.112.15.155 - - [11/Mar/2016:11:37:46 -0300] "POST /cormun/servlet/trautorizarsolicitud?7481b56b180c6b72ccf107f50bd9b056,gx-no-cache=1457710693480 HTTP/1.1" 200 3223
191.112.15.155 - - [11/Mar/2016:11:37:46 -0300] "POST /cormun/servlet/trautorizarsolicitud?7481b56b180c6b72ccf107f50bd9b056,gx-no-cache=1457710693977 HTTP/1.1" 200 3223
186.103.240.224 - - [11/Mar/2016:11:37:47 -0300] "GET /cormun/servlet/prcontratosol?11672116,,,,,MD,,gxPopupLevel%3D0%3B HTTP/1.1" 200 5680
186.103.240.224 - - [11/Mar/2016:11:37:52 -0300] "POST /cormun/servlet/solicitudot?gx-no-cache=1457707100254 HTTP/1.1" 200 1170
186.103.240.224 - - [11/Mar/2016:11:37:53 -0300] "GET /cormun/servlet/solicitudot?69b634e5d12c943210a9adccfbc692b912e86cba3b8815cb7285fbca4713eaec08c7366c9fc7a4dbcb14146b28bbe12e18402ac206d515af055d422a509c04280e0a11631d8b1690d46af5c8ea6143cb8ace7d1197f9ed1199258d741f21a04403bb66a41ee07a2896c0b0da13861d25fb87c3e79489152e5d67da1a22b18458a6c2ed21669a8268bb9421e985f5ef04,gx-no-cache=1457707100428 HTTP/1.1" 200 38
186.103.240.224 - - [11/Mar/2016:11:37:53 -0300] "GET /cormun/servlet/solicitudot?69b634e5d12c943210a9adccfbc692b9b1bae5353e2d7b22c216008aa226be6336de38299bc55e580c6b364478f6f72df4c54bd9cef831961e9a8bc455de2aa86fcd10adb6dc3e225db2d5b619819672a9b1ff00d5b735f6e2c56354ff6ff72420e5f7702689f969b0ed9d1cdd25fe1f819fb457029ddafaf2c281dc8df254a575e6144d3017b6184e0815e3f56c2c2bc366c4b0b272ebb1881277f6fdbbaf93921dcba69c3a3ce8cba618380ad45c9e7b251853af5963fa591a45957d58e2061c3cd9bd05d4013597b271cc491c971b,gx-no-cache=1457707100504 HTTP/1.1" 200 29
186.103.240.224 - - [11/Mar/2016:11:37:53 -0300] "POST /cormun/servlet/solicitudot?gx-no-cache=1457707100593 HTTP/1.1" 200 1127
191.112.15.155 - - [11/Mar/2016:11:37:56 -0300] "POST /cormun/servlet/trautorizarsolicitud?7481b56b180c6b72ccf107f50bd9b056,gx-no-cache=1457710704346 HTTP/1.1" 200 6085
191.112.15.155 - - [11/Mar/2016:11:37:57 -0300] "GET /cormun/servlet/trautorizarsolicitud?c04830a6cb3baa7add0fe83cc7f4db05236cac7f673f8ab5735d72bb231ac8a2a8cc65dacf35ddf38dd1f06b805dfce4246a58be762fab325f54d301f26f86f2a3d129ec036908ff0c3bbcf2f669aede4a906fffa2315608652245a1285ff54d,gx-no-cache=1457710705319 HTTP/1.1" 200 3849
186.103.240.224 - - [11/Mar/2016:11:38:02 -0300] "GET /cormun/servlet/solicitudot?69b634e5d12c943210a9adccfbc692b9b1bae5353e2d7b22c216008aa226be6336de38299bc55e580c6b364478f6f72d59e18505066bbf7726316347eb8115cc6fcd10adb6dc3e225db2d5b619819672a9b1ff00d5b735f6e2c56354ff6ff72420e5f7702689f969b0ed9d1cdd25fe1f819fb457029ddafaf2c281dc8df254a575e6144d3017b6184e0815e3f56c2c2bc366c4b0b272ebb1881277f6fdbbaf93921dcba69c3a3ce8cba618380ad45c9e7b251853af5963fa591a45957d58e2061c3cd9bd05d4013597b271cc491c971b,gx-no-cache=1457707109439 HTTP/1.1" 200 29
191.112.15.155 - - [11/Mar/2016:11:38:21 -0300] "POST /cormun/servlet/trautorizarsolicitud?7481b56b180c6b72ccf107f50bd9b056,gx-no-cache=1457710728352 HTTP/1.1" 200 3223
191.112.15.155 - - [11/Mar/2016:11:38:21 -0300] "GET /cormun/servlet/trautorizarsolicitud?c04830a6cb3baa7add0fe83cc7f4db058d7962d3aed6ecbcb462453da29f2fc178a816168a64e9aa03384cf9696630c6246a58be762fab325f54d301f26f86f2f9cfae873b63ee615a60cb902186399872b2b71c0b7671823bda464b2f05f9e6fedbb42a8cf71915a9d965281ab454e224e271a523095c74aaa019cbaa5dcbffe648cb6df5b77fa7ceac9ca52a3758b1,gx-no-cache=1457710728779 HTTP/1.1" 200 798
186.103.240.224 - - [11/Mar/2016:11:38:25 -0300] "GET /cormun/static/menuarrow.gif HTTP/1.1" 404 1015
191.112.15.155 - - [11/Mar/2016:11:38:27 -0300] "POST /cormun/servlet/trautorizarsolicitud?7481b56b180c6b72ccf107f50bd9b056,gx-no-cache=1457710734435 HTTP/1.1" 200 6486
191.112.15.155 - - [11/Mar/2016:11:38:27 -0300] "GET /cormun/servlet/trautorizarsolicitud?c04830a6cb3baa7add0fe83cc7f4db05fe3714fa97ecc9315bd5f023ed48159fa8cc65dacf35ddf38dd1f06b805dfce4246a58be762fab325f54d301f26f86f2a3d129ec036908ff0c3bbcf2f669aede4a906fffa2315608652245a1285ff54d,gx-no-cache=1457710734839 HTTP/1.1" 200 4412
186.103.240.224 - - [11/Mar/2016:11:38:44 -0300] "GET /cormun/servlet/solicitudot?69b634e5d12c943210a9adccfbc692b970cb6436c12ae3793e08a1d14bf22336c4ee2e5c58ec4e1163f39e572348a91c662b9328a432d7e04484739c739db55f77074c2b3fba77a78c83b19c1b5c1ff0c1c25fb623bfb814bddf211fe99b4c1d2d65e9745d222c90e22d5c20fe5c63a06f8c00aba934859bcd8439925adc7b828510c489db2d537981a74363179d4ef53dde92a8633141406ac768edcaad838554443d1185a1db580a779d230e5c4f63,gx-no-cache=1457707151327 HTTP/1.1" 200 30
191.112.15.155 - - [11/Mar/2016:11:38:50 -0300] "GET /cormun/servlet/trautorizarsolicitud?c04830a6cb3baa7add0fe83cc7f4db058d7962d3aed6ecbcb462453da29f2fc1487662ed1b6e340d9e39a05b064ba3ea246a58be762fab325f54d301f26f86f23859bb4da685344dfac829da0c5ce9ada8d224982fbccb640c9c7cdc6472c4578d1ea8c47ffd2d82b3afe6a870f877c5,gx-no-cache=1457710757361 HTTP/1.1" 200 4412
191.112.15.155 - - [11/Mar/2016:11:38:50 -0300] "POST /cormun/servlet/trautorizarsolicitud?7481b56b180c6b72ccf107f50bd9b056,gx-no-cache=1457710756956 HTTP/1.1" 200 3223
191.112.15.155 - - [11/Mar/2016:11:38:57 -0300] "GET /cormun/servlet/trvisualizadoreventos? HTTP/1.1" 200 5931
191.112.15.155 - - [11/Mar/2016:11:38:57 -0300] "GET /cormun/static/Resources/Spanish/PXTools.css?17554516 HTTP/1.1" 304 -
191.112.15.155 - - [11/Mar/2016:11:38:57 -0300] "GET /cormun/static/gxcfg.js?2016251828014 HTTP/1.1" 304 -
191.112.15.155 - - [11/Mar/2016:11:38:57 -0300] "GET /cormun/static/trvisualizadoreventos.js?2016251828276 HTTP/1.1" 304 -
191.112.15.155 - - [11/Mar/2016:11:38:58 -0300] "GET /cormun/servlet/trvisualizadoreventos? HTTP/1.1" 200 5931
191.112.15.155 - - [11/Mar/2016:11:39:01 -0300] "GET /cormun/static/menuarrow.gif HTTP/1.1" 404 1015
191.112.15.155 - - [11/Mar/2016:11:39:06 -0300] "GET /cormun/servlet/trvisualizadoreventos?c04830a6cb3baa7add0fe83cc7f4db0554e3e9829cebf80b2dd1f38340a3a73d087ec19cf2229bf4e0762f9146bd1fac3f66c92424cea917279e27d20637d317c3bca15d7d3af007e79041c9d453c013d2c313088dcef6d7d3c1c3162b484633a4b77b065987e836d5a329709599c695950c23ad1564098203fcfbbfecd1949c895d51377b87ef1ded5c444b9debff6eb7f42aa51d5d0881cee0c5cb42292872f6e3ae2ab7d312f9eaade59456df53985606fadcc794f54500254ec3c5cd952b,gx-no-cache=1457710773656 HTTP/1.1" 200 569
191.112.15.155 - - [11/Mar/2016:11:39:08 -0300] "POST /cormun/servlet/trvisualizadoreventos?7481b56b180c6b72ccf107f50bd9b056,,gx-no-cache=1457710775453 HTTP/1.1" 200 3336
191.112.15.155 - - [11/Mar/2016:11:39:08 -0300] "POST /cormun/servlet/trvisualizadoreventos?7481b56b180c6b72ccf107f50bd9b056,,gx-no-cache=1457710775790 HTTP/1.1" 200 3336
191.112.15.155 - - [11/Mar/2016:11:39:08 -0300] "POST /cormun/servlet/trvisualizadoreventos?7481b56b180c6b72ccf107f50bd9b056,,gx-no-cache=1457710776135 HTTP/1.1" 200 3336
191.112.15.155 - - [11/Mar/2016:11:39:09 -0300] "POST /cormun/servlet/trvisualizadoreventos?7481b56b180c6b72ccf107f50bd9b056,,gx-no-cache=1457710776496 HTTP/1.1" 200 3336
191.112.15.155 - - [11/Mar/2016:11:39:13 -0300] "POST /cormun/servlet/trvisualizadoreventos?7481b56b180c6b72ccf107f50bd9b056,,gx-no-cache=1457710780725 HTTP/1.1" 200 4001
191.112.15.155 - - [11/Mar/2016:11:39:13 -0300] "GET /cormun/servlet/trvisualizadoreventos?c04830a6cb3baa7add0fe83cc7f4db059a45e827849193655a9afc9137eecd7d087ec19cf2229bf4e0762f9146bd1fac3f66c92424cea917279e27d20637d317c3bca15d7d3af007e79041c9d453c013d2c313088dcef6d7d3c1c3162b484633a4b77b065987e836d5a329709599c695950c23ad1564098203fcfbbfecd1949c895d51377b87ef1ded5c444b9debff6eb7f42aa51d5d0881cee0c5cb42292872f6e3ae2ab7d312f9eaade59456df53985606fadcc794f54500254ec3c5cd952b,gx-no-cache=1457710781142 HTTP/1.1" 200 1317
186.103.240.224 - - [11/Mar/2016:11:39:14 -0300] "POST /cormun/servlet/solicitudot?0606ee9f9d7a93e4fe8a50acdfd49faa,INS,0,0,,gx-no-cache=1457707181109 HTTP/1.1" 200 9354
186.103.240.224 - - [11/Mar/2016:11:39:14 -0300] "GET /cormun/static/Shared/jqueryui/images/ui-bg_highlight-soft_100_c6c2c8_1x100.png HTTP/1.1" 404 1117
186.103.240.224 - - [11/Mar/2016:11:39:14 -0300] "GET /cormun/static/Shared/jqueryui/images/ui-icons_82798d_256x240.png HTTP/1.1" 404 1089
186.103.240.224 - - [11/Mar/2016:11:39:14 -0300] "GET /cormun/static/Shared/jqueryui/images/ui-bg_flat_55_994d53_40x100.png HTTP/1.1" 404 1097
186.103.240.224 - - [11/Mar/2016:11:39:14 -0300] "GET /cormun/static/Shared/jqueryui/images/ui-icons_ebccce_256x240.png HTTP/1.1" 404 1089
191.112.15.155 - - [11/Mar/2016:11:39:21 -0300] "POST /cormun/servlet/trvisualizadoreventos?7481b56b180c6b72ccf107f50bd9b056,,gx-no-cache=1457710789006 HTTP/1.1" 200 4001
191.112.15.155 - - [11/Mar/2016:11:40:01 -0300] "GET /cormun/servlet/trautorizarsolicitud? HTTP/1.1" 200 5958
191.112.15.155 - - [11/Mar/2016:11:40:02 -0300] "GET /cormun/servlet/trautorizarsolicitud? HTTP/1.1" 200 5958
191.112.15.155 - - [11/Mar/2016:11:40:28 -0300] "POST /cormun/servlet/trautorizarsolicitud?7481b56b180c6b72ccf107f50bd9b056,,gx-no-cache=1457710855261 HTTP/1.1" 200 3226
191.112.15.155 - - [11/Mar/2016:11:40:28 -0300] "POST /cormun/servlet/trautorizarsolicitud?7481b56b180c6b72ccf107f50bd9b056,,gx-no-cache=1457710855952 HTTP/1.1" 200 3226
191.112.15.155 - - [11/Mar/2016:11:40:28 -0300] "POST /cormun/servlet/trautorizarsolicitud?7481b56b180c6b72ccf107f50bd9b056,,gx-no-cache=1457710856320 HTTP/1.1" 200 3225
191.112.15.155 - - [11/Mar/2016:11:40:29 -0300] "POST /cormun/servlet/trautorizarsolicitud?7481b56b180c6b72ccf107f50bd9b056,,gx-no-cache=1457710856681 HTTP/1.1" 200 3226
191.112.15.155 - - [11/Mar/2016:11:40:29 -0300] "POST /cormun/servlet/trautorizarsolicitud?7481b56b180c6b72ccf107f50bd9b056,,gx-no-cache=1457710857041 HTTP/1.1" 200 3226
191.112.15.155 - - [11/Mar/2016:11:40:30 -0300] "POST /cormun/servlet/trautorizarsolicitud?7481b56b180c6b72ccf107f50bd9b056,,gx-no-cache=1457710857407 HTTP/1.1" 200 3226
191.112.15.155 - - [11/Mar/2016:11:40:30 -0300] "POST /cormun/servlet/trautorizarsolicitud?7481b56b180c6b72ccf107f50bd9b056,,gx-no-cache=1457710857766 HTTP/1.1" 200 3225
191.112.15.155 - - [11/Mar/2016:11:40:30 -0300] "POST /cormun/servlet/trautorizarsolicitud?7481b56b180c6b72ccf107f50bd9b056,,gx-no-cache=1457710858132 HTTP/1.1" 200 3225
191.112.15.155 - - [11/Mar/2016:11:40:47 -0300] "POST /cormun/servlet/trautorizarsolicitud?7481b56b180c6b72ccf107f50bd9b056,,gx-no-cache=1457710874962 HTTP/1.1" 200 6087
191.112.15.155 - - [11/Mar/2016:11:40:47 -0300] "GET /cormun/servlet/trautorizarsolicitud?c04830a6cb3baa7add0fe83cc7f4db05236cac7f673f8ab5735d72bb231ac8a2a8cc65dacf35ddf38dd1f06b805dfce4246a58be762fab325f54d301f26f86f2a3d129ec036908ff0c3bbcf2f669aede4a906fffa2315608652245a1285ff54d,gx-no-cache=1457710875512 HTTP/1.1" 200 3845
191.112.15.155 - - [11/Mar/2016:11:42:20 -0300] "POST /cormun/servlet/trautorizarsolicitud?7481b56b180c6b72ccf107f50bd9b056,,gx-no-cache=1457710968115 HTTP/1.1" 200 3227
191.112.15.155 - - [11/Mar/2016:11:42:20 -0300] "GET /cormun/servlet/trautorizarsolicitud?c04830a6cb3baa7add0fe83cc7f4db058d7962d3aed6ecbcb462453da29f2fc178a816168a64e9aa03384cf9696630c6246a58be762fab325f54d301f26f86f2f9cfae873b63ee615a60cb902186399872b2b71c0b7671823bda464b2f05f9e6fedbb42a8cf71915a9d965281ab454e224e271a523095c74aaa019cbaa5dcbffe648cb6df5b77fa7ceac9ca52a3758b1,gx-no-cache=1457710968533 HTTP/1.1" 200 795
191.112.15.155 - - [11/Mar/2016:11:42:27 -0300] "POST /cormun/servlet/trautorizarsolicitud?7481b56b180c6b72ccf107f50bd9b056,,gx-no-cache=1457710974746 HTTP/1.1" 200 3226
191.112.15.155 - - [11/Mar/2016:11:42:27 -0300] "POST /cormun/servlet/trautorizarsolicitud?7481b56b180c6b72ccf107f50bd9b056,,gx-no-cache=1457710975142 HTTP/1.1" 200 3226
191.112.15.155 - - [11/Mar/2016:11:42:28 -0300] "POST /cormun/servlet/trautorizarsolicitud?7481b56b180c6b72ccf107f50bd9b056,,gx-no-cache=1457710975535 HTTP/1.1" 200 3226
191.112.15.155 - - [11/Mar/2016:11:42:28 -0300] "POST /cormun/servlet/trautorizarsolicitud?7481b56b180c6b72ccf107f50bd9b056,,gx-no-cache=1457710975930 HTTP/1.1" 200 3226
186.103.240.224 - - [11/Mar/2016:11:45:16 -0300] "POST /cormun/servlet/solicitudot?0606ee9f9d7a93e4fe8a50acdfd49faa,INS,0,0,,gx-no-cache=1457707543038 HTTP/1.1" 200 93
186.103.240.224 - - [11/Mar/2016:11:45:16 -0300] "GET /cormun/servlet/hpexe_return? HTTP/1.1" 200 1010
186.103.240.224 - - [11/Mar/2016:11:45:16 -0300] "GET /cormun/servlet/trsolicitudot HTTP/1.1" 200 8883
186.103.240.224 - - [11/Mar/2016:11:45:18 -0300] "GET /cormun/servlet/trsolicitudot HTTP/1.1" 200 8878
186.103.240.224 - - [11/Mar/2016:11:45:32 -0300] "GET /cormun/servlet/solicitudot?INS,0,0, HTTP/1.1" 200 11426
186.103.240.224 - - [11/Mar/2016:11:45:34 -0300] "GET /cormun/servlet/solicitudot?INS,0,0, HTTP/1.1" 200 11431
186.103.240.224 - - [11/Mar/2016:11:45:45 -0300] "POST /cormun/servlet/solicitudot?gx-no-cache=1457707572838 HTTP/1.1" 200 2668
186.103.240.224 - - [11/Mar/2016:11:45:46 -0300] "POST /cormun/servlet/solicitudot?0606ee9f9d7a93e4fe8a50acdfd49faa,INS,0,0,,gx-no-cache=1457707573247 HTTP/1.1" 200 8265
186.103.240.224 - - [11/Mar/2016:11:45:49 -0300] "GET /cormun/servlet/solicitudot?69b634e5d12c943210a9adccfbc692b96605964476de87d71805cf7c0589a358d2feffc182853339cd2671777cbf6817,gx-no-cache=1457707576660 HTTP/1.1" 200 30
186.103.240.224 - - [11/Mar/2016:11:47:00 -0300] "POST /cormun/servlet/solicitudot?gx-no-cache=1457707647948 HTTP/1.1" 200 120
186.103.240.224 - - [11/Mar/2016:11:47:00 -0300] "GET /cormun/static/Shared/jqueryui/images/ui-bg_highlight-soft_100_c6c2c8_1x100.png HTTP/1.1" 404 1117
186.103.240.224 - - [11/Mar/2016:11:47:00 -0300] "GET /cormun/static/Shared/jqueryui/images/ui-icons_82798d_256x240.png HTTP/1.1" 404 1089
186.103.240.224 - - [11/Mar/2016:11:47:00 -0300] "GET /cormun/static/Shared/jqueryui/images/ui-bg_flat_55_994d53_40x100.png HTTP/1.1" 404 1097
186.103.240.224 - - [11/Mar/2016:11:47:00 -0300] "GET /cormun/static/Shared/jqueryui/images/ui-icons_ebccce_256x240.png HTTP/1.1" 404 1089
186.103.240.224 - - [11/Mar/2016:11:47:08 -0300] "POST /cormun/servlet/solicitudot?gx-no-cache=1457707655846 HTTP/1.1" 200 30
