186.103.248.189 - - [11/Mar/2016:09:50:07 -0300] "GET /cormun/static/Shared/jqueryui/images/ui-icons_8d78a5_256x240.png HTTP/1.1" 404 1089
186.103.156.166 - - [11/Mar/2016:09:50:17 -0300] "POST /cormun/servlet/trautorizarsolicitud?f5e2f3c6dc0a6fc71a675a17fd8d138f,,gx-no-cache=1457700652442 HTTP/1.1" 200 4877
186.103.156.166 - - [11/Mar/2016:09:50:18 -0300] "POST /cormun/servlet/trautorizarsolicitud?f5e2f3c6dc0a6fc71a675a17fd8d138f,,gx-no-cache=1457700652854 HTTP/1.1" 200 4877
186.103.156.166 - - [11/Mar/2016:09:50:18 -0300] "POST /cormun/servlet/trautorizarsolicitud?f5e2f3c6dc0a6fc71a675a17fd8d138f,,gx-no-cache=1457700653427 HTTP/1.1" 200 4877
186.103.156.166 - - [11/Mar/2016:09:50:19 -0300] "POST /cormun/servlet/trautorizarsolicitud?f5e2f3c6dc0a6fc71a675a17fd8d138f,,gx-no-cache=1457700653771 HTTP/1.1" 200 4877
186.103.156.166 - - [11/Mar/2016:09:50:19 -0300] "POST /cormun/servlet/trautorizarsolicitud?f5e2f3c6dc0a6fc71a675a17fd8d138f,,gx-no-cache=1457700654012 HTTP/1.1" 200 4877
186.103.156.166 - - [11/Mar/2016:09:50:19 -0300] "POST /cormun/servlet/trautorizarsolicitud?f5e2f3c6dc0a6fc71a675a17fd8d138f,,gx-no-cache=1457700654264 HTTP/1.1" 200 4877
186.103.156.166 - - [11/Mar/2016:09:50:20 -0300] "POST /cormun/servlet/trautorizarsolicitud?f5e2f3c6dc0a6fc71a675a17fd8d138f,,gx-no-cache=1457700654501 HTTP/1.1" 200 4876
186.103.156.166 - - [11/Mar/2016:09:50:20 -0300] "POST /cormun/servlet/trautorizarsolicitud?f5e2f3c6dc0a6fc71a675a17fd8d138f,,gx-no-cache=1457700655170 HTTP/1.1" 200 106
186.103.156.166 - - [11/Mar/2016:09:50:20 -0300] "GET /cormun/servlet/trsolicitudadjuntos?2016,810, HTTP/1.1" 200 5348
186.103.156.166 - - [11/Mar/2016:09:50:21 -0300] "GET /cormun/servlet/trsolicitudadjuntos?2016,810, HTTP/1.1" 200 5348
186.103.156.166 - - [11/Mar/2016:09:51:19 -0300] "POST /cormun/servlet/trsolicitudadjuntos?f5e2f3c6dc0a6fc71a675a17fd8d138f,2016,810,,gx-no-cache=1457700714210 HTTP/1.1" 200 3234
186.103.156.166 - - [11/Mar/2016:09:51:29 -0300] "POST /cormun/servlet/trsolicitudadjuntos?f5e2f3c6dc0a6fc71a675a17fd8d138f,2016,810,,gx-no-cache=1457700724327 HTTP/1.1" 200 3234
186.103.156.166 - - [11/Mar/2016:09:51:32 -0300] "POST /cormun/servlet/trsolicitudadjuntos?f5e2f3c6dc0a6fc71a675a17fd8d138f,2016,810,,gx-no-cache=1457700727109 HTTP/1.1" 200 3234
186.103.156.166 - - [11/Mar/2016:09:51:54 -0300] "POST /cormun/servlet/trsolicitudadjuntos?f5e2f3c6dc0a6fc71a675a17fd8d138f,2016,810,,gx-no-cache=1457700748992 HTTP/1.1" 200 3234
186.103.156.166 - - [11/Mar/2016:09:51:57 -0300] "POST /cormun/servlet/acontrolpreferencessavestate?None,EBLANCO,true HTTP/1.1" 200 35
186.103.156.166 - - [11/Mar/2016:09:52:01 -0300] "POST /cormun/servlet/acontrolpreferencessavestate?None,EBLANCO,true HTTP/1.1" 200 35
186.103.159.230 - - [11/Mar/2016:09:52:59 -0300] "POST /cormun/servlet/trsolicitudot?8d1b2cf19fd05ebc29eb562064229d1e,gx-no-cache=1457700803201 HTTP/1.1" 200 5177
186.103.159.230 - - [11/Mar/2016:09:54:18 -0300] "POST /cormun/servlet/trsolicitudot?8d1b2cf19fd05ebc29eb562064229d1e,gx-no-cache=1457700883293 HTTP/1.1" 200 4933
186.103.159.230 - - [11/Mar/2016:09:54:19 -0300] "POST /cormun/servlet/trsolicitudot?8d1b2cf19fd05ebc29eb562064229d1e,gx-no-cache=1457700883490 HTTP/1.1" 200 4933
186.103.159.230 - - [11/Mar/2016:09:54:19 -0300] "POST /cormun/servlet/trsolicitudot?8d1b2cf19fd05ebc29eb562064229d1e,gx-no-cache=1457700883671 HTTP/1.1" 200 4933
186.103.159.230 - - [11/Mar/2016:09:54:19 -0300] "POST /cormun/servlet/trsolicitudot?8d1b2cf19fd05ebc29eb562064229d1e,gx-no-cache=1457700883836 HTTP/1.1" 200 4932
186.103.159.230 - - [11/Mar/2016:09:54:19 -0300] "POST /cormun/servlet/trsolicitudot?8d1b2cf19fd05ebc29eb562064229d1e,gx-no-cache=1457700884009 HTTP/1.1" 200 4933
186.103.159.230 - - [11/Mar/2016:09:54:19 -0300] "POST /cormun/servlet/trsolicitudot?8d1b2cf19fd05ebc29eb562064229d1e,gx-no-cache=1457700884171 HTTP/1.1" 200 4932
186.103.159.230 - - [11/Mar/2016:09:54:19 -0300] "POST /cormun/servlet/trsolicitudot?8d1b2cf19fd05ebc29eb562064229d1e,gx-no-cache=1457700884356 HTTP/1.1" 200 4932
186.103.159.230 - - [11/Mar/2016:09:54:22 -0300] "POST /cormun/servlet/trsolicitudot?8d1b2cf19fd05ebc29eb562064229d1e,gx-no-cache=1457700887088 HTTP/1.1" 200 106
186.103.159.230 - - [11/Mar/2016:09:54:22 -0300] "GET /cormun/servlet/trsolicitudadjuntos?2016,817, HTTP/1.1" 200 5377
186.103.159.230 - - [11/Mar/2016:09:54:22 -0300] "GET /cormun/static/gxcfg.js?2016311731090 HTTP/1.1" 200 953
186.103.159.230 - - [11/Mar/2016:09:54:22 -0300] "GET /cormun/static/trsolicitudadjuntos.js?2016311731342 HTTP/1.1" 200 17275
186.103.159.230 - - [11/Mar/2016:09:54:22 -0300] "GET /cormun/static/Resources/Spanish/PXTools.css?171692 HTTP/1.1" 200 89042
186.103.159.230 - - [11/Mar/2016:09:54:23 -0300] "GET /cormun/servlet/trsolicitudadjuntos?2016,817, HTTP/1.1" 200 5377
186.103.159.230 - - [11/Mar/2016:09:54:24 -0300] "POST /cormun/servlet/acontrolpreferencessavestate?None,BARANCIBIA,true HTTP/1.1" 200 35
186.103.159.230 - - [11/Mar/2016:09:54:43 -0300] "GET /cormun/servlet/solicitudotadjuntos?INS,2016,817,,2, HTTP/1.1" 200 5467
186.103.159.230 - - [11/Mar/2016:09:54:43 -0300] "GET /cormun/static/gxcfg.js?2016311984045 HTTP/1.1" 200 953
186.103.159.230 - - [11/Mar/2016:09:54:43 -0300] "GET /cormun/static/solicitudotadjuntos.js?2016311984068 HTTP/1.1" 200 11762
186.103.159.230 - - [11/Mar/2016:09:54:43 -0300] "GET /cormun/static/about:blank HTTP/1.1" 404 1011
186.103.159.230 - - [11/Mar/2016:09:54:43 -0300] "GET /cormun/servlet/solicitudotadjuntos?INS,2016,817,,2, HTTP/1.1" 200 5461
186.103.159.230 - - [11/Mar/2016:09:54:44 -0300] "GET /cormun/servlet/solicitudotadjuntos?9bd76176bb7aa01b2d309eb77842f52bee179f6406bfbf24f2e8f310f5c6a34ddd5cf3550881f0ff0acf70c4869df596,gx-no-cache=1457700908852 HTTP/1.1" 200 30
186.103.159.230 - - [11/Mar/2016:09:54:44 -0300] "POST /cormun/servlet/solicitudotadjuntos?8d1b2cf19fd05ebc29eb562064229d1e,INS,2016,817,,2,,gx-no-cache=1457700908895 HTTP/1.1" 200 3520
186.103.159.230 - - [11/Mar/2016:09:55:30 -0300] "POST /cormun/servlet/solicitudotadjuntos?gx-no-cache=1457700955012 HTTP/1.1" 200 26
186.103.159.230 - - [11/Mar/2016:09:55:34 -0300] "GET /cormun/servlet/solicitudotadjuntos?9bd76176bb7aa01b2d309eb77842f52b3c85c77ab259002f9a92744d3fb5807a,gx-no-cache=1457700958445 HTTP/1.1" 200 30
186.103.159.230 - - [11/Mar/2016:09:55:34 -0300] "GET /cormun/servlet/solicitudotadjuntos?9bd76176bb7aa01b2d309eb77842f52b3c85c77ab259002f9a92744d3fb5807a,gx-no-cache=1457700958467 HTTP/1.1" 200 30
186.103.159.230 - - [11/Mar/2016:09:55:34 -0300] "POST /cormun/servlet/solicitudotadjuntos?8d1b2cf19fd05ebc29eb562064229d1e,INS,2016,817,,2,,gx-no-cache=1457700958490 HTTP/1.1" 200 93
186.103.159.230 - - [11/Mar/2016:09:55:34 -0300] "GET /cormun/servlet/hpexe_return? HTTP/1.1" 200 1024
186.103.159.230 - - [11/Mar/2016:09:55:34 -0300] "GET /cormun/servlet/trsolicitudadjuntos?2016,817, HTTP/1.1" 200 7152
186.103.159.230 - - [11/Mar/2016:09:55:34 -0300] "GET /cormun/servlet/trsolicitudadjuntos?2016,817, HTTP/1.1" 200 7148
186.103.159.230 - - [11/Mar/2016:09:55:42 -0300] "GET /cormun/servlet/solicitudotadjuntos?INS,2016,817,,2, HTTP/1.1" 200 5467
186.103.159.230 - - [11/Mar/2016:09:55:42 -0300] "GET /cormun/static/about:blank HTTP/1.1" 404 1011
186.103.159.230 - - [11/Mar/2016:09:55:42 -0300] "GET /cormun/servlet/solicitudotadjuntos?INS,2016,817,,2, HTTP/1.1" 200 5461
186.103.159.230 - - [11/Mar/2016:09:55:43 -0300] "GET /cormun/servlet/solicitudotadjuntos?9bd76176bb7aa01b2d309eb77842f52bee179f6406bfbf24f2e8f310f5c6a34ddd5cf3550881f0ff0acf70c4869df596,gx-no-cache=1457700967818 HTTP/1.1" 200 30
186.103.159.230 - - [11/Mar/2016:09:55:43 -0300] "POST /cormun/servlet/solicitudotadjuntos?8d1b2cf19fd05ebc29eb562064229d1e,INS,2016,817,,2,,gx-no-cache=1457700967846 HTTP/1.1" 200 3520
186.103.159.230 - - [11/Mar/2016:09:55:56 -0300] "POST /cormun/servlet/solicitudotadjuntos?gx-no-cache=1457700980805 HTTP/1.1" 200 26
186.103.159.230 - - [11/Mar/2016:09:55:56 -0300] "GET /cormun/servlet/solicitudotadjuntos?9bd76176bb7aa01b2d309eb77842f52b3c85c77ab259002f9a92744d3fb5807a,gx-no-cache=1457700980842 HTTP/1.1" 200 30
186.103.159.230 - - [11/Mar/2016:09:55:56 -0300] "GET /cormun/servlet/solicitudotadjuntos?9bd76176bb7aa01b2d309eb77842f52b3c85c77ab259002f9a92744d3fb5807a,gx-no-cache=1457700980862 HTTP/1.1" 200 30
186.103.159.230 - - [11/Mar/2016:09:55:56 -0300] "POST /cormun/servlet/solicitudotadjuntos?8d1b2cf19fd05ebc29eb562064229d1e,INS,2016,817,,2,,gx-no-cache=1457700980887 HTTP/1.1" 200 93
186.103.159.230 - - [11/Mar/2016:09:55:56 -0300] "GET /cormun/servlet/hpexe_return? HTTP/1.1" 200 1024
186.103.159.230 - - [11/Mar/2016:09:55:56 -0300] "GET /cormun/servlet/trsolicitudadjuntos?2016,817, HTTP/1.1" 200 7267
186.103.159.230 - - [11/Mar/2016:09:55:57 -0300] "GET /cormun/servlet/trsolicitudadjuntos?2016,817, HTTP/1.1" 200 7263
186.103.159.230 - - [11/Mar/2016:09:56:03 -0300] "GET /cormun/servlet/solicitudotadjuntos?INS,2016,817,,2, HTTP/1.1" 200 5467
186.103.159.230 - - [11/Mar/2016:09:56:03 -0300] "GET /cormun/static/about:blank HTTP/1.1" 404 1011
186.103.159.230 - - [11/Mar/2016:09:56:03 -0300] "GET /cormun/servlet/solicitudotadjuntos?INS,2016,817,,2, HTTP/1.1" 200 5461
186.103.159.230 - - [11/Mar/2016:09:56:04 -0300] "GET /cormun/servlet/solicitudotadjuntos?9bd76176bb7aa01b2d309eb77842f52bee179f6406bfbf24f2e8f310f5c6a34ddd5cf3550881f0ff0acf70c4869df596,gx-no-cache=1457700988774 HTTP/1.1" 200 30
186.103.159.230 - - [11/Mar/2016:09:56:04 -0300] "POST /cormun/servlet/solicitudotadjuntos?8d1b2cf19fd05ebc29eb562064229d1e,INS,2016,817,,2,,gx-no-cache=1457700988820 HTTP/1.1" 200 3520
186.103.159.230 - - [11/Mar/2016:09:56:42 -0300] "POST /cormun/servlet/solicitudotadjuntos?gx-no-cache=1457701026873 HTTP/1.1" 200 26
186.103.248.189 - - [11/Mar/2016:09:57:06 -0300] "POST /cormun/servlet/solicitudot?gx-no-cache=1457701054096 HTTP/1.1" 200 30
186.103.248.189 - - [11/Mar/2016:09:57:06 -0300] "POST /cormun/servlet/solicitudot?gx-no-cache=1457701054356 HTTP/1.1" 200 452
186.103.248.189 - - [11/Mar/2016:09:57:06 -0300] "GET /cormun/servlet/solicitudot?d1569fc545609a809b8375e495eb19992b57809b6d158cd851f2944c6e693c46c7e3de022025bcf90222efa1b2433dad8e93f68027022efa22761b7dec72f709307a8e521dc9e01301b7156b6542b4bb5c01a34df65dc4d2afec674d6cc5386f14760c10c0bc277f7ffa565f100f0929f5551761fc602b39c294324839155cd29ee2057dc526db29eaa95f682a3ac452,gx-no-cache=1457701054497 HTTP/1.1" 200 38
186.103.248.189 - - [11/Mar/2016:09:57:46 -0300] "GET /cormun/servlet/solicitudot?d1569fc545609a809b8375e495eb199923ad44cc945301eae9c16531f7ea0368a43fc0cff73b71945dd8c80550cc585b2d709953008b9c2a0962a7fbb0d152140705d906380e406324579857da79d9d3ef433414ce9132a37aa1e52ed85331f64f5b3094ca5488bc63283587230a2a96,gx-no-cache=1457701094745 HTTP/1.1" 200 29
186.103.248.189 - - [11/Mar/2016:09:57:48 -0300] "POST /cormun/servlet/solicitudot?gx-no-cache=1457701096775 HTTP/1.1" 200 1128
186.78.37.203 - - [11/Mar/2016:09:57:50 -0300] "GET /cormun/servlet/hlogin HTTP/1.1" 200 1726
186.78.37.203 - - [11/Mar/2016:09:57:50 -0300] "GET /cormun/static/gxgral.js?85251 HTTP/1.1" 206 1
186.78.37.203 - - [11/Mar/2016:09:57:50 -0300] "GET /cormun/static/gxcfg.js?20151120045111 HTTP/1.1" 200 953
186.78.37.203 - - [11/Mar/2016:09:57:50 -0300] "GET /cormun/static/hlogin.js?20151120045126 HTTP/1.1" 200 2136
186.78.37.203 - - [11/Mar/2016:09:57:50 -0300] "GET /cormun/static/messages.spa.js?85251 HTTP/1.1" 200 30736
186.78.37.203 - - [11/Mar/2016:09:57:50 -0300] "GET /cormun/static/Resources/ComunLogin.png HTTP/1.1" 200 17326
186.78.37.203 - - [11/Mar/2016:09:57:50 -0300] "GET /cormun/static/Resources/Spanish/PXTools.css?005343 HTTP/1.1" 200 89042
186.78.37.203 - - [11/Mar/2016:09:57:52 -0300] "GET /cormun/static/gxgral.js?85251 HTTP/1.1" 206 356803
186.78.37.203 - - [11/Mar/2016:09:57:52 -0300] "GET /cormun/static/Resources/PXToolsLoginTop.png HTTP/1.1" 200 1337
186.78.37.203 - - [11/Mar/2016:09:57:52 -0300] "GET /cormun/static/Resources/PXToolsLoginBackground.png HTTP/1.1" 200 1164
186.78.37.203 - - [11/Mar/2016:09:57:52 -0300] "GET /cormun/static/Resources/PXToolsButtonLeft21.png HTTP/1.1" 200 1287
186.78.37.203 - - [11/Mar/2016:09:57:52 -0300] "GET /cormun/static/Resources/PXToolsButtonRight21.png HTTP/1.1" 200 1283
186.78.37.203 - - [11/Mar/2016:09:57:52 -0300] "GET /cormun/static/Resources/PXToolsButtonBackground2.png HTTP/1.1" 200 1181
186.78.37.203 - - [11/Mar/2016:09:57:52 -0300] "GET /cormun/static/Resources/PXToolsLoginBottom.png HTTP/1.1" 200 1389
186.78.37.203 - - [11/Mar/2016:09:57:53 -0300] "GET /cormun/servlet/hlogin HTTP/1.1" 200 1729
186.78.37.203 - - [11/Mar/2016:09:57:53 -0300] "GET /cormun/static/Resources/indicator.gif HTTP/1.1" 200 1553
186.78.37.203 - - [11/Mar/2016:09:57:53 -0300] "GET /cormun/static/Resources/indicator.gif HTTP/1.1" 200 1553
186.103.159.230 - - [11/Mar/2016:09:58:00 -0300] "GET /cormun/servlet/solicitudotadjuntos?9bd76176bb7aa01b2d309eb77842f52b3c85c77ab259002f9a92744d3fb5807a,gx-no-cache=1457701104171 HTTP/1.1" 200 30
186.103.159.230 - - [11/Mar/2016:09:58:00 -0300] "GET /cormun/servlet/solicitudotadjuntos?9bd76176bb7aa01b2d309eb77842f52b3c85c77ab259002f9a92744d3fb5807a,gx-no-cache=1457701104540 HTTP/1.1" 200 30
186.78.37.203 - - [11/Mar/2016:09:58:00 -0300] "POST /cormun/servlet/hlogin?bc0595683e59f2eb46475162ba2520bd,gx-no-cache=1457701043995 HTTP/1.1" 200 90
186.78.37.203 - - [11/Mar/2016:09:58:00 -0300] "GET /cormun/servlet/hpexe_link HTTP/1.1" 200 953
186.78.37.203 - - [11/Mar/2016:09:58:00 -0300] "GET /cormun/static/gxcfg.js?20151120044395 HTTP/1.1" 200 953
186.78.37.203 - - [11/Mar/2016:09:58:00 -0300] "GET /cormun/static/hpexe_link.js?20151120044398 HTTP/1.1" 200 625
186.78.37.203 - - [11/Mar/2016:09:58:01 -0300] "GET /cormun/servlet/hhome HTTP/1.1" 200 3473
186.78.37.203 - - [11/Mar/2016:09:58:01 -0300] "GET /cormun/static/gxcfg.js?2015112210564248 HTTP/1.1" 200 953
186.78.37.203 - - [11/Mar/2016:09:58:01 -0300] "GET /cormun/static/PXToolsJavascripts/pexe_cookies.js HTTP/1.1" 200 792
186.78.37.203 - - [11/Mar/2016:09:58:01 -0300] "GET /cormun/static/PXToolsJavascripts/pexe_windows.js HTTP/1.1" 200 15207
186.78.37.203 - - [11/Mar/2016:09:58:01 -0300] "GET /cormun/static/PXToolsJavascripts/pexe_grid.js HTTP/1.1" 200 7559
186.78.37.203 - - [11/Mar/2016:09:58:01 -0300] "GET /cormun/static/PXToolsJavascripts/pexe_griddivfix.js HTTP/1.1" 200 6644
186.78.37.203 - - [11/Mar/2016:09:58:01 -0300] "GET /cormun/static/PXToolsJavascripts/pexe_link.js HTTP/1.1" 200 5671
186.78.37.203 - - [11/Mar/2016:09:58:01 -0300] "GET /cormun/static/PXToolsJavascripts/pexe_menudivfix.js HTTP/1.1" 200 333
186.78.37.203 - - [11/Mar/2016:09:58:01 -0300] "GET /cormun/static/PXToolsJavascripts/pexe_menus.js HTTP/1.1" 200 1286
186.78.37.203 - - [11/Mar/2016:09:58:01 -0300] "GET /cormun/static/PXToolsJavascripts/pexe_layers.js HTTP/1.1" 200 4114
186.78.37.203 - - [11/Mar/2016:09:58:01 -0300] "GET /cormun/static/Resources/Spanish/PXTools.css?10515224 HTTP/1.1" 200 89042
186.78.37.203 - - [11/Mar/2016:09:58:01 -0300] "GET /cormun/static/PXToolsJavascripts/pexe_oav.js HTTP/1.1" 200 645
186.78.37.203 - - [11/Mar/2016:09:58:01 -0300] "GET /cormun/static/PXToolsJavascripts/pexe_oavdivfix.js HTTP/1.1" 200 639
186.78.37.203 - - [11/Mar/2016:09:58:01 -0300] "GET /cormun/static/PXToolsJavascripts/pexe_picture.js HTTP/1.1" 200 689
186.78.37.203 - - [11/Mar/2016:09:58:01 -0300] "GET /cormun/static/PXToolsJavascripts/pexe_popup.js HTTP/1.1" 200 13458
186.78.37.203 - - [11/Mar/2016:09:58:01 -0300] "GET /cormun/static/PXToolsJavascripts/pexe_scrolldiv.js HTTP/1.1" 200 4138
186.78.37.203 - - [11/Mar/2016:09:58:01 -0300] "GET /cormun/static/PXToolsJavascripts/pexe_tabdivfix.js HTTP/1.1" 200 876
186.78.37.203 - - [11/Mar/2016:09:58:02 -0300] "GET /cormun/static/PXToolsJavascripts/pexe_tabs.js HTTP/1.1" 200 3748
186.78.37.203 - - [11/Mar/2016:09:58:02 -0300] "GET /cormun/static/PXToolsJavascripts/pexe_upload.js HTTP/1.1" 200 1423
186.78.37.203 - - [11/Mar/2016:09:58:02 -0300] "GET /cormun/static/PXToolsJavascripts/PXToolsJavascriptsRender.js HTTP/1.1" 200 367
186.78.37.203 - - [11/Mar/2016:09:58:02 -0300] "GET /cormun/static/Shared/ext/ext-all.js HTTP/1.1" 206 1
186.78.37.203 - - [11/Mar/2016:09:58:02 -0300] "GET /cormun/static/gxui/gxui-all.js HTTP/1.1" 206 1
186.78.37.203 - - [11/Mar/2016:09:58:02 -0300] "GET /cormun/static/Shared/ext/locale/ext-lang-en.js HTTP/1.1" 200 10940
186.78.37.203 - - [11/Mar/2016:09:58:02 -0300] "GET /cormun/static/hwchdr01.js?20162241650484 HTTP/1.1" 200 1183
186.78.37.203 - - [11/Mar/2016:09:58:02 -0300] "GET /cormun/static/hpexe_recentlink.js?2015111312121342 HTTP/1.1" 200 2144
186.78.37.203 - - [11/Mar/2016:09:58:02 -0300] "GET /cormun/static/hpexe_scripts.js?20151120014546 HTTP/1.1" 200 1544
186.78.37.203 - - [11/Mar/2016:09:58:02 -0300] "GET /cormun/static/hpexe_messagecontroller.js?2015112210524422 HTTP/1.1" 200 870
186.78.37.203 - - [11/Mar/2016:09:58:02 -0300] "GET /cormun/static/hpexe_messagepopupcomponent.js?20163219454551 HTTP/1.1" 200 605
186.78.37.203 - - [11/Mar/2016:09:58:02 -0300] "GET /cormun/static/hpexe_messagegenexuscomponent.js?20151120014314 HTTP/1.1" 200 587
186.78.37.203 - - [11/Mar/2016:09:58:02 -0300] "GET /cormun/static/cmcontrolpreferences.js?20151120014525 HTTP/1.1" 200 1375
186.78.37.203 - - [11/Mar/2016:09:58:02 -0300] "GET /cormun/static/Shared/jquery/jquery-1.4.2.min.js HTTP/1.1" 200 72174
186.78.37.203 - - [11/Mar/2016:09:58:02 -0300] "GET /cormun/static/SmoothNavMenu/resources/ddsmoothmenu.js HTTP/1.1" 200 12712
186.103.159.230 - - [11/Mar/2016:09:58:02 -0300] "POST /cormun/servlet/solicitudotadjuntos?8d1b2cf19fd05ebc29eb562064229d1e,INS,2016,817,,2, HTTP/1.1" 200 5300
186.78.37.203 - - [11/Mar/2016:09:58:02 -0300] "GET /cormun/static/hhome.js?2015112210564255 HTTP/1.1" 200 777
186.103.159.230 - - [11/Mar/2016:09:58:02 -0300] "GET /home/sistema/apache-tomcat-7.0.65/webapps/cormun/PrivateTempStorage/upload_00006541.pdf HTTP/1.1" 404 1135
186.103.159.230 - - [11/Mar/2016:09:58:02 -0300] "GET /home/sistema/apache-tomcat-7.0.65/webapps/cormun/PrivateTempStorage/upload_00006541.pdf HTTP/1.1" 404 1135
186.78.37.203 - - [11/Mar/2016:09:58:02 -0300] "GET /cormun/static/SmoothNavMenu/resources/SmoothNavMenuRender.js HTTP/1.1" 200 5951
186.78.37.203 - - [11/Mar/2016:09:58:02 -0300] "GET /cormun/static/scaMessage/js/jquery.pnotify.min.js HTTP/1.1" 200 13038
186.103.159.230 - - [11/Mar/2016:09:58:02 -0300] "GET /cormun/PrivateTempStorage/upload_00006541.pdf HTTP/1.1" 200 697308
186.78.37.203 - - [11/Mar/2016:09:58:03 -0300] "GET /cormun/static/scaMessage/scaMessageRender.js HTTP/1.1" 200 11977
186.78.37.203 - - [11/Mar/2016:09:58:03 -0300] "GET /cormun/static/hmpwkw03.js?2016311993330 HTTP/1.1" 200 3898
186.103.159.230 - - [11/Mar/2016:09:58:04 -0300] "GET /cormun/PrivateTempStorage/upload_00006541.pdf HTTP/1.1" 304 -
186.103.159.230 - - [11/Mar/2016:09:58:04 -0300] "GET /cormun/PrivateTempStorage/upload_00006541.pdf HTTP/1.1" 304 -
186.78.37.203 - - [11/Mar/2016:09:58:04 -0300] "GET /cormun/static/Shared/jqueryui/jquery-ui.min.js HTTP/1.1" 200 240427
186.78.37.203 - - [11/Mar/2016:09:58:04 -0300] "GET /cormun/static/Resources/PXToolsHeaderBackground2.png HTTP/1.1" 200 1174
186.78.37.203 - - [11/Mar/2016:09:58:04 -0300] "GET /cormun/static/Shared/jquery/jquery-1.10.2.min.js HTTP/1.1" 200 273199
186.78.37.203 - - [11/Mar/2016:09:58:05 -0300] "GET /cormun/static/Resources/PXToolsFooterBackground2.png HTTP/1.1" 200 1172
186.78.37.203 - - [11/Mar/2016:09:58:05 -0300] "GET /cormun/static/Resources/PXToolsDataTitle.png HTTP/1.1" 200 1173
186.78.37.203 - - [11/Mar/2016:09:58:05 -0300] "GET /cormun/static/Resources/PXToolsHeaderActionsBackground.png HTTP/1.1" 200 484
186.78.37.203 - - [11/Mar/2016:09:58:05 -0300] "GET /cormun/static/Resources/PXToolsHeaderSecurity.png HTTP/1.1" 200 4166
186.78.37.203 - - [11/Mar/2016:09:58:05 -0300] "GET /cormun/static/Resources/logo4.png HTTP/1.1" 200 6582
186.78.37.203 - - [11/Mar/2016:09:58:06 -0300] "GET /cormun/static/Resources/PXToolsHeaderHome.png HTTP/1.1" 200 4147
186.78.37.203 - - [11/Mar/2016:09:58:06 -0300] "GET /cormun/static/Resources/PXToolsHeaderLogin.png HTTP/1.1" 200 4279
186.78.37.203 - - [11/Mar/2016:09:58:06 -0300] "GET /cormun/static/Resources/PXToolsHeaderActionsRight.png HTTP/1.1" 200 1201
186.78.37.203 - - [11/Mar/2016:09:58:06 -0300] "GET /cormun/static/Resources/PXToolsHeaderActionsLeft.png HTTP/1.1" 200 1118
186.78.37.203 - - [11/Mar/2016:09:58:06 -0300] "GET /cormun/static/Resources/PXToolsHeaderPreferences.png HTTP/1.1" 200 4189
186.78.37.203 - - [11/Mar/2016:09:58:06 -0300] "GET /cormun/static/gxui/gxui-all.js HTTP/1.1" 206 60617
186.103.248.189 - - [11/Mar/2016:09:58:10 -0300] "GET /cormun/servlet/solicitudot?d1569fc545609a809b8375e495eb199937e040fa26038021236fd742e8acbbed1ddf5b2d8f0d809b2bf71681e46917fc704ecd671914ebb370cc79e0f65028cf7b592f9fd754fb74aeaaf337d7a0d9b03fee10b1cbdee86e94a2c3e1acf42b8de8f2809bd47aa366b4281ca968ff37eb4dbae63e20ebe17ec745b7d070febd433c8b585fc24a55c46cdac53d494f1ff47a77f9ece963ce15fe2969fa9bf1b94967426f5dc2a991046ec0a6c000985943,gx-no-cache=1457701118975 HTTP/1.1" 200 30
186.78.37.203 - - [11/Mar/2016:09:58:11 -0300] "GET /cormun/static/Shared/ext/ext-all.js HTTP/1.1" 206 1160134
186.78.37.203 - - [11/Mar/2016:09:58:12 -0300] "GET /cormun/servlet/hhome HTTP/1.1" 200 3470
186.78.37.203 - - [11/Mar/2016:09:58:12 -0300] "GET /cormun/static/SmoothNavMenu/resources/images/down.gif HTTP/1.1" 200 854
186.103.248.189 - - [11/Mar/2016:09:58:21 -0300] "POST /cormun/servlet/solicitudot?bba5c94d1edacdd681b80d0d1d7b320d,INS,0,0,,gx-no-cache=1457701129056 HTTP/1.1" 200 93
186.103.248.189 - - [11/Mar/2016:09:58:21 -0300] "GET /cormun/servlet/hpexe_return? HTTP/1.1" 200 1010
186.103.248.189 - - [11/Mar/2016:09:58:21 -0300] "GET /cormun/servlet/trsolicitudot HTTP/1.1" 200 8434
186.103.248.189 - - [11/Mar/2016:09:58:22 -0300] "GET /cormun/servlet/trsolicitudot HTTP/1.1" 200 8430
186.78.37.203 - - [11/Mar/2016:09:58:38 -0300] "GET /cormun/servlet/trautorizarsolicitud? HTTP/1.1" 200 6179
186.78.37.203 - - [11/Mar/2016:09:58:38 -0300] "GET /cormun/static/Shared/ext/resources/css/ext-all.css?215870 HTTP/1.1" 206 1
186.78.37.203 - - [11/Mar/2016:09:58:38 -0300] "GET /cormun/static/gxcfg.js?20163219504791 HTTP/1.1" 200 953
186.78.37.203 - - [11/Mar/2016:09:58:38 -0300] "GET /cormun/static/calendar.js?85251 HTTP/1.1" 206 1
186.78.37.203 - - [11/Mar/2016:09:58:38 -0300] "GET /cormun/static/Resources/PXTools/calendar.png HTTP/1.1" 200 1306
186.78.37.203 - - [11/Mar/2016:09:58:38 -0300] "GET /cormun/static/calendar.js?85251 HTTP/1.1" 206 1289
186.78.37.203 - - [11/Mar/2016:09:58:38 -0300] "GET /cormun/static/gxdec.js?85251 HTTP/1.1" 200 19579
186.78.37.203 - - [11/Mar/2016:09:58:39 -0300] "GET /cormun/static/Resources/PXToolsDataSearch.png HTTP/1.1" 200 419
186.78.37.203 - - [11/Mar/2016:09:58:39 -0300] "GET /cormun/static/trautorizarsolicitud.js?20163219505323 HTTP/1.1" 200 45302
186.78.37.203 - - [11/Mar/2016:09:58:39 -0300] "GET /cormun/static/Resources/PXToolsGridFirst.gif HTTP/1.1" 200 379
186.78.37.203 - - [11/Mar/2016:09:58:39 -0300] "GET /cormun/static/Resources/PXToolsGridPrevious.gif HTTP/1.1" 200 369
186.78.37.203 - - [11/Mar/2016:09:58:39 -0300] "GET /cormun/static/Resources/Spanish/PXTools.css?19444614 HTTP/1.1" 200 89042
186.78.37.203 - - [11/Mar/2016:09:58:39 -0300] "GET /cormun/static/Resources/PXToolsGridNext.gif HTTP/1.1" 200 369
186.78.37.203 - - [11/Mar/2016:09:58:39 -0300] "GET /cormun/static/Resources/PXToolsGridLast.gif HTTP/1.1" 200 370
186.78.37.203 - - [11/Mar/2016:09:58:39 -0300] "GET /cormun/static/Resources/PXToolsActionExcel.png HTTP/1.1" 200 3187
186.78.37.203 - - [11/Mar/2016:09:58:40 -0300] "GET /cormun/static/Shared/ext/resources/css/ext-all.css?215870 HTTP/1.1" 206 158076
186.78.37.203 - - [11/Mar/2016:09:58:41 -0300] "GET /cormun/static/Resources/asc.gif HTTP/1.1" 200 67
186.78.37.203 - - [11/Mar/2016:09:58:41 -0300] "GET /cormun/static/Resources/desc.gif HTTP/1.1" 200 65
186.78.37.203 - - [11/Mar/2016:09:58:41 -0300] "GET /cormun/servlet/trautorizarsolicitud? HTTP/1.1" 200 6179
186.78.37.203 - - [11/Mar/2016:09:58:41 -0300] "GET /cormun/static/Shared/ext/resources/themes/images/default/panel/bg-headersPanel.png HTTP/1.1" 200 255
186.78.37.203 - - [11/Mar/2016:09:58:41 -0300] "GET /cormun/static/Shared/ext/resources/themes/images/default/tools/tool-sprites.gif HTTP/1.1" 200 5434
186.103.159.230 - - [11/Mar/2016:09:58:43 -0300] "GET /cormun/servlet/solicitudotadjuntos?9bd76176bb7aa01b2d309eb77842f52b86330a908e36ce5e53e54b9fbd02025bdd5cf3550881f0ff0acf70c4869df596,gx-no-cache=1457701147822 HTTP/1.1" 200 30
186.103.159.230 - - [11/Mar/2016:09:58:43 -0300] "GET /cormun/servlet/solicitudotadjuntos?9bd76176bb7aa01b2d309eb77842f52b7e2bd56bb252f2018960a43251915423dd5cf3550881f0ff0acf70c4869df596,gx-no-cache=1457701147865 HTTP/1.1" 200 30
186.78.37.203 - - [11/Mar/2016:09:58:43 -0300] "GET /cormun/static/menuarrow.gif HTTP/1.1" 404 1015
186.103.159.230 - - [11/Mar/2016:09:58:44 -0300] "POST /cormun/servlet/solicitudotadjuntos?8d1b2cf19fd05ebc29eb562064229d1e,INS,2016,817,,2, HTTP/1.1" 200 5300
186.103.159.230 - - [11/Mar/2016:09:58:44 -0300] "GET /home/sistema/apache-tomcat-7.0.65/webapps/cormun/PrivateTempStorage/upload_00006553.pdf HTTP/1.1" 404 1135
186.103.159.230 - - [11/Mar/2016:09:58:44 -0300] "GET /cormun/PrivateTempStorage/upload_00006553.pdf HTTP/1.1" 200 697308
186.103.159.230 - - [11/Mar/2016:09:58:44 -0300] "GET /cormun/PrivateTempStorage/upload_00006553.pdf HTTP/1.1" 304 -
186.103.159.230 - - [11/Mar/2016:09:58:44 -0300] "GET /cormun/PrivateTempStorage/upload_00006553.pdf HTTP/1.1" 304 -
186.103.159.230 - - [11/Mar/2016:09:58:46 -0300] "POST /cormun/servlet/solicitudotadjuntos?8d1b2cf19fd05ebc29eb562064229d1e,INS,2016,817,,2, HTTP/1.1" 200 116
186.103.159.230 - - [11/Mar/2016:09:58:46 -0300] "GET /cormun/servlet/hpexe_return? HTTP/1.1" 200 1024
186.103.159.230 - - [11/Mar/2016:09:58:47 -0300] "GET /cormun/servlet/trsolicitudadjuntos?2016,817, HTTP/1.1" 200 7267
186.103.159.230 - - [11/Mar/2016:09:58:47 -0300] "GET /cormun/servlet/trsolicitudadjuntos?2016,817, HTTP/1.1" 200 7263
186.78.37.203 - - [11/Mar/2016:09:58:49 -0300] "POST /cormun/servlet/trautorizarsolicitud?bc0595683e59f2eb46475162ba2520bd,,gx-no-cache=1457701092293 HTTP/1.1" 200 3477
186.78.37.203 - - [11/Mar/2016:09:58:49 -0300] "POST /cormun/servlet/trautorizarsolicitud?bc0595683e59f2eb46475162ba2520bd,,gx-no-cache=1457701092645 HTTP/1.1" 200 3478
186.103.248.189 - - [11/Mar/2016:09:58:50 -0300] "GET /cormun/servlet/trautorizarsolicitud? HTTP/1.1" 200 6166
186.103.248.189 - - [11/Mar/2016:09:58:51 -0300] "GET /cormun/servlet/trautorizarsolicitud? HTTP/1.1" 200 6166
186.103.159.230 - - [11/Mar/2016:09:58:55 -0300] "GET /cormun/servlet/solicitudotadjuntos?INS,2016,817,,1, HTTP/1.1" 200 5469
186.103.159.230 - - [11/Mar/2016:09:58:55 -0300] "GET /cormun/static/about:blank HTTP/1.1" 404 1011
186.103.159.230 - - [11/Mar/2016:09:58:55 -0300] "GET /cormun/servlet/solicitudotadjuntos?INS,2016,817,,1, HTTP/1.1" 200 5463
186.103.159.230 - - [11/Mar/2016:09:58:56 -0300] "GET /cormun/servlet/solicitudotadjuntos?9bd76176bb7aa01b2d309eb77842f52bee179f6406bfbf24f2e8f310f5c6a34ddd5cf3550881f0ff0acf70c4869df596,gx-no-cache=1457701160634 HTTP/1.1" 200 30
186.103.159.230 - - [11/Mar/2016:09:58:56 -0300] "POST /cormun/servlet/solicitudotadjuntos?8d1b2cf19fd05ebc29eb562064229d1e,INS,2016,817,,1,,gx-no-cache=1457701160679 HTTP/1.1" 200 3377
186.103.248.189 - - [11/Mar/2016:09:58:59 -0300] "GET /cormun/servlet/trvisualizadoreventos? HTTP/1.1" 200 6266
186.103.248.189 - - [11/Mar/2016:09:59:00 -0300] "GET /cormun/servlet/trvisualizadoreventos? HTTP/1.1" 200 6266
186.78.37.203 - - [11/Mar/2016:09:59:00 -0300] "POST /cormun/servlet/trautorizarsolicitud?bc0595683e59f2eb46475162ba2520bd,,gx-no-cache=1457701103973 HTTP/1.1" 200 3483
186.78.37.203 - - [11/Mar/2016:09:59:01 -0300] "POST /cormun/servlet/trautorizarsolicitud?bc0595683e59f2eb46475162ba2520bd,,gx-no-cache=1457701104348 HTTP/1.1" 200 3483
186.103.248.189 - - [11/Mar/2016:09:59:03 -0300] "POST /cormun/servlet/trvisualizadoreventos?bba5c94d1edacdd681b80d0d1d7b320d,,gx-no-cache=1457701171129 HTTP/1.1" 200 3571
186.78.37.203 - - [11/Mar/2016:09:59:03 -0300] "POST /cormun/servlet/trautorizarsolicitud?bc0595683e59f2eb46475162ba2520bd,,gx-no-cache=1457701106315 HTTP/1.1" 200 5567
186.78.37.203 - - [11/Mar/2016:09:59:03 -0300] "GET /cormun//static/Resources/PXToolsActionView.png HTTP/1.1" 200 2995
186.78.37.203 - - [11/Mar/2016:09:59:03 -0300] "GET /cormun//static/Resources/PXToolsRemoveAllAction.png HTTP/1.1" 200 3558
186.78.37.203 - - [11/Mar/2016:09:59:03 -0300] "GET /cormun/servlet/trautorizarsolicitud?16ba36a21f25e09fc7a2b11f0d6ba25be3fd07bd756b91d53d6a8be9c596cf1a44fac0f87bd530de11fc9d1507e454c3d5f9ba55a05d98197b24a94647c8bca3c37eb9924ffb683f4a263cff413a1b7c85609637b0a43b0c1a0b90674d77f04b,gx-no-cache=1457701106829 HTTP/1.1" 200 2977
186.78.37.203 - - [11/Mar/2016:09:59:03 -0300] "GET /cormun//static/Resources/PXToolsGridDelete.png HTTP/1.1" 200 357
186.78.37.203 - - [11/Mar/2016:09:59:03 -0300] "GET /cormun//static/Resources/PXToolsGridUpdate.png HTTP/1.1" 200 2984
186.78.37.203 - - [11/Mar/2016:09:59:03 -0300] "GET /cormun//static/Resources/PXTools/ActionInsert.png HTTP/1.1" 200 1482
186.103.248.189 - - [11/Mar/2016:09:59:03 -0300] "POST /cormun/servlet/trvisualizadoreventos?bba5c94d1edacdd681b80d0d1d7b320d,,gx-no-cache=1457701171538 HTTP/1.1" 200 3571
186.103.248.189 - - [11/Mar/2016:09:59:03 -0300] "POST /cormun/servlet/trvisualizadoreventos?bba5c94d1edacdd681b80d0d1d7b320d,,gx-no-cache=1457701171878 HTTP/1.1" 200 3571
186.103.248.189 - - [11/Mar/2016:09:59:04 -0300] "POST /cormun/servlet/trvisualizadoreventos?bba5c94d1edacdd681b80d0d1d7b320d,,gx-no-cache=1457701172210 HTTP/1.1" 200 3571
186.103.248.189 - - [11/Mar/2016:09:59:08 -0300] "POST /cormun/servlet/trvisualizadoreventos?bba5c94d1edacdd681b80d0d1d7b320d,,gx-no-cache=1457701175995 HTTP/1.1" 200 3269
186.103.248.189 - - [11/Mar/2016:09:59:08 -0300] "GET /cormun/servlet/trvisualizadoreventos?7b4f947aabe0e012b7d44a887c5370a477da701abb381dfc95a388514aca7fcd5d7424e573c68fbb9f421c71cf1a6f2b139d0bb07377efc9c7fc77fd027db542a79834c76a2de9d28c56df3bdbbf887b0b9c6954c35d4f77bd310f21262c8d6c58c5920e23dd98321054e85008e90b9472f28183afd257772cad494d9b181066a1e16bf7bf5cbad3da64267b01b24de201eee43603f1187e62db53ddd99c114deb9333a0dd8f630072f2a25fc446621aee7182c0326b6b4a080ad3edfa3b68fe,gx-no-cache=1457701176409 HTTP/1.1" 200 567
186.103.248.189 - - [11/Mar/2016:09:59:14 -0300] "GET /cormun/servlet/trautorizarsolicitud? HTTP/1.1" 200 6166
186.103.248.189 - - [11/Mar/2016:09:59:14 -0300] "GET /cormun/servlet/trautorizarsolicitud? HTTP/1.1" 200 6166
186.78.37.203 - - [11/Mar/2016:09:59:17 -0300] "POST /cormun/servlet/trautorizarsolicitud?bc0595683e59f2eb46475162ba2520bd,,gx-no-cache=1457701120930 HTTP/1.1" 200 5565
186.78.37.203 - - [11/Mar/2016:09:59:18 -0300] "POST /cormun/servlet/trautorizarsolicitud?bc0595683e59f2eb46475162ba2520bd,,gx-no-cache=1457701121558 HTTP/1.1" 200 5566
186.78.37.203 - - [11/Mar/2016:09:59:19 -0300] "POST /cormun/servlet/trautorizarsolicitud?bc0595683e59f2eb46475162ba2520bd,,gx-no-cache=1457701122076 HTTP/1.1" 200 5565
186.78.37.203 - - [11/Mar/2016:09:59:19 -0300] "POST /cormun/servlet/trautorizarsolicitud?bc0595683e59f2eb46475162ba2520bd,,gx-no-cache=1457701122631 HTTP/1.1" 200 5565
186.103.248.189 - - [11/Mar/2016:09:59:21 -0300] "GET /cormun/servlet/hlogin HTTP/1.1" 200 1744
186.103.248.189 - - [11/Mar/2016:09:59:32 -0300] "POST /cormun/servlet/hlogin?bba5c94d1edacdd681b80d0d1d7b320d,gx-no-cache=1457701200772 HTTP/1.1" 200 90
186.78.37.203 - - [11/Mar/2016:09:59:32 -0300] "GET /cormun/servlet/treventos?2016,771, HTTP/1.1" 200 5211
186.103.248.189 - - [11/Mar/2016:09:59:32 -0300] "GET /cormun/servlet/hpexe_link HTTP/1.1" 200 952
186.78.37.203 - - [11/Mar/2016:09:59:32 -0300] "GET /cormun/static/gxcfg.js?2016311731661 HTTP/1.1" 200 953
186.103.248.189 - - [11/Mar/2016:09:59:32 -0300] "GET /cormun/servlet/hhome HTTP/1.1" 200 3458
186.78.37.203 - - [11/Mar/2016:09:59:32 -0300] "GET /cormun/static/treventos.js?2016311731865 HTTP/1.1" 200 14123
186.103.159.230 - - [11/Mar/2016:09:59:33 -0300] "POST /cormun/servlet/solicitudotadjuntos?gx-no-cache=1457701197494 HTTP/1.1" 200 26
186.78.37.203 - - [11/Mar/2016:09:59:33 -0300] "GET /cormun/static/Resources/Spanish/PXTools.css?171692 HTTP/1.1" 200 89042
186.103.248.189 - - [11/Mar/2016:09:59:33 -0300] "GET /cormun/servlet/hhome HTTP/1.1" 200 3456
186.78.37.203 - - [11/Mar/2016:09:59:33 -0300] "GET /cormun/servlet/treventos?2016,771, HTTP/1.1" 200 5211
186.78.37.203 - - [11/Mar/2016:09:59:34 -0300] "POST /cormun/servlet/acontrolpreferencessavestate?None,CKARLABS,true HTTP/1.1" 200 35
186.103.159.230 - - [11/Mar/2016:09:59:35 -0300] "GET /cormun/servlet/solicitudotadjuntos?9bd76176bb7aa01b2d309eb77842f52b3c85c77ab259002f9a92744d3fb5807a,gx-no-cache=1457701199853 HTTP/1.1" 200 30
186.103.159.230 - - [11/Mar/2016:09:59:35 -0300] "GET /cormun/servlet/solicitudotadjuntos?9bd76176bb7aa01b2d309eb77842f52b3c85c77ab259002f9a92744d3fb5807a,gx-no-cache=1457701199901 HTTP/1.1" 200 30
186.103.159.230 - - [11/Mar/2016:09:59:35 -0300] "POST /cormun/servlet/solicitudotadjuntos?8d1b2cf19fd05ebc29eb562064229d1e,INS,2016,817,,1,,gx-no-cache=1457701199937 HTTP/1.1" 200 93
186.103.159.230 - - [11/Mar/2016:09:59:35 -0300] "GET /cormun/servlet/hpexe_return? HTTP/1.1" 200 1024
186.103.159.230 - - [11/Mar/2016:09:59:35 -0300] "GET /cormun/servlet/trsolicitudadjuntos?2016,817, HTTP/1.1" 200 7415
186.103.159.230 - - [11/Mar/2016:09:59:36 -0300] "GET /cormun/servlet/trsolicitudadjuntos?2016,817, HTTP/1.1" 200 7411
186.78.37.203 - - [11/Mar/2016:09:59:38 -0300] "POST /cormun/servlet/treventos?bc0595683e59f2eb46475162ba2520bd,2016,771,,gx-no-cache=1457701141915 HTTP/1.1" 200 90
186.78.37.203 - - [11/Mar/2016:09:59:38 -0300] "GET /cormun/servlet/hpexe_link HTTP/1.1" 200 973
186.78.37.203 - - [11/Mar/2016:09:59:39 -0300] "GET /cormun/servlet/trautorizarsolicitud? HTTP/1.1" 200 8130
186.78.37.203 - - [11/Mar/2016:09:59:39 -0300] "GET /cormun/servlet/trautorizarsolicitud? HTTP/1.1" 200 8129
186.103.248.189 - - [11/Mar/2016:09:59:40 -0300] "GET /cormun/servlet/trvisualizadoreventos? HTTP/1.1" 200 5974
186.103.248.189 - - [11/Mar/2016:09:59:41 -0300] "GET /cormun/servlet/trvisualizadoreventos? HTTP/1.1" 200 5974
186.103.159.230 - - [11/Mar/2016:09:59:46 -0300] "GET /cormun/servlet/solicitudotadjuntos?INS,2016,817,,1, HTTP/1.1" 200 5469
186.103.159.230 - - [11/Mar/2016:09:59:46 -0300] "GET /cormun/static/about:blank HTTP/1.1" 404 1011
186.103.159.230 - - [11/Mar/2016:09:59:46 -0300] "GET /cormun/servlet/solicitudotadjuntos?INS,2016,817,,1, HTTP/1.1" 200 5463
186.103.159.230 - - [11/Mar/2016:09:59:47 -0300] "GET /cormun/servlet/solicitudotadjuntos?9bd76176bb7aa01b2d309eb77842f52bee179f6406bfbf24f2e8f310f5c6a34ddd5cf3550881f0ff0acf70c4869df596,gx-no-cache=1457701211628 HTTP/1.1" 200 30
186.103.159.230 - - [11/Mar/2016:09:59:47 -0300] "POST /cormun/servlet/solicitudotadjuntos?8d1b2cf19fd05ebc29eb562064229d1e,INS,2016,817,,1,,gx-no-cache=1457701211657 HTTP/1.1" 200 3377
186.103.159.230 - - [11/Mar/2016:09:59:50 -0300] "POST /cormun/servlet/solicitudotadjuntos?gx-no-cache=1457701215209 HTTP/1.1" 200 26
186.78.37.203 - - [11/Mar/2016:09:59:51 -0300] "POST /cormun/servlet/trautorizarsolicitud?bc0595683e59f2eb46475162ba2520bd,,gx-no-cache=1457701154865 HTTP/1.1" 200 5568
186.103.159.230 - - [11/Mar/2016:09:59:52 -0300] "GET /cormun/servlet/solicitudotadjuntos?9bd76176bb7aa01b2d309eb77842f52b3c85c77ab259002f9a92744d3fb5807a,gx-no-cache=1457701216647 HTTP/1.1" 200 30
186.103.159.230 - - [11/Mar/2016:09:59:52 -0300] "GET /cormun/servlet/solicitudotadjuntos?9bd76176bb7aa01b2d309eb77842f52b3c85c77ab259002f9a92744d3fb5807a,gx-no-cache=1457701216680 HTTP/1.1" 200 30
186.103.159.230 - - [11/Mar/2016:09:59:52 -0300] "POST /cormun/servlet/solicitudotadjuntos?8d1b2cf19fd05ebc29eb562064229d1e,INS,2016,817,,1,,gx-no-cache=1457701216724 HTTP/1.1" 200 93
186.78.37.203 - - [11/Mar/2016:09:59:52 -0300] "POST /cormun/servlet/trautorizarsolicitud?bc0595683e59f2eb46475162ba2520bd,,gx-no-cache=1457701155406 HTTP/1.1" 200 5567
186.103.159.230 - - [11/Mar/2016:09:59:52 -0300] "GET /cormun/servlet/hpexe_return? HTTP/1.1" 200 1024
186.103.159.230 - - [11/Mar/2016:09:59:52 -0300] "GET /cormun/servlet/trsolicitudadjuntos?2016,817, HTTP/1.1" 200 7510
186.78.37.203 - - [11/Mar/2016:09:59:53 -0300] "POST /cormun/servlet/trautorizarsolicitud?bc0595683e59f2eb46475162ba2520bd,,gx-no-cache=1457701155931 HTTP/1.1" 200 5567
186.103.159.230 - - [11/Mar/2016:09:59:53 -0300] "GET /cormun/servlet/trsolicitudadjuntos?2016,817, HTTP/1.1" 200 7508
186.78.37.203 - - [11/Mar/2016:09:59:53 -0300] "POST /cormun/servlet/trautorizarsolicitud?bc0595683e59f2eb46475162ba2520bd,,gx-no-cache=1457701156561 HTTP/1.1" 200 5568
186.78.37.203 - - [11/Mar/2016:09:59:54 -0300] "POST /cormun/servlet/trautorizarsolicitud?bc0595683e59f2eb46475162ba2520bd,,gx-no-cache=1457701157118 HTTP/1.1" 200 5567
186.78.37.203 - - [11/Mar/2016:09:59:54 -0300] "POST /cormun/servlet/trautorizarsolicitud?bc0595683e59f2eb46475162ba2520bd,,gx-no-cache=1457701157630 HTTP/1.1" 200 5568
186.78.37.203 - - [11/Mar/2016:09:59:55 -0300] "POST /cormun/servlet/trautorizarsolicitud?bc0595683e59f2eb46475162ba2520bd,,gx-no-cache=1457701158133 HTTP/1.1" 200 5568
186.78.37.203 - - [11/Mar/2016:09:59:55 -0300] "POST /cormun/servlet/trautorizarsolicitud?bc0595683e59f2eb46475162ba2520bd,,gx-no-cache=1457701158626 HTTP/1.1" 200 5580
186.78.37.203 - - [11/Mar/2016:09:59:55 -0300] "GET /cormun/static/Shared/jqueryui/images/ui-bg_highlight-soft_100_c6c2c8_1x100.png HTTP/1.1" 404 1117
186.78.37.203 - - [11/Mar/2016:09:59:55 -0300] "GET /cormun/static/Shared/jqueryui/images/ui-icons_82798d_256x240.png HTTP/1.1" 404 1089
186.78.37.203 - - [11/Mar/2016:09:59:55 -0300] "GET /cormun/static/Shared/jqueryui/images/ui-bg_flat_55_fafafa_40x100.png HTTP/1.1" 404 1097
186.78.37.203 - - [11/Mar/2016:09:59:55 -0300] "GET /cormun/static/Shared/jqueryui/images/ui-icons_8d78a5_256x240.png HTTP/1.1" 404 1089
186.103.159.230 - - [11/Mar/2016:09:59:57 -0300] "GET /cormun/servlet/solicitudotadjuntos?INS,2016,817,,1, HTTP/1.1" 200 5469
186.103.159.230 - - [11/Mar/2016:09:59:57 -0300] "GET /cormun/static/about:blank HTTP/1.1" 404 1011
186.103.159.230 - - [11/Mar/2016:09:59:57 -0300] "GET /cormun/servlet/solicitudotadjuntos?INS,2016,817,,1, HTTP/1.1" 200 5463
186.103.248.189 - - [11/Mar/2016:09:59:58 -0300] "POST /cormun/servlet/trvisualizadoreventos?bba5c94d1edacdd681b80d0d1d7b320d,,gx-no-cache=1457701226021 HTTP/1.1" 200 3241
186.103.159.230 - - [11/Mar/2016:09:59:58 -0300] "GET /cormun/servlet/solicitudotadjuntos?9bd76176bb7aa01b2d309eb77842f52bee179f6406bfbf24f2e8f310f5c6a34ddd5cf3550881f0ff0acf70c4869df596,gx-no-cache=1457701222759 HTTP/1.1" 200 30
186.103.248.189 - - [11/Mar/2016:09:59:58 -0300] "POST /cormun/servlet/trvisualizadoreventos?bba5c94d1edacdd681b80d0d1d7b320d,,gx-no-cache=1457701226332 HTTP/1.1" 200 3241
186.103.159.230 - - [11/Mar/2016:09:59:58 -0300] "POST /cormun/servlet/solicitudotadjuntos?8d1b2cf19fd05ebc29eb562064229d1e,INS,2016,817,,1,,gx-no-cache=1457701222792 HTTP/1.1" 200 3377
186.103.248.189 - - [11/Mar/2016:09:59:58 -0300] "POST /cormun/servlet/trvisualizadoreventos?bba5c94d1edacdd681b80d0d1d7b320d,,gx-no-cache=1457701226681 HTTP/1.1" 200 3241
186.103.248.189 - - [11/Mar/2016:09:59:59 -0300] "POST /cormun/servlet/trvisualizadoreventos?bba5c94d1edacdd681b80d0d1d7b320d,,gx-no-cache=1457701227009 HTTP/1.1" 200 3241
186.103.248.189 - - [11/Mar/2016:10:00:01 -0300] "POST /cormun/servlet/trvisualizadoreventos?bba5c94d1edacdd681b80d0d1d7b320d,,gx-no-cache=1457701229285 HTTP/1.1" 200 3547
186.103.248.189 - - [11/Mar/2016:10:00:01 -0300] "GET /cormun/servlet/trvisualizadoreventos?7b4f947aabe0e012b7d44a887c5370a44814d3603dfdc85090c89868e916dd4457b25da1012d2b063817373dde26de44139d0bb07377efc9c7fc77fd027db542a79834c76a2de9d28c56df3bdbbf887b0b9c6954c35d4f77bd310f21262c8d6c58c5920e23dd98321054e85008e90b9472f28183afd257772cad494d9b181066a1e16bf7bf5cbad3da64267b01b24de201eee43603f1187e62db53ddd99c114deb9333a0dd8f630072f2a25fc446621a4a218cc87735b7bce4a885200881dbef,gx-no-cache=1457701229694 HTTP/1.1" 200 908
186.103.159.230 - - [11/Mar/2016:10:00:01 -0300] "POST /cormun/servlet/solicitudotadjuntos?gx-no-cache=1457701226216 HTTP/1.1" 200 26
186.103.159.230 - - [11/Mar/2016:10:00:03 -0300] "GET /cormun/servlet/solicitudotadjuntos?9bd76176bb7aa01b2d309eb77842f52b3c85c77ab259002f9a92744d3fb5807a,gx-no-cache=1457701227481 HTTP/1.1" 200 30
186.103.159.230 - - [11/Mar/2016:10:00:03 -0300] "GET /cormun/servlet/solicitudotadjuntos?9bd76176bb7aa01b2d309eb77842f52b3c85c77ab259002f9a92744d3fb5807a,gx-no-cache=1457701227537 HTTP/1.1" 200 30
186.103.159.230 - - [11/Mar/2016:10:00:03 -0300] "POST /cormun/servlet/solicitudotadjuntos?8d1b2cf19fd05ebc29eb562064229d1e,INS,2016,817,,1,,gx-no-cache=1457701227581 HTTP/1.1" 200 93
186.103.159.230 - - [11/Mar/2016:10:00:03 -0300] "GET /cormun/servlet/hpexe_return? HTTP/1.1" 200 1024
186.103.159.230 - - [11/Mar/2016:10:00:03 -0300] "GET /cormun/servlet/trsolicitudadjuntos?2016,817, HTTP/1.1" 200 7622
186.103.159.230 - - [11/Mar/2016:10:00:03 -0300] "GET /cormun/servlet/trsolicitudadjuntos?2016,817, HTTP/1.1" 200 7621
186.78.37.203 - - [11/Mar/2016:10:00:06 -0300] "POST /cormun/servlet/trautorizarsolicitud?bc0595683e59f2eb46475162ba2520bd,,gx-no-cache=1457701169610 HTTP/1.1" 200 3485
186.78.37.203 - - [11/Mar/2016:10:00:06 -0300] "GET /cormun/servlet/trautorizarsolicitud?16ba36a21f25e09fc7a2b11f0d6ba25b358b83e301b3798eaa00634192f58246dc087d5b8b1c7fd36c6732f9955f2410d5f9ba55a05d98197b24a94647c8bca3b327ae789a6aa3d0c622ba55ece178858d4774ae84200398c2fd8a072bfe5ee26fcba433e0ecfcdd7644a35ecbbb1082,gx-no-cache=1457701170027 HTTP/1.1" 200 771
186.103.248.189 - - [11/Mar/2016:10:00:07 -0300] "GET /cormun/servlet/trvisualizadoreventos?7b4f947aabe0e012b7d44a887c5370a4051af2d068aa844896c2116ffb9d3b5c5d7424e573c68fbb9f421c71cf1a6f2b139d0bb07377efc9c7fc77fd027db542a79834c76a2de9d28c56df3bdbbf887b0b9c6954c35d4f77bd310f21262c8d6c58c5920e23dd98321054e85008e90b9472f28183afd257772cad494d9b181066a1e16bf7bf5cbad3da64267b01b24de201eee43603f1187e62db53ddd99c114deb9333a0dd8f630072f2a25fc446621aee7182c0326b6b4a080ad3edfa3b68fe,gx-no-cache=1457701235448 HTTP/1.1" 200 907
186.103.248.189 - - [11/Mar/2016:10:00:07 -0300] "POST /cormun/servlet/trvisualizadoreventos?bba5c94d1edacdd681b80d0d1d7b320d,,gx-no-cache=1457701235041 HTTP/1.1" 200 3243
186.103.159.230 - - [11/Mar/2016:10:00:09 -0300] "GET /cormun/servlet/solicitudotadjuntos?INS,2016,817,,1, HTTP/1.1" 200 5469
186.103.159.230 - - [11/Mar/2016:10:00:09 -0300] "GET /cormun/static/about:blank HTTP/1.1" 404 1011
186.103.159.230 - - [11/Mar/2016:10:00:10 -0300] "GET /cormun/servlet/solicitudotadjuntos?INS,2016,817,,1, HTTP/1.1" 200 5463
186.103.248.189 - - [11/Mar/2016:10:00:10 -0300] "POST /cormun/servlet/trvisualizadoreventos?bba5c94d1edacdd681b80d0d1d7b320d,,gx-no-cache=1457701238424 HTTP/1.1" 200 3535
186.103.159.230 - - [11/Mar/2016:10:00:10 -0300] "GET /cormun/servlet/solicitudotadjuntos?9bd76176bb7aa01b2d309eb77842f52bee179f6406bfbf24f2e8f310f5c6a34ddd5cf3550881f0ff0acf70c4869df596,gx-no-cache=1457701234986 HTTP/1.1" 200 30
186.103.159.230 - - [11/Mar/2016:10:00:10 -0300] "POST /cormun/servlet/solicitudotadjuntos?8d1b2cf19fd05ebc29eb562064229d1e,INS,2016,817,,1,,gx-no-cache=1457701235024 HTTP/1.1" 200 3377
186.103.248.189 - - [11/Mar/2016:10:00:10 -0300] "GET /cormun/servlet/trvisualizadoreventos?7b4f947aabe0e012b7d44a887c5370a44457fdfd745b41190fdfc85164f7127e57b25da1012d2b063817373dde26de44139d0bb07377efc9c7fc77fd027db542a79834c76a2de9d28c56df3bdbbf887b0b9c6954c35d4f77bd310f21262c8d6c58c5920e23dd98321054e85008e90b9472f28183afd257772cad494d9b181066a1e16bf7bf5cbad3da64267b01b24de201eee43603f1187e62db53ddd99c114deb9333a0dd8f630072f2a25fc446621a4a218cc87735b7bce4a885200881dbef,gx-no-cache=1457701238828 HTTP/1.1" 200 900
186.78.37.203 - - [11/Mar/2016:10:00:12 -0300] "POST /cormun/servlet/trautorizarsolicitud?bc0595683e59f2eb46475162ba2520bd,,gx-no-cache=1457701176062 HTTP/1.1" 200 90
186.78.37.203 - - [11/Mar/2016:10:00:12 -0300] "GET /cormun/servlet/hpexe_link HTTP/1.1" 200 965
186.78.37.203 - - [11/Mar/2016:10:00:13 -0300] "GET /cormun/servlet/hhome HTTP/1.1" 200 3475
186.78.37.203 - - [11/Mar/2016:10:00:13 -0300] "GET /cormun/servlet/hhome HTTP/1.1" 200 3471
186.103.248.189 - - [11/Mar/2016:10:00:15 -0300] "POST /cormun/servlet/trvisualizadoreventos?bba5c94d1edacdd681b80d0d1d7b320d,,gx-no-cache=1457701243628 HTTP/1.1" 200 3243
186.103.248.189 - - [11/Mar/2016:10:00:15 -0300] "GET /cormun/servlet/trvisualizadoreventos?7b4f947aabe0e012b7d44a887c5370a4db9d04e90428e886d15558cc2b7d0f275d7424e573c68fbb9f421c71cf1a6f2b139d0bb07377efc9c7fc77fd027db542a79834c76a2de9d28c56df3bdbbf887b0b9c6954c35d4f77bd310f21262c8d6c58c5920e23dd98321054e85008e90b9472f28183afd257772cad494d9b181066a1e16bf7bf5cbad3da64267b01b24de201eee43603f1187e62db53ddd99c114deb9333a0dd8f630072f2a25fc446621a84e3d90f29143b7926ba698f936cb915,gx-no-cache=1457701244031 HTTP/1.1" 200 570
186.103.159.230 - - [11/Mar/2016:10:00:16 -0300] "POST /cormun/servlet/solicitudotadjuntos?gx-no-cache=1457701240475 HTTP/1.1" 200 26
186.78.37.203 - - [11/Mar/2016:10:00:17 -0300] "GET /cormun/servlet/trvisualizadoreventos? HTTP/1.1" 200 5992
186.78.37.203 - - [11/Mar/2016:10:00:17 -0300] "GET /cormun/static/Resources/PXToolsActionPrint.png HTTP/1.1" 200 3317
186.103.159.230 - - [11/Mar/2016:10:00:17 -0300] "GET /cormun/servlet/solicitudotadjuntos?9bd76176bb7aa01b2d309eb77842f52b3c85c77ab259002f9a92744d3fb5807a,gx-no-cache=1457701241866 HTTP/1.1" 200 30
186.103.159.230 - - [11/Mar/2016:10:00:17 -0300] "GET /cormun/servlet/solicitudotadjuntos?9bd76176bb7aa01b2d309eb77842f52b3c85c77ab259002f9a92744d3fb5807a,gx-no-cache=1457701241899 HTTP/1.1" 200 30
186.103.159.230 - - [11/Mar/2016:10:00:17 -0300] "POST /cormun/servlet/solicitudotadjuntos?8d1b2cf19fd05ebc29eb562064229d1e,INS,2016,817,,1,,gx-no-cache=1457701241924 HTTP/1.1" 200 93
186.103.159.230 - - [11/Mar/2016:10:00:17 -0300] "GET /cormun/servlet/hpexe_return? HTTP/1.1" 200 1024
186.78.37.203 - - [11/Mar/2016:10:00:17 -0300] "GET /cormun/static/trvisualizadoreventos.js?2016251828276 HTTP/1.1" 200 19096
186.103.159.230 - - [11/Mar/2016:10:00:17 -0300] "GET /cormun/servlet/trsolicitudadjuntos?2016,817, HTTP/1.1" 200 7709
186.78.37.203 - - [11/Mar/2016:10:00:17 -0300] "GET /cormun/servlet/trvisualizadoreventos? HTTP/1.1" 200 5991
186.103.159.230 - - [11/Mar/2016:10:00:18 -0300] "GET /cormun/servlet/trsolicitudadjuntos?2016,817, HTTP/1.1" 200 7706
186.103.248.189 - - [11/Mar/2016:10:00:18 -0300] "POST /cormun/servlet/trvisualizadoreventos?bba5c94d1edacdd681b80d0d1d7b320d,,gx-no-cache=1457701246208 HTTP/1.1" 200 3241
186.103.248.189 - - [11/Mar/2016:10:00:18 -0300] "GET /cormun/servlet/trvisualizadoreventos?7b4f947aabe0e012b7d44a887c5370a477da701abb381dfc95a388514aca7fcd57b25da1012d2b063817373dde26de44139d0bb07377efc9c7fc77fd027db542a79834c76a2de9d28c56df3bdbbf887b0b9c6954c35d4f77bd310f21262c8d6c58c5920e23dd98321054e85008e90b9472f28183afd257772cad494d9b181066a1e16bf7bf5cbad3da64267b01b24de201eee43603f1187e62db53ddd99c114deb9333a0dd8f630072f2a25fc446621a84e3d90f29143b7926ba698f936cb915,gx-no-cache=1457701246616 HTTP/1.1" 200 567
186.103.248.189 - - [11/Mar/2016:10:00:21 -0300] "GET /cormun/servlet/trvisualizadoreventos? HTTP/1.1" 200 5974
186.78.37.203 - - [11/Mar/2016:10:00:22 -0300] "GET /cormun/servlet/trvisualizadoreventos?16ba36a21f25e09fc7a2b11f0d6ba25b5a6ee54caf67efaebcc03b9c44e21a2f67c548cd9bd974f0e022e8cd572805548ebe95c256768f52f0c5d2c04dbcd04dca0c2e4d7b1815eda8ccc2a1b297169b9d9df958c23c21e9f078888d4ad19221504a1305d8b4ebcb13b5be1845057905e20dceeb98de93a30abe40b8b329886170c0ce00a54ff06b63058ed4d72a3149c47463a33cf5b3a196f94c3f5056fb2f9080de00bb3cdb830ae9c46b214087dda3fdc01d36f38e2c58881c73267b7a70,gx-no-cache=1457701185530 HTTP/1.1" 200 568
186.103.248.189 - - [11/Mar/2016:10:00:22 -0300] "GET /cormun/servlet/trvisualizadoreventos? HTTP/1.1" 200 5974
186.78.37.203 - - [11/Mar/2016:10:00:23 -0300] "POST /cormun/servlet/trvisualizadoreventos?bc0595683e59f2eb46475162ba2520bd,,gx-no-cache=1457701186827 HTTP/1.1" 200 3397
186.78.37.203 - - [11/Mar/2016:10:00:24 -0300] "POST /cormun/servlet/trvisualizadoreventos?bc0595683e59f2eb46475162ba2520bd,,gx-no-cache=1457701187172 HTTP/1.1" 200 3397
186.103.248.189 - - [11/Mar/2016:10:00:25 -0300] "GET /cormun/servlet/hlogin HTTP/1.1" 200 1744
186.78.37.203 - - [11/Mar/2016:10:00:28 -0300] "GET /cormun/servlet/trvisualizadoreventos?16ba36a21f25e09fc7a2b11f0d6ba25b5a6ee54caf67efaebcc03b9c44e21a2f67c548cd9bd974f0e022e8cd572805548ebe95c256768f52f0c5d2c04dbcd04dca0c2e4d7b1815eda8ccc2a1b297169b9d9df958c23c21e9f078888d4ad19221504a1305d8b4ebcb13b5be1845057905e20dceeb98de93a30abe40b8b329886170c0ce00a54ff06b63058ed4d72a3149c47463a33cf5b3a196f94c3f5056fb2f4f6ca8903a2c36a4eda95b54d07033cda3fdc01d36f38e2c58881c73267b7a70,gx-no-cache=1457701191581 HTTP/1.1" 200 570
186.78.37.203 - - [11/Mar/2016:10:00:29 -0300] "POST /cormun/servlet/trvisualizadoreventos?bc0595683e59f2eb46475162ba2520bd,,gx-no-cache=1457701192634 HTTP/1.1" 200 3404
186.78.37.203 - - [11/Mar/2016:10:00:29 -0300] "POST /cormun/servlet/trvisualizadoreventos?bc0595683e59f2eb46475162ba2520bd,,gx-no-cache=1457701193004 HTTP/1.1" 200 3404
186.103.159.230 - - [11/Mar/2016:10:00:30 -0300] "GET /cormun/servlet/solicitudotadjuntos?INS,2016,817,,1, HTTP/1.1" 200 5469
186.103.159.230 - - [11/Mar/2016:10:00:30 -0300] "GET /cormun/static/about:blank HTTP/1.1" 404 1011
186.103.159.230 - - [11/Mar/2016:10:00:30 -0300] "GET /cormun/servlet/solicitudotadjuntos?INS,2016,817,,1, HTTP/1.1" 200 5463
186.103.159.230 - - [11/Mar/2016:10:00:31 -0300] "GET /cormun/servlet/solicitudotadjuntos?9bd76176bb7aa01b2d309eb77842f52bee179f6406bfbf24f2e8f310f5c6a34ddd5cf3550881f0ff0acf70c4869df596,gx-no-cache=1457701255620 HTTP/1.1" 200 30
