186.78.63.212 - - [11/Mar/2016:09:03:02 -0300] "POST /cormun/servlet/trvisualizadoreventos?b15c5aa756eb17a89f80824731aa06ca,,gx-no-cache=1457697812790 HTTP/1.1" 200 3390
186.103.159.46 - - [11/Mar/2016:09:03:02 -0300] "GET /cormun/static/cmcontrolpreferences.js?20151120014525 HTTP/1.1" 304 -
186.103.159.46 - - [11/Mar/2016:09:03:02 -0300] "GET /cormun/static/hmpwkw03.js?2016311993330 HTTP/1.1" 304 -
186.78.63.212 - - [11/Mar/2016:09:03:02 -0300] "POST /cormun/servlet/trvisualizadoreventos?b15c5aa756eb17a89f80824731aa06ca,,gx-no-cache=1457697813212 HTTP/1.1" 200 3390
186.78.63.212 - - [11/Mar/2016:09:03:04 -0300] "POST /cormun/servlet/trvisualizadoreventos?b15c5aa756eb17a89f80824731aa06ca,,gx-no-cache=1457697815310 HTTP/1.1" 200 3387
186.103.159.46 - - [11/Mar/2016:09:03:04 -0300] "GET /cormun/servlet/hhome HTTP/1.1" 200 3234
186.78.63.212 - - [11/Mar/2016:09:03:05 -0300] "GET /cormun/servlet/trvisualizadoreventos?7e43872c5d29030306cd367cd00a80a37e637ff89574dac52bdca148db85ba5c991f31d81219c201cfa8c704866ca1b2c2f120d1bf6d86b926e745cde75627d416b0d8e8192c03c4d37649036eb10b47a45e2cc2337f1d1739d7d523e4d8a67fc7b2ee7053ce2ecc14774182f944ff931714915b311bb708436daeb562d08ca8a30d307967f0727963cd65a6639021b9c766f4ccfd07d216f2e4acf420c916e87aa9d8beb069254d7e19af305cf552788ceca330a6cbe2db5eb4499192eaa5a3,gx-no-cache=1457697815785 HTTP/1.1" 200 563
186.103.159.46 - - [11/Mar/2016:09:03:05 -0300] "GET /cormun/servlet/hlogin HTTP/1.1" 200 1726
186.103.159.46 - - [11/Mar/2016:09:03:05 -0300] "GET /cormun/static/gxcfg.js?20151120045111 HTTP/1.1" 200 953
186.103.159.46 - - [11/Mar/2016:09:03:05 -0300] "GET /cormun/static/hlogin.js?20151120045126 HTTP/1.1" 304 -
186.103.159.46 - - [11/Mar/2016:09:03:06 -0300] "GET /cormun/static/Resources/Spanish/PXTools.css?005343 HTTP/1.1" 200 89042
186.103.159.46 - - [11/Mar/2016:09:03:06 -0300] "GET /cormun/static/Resources/ComunLogin.png HTTP/1.1" 200 17326
186.103.159.46 - - [11/Mar/2016:09:03:06 -0300] "GET /cormun/static/Resources/PXToolsLoginTop.png HTTP/1.1" 200 1337
186.103.159.46 - - [11/Mar/2016:09:03:07 -0300] "GET /cormun/static/Resources/PXToolsLoginBackground.png HTTP/1.1" 200 1164
186.103.159.46 - - [11/Mar/2016:09:03:07 -0300] "GET /cormun/static/Resources/PXToolsButtonLeft21.png HTTP/1.1" 200 1287
186.103.159.46 - - [11/Mar/2016:09:03:07 -0300] "GET /cormun/static/Resources/PXToolsButtonRight21.png HTTP/1.1" 200 1283
186.103.159.46 - - [11/Mar/2016:09:03:07 -0300] "GET /cormun/static/Resources/PXToolsButtonBackground2.png HTTP/1.1" 200 1181
186.103.159.46 - - [11/Mar/2016:09:03:07 -0300] "GET /cormun/static/Resources/PXToolsLoginBottom.png HTTP/1.1" 200 1389
186.78.63.212 - - [11/Mar/2016:09:03:14 -0300] "GET /cormun/servlet/trvisualizadoreventos?7e43872c5d29030306cd367cd00a80a371722f0f567387fc97fd5e323c978c3f43991eb40f562735b139bd3e47742813cfa66de94a0822686e34de8ddee2a751f606d3a960033fc7a833f9fbb3ca5e5c3ae3c4c1eef9dc5b2c0e1abb21c77ca37be7c37ac1984f9d714e3ca8ae497f6b43f73beee54ce93788f08d531c4a9b67ce91ffa4804026f25377add1f073c8602e174e9013a767b34e9c87669b0aa6cc08329c6e86fa855abd07476766c633ff3bd9a15648ea20018651f5258b4670fe,gx-no-cache=1457697824875 HTTP/1.1" 200 565
186.78.63.212 - - [11/Mar/2016:09:03:14 -0300] "POST /cormun/servlet/trvisualizadoreventos?b15c5aa756eb17a89f80824731aa06ca,,gx-no-cache=1457697825107 HTTP/1.1" 200 3393
186.78.63.212 - - [11/Mar/2016:09:03:59 -0300] "GET /cormun/servlet/trsolicitudot? HTTP/1.1" 200 6233
186.78.63.212 - - [11/Mar/2016:09:04:01 -0300] "GET /cormun/servlet/trsolicitudot? HTTP/1.1" 200 6233
186.78.63.212 - - [11/Mar/2016:09:04:08 -0300] "POST /cormun/servlet/trsolicitudot?b15c5aa756eb17a89f80824731aa06ca,,gx-no-cache=1457697878667 HTTP/1.1" 200 5268
186.78.63.212 - - [11/Mar/2016:09:04:08 -0300] "POST /cormun/servlet/trsolicitudot?b15c5aa756eb17a89f80824731aa06ca,,gx-no-cache=1457697879210 HTTP/1.1" 200 5268
186.103.159.44 - - [11/Mar/2016:09:04:13 -0300] "GET /cormun/servlet/hlogin HTTP/1.1" 200 1709
186.78.63.212 - - [11/Mar/2016:09:04:13 -0300] "POST /cormun/servlet/trsolicitudot?b15c5aa756eb17a89f80824731aa06ca,,gx-no-cache=1457697883435 HTTP/1.1" 200 5269
186.103.159.44 - - [11/Mar/2016:09:04:13 -0300] "GET /cormun/static/Resources/Spanish/PXTools.css?005343 HTTP/1.1" 304 -
186.103.159.44 - - [11/Mar/2016:09:04:13 -0300] "GET /cormun/static/messages.spa.js?85251 HTTP/1.1" 304 -
186.103.159.44 - - [11/Mar/2016:09:04:13 -0300] "GET /cormun/static/gxgral.js?85251 HTTP/1.1" 304 -
186.103.159.44 - - [11/Mar/2016:09:04:14 -0300] "GET /cormun/static/gxtimezone.js?85251 HTTP/1.1" 304 -
186.103.159.44 - - [11/Mar/2016:09:04:16 -0300] "GET /cormun/static/gxcfg.js?20151120045111 HTTP/1.1" 304 -
186.103.159.44 - - [11/Mar/2016:09:04:16 -0300] "GET /cormun/static/Resources/ComunLogin.png HTTP/1.1" 304 -
186.103.159.44 - - [11/Mar/2016:09:04:16 -0300] "GET /cormun/static/Resources/PXToolsLoginTop.png HTTP/1.1" 304 -
186.103.159.44 - - [11/Mar/2016:09:04:16 -0300] "GET /cormun/static/Resources/PXToolsLoginBackground.png HTTP/1.1" 304 -
186.103.159.44 - - [11/Mar/2016:09:04:16 -0300] "GET /cormun/static/Resources/PXToolsButtonLeft21.png HTTP/1.1" 304 -
186.103.159.44 - - [11/Mar/2016:09:04:16 -0300] "GET /cormun/static/Resources/PXToolsButtonRight21.png HTTP/1.1" 304 -
186.103.159.44 - - [11/Mar/2016:09:04:16 -0300] "GET /cormun/static/Resources/PXToolsButtonBackground2.png HTTP/1.1" 304 -
186.103.159.44 - - [11/Mar/2016:09:04:16 -0300] "GET /cormun/static/Resources/PXToolsLoginBottom.png HTTP/1.1" 304 -
186.103.159.44 - - [11/Mar/2016:09:04:17 -0300] "GET /cormun/static/hlogin.js?20151120045126 HTTP/1.1" 304 -
186.103.159.44 - - [11/Mar/2016:09:04:17 -0300] "GET /cormun/static/Resources/indicator.gif HTTP/1.1" 304 -
186.103.159.44 - - [11/Mar/2016:09:04:22 -0300] "GET /cormun/servlet/hlogin HTTP/1.1" 200 1709
186.103.159.44 - - [11/Mar/2016:09:04:22 -0300] "GET /cormun/static/Resources/Spanish/PXTools.css?005343 HTTP/1.1" 304 -
186.103.159.44 - - [11/Mar/2016:09:04:22 -0300] "GET /cormun/static/gxgral.js?85251 HTTP/1.1" 304 -
186.103.159.44 - - [11/Mar/2016:09:04:22 -0300] "GET /cormun/static/gxcfg.js?20151120045111 HTTP/1.1" 304 -
186.103.159.44 - - [11/Mar/2016:09:04:22 -0300] "GET /cormun/static/messages.spa.js?85251 HTTP/1.1" 304 -
186.103.159.44 - - [11/Mar/2016:09:04:22 -0300] "GET /cormun/static/Resources/ComunLogin.png HTTP/1.1" 304 -
186.103.159.44 - - [11/Mar/2016:09:04:22 -0300] "GET /cormun/static/gxtimezone.js?85251 HTTP/1.1" 304 -
186.103.159.44 - - [11/Mar/2016:09:04:22 -0300] "GET /cormun/static/hlogin.js?20151120045126 HTTP/1.1" 304 -
186.103.159.44 - - [11/Mar/2016:09:04:22 -0300] "GET /cormun/static/Resources/PXToolsLoginBottom.png HTTP/1.1" 304 -
186.103.159.44 - - [11/Mar/2016:09:04:22 -0300] "GET /cormun/static/Resources/PXToolsButtonRight21.png HTTP/1.1" 304 -
186.103.159.44 - - [11/Mar/2016:09:04:22 -0300] "GET /cormun/static/Resources/PXToolsButtonLeft21.png HTTP/1.1" 304 -
186.103.159.44 - - [11/Mar/2016:09:04:22 -0300] "GET /cormun/static/Resources/PXToolsLoginBackground.png HTTP/1.1" 304 -
186.103.159.44 - - [11/Mar/2016:09:04:22 -0300] "GET /cormun/static/Resources/PXToolsLoginTop.png HTTP/1.1" 304 -
186.103.159.44 - - [11/Mar/2016:09:04:22 -0300] "GET /cormun/static/Resources/indicator.gif HTTP/1.1" 304 -
186.103.159.44 - - [11/Mar/2016:09:04:23 -0300] "GET /cormun/static/Resources/PXToolsButtonBackground2.png HTTP/1.1" 304 -
186.78.63.212 - - [11/Mar/2016:09:04:35 -0300] "POST /cormun/servlet/trsolicitudot?b15c5aa756eb17a89f80824731aa06ca,,gx-no-cache=1457697905426 HTTP/1.1" 200 3506
186.78.63.212 - - [11/Mar/2016:09:04:36 -0300] "POST /cormun/servlet/trsolicitudot?b15c5aa756eb17a89f80824731aa06ca,,gx-no-cache=1457697907109 HTTP/1.1" 200 3506
186.78.63.212 - - [11/Mar/2016:09:04:37 -0300] "POST /cormun/servlet/trsolicitudot?b15c5aa756eb17a89f80824731aa06ca,,gx-no-cache=1457697907688 HTTP/1.1" 200 3507
186.78.63.212 - - [11/Mar/2016:09:04:37 -0300] "POST /cormun/servlet/trsolicitudot?b15c5aa756eb17a89f80824731aa06ca,,gx-no-cache=1457697908215 HTTP/1.1" 200 3506
186.78.63.212 - - [11/Mar/2016:09:04:38 -0300] "POST /cormun/servlet/trsolicitudot?b15c5aa756eb17a89f80824731aa06ca,,gx-no-cache=1457697909008 HTTP/1.1" 200 3506
186.78.63.212 - - [11/Mar/2016:09:04:39 -0300] "POST /cormun/servlet/trsolicitudot?b15c5aa756eb17a89f80824731aa06ca,,gx-no-cache=1457697909916 HTTP/1.1" 200 100
186.78.63.212 - - [11/Mar/2016:09:04:39 -0300] "GET /cormun/servlet/trsolicitudadjuntos?0,0, HTTP/1.1" 200 5353
186.78.63.212 - - [11/Mar/2016:09:04:41 -0300] "GET /cormun/servlet/trsolicitudadjuntos?0,0, HTTP/1.1" 200 5353
186.103.159.44 - - [11/Mar/2016:09:04:42 -0300] "POST /cormun/servlet/hlogin?b7c37e887193b5b8379ae3e6b1fa5b3e,gx-no-cache=1457697875303 HTTP/1.1" 200 418
186.78.63.212 - - [11/Mar/2016:09:04:50 -0300] "GET /cormun/servlet/trsolicitudot? HTTP/1.1" 200 6240
186.103.159.44 - - [11/Mar/2016:09:04:52 -0300] "POST /cormun/servlet/hlogin?b7c37e887193b5b8379ae3e6b1fa5b3e,gx-no-cache=1457697885058 HTTP/1.1" 200 90
186.78.63.212 - - [11/Mar/2016:09:04:52 -0300] "GET /cormun/servlet/trsolicitudot? HTTP/1.1" 200 6233
186.103.159.44 - - [11/Mar/2016:09:04:52 -0300] "GET /cormun/servlet/hpexe_link HTTP/1.1" 200 943
186.103.159.44 - - [11/Mar/2016:09:04:53 -0300] "GET /cormun/servlet/hhome HTTP/1.1" 200 3446
186.103.159.44 - - [11/Mar/2016:09:04:56 -0300] "GET /cormun/servlet/trsolicitudot? HTTP/1.1" 200 7829
186.103.248.189 - - [11/Mar/2016:09:04:58 -0300] "GET /cormun/servlet/hlogin HTTP/1.1" 200 1727
186.103.248.189 - - [11/Mar/2016:09:04:58 -0300] "GET /cormun/static/gxtimezone.js?85251 HTTP/1.1" 200 5781
186.103.248.189 - - [11/Mar/2016:09:04:58 -0300] "GET /cormun/static/hlogin.js?20151120045126 HTTP/1.1" 200 2136
186.103.248.189 - - [11/Mar/2016:09:04:58 -0300] "GET /cormun/static/gxcfg.js?20151120045111 HTTP/1.1" 200 953
186.103.248.189 - - [11/Mar/2016:09:04:58 -0300] "GET /cormun/static/messages.spa.js?85251 HTTP/1.1" 200 30736
186.103.248.189 - - [11/Mar/2016:09:04:58 -0300] "GET /cormun/static/Resources/Spanish/PXTools.css?005343 HTTP/1.1" 200 89042
186.103.248.189 - - [11/Mar/2016:09:04:58 -0300] "GET /cormun/static/Resources/ComunLogin.png HTTP/1.1" 200 17326
186.103.248.189 - - [11/Mar/2016:09:04:58 -0300] "GET /cormun/static/gxgral.js?85251 HTTP/1.1" 200 384558
186.103.248.189 - - [11/Mar/2016:09:04:59 -0300] "GET /cormun/static/Resources/PXToolsLoginBackground.png HTTP/1.1" 200 1164
186.103.248.189 - - [11/Mar/2016:09:04:59 -0300] "GET /cormun/static/Resources/PXToolsLoginTop.png HTTP/1.1" 200 1337
186.103.248.189 - - [11/Mar/2016:09:04:59 -0300] "GET /cormun/static/Resources/PXToolsButtonLeft21.png HTTP/1.1" 200 1287
186.103.248.189 - - [11/Mar/2016:09:04:59 -0300] "GET /cormun/static/Resources/PXToolsButtonRight21.png HTTP/1.1" 200 1283
186.103.248.189 - - [11/Mar/2016:09:04:59 -0300] "GET /cormun/static/Resources/PXToolsButtonBackground2.png HTTP/1.1" 200 1181
186.103.248.189 - - [11/Mar/2016:09:04:59 -0300] "GET /cormun/static/Resources/PXToolsLoginBottom.png HTTP/1.1" 200 1389
186.103.248.189 - - [11/Mar/2016:09:04:59 -0300] "GET /cormun/static/Resources/indicator.gif HTTP/1.1" 200 1553
186.103.248.189 - - [11/Mar/2016:09:04:59 -0300] "GET /cormun/servlet/hlogin HTTP/1.1" 200 1730
186.103.248.189 - - [11/Mar/2016:09:04:59 -0300] "GET /favicon.ico HTTP/1.1" 200 21630
186.78.63.212 - - [11/Mar/2016:09:05:00 -0300] "POST /cormun/servlet/trsolicitudot?b15c5aa756eb17a89f80824731aa06ca,,gx-no-cache=1457697931445 HTTP/1.1" 200 3513
186.78.63.212 - - [11/Mar/2016:09:05:01 -0300] "POST /cormun/servlet/trsolicitudot?b15c5aa756eb17a89f80824731aa06ca,,gx-no-cache=1457697931884 HTTP/1.1" 200 3512
186.78.63.212 - - [11/Mar/2016:09:05:01 -0300] "POST /cormun/servlet/trsolicitudot?b15c5aa756eb17a89f80824731aa06ca,,gx-no-cache=1457697932285 HTTP/1.1" 200 3512
186.103.159.44 - - [11/Mar/2016:09:05:01 -0300] "POST /cormun/servlet/trsolicitudot?b7c37e887193b5b8379ae3e6b1fa5b3e,,gx-no-cache=1457697894497 HTTP/1.1" 200 5237
186.78.63.212 - - [11/Mar/2016:09:05:02 -0300] "POST /cormun/servlet/trsolicitudot?b15c5aa756eb17a89f80824731aa06ca,,gx-no-cache=1457697932710 HTTP/1.1" 200 3513
186.103.159.44 - - [11/Mar/2016:09:05:03 -0300] "POST /cormun/servlet/trsolicitudot?b7c37e887193b5b8379ae3e6b1fa5b3e,,gx-no-cache=1457697895936 HTTP/1.1" 200 5236
186.103.159.44 - - [11/Mar/2016:09:05:03 -0300] "POST /cormun/servlet/trsolicitudot?b7c37e887193b5b8379ae3e6b1fa5b3e,,gx-no-cache=1457697896406 HTTP/1.1" 200 5236
186.103.159.44 - - [11/Mar/2016:09:05:04 -0300] "POST /cormun/servlet/trsolicitudot?b7c37e887193b5b8379ae3e6b1fa5b3e,,gx-no-cache=1457697897034 HTTP/1.1" 200 5237
186.78.63.212 - - [11/Mar/2016:09:05:05 -0300] "GET /cormun/servlet/trsolicitudot? HTTP/1.1" 200 6233
186.103.159.44 - - [11/Mar/2016:09:05:05 -0300] "POST /cormun/servlet/trsolicitudot?b7c37e887193b5b8379ae3e6b1fa5b3e,,gx-no-cache=1457697897668 HTTP/1.1" 200 5237
186.103.159.44 - - [11/Mar/2016:09:05:06 -0300] "POST /cormun/servlet/trsolicitudot?b7c37e887193b5b8379ae3e6b1fa5b3e,,gx-no-cache=1457697898715 HTTP/1.1" 200 5237
186.103.159.44 - - [11/Mar/2016:09:05:06 -0300] "POST /cormun/servlet/trsolicitudot?b7c37e887193b5b8379ae3e6b1fa5b3e,,gx-no-cache=1457697899476 HTTP/1.1" 200 5236
186.78.63.212 - - [11/Mar/2016:09:05:06 -0300] "GET /cormun/servlet/trsolicitudot? HTTP/1.1" 200 6233
186.78.63.212 - - [11/Mar/2016:09:05:10 -0300] "POST /cormun/servlet/trsolicitudot?b15c5aa756eb17a89f80824731aa06ca,,gx-no-cache=1457697940796 HTTP/1.1" 200 3503
186.78.63.212 - - [11/Mar/2016:09:05:10 -0300] "POST /cormun/servlet/trsolicitudot?b15c5aa756eb17a89f80824731aa06ca,,gx-no-cache=1457697941213 HTTP/1.1" 200 3503
186.78.63.212 - - [11/Mar/2016:09:05:11 -0300] "POST /cormun/servlet/trsolicitudot?b15c5aa756eb17a89f80824731aa06ca,,gx-no-cache=1457697941617 HTTP/1.1" 200 3503
186.78.63.212 - - [11/Mar/2016:09:05:11 -0300] "POST /cormun/servlet/trsolicitudot?b15c5aa756eb17a89f80824731aa06ca,,gx-no-cache=1457697942020 HTTP/1.1" 200 3503
186.103.159.44 - - [11/Mar/2016:09:05:12 -0300] "POST /cormun/servlet/trsolicitudot?b7c37e887193b5b8379ae3e6b1fa5b3e,,gx-no-cache=1457697900729 HTTP/1.1" 200 4931
186.103.159.44 - - [11/Mar/2016:09:05:18 -0300] "POST /cormun/servlet/trsolicitudot?b7c37e887193b5b8379ae3e6b1fa5b3e,,gx-no-cache=1457697911017 HTTP/1.1" 200 4872
186.103.159.44 - - [11/Mar/2016:09:05:19 -0300] "GET /cormun/static/Shared/jqueryui/images/ui-bg_highlight-soft_100_c6c2c8_1x100.png HTTP/1.1" 404 1117
186.103.159.44 - - [11/Mar/2016:09:05:19 -0300] "GET /cormun/static/Shared/jqueryui/images/ui-bg_flat_55_fafafa_40x100.png HTTP/1.1" 404 1097
186.103.159.44 - - [11/Mar/2016:09:05:28 -0300] "GET /cormun/static/Shared/jqueryui/images/ui-icons_82798d_256x240.png HTTP/1.1" 404 1089
186.103.159.44 - - [11/Mar/2016:09:05:29 -0300] "GET /cormun/static/Shared/jqueryui/images/ui-icons_8d78a5_256x240.png HTTP/1.1" 404 1089
186.103.159.44 - - [11/Mar/2016:09:05:30 -0300] "POST /cormun/servlet/trsolicitudot?b7c37e887193b5b8379ae3e6b1fa5b3e,,gx-no-cache=1457697923283 HTTP/1.1" 200 3594
186.103.159.44 - - [11/Mar/2016:09:05:31 -0300] "POST /cormun/servlet/trsolicitudot?b7c37e887193b5b8379ae3e6b1fa5b3e,,gx-no-cache=1457697924153 HTTP/1.1" 200 3449
186.78.63.212 - - [11/Mar/2016:09:05:34 -0300] "POST /cormun/servlet/trsolicitudot?b15c5aa756eb17a89f80824731aa06ca,,gx-no-cache=1457697965285 HTTP/1.1" 200 3502
186.103.248.189 - - [11/Mar/2016:09:05:36 -0300] "POST /cormun/servlet/hlogin?bba5c94d1edacdd681b80d0d1d7b320d,gx-no-cache=1457697965005 HTTP/1.1" 200 90
186.103.248.189 - - [11/Mar/2016:09:05:37 -0300] "GET /cormun/servlet/hpexe_link HTTP/1.1" 200 952
186.103.248.189 - - [11/Mar/2016:09:05:37 -0300] "GET /cormun/static/gxcfg.js?20151120044395 HTTP/1.1" 200 953
186.103.248.189 - - [11/Mar/2016:09:05:37 -0300] "GET /cormun/static/hpexe_link.js?20151120044398 HTTP/1.1" 200 625
186.103.248.189 - - [11/Mar/2016:09:05:37 -0300] "GET /cormun/servlet/hhome HTTP/1.1" 200 3458
186.103.248.189 - - [11/Mar/2016:09:05:37 -0300] "GET /cormun/static/SmoothNavMenu/resources/ddsmoothmenu.css?1112540 HTTP/1.1" 200 2223
186.103.248.189 - - [11/Mar/2016:09:05:37 -0300] "GET /cormun/static/SmoothNavMenu/resources/ddsmoothmenu-v.css?1112540 HTTP/1.1" 200 1188
186.103.248.189 - - [11/Mar/2016:09:05:37 -0300] "GET /cormun/static/Shared/jqueryui/jquery-ui.min.css?1345370 HTTP/1.1" 200 30288
186.103.248.189 - - [11/Mar/2016:09:05:37 -0300] "GET /cormun/static/gxcfg.js?2015112210564248 HTTP/1.1" 200 953
186.103.248.189 - - [11/Mar/2016:09:05:37 -0300] "GET /cormun/static/scaMessage/css/jquery.pnotify.default.css?1816380 HTTP/1.1" 200 1707
186.103.248.189 - - [11/Mar/2016:09:05:37 -0300] "GET /cormun/static/PXToolsJavascripts/pexe_autoreload.js HTTP/1.1" 200 1762
186.103.248.189 - - [11/Mar/2016:09:05:37 -0300] "GET /cormun/static/PXToolsJavascripts/pexe_cookies.js HTTP/1.1" 200 792
186.103.248.189 - - [11/Mar/2016:09:05:37 -0300] "GET /cormun/static/PXToolsJavascripts/pexe_windows.js HTTP/1.1" 200 15207
186.103.248.189 - - [11/Mar/2016:09:05:37 -0300] "GET /cormun/static/PXToolsJavascripts/pexe_grid.js HTTP/1.1" 200 7559
186.103.248.189 - - [11/Mar/2016:09:05:37 -0300] "GET /cormun/static/PXToolsJavascripts/pexe_griddivfix.js HTTP/1.1" 200 6644
186.103.248.189 - - [11/Mar/2016:09:05:37 -0300] "GET /cormun/static/Resources/Spanish/PXTools.css?10515224 HTTP/1.1" 200 89042
186.103.248.189 - - [11/Mar/2016:09:05:37 -0300] "GET /cormun/static/PXToolsJavascripts/pexe_link.js HTTP/1.1" 200 5671
186.103.248.189 - - [11/Mar/2016:09:05:37 -0300] "GET /cormun/static/PXToolsJavascripts/pexe_menudivfix.js HTTP/1.1" 200 333
186.103.248.189 - - [11/Mar/2016:09:05:37 -0300] "GET /cormun/static/PXToolsJavascripts/pexe_menus.js HTTP/1.1" 200 1286
186.103.248.189 - - [11/Mar/2016:09:05:37 -0300] "GET /cormun/static/PXToolsJavascripts/pexe_layers.js HTTP/1.1" 200 4114
186.103.248.189 - - [11/Mar/2016:09:05:37 -0300] "GET /cormun/static/PXToolsJavascripts/pexe_oav.js HTTP/1.1" 200 645
186.103.248.189 - - [11/Mar/2016:09:05:37 -0300] "GET /cormun/static/PXToolsJavascripts/pexe_picture.js HTTP/1.1" 200 689
186.103.248.189 - - [11/Mar/2016:09:05:37 -0300] "GET /cormun/static/PXToolsJavascripts/pexe_oavdivfix.js HTTP/1.1" 200 639
186.103.248.189 - - [11/Mar/2016:09:05:37 -0300] "GET /cormun/static/PXToolsJavascripts/pexe_popup.js HTTP/1.1" 200 13458
186.103.248.189 - - [11/Mar/2016:09:05:37 -0300] "GET /cormun/static/PXToolsJavascripts/pexe_scrolldiv.js HTTP/1.1" 200 4138
186.103.248.189 - - [11/Mar/2016:09:05:37 -0300] "GET /cormun/static/PXToolsJavascripts/pexe_tabdivfix.js HTTP/1.1" 200 876
186.103.248.189 - - [11/Mar/2016:09:05:38 -0300] "GET /cormun/static/PXToolsJavascripts/pexe_tabs.js HTTP/1.1" 200 3748
186.103.248.189 - - [11/Mar/2016:09:05:38 -0300] "GET /cormun/static/PXToolsJavascripts/PXToolsJavascriptsRender.js HTTP/1.1" 200 367
186.103.248.189 - - [11/Mar/2016:09:05:38 -0300] "GET /cormun/static/PXToolsJavascripts/pexe_upload.js HTTP/1.1" 200 1423
186.103.248.189 - - [11/Mar/2016:09:05:38 -0300] "GET /cormun/static/RunJS/RunJS.js HTTP/1.1" 200 288
186.103.248.189 - - [11/Mar/2016:09:05:38 -0300] "GET /cormun/static/hhome.js?2015112210564255 HTTP/1.1" 200 777
186.103.248.189 - - [11/Mar/2016:09:05:38 -0300] "GET /cormun/static/hwchdr01.js?20162241650484 HTTP/1.1" 200 1183
186.103.248.189 - - [11/Mar/2016:09:05:38 -0300] "GET /cormun/static/hpexe_recentlink.js?2015111312121342 HTTP/1.1" 200 2144
186.103.248.189 - - [11/Mar/2016:09:05:38 -0300] "GET /cormun/static/Shared/ext/locale/ext-lang-en.js HTTP/1.1" 200 10940
186.103.248.189 - - [11/Mar/2016:09:05:38 -0300] "GET /cormun/static/hpexe_scripts.js?20151120014546 HTTP/1.1" 200 1544
186.103.248.189 - - [11/Mar/2016:09:05:38 -0300] "GET /cormun/static/hpexe_messagecontroller.js?2015112210524422 HTTP/1.1" 200 870
186.103.248.189 - - [11/Mar/2016:09:05:38 -0300] "GET /cormun/static/hpexe_messagepopupcomponent.js?20163219454551 HTTP/1.1" 200 605
186.103.248.189 - - [11/Mar/2016:09:05:38 -0300] "GET /cormun/static/gxui/gxui-all.js HTTP/1.1" 200 107772
186.103.248.189 - - [11/Mar/2016:09:05:38 -0300] "GET /cormun/static/hpexe_messagegenexuscomponent.js?20151120014314 HTTP/1.1" 200 587
186.103.248.189 - - [11/Mar/2016:09:05:38 -0300] "GET /cormun/static/cmcontrolpreferences.js?20151120014525 HTTP/1.1" 200 1375
186.103.248.189 - - [11/Mar/2016:09:05:38 -0300] "GET /cormun/static/SmoothNavMenu/resources/ddsmoothmenu.js HTTP/1.1" 200 12712
186.103.248.189 - - [11/Mar/2016:09:05:38 -0300] "GET /cormun/static/SmoothNavMenu/resources/SmoothNavMenuRender.js HTTP/1.1" 200 5951
186.103.248.189 - - [11/Mar/2016:09:05:38 -0300] "GET /cormun/static/Shared/jquery/jquery-1.4.2.min.js HTTP/1.1" 200 72174
186.103.248.189 - - [11/Mar/2016:09:05:38 -0300] "GET /cormun/static/scaMessage/js/jquery.pnotify.min.js HTTP/1.1" 200 13038
186.103.248.189 - - [11/Mar/2016:09:05:38 -0300] "GET /cormun/static/scaMessage/scaMessageRender.js HTTP/1.1" 200 11977
186.103.248.189 - - [11/Mar/2016:09:05:39 -0300] "GET /cormun/static/Shared/jquery/jquery-1.10.2.min.js HTTP/1.1" 200 273199
186.103.248.189 - - [11/Mar/2016:09:05:39 -0300] "GET /cormun/static/hmpwkw03.js?2016311993330 HTTP/1.1" 200 3898
186.103.248.189 - - [11/Mar/2016:09:05:39 -0300] "GET /cormun/static/Resources/PXToolsFooterBackground2.png HTTP/1.1" 200 1172
186.103.248.189 - - [11/Mar/2016:09:05:39 -0300] "GET /cormun/static/Resources/PXToolsDataTitle.png HTTP/1.1" 200 1173
186.103.248.189 - - [11/Mar/2016:09:05:39 -0300] "GET /cormun/static/Resources/PXToolsHeaderActionsBackground.png HTTP/1.1" 200 484
186.103.248.189 - - [11/Mar/2016:09:05:39 -0300] "GET /cormun/static/Resources/PXToolsHeaderLogin.png HTTP/1.1" 200 4279
186.103.248.189 - - [11/Mar/2016:09:05:39 -0300] "GET /cormun/static/Resources/PXToolsHeaderBackground2.png HTTP/1.1" 200 1174
186.103.248.189 - - [11/Mar/2016:09:05:39 -0300] "GET /cormun/static/Resources/PXToolsHeaderActionsRight.png HTTP/1.1" 200 1201
186.103.248.189 - - [11/Mar/2016:09:05:39 -0300] "GET /cormun/static/Resources/PXToolsHeaderPreferences.png HTTP/1.1" 200 4189
186.103.248.189 - - [11/Mar/2016:09:05:39 -0300] "GET /cormun/static/Resources/PXToolsHeaderActionsLeft.png HTTP/1.1" 200 1118
186.103.248.189 - - [11/Mar/2016:09:05:39 -0300] "GET /cormun/static/Resources/logo4.png HTTP/1.1" 200 6582
186.103.248.189 - - [11/Mar/2016:09:05:39 -0300] "GET /cormun/static/Resources/PXToolsHeaderSecurity.png HTTP/1.1" 200 4166
186.103.248.189 - - [11/Mar/2016:09:05:39 -0300] "GET /cormun/static/Shared/jqueryui/jquery-ui.min.js HTTP/1.1" 200 240427
186.103.248.189 - - [11/Mar/2016:09:05:39 -0300] "GET /cormun/static/Resources/PXToolsHeaderHome.png HTTP/1.1" 200 4147
186.103.248.189 - - [11/Mar/2016:09:05:40 -0300] "GET /cormun/static/Shared/ext/ext-all.js HTTP/1.1" 200 1289687
186.103.248.189 - - [11/Mar/2016:09:05:41 -0300] "GET /cormun/static/SmoothNavMenu/resources/images/down.gif HTTP/1.1" 200 854
186.103.248.189 - - [11/Mar/2016:09:05:41 -0300] "GET /cormun/servlet/hhome HTTP/1.1" 200 3456
186.78.63.212 - - [11/Mar/2016:09:05:41 -0300] "GET /cormun/servlet/trsolicitudot?7e43872c5d29030306cd367cd00a80a344c3eede3662535f8f358073df771b0f0e8bbb97f8d1415229f13c4d5673a6b29a32d839d07267c435b58b59f801f549a06a4b3c65e3b00118876ceda569176a68f1afbfa81f35af6170522af6ae5d9f,gx-no-cache=1457697972245 HTTP/1.1" 200 760
186.78.63.212 - - [11/Mar/2016:09:05:43 -0300] "POST /cormun/servlet/trsolicitudot?b15c5aa756eb17a89f80824731aa06ca,,gx-no-cache=1457697973999 HTTP/1.1" 200 3503
186.78.63.212 - - [11/Mar/2016:09:05:48 -0300] "GET /cormun/servlet/hhome HTTP/1.1" 200 3475
186.78.63.212 - - [11/Mar/2016:09:05:50 -0300] "GET /cormun/servlet/hhome HTTP/1.1" 200 3473
186.103.248.189 - - [11/Mar/2016:09:05:51 -0300] "GET /cormun/servlet/trsolicitudot? HTTP/1.1" 200 6221
186.103.248.189 - - [11/Mar/2016:09:05:51 -0300] "GET /cormun/static/gxui/gxui-all.css?120300 HTTP/1.1" 200 2179
186.103.248.189 - - [11/Mar/2016:09:05:51 -0300] "GET /cormun/static/calendar-system.css?85620 HTTP/1.1" 200 5572
186.103.248.189 - - [11/Mar/2016:09:05:51 -0300] "GET /cormun/static/gxcfg.js?201631185636 HTTP/1.1" 200 953
186.103.248.189 - - [11/Mar/2016:09:05:51 -0300] "GET /cormun/static/calendar.js?85251 HTTP/1.1" 200 26246
186.103.248.189 - - [11/Mar/2016:09:05:51 -0300] "GET /cormun/static/calendar-setup.js?85251 HTTP/1.1" 200 2588
186.103.248.189 - - [11/Mar/2016:09:05:51 -0300] "GET /cormun/static/calendar-es.js?85251 HTTP/1.1" 200 1901
186.103.248.189 - - [11/Mar/2016:09:05:51 -0300] "GET /cormun/static/gxdec.js?85251 HTTP/1.1" 200 19579
186.103.248.189 - - [11/Mar/2016:09:05:51 -0300] "GET /cormun/static/Resources/PXTools/calendar.png HTTP/1.1" 200 1306
186.103.248.189 - - [11/Mar/2016:09:05:51 -0300] "GET /cormun/static/Resources/Spanish/PXTools.css?18502099 HTTP/1.1" 200 89042
186.103.248.189 - - [11/Mar/2016:09:05:51 -0300] "GET /cormun/static/trsolicitudot.js?2016311856838 HTTP/1.1" 200 45326
186.103.248.189 - - [11/Mar/2016:09:05:51 -0300] "GET /cormun/static/Resources/PXToolsDataSearch.png HTTP/1.1" 200 419
186.103.248.189 - - [11/Mar/2016:09:05:51 -0300] "GET /cormun/static/Resources/PXToolsGridFirst.gif HTTP/1.1" 200 379
186.103.248.189 - - [11/Mar/2016:09:05:52 -0300] "GET /cormun/static/Resources/PXToolsGridPrevious.gif HTTP/1.1" 200 369
186.103.248.189 - - [11/Mar/2016:09:05:52 -0300] "GET /cormun/static/Resources/PXToolsGridNext.gif HTTP/1.1" 200 369
186.103.248.189 - - [11/Mar/2016:09:05:52 -0300] "GET /cormun/static/Resources/PXToolsGridLast.gif HTTP/1.1" 200 370
186.103.248.189 - - [11/Mar/2016:09:05:52 -0300] "GET /cormun/static/Shared/ext/resources/css/ext-all.css?215870 HTTP/1.1" 200 416045
186.103.248.189 - - [11/Mar/2016:09:05:52 -0300] "GET /cormun/static/Resources/PXToolsActionExcel.png HTTP/1.1" 200 3187
186.103.248.189 - - [11/Mar/2016:09:05:52 -0300] "GET /cormun/static/Resources/PXToolsGridNew.png HTTP/1.1" 200 2949
186.103.248.189 - - [11/Mar/2016:09:05:53 -0300] "GET /cormun/static/Resources/desc.gif HTTP/1.1" 200 65
186.103.248.189 - - [11/Mar/2016:09:05:53 -0300] "GET /cormun/static/Resources/asc.gif HTTP/1.1" 200 67
186.103.248.189 - - [11/Mar/2016:09:05:53 -0300] "GET /cormun/servlet/trsolicitudot? HTTP/1.1" 200 6221
186.103.248.189 - - [11/Mar/2016:09:05:53 -0300] "GET /cormun/static/Shared/ext/resources/themes/images/default/tools/tool-sprites.gif HTTP/1.1" 200 5434
186.103.248.189 - - [11/Mar/2016:09:05:53 -0300] "GET /cormun/static/Shared/ext/resources/themes/images/default/panel/bg-headersPanel.png HTTP/1.1" 200 255
186.103.248.189 - - [11/Mar/2016:09:05:57 -0300] "GET /cormun/servlet/solicitudot?INS,0,0, HTTP/1.1" 200 11475
186.103.248.189 - - [11/Mar/2016:09:05:57 -0300] "GET /cormun/static/Resources/Spanish/PXTools.css?1944839 HTTP/1.1" 200 89042
186.103.248.189 - - [11/Mar/2016:09:05:57 -0300] "GET /cormun/static/gxcfg.js?20163219435133 HTTP/1.1" 200 953
186.103.248.189 - - [11/Mar/2016:09:05:57 -0300] "GET /cormun/static/Resources/prompt.gif HTTP/1.1" 200 902
186.103.248.189 - - [11/Mar/2016:09:05:57 -0300] "GET /cormun/static/solicitudot.js?20163219435183 HTTP/1.1" 200 44151
186.103.248.189 - - [11/Mar/2016:09:05:59 -0300] "GET /cormun/servlet/solicitudot?INS,0,0, HTTP/1.1" 200 11480
186.103.248.189 - - [11/Mar/2016:09:06:05 -0300] "POST /cormun/servlet/solicitudot?gx-no-cache=1457697993570 HTTP/1.1" 200 2732
186.103.248.189 - - [11/Mar/2016:09:06:06 -0300] "POST /cormun/servlet/solicitudot?bba5c94d1edacdd681b80d0d1d7b320d,INS,0,0,,gx-no-cache=1457697994021 HTTP/1.1" 200 8361
186.103.248.189 - - [11/Mar/2016:09:06:11 -0300] "GET /cormun/servlet/solicitudot?d1569fc545609a809b8375e495eb19993b0cd7b25ce2acb5df73d00112835d15f98d9dcbdc96a405c6a98697f511dacd,gx-no-cache=1457697999592 HTTP/1.1" 200 30
186.103.159.46 - - [11/Mar/2016:09:06:19 -0300] "POST /cormun/servlet/hlogin?5509bc745ae18fad83e3400125a62ffc,gx-no-cache=1457698006067 HTTP/1.1" 200 442
186.78.63.212 - - [11/Mar/2016:09:06:46 -0300] "GET /cormun/servlet/hlogin HTTP/1.1" 200 1720
186.103.159.46 - - [11/Mar/2016:09:06:48 -0300] "POST /cormun/servlet/hlogin?5509bc745ae18fad83e3400125a62ffc,gx-no-cache=1457698035786 HTTP/1.1" 200 90
186.103.159.46 - - [11/Mar/2016:09:06:49 -0300] "GET /cormun/servlet/hpexe_link HTTP/1.1" 200 949
186.103.159.46 - - [11/Mar/2016:09:06:49 -0300] "GET /cormun/static/gxcfg.js?20151120044395 HTTP/1.1" 200 953
186.103.159.46 - - [11/Mar/2016:09:06:49 -0300] "GET /cormun/static/hpexe_link.js?20151120044398 HTTP/1.1" 200 625
186.103.159.46 - - [11/Mar/2016:09:06:49 -0300] "GET /cormun/servlet/hhome HTTP/1.1" 200 3366
186.103.159.46 - - [11/Mar/2016:09:06:52 -0300] "GET /cormun/servlet/hhome HTTP/1.1" 200 3363
186.78.63.212 - - [11/Mar/2016:09:07:00 -0300] "POST /cormun/servlet/hlogin?36c79a041781dbf4ae80152ace5dfd46,gx-no-cache=1457698050738 HTTP/1.1" 200 90
186.78.63.212 - - [11/Mar/2016:09:07:00 -0300] "GET /cormun/servlet/hpexe_link HTTP/1.1" 200 948
186.78.63.212 - - [11/Mar/2016:09:07:01 -0300] "GET /cormun/servlet/hhome HTTP/1.1" 200 3470
186.103.159.46 - - [11/Mar/2016:09:07:03 -0300] "GET /cormun/servlet/trsolicitudot? HTTP/1.1" 200 6125
186.103.159.46 - - [11/Mar/2016:09:07:03 -0300] "GET /cormun/static/gxui/gxui-all.css?120300 HTTP/1.1" 200 2179
186.103.159.46 - - [11/Mar/2016:09:07:03 -0300] "GET /cormun/static/calendar-system.css?85620 HTTP/1.1" 200 5572
186.103.159.46 - - [11/Mar/2016:09:07:03 -0300] "GET /cormun/static/gxcfg.js?201631185636 HTTP/1.1" 200 953
186.103.159.46 - - [11/Mar/2016:09:07:03 -0300] "GET /cormun/static/Resources/PXToolsDataSearch.png HTTP/1.1" 200 419
186.78.63.212 - - [11/Mar/2016:09:07:03 -0300] "GET /cormun/servlet/hhome HTTP/1.1" 200 3466
186.103.159.46 - - [11/Mar/2016:09:07:03 -0300] "GET /cormun/static/Resources/PXToolsGridNext.gif HTTP/1.1" 200 369
186.103.159.46 - - [11/Mar/2016:09:07:04 -0300] "GET /cormun/static/Resources/PXToolsGridLast.gif HTTP/1.1" 200 370
186.103.159.46 - - [11/Mar/2016:09:07:04 -0300] "GET /cormun/static/Resources/Spanish/PXTools.css?18502099 HTTP/1.1" 200 89042
186.103.159.46 - - [11/Mar/2016:09:07:04 -0300] "GET /cormun/static/Resources/PXToolsActionExcel.png HTTP/1.1" 200 3187
186.103.159.46 - - [11/Mar/2016:09:07:04 -0300] "GET /cormun/static/Resources/PXToolsGridNew.png HTTP/1.1" 200 2949
186.103.159.46 - - [11/Mar/2016:09:07:04 -0300] "GET /cormun/static/trsolicitudot.js?2016311856838 HTTP/1.1" 200 45326
186.78.63.212 - - [11/Mar/2016:09:07:08 -0300] "GET /cormun/servlet/trsolicitudot? HTTP/1.1" 200 6230
186.103.159.46 - - [11/Mar/2016:09:07:08 -0300] "GET /cormun/static/Shared/ext/resources/css/ext-all.css?215870 HTTP/1.1" 200 416045
186.103.248.189 - - [11/Mar/2016:09:07:09 -0300] "POST /cormun/servlet/solicitudot?gx-no-cache=1457698057629 HTTP/1.1" 200 30
186.103.159.46 - - [11/Mar/2016:09:07:10 -0300] "GET /cormun/servlet/trsolicitudot? HTTP/1.1" 200 6125
186.103.159.46 - - [11/Mar/2016:09:07:10 -0300] "GET /cormun/static/Resources/desc.gif HTTP/1.1" 200 65
186.103.159.46 - - [11/Mar/2016:09:07:10 -0300] "GET /cormun/static/Resources/asc.gif HTTP/1.1" 200 67
186.103.159.46 - - [11/Mar/2016:09:07:11 -0300] "GET /cormun/static/Shared/ext/resources/themes/images/default/panel/bg-headersPanel.png HTTP/1.1" 200 255
186.103.159.46 - - [11/Mar/2016:09:07:11 -0300] "GET /cormun/static/Shared/ext/resources/themes/images/default/tools/tool-sprites.gif HTTP/1.1" 200 5434
186.78.63.212 - - [11/Mar/2016:09:07:12 -0300] "GET /cormun/servlet/trsolicitudot? HTTP/1.1" 200 6229
186.78.63.212 - - [11/Mar/2016:09:07:13 -0300] "GET /cormun/static/menuarrow.gif HTTP/1.1" 404 1015
186.103.248.189 - - [11/Mar/2016:09:07:14 -0300] "POST /cormun/servlet/solicitudot?gx-no-cache=1457698062177 HTTP/1.1" 200 30
186.78.63.212 - - [11/Mar/2016:09:07:17 -0300] "POST /cormun/servlet/trsolicitudot?36c79a041781dbf4ae80152ace5dfd46,,gx-no-cache=1457698068219 HTTP/1.1" 200 5258
186.78.63.212 - - [11/Mar/2016:09:07:18 -0300] "POST /cormun/servlet/trsolicitudot?36c79a041781dbf4ae80152ace5dfd46,,gx-no-cache=1457698068751 HTTP/1.1" 200 5259
186.103.248.189 - - [11/Mar/2016:09:07:19 -0300] "POST /cormun/servlet/solicitudot?gx-no-cache=1457698067307 HTTP/1.1" 200 452
186.103.248.189 - - [11/Mar/2016:09:07:19 -0300] "GET /cormun/servlet/solicitudot?d1569fc545609a809b8375e495eb19992b57809b6d158cd851f2944c6e693c46c7e3de022025bcf90222efa1b2433dad8e93f68027022efa22761b7dec72f709307a8e521dc9e01301b7156b6542b4bb5c01a34df65dc4d2afec674d6cc5386f14760c10c0bc277f7ffa565f100f0929f5551761fc602b39c294324839155cd29ee2057dc526db29eaa95f682a3ac452,gx-no-cache=1457698067483 HTTP/1.1" 200 38
186.78.63.212 - - [11/Mar/2016:09:07:25 -0300] "POST /cormun/servlet/trsolicitudot?36c79a041781dbf4ae80152ace5dfd46,,gx-no-cache=1457698076293 HTTP/1.1" 200 3497
186.103.159.44 - - [11/Mar/2016:09:07:26 -0300] "GET /cormun/servlet/hlogin HTTP/1.1" 200 1717
186.78.63.212 - - [11/Mar/2016:09:07:26 -0300] "POST /cormun/servlet/trsolicitudot?36c79a041781dbf4ae80152ace5dfd46,,gx-no-cache=1457698076739 HTTP/1.1" 200 3497
186.103.159.44 - - [11/Mar/2016:09:07:26 -0300] "GET /cormun/static/gxgral.js?85251 HTTP/1.1" 304 -
186.103.159.44 - - [11/Mar/2016:09:07:26 -0300] "GET /cormun/static/Resources/ComunLogin.png HTTP/1.1" 304 -
186.103.159.44 - - [11/Mar/2016:09:07:26 -0300] "GET /cormun/static/gxcfg.js?20151120045111 HTTP/1.1" 304 -
186.103.159.44 - - [11/Mar/2016:09:07:26 -0300] "GET /cormun/static/gxtimezone.js?85251 HTTP/1.1" 304 -
186.103.159.44 - - [11/Mar/2016:09:07:26 -0300] "GET /cormun/static/hlogin.js?20151120045126 HTTP/1.1" 304 -
186.103.159.44 - - [11/Mar/2016:09:07:26 -0300] "GET /cormun/static/messages.spa.js?85251 HTTP/1.1" 304 -
186.78.63.212 - - [11/Mar/2016:09:07:26 -0300] "POST /cormun/servlet/trsolicitudot?36c79a041781dbf4ae80152ace5dfd46,,gx-no-cache=1457698077174 HTTP/1.1" 200 3498
186.103.159.44 - - [11/Mar/2016:09:07:26 -0300] "GET /cormun/static/Resources/Spanish/PXTools.css?005343 HTTP/1.1" 304 -
186.103.159.44 - - [11/Mar/2016:09:07:26 -0300] "GET /cormun/static/Resources/indicator.gif HTTP/1.1" 304 -
186.78.63.212 - - [11/Mar/2016:09:07:27 -0300] "POST /cormun/servlet/trsolicitudot?36c79a041781dbf4ae80152ace5dfd46,,gx-no-cache=1457698077650 HTTP/1.1" 200 3498
186.78.63.212 - - [11/Mar/2016:09:07:27 -0300] "POST /cormun/servlet/trsolicitudot?36c79a041781dbf4ae80152ace5dfd46,,gx-no-cache=1457698078060 HTTP/1.1" 200 3498
186.78.63.212 - - [11/Mar/2016:09:07:28 -0300] "POST /cormun/servlet/trsolicitudot?36c79a041781dbf4ae80152ace5dfd46,,gx-no-cache=1457698078549 HTTP/1.1" 200 100
186.78.63.212 - - [11/Mar/2016:09:07:28 -0300] "GET /cormun/servlet/trsolicitudadjuntos?0,0, HTTP/1.1" 200 5348
186.103.248.189 - - [11/Mar/2016:09:07:29 -0300] "GET /cormun/servlet/solicitudot?d1569fc545609a809b8375e495eb199923ad44cc945301eae9c16531f7ea0368a43fc0cff73b71945dd8c80550cc585bea6e64b04bf7f60c2b168f057ef71f85fbb7d35b482339a8fab53e4ef090b456632ec18e32a99246efa6f8e5bf2bb61edad133b3c8093a8b9a596f6504860842925634b44220ba8ed74356a6471dba34e2d9aaff1a8407b0f9f4b6307dda858c0cc04bb4311ea3bce2aad9664124122d,gx-no-cache=1457698077510 HTTP/1.1" 200 29
186.78.63.212 - - [11/Mar/2016:09:07:29 -0300] "GET /cormun/servlet/trsolicitudadjuntos?0,0, HTTP/1.1" 200 5348
186.103.248.189 - - [11/Mar/2016:09:07:31 -0300] "POST /cormun/servlet/solicitudot?gx-no-cache=1457698079302 HTTP/1.1" 200 1128
186.103.248.189 - - [11/Mar/2016:09:07:38 -0300] "GET /cormun/static/menuarrow.gif HTTP/1.1" 404 1015
186.78.63.212 - - [11/Mar/2016:09:07:42 -0300] "GET /cormun/servlet/trsolicitudot? HTTP/1.1" 200 6237
186.103.159.44 - - [11/Mar/2016:09:07:43 -0300] "POST /cormun/servlet/hlogin?619061d16b0ffd858faac987df0ed62e,gx-no-cache=1457698124749 HTTP/1.1" 200 90
186.103.159.44 - - [11/Mar/2016:09:07:43 -0300] "GET /cormun/servlet/hpexe_link HTTP/1.1" 200 949
186.103.159.44 - - [11/Mar/2016:09:07:44 -0300] "GET /cormun/servlet/hhome HTTP/1.1" 200 3437
186.103.159.44 - - [11/Mar/2016:09:07:44 -0300] "GET /cormun/static/Resources/PXToolsHeaderBackground2.png HTTP/1.1" 304 -
186.78.63.212 - - [11/Mar/2016:09:07:44 -0300] "GET /cormun/servlet/trsolicitudot? HTTP/1.1" 200 6229
186.103.159.44 - - [11/Mar/2016:09:07:44 -0300] "GET /cormun/static/Resources/logo4.png HTTP/1.1" 304 -
186.103.159.44 - - [11/Mar/2016:09:07:50 -0300] "GET /cormun/servlet/trautorizarsolicitud? HTTP/1.1" 200 8067
186.78.63.212 - - [11/Mar/2016:09:07:52 -0300] "POST /cormun/servlet/trsolicitudot?36c79a041781dbf4ae80152ace5dfd46,,gx-no-cache=1457698102337 HTTP/1.1" 200 3513
186.78.63.212 - - [11/Mar/2016:09:07:52 -0300] "POST /cormun/servlet/trsolicitudot?36c79a041781dbf4ae80152ace5dfd46,,gx-no-cache=1457698103092 HTTP/1.1" 200 3511
186.103.248.189 - - [11/Mar/2016:09:08:00 -0300] "GET /cormun/servlet/solicitudot?d1569fc545609a809b8375e495eb1999644d0c50a895c0a98e158d2a1d21d9268a08206d8610c72ab40cd97e4794174a704ecd671914ebb370cc79e0f65028cf7b592f9fd754fb74aeaaf337d7a0d9b03fee10b1cbdee86e94a2c3e1acf42b8de8f2809bd47aa366b4281ca968ff37eb4dbae63e20ebe17ec745b7d070febd433c8b585fc24a55c46cdac53d494f1ff47277d61ef28ee4cbbcdc0a37aecc0a308bfc9255478cca6b23bb37befed63cfe,gx-no-cache=1457698108329 HTTP/1.1" 200 30
186.103.159.44 - - [11/Mar/2016:09:08:06 -0300] "POST /cormun/servlet/trautorizarsolicitud?619061d16b0ffd858faac987df0ed62e,,gx-no-cache=1457698146956 HTTP/1.1" 200 5537
186.103.159.44 - - [11/Mar/2016:09:08:06 -0300] "POST /cormun/servlet/trautorizarsolicitud?619061d16b0ffd858faac987df0ed62e,,gx-no-cache=1457698148223 HTTP/1.1" 200 5535
186.103.159.44 - - [11/Mar/2016:09:08:07 -0300] "POST /cormun/servlet/trautorizarsolicitud?619061d16b0ffd858faac987df0ed62e,,gx-no-cache=1457698148770 HTTP/1.1" 200 5536
186.103.159.44 - - [11/Mar/2016:09:08:08 -0300] "POST /cormun/servlet/trautorizarsolicitud?619061d16b0ffd858faac987df0ed62e,,gx-no-cache=1457698149770 HTTP/1.1" 200 5536
186.78.63.212 - - [11/Mar/2016:09:08:10 -0300] "GET /cormun/servlet/hlogin HTTP/1.1" 200 1720
186.103.159.44 - - [11/Mar/2016:09:08:10 -0300] "POST /cormun/servlet/trautorizarsolicitud?619061d16b0ffd858faac987df0ed62e,,gx-no-cache=1457698151393 HTTP/1.1" 200 5536
186.103.159.44 - - [11/Mar/2016:09:08:14 -0300] "POST /cormun/servlet/trautorizarsolicitud?619061d16b0ffd858faac987df0ed62e,,gx-no-cache=1457698155726 HTTP/1.1" 200 5536
186.103.159.44 - - [11/Mar/2016:09:08:17 -0300] "POST /cormun/servlet/trautorizarsolicitud?619061d16b0ffd858faac987df0ed62e,,gx-no-cache=1457698158427 HTTP/1.1" 200 5536
186.103.159.44 - - [11/Mar/2016:09:08:22 -0300] "POST /cormun/servlet/trautorizarsolicitud?619061d16b0ffd858faac987df0ed62e,,gx-no-cache=1457698159714 HTTP/1.1" 200 5257
186.78.63.212 - - [11/Mar/2016:09:08:23 -0300] "POST /cormun/servlet/hlogin?36c79a041781dbf4ae80152ace5dfd46,gx-no-cache=1457698133921 HTTP/1.1" 200 90
186.78.63.212 - - [11/Mar/2016:09:08:23 -0300] "GET /cormun/servlet/hpexe_link HTTP/1.1" 200 956
186.78.63.212 - - [11/Mar/2016:09:08:23 -0300] "GET /cormun/servlet/trsolicitudot? HTTP/1.1" 200 6234
186.103.159.44 - - [11/Mar/2016:09:08:24 -0300] "POST /cormun/servlet/trautorizarsolicitud?619061d16b0ffd858faac987df0ed62e,,gx-no-cache=1457698165074 HTTP/1.1" 200 5202
186.103.159.44 - - [11/Mar/2016:09:08:25 -0300] "GET /cormun/static/Shared/jqueryui/images/ui-bg_highlight-soft_100_c6c2c8_1x100.png HTTP/1.1" 404 1117
186.103.159.44 - - [11/Mar/2016:09:08:25 -0300] "GET /cormun/static/Shared/jqueryui/images/ui-icons_82798d_256x240.png HTTP/1.1" 404 1089
186.103.159.44 - - [11/Mar/2016:09:08:25 -0300] "GET /cormun/static/Shared/jqueryui/images/ui-bg_flat_55_fafafa_40x100.png HTTP/1.1" 404 1097
186.103.159.44 - - [11/Mar/2016:09:08:25 -0300] "GET /cormun/static/Shared/jqueryui/images/ui-icons_8d78a5_256x240.png HTTP/1.1" 404 1089
186.78.63.212 - - [11/Mar/2016:09:08:26 -0300] "GET /cormun/servlet/trsolicitudot? HTTP/1.1" 200 6233
186.103.159.44 - - [11/Mar/2016:09:08:28 -0300] "POST /cormun/servlet/trautorizarsolicitud?619061d16b0ffd858faac987df0ed62e,,gx-no-cache=1457698168848 HTTP/1.1" 200 5226
186.103.248.189 - - [11/Mar/2016:09:08:30 -0300] "POST /cormun/servlet/solicitudot?bba5c94d1edacdd681b80d0d1d7b320d,INS,0,0,,gx-no-cache=1457698138319 HTTP/1.1" 200 93
186.103.248.189 - - [11/Mar/2016:09:08:30 -0300] "GET /cormun/servlet/hpexe_return? HTTP/1.1" 200 1010
186.103.248.189 - - [11/Mar/2016:09:08:31 -0300] "GET /cormun/static/gxcfg.js?2015111312145050 HTTP/1.1" 200 953
186.103.248.189 - - [11/Mar/2016:09:08:31 -0300] "GET /cormun/static/hpexe_return.js?2015111312145056 HTTP/1.1" 200 1633
186.103.248.189 - - [11/Mar/2016:09:08:31 -0300] "GET /cormun/static/Resources/Spanish/PXTools.css?12112540 HTTP/1.1" 200 89042
186.78.63.212 - - [11/Mar/2016:09:08:31 -0300] "GET /cormun/servlet/trsolicitudot? HTTP/1.1" 200 6233
186.103.248.189 - - [11/Mar/2016:09:08:31 -0300] "GET /cormun/servlet/trsolicitudot HTTP/1.1" 200 7514
186.103.248.189 - - [11/Mar/2016:09:08:32 -0300] "GET /cormun//static/Resources/PXToolsGridUpdate.png HTTP/1.1" 200 2984
186.103.248.189 - - [11/Mar/2016:09:08:32 -0300] "GET /cormun//static/Resources/PXToolsActionView.png HTTP/1.1" 200 2995
186.103.248.189 - - [11/Mar/2016:09:08:32 -0300] "GET /cormun/servlet/trsolicitudot HTTP/1.1" 200 7511
186.103.248.189 - - [11/Mar/2016:09:08:32 -0300] "GET /cormun//static/Resources/PXToolsGridDelete.png HTTP/1.1" 200 357
186.103.248.189 - - [11/Mar/2016:09:08:32 -0300] "GET /cormun//static/Resources/PXToolsRemoveAllAction.png HTTP/1.1" 200 3558
186.103.248.189 - - [11/Mar/2016:09:08:32 -0300] "GET /cormun//static/Resources/PXTools/ActionInsert.png HTTP/1.1" 200 1482
186.78.63.212 - - [11/Mar/2016:09:08:33 -0300] "GET /cormun/servlet/trsolicitudot? HTTP/1.1" 200 6233
186.103.159.44 - - [11/Mar/2016:09:08:34 -0300] "POST /cormun/servlet/trautorizarsolicitud?619061d16b0ffd858faac987df0ed62e,,gx-no-cache=1457698175093 HTTP/1.1" 200 5226
186.103.159.44 - - [11/Mar/2016:09:08:36 -0300] "POST /cormun/servlet/trautorizarsolicitud?619061d16b0ffd858faac987df0ed62e,,gx-no-cache=1457698176785 HTTP/1.1" 200 5226
186.78.63.212 - - [11/Mar/2016:09:08:38 -0300] "GET /cormun/servlet/solicitudot?INS,0,0, HTTP/1.1" 200 11484
186.78.63.212 - - [11/Mar/2016:09:08:40 -0300] "GET /cormun/servlet/solicitudot?INS,0,0, HTTP/1.1" 200 11489
186.103.159.44 - - [11/Mar/2016:09:08:43 -0300] "GET /cormun/servlet/hhome HTTP/1.1" 200 3437
186.103.248.189 - - [11/Mar/2016:09:08:46 -0300] "POST /cormun/servlet/trsolicitudot?bba5c94d1edacdd681b80d0d1d7b320d,gx-no-cache=1457698153915 HTTP/1.1" 200 4910
186.103.248.189 - - [11/Mar/2016:09:08:46 -0300] "POST /cormun/servlet/trsolicitudot?bba5c94d1edacdd681b80d0d1d7b320d,gx-no-cache=1457698154311 HTTP/1.1" 200 4910
186.103.248.189 - - [11/Mar/2016:09:08:46 -0300] "POST /cormun/servlet/trsolicitudot?bba5c94d1edacdd681b80d0d1d7b320d,gx-no-cache=1457698154732 HTTP/1.1" 200 4911
186.103.248.189 - - [11/Mar/2016:09:08:47 -0300] "POST /cormun/servlet/trsolicitudot?bba5c94d1edacdd681b80d0d1d7b320d,gx-no-cache=1457698155136 HTTP/1.1" 200 4911
186.103.248.189 - - [11/Mar/2016:09:08:47 -0300] "POST /cormun/servlet/trsolicitudot?bba5c94d1edacdd681b80d0d1d7b320d,gx-no-cache=1457698155508 HTTP/1.1" 200 4912
186.103.248.189 - - [11/Mar/2016:09:08:48 -0300] "POST /cormun/servlet/trsolicitudot?bba5c94d1edacdd681b80d0d1d7b320d,gx-no-cache=1457698155895 HTTP/1.1" 200 4911
186.103.248.189 - - [11/Mar/2016:09:08:48 -0300] "POST /cormun/servlet/trsolicitudot?bba5c94d1edacdd681b80d0d1d7b320d,gx-no-cache=1457698156286 HTTP/1.1" 200 4911
186.103.248.189 - - [11/Mar/2016:09:08:48 -0300] "POST /cormun/servlet/trsolicitudot?bba5c94d1edacdd681b80d0d1d7b320d,gx-no-cache=1457698156691 HTTP/1.1" 200 3606
186.103.248.189 - - [11/Mar/2016:09:08:48 -0300] "GET /cormun/static/Shared/jqueryui/images/ui-icons_82798d_256x240.png HTTP/1.1" 404 1089
186.103.248.189 - - [11/Mar/2016:09:08:48 -0300] "GET /cormun/static/Shared/jqueryui/images/ui-bg_highlight-soft_100_c6c2c8_1x100.png HTTP/1.1" 404 1117
186.103.248.189 - - [11/Mar/2016:09:08:48 -0300] "GET /cormun/static/Shared/jqueryui/images/ui-icons_8d78a5_256x240.png HTTP/1.1" 404 1089
186.103.248.189 - - [11/Mar/2016:09:08:49 -0300] "GET /cormun/static/Shared/jqueryui/images/ui-bg_flat_55_fafafa_40x100.png HTTP/1.1" 404 1097
186.103.248.189 - - [11/Mar/2016:09:08:49 -0300] "POST /cormun/servlet/trsolicitudot?bba5c94d1edacdd681b80d0d1d7b320d,gx-no-cache=1457698157159 HTTP/1.1" 200 3463
186.78.63.212 - - [11/Mar/2016:09:08:49 -0300] "GET /cormun/servlet/trsolicitudot? HTTP/1.1" 200 6233
186.78.63.212 - - [11/Mar/2016:09:08:51 -0300] "GET /cormun/servlet/trsolicitudot? HTTP/1.1" 200 6233
186.78.63.212 - - [11/Mar/2016:09:08:54 -0300] "GET /cormun/static/menuarrow.gif HTTP/1.1" 404 1015
186.78.63.212 - - [11/Mar/2016:09:09:03 -0300] "POST /cormun/servlet/trsolicitudot?36c79a041781dbf4ae80152ace5dfd46,,gx-no-cache=1457698174247 HTTP/1.1" 200 3502
186.78.63.212 - - [11/Mar/2016:09:09:04 -0300] "POST /cormun/servlet/trsolicitudot?36c79a041781dbf4ae80152ace5dfd46,,gx-no-cache=1457698174709 HTTP/1.1" 200 3501
186.78.63.212 - - [11/Mar/2016:09:09:15 -0300] "POST /cormun/servlet/trsolicitudot?36c79a041781dbf4ae80152ace5dfd46,,gx-no-cache=1457698186043 HTTP/1.1" 200 3503
186.78.63.212 - - [11/Mar/2016:09:09:16 -0300] "POST /cormun/servlet/trsolicitudot?36c79a041781dbf4ae80152ace5dfd46,,gx-no-cache=1457698186607 HTTP/1.1" 200 3503
186.78.63.212 - - [11/Mar/2016:09:09:18 -0300] "POST /cormun/servlet/trsolicitudot?36c79a041781dbf4ae80152ace5dfd46,,gx-no-cache=1457698188835 HTTP/1.1" 200 3504
186.78.63.212 - - [11/Mar/2016:09:09:18 -0300] "GET /cormun/servlet/trsolicitudot?fa89c9883c2d680daa3156afac2c338b095e694e4d2762ed8f546d9ee65f15300df7702e137f91aebdee26ed46679904f62bc78554b777d72918e40e1352287b47f9edd8b546c83a8b8fc9176b3af4c5,gx-no-cache=1457698189323 HTTP/1.1" 200 764
186.78.63.212 - - [11/Mar/2016:09:09:20 -0300] "GET /cormun/servlet/solicitudot?INS,0,0, HTTP/1.1" 200 11483
186.78.63.212 - - [11/Mar/2016:09:09:22 -0300] "GET /cormun/servlet/solicitudot?INS,0,0, HTTP/1.1" 200 11488
186.103.159.44 - - [11/Mar/2016:09:09:23 -0300] "GET /cormun/servlet/hlogin HTTP/1.1" 200 1720
186.103.159.44 - - [11/Mar/2016:09:09:24 -0300] "GET /cormun/static/gxgral.js?85251 HTTP/1.1" 304 -
186.103.159.44 - - [11/Mar/2016:09:09:24 -0300] "GET /cormun/static/Resources/Spanish/PXTools.css?005343 HTTP/1.1" 304 -
186.103.159.44 - - [11/Mar/2016:09:09:24 -0300] "GET /cormun/static/gxtimezone.js?85251 HTTP/1.1" 304 -
186.103.159.44 - - [11/Mar/2016:09:09:24 -0300] "GET /cormun/static/gxcfg.js?20151120045111 HTTP/1.1" 304 -
186.103.159.44 - - [11/Mar/2016:09:09:24 -0300] "GET /cormun/static/Resources/ComunLogin.png HTTP/1.1" 304 -
186.103.159.44 - - [11/Mar/2016:09:09:24 -0300] "GET /cormun/static/hlogin.js?20151120045126 HTTP/1.1" 304 -
186.103.159.44 - - [11/Mar/2016:09:09:24 -0300] "GET /cormun/static/messages.spa.js?85251 HTTP/1.1" 304 -
186.103.248.189 - - [11/Mar/2016:09:09:25 -0300] "GET /cormun/servlet/hlogin HTTP/1.1" 200 1738
186.103.159.44 - - [11/Mar/2016:09:09:26 -0300] "GET /cormun/static/Resources/indicator.gif HTTP/1.1" 304 -
186.78.63.212 - - [11/Mar/2016:09:09:35 -0300] "GET /cormun/servlet/hlogin HTTP/1.1" 200 1720
186.103.159.46 - - [11/Mar/2016:09:09:36 -0300] "GET /cormun/Manuales/manual.pdf HTTP/1.1" 200 850295
186.103.159.44 - - [11/Mar/2016:09:09:42 -0300] "POST /cormun/servlet/hlogin?d45ca8cbd89b76082c68fca80c4910d1,gx-no-cache=1457698243975 HTTP/1.1" 200 90
186.103.248.189 - - [11/Mar/2016:09:09:46 -0300] "POST /cormun/servlet/hlogin?bba5c94d1edacdd681b80d0d1d7b320d,gx-no-cache=1457698214551 HTTP/1.1" 200 90
186.103.248.189 - - [11/Mar/2016:09:09:46 -0300] "GET /cormun/servlet/hpexe_link HTTP/1.1" 200 952
186.103.248.189 - - [11/Mar/2016:09:09:46 -0300] "GET /cormun/servlet/hhome HTTP/1.1" 200 3459
186.78.63.212 - - [11/Mar/2016:09:09:47 -0300] "POST /cormun/servlet/hlogin?36c79a041781dbf4ae80152ace5dfd46,gx-no-cache=1457698218407 HTTP/1.1" 200 90
186.103.248.189 - - [11/Mar/2016:09:09:47 -0300] "GET /cormun/servlet/hhome HTTP/1.1" 200 3455
186.78.63.212 - - [11/Mar/2016:09:09:48 -0300] "GET /cormun/servlet/hpexe_link HTTP/1.1" 200 961
186.78.63.212 - - [11/Mar/2016:09:09:48 -0300] "GET /cormun/servlet/solicitudot?INS,0,0, HTTP/1.1" 200 11484
186.103.159.44 - - [11/Mar/2016:09:09:51 -0300] "GET /cormun/servlet/hpexe_link HTTP/1.1" 200 953
186.78.63.212 - - [11/Mar/2016:09:09:51 -0300] "GET /cormun/servlet/solicitudot?INS,0,0, HTTP/1.1" 200 11488
186.103.159.44 - - [11/Mar/2016:09:09:51 -0300] "GET /cormun/servlet/hhome HTTP/1.1" 200 3439
186.103.159.46 - - [11/Mar/2016:09:09:53 -0300] "GET /cormun/servlet/trsolicitudot? HTTP/1.1" 200 6125
186.78.63.212 - - [11/Mar/2016:09:09:55 -0300] "GET /cormun/servlet/trsolicitudot? HTTP/1.1" 200 6234
186.103.159.46 - - [11/Mar/2016:09:09:55 -0300] "GET /cormun/servlet/trsolicitudot? HTTP/1.1" 200 6125
186.78.63.212 - - [11/Mar/2016:09:09:57 -0300] "GET /cormun/servlet/trsolicitudot? HTTP/1.1" 200 6233
186.103.159.44 - - [11/Mar/2016:09:09:57 -0300] "GET /cormun/servlet/trautorizarsolicitud? HTTP/1.1" 200 7765
186.103.248.189 - - [11/Mar/2016:09:09:59 -0300] "GET /cormun/servlet/trautorizarsolicitud? HTTP/1.1" 200 7460
186.103.248.189 - - [11/Mar/2016:09:09:59 -0300] "GET /cormun/static/gxcfg.js?20163219504791 HTTP/1.1" 200 953
186.103.248.189 - - [11/Mar/2016:09:09:59 -0300] "GET /cormun/static/trautorizarsolicitud.js?20163219505323 HTTP/1.1" 200 45302
186.103.248.189 - - [11/Mar/2016:09:09:59 -0300] "GET /cormun/static/Resources/Spanish/PXTools.css?19444614 HTTP/1.1" 200 89042
186.103.248.189 - - [11/Mar/2016:09:10:00 -0300] "GET /cormun/servlet/trautorizarsolicitud? HTTP/1.1" 200 7459
186.78.63.212 - - [11/Mar/2016:09:10:03 -0300] "POST /cormun/servlet/trsolicitudot?36c79a041781dbf4ae80152ace5dfd46,,gx-no-cache=1457698234082 HTTP/1.1" 200 3504
186.103.159.44 - - [11/Mar/2016:09:10:05 -0300] "POST /cormun/servlet/trautorizarsolicitud?d45ca8cbd89b76082c68fca80c4910d1,,gx-no-cache=1457698266561 HTTP/1.1" 200 5228
186.103.159.44 - - [11/Mar/2016:09:10:05 -0300] "POST /cormun/servlet/trautorizarsolicitud?d45ca8cbd89b76082c68fca80c4910d1,,gx-no-cache=1457698267146 HTTP/1.1" 200 5228
186.103.159.44 - - [11/Mar/2016:09:10:07 -0300] "POST /cormun/servlet/trautorizarsolicitud?d45ca8cbd89b76082c68fca80c4910d1,,gx-no-cache=1457698268504 HTTP/1.1" 200 5229
