186.103.159.44 - - [11/Mar/2016:09:10:08 -0300] "POST /cormun/servlet/trautorizarsolicitud?d45ca8cbd89b76082c68fca80c4910d1,,gx-no-cache=1457698269494 HTTP/1.1" 200 5229
186.103.159.44 - - [11/Mar/2016:09:10:10 -0300] "POST /cormun/servlet/trautorizarsolicitud?d45ca8cbd89b76082c68fca80c4910d1,,gx-no-cache=1457698272108 HTTP/1.1" 200 5228
186.103.159.44 - - [11/Mar/2016:09:10:13 -0300] "POST /cormun/servlet/trautorizarsolicitud?d45ca8cbd89b76082c68fca80c4910d1,,gx-no-cache=1457698274637 HTTP/1.1" 200 5228
186.103.159.44 - - [11/Mar/2016:09:10:15 -0300] "POST /cormun/servlet/trautorizarsolicitud?d45ca8cbd89b76082c68fca80c4910d1,,gx-no-cache=1457698275841 HTTP/1.1" 200 5228
186.78.63.212 - - [11/Mar/2016:09:10:19 -0300] "GET /cormun/servlet/trsolicitudot?fa89c9883c2d680daa3156afac2c338b95718d02ede17d5d043a53acef9b04233de7add793522f0355179af5d5b04556193c4cefac1c7eecab04b3436f3e5872456b3eeabc821ab3c9692b4319fd5d3095dfe8525dec370ec84d42873dfe3b98,gx-no-cache=1457698249715 HTTP/1.1" 200 764
186.103.159.44 - - [11/Mar/2016:09:10:20 -0300] "POST /cormun/servlet/trautorizarsolicitud?d45ca8cbd89b76082c68fca80c4910d1,,gx-no-cache=1457698277849 HTTP/1.1" 200 4919
186.103.159.44 - - [11/Mar/2016:09:10:21 -0300] "POST /cormun/servlet/trautorizarsolicitud?d45ca8cbd89b76082c68fca80c4910d1,,gx-no-cache=1457698283210 HTTP/1.1" 200 4864
186.103.159.44 - - [11/Mar/2016:09:10:22 -0300] "GET /cormun/static/Shared/jqueryui/images/ui-bg_highlight-soft_100_c6c2c8_1x100.png HTTP/1.1" 404 1117
186.103.159.44 - - [11/Mar/2016:09:10:22 -0300] "GET /cormun/static/Shared/jqueryui/images/ui-icons_8d78a5_256x240.png HTTP/1.1" 404 1089
186.103.159.44 - - [11/Mar/2016:09:10:22 -0300] "GET /cormun/static/Shared/jqueryui/images/ui-bg_flat_55_fafafa_40x100.png HTTP/1.1" 404 1097
186.103.159.44 - - [11/Mar/2016:09:10:23 -0300] "GET /cormun/static/Shared/jqueryui/images/ui-icons_82798d_256x240.png HTTP/1.1" 404 1089
186.103.159.44 - - [11/Mar/2016:09:10:24 -0300] "POST /cormun/servlet/trautorizarsolicitud?d45ca8cbd89b76082c68fca80c4910d1,,gx-no-cache=1457698285641 HTTP/1.1" 200 4888
186.103.248.189 - - [11/Mar/2016:09:10:24 -0300] "GET /cormun/servlet/veautorizarsolicitud?2016,808,, HTTP/1.1" 200 7566
186.103.248.189 - - [11/Mar/2016:09:10:24 -0300] "GET /cormun/static/gxcfg.js?20163117315759 HTTP/1.1" 200 953
186.103.248.189 - - [11/Mar/2016:09:10:24 -0300] "GET /cormun/pexe_scrolldiv.js HTTP/1.1" 404 1009
186.103.248.189 - - [11/Mar/2016:09:10:24 -0300] "GET /cormun/static/hpexe_tabsview.js?20151120014350 HTTP/1.1" 200 1661
186.103.248.189 - - [11/Mar/2016:09:10:25 -0300] "GET /cormun/static/Resources/PXToolsTabFirstSelected.png HTTP/1.1" 200 1259
186.103.248.189 - - [11/Mar/2016:09:10:25 -0300] "GET /cormun/static/Resources/Spanish/PXTools.css?171692 HTTP/1.1" 200 89042
186.103.248.189 - - [11/Mar/2016:09:10:25 -0300] "GET /cormun/static/veautorizarsolicitud.js?20163117315822 HTTP/1.1" 200 6140
186.103.248.189 - - [11/Mar/2016:09:10:25 -0300] "GET /cormun/static/hwcviewtabs.js?20151120014372 HTTP/1.1" 200 1074
186.103.248.189 - - [11/Mar/2016:09:10:25 -0300] "GET /cormun/static/tbautorizarsolicitud01.js?20163117314344 HTTP/1.1" 200 27022
186.103.248.189 - - [11/Mar/2016:09:10:25 -0300] "GET /cormun/static/Resources/PXToolsTabLastUnselected.png HTTP/1.1" 200 1291
186.103.248.189 - - [11/Mar/2016:09:10:25 -0300] "GET /cormun/static/Resources/PXToolsTabNext.gif HTTP/1.1" 200 168
186.103.248.189 - - [11/Mar/2016:09:10:25 -0300] "GET /cormun/static/Resources/PXToolsTabPrevious.gif HTTP/1.1" 200 172
186.103.248.189 - - [11/Mar/2016:09:10:25 -0300] "GET /cormun/static/calendar-system.css HTTP/1.1" 200 5572
186.103.248.189 - - [11/Mar/2016:09:10:25 -0300] "GET /cormun/static/Resources/PXToolsTabBackSelected.png HTTP/1.1" 200 1157
186.103.248.189 - - [11/Mar/2016:09:10:25 -0300] "GET /cormun/static/Resources/PXToolsTabBackUnselected.png HTTP/1.1" 200 1175
186.103.248.189 - - [11/Mar/2016:09:10:25 -0300] "GET /cormun/static/Resources/PXToolsTabUnselectedUnselected.png HTTP/1.1" 200 1459
186.103.248.189 - - [11/Mar/2016:09:10:25 -0300] "GET /cormun/static/Resources/PXToolsTabSelectedUnselected.png HTTP/1.1" 200 1428
186.103.159.44 - - [11/Mar/2016:09:10:26 -0300] "POST /cormun/servlet/trautorizarsolicitud?d45ca8cbd89b76082c68fca80c4910d1,,gx-no-cache=1457698287239 HTTP/1.1" 200 4888
186.103.248.189 - - [11/Mar/2016:09:10:26 -0300] "GET /cormun/servlet/veautorizarsolicitud?2016,808,, HTTP/1.1" 200 7566
186.78.63.212 - - [11/Mar/2016:09:10:26 -0300] "GET /cormun/servlet/solicitudot?INS,0,0, HTTP/1.1" 200 11482
186.78.63.212 - - [11/Mar/2016:09:10:28 -0300] "GET /cormun/servlet/solicitudot?INS,0,0, HTTP/1.1" 200 11486
186.103.248.189 - - [11/Mar/2016:09:10:30 -0300] "GET /cormun/servlet/veautorizarsolicitud?2016,808,,SolicitudOTAdjuntos HTTP/1.1" 200 6470
186.103.248.189 - - [11/Mar/2016:09:10:30 -0300] "GET /cormun/pexe_scrolldiv.js HTTP/1.1" 404 1009
186.103.159.44 - - [11/Mar/2016:09:10:30 -0300] "POST /cormun/servlet/trautorizarsolicitud?d45ca8cbd89b76082c68fca80c4910d1,,gx-no-cache=1457698291757 HTTP/1.1" 200 4888
186.103.248.189 - - [11/Mar/2016:09:10:30 -0300] "GET /cormun/static/tbautorizarsolicitud02.js?20163117313928 HTTP/1.1" 200 13822
186.103.248.189 - - [11/Mar/2016:09:10:31 -0300] "GET /cormun/static/gxui/gxui-all.css HTTP/1.1" 200 2179
186.103.248.189 - - [11/Mar/2016:09:10:31 -0300] "GET /cormun/static/Resources/PXToolsTabFirstUnselected.png HTTP/1.1" 200 1264
186.103.248.189 - - [11/Mar/2016:09:10:31 -0300] "GET /cormun/static/Resources/PXToolsTabUnselectedSelected.png HTTP/1.1" 200 1444
186.103.248.189 - - [11/Mar/2016:09:10:31 -0300] "GET /cormun/servlet/veautorizarsolicitud?2016,808,,SolicitudOTAdjuntos HTTP/1.1" 200 6471
186.103.159.44 - - [11/Mar/2016:09:10:31 -0300] "POST /cormun/servlet/trautorizarsolicitud?d45ca8cbd89b76082c68fca80c4910d1,,gx-no-cache=1457698293180 HTTP/1.1" 200 4889
186.103.248.189 - - [11/Mar/2016:09:10:31 -0300] "GET /cormun/static/Shared/ext/resources/css/ext-all.css HTTP/1.1" 200 416045
186.103.248.189 - - [11/Mar/2016:09:10:32 -0300] "POST /cormun/servlet/acontrolpreferencessavestate?None,GFAUNDEZ,true HTTP/1.1" 200 35
186.103.159.44 - - [11/Mar/2016:09:10:37 -0300] "POST /cormun/servlet/trautorizarsolicitud?d45ca8cbd89b76082c68fca80c4910d1,,gx-no-cache=1457698294659 HTTP/1.1" 200 4889
186.103.248.189 - - [11/Mar/2016:09:10:38 -0300] "GET /cormun/servlet/veautorizarsolicitud?2016,808,,SolicitudOTLog HTTP/1.1" 200 7610
186.103.248.189 - - [11/Mar/2016:09:10:38 -0300] "GET /cormun/pexe_scrolldiv.js HTTP/1.1" 404 1009
186.103.248.189 - - [11/Mar/2016:09:10:38 -0300] "GET /cormun/static/tbautorizarsolicitud03.js?20163117313579 HTTP/1.1" 200 12400
186.103.248.189 - - [11/Mar/2016:09:10:38 -0300] "GET /cormun/static/Resources/PXToolsTabLastSelected.png HTTP/1.1" 200 1262
186.78.63.212 - - [11/Mar/2016:09:10:38 -0300] "GET /cormun/servlet/trvisualizadoreventos? HTTP/1.1" 200 5997
186.103.248.189 - - [11/Mar/2016:09:10:39 -0300] "GET /cormun/servlet/veautorizarsolicitud?2016,808,,SolicitudOTLog HTTP/1.1" 200 7610
186.103.248.189 - - [11/Mar/2016:09:10:40 -0300] "POST /cormun/servlet/acontrolpreferencessavestate?None,GFAUNDEZ,true HTTP/1.1" 200 35
186.78.63.212 - - [11/Mar/2016:09:10:40 -0300] "GET /cormun/servlet/trvisualizadoreventos? HTTP/1.1" 200 5993
186.103.159.44 - - [11/Mar/2016:09:10:41 -0300] "POST /cormun/servlet/trautorizarsolicitud?d45ca8cbd89b76082c68fca80c4910d1,,gx-no-cache=1457698300513 HTTP/1.1" 200 4888
186.103.159.44 - - [11/Mar/2016:09:10:42 -0300] "POST /cormun/servlet/trautorizarsolicitud?d45ca8cbd89b76082c68fca80c4910d1,,gx-no-cache=1457698303976 HTTP/1.1" 200 4888
186.78.63.212 - - [11/Mar/2016:09:10:44 -0300] "POST /cormun/servlet/trvisualizadoreventos?36c79a041781dbf4ae80152ace5dfd46,,gx-no-cache=1457698274560 HTTP/1.1" 200 3279
186.78.63.212 - - [11/Mar/2016:09:10:44 -0300] "POST /cormun/servlet/trvisualizadoreventos?36c79a041781dbf4ae80152ace5dfd46,,gx-no-cache=1457698274924 HTTP/1.1" 200 3279
186.78.63.212 - - [11/Mar/2016:09:10:44 -0300] "POST /cormun/servlet/trvisualizadoreventos?36c79a041781dbf4ae80152ace5dfd46,,gx-no-cache=1457698275290 HTTP/1.1" 200 3279
186.78.63.212 - - [11/Mar/2016:09:10:45 -0300] "POST /cormun/servlet/trvisualizadoreventos?36c79a041781dbf4ae80152ace5dfd46,,gx-no-cache=1457698275654 HTTP/1.1" 200 3279
186.103.248.189 - - [11/Mar/2016:09:10:45 -0300] "GET /cormun/servlet/veautorizarsolicitud?2016,808,,General HTTP/1.1" 200 7573
186.103.248.189 - - [11/Mar/2016:09:10:45 -0300] "GET /cormun/pexe_scrolldiv.js HTTP/1.1" 404 1009
186.103.248.189 - - [11/Mar/2016:09:10:46 -0300] "GET /cormun/servlet/veautorizarsolicitud?2016,808,,General HTTP/1.1" 200 7573
186.78.63.212 - - [11/Mar/2016:09:10:49 -0300] "POST /cormun/servlet/trvisualizadoreventos?36c79a041781dbf4ae80152ace5dfd46,,gx-no-cache=1457698280456 HTTP/1.1" 200 3280
186.78.63.212 - - [11/Mar/2016:09:10:50 -0300] "GET /cormun/servlet/trvisualizadoreventos?fa89c9883c2d680daa3156afac2c338b30e918544622506198d8630f5a3e57504ef22c4680e5c2e4625a860700b99a83132662e49463c3bc5754f55011196a478ad5f49a88aad121cf79bb056df33ca7ce240c1fa400fce455b2010d2acd7b691ddf73e520b7484d70b1d0bb97ecd39f701737048a6dc4d1ab38516aace12ba15d3016c825b8086778854c4124454eac2ef5f927704c5734d7408ebfad0008a4e965fb2fde3bad0eafc97b523a86a892716a9f656fab3a64d9b5fe7a397500f6,gx-no-cache=1457698280907 HTTP/1.1" 200 565
186.78.63.212 - - [11/Mar/2016:09:10:53 -0300] "GET /cormun/servlet/trautorizarsolicitud? HTTP/1.1" 200 6174
186.78.63.212 - - [11/Mar/2016:09:10:55 -0300] "GET /cormun/servlet/trautorizarsolicitud? HTTP/1.1" 200 6174
186.78.63.212 - - [11/Mar/2016:09:11:04 -0300] "GET /cormun/servlet/trautorizarsolicitud? HTTP/1.1" 200 6174
186.78.63.212 - - [11/Mar/2016:09:11:07 -0300] "GET /cormun/servlet/trautorizarsolicitud? HTTP/1.1" 200 6174
186.103.248.189 - - [11/Mar/2016:09:11:16 -0300] "POST /cormun/servlet/veautorizarsolicitud?bba5c94d1edacdd681b80d0d1d7b320d,2016,808,,General,gx-no-cache=1457698304254 HTTP/1.1" 200 93
186.103.248.189 - - [11/Mar/2016:09:11:16 -0300] "GET /cormun/servlet/hpexe_return? HTTP/1.1" 200 1024
186.103.248.189 - - [11/Mar/2016:09:11:16 -0300] "GET /cormun/servlet/trautorizarsolicitud HTTP/1.1" 200 7463
186.103.248.189 - - [11/Mar/2016:09:11:17 -0300] "GET /cormun/servlet/trautorizarsolicitud HTTP/1.1" 200 7459
186.103.248.189 - - [11/Mar/2016:09:11:34 -0300] "POST /cormun/servlet/trautorizarsolicitud?bba5c94d1edacdd681b80d0d1d7b320d,gx-no-cache=1457698322373 HTTP/1.1" 200 4898
186.103.159.46 - - [11/Mar/2016:09:11:34 -0300] "POST /cormun/servlet/trsolicitudot?5509bc745ae18fad83e3400125a62ffc,,gx-no-cache=1457698321261 HTTP/1.1" 200 3476
186.103.248.189 - - [11/Mar/2016:09:11:34 -0300] "POST /cormun/servlet/trautorizarsolicitud?bba5c94d1edacdd681b80d0d1d7b320d,gx-no-cache=1457698322754 HTTP/1.1" 200 4898
186.103.248.189 - - [11/Mar/2016:09:11:35 -0300] "POST /cormun/servlet/trautorizarsolicitud?bba5c94d1edacdd681b80d0d1d7b320d,gx-no-cache=1457698323128 HTTP/1.1" 200 4897
186.103.248.189 - - [11/Mar/2016:09:11:35 -0300] "POST /cormun/servlet/trautorizarsolicitud?bba5c94d1edacdd681b80d0d1d7b320d,gx-no-cache=1457698323517 HTTP/1.1" 200 4898
186.103.248.189 - - [11/Mar/2016:09:11:36 -0300] "POST /cormun/servlet/trautorizarsolicitud?bba5c94d1edacdd681b80d0d1d7b320d,gx-no-cache=1457698324001 HTTP/1.1" 200 4897
186.103.248.189 - - [11/Mar/2016:09:11:36 -0300] "POST /cormun/servlet/trautorizarsolicitud?bba5c94d1edacdd681b80d0d1d7b320d,gx-no-cache=1457698324384 HTTP/1.1" 200 4898
186.103.248.189 - - [11/Mar/2016:09:11:36 -0300] "POST /cormun/servlet/trautorizarsolicitud?bba5c94d1edacdd681b80d0d1d7b320d,gx-no-cache=1457698324778 HTTP/1.1" 200 4898
186.103.248.189 - - [11/Mar/2016:09:11:37 -0300] "POST /cormun/servlet/trautorizarsolicitud?bba5c94d1edacdd681b80d0d1d7b320d,gx-no-cache=1457698325193 HTTP/1.1" 200 3590
186.103.248.189 - - [11/Mar/2016:09:11:37 -0300] "GET /cormun/static/Shared/jqueryui/images/ui-bg_highlight-soft_100_c6c2c8_1x100.png HTTP/1.1" 404 1117
186.103.248.189 - - [11/Mar/2016:09:11:37 -0300] "GET /cormun/static/Shared/jqueryui/images/ui-bg_flat_55_fafafa_40x100.png HTTP/1.1" 404 1097
186.103.248.189 - - [11/Mar/2016:09:11:37 -0300] "GET /cormun/static/Shared/jqueryui/images/ui-icons_8d78a5_256x240.png HTTP/1.1" 404 1089
186.103.248.189 - - [11/Mar/2016:09:11:37 -0300] "GET /cormun/static/Shared/jqueryui/images/ui-icons_82798d_256x240.png HTTP/1.1" 404 1089
186.103.248.189 - - [11/Mar/2016:09:11:37 -0300] "POST /cormun/servlet/trautorizarsolicitud?bba5c94d1edacdd681b80d0d1d7b320d,gx-no-cache=1457698325649 HTTP/1.1" 200 3451
186.103.159.44 - - [11/Mar/2016:09:11:38 -0300] "POST /cormun/servlet/trautorizarsolicitud?d45ca8cbd89b76082c68fca80c4910d1,,gx-no-cache=1457698359502 HTTP/1.1" 200 3585
186.103.159.44 - - [11/Mar/2016:09:11:40 -0300] "POST /cormun/servlet/trautorizarsolicitud?d45ca8cbd89b76082c68fca80c4910d1,,gx-no-cache=1457698361496 HTTP/1.1" 200 3444
186.103.159.46 - - [11/Mar/2016:09:11:49 -0300] "GET /cormun/servlet/trsolicitudot?67fdc692b10bd0b800ed7d7575f05901bbc05bbac822f54c7d202de097a70fc52889a1f2785db7d751845957db7a7b46bbbe1d4fb3ebacd28b30c1b6618c5969bff0f995427c2af8b75a1b898eae1d60bd851648b88d5c2cf61c8dc2550a0846,gx-no-cache=1457698336819 HTTP/1.1" 200 759
186.103.159.46 - - [11/Mar/2016:09:11:57 -0300] "GET /cormun/servlet/trsolicitudot?67fdc692b10bd0b800ed7d7575f05901bbc05bbac822f54c7d202de097a70fc5e52b2810fb282317458d6bae089b2c6bc17bbe34246d61d981671978657ff3fe8c0c02bd795f01610acd88ff840fb48932eae69062b30994e548d32720a67828,gx-no-cache=1457698344144 HTTP/1.1" 200 759
186.103.159.46 - - [11/Mar/2016:09:11:59 -0300] "GET /cormun/servlet/trsolicitudot?67fdc692b10bd0b800ed7d7575f05901db270994b739656f945615f692c355b4776e1dfccece4dafd9a68697c4b1a0c4259cd5bcd135e22663827aff2cff65a4d938b51f4c450aaac35518f4befd1698c1186aba79cccb1ca368a1305cd0cb3c,gx-no-cache=1457698346290 HTTP/1.1" 200 759
186.103.159.46 - - [11/Mar/2016:09:12:01 -0300] "GET /cormun/servlet/trsolicitudot?67fdc692b10bd0b800ed7d7575f05901ea36ca9edaab21c4aaf102ded64037c91f7e6dac922ed0b66049b42900dccc24c17bbe34246d61d981671978657ff3fe8c0c02bd795f01610acd88ff840fb48932eae69062b30994e548d32720a67828,gx-no-cache=1457698348393 HTTP/1.1" 200 759
186.103.159.46 - - [11/Mar/2016:09:12:05 -0300] "GET /cormun/servlet/trsolicitudot?67fdc692b10bd0b800ed7d7575f05901ea36ca9edaab21c4aaf102ded64037c9fb9991949ca01f65c414b592cb313ad4833a1e162e43a1b932083526edd0bd4dee09c52cdaae941fe3af1801c02cf2b7960517d735e28ad3add1a83dbc8b532f,gx-no-cache=1457698352350 HTTP/1.1" 200 759
186.103.159.230 - - [11/Mar/2016:09:12:05 -0300] "GET /cormun/servlet/hlogin HTTP/1.1" 200 1715
186.103.159.230 - - [11/Mar/2016:09:12:05 -0300] "GET /cormun/static/gxcfg.js?20151120045111 HTTP/1.1" 304 -
186.103.159.230 - - [11/Mar/2016:09:12:05 -0300] "GET /cormun/static/gxtimezone.js?85251 HTTP/1.1" 304 -
186.103.159.230 - - [11/Mar/2016:09:12:05 -0300] "GET /cormun/static/Resources/Spanish/PXTools.css?005343 HTTP/1.1" 304 -
186.103.159.230 - - [11/Mar/2016:09:12:05 -0300] "GET /cormun/static/messages.spa.js?85251 HTTP/1.1" 304 -
186.103.159.230 - - [11/Mar/2016:09:12:05 -0300] "GET /cormun/static/hlogin.js?20151120045126 HTTP/1.1" 304 -
186.103.159.46 - - [11/Mar/2016:09:12:07 -0300] "GET /cormun/servlet/trsolicitudot?67fdc692b10bd0b800ed7d7575f059010f23f28402f617c03067a4b52d8838aeab46d0a12e47fc3d2f6555f9ce4d8d2cbbbe1d4fb3ebacd28b30c1b6618c5969bff0f995427c2af8b75a1b898eae1d60bd851648b88d5c2cf61c8dc2550a0846,gx-no-cache=1457698354014 HTTP/1.1" 200 759
186.103.159.230 - - [11/Mar/2016:09:12:09 -0300] "GET /cormun/servlet/hlogin HTTP/1.1" 200 1715
186.103.159.46 - - [11/Mar/2016:09:12:09 -0300] "GET /cormun/servlet/trsolicitudot?67fdc692b10bd0b800ed7d7575f059010f23f28402f617c03067a4b52d8838ae2c41b8ee8e2b4582c6b3c834ee4a0018833a1e162e43a1b932083526edd0bd4dee09c52cdaae941fe3af1801c02cf2b7960517d735e28ad3add1a83dbc8b532f,gx-no-cache=1457698356794 HTTP/1.1" 200 759
186.103.159.46 - - [11/Mar/2016:09:12:12 -0300] "GET /cormun/servlet/trsolicitudot?67fdc692b10bd0b800ed7d7575f059010f23f28402f617c03067a4b52d8838ae964708cb4d09d01937e8aee42d5beb9d0204420caebe5649499df258b3c26029f8194b438d559e0703d4adc5c1a12c41178bc4066e773b3defa9c720bef8b62a,gx-no-cache=1457698359644 HTTP/1.1" 200 759
186.103.248.189 - - [11/Mar/2016:09:12:17 -0300] "GET /cormun/servlet/trvisualizadoreventos? HTTP/1.1" 200 5970
186.103.248.189 - - [11/Mar/2016:09:12:17 -0300] "GET /cormun/static/gxcfg.js?2016251828014 HTTP/1.1" 200 953
186.103.248.189 - - [11/Mar/2016:09:12:17 -0300] "GET /cormun/static/Resources/PXToolsActionPrint.png HTTP/1.1" 200 3317
186.103.248.189 - - [11/Mar/2016:09:12:17 -0300] "GET /cormun/static/trvisualizadoreventos.js?2016251828276 HTTP/1.1" 200 19096
186.103.248.189 - - [11/Mar/2016:09:12:17 -0300] "GET /cormun/static/Resources/Spanish/PXTools.css?17554516 HTTP/1.1" 200 89042
186.103.248.189 - - [11/Mar/2016:09:12:18 -0300] "GET /cormun/servlet/trvisualizadoreventos? HTTP/1.1" 200 5970
186.103.159.230 - - [11/Mar/2016:09:12:23 -0300] "POST /cormun/servlet/hlogin?8d1b2cf19fd05ebc29eb562064229d1e,gx-no-cache=1457698367553 HTTP/1.1" 200 90
186.103.159.230 - - [11/Mar/2016:09:12:23 -0300] "GET /cormun/servlet/hpexe_link HTTP/1.1" 200 947
186.103.159.230 - - [11/Mar/2016:09:12:23 -0300] "GET /cormun/static/gxcfg.js?20151120044395 HTTP/1.1" 304 -
186.103.159.230 - - [11/Mar/2016:09:12:23 -0300] "GET /cormun/static/hpexe_link.js?20151120044398 HTTP/1.1" 304 -
186.103.159.230 - - [11/Mar/2016:09:12:23 -0300] "GET /cormun/servlet/hhome HTTP/1.1" 200 3436
186.103.159.230 - - [11/Mar/2016:09:12:23 -0300] "GET /cormun/static/Resources/Spanish/PXTools.css?10515224 HTTP/1.1" 304 -
186.103.159.230 - - [11/Mar/2016:09:12:23 -0300] "GET /cormun/static/gxcfg.js?2015112210564248 HTTP/1.1" 304 -
186.103.159.230 - - [11/Mar/2016:09:12:23 -0300] "GET /cormun/static/hhome.js?2015112210564255 HTTP/1.1" 304 -
186.103.159.230 - - [11/Mar/2016:09:12:23 -0300] "GET /cormun/static/hwchdr01.js?20162241650484 HTTP/1.1" 304 -
186.103.159.230 - - [11/Mar/2016:09:12:23 -0300] "GET /cormun/static/hpexe_scripts.js?20151120014546 HTTP/1.1" 304 -
186.103.159.230 - - [11/Mar/2016:09:12:23 -0300] "GET /cormun/static/hpexe_recentlink.js?2015111312121342 HTTP/1.1" 304 -
186.103.159.230 - - [11/Mar/2016:09:12:23 -0300] "GET /cormun/static/hpexe_messagegenexuscomponent.js?20151120014314 HTTP/1.1" 304 -
186.103.159.230 - - [11/Mar/2016:09:12:23 -0300] "GET /cormun/static/hpexe_messagepopupcomponent.js?20163219454551 HTTP/1.1" 304 -
186.103.159.230 - - [11/Mar/2016:09:12:23 -0300] "GET /cormun/static/hpexe_messagecontroller.js?2015112210524422 HTTP/1.1" 304 -
186.103.159.230 - - [11/Mar/2016:09:12:23 -0300] "GET /cormun/static/cmcontrolpreferences.js?20151120014525 HTTP/1.1" 304 -
186.103.159.230 - - [11/Mar/2016:09:12:23 -0300] "GET /cormun/static/hmpwkw03.js?2016311993330 HTTP/1.1" 304 -
186.103.159.230 - - [11/Mar/2016:09:12:23 -0300] "GET /cormun/servlet/hhome HTTP/1.1" 200 3432
186.103.159.230 - - [11/Mar/2016:09:12:27 -0300] "GET /cormun/servlet/trsolicitudot? HTTP/1.1" 200 6196
186.103.159.230 - - [11/Mar/2016:09:12:27 -0300] "GET /cormun/static/Resources/Spanish/PXTools.css?18502099 HTTP/1.1" 304 -
186.103.159.230 - - [11/Mar/2016:09:12:27 -0300] "GET /cormun/static/calendar-es.js?85251 HTTP/1.1" 304 -
186.103.159.230 - - [11/Mar/2016:09:12:27 -0300] "GET /cormun/static/calendar.js?85251 HTTP/1.1" 304 -
186.103.159.230 - - [11/Mar/2016:09:12:27 -0300] "GET /cormun/static/gxcfg.js?201631185636 HTTP/1.1" 304 -
186.103.159.230 - - [11/Mar/2016:09:12:27 -0300] "GET /cormun/static/calendar-setup.js?85251 HTTP/1.1" 304 -
186.103.159.230 - - [11/Mar/2016:09:12:27 -0300] "GET /cormun/static/gxdec.js?85251 HTTP/1.1" 304 -
186.103.159.230 - - [11/Mar/2016:09:12:27 -0300] "GET /cormun/static/trsolicitudot.js?2016311856838 HTTP/1.1" 304 -
186.103.159.230 - - [11/Mar/2016:09:12:27 -0300] "GET /cormun/servlet/trsolicitudot? HTTP/1.1" 200 6195
186.103.159.46 - - [11/Mar/2016:09:12:28 -0300] "GET /cormun/servlet/solicitudot?INS,0,0, HTTP/1.1" 200 11375
186.103.248.189 - - [11/Mar/2016:09:12:28 -0300] "POST /cormun/servlet/trvisualizadoreventos?bba5c94d1edacdd681b80d0d1d7b320d,,gx-no-cache=1457698376431 HTTP/1.1" 200 3268
186.103.159.46 - - [11/Mar/2016:09:12:28 -0300] "GET /cormun/static/gxcfg.js?20163219435133 HTTP/1.1" 200 953
186.103.159.46 - - [11/Mar/2016:09:12:28 -0300] "GET /cormun/static/Resources/prompt.gif HTTP/1.1" 200 902
186.103.159.46 - - [11/Mar/2016:09:12:28 -0300] "GET /cormun/static/solicitudot.js?20163219435183 HTTP/1.1" 200 44151
186.103.159.46 - - [11/Mar/2016:09:12:28 -0300] "GET /cormun/static/Resources/Spanish/PXTools.css?1944839 HTTP/1.1" 200 89042
186.103.248.189 - - [11/Mar/2016:09:12:28 -0300] "POST /cormun/servlet/trvisualizadoreventos?bba5c94d1edacdd681b80d0d1d7b320d,,gx-no-cache=1457698376765 HTTP/1.1" 200 3268
186.103.248.189 - - [11/Mar/2016:09:12:29 -0300] "POST /cormun/servlet/trvisualizadoreventos?bba5c94d1edacdd681b80d0d1d7b320d,,gx-no-cache=1457698377098 HTTP/1.1" 200 3268
186.103.248.189 - - [11/Mar/2016:09:12:29 -0300] "POST /cormun/servlet/trvisualizadoreventos?bba5c94d1edacdd681b80d0d1d7b320d,,gx-no-cache=1457698377391 HTTP/1.1" 200 3268
186.103.159.230 - - [11/Mar/2016:09:12:30 -0300] "GET /cormun/servlet/solicitudot?INS,0,0, HTTP/1.1" 200 11444
186.103.159.230 - - [11/Mar/2016:09:12:30 -0300] "GET /cormun/static/Resources/Spanish/PXTools.css?1944839 HTTP/1.1" 304 -
186.103.159.230 - - [11/Mar/2016:09:12:30 -0300] "GET /cormun/static/gxcfg.js?20163219435133 HTTP/1.1" 304 -
186.103.159.230 - - [11/Mar/2016:09:12:30 -0300] "GET /cormun/static/solicitudot.js?20163219435183 HTTP/1.1" 304 -
186.103.159.46 - - [11/Mar/2016:09:12:31 -0300] "GET /cormun/servlet/solicitudot?INS,0,0, HTTP/1.1" 200 11379
186.103.159.230 - - [11/Mar/2016:09:12:31 -0300] "GET /cormun/servlet/solicitudot?INS,0,0, HTTP/1.1" 200 11449
186.103.248.189 - - [11/Mar/2016:09:12:32 -0300] "POST /cormun/servlet/trvisualizadoreventos?bba5c94d1edacdd681b80d0d1d7b320d,,gx-no-cache=1457698380638 HTTP/1.1" 200 3563
186.103.248.189 - - [11/Mar/2016:09:12:32 -0300] "GET /cormun/servlet/trvisualizadoreventos?7b4f947aabe0e012b7d44a887c5370a44457fdfd745b41190fdfc85164f7127e57b25da1012d2b063817373dde26de44139d0bb07377efc9c7fc77fd027db542a79834c76a2de9d28c56df3bdbbf887b0b9c6954c35d4f77bd310f21262c8d6c58c5920e23dd98321054e85008e90b9472f28183afd257772cad494d9b181066a1e16bf7bf5cbad3da64267b01b24de201eee43603f1187e62db53ddd99c114deb9333a0dd8f630072f2a25fc446621a4a218cc87735b7bce4a885200881dbef,gx-no-cache=1457698381059 HTTP/1.1" 200 900
186.103.248.189 - - [11/Mar/2016:09:12:43 -0300] "POST /cormun/servlet/trvisualizadoreventos?bba5c94d1edacdd681b80d0d1d7b320d,,gx-no-cache=1457698391344 HTTP/1.1" 200 3570
186.103.248.189 - - [11/Mar/2016:09:12:43 -0300] "GET /cormun/servlet/trvisualizadoreventos?7b4f947aabe0e012b7d44a887c5370a44814d3603dfdc85090c89868e916dd445d7424e573c68fbb9f421c71cf1a6f2b139d0bb07377efc9c7fc77fd027db542a79834c76a2de9d28c56df3bdbbf887b0b9c6954c35d4f77bd310f21262c8d6c58c5920e23dd98321054e85008e90b9472f28183afd257772cad494d9b181066a1e16bf7bf5cbad3da64267b01b24de201eee43603f1187e62db53ddd99c114deb9333a0dd8f630072f2a25fc446621a84e3d90f29143b7926ba698f936cb915,gx-no-cache=1457698391749 HTTP/1.1" 200 908
186.103.156.166 - - [11/Mar/2016:09:12:50 -0300] "GET /cormun/servlet/hlogin HTTP/1.1" 200 1719
186.103.156.166 - - [11/Mar/2016:09:12:51 -0300] "GET /cormun/static/gxtimezone.js?85251 HTTP/1.1" 200 5781
186.103.156.166 - - [11/Mar/2016:09:12:51 -0300] "GET /cormun/static/gxcfg.js?20151120045111 HTTP/1.1" 200 953
186.103.156.166 - - [11/Mar/2016:09:12:51 -0300] "GET /cormun/static/Resources/Spanish/PXTools.css?005343 HTTP/1.1" 200 89042
186.103.156.166 - - [11/Mar/2016:09:12:51 -0300] "GET /cormun/static/messages.spa.js?85251 HTTP/1.1" 200 30736
186.103.156.166 - - [11/Mar/2016:09:12:51 -0300] "GET /cormun/static/gxgral.js?85251 HTTP/1.1" 200 384558
186.103.156.166 - - [11/Mar/2016:09:12:51 -0300] "GET /cormun/static/hlogin.js?20151120045126 HTTP/1.1" 200 2136
186.103.156.166 - - [11/Mar/2016:09:12:51 -0300] "GET /cormun/static/Resources/ComunLogin.png HTTP/1.1" 200 17326
186.103.156.166 - - [11/Mar/2016:09:12:51 -0300] "GET /cormun/static/Resources/PXToolsLoginTop.png HTTP/1.1" 200 1337
186.103.156.166 - - [11/Mar/2016:09:12:51 -0300] "GET /cormun/static/Resources/PXToolsButtonRight21.png HTTP/1.1" 200 1283
186.103.156.166 - - [11/Mar/2016:09:12:51 -0300] "GET /cormun/static/Resources/PXToolsButtonLeft21.png HTTP/1.1" 200 1287
186.103.156.166 - - [11/Mar/2016:09:12:51 -0300] "GET /cormun/static/Resources/PXToolsLoginBackground.png HTTP/1.1" 200 1164
186.103.156.166 - - [11/Mar/2016:09:12:51 -0300] "GET /cormun/static/Resources/PXToolsButtonBackground2.png HTTP/1.1" 200 1181
186.103.156.166 - - [11/Mar/2016:09:12:51 -0300] "GET /cormun/static/Resources/PXToolsLoginBottom.png HTTP/1.1" 200 1389
186.103.156.166 - - [11/Mar/2016:09:12:51 -0300] "GET /cormun/static/Resources/indicator.gif HTTP/1.1" 200 1553
186.103.156.166 - - [11/Mar/2016:09:12:51 -0300] "GET /cormun/servlet/hlogin HTTP/1.1" 200 1724
186.103.156.166 - - [11/Mar/2016:09:12:51 -0300] "GET /favicon.ico HTTP/1.1" 200 21630
186.103.248.189 - - [11/Mar/2016:09:12:51 -0300] "GET /cormun/servlet/hlogin HTTP/1.1" 200 1744
186.78.63.212 - - [11/Mar/2016:09:13:02 -0300] "GET /cormun/servlet/hlogin HTTP/1.1" 200 1718
186.103.159.46 - - [11/Mar/2016:09:13:04 -0300] "POST /cormun/servlet/solicitudot?gx-no-cache=1457698411650 HTTP/1.1" 200 2668
186.103.159.46 - - [11/Mar/2016:09:13:05 -0300] "POST /cormun/servlet/solicitudot?5509bc745ae18fad83e3400125a62ffc,INS,0,0,,gx-no-cache=1457698411870 HTTP/1.1" 200 8261
186.103.159.230 - - [11/Mar/2016:09:13:06 -0300] "POST /cormun/servlet/solicitudot?gx-no-cache=1457698410988 HTTP/1.1" 200 2757
186.103.159.230 - - [11/Mar/2016:09:13:06 -0300] "POST /cormun/servlet/solicitudot?8d1b2cf19fd05ebc29eb562064229d1e,INS,0,0,,gx-no-cache=1457698411138 HTTP/1.1" 200 8399
186.103.159.46 - - [11/Mar/2016:09:13:09 -0300] "GET /cormun/static/Resources/resize.gif HTTP/1.1" 200 77
186.103.159.46 - - [11/Mar/2016:09:13:09 -0300] "GET /cormun/servlet/prfichaempleado?,MD,,gxPopupLevel%3D0%3B HTTP/1.1" 200 7843
186.103.159.46 - - [11/Mar/2016:09:13:10 -0300] "GET /cormun/static/gxui/gxui-all.css?1917420 HTTP/1.1" 200 2179
186.103.159.46 - - [11/Mar/2016:09:13:10 -0300] "GET /cormun/static/scaMessage/css/jquery-ui.css?104140 HTTP/1.1" 404 1045
186.103.159.46 - - [11/Mar/2016:09:13:10 -0300] "GET /cormun/static/gxcfg.js?201511151625694 HTTP/1.1" 200 953
186.103.159.46 - - [11/Mar/2016:09:13:10 -0300] "GET /cormun/static/Resources/PXToolsMenuSearch.png HTTP/1.1" 200 2914
186.103.159.46 - - [11/Mar/2016:09:13:10 -0300] "GET /cormun/static/Resources/PXToolsMenuSearchCancel.png HTTP/1.1" 200 2972
186.103.159.46 - - [11/Mar/2016:09:13:10 -0300] "GET /cormun/static/Resources/Spanish/PXTools.css?16184758 HTTP/1.1" 200 89042
186.103.159.46 - - [11/Mar/2016:09:13:10 -0300] "GET /cormun/static/prfichaempleado.js?201511151625857 HTTP/1.1" 200 14240
186.103.159.46 - - [11/Mar/2016:09:13:10 -0300] "GET /cormun/static/menusearch.js?20163219454787 HTTP/1.1" 200 1424
186.103.159.46 - - [11/Mar/2016:09:13:10 -0300] "GET /cormun/static/hmpwkw01.js?201511211495945 HTTP/1.1" 200 2037
186.103.159.46 - - [11/Mar/2016:09:13:11 -0300] "GET /cormun/static/Shared/jqueryui/jquery-ui.min-1.8.js HTTP/1.1" 200 213511
186.103.156.166 - - [11/Mar/2016:09:13:12 -0300] "POST /cormun/servlet/hlogin?f5e2f3c6dc0a6fc71a675a17fd8d138f,gx-no-cache=1457698427288 HTTP/1.1" 200 90
186.103.156.166 - - [11/Mar/2016:09:13:12 -0300] "GET /cormun/servlet/hpexe_link HTTP/1.1" 200 948
186.103.156.166 - - [11/Mar/2016:09:13:12 -0300] "GET /cormun/static/hpexe_link.js?20151120044398 HTTP/1.1" 200 625
186.103.156.166 - - [11/Mar/2016:09:13:12 -0300] "GET /cormun/static/gxcfg.js?20151120044395 HTTP/1.1" 200 953
186.103.156.166 - - [11/Mar/2016:09:13:13 -0300] "GET /cormun/servlet/hhome HTTP/1.1" 200 3412
186.103.156.166 - - [11/Mar/2016:09:13:13 -0300] "GET /cormun/static/scaMessage/css/jquery.pnotify.default.css?1816380 HTTP/1.1" 200 1707
186.103.156.166 - - [11/Mar/2016:09:13:13 -0300] "GET /cormun/static/SmoothNavMenu/resources/ddsmoothmenu-v.css?1112540 HTTP/1.1" 200 1188
186.103.156.166 - - [11/Mar/2016:09:13:13 -0300] "GET /cormun/static/gxcfg.js?2015112210564248 HTTP/1.1" 200 953
186.103.156.166 - - [11/Mar/2016:09:13:13 -0300] "GET /cormun/static/Shared/jqueryui/jquery-ui.min.css?1345370 HTTP/1.1" 200 30288
186.103.156.166 - - [11/Mar/2016:09:13:13 -0300] "GET /cormun/static/SmoothNavMenu/resources/ddsmoothmenu.css?1112540 HTTP/1.1" 200 2223
186.103.156.166 - - [11/Mar/2016:09:13:13 -0300] "GET /cormun/static/Resources/Spanish/PXTools.css?10515224 HTTP/1.1" 200 89042
186.103.156.166 - - [11/Mar/2016:09:13:13 -0300] "GET /cormun/static/PXToolsJavascripts/pexe_autoreload.js HTTP/1.1" 200 1762
186.103.156.166 - - [11/Mar/2016:09:13:13 -0300] "GET /cormun/static/PXToolsJavascripts/pexe_windows.js HTTP/1.1" 200 15207
186.103.156.166 - - [11/Mar/2016:09:13:13 -0300] "GET /cormun/static/PXToolsJavascripts/pexe_cookies.js HTTP/1.1" 200 792
186.103.156.166 - - [11/Mar/2016:09:13:13 -0300] "GET /cormun/static/PXToolsJavascripts/pexe_grid.js HTTP/1.1" 200 7559
186.103.156.166 - - [11/Mar/2016:09:13:13 -0300] "GET /cormun/static/PXToolsJavascripts/pexe_menus.js HTTP/1.1" 200 1286
186.103.156.166 - - [11/Mar/2016:09:13:13 -0300] "GET /cormun/static/PXToolsJavascripts/pexe_griddivfix.js HTTP/1.1" 200 6644
186.103.156.166 - - [11/Mar/2016:09:13:13 -0300] "GET /cormun/static/PXToolsJavascripts/pexe_menudivfix.js HTTP/1.1" 200 333
186.103.156.166 - - [11/Mar/2016:09:13:13 -0300] "GET /cormun/static/PXToolsJavascripts/pexe_link.js HTTP/1.1" 200 5671
186.103.156.166 - - [11/Mar/2016:09:13:13 -0300] "GET /cormun/static/PXToolsJavascripts/pexe_layers.js HTTP/1.1" 200 4114
186.103.156.166 - - [11/Mar/2016:09:13:13 -0300] "GET /cormun/static/PXToolsJavascripts/pexe_oav.js HTTP/1.1" 200 645
186.103.156.166 - - [11/Mar/2016:09:13:13 -0300] "GET /cormun/static/PXToolsJavascripts/pexe_oavdivfix.js HTTP/1.1" 200 639
186.103.156.166 - - [11/Mar/2016:09:13:13 -0300] "GET /cormun/static/PXToolsJavascripts/pexe_picture.js HTTP/1.1" 200 689
186.103.156.166 - - [11/Mar/2016:09:13:13 -0300] "GET /cormun/static/PXToolsJavascripts/pexe_tabdivfix.js HTTP/1.1" 200 876
186.103.156.166 - - [11/Mar/2016:09:13:13 -0300] "GET /cormun/static/PXToolsJavascripts/pexe_tabs.js HTTP/1.1" 200 3748
186.103.156.166 - - [11/Mar/2016:09:13:13 -0300] "GET /cormun/static/PXToolsJavascripts/pexe_scrolldiv.js HTTP/1.1" 200 4138
186.103.156.166 - - [11/Mar/2016:09:13:13 -0300] "GET /cormun/static/PXToolsJavascripts/pexe_popup.js HTTP/1.1" 200 13458
186.103.156.166 - - [11/Mar/2016:09:13:13 -0300] "GET /cormun/static/PXToolsJavascripts/pexe_upload.js HTTP/1.1" 200 1423
186.103.156.166 - - [11/Mar/2016:09:13:13 -0300] "GET /cormun/static/PXToolsJavascripts/PXToolsJavascriptsRender.js HTTP/1.1" 200 367
186.103.156.166 - - [11/Mar/2016:09:13:13 -0300] "GET /cormun/static/RunJS/RunJS.js HTTP/1.1" 200 288
186.103.156.166 - - [11/Mar/2016:09:13:13 -0300] "GET /cormun/static/hhome.js?2015112210564255 HTTP/1.1" 200 777
186.103.156.166 - - [11/Mar/2016:09:13:13 -0300] "GET /cormun/static/Shared/ext/locale/ext-lang-en.js HTTP/1.1" 200 10940
186.103.156.166 - - [11/Mar/2016:09:13:13 -0300] "GET /cormun/static/hwchdr01.js?20162241650484 HTTP/1.1" 200 1183
186.103.156.166 - - [11/Mar/2016:09:13:13 -0300] "GET /cormun/static/hpexe_recentlink.js?2015111312121342 HTTP/1.1" 200 2144
186.103.156.166 - - [11/Mar/2016:09:13:13 -0300] "GET /cormun/static/gxui/gxui-all.js HTTP/1.1" 200 107772
186.103.156.166 - - [11/Mar/2016:09:13:13 -0300] "GET /cormun/static/hpexe_messagepopupcomponent.js?20163219454551 HTTP/1.1" 200 605
186.103.156.166 - - [11/Mar/2016:09:13:13 -0300] "GET /cormun/static/hpexe_messagecontroller.js?2015112210524422 HTTP/1.1" 200 870
186.103.156.166 - - [11/Mar/2016:09:13:13 -0300] "GET /cormun/static/hpexe_scripts.js?20151120014546 HTTP/1.1" 200 1544
186.103.156.166 - - [11/Mar/2016:09:13:13 -0300] "GET /cormun/static/hpexe_messagegenexuscomponent.js?20151120014314 HTTP/1.1" 200 587
186.103.156.166 - - [11/Mar/2016:09:13:13 -0300] "GET /cormun/static/Resources/PXToolsHeaderBackground2.png HTTP/1.1" 200 1174
186.103.156.166 - - [11/Mar/2016:09:13:13 -0300] "GET /cormun/static/Resources/PXToolsHeaderActionsBackground.png HTTP/1.1" 200 484
186.103.156.166 - - [11/Mar/2016:09:13:13 -0300] "GET /cormun/static/Resources/PXToolsHeaderHome.png HTTP/1.1" 200 4147
186.103.156.166 - - [11/Mar/2016:09:13:13 -0300] "GET /cormun/static/Resources/PXToolsHeaderActionsRight.png HTTP/1.1" 200 1201
186.103.156.166 - - [11/Mar/2016:09:13:13 -0300] "GET /cormun/static/Resources/PXToolsDataTitle.png HTTP/1.1" 200 1173
186.103.156.166 - - [11/Mar/2016:09:13:13 -0300] "GET /cormun/static/Resources/PXToolsHeaderActionsLeft.png HTTP/1.1" 200 1118
186.103.156.166 - - [11/Mar/2016:09:13:13 -0300] "GET /cormun/static/Resources/PXToolsFooterBackground2.png HTTP/1.1" 200 1172
186.103.156.166 - - [11/Mar/2016:09:13:13 -0300] "GET /cormun/static/Resources/PXToolsHeaderLogin.png HTTP/1.1" 200 4279
186.103.156.166 - - [11/Mar/2016:09:13:13 -0300] "GET /cormun/static/Resources/PXToolsHeaderPreferences.png HTTP/1.1" 200 4189
186.103.156.166 - - [11/Mar/2016:09:13:13 -0300] "GET /cormun/static/Resources/logo4.png HTTP/1.1" 200 6582
186.103.156.166 - - [11/Mar/2016:09:13:13 -0300] "GET /cormun/static/Resources/PXToolsHeaderSecurity.png HTTP/1.1" 200 4166
186.103.156.166 - - [11/Mar/2016:09:13:13 -0300] "GET /cormun/static/cmcontrolpreferences.js?20151120014525 HTTP/1.1" 200 1375
186.103.156.166 - - [11/Mar/2016:09:13:13 -0300] "GET /cormun/static/Shared/jquery/jquery-1.4.2.min.js HTTP/1.1" 200 72174
186.103.156.166 - - [11/Mar/2016:09:13:13 -0300] "GET /cormun/static/SmoothNavMenu/resources/SmoothNavMenuRender.js HTTP/1.1" 200 5951
186.103.156.166 - - [11/Mar/2016:09:13:13 -0300] "GET /cormun/static/SmoothNavMenu/resources/ddsmoothmenu.js HTTP/1.1" 200 12712
186.103.156.166 - - [11/Mar/2016:09:13:13 -0300] "GET /cormun/static/scaMessage/js/jquery.pnotify.min.js HTTP/1.1" 200 13038
186.103.156.166 - - [11/Mar/2016:09:13:13 -0300] "GET /cormun/static/scaMessage/scaMessageRender.js HTTP/1.1" 200 11977
186.103.156.166 - - [11/Mar/2016:09:13:13 -0300] "GET /cormun/static/Shared/jquery/jquery-1.10.2.min.js HTTP/1.1" 200 273199
186.103.156.166 - - [11/Mar/2016:09:13:13 -0300] "GET /cormun/static/Shared/ext/ext-all.js HTTP/1.1" 200 1289687
186.103.156.166 - - [11/Mar/2016:09:13:14 -0300] "GET /cormun/static/hmpwkw03.js?2016311993330 HTTP/1.1" 200 3898
186.103.156.166 - - [11/Mar/2016:09:13:14 -0300] "GET /cormun/static/Shared/jqueryui/jquery-ui.min.js HTTP/1.1" 200 240427
186.103.156.166 - - [11/Mar/2016:09:13:14 -0300] "GET /cormun/servlet/hhome HTTP/1.1" 200 3409
186.103.156.166 - - [11/Mar/2016:09:13:14 -0300] "GET /cormun/static/SmoothNavMenu/resources/images/down.gif HTTP/1.1" 200 854
186.103.159.46 - - [11/Mar/2016:09:13:15 -0300] "POST /cormun/servlet/acontrolpreferencessavestate?None,CA-JAR,true HTTP/1.1" 200 35
186.103.159.230 - - [11/Mar/2016:09:13:18 -0300] "GET /cormun/servlet/solicitudot?9bd76176bb7aa01b2d309eb77842f52b6628b002eb04bc7b9e8c62a713d995fd8f9c0ff570d58fd7e94e9035d76bbfd9,gx-no-cache=1457698422671 HTTP/1.1" 200 30
186.103.159.230 - - [11/Mar/2016:09:13:18 -0300] "POST /cormun/servlet/solicitudot?gx-no-cache=1457698422716 HTTP/1.1" 200 30
186.78.63.212 - - [11/Mar/2016:09:13:18 -0300] "POST /cormun/servlet/hlogin?4e9238275656d6b9f9de3c437df536aa,gx-no-cache=1457698429143 HTTP/1.1" 200 90
186.78.63.212 - - [11/Mar/2016:09:13:18 -0300] "GET /cormun/servlet/hpexe_link HTTP/1.1" 200 948
186.78.63.212 - - [11/Mar/2016:09:13:19 -0300] "GET /cormun/servlet/hhome HTTP/1.1" 200 3467
186.78.63.212 - - [11/Mar/2016:09:13:21 -0300] "GET /cormun/servlet/hhome HTTP/1.1" 200 3466
186.103.248.189 - - [11/Mar/2016:09:13:22 -0300] "POST /cormun/servlet/hlogin?bba5c94d1edacdd681b80d0d1d7b320d,gx-no-cache=1457698430076 HTTP/1.1" 200 90
186.103.248.189 - - [11/Mar/2016:09:13:22 -0300] "GET /cormun/servlet/hpexe_link HTTP/1.1" 200 964
186.103.248.189 - - [11/Mar/2016:09:13:22 -0300] "GET /cormun/servlet/trvisualizadoreventos? HTTP/1.1" 200 6267
186.103.248.189 - - [11/Mar/2016:09:13:23 -0300] "GET /cormun/servlet/trvisualizadoreventos? HTTP/1.1" 200 6266
186.103.156.166 - - [11/Mar/2016:09:13:23 -0300] "GET /cormun/servlet/trsolicitudot? HTTP/1.1" 200 6178
186.103.156.166 - - [11/Mar/2016:09:13:23 -0300] "GET /cormun/static/gxui/gxui-all.css?120300 HTTP/1.1" 200 2179
186.103.156.166 - - [11/Mar/2016:09:13:23 -0300] "GET /cormun/static/calendar-system.css?85620 HTTP/1.1" 200 5572
186.103.156.166 - - [11/Mar/2016:09:13:23 -0300] "GET /cormun/static/calendar.js?85251 HTTP/1.1" 200 26246
186.103.156.166 - - [11/Mar/2016:09:13:23 -0300] "GET /cormun/static/gxcfg.js?201631185636 HTTP/1.1" 200 953
186.103.156.166 - - [11/Mar/2016:09:13:23 -0300] "GET /cormun/static/calendar-setup.js?85251 HTTP/1.1" 200 2588
186.103.156.166 - - [11/Mar/2016:09:13:23 -0300] "GET /cormun/static/calendar-es.js?85251 HTTP/1.1" 200 1901
186.103.156.166 - - [11/Mar/2016:09:13:23 -0300] "GET /cormun/static/Resources/Spanish/PXTools.css?18502099 HTTP/1.1" 200 89042
186.103.156.166 - - [11/Mar/2016:09:13:23 -0300] "GET /cormun/static/Shared/ext/resources/css/ext-all.css?215870 HTTP/1.1" 200 416045
186.103.156.166 - - [11/Mar/2016:09:13:23 -0300] "GET /cormun/static/gxdec.js?85251 HTTP/1.1" 200 19579
186.103.156.166 - - [11/Mar/2016:09:13:23 -0300] "GET /cormun/static/trsolicitudot.js?2016311856838 HTTP/1.1" 200 45326
186.103.156.166 - - [11/Mar/2016:09:13:23 -0300] "GET /cormun/static/Resources/PXTools/calendar.png HTTP/1.1" 200 1306
186.103.156.166 - - [11/Mar/2016:09:13:23 -0300] "GET /cormun/static/Resources/PXToolsDataSearch.png HTTP/1.1" 200 419
186.103.156.166 - - [11/Mar/2016:09:13:23 -0300] "GET /cormun/static/Resources/PXToolsGridFirst.gif HTTP/1.1" 200 379
186.103.156.166 - - [11/Mar/2016:09:13:23 -0300] "GET /cormun/static/Resources/PXToolsGridPrevious.gif HTTP/1.1" 200 369
186.103.156.166 - - [11/Mar/2016:09:13:23 -0300] "GET /cormun/static/Resources/PXToolsGridNext.gif HTTP/1.1" 200 369
186.103.156.166 - - [11/Mar/2016:09:13:23 -0300] "GET /cormun/static/Resources/PXToolsGridLast.gif HTTP/1.1" 200 370
186.103.156.166 - - [11/Mar/2016:09:13:23 -0300] "GET /cormun/static/Resources/PXToolsActionExcel.png HTTP/1.1" 200 3187
186.103.156.166 - - [11/Mar/2016:09:13:23 -0300] "GET /cormun/static/Resources/PXToolsGridNew.png HTTP/1.1" 200 2949
186.103.156.166 - - [11/Mar/2016:09:13:24 -0300] "GET /cormun/static/Resources/asc.gif HTTP/1.1" 200 67
186.103.156.166 - - [11/Mar/2016:09:13:24 -0300] "GET /cormun/static/Resources/desc.gif HTTP/1.1" 200 65
186.103.156.166 - - [11/Mar/2016:09:13:24 -0300] "GET /cormun/servlet/trsolicitudot? HTTP/1.1" 200 6178
186.103.156.166 - - [11/Mar/2016:09:13:24 -0300] "GET /cormun/static/Shared/ext/resources/themes/images/default/panel/bg-headersPanel.png HTTP/1.1" 200 255
186.103.156.166 - - [11/Mar/2016:09:13:24 -0300] "GET /cormun/static/Shared/ext/resources/themes/images/default/tools/tool-sprites.gif HTTP/1.1" 200 5434
186.78.63.212 - - [11/Mar/2016:09:13:26 -0300] "GET /cormun/servlet/trsolicitudot? HTTP/1.1" 200 6230
186.103.248.189 - - [11/Mar/2016:09:13:26 -0300] "GET /cormun/servlet/trsolicitudot? HTTP/1.1" 200 6218
186.103.248.189 - - [11/Mar/2016:09:13:27 -0300] "GET /cormun/servlet/trsolicitudot? HTTP/1.1" 200 6217
186.78.63.212 - - [11/Mar/2016:09:13:28 -0300] "GET /cormun/servlet/trsolicitudot? HTTP/1.1" 200 6229
186.103.156.166 - - [11/Mar/2016:09:13:28 -0300] "POST /cormun/servlet/trsolicitudot?f5e2f3c6dc0a6fc71a675a17fd8d138f,,gx-no-cache=1457698443272 HTTP/1.1" 200 3472
186.103.159.230 - - [11/Mar/2016:09:13:29 -0300] "POST /cormun/servlet/solicitudot?gx-no-cache=1457698433620 HTTP/1.1" 200 30
186.103.248.189 - - [11/Mar/2016:09:13:31 -0300] "GET /cormun/servlet/solicitudot?INS,0,0, HTTP/1.1" 200 11485
186.103.159.46 - - [11/Mar/2016:09:13:31 -0300] "GET /cormun/servlet/prfichaempleado?67fdc692b10bd0b800ed7d7575f059010d3d4fe746cba7f2e1452f00377a59392995ad5adde93bc1d39f994a2bd2ca47e9ee7289bcf88db637a7f126885dc34d,gx-no-cache=1457698438564 HTTP/1.1" 200 461
186.103.248.189 - - [11/Mar/2016:09:13:32 -0300] "GET /cormun/servlet/solicitudot?INS,0,0, HTTP/1.1" 200 11489
186.78.63.212 - - [11/Mar/2016:09:13:32 -0300] "GET /cormun/static/menuarrow.gif HTTP/1.1" 404 1015
186.103.159.46 - - [11/Mar/2016:09:13:33 -0300] "GET /cormun/servlet/prfichaempleado?67fdc692b10bd0b800ed7d7575f05901556520fd8f483ad8f3426a7934ada68217805aa91a03d331467e3ba2b74f3d5e7f911d411deed47d8cbf0fc86feee4fcc1186aba79cccb1ca368a1305cd0cb3c,gx-no-cache=1457698440075 HTTP/1.1" 200 463
186.103.159.230 - - [11/Mar/2016:09:13:33 -0300] "POST /cormun/servlet/solicitudot?gx-no-cache=1457698437984 HTTP/1.1" 200 452
186.103.159.230 - - [11/Mar/2016:09:13:33 -0300] "GET /cormun/servlet/solicitudot?9bd76176bb7aa01b2d309eb77842f52bd316f1053fbe8da5a54023570f950a6436875f9c6b3d328189e62bafc60c4e11afb384c4e497dd3a639e29a82c08af3826cc9137976318897b19c36a69ebb27141c533a97a54b0012d28373d8bd7030ff642fefa589a58b88ea4c773f65288a037a2ccb6794891c19c9a3637c3b1bbccf2327c7f7367ca8374494e90ac41408c,gx-no-cache=1457698438028 HTTP/1.1" 200 38
186.78.63.212 - - [11/Mar/2016:09:13:36 -0300] "POST /cormun/servlet/trsolicitudot?4e9238275656d6b9f9de3c437df536aa,,gx-no-cache=1457698447415 HTTP/1.1" 200 5260
186.78.63.212 - - [11/Mar/2016:09:13:37 -0300] "POST /cormun/servlet/trsolicitudot?4e9238275656d6b9f9de3c437df536aa,,gx-no-cache=1457698447942 HTTP/1.1" 200 5261
186.103.159.230 - - [11/Mar/2016:09:13:48 -0300] "GET /cormun/servlet/solicitudot?9bd76176bb7aa01b2d309eb77842f52b13e8a336e34b3c219eca592d8d51f258bf045faecb13971755d33e9458f3d7281ad4ddf8869ecf0942e34587c048e5299a76ff358c374806608f376ab0b9283f19bc99a165b1a58f270a2e59c6a571371490c84b9a584c10cbbf2b918d40fc4b73e8963ad65999cab9f87f933c832f8685847ee9b29e8d305f72cd39aa4b1f17981366ad0cf1eaef0b52d747fd595dfa,gx-no-cache=1457698452678 HTTP/1.1" 200 29
186.103.159.46 - - [11/Mar/2016:09:13:48 -0300] "GET /cormun/servlet/solicitudot?524bbe4f110779d4c2a2f16a42a667cf277ecaa62e2c9ccfd9cfc463eba4490dc1186aba79cccb1ca368a1305cd0cb3c,gx-no-cache=1457698455134 HTTP/1.1" 200 30
186.103.159.230 - - [11/Mar/2016:09:13:49 -0300] "POST /cormun/servlet/solicitudot?gx-no-cache=1457698453980 HTTP/1.1" 200 1128
186.103.156.166 - - [11/Mar/2016:09:13:54 -0300] "GET /cormun/servlet/trsolicitudot?0e35615226b28700642de8158fa6538d5a32d987d420c89171a4f0349c19eb769e3b626a61271cd1e6e79c5044679044b0d5bd6b1a7b7cb40374cb5611c03cdf01fc143a8c622740422926133baaa3aafcbfc937e0eea3d6a128006f45da1427,gx-no-cache=1457698469019 HTTP/1.1" 200 759
186.78.63.212 - - [11/Mar/2016:09:14:10 -0300] "POST /cormun/servlet/trsolicitudot?4e9238275656d6b9f9de3c437df536aa,,gx-no-cache=1457698480960 HTTP/1.1" 200 3499
186.78.63.212 - - [11/Mar/2016:09:14:11 -0300] "POST /cormun/servlet/trsolicitudot?4e9238275656d6b9f9de3c437df536aa,,gx-no-cache=1457698481544 HTTP/1.1" 200 3499
186.78.63.212 - - [11/Mar/2016:09:14:11 -0300] "POST /cormun/servlet/trsolicitudot?4e9238275656d6b9f9de3c437df536aa,,gx-no-cache=1457698481949 HTTP/1.1" 200 3499
186.78.63.212 - - [11/Mar/2016:09:14:12 -0300] "POST /cormun/servlet/trsolicitudot?4e9238275656d6b9f9de3c437df536aa,,gx-no-cache=1457698482560 HTTP/1.1" 200 3500
186.78.63.212 - - [11/Mar/2016:09:14:12 -0300] "POST /cormun/servlet/trsolicitudot?4e9238275656d6b9f9de3c437df536aa,,gx-no-cache=1457698482975 HTTP/1.1" 200 3500
186.78.63.212 - - [11/Mar/2016:09:14:12 -0300] "POST /cormun/servlet/trsolicitudot?4e9238275656d6b9f9de3c437df536aa,,gx-no-cache=1457698483403 HTTP/1.1" 200 100
186.78.63.212 - - [11/Mar/2016:09:14:13 -0300] "GET /cormun/servlet/trsolicitudadjuntos?0,0, HTTP/1.1" 200 5347
186.103.156.166 - - [11/Mar/2016:09:14:13 -0300] "GET /cormun/servlet/trsolicitudot?0e35615226b28700642de8158fa6538d5a32d987d420c89171a4f0349c19eb769e3b626a61271cd1e6e79c5044679044b0d5bd6b1a7b7cb40374cb5611c03cdf01fc143a8c622740422926133baaa3aafcbfc937e0eea3d6a128006f45da1427,gx-no-cache=1457698487634 HTTP/1.1" 200 759
186.78.63.212 - - [11/Mar/2016:09:14:15 -0300] "GET /cormun/servlet/trsolicitudadjuntos?0,0, HTTP/1.1" 200 5347
186.103.156.166 - - [11/Mar/2016:09:14:31 -0300] "GET /cormun/servlet/solicitudot?INS,0,0, HTTP/1.1" 200 11405
186.103.156.166 - - [11/Mar/2016:09:14:31 -0300] "GET /cormun/static/gxcfg.js?20163219435133 HTTP/1.1" 200 953
186.103.156.166 - - [11/Mar/2016:09:14:31 -0300] "GET /cormun/static/Resources/Spanish/PXTools.css?1944839 HTTP/1.1" 200 89042
186.103.156.166 - - [11/Mar/2016:09:14:31 -0300] "GET /cormun/static/solicitudot.js?20163219435183 HTTP/1.1" 200 44151
186.103.156.166 - - [11/Mar/2016:09:14:31 -0300] "GET /cormun/static/Resources/prompt.gif HTTP/1.1" 200 902
186.103.156.166 - - [11/Mar/2016:09:14:32 -0300] "GET /cormun/servlet/solicitudot?INS,0,0, HTTP/1.1" 200 11409
186.103.156.166 - - [11/Mar/2016:09:15:02 -0300] "POST /cormun/servlet/solicitudot?gx-no-cache=1457698536554 HTTP/1.1" 200 2779
186.103.156.166 - - [11/Mar/2016:09:15:02 -0300] "POST /cormun/servlet/solicitudot?f5e2f3c6dc0a6fc71a675a17fd8d138f,INS,0,0,,gx-no-cache=1457698536746 HTTP/1.1" 200 8380
186.103.248.189 - - [11/Mar/2016:09:15:02 -0300] "POST /cormun/servlet/solicitudot?gx-no-cache=1457698530620 HTTP/1.1" 200 2791
186.103.248.189 - - [11/Mar/2016:09:15:03 -0300] "POST /cormun/servlet/solicitudot?bba5c94d1edacdd681b80d0d1d7b320d,INS,0,0,,gx-no-cache=1457698531203 HTTP/1.1" 200 8418
186.103.248.189 - - [11/Mar/2016:09:15:03 -0300] "GET /cormun/servlet/solicitudot?d1569fc545609a809b8375e495eb1999db8d116367787049254fee3e3dc81e01f98d9dcbdc96a405c6a98697f511dacd,gx-no-cache=1457698531784 HTTP/1.1" 200 30
186.78.63.212 - - [11/Mar/2016:09:15:11 -0300] "GET /cormun/servlet/hlogin HTTP/1.1" 200 1720
186.103.156.166 - - [11/Mar/2016:09:15:26 -0300] "GET /cormun/servlet/solicitudot?e93e37ea74e79c4543d340fb12138e9321f81e8815ff0f829481f752b686f683f64a28ac8bd3eed5ae63462d339d41ed,gx-no-cache=1457698560787 HTTP/1.1" 200 30
186.103.156.166 - - [11/Mar/2016:09:15:26 -0300] "POST /cormun/servlet/solicitudot?gx-no-cache=1457698560871 HTTP/1.1" 200 30
186.78.63.212 - - [11/Mar/2016:09:15:29 -0300] "POST /cormun/servlet/hlogin?09593c05870bbaf4bd3e0c3d46a1ad96,gx-no-cache=1457698559785 HTTP/1.1" 200 90
186.78.63.212 - - [11/Mar/2016:09:15:29 -0300] "GET /cormun/servlet/hpexe_link HTTP/1.1" 200 948
186.78.63.212 - - [11/Mar/2016:09:15:29 -0300] "GET /cormun/servlet/hhome HTTP/1.1" 200 3472
186.78.63.212 - - [11/Mar/2016:09:15:32 -0300] "GET /cormun/servlet/hhome HTTP/1.1" 200 3469
186.103.156.166 - - [11/Mar/2016:09:15:36 -0300] "POST /cormun/servlet/solicitudot?gx-no-cache=1457698570709 HTTP/1.1" 200 30
186.78.63.212 - - [11/Mar/2016:09:15:36 -0300] "GET /cormun/servlet/trsolicitudot? HTTP/1.1" 200 6232
186.78.63.212 - - [11/Mar/2016:09:15:38 -0300] "GET /cormun/servlet/trsolicitudot? HTTP/1.1" 200 6231
186.78.63.212 - - [11/Mar/2016:09:15:41 -0300] "GET /cormun/static/menuarrow.gif HTTP/1.1" 404 1015
186.103.156.166 - - [11/Mar/2016:09:15:41 -0300] "POST /cormun/servlet/solicitudot?gx-no-cache=1457698576291 HTTP/1.1" 200 452
186.103.156.166 - - [11/Mar/2016:09:15:41 -0300] "GET /cormun/servlet/solicitudot?e93e37ea74e79c4543d340fb12138e93328d46e523dad6c8a3780f544a23dcfb216ee89c172f459032cbd2b4bb60924998757db16ac7e90f0244aa1ec8ad7c40083de0c2e27558c1de783299020ce7b1f901fc61bdd17e026bba4d54a4798e877540a2834d415c0ce49c1f6240b74025a58c5d0e700d6f36b6e5f41c5eca23d3ec9dbb34cfec4a4e8c2889318d8e7afd,gx-no-cache=1457698576354 HTTP/1.1" 200 38
186.78.63.212 - - [11/Mar/2016:09:15:44 -0300] "POST /cormun/servlet/trsolicitudot?09593c05870bbaf4bd3e0c3d46a1ad96,,gx-no-cache=1457698575104 HTTP/1.1" 200 5262
186.78.63.212 - - [11/Mar/2016:09:15:45 -0300] "POST /cormun/servlet/trsolicitudot?09593c05870bbaf4bd3e0c3d46a1ad96,,gx-no-cache=1457698575675 HTTP/1.1" 200 5262
186.103.159.230 - - [11/Mar/2016:09:15:52 -0300] "GET /cormun/static/menuarrow.gif HTTP/1.1" 404 1015
186.78.63.212 - - [11/Mar/2016:09:16:08 -0300] "GET /cormun/servlet/solicitudot?INS,0,0, HTTP/1.1" 200 11484
186.78.63.212 - - [11/Mar/2016:09:16:10 -0300] "GET /cormun/servlet/solicitudot?INS,0,0, HTTP/1.1" 200 11489
186.103.159.230 - - [11/Mar/2016:09:16:12 -0300] "GET /cormun/servlet/solicitudot?9bd76176bb7aa01b2d309eb77842f52bc5929995d0d20a0f1875e4fe0a566d4f924599d847a1bb461860ec4c146c2a5397e79d45c75480a786207b0316baed5eb32b005fd3fce0afb5c8ce1fc846211f390bc8e195914260e3e7eb7e63fcf2096edb237f2909dc813c09b41100236f84ebfbe98d06d2b59445d98b4fa65f16b80221c66f3ef586214e9704dff0346bdd370582220bc25c3a70e2dd77bbbce9f36cc8befbce84f929cbfa17095cd80408,gx-no-cache=1457698596450 HTTP/1.1" 200 30
186.78.63.212 - - [11/Mar/2016:09:16:14 -0300] "GET /cormun/servlet/trsolicitudot? HTTP/1.1" 200 7847
186.78.63.212 - - [11/Mar/2016:09:16:16 -0300] "GET /cormun/servlet/trsolicitudot? HTTP/1.1" 200 7846
186.78.63.212 - - [11/Mar/2016:09:16:23 -0300] "POST /cormun/servlet/trsolicitudot?09593c05870bbaf4bd3e0c3d46a1ad96,,gx-no-cache=1457698613730 HTTP/1.1" 200 5262
186.78.63.212 - - [11/Mar/2016:09:16:23 -0300] "POST /cormun/servlet/trsolicitudot?09593c05870bbaf4bd3e0c3d46a1ad96,,gx-no-cache=1457698614295 HTTP/1.1" 200 5262
186.78.63.212 - - [11/Mar/2016:09:16:24 -0300] "POST /cormun/servlet/trsolicitudot?09593c05870bbaf4bd3e0c3d46a1ad96,,gx-no-cache=1457698614812 HTTP/1.1" 200 5262
186.78.63.212 - - [11/Mar/2016:09:16:24 -0300] "POST /cormun/servlet/trsolicitudot?09593c05870bbaf4bd3e0c3d46a1ad96,,gx-no-cache=1457698615346 HTTP/1.1" 200 5262
186.78.63.212 - - [11/Mar/2016:09:16:25 -0300] "POST /cormun/servlet/trsolicitudot?09593c05870bbaf4bd3e0c3d46a1ad96,,gx-no-cache=1457698615991 HTTP/1.1" 200 5262
186.78.63.212 - - [11/Mar/2016:09:16:26 -0300] "POST /cormun/servlet/trsolicitudot?09593c05870bbaf4bd3e0c3d46a1ad96,,gx-no-cache=1457698616575 HTTP/1.1" 200 5263
