200.112.233.47 - - [11/Mar/2016:10:16:09 -0300] "GET /cormun/static/Shared/ext/resources/themes/images/default/tip/tip-sides.gif HTTP/1.1" 304 -
186.103.159.230 - - [11/Mar/2016:10:16:10 -0300] "POST /cormun/servlet/trsolicitudot?8d1b2cf19fd05ebc29eb562064229d1e,,gx-no-cache=1457702194489 HTTP/1.1" 200 5028
200.112.233.47 - - [11/Mar/2016:10:16:11 -0300] "GET /cormun/servlet/solicitudot?INS,0,0, HTTP/1.1" 200 11458
200.112.233.47 - - [11/Mar/2016:10:16:11 -0300] "GET /cormun/static/Resources/Spanish/PXTools.css?1944839 HTTP/1.1" 304 -
200.112.233.47 - - [11/Mar/2016:10:16:12 -0300] "GET /cormun/static/gxcfg.js?20163219435133 HTTP/1.1" 304 -
200.112.233.47 - - [11/Mar/2016:10:16:12 -0300] "GET /cormun/static/Resources/prompt.gif HTTP/1.1" 304 -
200.112.233.47 - - [11/Mar/2016:10:16:13 -0300] "GET /cormun/static/solicitudot.js?20163219435183 HTTP/1.1" 304 -
186.103.159.189 - - [11/Mar/2016:10:17:03 -0300] "POST /cormun/servlet/hlogin?20181551f2dd03ea6b973eb383f1b55b,gx-no-cache=1457702244526 HTTP/1.1" 200 448
200.112.233.47 - - [11/Mar/2016:10:17:12 -0300] "POST /cormun/servlet/solicitudot?gx-no-cache=1457702260453 HTTP/1.1" 200 2750
200.112.233.47 - - [11/Mar/2016:10:17:12 -0300] "POST /cormun/servlet/solicitudot?ad8c523a5a81154d38327f0ee55637a1,INS,0,0,,gx-no-cache=1457702260765 HTTP/1.1" 200 8366
186.103.159.189 - - [11/Mar/2016:10:17:18 -0300] "POST /cormun/servlet/hlogin?20181551f2dd03ea6b973eb383f1b55b,gx-no-cache=1457702259283 HTTP/1.1" 200 448
200.112.233.47 - - [11/Mar/2016:10:17:26 -0300] "GET /cormun/servlet/solicitudot?fe4d51329136c8ba47887c725cb745e6ff2d312fb5956ae27557037a5319668db02dba8eaa66b7f8bcdc3f7602deeda0,gx-no-cache=1457702274312 HTTP/1.1" 200 30
200.112.233.47 - - [11/Mar/2016:10:17:26 -0300] "POST /cormun/servlet/solicitudot?gx-no-cache=1457702274437 HTTP/1.1" 200 30
200.112.233.47 - - [11/Mar/2016:10:17:33 -0300] "POST /cormun/servlet/solicitudot?gx-no-cache=1457702281625 HTTP/1.1" 200 30
186.103.159.189 - - [11/Mar/2016:10:17:39 -0300] "POST /cormun/servlet/hlogin?20181551f2dd03ea6b973eb383f1b55b,gx-no-cache=1457702280029 HTTP/1.1" 200 90
186.103.159.189 - - [11/Mar/2016:10:17:39 -0300] "GET /cormun/servlet/hpexe_link HTTP/1.1" 200 956
186.103.159.189 - - [11/Mar/2016:10:17:39 -0300] "GET /cormun/static/gxcfg.js?20151120044395 HTTP/1.1" 304 -
186.103.159.189 - - [11/Mar/2016:10:17:39 -0300] "GET /cormun/static/hpexe_link.js?20151120044398 HTTP/1.1" 304 -
186.103.159.189 - - [11/Mar/2016:10:17:39 -0300] "GET /cormun/servlet/hhome HTTP/1.1" 200 3475
186.103.159.189 - - [11/Mar/2016:10:17:39 -0300] "GET /cormun/static/Resources/Spanish/PXTools.css?10515224 HTTP/1.1" 304 -
186.103.159.189 - - [11/Mar/2016:10:17:39 -0300] "GET /cormun/static/gxcfg.js?2015112210564248 HTTP/1.1" 304 -
186.103.159.189 - - [11/Mar/2016:10:17:39 -0300] "GET /cormun/static/hhome.js?2015112210564255 HTTP/1.1" 304 -
186.103.159.189 - - [11/Mar/2016:10:17:40 -0300] "GET /cormun/static/hpexe_messagepopupcomponent.js?20163219454551 HTTP/1.1" 304 -
186.103.159.189 - - [11/Mar/2016:10:17:40 -0300] "GET /cormun/static/hpexe_messagegenexuscomponent.js?20151120014314 HTTP/1.1" 304 -
186.103.159.189 - - [11/Mar/2016:10:17:40 -0300] "GET /cormun/static/hwchdr01.js?20162241650484 HTTP/1.1" 304 -
186.103.159.189 - - [11/Mar/2016:10:17:40 -0300] "GET /cormun/static/hpexe_recentlink.js?2015111312121342 HTTP/1.1" 304 -
186.103.159.189 - - [11/Mar/2016:10:17:40 -0300] "GET /cormun/static/hpexe_messagecontroller.js?2015112210524422 HTTP/1.1" 304 -
186.103.159.189 - - [11/Mar/2016:10:17:40 -0300] "GET /cormun/static/hpexe_scripts.js?20151120014546 HTTP/1.1" 304 -
186.103.159.189 - - [11/Mar/2016:10:17:40 -0300] "GET /cormun/static/cmcontrolpreferences.js?20151120014525 HTTP/1.1" 304 -
186.103.159.189 - - [11/Mar/2016:10:17:40 -0300] "GET /cormun/static/hmpwkw03.js?2016311993330 HTTP/1.1" 304 -
200.112.233.47 - - [11/Mar/2016:10:17:41 -0300] "POST /cormun/servlet/solicitudot?gx-no-cache=1457702289765 HTTP/1.1" 200 452
200.112.233.47 - - [11/Mar/2016:10:17:41 -0300] "GET /cormun/servlet/solicitudot?fe4d51329136c8ba47887c725cb745e619641b0ecc2bb7d6b3f4a50d0e963ef06f17df864f3ed2fef4ae130c2c64b9cc693c71a645f93e394ab03c4b8c6d6594c0a396a5f1a1588e02da052b12eeeb33b19ab2dfa134f0dd77719324146d88311a86d126dc710eb93930e5f8a6eb0a5f91325da75a901ac2a1e2042e6b90f2a97bd66c20e6e48f287bcd7446ee47a143,gx-no-cache=1457702289953 HTTP/1.1" 200 38
200.112.233.47 - - [11/Mar/2016:10:17:41 -0300] "GET /cormun/servlet/solicitudot?fe4d51329136c8ba47887c725cb745e64e87e932c296b4239f7559580e004a6e3a7672ad0f505093c968c19679d374f5fd7f21f326742ec986268aae658ed693263e7768d87afd0398f3cb1ce0506aea598241e4b95a8f2f8553fe5a0fe53e7cde120c7ec46450f1b458c7727ba87d96b634f3fc8ad5e995a6522f6ee4bdb6521000f20210ff1cd3c2fb90f0635d9a6ca2295bc03926e9f24e4c1098751671f6,gx-no-cache=1457702290062 HTTP/1.1" 200 29
186.103.159.189 - - [11/Mar/2016:10:17:42 -0300] "GET /cormun/servlet/hhome HTTP/1.1" 200 3470
200.112.233.47 - - [11/Mar/2016:10:17:42 -0300] "POST /cormun/servlet/solicitudot?gx-no-cache=1457702291109 HTTP/1.1" 200 1128
186.103.159.189 - - [11/Mar/2016:10:17:50 -0300] "GET /cormun/servlet/trvisualizadoreventos? HTTP/1.1" 200 5992
186.103.159.189 - - [11/Mar/2016:10:17:50 -0300] "GET /cormun/static/Resources/Spanish/PXTools.css?17554516 HTTP/1.1" 304 -
186.103.159.189 - - [11/Mar/2016:10:17:50 -0300] "GET /cormun/static/gxcfg.js?2016251828014 HTTP/1.1" 304 -
186.103.159.189 - - [11/Mar/2016:10:17:50 -0300] "GET /cormun/static/trvisualizadoreventos.js?2016251828276 HTTP/1.1" 304 -
186.103.159.189 - - [11/Mar/2016:10:17:53 -0300] "GET /cormun/servlet/trvisualizadoreventos? HTTP/1.1" 200 5992
186.103.159.189 - - [11/Mar/2016:10:17:57 -0300] "GET /cormun/servlet/trvisualizadoreventos?1d1f99ef376394f5503572e3d6ac8986fb9d1a962fd7bcbc220ccb2d13f0a6923304d25dd4ef1c8dd0e0385a29831a281e6085b877cd2e2061825465c920b58a326e4da8a34408f50315f86d0e27258af46de92203f845d7f9b0a418df40a6840dcbb40dd3a286e1b5a37a435915b71aa13df10f37197fd3eae67947812b8aec522916e25dcfa6d3bcdf1de5a54e2f05fac1b4f0e16abc51801567bfe39642fd8c64fa8b85db3981ac9f38f51c8e49157d33ab26f4cf5910ede89d7ee5507788,gx-no-cache=1457702298659 HTTP/1.1" 200 576
186.103.159.189 - - [11/Mar/2016:10:17:58 -0300] "GET /cormun/servlet/trvisualizadoreventos?1d1f99ef376394f5503572e3d6ac8986fb9d1a962fd7bcbc220ccb2d13f0a6923304d25dd4ef1c8dd0e0385a29831a281e6085b877cd2e2061825465c920b58a326e4da8a34408f50315f86d0e27258af46de92203f845d7f9b0a418df40a6840dcbb40dd3a286e1b5a37a435915b71aa13df10f37197fd3eae67947812b8aec522916e25dcfa6d3bcdf1de5a54e2f05fac1b4f0e16abc51801567bfe39642fd8c64fa8b85db3981ac9f38f51c8e4915a1adcc7ce2373e581550f29c670d2fa1,gx-no-cache=1457702299276 HTTP/1.1" 200 573
186.103.159.189 - - [11/Mar/2016:10:17:58 -0300] "GET /cormun/servlet/trvisualizadoreventos?1d1f99ef376394f5503572e3d6ac8986fb9d1a962fd7bcbc220ccb2d13f0a6923304d25dd4ef1c8dd0e0385a29831a281e6085b877cd2e2061825465c920b58a326e4da8a34408f50315f86d0e27258af46de92203f845d7f9b0a418df40a6840dcbb40dd3a286e1b5a37a435915b71aa13df10f37197fd3eae67947812b8aec522916e25dcfa6d3bcdf1de5a54e2f05fac1b4f0e16abc51801567bfe39642fd8c64fa8b85db3981ac9f38f51c8e4915aff32b46c4fa3ed28d5e064cbcaef22d,gx-no-cache=1457702299818 HTTP/1.1" 200 566
186.103.159.189 - - [11/Mar/2016:10:18:00 -0300] "GET /cormun/servlet/trvisualizadoreventos?1d1f99ef376394f5503572e3d6ac8986fb9d1a962fd7bcbc220ccb2d13f0a6923304d25dd4ef1c8dd0e0385a29831a281e6085b877cd2e2061825465c920b58a326e4da8a34408f50315f86d0e27258af46de92203f845d7f9b0a418df40a6840dcbb40dd3a286e1b5a37a435915b71aa13df10f37197fd3eae67947812b8aec522916e25dcfa6d3bcdf1de5a54e2f05fac1b4f0e16abc51801567bfe39642fd8c64fa8b85db3981ac9f38f51c8e49150b473c422cc2060f86132f0ccffb002b,gx-no-cache=1457702301124 HTTP/1.1" 200 570
186.103.159.189 - - [11/Mar/2016:10:18:02 -0300] "POST /cormun/servlet/trvisualizadoreventos?20181551f2dd03ea6b973eb383f1b55b,,gx-no-cache=1457702303631 HTTP/1.1" 200 3399
186.103.159.189 - - [11/Mar/2016:10:18:02 -0300] "POST /cormun/servlet/trvisualizadoreventos?20181551f2dd03ea6b973eb383f1b55b,,gx-no-cache=1457702303883 HTTP/1.1" 200 3399
186.103.159.189 - - [11/Mar/2016:10:18:03 -0300] "POST /cormun/servlet/trvisualizadoreventos?20181551f2dd03ea6b973eb383f1b55b,,gx-no-cache=1457702304152 HTTP/1.1" 200 3399
186.103.159.189 - - [11/Mar/2016:10:18:03 -0300] "POST /cormun/servlet/trvisualizadoreventos?20181551f2dd03ea6b973eb383f1b55b,,gx-no-cache=1457702304381 HTTP/1.1" 200 3399
186.103.159.189 - - [11/Mar/2016:10:18:03 -0300] "POST /cormun/servlet/trvisualizadoreventos?20181551f2dd03ea6b973eb383f1b55b,,gx-no-cache=1457702304620 HTTP/1.1" 200 3399
186.103.159.189 - - [11/Mar/2016:10:18:10 -0300] "POST /cormun/servlet/trvisualizadoreventos?20181551f2dd03ea6b973eb383f1b55b,,gx-no-cache=1457702311189 HTTP/1.1" 200 4500
186.103.159.189 - - [11/Mar/2016:10:18:10 -0300] "GET /cormun/servlet/trvisualizadoreventos?1d1f99ef376394f5503572e3d6ac8986686bcba0698c20ae3260aa79578307363304d25dd4ef1c8dd0e0385a29831a281e6085b877cd2e2061825465c920b58a326e4da8a34408f50315f86d0e27258af46de92203f845d7f9b0a418df40a6840dcbb40dd3a286e1b5a37a435915b71aa13df10f37197fd3eae67947812b8aec522916e25dcfa6d3bcdf1de5a54e2f05fac1b4f0e16abc51801567bfe39642fd8c64fa8b85db3981ac9f38f51c8e49150b473c422cc2060f86132f0ccffb002b,gx-no-cache=1457702311739 HTTP/1.1" 200 1798
186.103.159.189 - - [11/Mar/2016:10:18:20 -0300] "POST /cormun/servlet/trvisualizadoreventos?20181551f2dd03ea6b973eb383f1b55b,,gx-no-cache=1457702321176 HTTP/1.1" 200 4352
186.103.159.189 - - [11/Mar/2016:10:18:20 -0300] "GET /cormun/servlet/trvisualizadoreventos?1d1f99ef376394f5503572e3d6ac8986a05079b14f573ab22a3a11c8722f03aa1ae7636111b3ba88f47d68d54d7459ed27eff8c5c972e1b5cca9b41adb71ce125086c58886cbebe3ad6f6766dd1b0d7a1992f32b5454d2dd1437948402ab2e843fa870730d2c121a6e7dd5db5632993312a36447fbad54bc7dad5c6d9a2f95e8e9d3875297e5b8c6a7f9f642cf3d1c9b31616eb56fd7f1016c18dd352efba67e2a1e65778372dc41dbcd2be9e2248536d7ed3709a460798bd372802a7c88464a56c8b381061435810bc2bf4666c56e2b,gx-no-cache=1457702321751 HTTP/1.1" 200 1634
200.112.233.47 - - [11/Mar/2016:10:19:00 -0300] "GET /cormun/servlet/solicitudot?fe4d51329136c8ba47887c725cb745e6bd1d8d76c9794c1414c705081df762c8999de8db9d9f64007f49cb0a6deb9ab615f67357caa0b58376c817884530fb44e051a2104187be8c177d79edab64201ffaf973678cb0a68127471f3bb27cd27e11f5fa9ed03e18ba561686392bcd3228f39bc26506c20282261b05fa14c1504133619be2d2062100aae381faaa639ec00ebe68ca76aa273bc8b87381cbe3a6acc53af0091ba4dfd9a4c317eeb5ee7a4a,gx-no-cache=1457702368718 HTTP/1.1" 200 30
186.103.159.230 - - [11/Mar/2016:10:19:04 -0300] "POST /cormun/servlet/trsolicitudot?8d1b2cf19fd05ebc29eb562064229d1e,,gx-no-cache=1457702368919 HTTP/1.1" 200 104
186.103.159.230 - - [11/Mar/2016:10:19:04 -0300] "GET /cormun/servlet/solicitudot?UPD,2016,817, HTTP/1.1" 200 12665
186.103.159.230 - - [11/Mar/2016:10:19:05 -0300] "GET /cormun/servlet/solicitudot?UPD,2016,817, HTTP/1.1" 200 12673
186.103.159.230 - - [11/Mar/2016:10:19:05 -0300] "POST /cormun/servlet/solicitudot?gx-no-cache=1457702370167 HTTP/1.1" 200 2740
186.103.159.230 - - [11/Mar/2016:10:19:05 -0300] "POST /cormun/servlet/solicitudot?8d1b2cf19fd05ebc29eb562064229d1e,UPD,2016,817,,gx-no-cache=1457702370304 HTTP/1.1" 200 9060
186.103.159.230 - - [11/Mar/2016:10:19:06 -0300] "GET /cormun/servlet/solicitudot?9bd76176bb7aa01b2d309eb77842f52b3e281a568483b485425db1453c2b7f5bc2e738e7486e57ac343ba3d121d59aaa,gx-no-cache=1457702370487 HTTP/1.1" 200 30
186.103.159.230 - - [11/Mar/2016:10:19:06 -0300] "POST /cormun/servlet/solicitudot?gx-no-cache=1457702370516 HTTP/1.1" 200 30
186.103.159.230 - - [11/Mar/2016:10:19:06 -0300] "POST /cormun/servlet/solicitudot?gx-no-cache=1457702370538 HTTP/1.1" 200 30
186.103.159.230 - - [11/Mar/2016:10:19:06 -0300] "POST /cormun/servlet/solicitudot?gx-no-cache=1457702370567 HTTP/1.1" 200 1166
186.103.159.230 - - [11/Mar/2016:10:19:06 -0300] "GET /cormun/servlet/solicitudot?9bd76176bb7aa01b2d309eb77842f52bd316f1053fbe8da5a54023570f950a6436875f9c6b3d328189e62bafc60c4e11afb384c4e497dd3a639e29a82c08af3826cc9137976318897b19c36a69ebb27141c533a97a54b0012d28373d8bd7030ff642fefa589a58b88ea4c773f65288a037a2ccb6794891c19c9a3637c3b1bbcc9e825c00d0d588eaf4a733f7612dc62add5cf3550881f0ff0acf70c4869df596,gx-no-cache=1457702370606 HTTP/1.1" 200 41
186.103.159.230 - - [11/Mar/2016:10:19:25 -0300] "POST /cormun/servlet/solicitudot?gx-no-cache=1457702390269 HTTP/1.1" 200 120
200.112.233.47 - - [11/Mar/2016:10:19:27 -0300] "POST /cormun/servlet/solicitudot?ad8c523a5a81154d38327f0ee55637a1,INS,0,0,,gx-no-cache=1457702395359 HTTP/1.1" 200 93
200.112.233.47 - - [11/Mar/2016:10:19:27 -0300] "GET /cormun/servlet/hpexe_return? HTTP/1.1" 200 997
200.112.233.47 - - [11/Mar/2016:10:19:27 -0300] "GET /cormun/static/Resources/Spanish/PXTools.css?12112540 HTTP/1.1" 304 -
200.112.233.47 - - [11/Mar/2016:10:19:27 -0300] "GET /cormun/static/gxcfg.js?2015111312145050 HTTP/1.1" 304 -
200.112.233.47 - - [11/Mar/2016:10:19:27 -0300] "GET /cormun/static/hpexe_return.js?2015111312145056 HTTP/1.1" 304 -
200.112.233.47 - - [11/Mar/2016:10:19:27 -0300] "GET /cormun/servlet/trsolicitudot HTTP/1.1" 200 7520
200.112.233.47 - - [11/Mar/2016:10:19:29 -0300] "GET /cormun//static/Resources/PXToolsGridUpdate.png HTTP/1.1" 304 -
200.112.233.47 - - [11/Mar/2016:10:19:29 -0300] "GET /cormun//static/Resources/PXToolsRemoveAllAction.png HTTP/1.1" 304 -
200.112.233.47 - - [11/Mar/2016:10:19:29 -0300] "GET /cormun//static/Resources/PXToolsGridDelete.png HTTP/1.1" 304 -
200.112.233.47 - - [11/Mar/2016:10:19:29 -0300] "GET /cormun//static/Resources/PXToolsActionView.png HTTP/1.1" 304 -
200.112.233.47 - - [11/Mar/2016:10:19:29 -0300] "GET /cormun//static/Resources/PXTools/ActionInsert.png HTTP/1.1" 304 -
186.103.156.166 - - [11/Mar/2016:10:19:51 -0300] "GET /cormun/servlet/hlogin HTTP/1.1" 200 1719
200.112.233.47 - - [11/Mar/2016:10:19:56 -0300] "POST /cormun/servlet/trsolicitudot?ad8c523a5a81154d38327f0ee55637a1,gx-no-cache=1457702424203 HTTP/1.1" 200 4921
200.112.233.47 - - [11/Mar/2016:10:19:56 -0300] "POST /cormun/servlet/trsolicitudot?ad8c523a5a81154d38327f0ee55637a1,gx-no-cache=1457702424562 HTTP/1.1" 200 4922
200.112.233.47 - - [11/Mar/2016:10:19:56 -0300] "POST /cormun/servlet/trsolicitudot?ad8c523a5a81154d38327f0ee55637a1,gx-no-cache=1457702424859 HTTP/1.1" 200 4922
200.112.233.47 - - [11/Mar/2016:10:19:57 -0300] "POST /cormun/servlet/trsolicitudot?ad8c523a5a81154d38327f0ee55637a1,gx-no-cache=1457702425187 HTTP/1.1" 200 4922
200.112.233.47 - - [11/Mar/2016:10:19:57 -0300] "POST /cormun/servlet/trsolicitudot?ad8c523a5a81154d38327f0ee55637a1,gx-no-cache=1457702425515 HTTP/1.1" 200 4922
200.112.233.47 - - [11/Mar/2016:10:19:57 -0300] "POST /cormun/servlet/trsolicitudot?ad8c523a5a81154d38327f0ee55637a1,gx-no-cache=1457702425828 HTTP/1.1" 200 4921
200.112.233.47 - - [11/Mar/2016:10:19:57 -0300] "POST /cormun/servlet/trsolicitudot?ad8c523a5a81154d38327f0ee55637a1,gx-no-cache=1457702426125 HTTP/1.1" 200 4922
200.112.233.47 - - [11/Mar/2016:10:19:58 -0300] "POST /cormun/servlet/trsolicitudot?ad8c523a5a81154d38327f0ee55637a1,gx-no-cache=1457702426468 HTTP/1.1" 200 4921
200.112.233.47 - - [11/Mar/2016:10:19:59 -0300] "POST /cormun/servlet/trsolicitudot?ad8c523a5a81154d38327f0ee55637a1,gx-no-cache=1457702427531 HTTP/1.1" 200 4921
186.103.156.166 - - [11/Mar/2016:10:20:08 -0300] "POST /cormun/servlet/hlogin?f5e2f3c6dc0a6fc71a675a17fd8d138f,gx-no-cache=1457702443120 HTTP/1.1" 200 429
186.103.159.230 - - [11/Mar/2016:10:20:17 -0300] "POST /cormun/servlet/solicitudot?gx-no-cache=1457702442070 HTTP/1.1" 200 30
186.103.159.230 - - [11/Mar/2016:10:20:17 -0300] "POST /cormun/servlet/solicitudot?gx-no-cache=1457702442362 HTTP/1.1" 200 30
186.103.159.230 - - [11/Mar/2016:10:20:17 -0300] "POST /cormun/servlet/solicitudot?gx-no-cache=1457702442400 HTTP/1.1" 200 1166
186.103.159.230 - - [11/Mar/2016:10:20:17 -0300] "GET /cormun/servlet/solicitudot?9bd76176bb7aa01b2d309eb77842f52bd316f1053fbe8da5a54023570f950a6436875f9c6b3d328189e62bafc60c4e11afb384c4e497dd3a639e29a82c08af3826cc9137976318897b19c36a69ebb27141c533a97a54b0012d28373d8bd7030ff642fefa589a58b88ea4c773f65288a037a2ccb6794891c19c9a3637c3b1bbcc9e825c00d0d588eaf4a733f7612dc62add5cf3550881f0ff0acf70c4869df596,gx-no-cache=1457702442450 HTTP/1.1" 200 41
186.103.159.230 - - [11/Mar/2016:10:20:18 -0300] "GET /cormun/servlet/solicitudot?9bd76176bb7aa01b2d309eb77842f52bbd815662b041ec537fdc75cbddf385c8b326b689d822e0a298758529f33764e962563fe5d760774f032010b8d94631351f81021aed8b975bcda6673b38b42ea2ce9b98cdec727a46109fd166f6ffdcd12a8d3e2c88a71481279d18c90b28a2ea3b754959080a67019e400e620779baaf27002808e57fd37f571acb1b53b5ecb3ad3eb660184f5ab6c08a1dd0317fbde3,gx-no-cache=1457702442476 HTTP/1.1" 200 29
186.103.159.230 - - [11/Mar/2016:10:20:18 -0300] "POST /cormun/servlet/solicitudot?gx-no-cache=1457702442498 HTTP/1.1" 200 1128
186.103.159.230 - - [11/Mar/2016:10:20:18 -0300] "GET /cormun/servlet/solicitudot?9bd76176bb7aa01b2d309eb77842f52bf9f77e0117dc70e7ad248c5ca7d5a8ec924599d847a1bb461860ec4c146c2a5397e79d45c75480a786207b0316baed5eb32b005fd3fce0afb5c8ce1fc846211f390bc8e195914260e3e7eb7e63fcf2096edb237f2909dc813c09b41100236f84ebfbe98d06d2b59445d98b4fa65f16b80221c66f3ef586214e9704dff0346bdd370582220bc25c3a70e2dd77bbbce9f36cc8befbce84f929cbfa17095cd80408,gx-no-cache=1457702442534 HTTP/1.1" 200 30
186.103.159.230 - - [11/Mar/2016:10:20:18 -0300] "POST /cormun/servlet/solicitudot?8d1b2cf19fd05ebc29eb562064229d1e,UPD,2016,817,,gx-no-cache=1457702442564 HTTP/1.1" 200 93
186.103.159.230 - - [11/Mar/2016:10:20:18 -0300] "GET /cormun/servlet/hpexe_return? HTTP/1.1" 200 1012
186.103.159.230 - - [11/Mar/2016:10:20:18 -0300] "GET /cormun/servlet/trsolicitudot? HTTP/1.1" 200 7482
186.103.159.230 - - [11/Mar/2016:10:20:18 -0300] "GET /cormun/servlet/trsolicitudot? HTTP/1.1" 200 7478
186.103.156.166 - - [11/Mar/2016:10:20:20 -0300] "POST /cormun/servlet/hlogin?f5e2f3c6dc0a6fc71a675a17fd8d138f,gx-no-cache=1457702455143 HTTP/1.1" 200 90
186.103.156.166 - - [11/Mar/2016:10:20:20 -0300] "GET /cormun/servlet/hpexe_link HTTP/1.1" 200 965
186.103.156.166 - - [11/Mar/2016:10:20:20 -0300] "GET /cormun/servlet/trsolicitudadjuntos?2016,810, HTTP/1.1" 200 5349
186.103.156.166 - - [11/Mar/2016:10:20:21 -0300] "GET /cormun/servlet/trsolicitudadjuntos?2016,810, HTTP/1.1" 200 5348
186.103.159.230 - - [11/Mar/2016:10:20:23 -0300] "POST /cormun/servlet/trsolicitudot?8d1b2cf19fd05ebc29eb562064229d1e,,gx-no-cache=1457702447801 HTTP/1.1" 200 4903
186.103.159.230 - - [11/Mar/2016:10:20:23 -0300] "POST /cormun/servlet/trsolicitudot?8d1b2cf19fd05ebc29eb562064229d1e,,gx-no-cache=1457702447957 HTTP/1.1" 200 4904
186.103.159.230 - - [11/Mar/2016:10:20:23 -0300] "POST /cormun/servlet/trsolicitudot?8d1b2cf19fd05ebc29eb562064229d1e,,gx-no-cache=1457702448084 HTTP/1.1" 200 4904
186.103.159.230 - - [11/Mar/2016:10:20:23 -0300] "POST /cormun/servlet/trsolicitudot?8d1b2cf19fd05ebc29eb562064229d1e,,gx-no-cache=1457702448218 HTTP/1.1" 200 4903
186.103.159.230 - - [11/Mar/2016:10:20:23 -0300] "POST /cormun/servlet/trsolicitudot?8d1b2cf19fd05ebc29eb562064229d1e,,gx-no-cache=1457702448351 HTTP/1.1" 200 4903
186.103.159.230 - - [11/Mar/2016:10:20:24 -0300] "POST /cormun/servlet/trsolicitudot?8d1b2cf19fd05ebc29eb562064229d1e,,gx-no-cache=1457702448493 HTTP/1.1" 200 4903
186.103.159.230 - - [11/Mar/2016:10:20:24 -0300] "POST /cormun/servlet/trsolicitudot?8d1b2cf19fd05ebc29eb562064229d1e,,gx-no-cache=1457702448627 HTTP/1.1" 200 4904
186.103.159.230 - - [11/Mar/2016:10:20:24 -0300] "POST /cormun/servlet/trsolicitudot?8d1b2cf19fd05ebc29eb562064229d1e,,gx-no-cache=1457702448779 HTTP/1.1" 200 4977
186.103.159.230 - - [11/Mar/2016:10:20:35 -0300] "POST /cormun/servlet/trsolicitudot?8d1b2cf19fd05ebc29eb562064229d1e,,gx-no-cache=1457702459734 HTTP/1.1" 200 4977
186.103.156.166 - - [11/Mar/2016:10:20:36 -0300] "GET /cormun/servlet/trautorizarsolicitud? HTTP/1.1" 200 7476
186.103.156.166 - - [11/Mar/2016:10:20:36 -0300] "GET /cormun/servlet/trautorizarsolicitud? HTTP/1.1" 200 7471
186.103.159.230 - - [11/Mar/2016:10:20:41 -0300] "POST /cormun/servlet/trsolicitudot?8d1b2cf19fd05ebc29eb562064229d1e,,gx-no-cache=1457702466169 HTTP/1.1" 200 4904
186.103.159.230 - - [11/Mar/2016:10:20:41 -0300] "POST /cormun/servlet/trsolicitudot?8d1b2cf19fd05ebc29eb562064229d1e,,gx-no-cache=1457702466367 HTTP/1.1" 200 4904
186.103.159.230 - - [11/Mar/2016:10:20:42 -0300] "POST /cormun/servlet/trsolicitudot?8d1b2cf19fd05ebc29eb562064229d1e,,gx-no-cache=1457702466539 HTTP/1.1" 200 4904
186.103.159.230 - - [11/Mar/2016:10:20:42 -0300] "POST /cormun/servlet/trsolicitudot?8d1b2cf19fd05ebc29eb562064229d1e,,gx-no-cache=1457702466701 HTTP/1.1" 200 4903
186.103.159.230 - - [11/Mar/2016:10:20:42 -0300] "POST /cormun/servlet/trsolicitudot?8d1b2cf19fd05ebc29eb562064229d1e,,gx-no-cache=1457702466877 HTTP/1.1" 200 4904
186.103.159.230 - - [11/Mar/2016:10:20:42 -0300] "POST /cormun/servlet/trsolicitudot?8d1b2cf19fd05ebc29eb562064229d1e,,gx-no-cache=1457702467050 HTTP/1.1" 200 4903
186.103.159.230 - - [11/Mar/2016:10:20:42 -0300] "POST /cormun/servlet/trsolicitudot?8d1b2cf19fd05ebc29eb562064229d1e,,gx-no-cache=1457702467216 HTTP/1.1" 200 4903
186.103.159.230 - - [11/Mar/2016:10:20:42 -0300] "POST /cormun/servlet/trsolicitudot?8d1b2cf19fd05ebc29eb562064229d1e,,gx-no-cache=1457702467387 HTTP/1.1" 200 106
186.103.159.230 - - [11/Mar/2016:10:20:43 -0300] "GET /cormun/servlet/trsolicitudadjuntos?2016,817, HTTP/1.1" 200 7867
186.103.159.230 - - [11/Mar/2016:10:20:43 -0300] "GET /cormun/servlet/trsolicitudadjuntos?2016,817, HTTP/1.1" 200 7869
186.103.159.189 - - [11/Mar/2016:10:21:25 -0300] "GET /cormun/servlet/trvisualizadoreventos?1d1f99ef376394f5503572e3d6ac8986bde124393d832238eb066c0da99e4d6e1c4043b7d0e93021e449e1684c503ca721d7b162b9c82b2f1bfe95bff99e81dc02b49e77407e5349c010c70e3c4f67275f4684d103b1e34cbc14959d577e84f24d25fc0fd5e890dd17462b11c466047bc47503cd7edd91ee75e5c92a048cfd8d44d8e1407e79eba58d6d418ac1fae11402d6492f822c79eb603dc62e061a172749148e178fd377515b6ad111f78f30eae53542b6e15584954c62f1fe68655e6d7d28f54f6097adc603ddb45ce234162a,gx-no-cache=1457702506914 HTTP/1.1" 200 1635
186.103.159.189 - - [11/Mar/2016:10:21:26 -0300] "POST /cormun/servlet/trvisualizadoreventos?20181551f2dd03ea6b973eb383f1b55b,,gx-no-cache=1457702507601 HTTP/1.1" 200 3725
186.103.156.166 - - [11/Mar/2016:10:21:59 -0300] "GET /cormun/servlet/veautorizarsolicitud?2016,810,, HTTP/1.1" 200 7595
186.103.156.166 - - [11/Mar/2016:10:21:59 -0300] "GET /cormun/static/gxcfg.js?20163117315759 HTTP/1.1" 200 953
186.103.156.166 - - [11/Mar/2016:10:21:59 -0300] "GET /cormun/pexe_scrolldiv.js HTTP/1.1" 404 1009
186.103.156.166 - - [11/Mar/2016:10:21:59 -0300] "GET /cormun/static/veautorizarsolicitud.js?20163117315822 HTTP/1.1" 200 6140
186.103.156.166 - - [11/Mar/2016:10:21:59 -0300] "GET /cormun/static/hwcviewtabs.js?20151120014372 HTTP/1.1" 200 1074
186.103.156.166 - - [11/Mar/2016:10:21:59 -0300] "GET /cormun/static/hpexe_tabsview.js?20151120014350 HTTP/1.1" 200 1661
186.103.156.166 - - [11/Mar/2016:10:21:59 -0300] "GET /cormun/static/Resources/PXToolsTabFirstSelected.png HTTP/1.1" 200 1259
186.103.156.166 - - [11/Mar/2016:10:21:59 -0300] "GET /cormun/static/Resources/PXToolsTabLastUnselected.png HTTP/1.1" 200 1291
186.103.156.166 - - [11/Mar/2016:10:21:59 -0300] "GET /cormun/static/Resources/PXToolsTabPrevious.gif HTTP/1.1" 200 172
186.103.156.166 - - [11/Mar/2016:10:21:59 -0300] "GET /cormun/static/Resources/PXToolsTabNext.gif HTTP/1.1" 200 168
186.103.156.166 - - [11/Mar/2016:10:21:59 -0300] "GET /cormun/static/tbautorizarsolicitud01.js?20163117314344 HTTP/1.1" 200 27022
186.103.156.166 - - [11/Mar/2016:10:22:00 -0300] "GET /cormun/static/calendar-system.css HTTP/1.1" 200 5572
186.103.156.166 - - [11/Mar/2016:10:22:00 -0300] "GET /cormun/static/Resources/PXToolsTabBackSelected.png HTTP/1.1" 200 1157
186.103.156.166 - - [11/Mar/2016:10:22:00 -0300] "GET /cormun/static/Resources/PXToolsTabBackUnselected.png HTTP/1.1" 200 1175
186.103.156.166 - - [11/Mar/2016:10:22:00 -0300] "GET /cormun/static/Resources/PXToolsTabSelectedUnselected.png HTTP/1.1" 200 1428
186.103.156.166 - - [11/Mar/2016:10:22:00 -0300] "GET /cormun/static/Resources/PXToolsTabUnselectedUnselected.png HTTP/1.1" 200 1459
186.103.156.166 - - [11/Mar/2016:10:22:00 -0300] "GET /cormun/servlet/veautorizarsolicitud?2016,810,, HTTP/1.1" 200 7595
186.103.156.166 - - [11/Mar/2016:10:22:09 -0300] "GET /cormun/servlet/veautorizarsolicitud?2016,810,,SolicitudOTAdjuntos HTTP/1.1" 200 6482
186.103.156.166 - - [11/Mar/2016:10:22:09 -0300] "GET /cormun/pexe_scrolldiv.js HTTP/1.1" 404 1009
186.103.156.166 - - [11/Mar/2016:10:22:09 -0300] "GET /cormun/static/tbautorizarsolicitud02.js?20163117313928 HTTP/1.1" 200 13822
186.103.156.166 - - [11/Mar/2016:10:22:10 -0300] "GET /cormun/static/gxui/gxui-all.css HTTP/1.1" 200 2179
186.103.156.166 - - [11/Mar/2016:10:22:10 -0300] "GET /cormun/static/Resources/PXToolsTabFirstUnselected.png HTTP/1.1" 200 1264
186.103.156.166 - - [11/Mar/2016:10:22:10 -0300] "GET /cormun/static/Resources/PXToolsTabUnselectedSelected.png HTTP/1.1" 200 1444
186.103.156.166 - - [11/Mar/2016:10:22:10 -0300] "GET /cormun/static/Shared/ext/resources/css/ext-all.css HTTP/1.1" 200 416045
186.103.156.166 - - [11/Mar/2016:10:22:10 -0300] "GET /cormun/servlet/veautorizarsolicitud?2016,810,,SolicitudOTAdjuntos HTTP/1.1" 200 6482
186.103.156.166 - - [11/Mar/2016:10:22:11 -0300] "POST /cormun/servlet/acontrolpreferencessavestate?None,EBLANCO,true HTTP/1.1" 200 35
186.103.156.166 - - [11/Mar/2016:10:22:20 -0300] "GET /cormun/servlet/veautorizarsolicitud?2016,810,,General HTTP/1.1" 200 7611
186.103.156.166 - - [11/Mar/2016:10:22:20 -0300] "GET /cormun/pexe_scrolldiv.js HTTP/1.1" 404 1009
186.103.156.166 - - [11/Mar/2016:10:22:21 -0300] "GET /cormun/servlet/veautorizarsolicitud?2016,810,,General HTTP/1.1" 200 7611
186.103.159.230 - - [11/Mar/2016:10:22:30 -0300] "GET /cormun/servlet/solicitudotadjuntos?INS,2016,817,,1, HTTP/1.1" 200 5470
186.103.159.230 - - [11/Mar/2016:10:22:30 -0300] "GET /cormun/static/about:blank HTTP/1.1" 404 1011
186.103.159.230 - - [11/Mar/2016:10:22:30 -0300] "GET /cormun/servlet/solicitudotadjuntos?INS,2016,817,,1, HTTP/1.1" 200 5464
186.103.159.230 - - [11/Mar/2016:10:22:31 -0300] "GET /cormun/servlet/solicitudotadjuntos?9bd76176bb7aa01b2d309eb77842f52b861878f2e8d1e2759c1215c3a6820c6cdd5cf3550881f0ff0acf70c4869df596,gx-no-cache=1457702575796 HTTP/1.1" 200 30
186.103.159.230 - - [11/Mar/2016:10:22:31 -0300] "POST /cormun/servlet/solicitudotadjuntos?8d1b2cf19fd05ebc29eb562064229d1e,INS,2016,817,,1,,gx-no-cache=1457702575861 HTTP/1.1" 200 3343
186.103.156.166 - - [11/Mar/2016:10:22:34 -0300] "GET /cormun/servlet/veautorizarsolicitud?2016,810,,SolicitudOTAdjuntos HTTP/1.1" 200 6490
186.103.156.166 - - [11/Mar/2016:10:22:34 -0300] "GET /cormun/pexe_scrolldiv.js HTTP/1.1" 404 1009
186.103.156.166 - - [11/Mar/2016:10:22:34 -0300] "GET /cormun/servlet/veautorizarsolicitud?2016,810,,SolicitudOTAdjuntos HTTP/1.1" 200 6490
186.103.156.166 - - [11/Mar/2016:10:22:35 -0300] "POST /cormun/servlet/acontrolpreferencessavestate?None,EBLANCO,true HTTP/1.1" 200 35
186.103.159.230 - - [11/Mar/2016:10:22:37 -0300] "POST /cormun/servlet/solicitudotadjuntos?gx-no-cache=1457702582320 HTTP/1.1" 200 26
186.103.156.166 - - [11/Mar/2016:10:23:10 -0300] "GET /cormun/servlet/veautorizarsolicitud?2016,810,,SolicitudOTLog HTTP/1.1" 200 7629
186.103.156.166 - - [11/Mar/2016:10:23:10 -0300] "GET /cormun/pexe_scrolldiv.js HTTP/1.1" 404 1009
186.103.156.166 - - [11/Mar/2016:10:23:10 -0300] "GET /cormun/static/Resources/PXToolsTabLastSelected.png HTTP/1.1" 200 1262
186.103.156.166 - - [11/Mar/2016:10:23:10 -0300] "GET /cormun/static/tbautorizarsolicitud03.js?20163117313579 HTTP/1.1" 200 12400
186.103.156.166 - - [11/Mar/2016:10:23:11 -0300] "GET /cormun/servlet/veautorizarsolicitud?2016,810,,SolicitudOTLog HTTP/1.1" 200 7629
186.103.156.166 - - [11/Mar/2016:10:23:12 -0300] "POST /cormun/servlet/acontrolpreferencessavestate?None,EBLANCO,true HTTP/1.1" 200 35
186.103.156.166 - - [11/Mar/2016:10:23:17 -0300] "GET /cormun/servlet/veautorizarsolicitud?2016,810,,General HTTP/1.1" 200 7614
186.103.156.166 - - [11/Mar/2016:10:23:17 -0300] "GET /cormun/pexe_scrolldiv.js HTTP/1.1" 404 1009
186.103.156.166 - - [11/Mar/2016:10:23:17 -0300] "GET /cormun/servlet/veautorizarsolicitud?2016,810,,General HTTP/1.1" 200 7614
186.103.156.166 - - [11/Mar/2016:10:23:27 -0300] "POST /cormun/servlet/veautorizarsolicitud?f5e2f3c6dc0a6fc71a675a17fd8d138f,2016,810,,General,gx-no-cache=1457702641919 HTTP/1.1" 200 93
186.103.156.166 - - [11/Mar/2016:10:23:27 -0300] "GET /cormun/servlet/hpexe_return? HTTP/1.1" 200 1019
186.103.156.166 - - [11/Mar/2016:10:23:27 -0300] "GET /cormun/servlet/trautorizarsolicitud HTTP/1.1" 200 7489
186.103.156.166 - - [11/Mar/2016:10:23:27 -0300] "GET /cormun/servlet/trautorizarsolicitud HTTP/1.1" 200 7485
186.103.156.166 - - [11/Mar/2016:10:23:44 -0300] "POST /cormun/servlet/trautorizarsolicitud?f5e2f3c6dc0a6fc71a675a17fd8d138f,gx-no-cache=1457702659494 HTTP/1.1" 200 4876
186.103.156.166 - - [11/Mar/2016:10:23:44 -0300] "POST /cormun/servlet/trautorizarsolicitud?f5e2f3c6dc0a6fc71a675a17fd8d138f,gx-no-cache=1457702659679 HTTP/1.1" 200 4877
186.103.156.166 - - [11/Mar/2016:10:23:44 -0300] "POST /cormun/servlet/trautorizarsolicitud?f5e2f3c6dc0a6fc71a675a17fd8d138f,gx-no-cache=1457702659841 HTTP/1.1" 200 4877
186.103.156.166 - - [11/Mar/2016:10:23:45 -0300] "POST /cormun/servlet/trautorizarsolicitud?f5e2f3c6dc0a6fc71a675a17fd8d138f,gx-no-cache=1457702660015 HTTP/1.1" 200 4877
186.103.156.166 - - [11/Mar/2016:10:23:45 -0300] "POST /cormun/servlet/trautorizarsolicitud?f5e2f3c6dc0a6fc71a675a17fd8d138f,gx-no-cache=1457702660266 HTTP/1.1" 200 4875
186.103.156.166 - - [11/Mar/2016:10:23:45 -0300] "POST /cormun/servlet/trautorizarsolicitud?f5e2f3c6dc0a6fc71a675a17fd8d138f,gx-no-cache=1457702660478 HTTP/1.1" 200 4876
186.103.156.166 - - [11/Mar/2016:10:23:45 -0300] "POST /cormun/servlet/trautorizarsolicitud?f5e2f3c6dc0a6fc71a675a17fd8d138f,gx-no-cache=1457702660672 HTTP/1.1" 200 4877
186.103.156.166 - - [11/Mar/2016:10:23:45 -0300] "POST /cormun/servlet/trautorizarsolicitud?f5e2f3c6dc0a6fc71a675a17fd8d138f,gx-no-cache=1457702660869 HTTP/1.1" 200 106
186.103.156.166 - - [11/Mar/2016:10:23:46 -0300] "GET /cormun/servlet/trsolicitudadjuntos?2016,810, HTTP/1.1" 200 5362
186.103.156.166 - - [11/Mar/2016:10:23:46 -0300] "GET /cormun/servlet/trsolicitudadjuntos?2016,810, HTTP/1.1" 200 5362
186.103.159.230 - - [11/Mar/2016:10:23:52 -0300] "GET /cormun/servlet/solicitudotadjuntos?9bd76176bb7aa01b2d309eb77842f52b3c85c77ab259002f9a92744d3fb5807a,gx-no-cache=1457702657306 HTTP/1.1" 200 30
186.103.159.230 - - [11/Mar/2016:10:23:52 -0300] "GET /cormun/servlet/solicitudotadjuntos?9bd76176bb7aa01b2d309eb77842f52b3c85c77ab259002f9a92744d3fb5807a,gx-no-cache=1457702657348 HTTP/1.1" 200 30
186.103.159.230 - - [11/Mar/2016:10:23:53 -0300] "POST /cormun/servlet/solicitudotadjuntos?8d1b2cf19fd05ebc29eb562064229d1e,INS,2016,817,,1, HTTP/1.1" 200 5302
186.103.159.230 - - [11/Mar/2016:10:23:53 -0300] "GET /home/sistema/apache-tomcat-7.0.65/webapps/cormun/PrivateTempStorage/upload_00006577.pdf HTTP/1.1" 404 1135
186.103.159.230 - - [11/Mar/2016:10:23:53 -0300] "GET /home/sistema/apache-tomcat-7.0.65/webapps/cormun/PrivateTempStorage/upload_00006577.pdf HTTP/1.1" 404 1135
186.103.159.230 - - [11/Mar/2016:10:23:53 -0300] "GET /cormun/PrivateTempStorage/upload_00006577.pdf HTTP/1.1" 200 769841
186.103.159.230 - - [11/Mar/2016:10:23:55 -0300] "GET /cormun/PrivateTempStorage/upload_00006577.pdf HTTP/1.1" 304 -
186.103.159.230 - - [11/Mar/2016:10:23:55 -0300] "GET /cormun/PrivateTempStorage/upload_00006577.pdf HTTP/1.1" 304 -
186.103.159.230 - - [11/Mar/2016:10:23:59 -0300] "GET /cormun/servlet/solicitudotadjuntos?9bd76176bb7aa01b2d309eb77842f52b86330a908e36ce5e53e54b9fbd02025bdd5cf3550881f0ff0acf70c4869df596,gx-no-cache=1457702663812 HTTP/1.1" 200 30
186.103.159.230 - - [11/Mar/2016:10:23:59 -0300] "POST /cormun/servlet/solicitudotadjuntos?8d1b2cf19fd05ebc29eb562064229d1e,INS,2016,817,,1, HTTP/1.1" 200 5304
186.103.159.230 - - [11/Mar/2016:10:23:59 -0300] "GET /home/sistema/apache-tomcat-7.0.65/webapps/cormun/PrivateTempStorage/upload_00006589.pdf HTTP/1.1" 404 1135
186.103.159.230 - - [11/Mar/2016:10:24:00 -0300] "GET /cormun/PrivateTempStorage/upload_00006589.pdf HTTP/1.1" 200 769841
186.103.159.230 - - [11/Mar/2016:10:24:00 -0300] "GET /cormun/PrivateTempStorage/upload_00006589.pdf HTTP/1.1" 304 -
186.103.159.230 - - [11/Mar/2016:10:24:00 -0300] "GET /cormun/PrivateTempStorage/upload_00006589.pdf HTTP/1.1" 304 -
186.103.159.230 - - [11/Mar/2016:10:24:02 -0300] "POST /cormun/servlet/solicitudotadjuntos?8d1b2cf19fd05ebc29eb562064229d1e,INS,2016,817,,1, HTTP/1.1" 200 116
186.103.159.230 - - [11/Mar/2016:10:24:02 -0300] "GET /cormun/servlet/hpexe_return? HTTP/1.1" 200 1024
186.103.159.230 - - [11/Mar/2016:10:24:02 -0300] "GET /cormun/servlet/trsolicitudadjuntos?2016,817, HTTP/1.1" 200 7871
186.103.159.230 - - [11/Mar/2016:10:24:03 -0300] "GET /cormun/servlet/trsolicitudadjuntos?2016,817, HTTP/1.1" 200 7869
191.112.15.155 - - [11/Mar/2016:10:25:08 -0300] "GET /cormun/servlet/trautorizarsolicitud? HTTP/1.1" 200 5753
191.112.15.155 - - [11/Mar/2016:10:25:11 -0300] "GET /cormun/servlet/trautorizarsolicitud? HTTP/1.1" 200 5764
191.112.15.155 - - [11/Mar/2016:10:25:11 -0300] "GET /cormun/servlet/hlogin HTTP/1.1" 200 1741
191.112.15.155 - - [11/Mar/2016:10:25:14 -0300] "POST /cormun/servlet/hlogin?3d095bdbee98cddf523ce02dbaddae6f,gx-no-cache=1457706342406 HTTP/1.1" 200 90
191.112.15.155 - - [11/Mar/2016:10:25:14 -0300] "GET /cormun/servlet/hpexe_link HTTP/1.1" 200 961
191.112.15.155 - - [11/Mar/2016:10:25:15 -0300] "GET /cormun/servlet/trautorizarsolicitud HTTP/1.1" 200 5952
191.112.15.155 - - [11/Mar/2016:10:25:16 -0300] "GET /cormun/servlet/trautorizarsolicitud HTTP/1.1" 200 5950
192.168.10.89 - - [11/Mar/2016:10:25:18 -0300] "GET /cormun/servlet/hlogin HTTP/1.1" 200 1730
191.112.15.155 - - [11/Mar/2016:10:25:19 -0300] "GET /cormun/static/menuarrow.gif HTTP/1.1" 404 1015
191.112.15.155 - - [11/Mar/2016:10:25:25 -0300] "POST /cormun/servlet/trautorizarsolicitud?3d095bdbee98cddf523ce02dbaddae6f,gx-no-cache=1457706352792 HTTP/1.1" 200 3220
191.112.15.155 - - [11/Mar/2016:10:25:26 -0300] "POST /cormun/servlet/trautorizarsolicitud?3d095bdbee98cddf523ce02dbaddae6f,gx-no-cache=1457706353592 HTTP/1.1" 200 3220
191.112.15.155 - - [11/Mar/2016:10:25:26 -0300] "POST /cormun/servlet/trautorizarsolicitud?3d095bdbee98cddf523ce02dbaddae6f,gx-no-cache=1457706353994 HTTP/1.1" 200 3221
191.112.15.155 - - [11/Mar/2016:10:25:26 -0300] "POST /cormun/servlet/trautorizarsolicitud?3d095bdbee98cddf523ce02dbaddae6f,gx-no-cache=1457706354336 HTTP/1.1" 200 3221
191.112.15.155 - - [11/Mar/2016:10:25:27 -0300] "POST /cormun/servlet/trautorizarsolicitud?3d095bdbee98cddf523ce02dbaddae6f,gx-no-cache=1457706354691 HTTP/1.1" 200 3221
191.112.15.155 - - [11/Mar/2016:10:25:27 -0300] "POST /cormun/servlet/trautorizarsolicitud?3d095bdbee98cddf523ce02dbaddae6f,gx-no-cache=1457706355051 HTTP/1.1" 200 3220
191.112.15.155 - - [11/Mar/2016:10:25:27 -0300] "POST /cormun/servlet/trautorizarsolicitud?3d095bdbee98cddf523ce02dbaddae6f,gx-no-cache=1457706355427 HTTP/1.1" 200 3221
191.112.15.155 - - [11/Mar/2016:10:25:28 -0300] "POST /cormun/servlet/trautorizarsolicitud?3d095bdbee98cddf523ce02dbaddae6f,gx-no-cache=1457706356089 HTTP/1.1" 200 3221
186.103.159.230 - - [11/Mar/2016:10:25:34 -0300] "GET /cormun/servlet/trautorizarsolicitud? HTTP/1.1" 200 6152
186.103.159.230 - - [11/Mar/2016:10:25:34 -0300] "GET /cormun/servlet/trautorizarsolicitud? HTTP/1.1" 200 6141
191.112.15.155 - - [11/Mar/2016:10:25:39 -0300] "POST /cormun/servlet/trautorizarsolicitud?3d095bdbee98cddf523ce02dbaddae6f,gx-no-cache=1457706367091 HTTP/1.1" 200 3221
200.112.233.47 - - [11/Mar/2016:10:25:47 -0300] "GET /cormun/servlet/trvisualizadoreventos? HTTP/1.1" 200 5974
200.112.233.47 - - [11/Mar/2016:10:25:47 -0300] "GET /cormun/static/Resources/Spanish/PXTools.css?17554516 HTTP/1.1" 304 -
200.112.233.47 - - [11/Mar/2016:10:25:47 -0300] "GET /cormun/static/gxcfg.js?2016251828014 HTTP/1.1" 200 953
200.112.233.47 - - [11/Mar/2016:10:25:48 -0300] "GET /cormun/static/Resources/PXToolsActionPrint.png HTTP/1.1" 304 -
200.112.233.47 - - [11/Mar/2016:10:25:48 -0300] "GET /cormun/static/trvisualizadoreventos.js?2016251828276 HTTP/1.1" 200 19096
200.112.233.47 - - [11/Mar/2016:10:25:53 -0300] "POST /cormun/servlet/trvisualizadoreventos?ad8c523a5a81154d38327f0ee55637a1,,gx-no-cache=1457702782187 HTTP/1.1" 200 3250
191.112.15.155 - - [11/Mar/2016:10:25:54 -0300] "POST /cormun/servlet/trautorizarsolicitud?3d095bdbee98cddf523ce02dbaddae6f,gx-no-cache=1457706381586 HTTP/1.1" 200 3221
200.112.233.47 - - [11/Mar/2016:10:25:54 -0300] "POST /cormun/servlet/trvisualizadoreventos?ad8c523a5a81154d38327f0ee55637a1,,gx-no-cache=1457702782484 HTTP/1.1" 200 3250
200.112.233.47 - - [11/Mar/2016:10:25:54 -0300] "GET /cormun/static/menuarrow.gif HTTP/1.1" 404 1015
186.103.159.230 - - [11/Mar/2016:10:25:55 -0300] "GET /cormun/servlet/trsolicitudadjuntos?2016,817, HTTP/1.1" 200 7871
186.103.159.230 - - [11/Mar/2016:10:25:56 -0300] "GET /cormun/servlet/trsolicitudadjuntos?2016,817, HTTP/1.1" 200 7869
200.112.233.47 - - [11/Mar/2016:10:25:56 -0300] "POST /cormun/servlet/trvisualizadoreventos?ad8c523a5a81154d38327f0ee55637a1,,gx-no-cache=1457702784609 HTTP/1.1" 200 3250
200.112.233.47 - - [11/Mar/2016:10:25:56 -0300] "POST /cormun/servlet/trvisualizadoreventos?ad8c523a5a81154d38327f0ee55637a1,,gx-no-cache=1457702784859 HTTP/1.1" 200 3250
200.112.233.47 - - [11/Mar/2016:10:25:59 -0300] "POST /cormun/servlet/trvisualizadoreventos?ad8c523a5a81154d38327f0ee55637a1,,gx-no-cache=1457702787828 HTTP/1.1" 200 3251
200.112.233.47 - - [11/Mar/2016:10:26:00 -0300] "GET /cormun/servlet/trvisualizadoreventos?7750a50ddefbaf1ab3f05aaa1bed5d536c3e18f12c04c44284f8b7a53227217eb0225d2018286dd0b1cc5c270277f7060d49e158dd010c164bb309f649720b4aac2e6415b734eb34a6a21e0f3ab35656c41d86ba0d7636438f84b6ce478030e0f7ff68c6ed78d5ec769dbb3c4304f7f957b16347b8168ede57ef55f9821f9e38bc789bf7dd588420291ef369008b05095389ff58a9b8734e5de917a4ea481280f47315f98953d389a2f437c2b449ef2d5d7b22af8dc2fc436305c8b622aca98c,gx-no-cache=1457702788390 HTTP/1.1" 200 565
200.112.233.47 - - [11/Mar/2016:10:26:03 -0300] "POST /cormun/servlet/trvisualizadoreventos?ad8c523a5a81154d38327f0ee55637a1,,gx-no-cache=1457702791234 HTTP/1.1" 200 3253
200.112.233.47 - - [11/Mar/2016:10:26:03 -0300] "GET /cormun/servlet/trvisualizadoreventos?7750a50ddefbaf1ab3f05aaa1bed5d53e21fed19e5afdd0a9ce50a875abb8309b0225d2018286dd0b1cc5c270277f7060d49e158dd010c164bb309f649720b4aac2e6415b734eb34a6a21e0f3ab35656c41d86ba0d7636438f84b6ce478030e0f7ff68c6ed78d5ec769dbb3c4304f7f957b16347b8168ede57ef55f9821f9e38bc789bf7dd588420291ef369008b05095389ff58a9b8734e5de917a4ea481280f47315f98953d389a2f437c2b449ef2d5d7b22af8dc2fc436305c8b622aca98c,gx-no-cache=1457702791687 HTTP/1.1" 200 566
186.103.159.230 - - [11/Mar/2016:10:26:04 -0300] "GET /cormun/servlet/solicitudotadjuntos?INS,2016,817,,1, HTTP/1.1" 200 5469
200.112.233.47 - - [11/Mar/2016:10:26:05 -0300] "POST /cormun/servlet/trvisualizadoreventos?ad8c523a5a81154d38327f0ee55637a1,,gx-no-cache=1457702793453 HTTP/1.1" 200 3569
186.103.159.230 - - [11/Mar/2016:10:26:05 -0300] "GET /cormun/static/about:blank HTTP/1.1" 404 1011
186.103.159.230 - - [11/Mar/2016:10:26:05 -0300] "GET /cormun/servlet/solicitudotadjuntos?INS,2016,817,,1, HTTP/1.1" 200 5463
200.112.233.47 - - [11/Mar/2016:10:26:05 -0300] "GET /cormun/servlet/trvisualizadoreventos?7750a50ddefbaf1ab3f05aaa1bed5d5345b100439cef5a3accab19e8ec0198bbb0225d2018286dd0b1cc5c270277f7060d49e158dd010c164bb309f649720b4aac2e6415b734eb34a6a21e0f3ab35656c41d86ba0d7636438f84b6ce478030e0f7ff68c6ed78d5ec769dbb3c4304f7f957b16347b8168ede57ef55f9821f9e38bc789bf7dd588420291ef369008b05095389ff58a9b8734e5de917a4ea481280f47315f98953d389a2f437c2b449ef2d5d7b22af8dc2fc436305c8b622aca98c,gx-no-cache=1457702793937 HTTP/1.1" 200 566
186.103.159.230 - - [11/Mar/2016:10:26:05 -0300] "GET /cormun/servlet/solicitudotadjuntos?9bd76176bb7aa01b2d309eb77842f52b861878f2e8d1e2759c1215c3a6820c6cdd5cf3550881f0ff0acf70c4869df596,gx-no-cache=1457702790345 HTTP/1.1" 200 30
186.103.159.230 - - [11/Mar/2016:10:26:05 -0300] "POST /cormun/servlet/solicitudotadjuntos?8d1b2cf19fd05ebc29eb562064229d1e,INS,2016,817,,1,,gx-no-cache=1457702790376 HTTP/1.1" 200 3343
200.112.233.47 - - [11/Mar/2016:10:26:09 -0300] "POST /cormun/servlet/trvisualizadoreventos?ad8c523a5a81154d38327f0ee55637a1,,gx-no-cache=1457702797265 HTTP/1.1" 200 3565
186.103.159.230 - - [11/Mar/2016:10:26:09 -0300] "POST /cormun/servlet/solicitudotadjuntos?gx-no-cache=1457702793733 HTTP/1.1" 200 26
186.103.159.230 - - [11/Mar/2016:10:26:09 -0300] "GET /cormun/servlet/solicitudotadjuntos?9bd76176bb7aa01b2d309eb77842f52b3c85c77ab259002f9a92744d3fb5807a,gx-no-cache=1457702793803 HTTP/1.1" 200 30
186.103.159.230 - - [11/Mar/2016:10:26:09 -0300] "GET /cormun/servlet/solicitudotadjuntos?9bd76176bb7aa01b2d309eb77842f52b3c85c77ab259002f9a92744d3fb5807a,gx-no-cache=1457702793855 HTTP/1.1" 200 30
200.112.233.47 - - [11/Mar/2016:10:26:09 -0300] "GET /cormun/servlet/trvisualizadoreventos?7750a50ddefbaf1ab3f05aaa1bed5d5390aae8d889e73791f3e2bcbab881c139b0225d2018286dd0b1cc5c270277f7060d49e158dd010c164bb309f649720b4aac2e6415b734eb34a6a21e0f3ab35656c41d86ba0d7636438f84b6ce478030e0f7ff68c6ed78d5ec769dbb3c4304f7f957b16347b8168ede57ef55f9821f9e38bc789bf7dd588420291ef369008b05095389ff58a9b8734e5de917a4ea481280f47315f98953d389a2f437c2b449ef2d5d7b22af8dc2fc436305c8b622aca98c,gx-no-cache=1457702797750 HTTP/1.1" 200 567
186.103.159.230 - - [11/Mar/2016:10:26:09 -0300] "POST /cormun/servlet/solicitudotadjuntos?8d1b2cf19fd05ebc29eb562064229d1e,INS,2016,817,,1,,gx-no-cache=1457702793916 HTTP/1.1" 200 3185
200.112.233.47 - - [11/Mar/2016:10:26:12 -0300] "POST /cormun/servlet/trvisualizadoreventos?ad8c523a5a81154d38327f0ee55637a1,,gx-no-cache=1457702800375 HTTP/1.1" 200 3566
186.103.159.230 - - [11/Mar/2016:10:26:12 -0300] "POST /cormun/servlet/solicitudotadjuntos?8d1b2cf19fd05ebc29eb562064229d1e,INS,2016,817,,1,,gx-no-cache=1457702796959 HTTP/1.1" 200 93
186.103.159.230 - - [11/Mar/2016:10:26:12 -0300] "GET /cormun/servlet/hpexe_return? HTTP/1.1" 200 1024
200.112.233.47 - - [11/Mar/2016:10:26:12 -0300] "GET /cormun/servlet/trvisualizadoreventos?7750a50ddefbaf1ab3f05aaa1bed5d53024997709a3d6e7948f15db3e7a297edb0225d2018286dd0b1cc5c270277f7060d49e158dd010c164bb309f649720b4aac2e6415b734eb34a6a21e0f3ab35656c41d86ba0d7636438f84b6ce478030e0f7ff68c6ed78d5ec769dbb3c4304f7f957b16347b8168ede57ef55f9821f9e38bc789bf7dd588420291ef369008b05095389ff58a9b8734e5de917a4ea481280f47315f98953d389a2f437c2b449ef2d5d7b22af8dc2fc436305c8b622aca98c,gx-no-cache=1457702800828 HTTP/1.1" 200 566
186.103.159.230 - - [11/Mar/2016:10:26:12 -0300] "GET /cormun/servlet/trsolicitudadjuntos?2016,817, HTTP/1.1" 200 7871
186.103.159.230 - - [11/Mar/2016:10:26:13 -0300] "GET /cormun/servlet/trsolicitudadjuntos?2016,817, HTTP/1.1" 200 7869
200.112.233.47 - - [11/Mar/2016:10:26:14 -0300] "POST /cormun/servlet/trvisualizadoreventos?ad8c523a5a81154d38327f0ee55637a1,,gx-no-cache=1457702802890 HTTP/1.1" 200 3566
200.112.233.47 - - [11/Mar/2016:10:26:22 -0300] "GET /cormun/servlet/trvisualizadoreventos?7750a50ddefbaf1ab3f05aaa1bed5d53024997709a3d6e7948f15db3e7a297edb0225d2018286dd0b1cc5c270277f7060d49e158dd010c164bb309f649720b4aac2e6415b734eb34a6a21e0f3ab35656c41d86ba0d7636438f84b6ce478030e0f7ff68c6ed78d5ec769dbb3c4304f7f957b16347b8168ede57ef55f9821f9e38bc789bf7dd588420291ef369008b05095389ff58a9b8734e5de917a4ea481280f47315f98953d389a2f437c2b449ef2d8f015be2f11c775ba86160d8b811f39e,gx-no-cache=1457702811046 HTTP/1.1" 200 573
186.103.156.166 - - [11/Mar/2016:10:26:22 -0300] "GET /cormun/servlet/hlogin HTTP/1.1" 200 1720
186.103.156.166 - - [11/Mar/2016:10:26:22 -0300] "GET /cormun/static/gxtimezone.js?85251 HTTP/1.1" 304 -
186.103.156.166 - - [11/Mar/2016:10:26:22 -0300] "GET /cormun/static/Resources/Spanish/PXTools.css?005343 HTTP/1.1" 200 89042
186.103.156.166 - - [11/Mar/2016:10:26:22 -0300] "GET /cormun/static/gxcfg.js?20151120045111 HTTP/1.1" 200 953
186.103.156.166 - - [11/Mar/2016:10:26:22 -0300] "GET /cormun/static/hlogin.js?20151120045126 HTTP/1.1" 200 2136
186.103.156.166 - - [11/Mar/2016:10:26:23 -0300] "GET /cormun/static/messages.spa.js?85251 HTTP/1.1" 200 30736
186.103.156.166 - - [11/Mar/2016:10:26:23 -0300] "GET /cormun/servlet/hlogin HTTP/1.1" 200 1728
186.103.156.166 - - [11/Mar/2016:10:26:23 -0300] "GET /favicon.ico HTTP/1.1" 200 21630
200.112.233.47 - - [11/Mar/2016:10:26:25 -0300] "GET /cormun/servlet/trvisualizadoreventos?7750a50ddefbaf1ab3f05aaa1bed5d53024997709a3d6e7948f15db3e7a297edb0225d2018286dd0b1cc5c270277f7060d49e158dd010c164bb309f649720b4aac2e6415b734eb34a6a21e0f3ab35656c41d86ba0d7636438f84b6ce478030e0f7ff68c6ed78d5ec769dbb3c4304f7f957b16347b8168ede57ef55f9821f9e38bc789bf7dd588420291ef369008b05095389ff58a9b8734e5de917a4ea481280f47315f98953d389a2f437c2b449ef2dea976dfe34123f5b26794ca2a9c1fa49,gx-no-cache=1457702813921 HTTP/1.1" 200 568
200.112.233.47 - - [11/Mar/2016:10:26:25 -0300] "POST /cormun/servlet/trvisualizadoreventos?ad8c523a5a81154d38327f0ee55637a1,,gx-no-cache=1457702814218 HTTP/1.1" 200 3574
186.103.159.230 - - [11/Mar/2016:10:26:26 -0300] "GET /cormun/servlet/solicitudotadjuntos?INS,2016,817,,1, HTTP/1.1" 200 5469
186.103.159.230 - - [11/Mar/2016:10:26:26 -0300] "GET /cormun/servlet/solicitudotadjuntos?INS,2016,817,,1, HTTP/1.1" 200 5463
186.103.159.230 - - [11/Mar/2016:10:26:27 -0300] "GET /cormun/servlet/solicitudotadjuntos?9bd76176bb7aa01b2d309eb77842f52b861878f2e8d1e2759c1215c3a6820c6cdd5cf3550881f0ff0acf70c4869df596,gx-no-cache=1457702811813 HTTP/1.1" 200 30
186.103.159.230 - - [11/Mar/2016:10:26:27 -0300] "POST /cormun/servlet/solicitudotadjuntos?8d1b2cf19fd05ebc29eb562064229d1e,INS,2016,817,,1,,gx-no-cache=1457702811853 HTTP/1.1" 200 3342
200.112.233.47 - - [11/Mar/2016:10:26:30 -0300] "POST /cormun/servlet/trvisualizadoreventos?ad8c523a5a81154d38327f0ee55637a1,,gx-no-cache=1457702818343 HTTP/1.1" 200 3574
200.112.233.47 - - [11/Mar/2016:10:26:30 -0300] "POST /cormun/servlet/trvisualizadoreventos?ad8c523a5a81154d38327f0ee55637a1,,gx-no-cache=1457702818640 HTTP/1.1" 200 3574
200.112.233.47 - - [11/Mar/2016:10:26:30 -0300] "POST /cormun/servlet/trvisualizadoreventos?ad8c523a5a81154d38327f0ee55637a1,,gx-no-cache=1457702818937 HTTP/1.1" 200 3574
191.112.15.155 - - [11/Mar/2016:10:26:32 -0300] "POST /cormun/servlet/trautorizarsolicitud?3d095bdbee98cddf523ce02dbaddae6f,gx-no-cache=1457706420001 HTTP/1.1" 200 3220
200.112.233.47 - - [11/Mar/2016:10:26:35 -0300] "POST /cormun/servlet/trvisualizadoreventos?ad8c523a5a81154d38327f0ee55637a1,,gx-no-cache=1457702823343 HTTP/1.1" 200 4232
200.112.233.47 - - [11/Mar/2016:10:26:35 -0300] "GET /cormun/servlet/trvisualizadoreventos?7750a50ddefbaf1ab3f05aaa1bed5d536c3e18f12c04c44284f8b7a53227217eb0225d2018286dd0b1cc5c270277f7060d49e158dd010c164bb309f649720b4aac2e6415b734eb34a6a21e0f3ab35656c41d86ba0d7636438f84b6ce478030e0f7ff68c6ed78d5ec769dbb3c4304f7f957b16347b8168ede57ef55f9821f9e38bc789bf7dd588420291ef369008b05095389ff58a9b8734e5de917a4ea481280f47315f98953d389a2f437c2b449ef2dea976dfe34123f5b26794ca2a9c1fa49,gx-no-cache=1457702823859 HTTP/1.1" 200 1313
186.103.156.166 - - [11/Mar/2016:10:26:42 -0300] "POST /cormun/servlet/hlogin?cc94d095cc57161c1ec5b045d79567c5,gx-no-cache=1457702833010 HTTP/1.1" 200 90
186.103.156.166 - - [11/Mar/2016:10:26:42 -0300] "GET /cormun/servlet/hpexe_link HTTP/1.1" 200 949
186.103.156.166 - - [11/Mar/2016:10:26:42 -0300] "GET /cormun/static/hpexe_link.js?20151120044398 HTTP/1.1" 200 625
186.103.156.166 - - [11/Mar/2016:10:26:42 -0300] "GET /cormun/static/gxcfg.js?20151120044395 HTTP/1.1" 200 953
186.103.156.166 - - [11/Mar/2016:10:26:42 -0300] "GET /cormun/servlet/hhome HTTP/1.1" 200 3486
186.103.156.166 - - [11/Mar/2016:10:26:43 -0300] "GET /cormun/static/gxcfg.js?2015112210564248 HTTP/1.1" 200 953
186.103.156.166 - - [11/Mar/2016:10:26:43 -0300] "GET /cormun/static/hhome.js?2015112210564255 HTTP/1.1" 200 777
186.103.156.166 - - [11/Mar/2016:10:26:43 -0300] "GET /cormun/static/hwchdr01.js?20162241650484 HTTP/1.1" 200 1183
186.103.156.166 - - [11/Mar/2016:10:26:43 -0300] "GET /cormun/static/hpexe_recentlink.js?2015111312121342 HTTP/1.1" 200 2144
186.103.156.166 - - [11/Mar/2016:10:26:43 -0300] "GET /cormun/static/hpexe_scripts.js?20151120014546 HTTP/1.1" 200 1544
186.103.156.166 - - [11/Mar/2016:10:26:43 -0300] "GET /cormun/static/Resources/Spanish/PXTools.css?10515224 HTTP/1.1" 200 89042
186.103.156.166 - - [11/Mar/2016:10:26:43 -0300] "GET /cormun/static/hpexe_messagecontroller.js?2015112210524422 HTTP/1.1" 200 870
186.103.156.166 - - [11/Mar/2016:10:26:43 -0300] "GET /cormun/static/hpexe_messagepopupcomponent.js?20163219454551 HTTP/1.1" 200 605
186.103.156.166 - - [11/Mar/2016:10:26:43 -0300] "GET /cormun/static/hmpwkw03.js?2016311993330 HTTP/1.1" 200 3898
186.103.156.166 - - [11/Mar/2016:10:26:43 -0300] "GET /cormun/static/hpexe_messagegenexuscomponent.js?20151120014314 HTTP/1.1" 200 587
186.103.156.166 - - [11/Mar/2016:10:26:43 -0300] "GET /cormun/static/cmcontrolpreferences.js?20151120014525 HTTP/1.1" 200 1375
186.103.156.166 - - [11/Mar/2016:10:26:43 -0300] "GET /cormun/servlet/hhome HTTP/1.1" 200 3482
186.103.159.230 - - [11/Mar/2016:10:26:48 -0300] "POST /cormun/servlet/solicitudotadjuntos?gx-no-cache=1457702832949 HTTP/1.1" 200 26
186.103.159.230 - - [11/Mar/2016:10:26:48 -0300] "GET /cormun/servlet/solicitudotadjuntos?9bd76176bb7aa01b2d309eb77842f52b3c85c77ab259002f9a92744d3fb5807a,gx-no-cache=1457702832984 HTTP/1.1" 200 30
186.103.159.230 - - [11/Mar/2016:10:26:48 -0300] "GET /cormun/servlet/solicitudotadjuntos?9bd76176bb7aa01b2d309eb77842f52b3c85c77ab259002f9a92744d3fb5807a,gx-no-cache=1457702833003 HTTP/1.1" 200 30
186.103.159.230 - - [11/Mar/2016:10:26:48 -0300] "POST /cormun/servlet/solicitudotadjuntos?8d1b2cf19fd05ebc29eb562064229d1e,INS,2016,817,,1,,gx-no-cache=1457702833026 HTTP/1.1" 200 3184
