186.103.159.46 - - [11/Mar/2016:09:44:00 -0300] "GET /cormun/static/Resources/PXToolsGridFirst.gif HTTP/1.1" 304 -
186.103.159.46 - - [11/Mar/2016:09:44:00 -0300] "GET /cormun/static/Resources/PXToolsGridPrevious.gif HTTP/1.1" 304 -
186.103.159.46 - - [11/Mar/2016:09:44:00 -0300] "GET /cormun/static/Resources/PXToolsGridNext.gif HTTP/1.1" 304 -
186.103.159.46 - - [11/Mar/2016:09:44:00 -0300] "GET /cormun/static/Resources/PXToolsGridLast.gif HTTP/1.1" 304 -
186.103.159.46 - - [11/Mar/2016:09:44:00 -0300] "GET /cormun/static/Resources/PXToolsActionPrint.png HTTP/1.1" 304 -
186.103.159.46 - - [11/Mar/2016:09:44:00 -0300] "GET /cormun/static/Resources/PXToolsActionExcel.png HTTP/1.1" 304 -
186.103.159.46 - - [11/Mar/2016:09:44:00 -0300] "GET /cormun/static/gxdec.js?85251 HTTP/1.1" 304 -
186.103.159.46 - - [11/Mar/2016:09:44:00 -0300] "GET /cormun/static/trvisualizadoreventos.js?2016251828276 HTTP/1.1" 304 -
186.103.159.46 - - [11/Mar/2016:09:44:00 -0300] "GET /cormun/static/Resources/asc.gif HTTP/1.1" 304 -
186.103.159.46 - - [11/Mar/2016:09:44:00 -0300] "GET /cormun/static/Resources/desc.gif HTTP/1.1" 304 -
186.103.159.46 - - [11/Mar/2016:09:44:00 -0300] "GET /cormun/static/Shared/ext/resources/themes/images/default/panel/bg-headersPanel.png HTTP/1.1" 304 -
186.103.159.46 - - [11/Mar/2016:09:44:00 -0300] "GET /cormun/static/Shared/ext/resources/themes/images/default/tools/tool-sprites.gif HTTP/1.1" 304 -
186.103.159.46 - - [11/Mar/2016:09:44:00 -0300] "GET /cormun/static/Shared/ext/resources/themes/images/default/tip/tip-corners.gif HTTP/1.1" 304 -
186.103.159.46 - - [11/Mar/2016:09:44:00 -0300] "GET /cormun/static/Shared/ext/resources/themes/images/default/tip/tip-sides.gif HTTP/1.1" 304 -
186.103.159.230 - - [11/Mar/2016:09:44:03 -0300] "GET /cormun/servlet/solicitudot?9bd76176bb7aa01b2d309eb77842f52bf9f77e0117dc70e7ad248c5ca7d5a8ec924599d847a1bb461860ec4c146c2a5397e79d45c75480a786207b0316baed5eb32b005fd3fce0afb5c8ce1fc846211f390bc8e195914260e3e7eb7e63fcf2096edb237f2909dc813c09b41100236f84ebfbe98d06d2b59445d98b4fa65f16b80221c66f3ef586214e9704dff0346bdd370582220bc25c3a70e2dd77bbbce9f36cc8befbce84f929cbfa17095cd80408,gx-no-cache=1457700267778 HTTP/1.1" 200 30
186.103.159.46 - - [11/Mar/2016:09:44:09 -0300] "GET /cormun/servlet/trautorizarsolicitud? HTTP/1.1" 200 6132
186.103.159.46 - - [11/Mar/2016:09:44:10 -0300] "GET /cormun/static/Resources/Spanish/PXTools.css?19444614 HTTP/1.1" 304 -
186.103.159.46 - - [11/Mar/2016:09:44:10 -0300] "GET /cormun/static/gxcfg.js?20163219504791 HTTP/1.1" 304 -
186.103.159.46 - - [11/Mar/2016:09:44:11 -0300] "GET /cormun/static/trautorizarsolicitud.js?20163219505323 HTTP/1.1" 304 -
186.103.248.189 - - [11/Mar/2016:09:44:11 -0300] "POST /cormun/servlet/solicitudot?gx-no-cache=1457700279801 HTTP/1.1" 200 2668
186.103.248.189 - - [11/Mar/2016:09:44:12 -0300] "POST /cormun/servlet/solicitudot?bba5c94d1edacdd681b80d0d1d7b320d,INS,0,0,,gx-no-cache=1457700280187 HTTP/1.1" 200 8292
115.231.222.40 - - [11/Mar/2016:09:44:12 -0300] "GET /cgi-bin/common/attr?id=260714&r=0.0516569270091191 HTTP/1.1" 404 999
186.103.159.46 - - [11/Mar/2016:09:44:16 -0300] "GET /cormun/static/menuarrow.gif HTTP/1.1" 404 1015
186.103.248.189 - - [11/Mar/2016:09:44:16 -0300] "GET /cormun/servlet/solicitudot?d1569fc545609a809b8375e495eb19991cbc6ba6ee304c7a445d84f38fc6c66af98d9dcbdc96a405c6a98697f511dacd,gx-no-cache=1457700285077 HTTP/1.1" 200 30
200.111.191.210 - - [11/Mar/2016:09:44:17 -0300] "POST /cormun/servlet/solicitudot?gx-no-cache=1457700280920 HTTP/1.1" 200 30
200.111.191.210 - - [11/Mar/2016:09:44:20 -0300] "POST /cormun/servlet/solicitudot?gx-no-cache=1457700283375 HTTP/1.1" 200 30
200.111.191.210 - - [11/Mar/2016:09:44:22 -0300] "POST /cormun/servlet/solicitudot?gx-no-cache=1457700284968 HTTP/1.1" 200 452
200.111.191.210 - - [11/Mar/2016:09:44:22 -0300] "GET /cormun/servlet/solicitudot?eaf25b17597637cd06bec09d6033c25287d3062341790ff6dce6a7649cfc7a74e39300e1c4063bc2ae70ed0439c0a2b2b1f7efb0d69f6a03985d2c48b992e55277a0d74e01b30c680941c5ec078b292741accf8e149c764958c3f455382dddfd4d6d23a13c24545f68de3041c368e1fd497fccad8a20ce266b605a5cd799947fe2e3659a8dc45e8c983a73e03f9bef23,gx-no-cache=1457700285000 HTTP/1.1" 200 38
186.103.159.46 - - [11/Mar/2016:09:44:23 -0300] "POST /cormun/servlet/trautorizarsolicitud?3a9cdfccf2d0aec110a969625827f857,,gx-no-cache=1457700279639 HTTP/1.1" 200 3471
186.103.159.46 - - [11/Mar/2016:09:44:23 -0300] "POST /cormun/servlet/trautorizarsolicitud?3a9cdfccf2d0aec110a969625827f857,,gx-no-cache=1457700279904 HTTP/1.1" 200 3470
186.103.159.46 - - [11/Mar/2016:09:44:39 -0300] "GET /cormun/servlet/trvisualizadoreventos? HTTP/1.1" 200 5947
186.103.159.46 - - [11/Mar/2016:09:44:44 -0300] "POST /cormun/servlet/trvisualizadoreventos?3a9cdfccf2d0aec110a969625827f857,,gx-no-cache=1457700300154 HTTP/1.1" 200 3266
186.103.159.46 - - [11/Mar/2016:09:44:46 -0300] "POST /cormun/servlet/trvisualizadoreventos?3a9cdfccf2d0aec110a969625827f857,,gx-no-cache=1457700302954 HTTP/1.1" 200 3266
186.103.159.46 - - [11/Mar/2016:09:44:51 -0300] "POST /cormun/servlet/trvisualizadoreventos?3a9cdfccf2d0aec110a969625827f857,,gx-no-cache=1457700307213 HTTP/1.1" 200 111
186.103.159.46 - - [11/Mar/2016:09:44:51 -0300] "GET /cormun/VisualizadorEventos-1425.xls HTTP/1.1" 200 4096
186.103.159.230 - - [11/Mar/2016:09:44:54 -0300] "POST /cormun/servlet/solicitudot?8d1b2cf19fd05ebc29eb562064229d1e,INS,0,0,,gx-no-cache=1457700319021 HTTP/1.1" 200 9268
186.103.159.230 - - [11/Mar/2016:09:45:12 -0300] "POST /cormun/servlet/solicitudot?gx-no-cache=1457700336701 HTTP/1.1" 200 30
186.103.159.230 - - [11/Mar/2016:09:45:12 -0300] "POST /cormun/servlet/solicitudot?gx-no-cache=1457700336755 HTTP/1.1" 200 1166
186.103.159.230 - - [11/Mar/2016:09:45:12 -0300] "GET /cormun/servlet/solicitudot?9bd76176bb7aa01b2d309eb77842f52bd316f1053fbe8da5a54023570f950a6436875f9c6b3d328189e62bafc60c4e11afb384c4e497dd3a639e29a82c08af3826cc9137976318897b19c36a69ebb27141c533a97a54b0012d28373d8bd7030ff642fefa589a58b88ea4c773f65288a037a2ccb6794891c19c9a3637c3b1bbcc9e825c00d0d588eaf4a733f7612dc62add5cf3550881f0ff0acf70c4869df596,gx-no-cache=1457700336818 HTTP/1.1" 200 41
186.103.159.230 - - [11/Mar/2016:09:45:12 -0300] "POST /cormun/servlet/solicitudot?gx-no-cache=1457700336894 HTTP/1.1" 200 1128
186.103.159.230 - - [11/Mar/2016:09:45:12 -0300] "GET /cormun/servlet/solicitudot?9bd76176bb7aa01b2d309eb77842f52bf9f77e0117dc70e7ad248c5ca7d5a8ec924599d847a1bb461860ec4c146c2a5397e79d45c75480a786207b0316baed5eb32b005fd3fce0afb5c8ce1fc846211f390bc8e195914260e3e7eb7e63fcf2096edb237f2909dc813c09b41100236f84ebfbe98d06d2b59445d98b4fa65f16b80221c66f3ef586214e9704dff0346bdd370582220bc25c3a70e2dd77bbbce9f36cc8befbce84f929cbfa17095cd80408,gx-no-cache=1457700336979 HTTP/1.1" 200 30
186.103.159.230 - - [11/Mar/2016:09:45:13 -0300] "POST /cormun/servlet/solicitudot?8d1b2cf19fd05ebc29eb562064229d1e,INS,0,0,,gx-no-cache=1457700337045 HTTP/1.1" 200 93
186.103.159.230 - - [11/Mar/2016:09:45:13 -0300] "GET /cormun/servlet/hpexe_return? HTTP/1.1" 200 1007
186.103.159.230 - - [11/Mar/2016:09:45:14 -0300] "GET /cormun/servlet/trsolicitudot HTTP/1.1" 200 7498
186.103.159.230 - - [11/Mar/2016:09:45:14 -0300] "GET /cormun/servlet/trsolicitudot HTTP/1.1" 200 7495
186.103.159.230 - - [11/Mar/2016:09:45:26 -0300] "POST /cormun/servlet/trsolicitudot?8d1b2cf19fd05ebc29eb562064229d1e,gx-no-cache=1457700350608 HTTP/1.1" 200 4932
186.103.159.230 - - [11/Mar/2016:09:45:26 -0300] "POST /cormun/servlet/trsolicitudot?8d1b2cf19fd05ebc29eb562064229d1e,gx-no-cache=1457700350890 HTTP/1.1" 200 4932
186.103.159.230 - - [11/Mar/2016:09:45:26 -0300] "POST /cormun/servlet/trsolicitudot?8d1b2cf19fd05ebc29eb562064229d1e,gx-no-cache=1457700351192 HTTP/1.1" 200 4932
186.103.159.230 - - [11/Mar/2016:09:45:27 -0300] "POST /cormun/servlet/trsolicitudot?8d1b2cf19fd05ebc29eb562064229d1e,gx-no-cache=1457700351380 HTTP/1.1" 200 4933
186.103.159.230 - - [11/Mar/2016:09:45:27 -0300] "POST /cormun/servlet/trsolicitudot?8d1b2cf19fd05ebc29eb562064229d1e,gx-no-cache=1457700351563 HTTP/1.1" 200 4933
186.103.159.230 - - [11/Mar/2016:09:45:27 -0300] "POST /cormun/servlet/trsolicitudot?8d1b2cf19fd05ebc29eb562064229d1e,gx-no-cache=1457700351710 HTTP/1.1" 200 4933
186.103.159.230 - - [11/Mar/2016:09:45:27 -0300] "POST /cormun/servlet/trsolicitudot?8d1b2cf19fd05ebc29eb562064229d1e,gx-no-cache=1457700351890 HTTP/1.1" 200 4932
186.103.159.230 - - [11/Mar/2016:09:45:27 -0300] "POST /cormun/servlet/trsolicitudot?8d1b2cf19fd05ebc29eb562064229d1e,gx-no-cache=1457700352047 HTTP/1.1" 200 5178
186.103.159.46 - - [11/Mar/2016:09:45:33 -0300] "POST /cormun/servlet/trsolicitudot?d5f5c2dbe1c590343e02ed3b35d72d42,,gx-no-cache=1457700360289 HTTP/1.1" 200 4922
186.103.159.46 - - [11/Mar/2016:09:45:33 -0300] "POST /cormun/servlet/trsolicitudot?d5f5c2dbe1c590343e02ed3b35d72d42,,gx-no-cache=1457700360648 HTTP/1.1" 200 4922
186.103.159.46 - - [11/Mar/2016:09:45:34 -0300] "POST /cormun/servlet/trsolicitudot?d5f5c2dbe1c590343e02ed3b35d72d42,,gx-no-cache=1457700361540 HTTP/1.1" 200 4922
186.103.159.46 - - [11/Mar/2016:09:45:34 -0300] "POST /cormun/servlet/trsolicitudot?d5f5c2dbe1c590343e02ed3b35d72d42,,gx-no-cache=1457700361847 HTTP/1.1" 200 4921
186.103.159.46 - - [11/Mar/2016:09:45:34 -0300] "POST /cormun/servlet/trsolicitudot?d5f5c2dbe1c590343e02ed3b35d72d42,,gx-no-cache=1457700362160 HTTP/1.1" 200 4922
200.111.191.210 - - [11/Mar/2016:09:45:35 -0300] "GET /cormun/servlet/solicitudot?eaf25b17597637cd06bec09d6033c252beebbc48e03f4f4c9b3abeea4572623609e3912ba8b235dec6523230f8d3dfcbc5fd6e760ea62c60a964458bb27a4e70d4dbdc3d618b81ac27117fcbe2ccfce75f369b96de31cd3d8cb9aca91c3065163183cb6337e279511eee87b467ffede07feb2b33c6d6637b7cf3cada348bed376e6a586d166ea42c004a39f7e6c9750ed333652d78f4a44a917b60028ffc4da2,gx-no-cache=1457700357980 HTTP/1.1" 200 29
186.103.159.46 - - [11/Mar/2016:09:45:35 -0300] "POST /cormun/servlet/trsolicitudot?d5f5c2dbe1c590343e02ed3b35d72d42,,gx-no-cache=1457700362438 HTTP/1.1" 200 4922
186.103.159.46 - - [11/Mar/2016:09:45:35 -0300] "POST /cormun/servlet/trsolicitudot?d5f5c2dbe1c590343e02ed3b35d72d42,,gx-no-cache=1457700362820 HTTP/1.1" 200 4922
186.103.159.46 - - [11/Mar/2016:09:45:35 -0300] "POST /cormun/servlet/trsolicitudot?d5f5c2dbe1c590343e02ed3b35d72d42,,gx-no-cache=1457700363127 HTTP/1.1" 200 3619
186.103.159.46 - - [11/Mar/2016:09:45:36 -0300] "POST /cormun/servlet/trsolicitudot?d5f5c2dbe1c590343e02ed3b35d72d42,,gx-no-cache=1457700363404 HTTP/1.1" 200 3463
200.111.191.210 - - [11/Mar/2016:09:45:37 -0300] "POST /cormun/servlet/solicitudot?gx-no-cache=1457700359940 HTTP/1.1" 200 1128
186.103.159.230 - - [11/Mar/2016:09:45:38 -0300] "POST /cormun/servlet/trsolicitudot?8d1b2cf19fd05ebc29eb562064229d1e,gx-no-cache=1457700363315 HTTP/1.1" 200 5178
186.103.159.46 - - [11/Mar/2016:09:45:46 -0300] "GET /cormun/servlet/trvisualizadoreventos? HTTP/1.1" 200 5919
186.103.159.46 - - [11/Mar/2016:09:45:46 -0300] "GET /cormun/static/gxcfg.js?2016251828014 HTTP/1.1" 200 953
186.103.159.46 - - [11/Mar/2016:09:45:46 -0300] "GET /cormun/static/trvisualizadoreventos.js?2016251828276 HTTP/1.1" 200 19096
186.103.159.46 - - [11/Mar/2016:09:45:46 -0300] "GET /cormun/static/Resources/PXToolsActionPrint.png HTTP/1.1" 200 3317
186.103.159.46 - - [11/Mar/2016:09:45:47 -0300] "GET /cormun/static/Resources/Spanish/PXTools.css?17554516 HTTP/1.1" 200 89042
186.103.159.46 - - [11/Mar/2016:09:45:49 -0300] "GET /cormun/servlet/trvisualizadoreventos? HTTP/1.1" 200 5919
186.103.159.46 - - [11/Mar/2016:09:45:54 -0300] "GET /cormun/servlet/trvisualizadoreventos?28e3c15ed46c8791453ca6efb448b9358dec286427fe605c666d1700c46b68799f94cf98daa43f8b01a40e458a960b5998551b21e0dabdb584a49d51b2f6a887251d512be118b60073540fc76e27dc4ddb63ddef306160a0b94bff3589cc30a91f1c6e3473b978842dcd87d5a0d23bbe1a70ade975b13e939601686300f9eb13302cebb813b8464949d32a6caedcb049af72aa8dc222c43fb064b4ab0750fe27eff1d558eef422eefafe7328255321855140134efd74a206361f290276ad945f,gx-no-cache=1457700382031 HTTP/1.1" 200 567
186.103.159.46 - - [11/Mar/2016:09:45:57 -0300] "POST /cormun/servlet/trvisualizadoreventos?d5f5c2dbe1c590343e02ed3b35d72d42,,gx-no-cache=1457700385020 HTTP/1.1" 200 3328
186.103.159.46 - - [11/Mar/2016:09:45:58 -0300] "POST /cormun/servlet/trvisualizadoreventos?d5f5c2dbe1c590343e02ed3b35d72d42,,gx-no-cache=1457700385563 HTTP/1.1" 200 3328
186.103.159.46 - - [11/Mar/2016:09:45:58 -0300] "POST /cormun/servlet/trvisualizadoreventos?d5f5c2dbe1c590343e02ed3b35d72d42,,gx-no-cache=1457700385788 HTTP/1.1" 200 3328
186.103.159.46 - - [11/Mar/2016:09:45:58 -0300] "POST /cormun/servlet/trvisualizadoreventos?d5f5c2dbe1c590343e02ed3b35d72d42,,gx-no-cache=1457700385973 HTTP/1.1" 200 3328
200.111.191.210 - - [11/Mar/2016:09:46:04 -0300] "GET /cormun/servlet/solicitudot?eaf25b17597637cd06bec09d6033c252a8c9e63bf75f8141ecdace7dcb7ecf71c7a7a5f000393da02471917fd33d436a01c32073c99e82e75d4e79769bb02b5d94607d92d7181e07313d5b62bcef038f67b2f1c75acb79f078a58fd9ddc6d4ec9bfb7d6e9996b1e418a780aaf1b3fa4d1dfc2bcb8c5bdaa68ca047d77687cdc228759c301db02b346013e3c275f1c53e7330b5cab681ae00991969f94c1ce93a15ed96dde3b134886cd3ccde1c73f124,gx-no-cache=1457700387308 HTTP/1.1" 200 30
200.111.191.210 - - [11/Mar/2016:09:46:11 -0300] "POST /cormun/servlet/solicitudot?56345246e18b4d0e8bf37e5d49e7dd83,INS,0,0,,gx-no-cache=1457700393917 HTTP/1.1" 200 93
200.111.191.210 - - [11/Mar/2016:09:46:11 -0300] "GET /cormun/servlet/hpexe_return? HTTP/1.1" 200 1026
200.111.191.210 - - [11/Mar/2016:09:46:11 -0300] "GET /cormun/servlet/trsolicitudot?gx-no-cache=1457700215841 HTTP/1.1" 200 7332
200.111.191.210 - - [11/Mar/2016:09:46:11 -0300] "GET /cormun/servlet/trsolicitudot?gx-no-cache=1457700215841 HTTP/1.1" 200 7348
186.103.159.46 - - [11/Mar/2016:09:46:16 -0300] "GET /cormun/servlet/trautorizarsolicitud? HTTP/1.1" 200 7446
186.103.159.46 - - [11/Mar/2016:09:46:17 -0300] "GET /cormun//static/Resources/PXToolsRemoveAllAction.png HTTP/1.1" 304 -
186.103.159.46 - - [11/Mar/2016:09:46:17 -0300] "GET /cormun//static/Resources/PXToolsGridDelete.png HTTP/1.1" 304 -
186.103.159.46 - - [11/Mar/2016:09:46:17 -0300] "GET /cormun//static/Resources/PXToolsGridUpdate.png HTTP/1.1" 304 -
186.103.159.46 - - [11/Mar/2016:09:46:17 -0300] "GET /cormun//static/Resources/PXToolsActionView.png HTTP/1.1" 304 -
186.103.159.46 - - [11/Mar/2016:09:46:17 -0300] "GET /cormun//static/Resources/PXTools/ActionInsert.png HTTP/1.1" 304 -
200.111.191.210 - - [11/Mar/2016:09:46:18 -0300] "POST /cormun/servlet/trsolicitudot?56345246e18b4d0e8bf37e5d49e7dd83,gx-no-cache=1457700215841,gx-no-cache=1457700400948 HTTP/1.1" 200 4699
200.111.191.210 - - [11/Mar/2016:09:46:18 -0300] "POST /cormun/servlet/trsolicitudot?56345246e18b4d0e8bf37e5d49e7dd83,gx-no-cache=1457700215841,gx-no-cache=1457700401097 HTTP/1.1" 200 4699
200.111.191.210 - - [11/Mar/2016:09:46:18 -0300] "POST /cormun/servlet/trsolicitudot?56345246e18b4d0e8bf37e5d49e7dd83,gx-no-cache=1457700215841,gx-no-cache=1457700401213 HTTP/1.1" 200 4699
200.111.191.210 - - [11/Mar/2016:09:46:18 -0300] "POST /cormun/servlet/trsolicitudot?56345246e18b4d0e8bf37e5d49e7dd83,gx-no-cache=1457700215841,gx-no-cache=1457700401331 HTTP/1.1" 200 4699
200.111.191.210 - - [11/Mar/2016:09:46:18 -0300] "POST /cormun/servlet/trsolicitudot?56345246e18b4d0e8bf37e5d49e7dd83,gx-no-cache=1457700215841,gx-no-cache=1457700401489 HTTP/1.1" 200 4699
200.111.191.210 - - [11/Mar/2016:09:46:18 -0300] "POST /cormun/servlet/trsolicitudot?56345246e18b4d0e8bf37e5d49e7dd83,gx-no-cache=1457700215841,gx-no-cache=1457700401639 HTTP/1.1" 200 4699
200.111.191.210 - - [11/Mar/2016:09:46:18 -0300] "POST /cormun/servlet/trsolicitudot?56345246e18b4d0e8bf37e5d49e7dd83,gx-no-cache=1457700215841,gx-no-cache=1457700401761 HTTP/1.1" 200 4699
200.111.191.210 - - [11/Mar/2016:09:46:18 -0300] "POST /cormun/servlet/trsolicitudot?56345246e18b4d0e8bf37e5d49e7dd83,gx-no-cache=1457700215841,gx-no-cache=1457700401886 HTTP/1.1" 200 106
200.111.191.210 - - [11/Mar/2016:09:46:19 -0300] "GET /cormun/servlet/trsolicitudadjuntos?2016,818, HTTP/1.1" 200 5355
200.111.191.210 - - [11/Mar/2016:09:46:19 -0300] "GET /cormun/static/Resources/Spanish/PXTools.css?171692 HTTP/1.1" 304 -
200.111.191.210 - - [11/Mar/2016:09:46:19 -0300] "GET /cormun/static/gxcfg.js?2016311731090 HTTP/1.1" 304 -
200.111.191.210 - - [11/Mar/2016:09:46:19 -0300] "GET /cormun/static/trsolicitudadjuntos.js?2016311731342 HTTP/1.1" 304 -
200.111.191.210 - - [11/Mar/2016:09:46:19 -0300] "GET /cormun/servlet/trsolicitudadjuntos?2016,818, HTTP/1.1" 200 5335
200.111.191.210 - - [11/Mar/2016:09:46:21 -0300] "GET /cormun/servlet/solicitudotadjuntos?INS,2016,818,,1, HTTP/1.1" 200 5423
200.111.191.210 - - [11/Mar/2016:09:46:21 -0300] "GET /cormun/static/gxcfg.js?2016311984045 HTTP/1.1" 304 -
200.111.191.210 - - [11/Mar/2016:09:46:21 -0300] "GET /cormun/static/solicitudotadjuntos.js?2016311984068 HTTP/1.1" 304 -
200.111.191.210 - - [11/Mar/2016:09:46:21 -0300] "GET /cormun/static/about:blank HTTP/1.1" 404 1011
200.111.191.210 - - [11/Mar/2016:09:46:21 -0300] "GET /cormun/servlet/solicitudotadjuntos?INS,2016,818,,1, HTTP/1.1" 200 5417
200.111.191.210 - - [11/Mar/2016:09:46:22 -0300] "GET /cormun/servlet/solicitudotadjuntos?eaf25b17597637cd06bec09d6033c252073111d471b6ef0354e6609698e89f3f569da0dd5af8d6f9a9b9166d0b749a46,gx-no-cache=1457700405162 HTTP/1.1" 200 30
200.111.191.210 - - [11/Mar/2016:09:46:22 -0300] "POST /cormun/servlet/solicitudotadjuntos?56345246e18b4d0e8bf37e5d49e7dd83,INS,2016,818,,1,,gx-no-cache=1457700405181 HTTP/1.1" 200 3345
186.103.159.230 - - [11/Mar/2016:09:46:23 -0300] "POST /cormun/servlet/trsolicitudot?8d1b2cf19fd05ebc29eb562064229d1e,gx-no-cache=1457700407510 HTTP/1.1" 200 5178
200.111.191.210 - - [11/Mar/2016:09:46:23 -0300] "POST /cormun/servlet/solicitudotadjuntos?gx-no-cache=1457700406509 HTTP/1.1" 200 26
200.111.191.210 - - [11/Mar/2016:09:46:32 -0300] "GET /cormun/servlet/solicitudotadjuntos?eaf25b17597637cd06bec09d6033c25241e2bc4253dad43bf2de655d6f141300,gx-no-cache=1457700415845 HTTP/1.1" 200 30
200.111.191.210 - - [11/Mar/2016:09:46:32 -0300] "GET /cormun/servlet/solicitudotadjuntos?eaf25b17597637cd06bec09d6033c25241e2bc4253dad43bf2de655d6f141300,gx-no-cache=1457700415882 HTTP/1.1" 200 30
200.111.191.210 - - [11/Mar/2016:09:46:33 -0300] "POST /cormun/servlet/solicitudotadjuntos?56345246e18b4d0e8bf37e5d49e7dd83,INS,2016,818,,1, HTTP/1.1" 200 116
200.111.191.210 - - [11/Mar/2016:09:46:34 -0300] "GET /cormun/servlet/hpexe_return? HTTP/1.1" 200 1022
200.111.191.210 - - [11/Mar/2016:09:46:34 -0300] "GET /cormun/servlet/trsolicitudadjuntos?2016,818, HTTP/1.1" 200 7225
200.111.191.210 - - [11/Mar/2016:09:46:34 -0300] "GET /cormun/servlet/trsolicitudadjuntos?2016,818, HTTP/1.1" 200 7221
200.111.191.210 - - [11/Mar/2016:09:46:36 -0300] "GET /cormun/servlet/solicitudotadjuntos?INS,2016,818,,1, HTTP/1.1" 200 5423
186.103.159.46 - - [11/Mar/2016:09:46:37 -0300] "GET /cormun/servlet/trvisualizadoreventos? HTTP/1.1" 200 5947
200.111.191.210 - - [11/Mar/2016:09:46:37 -0300] "GET /cormun/static/about:blank HTTP/1.1" 404 1011
200.111.191.210 - - [11/Mar/2016:09:46:37 -0300] "GET /cormun/servlet/solicitudotadjuntos?INS,2016,818,,1, HTTP/1.1" 200 5417
200.111.191.210 - - [11/Mar/2016:09:46:37 -0300] "GET /cormun/servlet/solicitudotadjuntos?eaf25b17597637cd06bec09d6033c252073111d471b6ef0354e6609698e89f3f569da0dd5af8d6f9a9b9166d0b749a46,gx-no-cache=1457700420641 HTTP/1.1" 200 30
200.111.191.210 - - [11/Mar/2016:09:46:37 -0300] "POST /cormun/servlet/solicitudotadjuntos?56345246e18b4d0e8bf37e5d49e7dd83,INS,2016,818,,1,,gx-no-cache=1457700420664 HTTP/1.1" 200 3345
200.111.191.210 - - [11/Mar/2016:09:46:40 -0300] "POST /cormun/servlet/solicitudotadjuntos?gx-no-cache=1457700423710 HTTP/1.1" 200 26
186.103.159.46 - - [11/Mar/2016:09:46:42 -0300] "GET /cormun/servlet/trautorizarsolicitud? HTTP/1.1" 200 7446
200.111.191.210 - - [11/Mar/2016:09:46:46 -0300] "GET /cormun/servlet/solicitudotadjuntos?eaf25b17597637cd06bec09d6033c25241e2bc4253dad43bf2de655d6f141300,gx-no-cache=1457700429840 HTTP/1.1" 200 30
200.111.191.210 - - [11/Mar/2016:09:46:46 -0300] "GET /cormun/servlet/solicitudotadjuntos?eaf25b17597637cd06bec09d6033c25241e2bc4253dad43bf2de655d6f141300,gx-no-cache=1457700429875 HTTP/1.1" 200 30
200.111.191.210 - - [11/Mar/2016:09:46:48 -0300] "POST /cormun/servlet/solicitudotadjuntos?56345246e18b4d0e8bf37e5d49e7dd83,INS,2016,818,,1, HTTP/1.1" 200 116
200.111.191.210 - - [11/Mar/2016:09:46:48 -0300] "GET /cormun/servlet/hpexe_return? HTTP/1.1" 200 1022
186.103.159.46 - - [11/Mar/2016:09:46:48 -0300] "GET /cormun/servlet/trsolicitudot? HTTP/1.1" 200 6187
186.103.159.46 - - [11/Mar/2016:09:46:48 -0300] "GET /cormun/static/Resources/Spanish/PXTools.css?18502099 HTTP/1.1" 304 -
186.103.159.46 - - [11/Mar/2016:09:46:48 -0300] "GET /cormun/static/gxcfg.js?201631185636 HTTP/1.1" 304 -
200.111.191.210 - - [11/Mar/2016:09:46:48 -0300] "GET /cormun/servlet/trsolicitudadjuntos?2016,818, HTTP/1.1" 200 7361
186.103.159.46 - - [11/Mar/2016:09:46:48 -0300] "GET /cormun/static/Resources/PXToolsGridNew.png HTTP/1.1" 304 -
186.103.159.46 - - [11/Mar/2016:09:46:48 -0300] "GET /cormun/static/trsolicitudot.js?2016311856838 HTTP/1.1" 304 -
200.111.191.210 - - [11/Mar/2016:09:46:49 -0300] "GET /cormun/servlet/trsolicitudadjuntos?2016,818, HTTP/1.1" 200 7360
200.111.191.210 - - [11/Mar/2016:09:46:51 -0300] "GET /cormun/servlet/solicitudotadjuntos?INS,2016,818,,1, HTTP/1.1" 200 5423
200.111.191.210 - - [11/Mar/2016:09:46:51 -0300] "GET /cormun/static/about:blank HTTP/1.1" 404 1011
200.111.191.210 - - [11/Mar/2016:09:46:51 -0300] "GET /cormun/servlet/solicitudotadjuntos?INS,2016,818,,1, HTTP/1.1" 200 5417
200.111.191.210 - - [11/Mar/2016:09:46:52 -0300] "GET /cormun/servlet/solicitudotadjuntos?eaf25b17597637cd06bec09d6033c252073111d471b6ef0354e6609698e89f3f569da0dd5af8d6f9a9b9166d0b749a46,gx-no-cache=1457700435106 HTTP/1.1" 200 30
200.111.191.210 - - [11/Mar/2016:09:46:52 -0300] "POST /cormun/servlet/solicitudotadjuntos?56345246e18b4d0e8bf37e5d49e7dd83,INS,2016,818,,1,,gx-no-cache=1457700435135 HTTP/1.1" 200 3345
186.103.159.46 - - [11/Mar/2016:09:46:54 -0300] "GET /cormun/servlet/trautorizarsolicitud? HTTP/1.1" 200 7446
200.111.191.210 - - [11/Mar/2016:09:46:54 -0300] "POST /cormun/servlet/solicitudotadjuntos?gx-no-cache=1457700437600 HTTP/1.1" 200 26
186.103.156.166 - - [11/Mar/2016:09:46:57 -0300] "GET /cormun/servlet/hlogin HTTP/1.1" 200 1719
200.111.191.210 - - [11/Mar/2016:09:46:59 -0300] "GET /cormun/servlet/solicitudotadjuntos?eaf25b17597637cd06bec09d6033c25241e2bc4253dad43bf2de655d6f141300,gx-no-cache=1457700442137 HTTP/1.1" 200 30
200.111.191.210 - - [11/Mar/2016:09:46:59 -0300] "GET /cormun/servlet/solicitudotadjuntos?eaf25b17597637cd06bec09d6033c25241e2bc4253dad43bf2de655d6f141300,gx-no-cache=1457700442147 HTTP/1.1" 200 30
200.111.191.210 - - [11/Mar/2016:09:46:59 -0300] "POST /cormun/servlet/solicitudotadjuntos?56345246e18b4d0e8bf37e5d49e7dd83,INS,2016,818,,1, HTTP/1.1" 200 116
200.111.191.210 - - [11/Mar/2016:09:46:59 -0300] "GET /cormun/servlet/hpexe_return? HTTP/1.1" 200 1022
200.111.191.210 - - [11/Mar/2016:09:47:00 -0300] "GET /cormun/servlet/trsolicitudadjuntos?2016,818, HTTP/1.1" 200 7519
200.111.191.210 - - [11/Mar/2016:09:47:00 -0300] "GET /cormun/servlet/trsolicitudadjuntos?2016,818, HTTP/1.1" 200 7516
200.111.191.210 - - [11/Mar/2016:09:47:02 -0300] "GET /cormun/servlet/solicitudotadjuntos?INS,2016,818,,1, HTTP/1.1" 200 5423
200.111.191.210 - - [11/Mar/2016:09:47:02 -0300] "GET /cormun/static/about:blank HTTP/1.1" 404 1011
200.111.191.210 - - [11/Mar/2016:09:47:02 -0300] "GET /cormun/servlet/solicitudotadjuntos?INS,2016,818,,1, HTTP/1.1" 200 5417
200.111.191.210 - - [11/Mar/2016:09:47:03 -0300] "GET /cormun/servlet/solicitudotadjuntos?eaf25b17597637cd06bec09d6033c252073111d471b6ef0354e6609698e89f3f569da0dd5af8d6f9a9b9166d0b749a46,gx-no-cache=1457700446279 HTTP/1.1" 200 30
200.111.191.210 - - [11/Mar/2016:09:47:03 -0300] "POST /cormun/servlet/solicitudotadjuntos?56345246e18b4d0e8bf37e5d49e7dd83,INS,2016,818,,1,,gx-no-cache=1457700446305 HTTP/1.1" 200 3345
200.111.191.210 - - [11/Mar/2016:09:47:09 -0300] "POST /cormun/servlet/solicitudotadjuntos?gx-no-cache=1457700452154 HTTP/1.1" 200 26
186.103.159.46 - - [11/Mar/2016:09:47:12 -0300] "GET /cormun/servlet/treventos?2016,813, HTTP/1.1" 200 6294
186.103.159.46 - - [11/Mar/2016:09:47:13 -0300] "GET /cormun/static/gxcfg.js?2016311731661 HTTP/1.1" 200 953
186.103.159.46 - - [11/Mar/2016:09:47:13 -0300] "GET /cormun/static/Resources/Spanish/PXTools.css?171692 HTTP/1.1" 200 89042
186.103.159.46 - - [11/Mar/2016:09:47:13 -0300] "GET /cormun/static/treventos.js?2016311731865 HTTP/1.1" 200 14123
186.103.159.46 - - [11/Mar/2016:09:47:15 -0300] "POST /cormun/servlet/acontrolpreferencessavestate?None,AQUEZADA,true HTTP/1.1" 200 35
186.103.156.166 - - [11/Mar/2016:09:47:16 -0300] "POST /cormun/servlet/hlogin?f5e2f3c6dc0a6fc71a675a17fd8d138f,gx-no-cache=1457700471158 HTTP/1.1" 200 90
186.103.156.166 - - [11/Mar/2016:09:47:16 -0300] "GET /cormun/servlet/hpexe_link HTTP/1.1" 200 948
186.103.156.166 - - [11/Mar/2016:09:47:16 -0300] "GET /cormun/servlet/hhome HTTP/1.1" 200 3412
200.111.191.210 - - [11/Mar/2016:09:47:16 -0300] "GET /cormun/servlet/solicitudotadjuntos?eaf25b17597637cd06bec09d6033c25241e2bc4253dad43bf2de655d6f141300,gx-no-cache=1457700459765 HTTP/1.1" 200 30
200.111.191.210 - - [11/Mar/2016:09:47:16 -0300] "GET /cormun/servlet/solicitudotadjuntos?eaf25b17597637cd06bec09d6033c25241e2bc4253dad43bf2de655d6f141300,gx-no-cache=1457700459780 HTTP/1.1" 200 30
200.111.191.210 - - [11/Mar/2016:09:47:17 -0300] "POST /cormun/servlet/solicitudotadjuntos?56345246e18b4d0e8bf37e5d49e7dd83,INS,2016,818,,1, HTTP/1.1" 200 5175
200.111.191.210 - - [11/Mar/2016:09:47:17 -0300] "GET /home/sistema/apache-tomcat-7.0.65/webapps/cormun/PrivateTempStorage/upload_00006493.PDF HTTP/1.1" 404 1135
200.111.191.210 - - [11/Mar/2016:09:47:17 -0300] "GET /home/sistema/apache-tomcat-7.0.65/webapps/cormun/PrivateTempStorage/upload_00006493.PDF HTTP/1.1" 404 1135
200.111.191.210 - - [11/Mar/2016:09:47:17 -0300] "GET /cormun/static/Shared/jqueryui/images/ui-bg_highlight-soft_100_c6c2c8_1x100.png HTTP/1.1" 404 1117
200.111.191.210 - - [11/Mar/2016:09:47:17 -0300] "GET /cormun/static/Shared/jqueryui/images/ui-icons_82798d_256x240.png HTTP/1.1" 404 1089
200.111.191.210 - - [11/Mar/2016:09:47:17 -0300] "GET /cormun/static/Shared/jqueryui/images/ui-bg_flat_55_994d53_40x100.png HTTP/1.1" 404 1097
200.111.191.210 - - [11/Mar/2016:09:47:17 -0300] "GET /cormun/static/Shared/jqueryui/images/ui-icons_ebccce_256x240.png HTTP/1.1" 404 1089
186.103.156.166 - - [11/Mar/2016:09:47:17 -0300] "GET /cormun/servlet/hhome HTTP/1.1" 200 3409
200.111.191.210 - - [11/Mar/2016:09:47:17 -0300] "GET /cormun/PrivateTempStorage/upload_00006493.PDF HTTP/1.1" 200 631019
200.111.191.210 - - [11/Mar/2016:09:47:18 -0300] "GET /cormun/PrivateTempStorage/upload_00006493.PDF HTTP/1.1" 304 -
200.111.191.210 - - [11/Mar/2016:09:47:18 -0300] "GET /cormun/PrivateTempStorage/upload_00006493.PDF HTTP/1.1" 304 -
186.103.156.166 - - [11/Mar/2016:09:47:26 -0300] "GET /cormun/servlet/trsolicitudot? HTTP/1.1" 200 6178
200.111.191.210 - - [11/Mar/2016:09:47:26 -0300] "POST /cormun/servlet/solicitudotadjuntos?gx-no-cache=1457700469740 HTTP/1.1" 200 26
186.103.156.166 - - [11/Mar/2016:09:47:26 -0300] "GET /cormun/servlet/trsolicitudot? HTTP/1.1" 200 6178
200.111.191.210 - - [11/Mar/2016:09:47:32 -0300] "GET /cormun/servlet/solicitudotadjuntos?eaf25b17597637cd06bec09d6033c25297ca8033a9ad84352a36b18e16500604569da0dd5af8d6f9a9b9166d0b749a46,gx-no-cache=1457700475821 HTTP/1.1" 200 30
200.111.191.210 - - [11/Mar/2016:09:47:32 -0300] "GET /cormun/servlet/solicitudotadjuntos?eaf25b17597637cd06bec09d6033c2526db9ece95dd7e40ed1ccf7133bdae29b569da0dd5af8d6f9a9b9166d0b749a46,gx-no-cache=1457700475831 HTTP/1.1" 200 30
200.111.191.210 - - [11/Mar/2016:09:47:33 -0300] "POST /cormun/servlet/solicitudotadjuntos?56345246e18b4d0e8bf37e5d49e7dd83,INS,2016,818,,1, HTTP/1.1" 200 116
200.111.191.210 - - [11/Mar/2016:09:47:33 -0300] "GET /cormun/servlet/hpexe_return? HTTP/1.1" 200 1022
186.103.159.46 - - [11/Mar/2016:09:47:33 -0300] "GET /cormun/servlet/trautorizarsolicitud? HTTP/1.1" 200 7449
200.111.191.210 - - [11/Mar/2016:09:47:34 -0300] "GET /cormun/servlet/trsolicitudadjuntos?2016,818, HTTP/1.1" 200 7653
186.103.156.166 - - [11/Mar/2016:09:47:34 -0300] "GET /cormun/servlet/solicitudot?INS,0,0, HTTP/1.1" 200 11406
200.111.191.210 - - [11/Mar/2016:09:47:35 -0300] "GET /cormun/servlet/trsolicitudadjuntos?2016,818, HTTP/1.1" 200 7648
186.103.156.166 - - [11/Mar/2016:09:47:35 -0300] "GET /cormun/servlet/solicitudot?INS,0,0, HTTP/1.1" 200 11411
200.111.191.210 - - [11/Mar/2016:09:47:39 -0300] "GET /cormun/servlet/solicitudotadjuntos?INS,2016,818,,1, HTTP/1.1" 200 5422
200.111.191.210 - - [11/Mar/2016:09:47:39 -0300] "GET /cormun/static/about:blank HTTP/1.1" 404 1011
200.111.191.210 - - [11/Mar/2016:09:47:39 -0300] "GET /cormun/servlet/solicitudotadjuntos?INS,2016,818,,1, HTTP/1.1" 200 5416
200.111.191.210 - - [11/Mar/2016:09:47:40 -0300] "GET /cormun/servlet/solicitudotadjuntos?eaf25b17597637cd06bec09d6033c252073111d471b6ef0354e6609698e89f3f569da0dd5af8d6f9a9b9166d0b749a46,gx-no-cache=1457700483056 HTTP/1.1" 200 30
200.111.191.210 - - [11/Mar/2016:09:47:40 -0300] "POST /cormun/servlet/solicitudotadjuntos?56345246e18b4d0e8bf37e5d49e7dd83,INS,2016,818,,1,,gx-no-cache=1457700483097 HTTP/1.1" 200 3345
186.103.156.166 - - [11/Mar/2016:09:47:42 -0300] "GET /cormun/servlet/trvisualizadoreventos? HTTP/1.1" 200 5939
186.103.156.166 - - [11/Mar/2016:09:47:42 -0300] "GET /cormun/static/gxcfg.js?2016251828014 HTTP/1.1" 200 953
186.103.156.166 - - [11/Mar/2016:09:47:42 -0300] "GET /cormun/static/Resources/Spanish/PXTools.css?17554516 HTTP/1.1" 200 89042
186.103.156.166 - - [11/Mar/2016:09:47:42 -0300] "GET /cormun/static/trvisualizadoreventos.js?2016251828276 HTTP/1.1" 200 19096
186.103.156.166 - - [11/Mar/2016:09:47:42 -0300] "GET /cormun/static/Resources/PXToolsActionPrint.png HTTP/1.1" 200 3317
200.111.191.210 - - [11/Mar/2016:09:47:42 -0300] "POST /cormun/servlet/solicitudotadjuntos?gx-no-cache=1457700485342 HTTP/1.1" 200 26
186.103.156.166 - - [11/Mar/2016:09:47:42 -0300] "GET /cormun/servlet/trvisualizadoreventos? HTTP/1.1" 200 5934
200.111.191.210 - - [11/Mar/2016:09:47:50 -0300] "GET /cormun/servlet/solicitudotadjuntos?eaf25b17597637cd06bec09d6033c25241e2bc4253dad43bf2de655d6f141300,gx-no-cache=1457700493383 HTTP/1.1" 200 30
200.111.191.210 - - [11/Mar/2016:09:47:50 -0300] "GET /cormun/servlet/solicitudotadjuntos?eaf25b17597637cd06bec09d6033c25241e2bc4253dad43bf2de655d6f141300,gx-no-cache=1457700493394 HTTP/1.1" 200 30
186.103.156.166 - - [11/Mar/2016:09:47:50 -0300] "GET /cormun/servlet/hhome HTTP/1.1" 200 3411
200.111.191.210 - - [11/Mar/2016:09:47:50 -0300] "POST /cormun/servlet/solicitudotadjuntos?56345246e18b4d0e8bf37e5d49e7dd83,INS,2016,818,,1, HTTP/1.1" 200 116
200.111.191.210 - - [11/Mar/2016:09:47:50 -0300] "GET /cormun/servlet/hpexe_return? HTTP/1.1" 200 1022
200.111.191.210 - - [11/Mar/2016:09:47:51 -0300] "GET /cormun/servlet/trsolicitudadjuntos?2016,818, HTTP/1.1" 200 7791
186.103.156.166 - - [11/Mar/2016:09:47:51 -0300] "GET /cormun/servlet/hhome HTTP/1.1" 200 3409
200.111.191.210 - - [11/Mar/2016:09:47:51 -0300] "GET /cormun/servlet/trsolicitudadjuntos?2016,818, HTTP/1.1" 200 7785
200.111.191.210 - - [11/Mar/2016:09:47:54 -0300] "GET /cormun/servlet/solicitudotadjuntos?INS,2016,818,,1, HTTP/1.1" 200 5422
200.111.191.210 - - [11/Mar/2016:09:47:54 -0300] "GET /cormun/static/about:blank HTTP/1.1" 404 1011
200.111.191.210 - - [11/Mar/2016:09:47:54 -0300] "GET /cormun/servlet/solicitudotadjuntos?INS,2016,818,,1, HTTP/1.1" 200 5416
200.111.191.210 - - [11/Mar/2016:09:47:54 -0300] "GET /cormun/servlet/solicitudotadjuntos?eaf25b17597637cd06bec09d6033c252073111d471b6ef0354e6609698e89f3f569da0dd5af8d6f9a9b9166d0b749a46,gx-no-cache=1457700497743 HTTP/1.1" 200 30
200.111.191.210 - - [11/Mar/2016:09:47:54 -0300] "POST /cormun/servlet/solicitudotadjuntos?56345246e18b4d0e8bf37e5d49e7dd83,INS,2016,818,,1,,gx-no-cache=1457700497767 HTTP/1.1" 200 3345
200.111.191.210 - - [11/Mar/2016:09:47:56 -0300] "POST /cormun/servlet/solicitudotadjuntos?gx-no-cache=1457700499592 HTTP/1.1" 200 26
186.103.159.46 - - [11/Mar/2016:09:48:00 -0300] "POST /cormun/servlet/trautorizarsolicitud?3a9cdfccf2d0aec110a969625827f857,,gx-no-cache=1457700497212 HTTP/1.1" 200 4905
186.103.159.46 - - [11/Mar/2016:09:48:02 -0300] "POST /cormun/servlet/trautorizarsolicitud?3a9cdfccf2d0aec110a969625827f857,,gx-no-cache=1457700498384 HTTP/1.1" 200 4905
200.111.191.210 - - [11/Mar/2016:09:48:02 -0300] "GET /cormun/servlet/solicitudotadjuntos?eaf25b17597637cd06bec09d6033c25241e2bc4253dad43bf2de655d6f141300,gx-no-cache=1457700505665 HTTP/1.1" 200 30
200.111.191.210 - - [11/Mar/2016:09:48:02 -0300] "GET /cormun/servlet/solicitudotadjuntos?eaf25b17597637cd06bec09d6033c25241e2bc4253dad43bf2de655d6f141300,gx-no-cache=1457700505674 HTTP/1.1" 200 30
186.103.159.46 - - [11/Mar/2016:09:48:03 -0300] "POST /cormun/servlet/trautorizarsolicitud?3a9cdfccf2d0aec110a969625827f857,,gx-no-cache=1457700499525 HTTP/1.1" 200 4903
200.111.191.210 - - [11/Mar/2016:09:48:04 -0300] "POST /cormun/servlet/solicitudotadjuntos?56345246e18b4d0e8bf37e5d49e7dd83,INS,2016,818,,1, HTTP/1.1" 200 116
200.111.191.210 - - [11/Mar/2016:09:48:04 -0300] "GET /cormun/servlet/hpexe_return? HTTP/1.1" 200 1022
186.103.159.46 - - [11/Mar/2016:09:48:04 -0300] "POST /cormun/servlet/trautorizarsolicitud?3a9cdfccf2d0aec110a969625827f857,,gx-no-cache=1457700500585 HTTP/1.1" 200 4904
200.111.191.210 - - [11/Mar/2016:09:48:04 -0300] "GET /cormun/servlet/trsolicitudadjuntos?2016,818, HTTP/1.1" 200 7880
186.103.159.46 - - [11/Mar/2016:09:48:05 -0300] "POST /cormun/servlet/trautorizarsolicitud?3a9cdfccf2d0aec110a969625827f857,,gx-no-cache=1457700501459 HTTP/1.1" 200 4904
186.103.159.46 - - [11/Mar/2016:09:48:05 -0300] "POST /cormun/servlet/trautorizarsolicitud?3a9cdfccf2d0aec110a969625827f857,,gx-no-cache=1457700501787 HTTP/1.1" 200 4905
200.111.191.210 - - [11/Mar/2016:09:48:05 -0300] "GET /cormun/servlet/trsolicitudadjuntos?2016,818, HTTP/1.1" 200 7878
186.103.159.46 - - [11/Mar/2016:09:48:05 -0300] "POST /cormun/servlet/trautorizarsolicitud?3a9cdfccf2d0aec110a969625827f857,,gx-no-cache=1457700502286 HTTP/1.1" 200 4905
186.103.159.46 - - [11/Mar/2016:09:48:06 -0300] "POST /cormun/servlet/trautorizarsolicitud?3a9cdfccf2d0aec110a969625827f857,,gx-no-cache=1457700502582 HTTP/1.1" 200 3605
186.103.159.46 - - [11/Mar/2016:09:48:06 -0300] "GET /cormun/static/Shared/jqueryui/images/ui-bg_highlight-soft_100_c6c2c8_1x100.png HTTP/1.1" 404 1117
186.103.159.46 - - [11/Mar/2016:09:48:06 -0300] "GET /cormun/static/Shared/jqueryui/images/ui-icons_82798d_256x240.png HTTP/1.1" 404 1089
186.103.159.46 - - [11/Mar/2016:09:48:06 -0300] "GET /cormun/static/Shared/jqueryui/images/ui-bg_flat_55_fafafa_40x100.png HTTP/1.1" 404 1097
186.103.159.46 - - [11/Mar/2016:09:48:06 -0300] "GET /cormun/static/Shared/jqueryui/images/ui-icons_8d78a5_256x240.png HTTP/1.1" 404 1089
186.103.159.46 - - [11/Mar/2016:09:48:06 -0300] "POST /cormun/servlet/trautorizarsolicitud?3a9cdfccf2d0aec110a969625827f857,,gx-no-cache=1457700502957 HTTP/1.1" 200 3454
186.103.156.166 - - [11/Mar/2016:09:48:08 -0300] "GET /cormun/servlet/hlogin HTTP/1.1" 200 1719
200.111.191.210 - - [11/Mar/2016:09:48:10 -0300] "GET /cormun/servlet/trsolicitudot? HTTP/1.1" 200 7334
200.111.191.210 - - [11/Mar/2016:09:48:11 -0300] "GET /cormun/servlet/trsolicitudot? HTTP/1.1" 200 7328
186.103.159.230 - - [11/Mar/2016:09:48:17 -0300] "POST /cormun/servlet/trsolicitudot?8d1b2cf19fd05ebc29eb562064229d1e,gx-no-cache=1457700522250 HTTP/1.1" 200 5177
200.111.191.210 - - [11/Mar/2016:09:48:19 -0300] "GET /cormun/servlet/solicitudot?INS,0,0, HTTP/1.1" 200 11397
200.111.191.210 - - [11/Mar/2016:09:48:19 -0300] "GET /cormun/servlet/solicitudot?INS,0,0, HTTP/1.1" 200 11402
200.111.191.210 - - [11/Mar/2016:09:48:23 -0300] "GET /cormun/servlet/trsolicitudot? HTTP/1.1" 200 7329
200.111.191.210 - - [11/Mar/2016:09:48:23 -0300] "GET /cormun/servlet/trsolicitudot? HTTP/1.1" 200 7328
200.111.191.210 - - [11/Mar/2016:09:48:26 -0300] "GET /cormun/servlet/solicitudot?INS,0,0, HTTP/1.1" 200 11397
200.111.191.210 - - [11/Mar/2016:09:48:26 -0300] "GET /cormun/servlet/solicitudot?INS,0,0, HTTP/1.1" 200 11402
200.111.191.210 - - [11/Mar/2016:09:48:38 -0300] "POST /cormun/servlet/solicitudot?gx-no-cache=1457700541730 HTTP/1.1" 200 2784
200.111.191.210 - - [11/Mar/2016:09:48:38 -0300] "POST /cormun/servlet/solicitudot?56345246e18b4d0e8bf37e5d49e7dd83,INS,0,0,,gx-no-cache=1457700541847 HTTP/1.1" 200 8391
200.111.191.210 - - [11/Mar/2016:09:48:42 -0300] "GET /cormun/servlet/solicitudot?eaf25b17597637cd06bec09d6033c252424a82bc60e53d066c52a8edb00e1cec0bf3dcd9205110185e8228f8f9953db3,gx-no-cache=1457700544970 HTTP/1.1" 200 30
200.111.191.210 - - [11/Mar/2016:09:48:42 -0300] "POST /cormun/servlet/solicitudot?gx-no-cache=1457700545001 HTTP/1.1" 200 30
200.111.191.210 - - [11/Mar/2016:09:48:44 -0300] "POST /cormun/servlet/solicitudot?gx-no-cache=1457700547617 HTTP/1.1" 200 30
200.111.191.210 - - [11/Mar/2016:09:48:46 -0300] "GET /cormun/servlet/prsolicitudot?17243689,,,,,MD,,gxPopupLevel%3D0%3B HTTP/1.1" 200 5566
200.111.191.210 - - [11/Mar/2016:09:48:46 -0300] "GET /cormun/static/gxcfg.js?20163117275193 HTTP/1.1" 304 -
200.111.191.210 - - [11/Mar/2016:09:48:46 -0300] "GET /cormun/static/prsolicitudot.js?20163117275348 HTTP/1.1" 304 -
200.111.191.210 - - [11/Mar/2016:09:48:46 -0300] "GET /cormun/static/menusearch.js?20163219454787 HTTP/1.1" 304 -
200.111.191.210 - - [11/Mar/2016:09:48:46 -0300] "GET /cormun/static/hmpwkw011.js?20163117201773 HTTP/1.1" 304 -
200.111.191.210 - - [11/Mar/2016:09:48:48 -0300] "POST /cormun/servlet/solicitudot?gx-no-cache=1457700551742 HTTP/1.1" 200 452
200.111.191.210 - - [11/Mar/2016:09:48:48 -0300] "GET /cormun/servlet/solicitudot?eaf25b17597637cd06bec09d6033c25287d3062341790ff6dce6a7649cfc7a74e39300e1c4063bc2ae70ed0439c0a2b2b1f7efb0d69f6a03985d2c48b992e55277a0d74e01b30c680941c5ec078b292741accf8e149c764958c3f455382dddfd4d6d23a13c24545f68de3041c368e1fd497fccad8a20ce266b605a5cd799947fe2e3659a8dc45e8c983a73e03f9bef23,gx-no-cache=1457700551770 HTTP/1.1" 200 38
200.111.191.210 - - [11/Mar/2016:09:48:48 -0300] "GET /cormun/servlet/solicitudot?eaf25b17597637cd06bec09d6033c252beebbc48e03f4f4c9b3abeea4572623609e3912ba8b235dec6523230f8d3dfcbc5fd6e760ea62c60a964458bb27a4e70d4dbdc3d618b81ac27117fcbe2ccfce75f369b96de31cd3d8cb9aca91c3065163183cb6337e279511eee87b467ffede07feb2b33c6d6637b7cf3cada348bed376e6a586d166ea42c004a39f7e6c9750ed333652d78f4a44a917b60028ffc4da2,gx-no-cache=1457700551790 HTTP/1.1" 200 29
200.111.191.210 - - [11/Mar/2016:09:48:48 -0300] "POST /cormun/servlet/solicitudot?gx-no-cache=1457700551803 HTTP/1.1" 200 404
200.111.191.210 - - [11/Mar/2016:09:48:57 -0300] "POST /cormun/servlet/solicitudot?gx-no-cache=1457700559891 HTTP/1.1" 200 1128
186.103.156.166 - - [11/Mar/2016:09:49:08 -0300] "POST /cormun/servlet/hlogin?f5e2f3c6dc0a6fc71a675a17fd8d138f,gx-no-cache=1457700582840 HTTP/1.1" 200 90
186.103.156.166 - - [11/Mar/2016:09:49:08 -0300] "GET /cormun/servlet/hpexe_link HTTP/1.1" 200 948
186.103.156.166 - - [11/Mar/2016:09:49:08 -0300] "GET /cormun/servlet/hhome HTTP/1.1" 200 3471
186.103.156.166 - - [11/Mar/2016:09:49:09 -0300] "GET /cormun/servlet/hhome HTTP/1.1" 200 3468
200.111.191.210 - - [11/Mar/2016:09:49:10 -0300] "GET /cormun/servlet/solicitudot?eaf25b17597637cd06bec09d6033c252a8c9e63bf75f8141ecdace7dcb7ecf710d2e6105c70c9edd05823d8473621c4ae5f332acb9f7f43b1647483582007a84c2ac609e115c91c14e4e9930b1e8efaabe694cd501e3debef0e62c836eae80cb12d0ea8a8a518aac6ce1c7ac11dcb51af76d1b07b29e8175c626a404dd0792f72e3167e59a9aedbb17ecf0d9e79f73f62d0ff20ef0dcc6d71d97d09c3bf1da1415f1606934a881385cb25682d5fdbda5,gx-no-cache=1457700572994 HTTP/1.1" 200 30
200.111.191.210 - - [11/Mar/2016:09:49:19 -0300] "POST /cormun/servlet/solicitudot?56345246e18b4d0e8bf37e5d49e7dd83,INS,0,0,,gx-no-cache=1457700582667 HTTP/1.1" 200 93
200.111.191.210 - - [11/Mar/2016:09:49:19 -0300] "GET /cormun/servlet/hpexe_return? HTTP/1.1" 200 1004
200.111.191.210 - - [11/Mar/2016:09:49:20 -0300] "GET /cormun/servlet/trsolicitudot HTTP/1.1" 200 7592
200.111.191.210 - - [11/Mar/2016:09:49:20 -0300] "GET /cormun/servlet/trsolicitudot HTTP/1.1" 200 7588
200.111.191.210 - - [11/Mar/2016:09:49:26 -0300] "POST /cormun/servlet/trsolicitudot?56345246e18b4d0e8bf37e5d49e7dd83,gx-no-cache=1457700589219 HTTP/1.1" 200 4980
200.111.191.210 - - [11/Mar/2016:09:49:26 -0300] "POST /cormun/servlet/trsolicitudot?56345246e18b4d0e8bf37e5d49e7dd83,gx-no-cache=1457700589352 HTTP/1.1" 200 4980
200.111.191.210 - - [11/Mar/2016:09:49:26 -0300] "POST /cormun/servlet/trsolicitudot?56345246e18b4d0e8bf37e5d49e7dd83,gx-no-cache=1457700589486 HTTP/1.1" 200 4979
200.111.191.210 - - [11/Mar/2016:09:49:26 -0300] "POST /cormun/servlet/trsolicitudot?56345246e18b4d0e8bf37e5d49e7dd83,gx-no-cache=1457700589612 HTTP/1.1" 200 4980
200.111.191.210 - - [11/Mar/2016:09:49:26 -0300] "POST /cormun/servlet/trsolicitudot?56345246e18b4d0e8bf37e5d49e7dd83,gx-no-cache=1457700589738 HTTP/1.1" 200 4979
200.111.191.210 - - [11/Mar/2016:09:49:26 -0300] "POST /cormun/servlet/trsolicitudot?56345246e18b4d0e8bf37e5d49e7dd83,gx-no-cache=1457700589882 HTTP/1.1" 200 4980
200.111.191.210 - - [11/Mar/2016:09:49:27 -0300] "POST /cormun/servlet/trsolicitudot?56345246e18b4d0e8bf37e5d49e7dd83,gx-no-cache=1457700590021 HTTP/1.1" 200 4979
200.111.191.210 - - [11/Mar/2016:09:49:27 -0300] "POST /cormun/servlet/trsolicitudot?56345246e18b4d0e8bf37e5d49e7dd83,gx-no-cache=1457700590165 HTTP/1.1" 200 4738
200.111.191.210 - - [11/Mar/2016:09:49:27 -0300] "GET /cormun/static/Shared/jqueryui/images/ui-bg_highlight-soft_100_c6c2c8_1x100.png HTTP/1.1" 404 1117
200.111.191.210 - - [11/Mar/2016:09:49:27 -0300] "GET /cormun/static/Shared/jqueryui/images/ui-icons_82798d_256x240.png HTTP/1.1" 404 1089
200.111.191.210 - - [11/Mar/2016:09:49:27 -0300] "GET /cormun/static/Shared/jqueryui/images/ui-bg_flat_55_fafafa_40x100.png HTTP/1.1" 404 1097
200.111.191.210 - - [11/Mar/2016:09:49:27 -0300] "GET /cormun/static/Shared/jqueryui/images/ui-icons_8d78a5_256x240.png HTTP/1.1" 404 1089
200.111.191.210 - - [11/Mar/2016:09:49:27 -0300] "POST /cormun/servlet/trsolicitudot?56345246e18b4d0e8bf37e5d49e7dd83,gx-no-cache=1457700590334 HTTP/1.1" 200 4682
200.111.191.210 - - [11/Mar/2016:09:49:28 -0300] "POST /cormun/servlet/trsolicitudot?56345246e18b4d0e8bf37e5d49e7dd83,gx-no-cache=1457700591417 HTTP/1.1" 200 4704
200.111.191.210 - - [11/Mar/2016:09:49:28 -0300] "POST /cormun/servlet/trsolicitudot?56345246e18b4d0e8bf37e5d49e7dd83,gx-no-cache=1457700591546 HTTP/1.1" 200 4704
200.111.191.210 - - [11/Mar/2016:09:49:28 -0300] "POST /cormun/servlet/trsolicitudot?56345246e18b4d0e8bf37e5d49e7dd83,gx-no-cache=1457700591677 HTTP/1.1" 200 4704
200.111.191.210 - - [11/Mar/2016:09:49:28 -0300] "POST /cormun/servlet/trsolicitudot?56345246e18b4d0e8bf37e5d49e7dd83,gx-no-cache=1457700591825 HTTP/1.1" 200 4704
200.111.191.210 - - [11/Mar/2016:09:49:29 -0300] "POST /cormun/servlet/trsolicitudot?56345246e18b4d0e8bf37e5d49e7dd83,gx-no-cache=1457700591968 HTTP/1.1" 200 4704
200.111.191.210 - - [11/Mar/2016:09:49:29 -0300] "POST /cormun/servlet/trsolicitudot?56345246e18b4d0e8bf37e5d49e7dd83,gx-no-cache=1457700592108 HTTP/1.1" 200 4704
200.111.191.210 - - [11/Mar/2016:09:49:29 -0300] "POST /cormun/servlet/trsolicitudot?56345246e18b4d0e8bf37e5d49e7dd83,gx-no-cache=1457700592255 HTTP/1.1" 200 4705
200.111.191.210 - - [11/Mar/2016:09:49:29 -0300] "POST /cormun/servlet/trsolicitudot?56345246e18b4d0e8bf37e5d49e7dd83,gx-no-cache=1457700592401 HTTP/1.1" 200 3349
200.111.191.210 - - [11/Mar/2016:09:49:29 -0300] "POST /cormun/servlet/trsolicitudot?56345246e18b4d0e8bf37e5d49e7dd83,gx-no-cache=1457700592536 HTTP/1.1" 200 3191
200.111.191.210 - - [11/Mar/2016:09:49:32 -0300] "GET /cormun/servlet/trsolicitudot? HTTP/1.1" 200 5980
200.111.191.210 - - [11/Mar/2016:09:49:32 -0300] "GET /cormun/servlet/trsolicitudot? HTTP/1.1" 200 5980
200.111.191.210 - - [11/Mar/2016:09:49:33 -0300] "GET /cormun/servlet/hlogin HTTP/1.1" 200 1734
186.103.156.166 - - [11/Mar/2016:09:49:38 -0300] "GET /cormun/servlet/trvisualizadoreventos? HTTP/1.1" 200 5987
186.103.156.166 - - [11/Mar/2016:09:49:39 -0300] "GET /cormun/servlet/trvisualizadoreventos? HTTP/1.1" 200 5987
200.111.191.210 - - [11/Mar/2016:09:49:43 -0300] "POST /cormun/servlet/hlogin?56345246e18b4d0e8bf37e5d49e7dd83,gx-no-cache=1457700606212 HTTP/1.1" 200 90
200.111.191.210 - - [11/Mar/2016:09:49:43 -0300] "GET /cormun/servlet/hpexe_link HTTP/1.1" 200 948
200.111.191.210 - - [11/Mar/2016:09:49:43 -0300] "GET /cormun/servlet/hhome HTTP/1.1" 200 3403
200.111.191.210 - - [11/Mar/2016:09:49:43 -0300] "GET /cormun/static/Resources/Spanish/PXTools.css?10515224 HTTP/1.1" 304 -
200.111.191.210 - - [11/Mar/2016:09:49:43 -0300] "GET /cormun/static/gxcfg.js?2015112210564248 HTTP/1.1" 304 -
200.111.191.210 - - [11/Mar/2016:09:49:43 -0300] "GET /cormun/static/hhome.js?2015112210564255 HTTP/1.1" 304 -
200.111.191.210 - - [11/Mar/2016:09:49:43 -0300] "GET /cormun/servlet/hhome HTTP/1.1" 200 3399
186.103.156.166 - - [11/Mar/2016:09:49:43 -0300] "POST /cormun/servlet/trvisualizadoreventos?f5e2f3c6dc0a6fc71a675a17fd8d138f,,gx-no-cache=1457700618623 HTTP/1.1" 200 3259
186.103.156.166 - - [11/Mar/2016:09:49:44 -0300] "POST /cormun/servlet/trvisualizadoreventos?f5e2f3c6dc0a6fc71a675a17fd8d138f,,gx-no-cache=1457700618795 HTTP/1.1" 200 3259
186.103.156.166 - - [11/Mar/2016:09:49:44 -0300] "POST /cormun/servlet/trvisualizadoreventos?f5e2f3c6dc0a6fc71a675a17fd8d138f,,gx-no-cache=1457700618935 HTTP/1.1" 200 3259
186.103.156.166 - - [11/Mar/2016:09:49:44 -0300] "POST /cormun/servlet/trvisualizadoreventos?f5e2f3c6dc0a6fc71a675a17fd8d138f,,gx-no-cache=1457700619154 HTTP/1.1" 200 3259
186.103.156.166 - - [11/Mar/2016:09:49:47 -0300] "POST /cormun/servlet/trvisualizadoreventos?f5e2f3c6dc0a6fc71a675a17fd8d138f,,gx-no-cache=1457700621833 HTTP/1.1" 200 3259
200.111.191.210 - - [11/Mar/2016:09:49:50 -0300] "GET /cormun/servlet/trautorizarsolicitud? HTTP/1.1" 200 7671
200.111.191.210 - - [11/Mar/2016:09:49:50 -0300] "GET /cormun/static/Resources/Spanish/PXTools.css?19444614 HTTP/1.1" 304 -
200.111.191.210 - - [11/Mar/2016:09:49:50 -0300] "GET /cormun/static/gxcfg.js?20163219504791 HTTP/1.1" 304 -
200.111.191.210 - - [11/Mar/2016:09:49:50 -0300] "GET /cormun/static/trautorizarsolicitud.js?20163219505323 HTTP/1.1" 304 -
200.111.191.210 - - [11/Mar/2016:09:49:50 -0300] "GET /cormun/servlet/trautorizarsolicitud? HTTP/1.1" 200 7669
186.103.248.189 - - [11/Mar/2016:09:49:51 -0300] "POST /cormun/servlet/solicitudot?gx-no-cache=1457700619223 HTTP/1.1" 200 120
200.111.191.210 - - [11/Mar/2016:09:49:54 -0300] "POST /cormun/servlet/trautorizarsolicitud?56345246e18b4d0e8bf37e5d49e7dd83,,gx-no-cache=1457700617082 HTTP/1.1" 200 5185
186.103.156.166 - - [11/Mar/2016:09:49:54 -0300] "GET /cormun/servlet/trautorizarsolicitud? HTTP/1.1" 200 7471
200.111.191.210 - - [11/Mar/2016:09:49:54 -0300] "POST /cormun/servlet/trautorizarsolicitud?56345246e18b4d0e8bf37e5d49e7dd83,,gx-no-cache=1457700617216 HTTP/1.1" 200 5184
200.111.191.210 - - [11/Mar/2016:09:49:54 -0300] "POST /cormun/servlet/trautorizarsolicitud?56345246e18b4d0e8bf37e5d49e7dd83,,gx-no-cache=1457700617343 HTTP/1.1" 200 5185
200.111.191.210 - - [11/Mar/2016:09:49:54 -0300] "POST /cormun/servlet/trautorizarsolicitud?56345246e18b4d0e8bf37e5d49e7dd83,,gx-no-cache=1457700617468 HTTP/1.1" 200 5185
200.111.191.210 - - [11/Mar/2016:09:49:54 -0300] "POST /cormun/servlet/trautorizarsolicitud?56345246e18b4d0e8bf37e5d49e7dd83,,gx-no-cache=1457700617592 HTTP/1.1" 200 5185
200.111.191.210 - - [11/Mar/2016:09:49:54 -0300] "POST /cormun/servlet/trautorizarsolicitud?56345246e18b4d0e8bf37e5d49e7dd83,,gx-no-cache=1457700617729 HTTP/1.1" 200 5185
200.111.191.210 - - [11/Mar/2016:09:49:54 -0300] "POST /cormun/servlet/trautorizarsolicitud?56345246e18b4d0e8bf37e5d49e7dd83,,gx-no-cache=1457700617866 HTTP/1.1" 200 5184
186.103.156.166 - - [11/Mar/2016:09:49:55 -0300] "GET /cormun/servlet/trautorizarsolicitud? HTTP/1.1" 200 7471
200.111.191.210 - - [11/Mar/2016:09:49:55 -0300] "POST /cormun/servlet/trautorizarsolicitud?56345246e18b4d0e8bf37e5d49e7dd83,,gx-no-cache=1457700618011 HTTP/1.1" 200 4924
200.111.191.210 - - [11/Mar/2016:09:49:55 -0300] "GET /cormun/static/Shared/jqueryui/images/ui-icons_82798d_256x240.png HTTP/1.1" 404 1089
200.111.191.210 - - [11/Mar/2016:09:49:55 -0300] "GET /cormun/static/Shared/jqueryui/images/ui-bg_highlight-soft_100_c6c2c8_1x100.png HTTP/1.1" 404 1117
200.111.191.210 - - [11/Mar/2016:09:49:55 -0300] "GET /cormun/static/Shared/jqueryui/images/ui-icons_8d78a5_256x240.png HTTP/1.1" 404 1089
200.111.191.210 - - [11/Mar/2016:09:49:55 -0300] "GET /cormun/static/Shared/jqueryui/images/ui-bg_flat_55_fafafa_40x100.png HTTP/1.1" 404 1097
200.111.191.210 - - [11/Mar/2016:09:49:55 -0300] "POST /cormun/servlet/trautorizarsolicitud?56345246e18b4d0e8bf37e5d49e7dd83,,gx-no-cache=1457700618158 HTTP/1.1" 200 4870
200.111.191.210 - - [11/Mar/2016:09:49:56 -0300] "POST /cormun/servlet/trautorizarsolicitud?56345246e18b4d0e8bf37e5d49e7dd83,,gx-no-cache=1457700619884 HTTP/1.1" 200 3590
200.111.191.210 - - [11/Mar/2016:09:49:57 -0300] "POST /cormun/servlet/trautorizarsolicitud?56345246e18b4d0e8bf37e5d49e7dd83,,gx-no-cache=1457700620020 HTTP/1.1" 200 3438
200.111.191.210 - - [11/Mar/2016:09:50:01 -0300] "GET /cormun/servlet/trsolicitudot? HTTP/1.1" 200 6152
200.111.191.210 - - [11/Mar/2016:09:50:01 -0300] "GET /cormun/servlet/trsolicitudot? HTTP/1.1" 200 6152
200.111.191.210 - - [11/Mar/2016:09:50:03 -0300] "GET /cormun/servlet/hlogin HTTP/1.1" 200 1734
186.103.248.189 - - [11/Mar/2016:09:50:07 -0300] "POST /cormun/servlet/solicitudot?gx-no-cache=1457700635666 HTTP/1.1" 200 122
186.103.248.189 - - [11/Mar/2016:09:50:07 -0300] "GET /cormun/static/Shared/jqueryui/images/ui-bg_flat_55_fafafa_40x100.png HTTP/1.1" 404 1097
