186.78.63.212 - - [11/Mar/2016:09:16:26 -0300] "POST /cormun/servlet/trsolicitudot?09593c05870bbaf4bd3e0c3d46a1ad96,,gx-no-cache=1457698617153 HTTP/1.1" 200 5262
186.78.63.212 - - [11/Mar/2016:09:16:27 -0300] "POST /cormun/servlet/trsolicitudot?09593c05870bbaf4bd3e0c3d46a1ad96,,gx-no-cache=1457698617771 HTTP/1.1" 200 106
186.78.63.212 - - [11/Mar/2016:09:16:27 -0300] "GET /cormun/servlet/trsolicitudadjuntos?2016,801, HTTP/1.1" 200 5412
186.78.63.212 - - [11/Mar/2016:09:16:29 -0300] "GET /cormun/servlet/trsolicitudadjuntos?2016,801, HTTP/1.1" 200 5412
186.78.63.212 - - [11/Mar/2016:09:16:32 -0300] "GET /cormun/servlet/solicitudotadjuntos?INS,2016,801,,2, HTTP/1.1" 200 5500
186.78.63.212 - - [11/Mar/2016:09:16:33 -0300] "GET /cormun/static/about:blank HTTP/1.1" 404 1011
186.78.63.212 - - [11/Mar/2016:09:16:34 -0300] "GET /cormun/servlet/solicitudotadjuntos?INS,2016,801,,2, HTTP/1.1" 200 5494
186.78.63.212 - - [11/Mar/2016:09:16:34 -0300] "GET /cormun/servlet/solicitudotadjuntos?52b959a544e0b7945f37f321321b903d539c698c809554653300c1751454dfad45da50fe8f523aea2fbea62b42b1464f,gx-no-cache=1457698625395 HTTP/1.1" 200 30
186.78.63.212 - - [11/Mar/2016:09:16:35 -0300] "POST /cormun/servlet/solicitudotadjuntos?09593c05870bbaf4bd3e0c3d46a1ad96,INS,2016,801,,2,,gx-no-cache=1457698625633 HTTP/1.1" 200 3521
186.103.248.189 - - [11/Mar/2016:09:16:35 -0300] "POST /cormun/servlet/solicitudot?gx-no-cache=1457698623917 HTTP/1.1" 200 30
186.103.248.189 - - [11/Mar/2016:09:16:38 -0300] "POST /cormun/servlet/solicitudot?gx-no-cache=1457698626963 HTTP/1.1" 200 30
186.78.63.212 - - [11/Mar/2016:09:16:40 -0300] "GET /cormun/servlet/trsolicitudadjuntos?2016,801, HTTP/1.1" 200 5412
186.78.63.212 - - [11/Mar/2016:09:16:42 -0300] "GET /cormun/servlet/trsolicitudadjuntos?2016,801, HTTP/1.1" 200 5412
186.78.63.212 - - [11/Mar/2016:09:16:47 -0300] "GET /cormun/servlet/trsolicitudot? HTTP/1.1" 200 7851
186.78.63.212 - - [11/Mar/2016:09:16:48 -0300] "GET /cormun/servlet/trsolicitudot? HTTP/1.1" 200 7846
186.78.63.212 - - [11/Mar/2016:09:16:55 -0300] "POST /cormun/servlet/trsolicitudot?09593c05870bbaf4bd3e0c3d46a1ad96,,gx-no-cache=1457698646181 HTTP/1.1" 200 5272
186.78.63.212 - - [11/Mar/2016:09:16:56 -0300] "POST /cormun/servlet/trsolicitudot?09593c05870bbaf4bd3e0c3d46a1ad96,,gx-no-cache=1457698646685 HTTP/1.1" 200 5272
186.78.63.212 - - [11/Mar/2016:09:16:56 -0300] "POST /cormun/servlet/trsolicitudot?09593c05870bbaf4bd3e0c3d46a1ad96,,gx-no-cache=1457698647191 HTTP/1.1" 200 5272
186.78.63.212 - - [11/Mar/2016:09:16:57 -0300] "POST /cormun/servlet/trsolicitudot?09593c05870bbaf4bd3e0c3d46a1ad96,,gx-no-cache=1457698647716 HTTP/1.1" 200 5271
186.78.63.212 - - [11/Mar/2016:09:16:57 -0300] "POST /cormun/servlet/trsolicitudot?09593c05870bbaf4bd3e0c3d46a1ad96,,gx-no-cache=1457698648250 HTTP/1.1" 200 5272
186.78.63.212 - - [11/Mar/2016:09:16:58 -0300] "POST /cormun/servlet/trsolicitudot?09593c05870bbaf4bd3e0c3d46a1ad96,,gx-no-cache=1457698648790 HTTP/1.1" 200 5273
186.78.63.212 - - [11/Mar/2016:09:16:58 -0300] "POST /cormun/servlet/trsolicitudot?09593c05870bbaf4bd3e0c3d46a1ad96,,gx-no-cache=1457698649358 HTTP/1.1" 200 5272
186.78.63.212 - - [11/Mar/2016:09:16:59 -0300] "POST /cormun/servlet/trsolicitudot?09593c05870bbaf4bd3e0c3d46a1ad96,,gx-no-cache=1457698649963 HTTP/1.1" 200 105
186.78.63.212 - - [11/Mar/2016:09:17:00 -0300] "GET /cormun/servlet/trsolicitudadjuntos?2016,800, HTTP/1.1" 200 7969
186.78.63.212 - - [11/Mar/2016:09:17:01 -0300] "GET /cormun/servlet/trsolicitudadjuntos?2016,800, HTTP/1.1" 200 7973
186.103.159.230 - - [11/Mar/2016:09:17:04 -0300] "POST /cormun/servlet/solicitudot?8d1b2cf19fd05ebc29eb562064229d1e,INS,0,0,,gx-no-cache=1457698648323 HTTP/1.1" 200 9317
186.103.159.230 - - [11/Mar/2016:09:17:04 -0300] "GET /cormun/static/Shared/jqueryui/images/ui-bg_highlight-soft_100_c6c2c8_1x100.png HTTP/1.1" 404 1117
186.103.159.230 - - [11/Mar/2016:09:17:04 -0300] "GET /cormun/static/Shared/jqueryui/images/ui-icons_82798d_256x240.png HTTP/1.1" 404 1089
186.103.159.230 - - [11/Mar/2016:09:17:04 -0300] "GET /cormun/static/Shared/jqueryui/images/ui-bg_flat_55_994d53_40x100.png HTTP/1.1" 404 1097
186.103.159.230 - - [11/Mar/2016:09:17:04 -0300] "GET /cormun/static/Shared/jqueryui/images/ui-icons_ebccce_256x240.png HTTP/1.1" 404 1089
186.103.248.189 - - [11/Mar/2016:09:17:15 -0300] "POST /cormun/servlet/solicitudot?gx-no-cache=1457698663689 HTTP/1.1" 200 452
186.103.248.189 - - [11/Mar/2016:09:17:15 -0300] "GET /cormun/servlet/solicitudot?d1569fc545609a809b8375e495eb19992b57809b6d158cd851f2944c6e693c46c7e3de022025bcf90222efa1b2433dad8e93f68027022efa22761b7dec72f709307a8e521dc9e01301b7156b6542b4bb5c01a34df65dc4d2afec674d6cc5386f14760c10c0bc277f7ffa565f100f0929f5551761fc602b39c294324839155cd29ee2057dc526db29eaa95f682a3ac452,gx-no-cache=1457698663838 HTTP/1.1" 200 38
186.78.63.212 - - [11/Mar/2016:09:17:17 -0300] "GET /cormun/servlet/solicitudotadjuntos?DLT,2016,800,CERTIF2,0, HTTP/1.1" 200 5457
186.103.156.166 - - [11/Mar/2016:09:17:17 -0300] "GET /cormun/servlet/solicitudot?e93e37ea74e79c4543d340fb12138e93a0a4386841f3daa550bc8b11c56c65768c3c55af574e80b4905af952ddd9f53e04bc29a15e817b1f115c148bd55608f153171a34b54ce547f05cf89430784f0290bb000ad4e484fa857eb1a8273d8cfe00179f289ee7e67552cd0eb0bac3c705,gx-no-cache=1457698672268 HTTP/1.1" 200 29
186.78.63.212 - - [11/Mar/2016:09:17:18 -0300] "GET /cormun/PublicTempStorage/0015669596.jpg HTTP/1.1" 200 544547
186.78.63.212 - - [11/Mar/2016:09:17:18 -0300] "GET /cormun/static/Shared/jqueryui/images/ui-bg_highlight-soft_100_c6c2c8_1x100.png HTTP/1.1" 404 1117
186.78.63.212 - - [11/Mar/2016:09:17:19 -0300] "GET /cormun/static/Shared/jqueryui/images/ui-icons_82798d_256x240.png HTTP/1.1" 404 1089
186.78.63.212 - - [11/Mar/2016:09:17:19 -0300] "GET /cormun/static/Shared/jqueryui/images/ui-bg_flat_55_fafafa_40x100.png HTTP/1.1" 404 1097
186.78.63.212 - - [11/Mar/2016:09:17:19 -0300] "GET /cormun/static/Shared/jqueryui/images/ui-icons_8d78a5_256x240.png HTTP/1.1" 404 1089
186.78.63.212 - - [11/Mar/2016:09:17:19 -0300] "GET /cormun/servlet/solicitudotadjuntos?DLT,2016,800,CERTIF2,0, HTTP/1.1" 200 5451
186.103.159.230 - - [11/Mar/2016:09:17:19 -0300] "GET /cormun/servlet/trautorizarsolicitud? HTTP/1.1" 200 6152
186.103.159.230 - - [11/Mar/2016:09:17:19 -0300] "GET /cormun/static/Resources/Spanish/PXTools.css?19444614 HTTP/1.1" 304 -
186.103.159.230 - - [11/Mar/2016:09:17:19 -0300] "GET /cormun/static/gxcfg.js?20163219504791 HTTP/1.1" 304 -
186.103.159.230 - - [11/Mar/2016:09:17:19 -0300] "GET /cormun/static/trautorizarsolicitud.js?20163219505323 HTTP/1.1" 304 -
186.103.159.230 - - [11/Mar/2016:09:17:20 -0300] "GET /cormun/servlet/trautorizarsolicitud? HTTP/1.1" 200 6147
186.103.156.166 - - [11/Mar/2016:09:17:20 -0300] "POST /cormun/servlet/solicitudot?gx-no-cache=1457698674585 HTTP/1.1" 200 1128
186.78.63.212 - - [11/Mar/2016:09:17:21 -0300] "POST /cormun/servlet/solicitudotadjuntos?09593c05870bbaf4bd3e0c3d46a1ad96,DLT,2016,800,CERTIF2,0,,gx-no-cache=1457698671893 HTTP/1.1" 200 93
186.78.63.212 - - [11/Mar/2016:09:17:21 -0300] "GET /cormun/servlet/hpexe_return? HTTP/1.1" 200 1029
186.78.63.212 - - [11/Mar/2016:09:17:22 -0300] "GET /cormun/servlet/trsolicitudadjuntos?2016,800, HTTP/1.1" 200 7867
186.78.63.212 - - [11/Mar/2016:09:17:24 -0300] "GET /cormun/servlet/trsolicitudadjuntos?2016,800, HTTP/1.1" 200 7863
186.103.159.230 - - [11/Mar/2016:09:17:26 -0300] "GET /cormun/servlet/trsolicitudot? HTTP/1.1" 200 6196
186.103.159.230 - - [11/Mar/2016:09:17:27 -0300] "GET /cormun/servlet/trsolicitudot? HTTP/1.1" 200 6195
186.78.63.212 - - [11/Mar/2016:09:17:27 -0300] "GET /cormun/servlet/solicitudotadjuntos?INS,2016,800,,1, HTTP/1.1" 200 5501
186.78.63.212 - - [11/Mar/2016:09:17:27 -0300] "GET /cormun/static/about:blank HTTP/1.1" 404 1011
186.78.63.212 - - [11/Mar/2016:09:17:28 -0300] "GET /cormun/servlet/solicitudotadjuntos?INS,2016,800,,1, HTTP/1.1" 200 5495
186.78.63.212 - - [11/Mar/2016:09:17:29 -0300] "GET /cormun/servlet/solicitudotadjuntos?52b959a544e0b7945f37f321321b903d37c674b306ee251134b0e5c22950f6ad45da50fe8f523aea2fbea62b42b1464f,gx-no-cache=1457698679988 HTTP/1.1" 200 30
186.78.63.212 - - [11/Mar/2016:09:17:29 -0300] "POST /cormun/servlet/solicitudotadjuntos?09593c05870bbaf4bd3e0c3d46a1ad96,INS,2016,800,,1,,gx-no-cache=1457698680091 HTTP/1.1" 200 3376
186.103.159.230 - - [11/Mar/2016:09:17:35 -0300] "GET /cormun/servlet/trautorizarsolicitud? HTTP/1.1" 200 6147
186.103.159.230 - - [11/Mar/2016:09:17:35 -0300] "GET /cormun/servlet/trautorizarsolicitud? HTTP/1.1" 200 6147
186.78.63.212 - - [11/Mar/2016:09:17:36 -0300] "POST /cormun/servlet/solicitudotadjuntos?gx-no-cache=1457698686925 HTTP/1.1" 200 26
186.103.159.230 - - [11/Mar/2016:09:17:45 -0300] "GET /cormun/servlet/trsolicitudot? HTTP/1.1" 200 6196
186.103.159.230 - - [11/Mar/2016:09:17:45 -0300] "GET /cormun/servlet/trsolicitudot? HTTP/1.1" 200 6195
186.103.159.230 - - [11/Mar/2016:09:17:49 -0300] "GET /cormun/servlet/solicitudot?INS,0,0, HTTP/1.1" 200 11444
186.103.159.230 - - [11/Mar/2016:09:17:49 -0300] "GET /cormun/servlet/solicitudot?INS,0,0, HTTP/1.1" 200 11449
186.103.248.189 - - [11/Mar/2016:09:17:51 -0300] "GET /cormun/servlet/solicitudot?d1569fc545609a809b8375e495eb199923ad44cc945301eae9c16531f7ea0368a43fc0cff73b71945dd8c80550cc585b2d709953008b9c2a0962a7fbb0d152140705d906380e406324579857da79d9d3ef433414ce9132a37aa1e52ed85331f64f5b3094ca5488bc63283587230a2a96,gx-no-cache=1457698699744 HTTP/1.1" 200 29
186.78.63.212 - - [11/Mar/2016:09:17:52 -0300] "GET /cormun/servlet/solicitudotadjuntos?52b959a544e0b7945f37f321321b903d0bb9ed35b8aae8fa69dc57cf45149bc5,gx-no-cache=1457698702733 HTTP/1.1" 200 30
186.78.63.212 - - [11/Mar/2016:09:17:52 -0300] "GET /cormun/servlet/solicitudotadjuntos?52b959a544e0b7945f37f321321b903d0bb9ed35b8aae8fa69dc57cf45149bc5,gx-no-cache=1457698702807 HTTP/1.1" 200 30
186.103.248.189 - - [11/Mar/2016:09:17:53 -0300] "POST /cormun/servlet/solicitudot?gx-no-cache=1457698701447 HTTP/1.1" 200 1128
186.78.63.212 - - [11/Mar/2016:09:18:00 -0300] "POST /cormun/servlet/solicitudotadjuntos?09593c05870bbaf4bd3e0c3d46a1ad96,INS,2016,800,,1, HTTP/1.1" 200 116
186.78.63.212 - - [11/Mar/2016:09:18:01 -0300] "GET /cormun/servlet/hpexe_return? HTTP/1.1" 200 1022
186.78.63.212 - - [11/Mar/2016:09:18:01 -0300] "GET /cormun/servlet/trsolicitudadjuntos?2016,800, HTTP/1.1" 200 7975
186.78.63.212 - - [11/Mar/2016:09:18:03 -0300] "GET /cormun/servlet/trsolicitudadjuntos?2016,800, HTTP/1.1" 200 7976
186.103.159.230 - - [11/Mar/2016:09:18:03 -0300] "POST /cormun/servlet/solicitudot?gx-no-cache=1457698708008 HTTP/1.1" 200 2757
186.103.159.230 - - [11/Mar/2016:09:18:03 -0300] "POST /cormun/servlet/solicitudot?8d1b2cf19fd05ebc29eb562064229d1e,INS,0,0,,gx-no-cache=1457698708149 HTTP/1.1" 200 8399
186.103.159.230 - - [11/Mar/2016:09:18:09 -0300] "GET /cormun/servlet/solicitudot?9bd76176bb7aa01b2d309eb77842f52b6628b002eb04bc7b9e8c62a713d995fd8f9c0ff570d58fd7e94e9035d76bbfd9,gx-no-cache=1457698713958 HTTP/1.1" 200 30
186.103.159.230 - - [11/Mar/2016:09:18:09 -0300] "POST /cormun/servlet/solicitudot?gx-no-cache=1457698714044 HTTP/1.1" 200 30
186.103.159.230 - - [11/Mar/2016:09:18:10 -0300] "POST /cormun/servlet/solicitudot?gx-no-cache=1457698714425 HTTP/1.1" 200 33
186.103.159.230 - - [11/Mar/2016:09:18:10 -0300] "POST /cormun/servlet/solicitudot?gx-no-cache=1457698714498 HTTP/1.1" 200 452
186.103.159.230 - - [11/Mar/2016:09:18:10 -0300] "GET /cormun/servlet/solicitudot?9bd76176bb7aa01b2d309eb77842f52bd316f1053fbe8da5a54023570f950a6436875f9c6b3d328189e62bafc60c4e11afb384c4e497dd3a639e29a82c08af3826cc9137976318897b19c36a69ebb27141c533a97a54b0012d28373d8bd7030ff642fefa589a58b88ea4c773f65288a037a2ccb6794891c19c9a3637c3b1bbccf2327c7f7367ca8374494e90ac41408c,gx-no-cache=1457698714591 HTTP/1.1" 200 38
186.103.159.230 - - [11/Mar/2016:09:18:10 -0300] "GET /cormun/servlet/solicitudot?9bd76176bb7aa01b2d309eb77842f52b13e8a336e34b3c219eca592d8d51f258bf045faecb13971755d33e9458f3d7281ad4ddf8869ecf0942e34587c048e5299a76ff358c374806608f376ab0b9283f19bc99a165b1a58f270a2e59c6a571371490c84b9a584c10cbbf2b918d40fc4b73e8963ad65999cab9f87f933c832f8685847ee9b29e8d305f72cd39aa4b1f17981366ad0cf1eaef0b52d747fd595dfa,gx-no-cache=1457698714669 HTTP/1.1" 200 29
186.103.159.230 - - [11/Mar/2016:09:18:12 -0300] "POST /cormun/servlet/solicitudot?gx-no-cache=1457698717364 HTTP/1.1" 200 1128
186.78.63.212 - - [11/Mar/2016:09:18:20 -0300] "GET /cormun/servlet/solicitudotadjuntos?INS,2016,800,,1, HTTP/1.1" 200 5501
186.78.63.212 - - [11/Mar/2016:09:18:20 -0300] "GET /cormun/static/about:blank HTTP/1.1" 404 1011
186.78.63.212 - - [11/Mar/2016:09:18:21 -0300] "GET /cormun/servlet/solicitudotadjuntos?INS,2016,800,,1, HTTP/1.1" 200 5495
186.78.63.212 - - [11/Mar/2016:09:18:22 -0300] "GET /cormun/servlet/solicitudotadjuntos?52b959a544e0b7945f37f321321b903d37c674b306ee251134b0e5c22950f6ad45da50fe8f523aea2fbea62b42b1464f,gx-no-cache=1457698733045 HTTP/1.1" 200 30
186.78.63.212 - - [11/Mar/2016:09:18:22 -0300] "POST /cormun/servlet/solicitudotadjuntos?09593c05870bbaf4bd3e0c3d46a1ad96,INS,2016,800,,1,,gx-no-cache=1457698733159 HTTP/1.1" 200 3376
186.103.248.189 - - [11/Mar/2016:09:18:26 -0300] "GET /cormun/static/menuarrow.gif HTTP/1.1" 404 1015
186.78.63.212 - - [11/Mar/2016:09:18:28 -0300] "POST /cormun/servlet/solicitudotadjuntos?gx-no-cache=1457698738695 HTTP/1.1" 200 26
186.78.63.212 - - [11/Mar/2016:09:18:37 -0300] "GET /cormun/servlet/solicitudotadjuntos?52b959a544e0b7945f37f321321b903d0bb9ed35b8aae8fa69dc57cf45149bc5,gx-no-cache=1457698748451 HTTP/1.1" 200 30
186.78.63.212 - - [11/Mar/2016:09:18:37 -0300] "GET /cormun/servlet/solicitudotadjuntos?52b959a544e0b7945f37f321321b903d0bb9ed35b8aae8fa69dc57cf45149bc5,gx-no-cache=1457698748538 HTTP/1.1" 200 30
186.103.156.166 - - [11/Mar/2016:09:18:40 -0300] "GET /cormun/static/menuarrow.gif HTTP/1.1" 404 1015
186.78.63.212 - - [11/Mar/2016:09:18:42 -0300] "POST /cormun/servlet/solicitudotadjuntos?09593c05870bbaf4bd3e0c3d46a1ad96,INS,2016,800,,1, HTTP/1.1" 200 116
186.78.63.212 - - [11/Mar/2016:09:18:42 -0300] "GET /cormun/servlet/hpexe_return? HTTP/1.1" 200 1022
186.78.63.212 - - [11/Mar/2016:09:18:43 -0300] "GET /cormun/servlet/trsolicitudadjuntos?2016,800, HTTP/1.1" 200 8218
186.78.63.212 - - [11/Mar/2016:09:18:45 -0300] "GET /cormun/servlet/trsolicitudadjuntos?2016,800, HTTP/1.1" 200 8215
186.103.248.189 - - [11/Mar/2016:09:18:58 -0300] "GET /cormun/servlet/solicitudot?d1569fc545609a809b8375e495eb19998c6869ec8b00653feb770b173ecf32be10fa1cba895d2f0575ddea711fb4c7d0704ecd671914ebb370cc79e0f65028cf7b592f9fd754fb74aeaaf337d7a0d9b03fee10b1cbdee86e94a2c3e1acf42b8de8f2809bd47aa366b4281ca968ff37eb4dbae63e20ebe17ec745b7d070febd433c8b585fc24a55c46cdac53d494f1ff47a77f9ece963ce15fe2969fa9bf1b94967426f5dc2a991046ec0a6c000985943,gx-no-cache=1457698766781 HTTP/1.1" 200 30
186.103.159.230 - - [11/Mar/2016:09:19:07 -0300] "GET /cormun/servlet/solicitudot?9bd76176bb7aa01b2d309eb77842f52bc5929995d0d20a0f1875e4fe0a566d4f924599d847a1bb461860ec4c146c2a5397e79d45c75480a786207b0316baed5eb32b005fd3fce0afb5c8ce1fc846211f390bc8e195914260e3e7eb7e63fcf2096edb237f2909dc813c09b41100236f84ebfbe98d06d2b59445d98b4fa65f16b80221c66f3ef586214e9704dff0346bdd370582220bc25c3a70e2dd77bbbce9f36cc8befbce84f929cbfa17095cd80408,gx-no-cache=1457698771865 HTTP/1.1" 200 30
186.103.156.166 - - [11/Mar/2016:09:19:40 -0300] "GET /cormun/servlet/solicitudot?e93e37ea74e79c4543d340fb12138e933b2f117208923b926eea634eae5c4cbd194357e6c542340c77d847a3fee6858464ff6217351307437e88dcaf1fc56567c2751a7741ad8c2264c9915a39b7f12b0fecee85860d2bbe5e3df91d9a74bba07553cb4388341dda6ee8d1fa09816b913dcbf97c89bb52929a784cb85fe004eb94282bf610133883a2b3311e1582ee3ff73763a5d8cde04196531a5d88521e8305ece168ace960a319a73b4e72370b29,gx-no-cache=1457698814770 HTTP/1.1" 200 30
186.103.248.189 - - [11/Mar/2016:09:19:58 -0300] "POST /cormun/servlet/solicitudot?bba5c94d1edacdd681b80d0d1d7b320d,INS,0,0,,gx-no-cache=1457698825986 HTTP/1.1" 200 93
186.103.248.189 - - [11/Mar/2016:09:19:58 -0300] "GET /cormun/servlet/hpexe_return? HTTP/1.1" 200 1010
186.103.248.189 - - [11/Mar/2016:09:19:58 -0300] "GET /cormun/servlet/trsolicitudot HTTP/1.1" 200 7508
186.103.248.189 - - [11/Mar/2016:09:19:59 -0300] "GET /cormun/servlet/trsolicitudot HTTP/1.1" 200 7504
186.103.248.189 - - [11/Mar/2016:09:20:05 -0300] "GET /cormun/servlet/solicitudot?INS,0,0, HTTP/1.1" 200 11484
186.103.248.189 - - [11/Mar/2016:09:20:05 -0300] "GET /cormun/servlet/solicitudot?INS,0,0, HTTP/1.1" 200 11489
186.103.159.230 - - [11/Mar/2016:09:20:14 -0300] "POST /cormun/servlet/solicitudot?gx-no-cache=1457698838967 HTTP/1.1" 200 30
186.103.159.230 - - [11/Mar/2016:09:20:17 -0300] "POST /cormun/servlet/solicitudot?gx-no-cache=1457698841457 HTTP/1.1" 200 1166
186.103.159.230 - - [11/Mar/2016:09:20:17 -0300] "GET /cormun/servlet/solicitudot?9bd76176bb7aa01b2d309eb77842f52bd316f1053fbe8da5a54023570f950a6436875f9c6b3d328189e62bafc60c4e11afb384c4e497dd3a639e29a82c08af3826cc9137976318897b19c36a69ebb27141c533a97a54b0012d28373d8bd7030ff642fefa589a58b88ea4c773f65288a037a2ccb6794891c19c9a3637c3b1bbcc9e825c00d0d588eaf4a733f7612dc62add5cf3550881f0ff0acf70c4869df596,gx-no-cache=1457698841511 HTTP/1.1" 200 41
186.103.159.230 - - [11/Mar/2016:09:20:17 -0300] "POST /cormun/servlet/solicitudot?gx-no-cache=1457698841537 HTTP/1.1" 200 1127
186.103.159.230 - - [11/Mar/2016:09:20:17 -0300] "GET /cormun/servlet/solicitudot?9bd76176bb7aa01b2d309eb77842f52bc5929995d0d20a0f1875e4fe0a566d4f924599d847a1bb461860ec4c146c2a5397e79d45c75480a786207b0316baed5eb32b005fd3fce0afb5c8ce1fc846211f390bc8e195914260e3e7eb7e63fcf2096edb237f2909dc813c09b41100236f84ebfbe98d06d2b59445d98b4fa65f16b80221c66f3ef586214e9704dff0346bdd370582220bc25c3a70e2dd77bbbce9f36cc8befbce84f929cbfa17095cd80408,gx-no-cache=1457698841571 HTTP/1.1" 200 30
186.103.248.189 - - [11/Mar/2016:09:20:41 -0300] "POST /cormun/servlet/solicitudot?gx-no-cache=1457698869480 HTTP/1.1" 200 2668
186.103.248.189 - - [11/Mar/2016:09:20:42 -0300] "POST /cormun/servlet/solicitudot?bba5c94d1edacdd681b80d0d1d7b320d,INS,0,0,,gx-no-cache=1457698869890 HTTP/1.1" 200 8291
186.103.159.230 - - [11/Mar/2016:09:20:43 -0300] "GET /cormun/servlet/solicitudot?9bd76176bb7aa01b2d309eb77842f52bc5929995d0d20a0f1875e4fe0a566d4f924599d847a1bb461860ec4c146c2a5397e79d45c75480a786207b0316baed5eb32b005fd3fce0afb5c8ce1fc846211f390bc8e195914260e3e7eb7e63fcf2096edb237f2909dc813c09b41100236f84ebfbe98d06d2b59445d98b4fa65f16b80221c66f3ef586214e9704dff0346bdd370582220bc25c3a70e2dd77bbbce9f36cc8befbce84f929cbfa17095cd80408,gx-no-cache=1457698868296 HTTP/1.1" 200 30
186.103.248.189 - - [11/Mar/2016:09:20:44 -0300] "GET /cormun/servlet/solicitudot?d1569fc545609a809b8375e495eb1999782731796b93ca4e6a9a276d1e5b0035f98d9dcbdc96a405c6a98697f511dacd,gx-no-cache=1457698872486 HTTP/1.1" 200 30
186.103.156.166 - - [11/Mar/2016:09:21:09 -0300] "POST /cormun/servlet/solicitudot?f5e2f3c6dc0a6fc71a675a17fd8d138f,INS,0,0,,gx-no-cache=1457698903727 HTTP/1.1" 200 93
186.103.156.166 - - [11/Mar/2016:09:21:09 -0300] "GET /cormun/servlet/hpexe_return? HTTP/1.1" 200 1005
186.103.156.166 - - [11/Mar/2016:09:21:09 -0300] "GET /cormun/static/hpexe_return.js?2015111312145056 HTTP/1.1" 200 1633
186.103.156.166 - - [11/Mar/2016:09:21:09 -0300] "GET /cormun/static/gxcfg.js?2015111312145050 HTTP/1.1" 200 953
186.103.156.166 - - [11/Mar/2016:09:21:09 -0300] "GET /cormun/static/Resources/Spanish/PXTools.css?12112540 HTTP/1.1" 200 89042
186.103.156.166 - - [11/Mar/2016:09:21:09 -0300] "GET /cormun/servlet/trsolicitudot? HTTP/1.1" 200 7471
186.103.156.166 - - [11/Mar/2016:09:21:10 -0300] "GET /cormun//static/Resources/PXToolsActionView.png HTTP/1.1" 200 2995
186.103.156.166 - - [11/Mar/2016:09:21:10 -0300] "GET /cormun//static/Resources/PXToolsGridUpdate.png HTTP/1.1" 200 2984
186.103.156.166 - - [11/Mar/2016:09:21:11 -0300] "GET /cormun//static/Resources/PXToolsGridDelete.png HTTP/1.1" 200 357
186.103.156.166 - - [11/Mar/2016:09:21:11 -0300] "GET /cormun//static/Resources/PXToolsRemoveAllAction.png HTTP/1.1" 200 3558
186.103.156.166 - - [11/Mar/2016:09:21:11 -0300] "GET /cormun//static/Resources/PXTools/ActionInsert.png HTTP/1.1" 200 1482
186.103.156.166 - - [11/Mar/2016:09:21:11 -0300] "GET /cormun/servlet/trsolicitudot? HTTP/1.1" 200 7467
186.103.156.166 - - [11/Mar/2016:09:21:29 -0300] "POST /cormun/servlet/trsolicitudot?f5e2f3c6dc0a6fc71a675a17fd8d138f,,gx-no-cache=1457698923768 HTTP/1.1" 200 4891
186.103.156.166 - - [11/Mar/2016:09:21:29 -0300] "POST /cormun/servlet/trsolicitudot?f5e2f3c6dc0a6fc71a675a17fd8d138f,,gx-no-cache=1457698923982 HTTP/1.1" 200 4891
186.103.156.166 - - [11/Mar/2016:09:21:29 -0300] "POST /cormun/servlet/trsolicitudot?f5e2f3c6dc0a6fc71a675a17fd8d138f,,gx-no-cache=1457698924147 HTTP/1.1" 200 4891
186.103.156.166 - - [11/Mar/2016:09:21:29 -0300] "POST /cormun/servlet/trsolicitudot?f5e2f3c6dc0a6fc71a675a17fd8d138f,,gx-no-cache=1457698924307 HTTP/1.1" 200 4891
186.103.156.166 - - [11/Mar/2016:09:21:29 -0300] "POST /cormun/servlet/trsolicitudot?f5e2f3c6dc0a6fc71a675a17fd8d138f,,gx-no-cache=1457698924484 HTTP/1.1" 200 4891
186.103.156.166 - - [11/Mar/2016:09:21:30 -0300] "POST /cormun/servlet/trsolicitudot?f5e2f3c6dc0a6fc71a675a17fd8d138f,,gx-no-cache=1457698924693 HTTP/1.1" 200 4892
186.103.156.166 - - [11/Mar/2016:09:21:30 -0300] "POST /cormun/servlet/trsolicitudot?f5e2f3c6dc0a6fc71a675a17fd8d138f,,gx-no-cache=1457698924872 HTTP/1.1" 200 4891
186.103.156.166 - - [11/Mar/2016:09:21:30 -0300] "POST /cormun/servlet/trsolicitudot?f5e2f3c6dc0a6fc71a675a17fd8d138f,,gx-no-cache=1457698925109 HTTP/1.1" 200 3618
186.103.156.166 - - [11/Mar/2016:09:21:30 -0300] "GET /cormun/static/Shared/jqueryui/images/ui-bg_highlight-soft_100_c6c2c8_1x100.png HTTP/1.1" 404 1117
186.103.156.166 - - [11/Mar/2016:09:21:30 -0300] "GET /cormun/static/Shared/jqueryui/images/ui-icons_82798d_256x240.png HTTP/1.1" 404 1089
186.103.156.166 - - [11/Mar/2016:09:21:30 -0300] "GET /cormun/static/Shared/jqueryui/images/ui-icons_8d78a5_256x240.png HTTP/1.1" 404 1089
186.103.156.166 - - [11/Mar/2016:09:21:30 -0300] "GET /cormun/static/Shared/jqueryui/images/ui-bg_flat_55_fafafa_40x100.png HTTP/1.1" 404 1097
186.103.156.166 - - [11/Mar/2016:09:21:30 -0300] "POST /cormun/servlet/trsolicitudot?f5e2f3c6dc0a6fc71a675a17fd8d138f,,gx-no-cache=1457698925340 HTTP/1.1" 200 3455
186.103.159.230 - - [11/Mar/2016:09:21:57 -0300] "POST /cormun/servlet/solicitudot?gx-no-cache=1457698942015 HTTP/1.1" 200 30
186.103.159.230 - - [11/Mar/2016:09:21:57 -0300] "POST /cormun/servlet/solicitudot?gx-no-cache=1457698942065 HTTP/1.1" 200 30
186.103.159.230 - - [11/Mar/2016:09:21:57 -0300] "POST /cormun/servlet/solicitudot?gx-no-cache=1457698942102 HTTP/1.1" 200 1166
186.103.159.230 - - [11/Mar/2016:09:21:57 -0300] "GET /cormun/servlet/solicitudot?9bd76176bb7aa01b2d309eb77842f52bd316f1053fbe8da5a54023570f950a6436875f9c6b3d328189e62bafc60c4e11afb384c4e497dd3a639e29a82c08af3826cc9137976318897b19c36a69ebb27141c533a97a54b0012d28373d8bd7030ff642fefa589a58b88ea4c773f65288a037a2ccb6794891c19c9a3637c3b1bbcc9e825c00d0d588eaf4a733f7612dc62add5cf3550881f0ff0acf70c4869df596,gx-no-cache=1457698942180 HTTP/1.1" 200 41
186.103.159.230 - - [11/Mar/2016:09:21:57 -0300] "POST /cormun/servlet/solicitudot?gx-no-cache=1457698942210 HTTP/1.1" 200 1127
186.103.159.230 - - [11/Mar/2016:09:21:57 -0300] "GET /cormun/servlet/solicitudot?9bd76176bb7aa01b2d309eb77842f52bc5929995d0d20a0f1875e4fe0a566d4f924599d847a1bb461860ec4c146c2a5397e79d45c75480a786207b0316baed5eb32b005fd3fce0afb5c8ce1fc846211f390bc8e195914260e3e7eb7e63fcf2096edb237f2909dc813c09b41100236f84ebfbe98d06d2b59445d98b4fa65f16b80221c66f3ef586214e9704dff0346bdd370582220bc25c3a70e2dd77bbbce9f36cc8befbce84f929cbfa17095cd80408,gx-no-cache=1457698942252 HTTP/1.1" 200 30
186.103.159.230 - - [11/Mar/2016:09:21:57 -0300] "POST /cormun/servlet/solicitudot?8d1b2cf19fd05ebc29eb562064229d1e,INS,0,0,,gx-no-cache=1457698942288 HTTP/1.1" 200 93
186.103.159.230 - - [11/Mar/2016:09:21:57 -0300] "GET /cormun/servlet/hpexe_return? HTTP/1.1" 200 1007
186.103.159.230 - - [11/Mar/2016:09:21:58 -0300] "GET /cormun/static/Resources/Spanish/PXTools.css?12112540 HTTP/1.1" 304 -
186.103.159.230 - - [11/Mar/2016:09:21:58 -0300] "GET /cormun/static/gxcfg.js?2015111312145050 HTTP/1.1" 304 -
186.103.159.230 - - [11/Mar/2016:09:21:58 -0300] "GET /cormun/static/hpexe_return.js?2015111312145056 HTTP/1.1" 304 -
186.103.156.166 - - [11/Mar/2016:09:22:00 -0300] "GET /cormun/servlet/solicitudot?INS,0,0, HTTP/1.1" 200 11406
186.103.156.166 - - [11/Mar/2016:09:22:01 -0300] "GET /cormun/servlet/solicitudot?INS,0,0, HTTP/1.1" 200 11411
192.168.10.89 - - [11/Mar/2016:09:22:22 -0300] "GET /cormun/servlet/hhome HTTP/1.1" 200 3223
192.168.10.89 - - [11/Mar/2016:09:22:22 -0300] "GET /cormun/servlet/hlogin HTTP/1.1" 200 1727
186.78.63.212 - - [11/Mar/2016:09:22:30 -0300] "GET /cormun/servlet/hhome HTTP/1.1" 200 3482
192.168.10.89 - - [11/Mar/2016:09:22:31 -0300] "POST /cormun/servlet/hlogin?a980829c16931bdb8dedc99ff9eb7027,gx-no-cache=1457698701051 HTTP/1.1" 200 90
192.168.10.89 - - [11/Mar/2016:09:22:31 -0300] "GET /cormun/servlet/hpexe_link HTTP/1.1" 200 947
192.168.10.89 - - [11/Mar/2016:09:22:32 -0300] "GET /cormun/servlet/hhome HTTP/1.1" 200 3471
186.78.63.212 - - [11/Mar/2016:09:22:32 -0300] "GET /cormun/servlet/hhome HTTP/1.1" 200 3469
192.168.10.89 - - [11/Mar/2016:09:22:34 -0300] "GET /cormun/servlet/trautorizarsolicitud? HTTP/1.1" 200 6176
192.168.10.89 - - [11/Mar/2016:09:22:36 -0300] "GET /cormun/static/menuarrow.gif HTTP/1.1" 404 1015
186.78.63.212 - - [11/Mar/2016:09:22:37 -0300] "GET /cormun/servlet/trautorizarsolicitud? HTTP/1.1" 200 6178
192.168.10.89 - - [11/Mar/2016:09:22:39 -0300] "POST /cormun/servlet/trautorizarsolicitud?a980829c16931bdb8dedc99ff9eb7027,,gx-no-cache=1457698709118 HTTP/1.1" 200 3472
186.78.63.212 - - [11/Mar/2016:09:22:39 -0300] "GET /cormun/servlet/trautorizarsolicitud? HTTP/1.1" 200 6178
192.168.10.89 - - [11/Mar/2016:09:22:40 -0300] "POST /cormun/servlet/trautorizarsolicitud?a980829c16931bdb8dedc99ff9eb7027,,gx-no-cache=1457698709379 HTTP/1.1" 200 3472
192.168.10.89 - - [11/Mar/2016:09:22:40 -0300] "POST /cormun/servlet/trautorizarsolicitud?a980829c16931bdb8dedc99ff9eb7027,,gx-no-cache=1457698709642 HTTP/1.1" 200 3472
192.168.10.89 - - [11/Mar/2016:09:22:40 -0300] "POST /cormun/servlet/trautorizarsolicitud?a980829c16931bdb8dedc99ff9eb7027,,gx-no-cache=1457698709941 HTTP/1.1" 200 3472
192.168.10.89 - - [11/Mar/2016:09:22:41 -0300] "POST /cormun/servlet/trautorizarsolicitud?a980829c16931bdb8dedc99ff9eb7027,,gx-no-cache=1457698710283 HTTP/1.1" 200 3472
192.168.10.89 - - [11/Mar/2016:09:22:41 -0300] "POST /cormun/servlet/trautorizarsolicitud?a980829c16931bdb8dedc99ff9eb7027,,gx-no-cache=1457698710656 HTTP/1.1" 200 3472
192.168.10.89 - - [11/Mar/2016:09:22:41 -0300] "POST /cormun/servlet/trautorizarsolicitud?a980829c16931bdb8dedc99ff9eb7027,,gx-no-cache=1457698711038 HTTP/1.1" 200 3472
192.168.10.89 - - [11/Mar/2016:09:22:44 -0300] "POST /cormun/servlet/trautorizarsolicitud?a980829c16931bdb8dedc99ff9eb7027,,gx-no-cache=1457698711481 HTTP/1.1" 200 3472
192.168.10.89 - - [11/Mar/2016:09:22:46 -0300] "GET /cormun/servlet/trsolicitudot? HTTP/1.1" 200 6224
186.78.63.212 - - [11/Mar/2016:09:22:47 -0300] "POST /cormun/servlet/trautorizarsolicitud?09593c05870bbaf4bd3e0c3d46a1ad96,,gx-no-cache=1457698997459 HTTP/1.1" 200 3471
186.78.63.212 - - [11/Mar/2016:09:22:47 -0300] "POST /cormun/servlet/trautorizarsolicitud?09593c05870bbaf4bd3e0c3d46a1ad96,,gx-no-cache=1457698998219 HTTP/1.1" 200 3471
186.103.156.166 - - [11/Mar/2016:09:22:48 -0300] "GET /cormun/servlet/hhome HTTP/1.1" 200 3417
186.103.156.166 - - [11/Mar/2016:09:22:49 -0300] "GET /cormun/servlet/hhome HTTP/1.1" 200 3409
192.168.10.89 - - [11/Mar/2016:09:22:49 -0300] "GET /cormun/static/menuarrow.gif HTTP/1.1" 404 1015
192.168.10.89 - - [11/Mar/2016:09:22:53 -0300] "POST /cormun/servlet/trsolicitudot?a980829c16931bdb8dedc99ff9eb7027,,gx-no-cache=1457698722625 HTTP/1.1" 200 5266
192.168.10.89 - - [11/Mar/2016:09:22:53 -0300] "POST /cormun/servlet/trsolicitudot?a980829c16931bdb8dedc99ff9eb7027,,gx-no-cache=1457698722932 HTTP/1.1" 200 5266
192.168.10.89 - - [11/Mar/2016:09:22:54 -0300] "POST /cormun/servlet/trsolicitudot?a980829c16931bdb8dedc99ff9eb7027,,gx-no-cache=1457698723257 HTTP/1.1" 200 5266
192.168.10.89 - - [11/Mar/2016:09:22:54 -0300] "POST /cormun/servlet/trsolicitudot?a980829c16931bdb8dedc99ff9eb7027,,gx-no-cache=1457698723625 HTTP/1.1" 200 5266
192.168.10.89 - - [11/Mar/2016:09:22:55 -0300] "POST /cormun/servlet/trsolicitudot?a980829c16931bdb8dedc99ff9eb7027,,gx-no-cache=1457698724264 HTTP/1.1" 200 5265
192.168.10.89 - - [11/Mar/2016:09:22:55 -0300] "POST /cormun/servlet/trsolicitudot?a980829c16931bdb8dedc99ff9eb7027,,gx-no-cache=1457698724747 HTTP/1.1" 200 5266
192.168.10.89 - - [11/Mar/2016:09:22:56 -0300] "POST /cormun/servlet/trsolicitudot?a980829c16931bdb8dedc99ff9eb7027,,gx-no-cache=1457698725277 HTTP/1.1" 200 5266
192.168.10.89 - - [11/Mar/2016:09:22:59 -0300] "POST /cormun/servlet/trsolicitudot?a980829c16931bdb8dedc99ff9eb7027,,gx-no-cache=1457698725868 HTTP/1.1" 200 5265
186.78.63.212 - - [11/Mar/2016:09:23:04 -0300] "POST /cormun/servlet/trautorizarsolicitud?09593c05870bbaf4bd3e0c3d46a1ad96,,gx-no-cache=1457699014814 HTTP/1.1" 200 3468
186.78.63.212 - - [11/Mar/2016:09:23:04 -0300] "POST /cormun/servlet/trautorizarsolicitud?09593c05870bbaf4bd3e0c3d46a1ad96,,gx-no-cache=1457699015274 HTTP/1.1" 200 3468
186.103.156.166 - - [11/Mar/2016:09:23:05 -0300] "GET /cormun/servlet/hlogin HTTP/1.1" 200 1719
192.168.10.89 - - [11/Mar/2016:09:23:12 -0300] "POST /cormun/servlet/trsolicitudot?a980829c16931bdb8dedc99ff9eb7027,,gx-no-cache=1457698741425 HTTP/1.1" 200 5009
192.168.10.89 - - [11/Mar/2016:09:23:12 -0300] "POST /cormun/servlet/trsolicitudot?a980829c16931bdb8dedc99ff9eb7027,,gx-no-cache=1457698742171 HTTP/1.1" 200 4951
192.168.10.89 - - [11/Mar/2016:09:23:13 -0300] "GET /cormun/static/Shared/jqueryui/images/ui-icons_82798d_256x240.png HTTP/1.1" 404 1089
192.168.10.89 - - [11/Mar/2016:09:23:13 -0300] "GET /cormun/static/Shared/jqueryui/images/ui-bg_flat_55_fafafa_40x100.png HTTP/1.1" 404 1097
192.168.10.89 - - [11/Mar/2016:09:23:13 -0300] "GET /cormun/static/Shared/jqueryui/images/ui-bg_highlight-soft_100_c6c2c8_1x100.png HTTP/1.1" 404 1117
192.168.10.89 - - [11/Mar/2016:09:23:13 -0300] "GET /cormun/static/Shared/jqueryui/images/ui-icons_8d78a5_256x240.png HTTP/1.1" 404 1089
192.168.10.89 - - [11/Mar/2016:09:23:17 -0300] "GET /cormun/servlet/trautorizarsolicitud? HTTP/1.1" 200 7507
192.168.10.89 - - [11/Mar/2016:09:23:22 -0300] "POST /cormun/servlet/trautorizarsolicitud?a980829c16931bdb8dedc99ff9eb7027,,gx-no-cache=1457698751312 HTTP/1.1" 200 4941
192.168.10.89 - - [11/Mar/2016:09:23:22 -0300] "POST /cormun/servlet/trautorizarsolicitud?a980829c16931bdb8dedc99ff9eb7027,,gx-no-cache=1457698751571 HTTP/1.1" 200 4941
192.168.10.89 - - [11/Mar/2016:09:23:22 -0300] "POST /cormun/servlet/trautorizarsolicitud?a980829c16931bdb8dedc99ff9eb7027,,gx-no-cache=1457698751826 HTTP/1.1" 200 4941
192.168.10.89 - - [11/Mar/2016:09:23:22 -0300] "POST /cormun/servlet/trautorizarsolicitud?a980829c16931bdb8dedc99ff9eb7027,,gx-no-cache=1457698752157 HTTP/1.1" 200 4940
192.168.10.89 - - [11/Mar/2016:09:23:23 -0300] "POST /cormun/servlet/trautorizarsolicitud?a980829c16931bdb8dedc99ff9eb7027,,gx-no-cache=1457698752532 HTTP/1.1" 200 4941
192.168.10.89 - - [11/Mar/2016:09:23:23 -0300] "POST /cormun/servlet/trautorizarsolicitud?a980829c16931bdb8dedc99ff9eb7027,,gx-no-cache=1457698752970 HTTP/1.1" 200 4941
192.168.10.89 - - [11/Mar/2016:09:23:24 -0300] "POST /cormun/servlet/trautorizarsolicitud?a980829c16931bdb8dedc99ff9eb7027,,gx-no-cache=1457698753427 HTTP/1.1" 200 4941
192.168.10.89 - - [11/Mar/2016:09:23:27 -0300] "POST /cormun/servlet/trautorizarsolicitud?a980829c16931bdb8dedc99ff9eb7027,,gx-no-cache=1457698753952 HTTP/1.1" 200 3619
192.168.10.89 - - [11/Mar/2016:09:23:27 -0300] "POST /cormun/servlet/trautorizarsolicitud?a980829c16931bdb8dedc99ff9eb7027,,gx-no-cache=1457698756752 HTTP/1.1" 200 3452
192.168.10.89 - - [11/Mar/2016:09:23:28 -0300] "GET /cormun/static/Shared/jqueryui/images/ui-bg_flat_55_fafafa_40x100.png HTTP/1.1" 404 1097
192.168.10.89 - - [11/Mar/2016:09:23:28 -0300] "GET /cormun/static/Shared/jqueryui/images/ui-icons_8d78a5_256x240.png HTTP/1.1" 404 1089
192.168.10.89 - - [11/Mar/2016:09:23:28 -0300] "GET /cormun/static/Shared/jqueryui/images/ui-bg_highlight-soft_100_c6c2c8_1x100.png HTTP/1.1" 404 1117
192.168.10.89 - - [11/Mar/2016:09:23:28 -0300] "GET /cormun/static/Shared/jqueryui/images/ui-icons_82798d_256x240.png HTTP/1.1" 404 1089
192.168.10.89 - - [11/Mar/2016:09:23:35 -0300] "GET /cormun/servlet/trsolicitudot? HTTP/1.1" 200 7561
186.103.159.46 - - [11/Mar/2016:09:23:39 -0300] "GET /cormun/servlet/hhome HTTP/1.1" 200 3231
186.103.159.46 - - [11/Mar/2016:09:23:39 -0300] "GET /cormun/static/SmoothNavMenu/resources/ddsmoothmenu.css?1112540 HTTP/1.1" 200 2223
186.103.159.46 - - [11/Mar/2016:09:23:39 -0300] "GET /cormun/static/SmoothNavMenu/resources/ddsmoothmenu-v.css?1112540 HTTP/1.1" 200 1188
186.103.159.46 - - [11/Mar/2016:09:23:39 -0300] "GET /cormun/static/scaMessage/css/jquery.pnotify.default.css?1816380 HTTP/1.1" 200 1707
186.103.159.46 - - [11/Mar/2016:09:23:39 -0300] "GET /cormun/static/Shared/jqueryui/jquery-ui.min.css?1345370 HTTP/1.1" 200 30288
186.103.159.46 - - [11/Mar/2016:09:23:39 -0300] "GET /cormun/static/Resources/Spanish/PXTools.css?10515224 HTTP/1.1" 200 89042
186.103.159.46 - - [11/Mar/2016:09:23:39 -0300] "GET /cormun/static/gxtimezone.js?85251 HTTP/1.1" 200 5781
186.103.159.46 - - [11/Mar/2016:09:23:39 -0300] "GET /cormun/static/gxcfg.js?2015112210564248 HTTP/1.1" 200 953
186.103.159.46 - - [11/Mar/2016:09:23:39 -0300] "GET /cormun/static/PXToolsJavascripts/pexe_autoreload.js HTTP/1.1" 200 1762
186.103.159.46 - - [11/Mar/2016:09:23:39 -0300] "GET /cormun/static/PXToolsJavascripts/pexe_cookies.js HTTP/1.1" 200 792
186.103.159.46 - - [11/Mar/2016:09:23:39 -0300] "GET /cormun/static/PXToolsJavascripts/pexe_windows.js HTTP/1.1" 200 15207
186.103.159.46 - - [11/Mar/2016:09:23:39 -0300] "GET /cormun/static/PXToolsJavascripts/pexe_grid.js HTTP/1.1" 200 7559
186.103.159.46 - - [11/Mar/2016:09:23:39 -0300] "GET /cormun/static/PXToolsJavascripts/pexe_griddivfix.js HTTP/1.1" 200 6644
186.103.159.46 - - [11/Mar/2016:09:23:39 -0300] "GET /cormun/static/PXToolsJavascripts/pexe_link.js HTTP/1.1" 200 5671
186.103.159.46 - - [11/Mar/2016:09:23:39 -0300] "GET /cormun/static/PXToolsJavascripts/pexe_menudivfix.js HTTP/1.1" 200 333
186.103.159.46 - - [11/Mar/2016:09:23:39 -0300] "GET /cormun/static/PXToolsJavascripts/pexe_menus.js HTTP/1.1" 200 1286
186.103.159.46 - - [11/Mar/2016:09:23:39 -0300] "GET /cormun/static/PXToolsJavascripts/pexe_oav.js HTTP/1.1" 200 645
186.103.159.46 - - [11/Mar/2016:09:23:39 -0300] "GET /cormun/static/PXToolsJavascripts/pexe_layers.js HTTP/1.1" 200 4114
186.103.159.46 - - [11/Mar/2016:09:23:39 -0300] "GET /cormun/static/PXToolsJavascripts/pexe_oavdivfix.js HTTP/1.1" 200 639
186.103.159.46 - - [11/Mar/2016:09:23:39 -0300] "GET /cormun/static/PXToolsJavascripts/pexe_picture.js HTTP/1.1" 200 689
186.103.159.46 - - [11/Mar/2016:09:23:39 -0300] "GET /cormun/static/PXToolsJavascripts/pexe_popup.js HTTP/1.1" 200 13458
186.103.159.46 - - [11/Mar/2016:09:23:39 -0300] "GET /cormun/static/PXToolsJavascripts/pexe_scrolldiv.js HTTP/1.1" 200 4138
186.103.159.46 - - [11/Mar/2016:09:23:39 -0300] "GET /cormun/static/PXToolsJavascripts/pexe_tabdivfix.js HTTP/1.1" 200 876
186.103.159.46 - - [11/Mar/2016:09:23:39 -0300] "GET /cormun/static/PXToolsJavascripts/pexe_tabs.js HTTP/1.1" 200 3748
186.103.159.46 - - [11/Mar/2016:09:23:39 -0300] "GET /cormun/static/PXToolsJavascripts/pexe_upload.js HTTP/1.1" 200 1423
186.103.159.46 - - [11/Mar/2016:09:23:40 -0300] "GET /cormun/static/PXToolsJavascripts/PXToolsJavascriptsRender.js HTTP/1.1" 200 367
186.103.159.46 - - [11/Mar/2016:09:23:40 -0300] "GET /cormun/static/RunJS/RunJS.js HTTP/1.1" 200 288
186.103.159.46 - - [11/Mar/2016:09:23:40 -0300] "GET /cormun/static/Shared/ext/locale/ext-lang-en.js HTTP/1.1" 200 10940
186.103.159.46 - - [11/Mar/2016:09:23:40 -0300] "GET /cormun/static/hhome.js?2015112210564255 HTTP/1.1" 200 777
186.103.159.46 - - [11/Mar/2016:09:23:40 -0300] "GET /cormun/static/hwchdr01.js?20162241650484 HTTP/1.1" 200 1183
186.103.159.46 - - [11/Mar/2016:09:23:40 -0300] "GET /cormun/static/hpexe_recentlink.js?2015111312121342 HTTP/1.1" 200 2144
186.103.159.46 - - [11/Mar/2016:09:23:40 -0300] "GET /cormun/static/hpexe_scripts.js?20151120014546 HTTP/1.1" 200 1544
186.103.159.46 - - [11/Mar/2016:09:23:40 -0300] "GET /cormun/static/hpexe_messagecontroller.js?2015112210524422 HTTP/1.1" 200 870
186.103.159.46 - - [11/Mar/2016:09:23:40 -0300] "GET /cormun/static/hpexe_messagepopupcomponent.js?20163219454551 HTTP/1.1" 200 605
186.103.159.46 - - [11/Mar/2016:09:23:40 -0300] "GET /cormun/static/hpexe_messagegenexuscomponent.js?20151120014314 HTTP/1.1" 200 587
186.103.159.46 - - [11/Mar/2016:09:23:40 -0300] "GET /cormun/static/cmcontrolpreferences.js?20151120014525 HTTP/1.1" 200 1375
192.168.10.89 - - [11/Mar/2016:09:23:40 -0300] "POST /cormun/servlet/trsolicitudot?a980829c16931bdb8dedc99ff9eb7027,,gx-no-cache=1457698769487 HTTP/1.1" 200 4974
186.103.159.46 - - [11/Mar/2016:09:23:40 -0300] "GET /cormun/static/messages.spa.js?85251 HTTP/1.1" 200 30736
186.103.159.46 - - [11/Mar/2016:09:23:40 -0300] "GET /cormun/static/gxui/gxui-all.js HTTP/1.1" 200 107772
186.103.159.46 - - [11/Mar/2016:09:23:40 -0300] "GET /cormun/static/Shared/jquery/jquery-1.4.2.min.js HTTP/1.1" 200 72174
192.168.10.89 - - [11/Mar/2016:09:23:40 -0300] "POST /cormun/servlet/trsolicitudot?a980829c16931bdb8dedc99ff9eb7027,,gx-no-cache=1457698769751 HTTP/1.1" 200 4974
186.103.159.46 - - [11/Mar/2016:09:23:40 -0300] "GET /cormun/static/SmoothNavMenu/resources/ddsmoothmenu.js HTTP/1.1" 200 12712
186.103.159.46 - - [11/Mar/2016:09:23:40 -0300] "GET /cormun/static/SmoothNavMenu/resources/SmoothNavMenuRender.js HTTP/1.1" 200 5951
186.103.159.46 - - [11/Mar/2016:09:23:40 -0300] "GET /cormun/static/scaMessage/js/jquery.pnotify.min.js HTTP/1.1" 200 13038
186.103.159.46 - - [11/Mar/2016:09:23:40 -0300] "GET /cormun/static/scaMessage/scaMessageRender.js HTTP/1.1" 200 11977
186.103.159.46 - - [11/Mar/2016:09:23:40 -0300] "GET /cormun/static/hmpwkw03.js?2016311993330 HTTP/1.1" 200 3898
186.103.159.46 - - [11/Mar/2016:09:23:40 -0300] "GET /cormun/static/Resources/logo4.png HTTP/1.1" 200 6582
192.168.10.89 - - [11/Mar/2016:09:23:40 -0300] "POST /cormun/servlet/trsolicitudot?a980829c16931bdb8dedc99ff9eb7027,,gx-no-cache=1457698770016 HTTP/1.1" 200 4973
186.103.159.46 - - [11/Mar/2016:09:23:40 -0300] "GET /cormun/static/Resources/PXToolsHeaderActionsLeft.png HTTP/1.1" 200 1118
186.103.159.46 - - [11/Mar/2016:09:23:40 -0300] "GET /cormun/static/Resources/PXToolsHeaderHome.png HTTP/1.1" 200 4147
186.103.159.46 - - [11/Mar/2016:09:23:41 -0300] "GET /cormun/static/Resources/PXToolsHeaderLogin.png HTTP/1.1" 200 4279
186.103.159.46 - - [11/Mar/2016:09:23:41 -0300] "GET /cormun/static/Resources/PXToolsHeaderPreferences.png HTTP/1.1" 200 4189
186.103.159.46 - - [11/Mar/2016:09:23:41 -0300] "GET /cormun/static/Resources/PXToolsHeaderSecurity.png HTTP/1.1" 200 4166
186.103.159.46 - - [11/Mar/2016:09:23:41 -0300] "GET /cormun/static/Resources/PXToolsHeaderActionsRight.png HTTP/1.1" 200 1201
192.168.10.89 - - [11/Mar/2016:09:23:41 -0300] "POST /cormun/servlet/trsolicitudot?a980829c16931bdb8dedc99ff9eb7027,,gx-no-cache=1457698770359 HTTP/1.1" 200 4975
186.103.159.46 - - [11/Mar/2016:09:23:41 -0300] "GET /cormun/static/Shared/jquery/jquery-1.10.2.min.js HTTP/1.1" 200 273199
192.168.10.89 - - [11/Mar/2016:09:23:41 -0300] "POST /cormun/servlet/trsolicitudot?a980829c16931bdb8dedc99ff9eb7027,,gx-no-cache=1457698770741 HTTP/1.1" 200 4975
186.103.159.46 - - [11/Mar/2016:09:23:41 -0300] "GET /cormun/static/Shared/jqueryui/jquery-ui.min.js HTTP/1.1" 200 240427
192.168.10.89 - - [11/Mar/2016:09:23:41 -0300] "POST /cormun/servlet/trsolicitudot?a980829c16931bdb8dedc99ff9eb7027,,gx-no-cache=1457698771187 HTTP/1.1" 200 4975
186.103.159.46 - - [11/Mar/2016:09:23:42 -0300] "GET /cormun/static/gxgral.js?85251 HTTP/1.1" 200 384558
192.168.10.89 - - [11/Mar/2016:09:23:42 -0300] "POST /cormun/servlet/trsolicitudot?a980829c16931bdb8dedc99ff9eb7027,,gx-no-cache=1457698771666 HTTP/1.1" 200 4974
186.103.159.46 - - [11/Mar/2016:09:23:42 -0300] "GET /cormun/static/Resources/PXToolsFooterBackground2.png HTTP/1.1" 200 1172
186.103.159.46 - - [11/Mar/2016:09:23:42 -0300] "GET /cormun/static/Resources/PXToolsHeaderBackground2.png HTTP/1.1" 200 1174
186.103.159.46 - - [11/Mar/2016:09:23:42 -0300] "GET /cormun/static/Resources/PXToolsHeaderActionsBackground.png HTTP/1.1" 200 484
186.103.159.46 - - [11/Mar/2016:09:23:42 -0300] "GET /cormun/static/Resources/PXToolsDataTitle.png HTTP/1.1" 200 1173
186.103.159.46 - - [11/Mar/2016:09:23:44 -0300] "GET /cormun/static/Shared/ext/ext-all.js HTTP/1.1" 200 1289687
192.168.10.89 - - [11/Mar/2016:09:23:45 -0300] "POST /cormun/servlet/trsolicitudot?a980829c16931bdb8dedc99ff9eb7027,,gx-no-cache=1457698772191 HTTP/1.1" 200 104
192.168.10.89 - - [11/Mar/2016:09:23:45 -0300] "GET /cormun/servlet/solicitudot?UPD,2016,801, HTTP/1.1" 200 12676
186.103.159.46 - - [11/Mar/2016:09:23:45 -0300] "GET /cormun/static/Resources/indicator.gif HTTP/1.1" 200 1553
186.103.159.46 - - [11/Mar/2016:09:23:45 -0300] "GET /cormun/servlet/hhome HTTP/1.1" 200 3241
186.103.159.46 - - [11/Mar/2016:09:23:45 -0300] "GET /cormun/servlet/hlogin HTTP/1.1" 200 1734
186.103.159.46 - - [11/Mar/2016:09:23:45 -0300] "GET /cormun/static/hlogin.js?20151120045126 HTTP/1.1" 200 2136
186.103.159.46 - - [11/Mar/2016:09:23:45 -0300] "GET /cormun/static/gxcfg.js?20151120045111 HTTP/1.1" 200 953
186.103.159.46 - - [11/Mar/2016:09:23:45 -0300] "GET /cormun/static/Resources/ComunLogin.png HTTP/1.1" 200 17326
186.103.159.46 - - [11/Mar/2016:09:23:46 -0300] "GET /cormun/static/Resources/Spanish/PXTools.css?005343 HTTP/1.1" 200 89042
186.103.159.46 - - [11/Mar/2016:09:23:46 -0300] "GET /cormun/static/Resources/PXToolsLoginTop.png HTTP/1.1" 200 1337
186.103.159.46 - - [11/Mar/2016:09:23:46 -0300] "GET /cormun/static/Resources/PXToolsLoginBackground.png HTTP/1.1" 200 1164
186.103.159.46 - - [11/Mar/2016:09:23:46 -0300] "GET /cormun/static/Resources/PXToolsButtonLeft21.png HTTP/1.1" 200 1287
186.103.159.46 - - [11/Mar/2016:09:23:46 -0300] "GET /cormun/static/Resources/PXToolsButtonRight21.png HTTP/1.1" 200 1283
186.103.159.46 - - [11/Mar/2016:09:23:46 -0300] "GET /cormun/static/Resources/PXToolsButtonBackground2.png HTTP/1.1" 200 1181
186.103.159.46 - - [11/Mar/2016:09:23:46 -0300] "GET /cormun/static/Resources/PXToolsLoginBottom.png HTTP/1.1" 200 1389
186.103.159.46 - - [11/Mar/2016:09:23:46 -0300] "GET /favicon.ico HTTP/1.1" 200 21630
192.168.10.89 - - [11/Mar/2016:09:23:46 -0300] "POST /cormun/servlet/solicitudot?gx-no-cache=1457698775788 HTTP/1.1" 200 2734
192.168.10.89 - - [11/Mar/2016:09:23:46 -0300] "POST /cormun/servlet/solicitudot?a980829c16931bdb8dedc99ff9eb7027,UPD,2016,801,,gx-no-cache=1457698775929 HTTP/1.1" 200 9050
192.168.10.89 - - [11/Mar/2016:09:23:46 -0300] "GET /cormun/servlet/solicitudot?67e7c251dedc92983fc7c36424a43bd14326fdf7e2549d456039e579aeb32b26091f0387b6098a8189bded0fbba02c2c,gx-no-cache=1457698776162 HTTP/1.1" 200 30
192.168.10.89 - - [11/Mar/2016:09:23:46 -0300] "POST /cormun/servlet/solicitudot?gx-no-cache=1457698776230 HTTP/1.1" 200 30
192.168.10.89 - - [11/Mar/2016:09:23:47 -0300] "POST /cormun/servlet/solicitudot?gx-no-cache=1457698776248 HTTP/1.1" 200 30
192.168.10.89 - - [11/Mar/2016:09:23:47 -0300] "POST /cormun/servlet/solicitudot?gx-no-cache=1457698776285 HTTP/1.1" 200 1169
192.168.10.89 - - [11/Mar/2016:09:23:47 -0300] "GET /cormun/servlet/solicitudot?67e7c251dedc92983fc7c36424a43bd16adf25c1b13bb096c145f05ebf759ed7a4e29d73bf81e084f3dd43e55e76cf87eff6cc4e33070d03b2bcba2fc7e71efbf9d5e9d31ef74ab556c1e457d87710d15835d1aa18132a1c5dc77227ab261890e4565aed59938421f9332cd6c57a5c4519a1cd3dc61a42b8d544ec7665368b88238f97b7ccaae1d89c92d9ff1688219b7c037802bd938344f6727094d7fe8adb,gx-no-cache=1457698776381 HTTP/1.1" 200 41
186.103.159.230 - - [11/Mar/2016:09:23:48 -0300] "GET /cormun/servlet/trsolicitudot HTTP/1.1" 200 7510
186.103.159.230 - - [11/Mar/2016:09:23:49 -0300] "GET /cormun/servlet/trsolicitudot HTTP/1.1" 200 7507
186.103.156.166 - - [11/Mar/2016:09:23:50 -0300] "POST /cormun/servlet/hlogin?f5e2f3c6dc0a6fc71a675a17fd8d138f,gx-no-cache=1457699065043 HTTP/1.1" 200 90
186.103.156.166 - - [11/Mar/2016:09:23:50 -0300] "GET /cormun/servlet/hpexe_link HTTP/1.1" 200 948
192.168.10.89 - - [11/Mar/2016:09:23:50 -0300] "POST /cormun/servlet/solicitudot?gx-no-cache=1457698779890 HTTP/1.1" 200 30
186.103.156.166 - - [11/Mar/2016:09:23:50 -0300] "GET /cormun/servlet/hhome HTTP/1.1" 200 3471
186.103.156.166 - - [11/Mar/2016:09:23:51 -0300] "GET /cormun/servlet/hhome HTTP/1.1" 200 3468
192.168.10.89 - - [11/Mar/2016:09:23:52 -0300] "GET /cormun/servlet/prcontratosol?17521323,,,,,MD,,gxPopupLevel%3D0%3B HTTP/1.1" 200 5383
192.168.10.89 - - [11/Mar/2016:09:23:54 -0300] "POST /cormun/servlet/solicitudot?gx-no-cache=1457698783341 HTTP/1.1" 200 1169
192.168.10.89 - - [11/Mar/2016:09:23:54 -0300] "GET /cormun/servlet/solicitudot?67e7c251dedc92983fc7c36424a43bd16adf25c1b13bb096c145f05ebf759ed7a4e29d73bf81e084f3dd43e55e76cf87eff6cc4e33070d03b2bcba2fc7e71efbf9d5e9d31ef74ab556c1e457d87710d15835d1aa18132a1c5dc77227ab261890e4565aed59938421f9332cd6c57a5c4519a1cd3dc61a42b8d544ec7665368b88238f97b7ccaae1d89c92d9ff1688219b7c037802bd938344f6727094d7fe8adb,gx-no-cache=1457698783438 HTTP/1.1" 200 41
192.168.10.89 - - [11/Mar/2016:09:23:54 -0300] "GET /cormun/servlet/solicitudot?67e7c251dedc92983fc7c36424a43bd1ba3c07d50c371233c908e04b94d3c5aaf4409b4dbeacf6dc049b3da946f8fec791d095ad6ec228fd2cb1664b1b75bcc65491c782a5de2d335ecb322652fff7aca483eae5d8050e72f15d3e39203556d5850bd4c886d356c199bd0b3eb73f5ebf2d80c13dc9f5f02bae5b4799f64a582edd364117dd8807152d96602ba885f4f8bbb38bb8265c4c0a4df6c902a461612d,gx-no-cache=1457698783464 HTTP/1.1" 200 29
192.168.10.89 - - [11/Mar/2016:09:23:54 -0300] "POST /cormun/servlet/solicitudot?gx-no-cache=1457698783488 HTTP/1.1" 200 1127
192.168.10.89 - - [11/Mar/2016:09:23:55 -0300] "GET /cormun/servlet/prsolicitudot?17521323,,,,,MD,,gxPopupLevel%3D0%3B HTTP/1.1" 200 5403
192.168.10.89 - - [11/Mar/2016:09:23:59 -0300] "GET /cormun/servlet/prpersonalsolicitud?17521323,,,,,MD,,gxPopupLevel%3D0%3B HTTP/1.1" 200 5407
186.103.159.230 - - [11/Mar/2016:09:24:01 -0300] "POST /cormun/servlet/trsolicitudot?8d1b2cf19fd05ebc29eb562064229d1e,gx-no-cache=1457699066261 HTTP/1.1" 200 4946
186.103.159.230 - - [11/Mar/2016:09:24:02 -0300] "POST /cormun/servlet/trsolicitudot?8d1b2cf19fd05ebc29eb562064229d1e,gx-no-cache=1457699066454 HTTP/1.1" 200 4947
186.103.159.230 - - [11/Mar/2016:09:24:02 -0300] "POST /cormun/servlet/trsolicitudot?8d1b2cf19fd05ebc29eb562064229d1e,gx-no-cache=1457699066588 HTTP/1.1" 200 4946
186.103.156.166 - - [11/Mar/2016:09:24:02 -0300] "GET /cormun/servlet/trautorizarsolicitud? HTTP/1.1" 200 7472
186.103.156.166 - - [11/Mar/2016:09:24:02 -0300] "GET /cormun/static/gxcfg.js?20163219504791 HTTP/1.1" 200 953
186.103.159.230 - - [11/Mar/2016:09:24:02 -0300] "POST /cormun/servlet/trsolicitudot?8d1b2cf19fd05ebc29eb562064229d1e,gx-no-cache=1457699066718 HTTP/1.1" 200 4946
186.103.156.166 - - [11/Mar/2016:09:24:02 -0300] "GET /cormun/static/trautorizarsolicitud.js?20163219505323 HTTP/1.1" 200 45302
186.103.156.166 - - [11/Mar/2016:09:24:02 -0300] "GET /cormun/static/Resources/Spanish/PXTools.css?19444614 HTTP/1.1" 200 89042
186.103.159.230 - - [11/Mar/2016:09:24:02 -0300] "POST /cormun/servlet/trsolicitudot?8d1b2cf19fd05ebc29eb562064229d1e,gx-no-cache=1457699066862 HTTP/1.1" 200 4947
186.103.159.230 - - [11/Mar/2016:09:24:02 -0300] "POST /cormun/servlet/trsolicitudot?8d1b2cf19fd05ebc29eb562064229d1e,gx-no-cache=1457699067011 HTTP/1.1" 200 4946
186.103.159.230 - - [11/Mar/2016:09:24:02 -0300] "POST /cormun/servlet/trsolicitudot?8d1b2cf19fd05ebc29eb562064229d1e,gx-no-cache=1457699067147 HTTP/1.1" 200 4946
186.103.159.230 - - [11/Mar/2016:09:24:02 -0300] "POST /cormun/servlet/trsolicitudot?8d1b2cf19fd05ebc29eb562064229d1e,gx-no-cache=1457699067299 HTTP/1.1" 200 3639
186.103.159.230 - - [11/Mar/2016:09:24:02 -0300] "GET /cormun/static/Shared/jqueryui/images/ui-bg_highlight-soft_100_c6c2c8_1x100.png HTTP/1.1" 404 1117
186.103.159.230 - - [11/Mar/2016:09:24:02 -0300] "GET /cormun/static/Shared/jqueryui/images/ui-icons_82798d_256x240.png HTTP/1.1" 404 1089
186.103.159.230 - - [11/Mar/2016:09:24:02 -0300] "GET /cormun/static/Shared/jqueryui/images/ui-bg_flat_55_fafafa_40x100.png HTTP/1.1" 404 1097
186.103.159.230 - - [11/Mar/2016:09:24:02 -0300] "GET /cormun/static/Shared/jqueryui/images/ui-icons_8d78a5_256x240.png HTTP/1.1" 404 1089
186.103.159.230 - - [11/Mar/2016:09:24:03 -0300] "POST /cormun/servlet/trsolicitudot?8d1b2cf19fd05ebc29eb562064229d1e,gx-no-cache=1457699067451 HTTP/1.1" 200 3478
186.103.156.166 - - [11/Mar/2016:09:24:03 -0300] "GET /cormun/servlet/trautorizarsolicitud? HTTP/1.1" 200 7471
192.168.10.89 - - [11/Mar/2016:09:24:04 -0300] "POST /cormun/servlet/solicitudot?a980829c16931bdb8dedc99ff9eb7027,UPD,2016,801,,gx-no-cache=1457698793227 HTTP/1.1" 200 93
192.168.10.89 - - [11/Mar/2016:09:24:04 -0300] "GET /cormun/servlet/hpexe_return? HTTP/1.1" 200 1010
192.168.10.89 - - [11/Mar/2016:09:24:04 -0300] "GET /cormun/servlet/trsolicitudot? HTTP/1.1" 200 7564
186.103.159.230 - - [11/Mar/2016:09:24:09 -0300] "GET /cormun/servlet/trautorizarsolicitud? HTTP/1.1" 200 7457
186.103.159.230 - - [11/Mar/2016:09:24:09 -0300] "GET /cormun/servlet/trautorizarsolicitud? HTTP/1.1" 200 7457
186.103.248.189 - - [11/Mar/2016:09:24:10 -0300] "POST /cormun/servlet/solicitudot?gx-no-cache=1457699078596 HTTP/1.1" 200 30
186.103.248.189 - - [11/Mar/2016:09:24:13 -0300] "POST /cormun/servlet/solicitudot?gx-no-cache=1457699081163 HTTP/1.1" 200 30
