186.78.36.96 - - [10/Mar/2016:15:18:41 -0300] "GET /cormun/servlet/solicitudot?INS,0,0, HTTP/1.1" 200 11449
186.78.36.96 - - [10/Mar/2016:15:19:07 -0300] "POST /cormun/servlet/solicitudot?gx-no-cache=1457638023207 HTTP/1.1" 200 2770
186.78.36.96 - - [10/Mar/2016:15:19:08 -0300] "POST /cormun/servlet/solicitudot?6d725487209d07ee2a886a4e8ace3d21,INS,0,0,,gx-no-cache=1457638023601 HTTP/1.1" 200 8371
186.78.36.96 - - [10/Mar/2016:15:19:36 -0300] "GET /cormun/servlet/solicitudot?f8a63546669030b76096a643ac98ccbe8283e7ab97279c927b6095eb5a51b367fada02ef970d0a77fed3a446aba8b233,gx-no-cache=1457638055079 HTTP/1.1" 200 30
186.78.36.96 - - [10/Mar/2016:15:19:36 -0300] "POST /cormun/servlet/solicitudot?gx-no-cache=1457638055290 HTTP/1.1" 200 30
186.78.36.96 - - [10/Mar/2016:15:19:46 -0300] "POST /cormun/servlet/solicitudot?gx-no-cache=1457638065719 HTTP/1.1" 200 122
186.78.36.96 - - [10/Mar/2016:15:19:46 -0300] "GET /cormun/static/Shared/jqueryui/images/ui-bg_highlight-soft_100_c6c2c8_1x100.png HTTP/1.1" 404 1117
186.78.36.96 - - [10/Mar/2016:15:19:46 -0300] "GET /cormun/static/Shared/jqueryui/images/ui-icons_82798d_256x240.png HTTP/1.1" 404 1089
186.78.36.96 - - [10/Mar/2016:15:19:46 -0300] "GET /cormun/static/Shared/jqueryui/images/ui-bg_flat_55_fafafa_40x100.png HTTP/1.1" 404 1097
186.78.36.96 - - [10/Mar/2016:15:19:49 -0300] "GET /cormun/static/Shared/jqueryui/images/ui-icons_8d78a5_256x240.png HTTP/1.1" 404 1089
186.78.36.96 - - [10/Mar/2016:15:20:12 -0300] "POST /cormun/servlet/solicitudot?gx-no-cache=1457638095000 HTTP/1.1" 200 30
186.78.36.96 - - [10/Mar/2016:15:20:34 -0300] "POST /cormun/servlet/solicitudot?gx-no-cache=1457638118334 HTTP/1.1" 200 122
186.78.36.96 - - [10/Mar/2016:15:20:39 -0300] "POST /cormun/servlet/solicitudot?gx-no-cache=1457638124866 HTTP/1.1" 200 30
186.78.36.96 - - [10/Mar/2016:15:20:49 -0300] "GET /cormun/servlet/prpersonalsolicitud?17526658,,,,,MD,,gxPopupLevel%3D0%3B HTTP/1.1" 200 5396
186.78.36.96 - - [10/Mar/2016:15:20:49 -0300] "GET /cormun/static/Resources/Spanish/PXTools.css?171692 HTTP/1.1" 304 -
186.78.36.96 - - [10/Mar/2016:15:20:49 -0300] "GET /cormun/static/gxcfg.js?20163117361395 HTTP/1.1" 304 -
186.78.36.96 - - [10/Mar/2016:15:20:49 -0300] "GET /cormun/static/prpersonalsolicitud.js?20163117361535 HTTP/1.1" 304 -
186.78.36.96 - - [10/Mar/2016:15:20:49 -0300] "GET /cormun/static/menusearch.js?20163219454787 HTTP/1.1" 304 -
186.78.36.96 - - [10/Mar/2016:15:20:49 -0300] "GET /cormun/static/hmpwkw011.js?20163117201773 HTTP/1.1" 304 -
186.78.36.96 - - [10/Mar/2016:15:20:52 -0300] "POST /cormun/servlet/solicitudot?gx-no-cache=1457638138433 HTTP/1.1" 200 452
186.78.36.96 - - [10/Mar/2016:15:20:52 -0300] "GET /cormun/servlet/solicitudot?f8a63546669030b76096a643ac98ccbe9b01877ebb6a9b6632f5127c8695ea72d7b1181cfa4fddac5389df1c69c60b0288ab047f1e1bed244337f459c5cf00a182d8df02b87b16b9bc7cd7b4962d7579eb294e502bff8f9fb44e6cb82010efe73df6af6de15477cb766afbea0522c79f156961132073e16ca6c03a410e7d3c98a6d0345723559d1561b3c3fa965db3b0,gx-no-cache=1457638138558 HTTP/1.1" 200 38
186.78.36.96 - - [10/Mar/2016:15:20:52 -0300] "GET /cormun/servlet/solicitudot?f8a63546669030b76096a643ac98ccbe9370daf2f04ddb075d99d3355b7a7b9811dd95e57e0105c681505e63cd9eed9a37426e641f9d8015fb441f09f33e51f25da372c8354e2ff85342b1c7fde661091fdbaa01a90cbfcfdf0dab6a117f9d4c00c2e98f09c0620cfff1f647ff70a16c,gx-no-cache=1457638138626 HTTP/1.1" 200 29
186.78.36.96 - - [10/Mar/2016:15:20:52 -0300] "POST /cormun/servlet/solicitudot?gx-no-cache=1457638138699 HTTP/1.1" 200 404
186.78.36.96 - - [10/Mar/2016:15:21:00 -0300] "GET /cormun/servlet/prsolicitudot?17526658,,,,,MD,,gxPopupLevel%3D0%3B HTTP/1.1" 200 5391
186.78.36.96 - - [10/Mar/2016:15:21:00 -0300] "GET /cormun/static/gxcfg.js?20163117275193 HTTP/1.1" 304 -
186.78.36.96 - - [10/Mar/2016:15:21:00 -0300] "GET /cormun/static/prsolicitudot.js?20163117275348 HTTP/1.1" 304 -
186.78.36.96 - - [10/Mar/2016:15:21:06 -0300] "GET /cormun/servlet/prpersonalsolicitud?17526658,,,,,MD,,gxPopupLevel%3D0%3B HTTP/1.1" 200 5396
192.168.10.89 - - [10/Mar/2016:15:24:11 -0300] "POST /cormun/servlet/trsolicitudot?8492c22cbd4c039c1cec493a49ffebb4,,gx-no-cache=1457634000856 HTTP/1.1" 200 9297
192.168.10.89 - - [10/Mar/2016:15:24:12 -0300] "POST /cormun/servlet/trsolicitudot?8492c22cbd4c039c1cec493a49ffebb4,,gx-no-cache=1457634001511 HTTP/1.1" 200 9295
186.78.36.96 - - [10/Mar/2016:15:24:12 -0300] "POST /cormun/servlet/solicitudot?6d725487209d07ee2a886a4e8ace3d21,INS,0,0,,gx-no-cache=1457638355564 HTTP/1.1" 200 93
186.78.36.96 - - [10/Mar/2016:15:24:12 -0300] "GET /cormun/servlet/hpexe_return? HTTP/1.1" 200 1009
186.78.36.96 - - [10/Mar/2016:15:24:12 -0300] "GET /cormun/static/Resources/Spanish/PXTools.css?12112540 HTTP/1.1" 304 -
186.78.36.96 - - [10/Mar/2016:15:24:12 -0300] "GET /cormun/static/gxcfg.js?2015111312145050 HTTP/1.1" 304 -
192.168.10.89 - - [10/Mar/2016:15:24:12 -0300] "POST /cormun/servlet/trsolicitudot?8492c22cbd4c039c1cec493a49ffebb4,,gx-no-cache=1457634002336 HTTP/1.1" 200 9297
192.168.10.89 - - [10/Mar/2016:15:24:13 -0300] "POST /cormun/servlet/trsolicitudot?8492c22cbd4c039c1cec493a49ffebb4,,gx-no-cache=1457634003239 HTTP/1.1" 200 9297
192.168.10.89 - - [10/Mar/2016:15:24:14 -0300] "POST /cormun/servlet/trsolicitudot?8492c22cbd4c039c1cec493a49ffebb4,,gx-no-cache=1457634004313 HTTP/1.1" 200 9295
186.78.36.96 - - [10/Mar/2016:15:24:15 -0300] "GET /cormun/static/hpexe_return.js?2015111312145056 HTTP/1.1" 304 -
186.78.36.96 - - [10/Mar/2016:15:24:15 -0300] "GET /cormun/servlet/trsolicitudot? HTTP/1.1" 200 6215
192.168.10.89 - - [10/Mar/2016:15:24:16 -0300] "POST /cormun/servlet/trsolicitudot?8492c22cbd4c039c1cec493a49ffebb4,,gx-no-cache=1457634005492 HTTP/1.1" 200 9296
186.78.36.96 - - [10/Mar/2016:15:24:16 -0300] "GET /cormun/servlet/trsolicitudot? HTTP/1.1" 200 6212
192.168.10.89 - - [10/Mar/2016:15:24:17 -0300] "POST /cormun/servlet/trsolicitudot?8492c22cbd4c039c1cec493a49ffebb4,,gx-no-cache=1457634006793 HTTP/1.1" 200 9297
186.78.36.96 - - [10/Mar/2016:15:24:18 -0300] "POST /cormun/servlet/trsolicitudot?6d725487209d07ee2a886a4e8ace3d21,,gx-no-cache=1457638362065 HTTP/1.1" 200 3495
186.78.36.96 - - [10/Mar/2016:15:24:18 -0300] "POST /cormun/servlet/trsolicitudot?6d725487209d07ee2a886a4e8ace3d21,,gx-no-cache=1457638362419 HTTP/1.1" 200 3495
186.78.36.96 - - [10/Mar/2016:15:24:19 -0300] "POST /cormun/servlet/trsolicitudot?6d725487209d07ee2a886a4e8ace3d21,,gx-no-cache=1457638362762 HTTP/1.1" 200 3494
186.78.36.96 - - [10/Mar/2016:15:24:23 -0300] "POST /cormun/servlet/trsolicitudot?6d725487209d07ee2a886a4e8ace3d21,,gx-no-cache=1457638367325 HTTP/1.1" 200 3496
192.168.10.89 - - [10/Mar/2016:15:24:26 -0300] "POST /cormun/servlet/trsolicitudot?8492c22cbd4c039c1cec493a49ffebb4,,gx-no-cache=1457634008227 HTTP/1.1" 200 105
192.168.10.89 - - [10/Mar/2016:15:24:26 -0300] "GET /cormun/servlet/trsolicitudadjuntos?2016,231, HTTP/1.1" 200 7901
186.78.36.96 - - [10/Mar/2016:15:24:31 -0300] "GET /cormun/servlet/trsolicitudot?a1aec100684f4c2d92cca38819c0352b7fcffd5dbead25f914bbc51f2a1b68a836e579a4ab93ae3b7e4f3f74606f359bd0bb69d5f46e42bb1fdf2a73769796863445348a96149adf3d188fa6103de783d21d160e36143b5fd754c545185c01f7,gx-no-cache=1457638376753 HTTP/1.1" 200 764
186.78.36.96 - - [10/Mar/2016:15:24:33 -0300] "POST /cormun/servlet/trsolicitudot?6d725487209d07ee2a886a4e8ace3d21,,gx-no-cache=1457638377986 HTTP/1.1" 200 3497
186.78.36.96 - - [10/Mar/2016:15:24:35 -0300] "GET /cormun/servlet/trsolicitudot?a1aec100684f4c2d92cca38819c0352b7fcffd5dbead25f914bbc51f2a1b68a8fe390f7d7b46532ce7e31082887652e9a6261fa6b0673959bb19be4a8b3573d9a452ab2482e037d802f7fc2248527d8b7bf177565ce95b84157837fcfb4cd443,gx-no-cache=1457638380917 HTTP/1.1" 200 765
186.78.39.143 - - [10/Mar/2016:15:24:36 -0300] "GET /cormun/servlet/hlogin HTTP/1.1" 200 1730
186.78.36.96 - - [10/Mar/2016:15:24:38 -0300] "GET /cormun/servlet/solicitudot?INS,0,0, HTTP/1.1" 200 11443
186.78.36.96 - - [10/Mar/2016:15:24:38 -0300] "GET /cormun/servlet/solicitudot?INS,0,0, HTTP/1.1" 200 11447
192.168.10.89 - - [10/Mar/2016:15:24:45 -0300] "GET /cormun/servlet/trsolicitudot? HTTP/1.1" 200 11666
186.78.39.143 - - [10/Mar/2016:15:24:50 -0300] "GET /cormun/servlet/hlogin HTTP/1.1" 200 1730
192.168.10.89 - - [10/Mar/2016:15:24:50 -0300] "POST /cormun/servlet/trsolicitudot?8492c22cbd4c039c1cec493a49ffebb4,,gx-no-cache=1457634040095 HTTP/1.1" 200 9297
192.168.10.89 - - [10/Mar/2016:15:24:51 -0300] "POST /cormun/servlet/trsolicitudot?8492c22cbd4c039c1cec493a49ffebb4,,gx-no-cache=1457634040749 HTTP/1.1" 200 9296
192.168.10.89 - - [10/Mar/2016:15:24:52 -0300] "POST /cormun/servlet/trsolicitudot?8492c22cbd4c039c1cec493a49ffebb4,,gx-no-cache=1457634041526 HTTP/1.1" 200 9296
186.78.39.143 - - [10/Mar/2016:15:24:52 -0300] "POST /cormun/servlet/hlogin?818edcd284f5290f4e1086995a7443d5,gx-no-cache=1457634257282 HTTP/1.1" 200 90
186.78.39.143 - - [10/Mar/2016:15:24:52 -0300] "GET /cormun/servlet/hpexe_link HTTP/1.1" 200 956
186.78.39.143 - - [10/Mar/2016:15:24:52 -0300] "GET /cormun/servlet/hhome HTTP/1.1" 200 3477
186.78.39.143 - - [10/Mar/2016:15:24:52 -0300] "GET /cormun/static/Resources/logo4.png HTTP/1.1" 304 -
192.168.10.89 - - [10/Mar/2016:15:24:53 -0300] "POST /cormun/servlet/trsolicitudot?8492c22cbd4c039c1cec493a49ffebb4,,gx-no-cache=1457634042426 HTTP/1.1" 200 9296
186.78.39.143 - - [10/Mar/2016:15:24:53 -0300] "GET /cormun/static/Resources/PXToolsFooterBackground2.png HTTP/1.1" 304 -
186.78.39.143 - - [10/Mar/2016:15:24:53 -0300] "GET /cormun/static/Resources/PXToolsHeaderBackground2.png HTTP/1.1" 304 -
186.78.39.143 - - [10/Mar/2016:15:24:53 -0300] "GET /cormun/servlet/hhome HTTP/1.1" 200 3474
192.168.10.89 - - [10/Mar/2016:15:24:54 -0300] "POST /cormun/servlet/trsolicitudot?8492c22cbd4c039c1cec493a49ffebb4,,gx-no-cache=1457634043456 HTTP/1.1" 200 9296
192.168.10.89 - - [10/Mar/2016:15:24:55 -0300] "POST /cormun/servlet/trsolicitudot?8492c22cbd4c039c1cec493a49ffebb4,,gx-no-cache=1457634044620 HTTP/1.1" 200 9297
192.168.10.89 - - [10/Mar/2016:15:24:56 -0300] "POST /cormun/servlet/trsolicitudot?8492c22cbd4c039c1cec493a49ffebb4,,gx-no-cache=1457634045943 HTTP/1.1" 200 9296
186.78.39.143 - - [10/Mar/2016:15:24:58 -0300] "GET /cormun/servlet/trvisualizadoreventos? HTTP/1.1" 200 5993
186.78.39.143 - - [10/Mar/2016:15:24:58 -0300] "GET /cormun/static/Resources/Spanish/PXTools.css?17554516 HTTP/1.1" 304 -
186.78.39.143 - - [10/Mar/2016:15:24:58 -0300] "GET /cormun/static/gxcfg.js?2016251828014 HTTP/1.1" 304 -
186.78.39.143 - - [10/Mar/2016:15:24:58 -0300] "GET /cormun/static/trvisualizadoreventos.js?2016251828276 HTTP/1.1" 304 -
186.78.39.143 - - [10/Mar/2016:15:24:59 -0300] "GET /cormun/servlet/trvisualizadoreventos? HTTP/1.1" 200 5993
186.78.39.143 - - [10/Mar/2016:15:25:01 -0300] "GET /cormun/servlet/trautorizarsolicitud? HTTP/1.1" 200 6179
186.78.39.143 - - [10/Mar/2016:15:25:02 -0300] "GET /cormun/servlet/trautorizarsolicitud? HTTP/1.1" 200 6179
192.168.10.89 - - [10/Mar/2016:15:25:05 -0300] "POST /cormun/servlet/trsolicitudot?8492c22cbd4c039c1cec493a49ffebb4,,gx-no-cache=1457634047402 HTTP/1.1" 200 105
192.168.10.89 - - [10/Mar/2016:15:25:05 -0300] "GET /cormun/servlet/trsolicitudadjuntos?2016,230, HTTP/1.1" 200 7889
186.78.36.96 - - [10/Mar/2016:15:25:09 -0300] "POST /cormun/servlet/solicitudot?gx-no-cache=1457638417373 HTTP/1.1" 200 2668
186.78.36.96 - - [10/Mar/2016:15:25:09 -0300] "POST /cormun/servlet/solicitudot?6d725487209d07ee2a886a4e8ace3d21,INS,0,0,,gx-no-cache=1457638417755 HTTP/1.1" 200 8263
192.168.10.89 - - [10/Mar/2016:15:25:11 -0300] "GET /cormun/servlet/trsolicitudot? HTTP/1.1" 200 11666
186.78.36.96 - - [10/Mar/2016:15:25:15 -0300] "GET /cormun/servlet/solicitudot?f8a63546669030b76096a643ac98ccbe138d42bf30441b8170798af27e257649fada02ef970d0a77fed3a446aba8b233,gx-no-cache=1457638424566 HTTP/1.1" 200 30
192.168.10.89 - - [10/Mar/2016:15:25:16 -0300] "POST /cormun/servlet/trsolicitudot?8492c22cbd4c039c1cec493a49ffebb4,,gx-no-cache=1457634066187 HTTP/1.1" 200 9296
192.168.10.89 - - [10/Mar/2016:15:25:17 -0300] "POST /cormun/servlet/trsolicitudot?8492c22cbd4c039c1cec493a49ffebb4,,gx-no-cache=1457634066845 HTTP/1.1" 200 9297
192.168.10.89 - - [10/Mar/2016:15:25:18 -0300] "POST /cormun/servlet/trsolicitudot?8492c22cbd4c039c1cec493a49ffebb4,,gx-no-cache=1457634067618 HTTP/1.1" 200 9296
192.168.10.89 - - [10/Mar/2016:15:25:19 -0300] "POST /cormun/servlet/trsolicitudot?8492c22cbd4c039c1cec493a49ffebb4,,gx-no-cache=1457634068530 HTTP/1.1" 200 9296
192.168.10.89 - - [10/Mar/2016:15:25:20 -0300] "POST /cormun/servlet/trsolicitudot?8492c22cbd4c039c1cec493a49ffebb4,,gx-no-cache=1457634069553 HTTP/1.1" 200 9297
192.168.10.89 - - [10/Mar/2016:15:25:21 -0300] "POST /cormun/servlet/trsolicitudot?8492c22cbd4c039c1cec493a49ffebb4,,gx-no-cache=1457634070726 HTTP/1.1" 200 9296
192.168.10.89 - - [10/Mar/2016:15:25:22 -0300] "POST /cormun/servlet/trsolicitudot?8492c22cbd4c039c1cec493a49ffebb4,,gx-no-cache=1457634072058 HTTP/1.1" 200 9297
115.231.222.40 - - [10/Mar/2016:15:25:29 -0300] "GET /cgi-bin/common/attr?id=260714&r=0.9585523038339173 HTTP/1.1" 404 999
192.168.10.89 - - [10/Mar/2016:15:25:31 -0300] "POST /cormun/servlet/trsolicitudot?8492c22cbd4c039c1cec493a49ffebb4,,gx-no-cache=1457634073515 HTTP/1.1" 200 105
192.168.10.89 - - [10/Mar/2016:15:25:32 -0300] "GET /cormun/servlet/trsolicitudadjuntos?2016,228, HTTP/1.1" 200 7994
192.168.10.89 - - [10/Mar/2016:15:25:57 -0300] "GET /cormun/servlet/trsolicitudot? HTTP/1.1" 200 11666
192.168.10.98 - - [10/Mar/2016:15:26:16 -0300] "GET /cormun/servlet/trsolicitudot? HTTP/1.1" 200 5819
192.168.10.98 - - [10/Mar/2016:15:26:17 -0300] "GET /cormun/servlet/hlogin HTTP/1.1" 200 1736
192.168.10.98 - - [10/Mar/2016:15:26:17 -0300] "GET /cormun/servlet/trsolicitudot? HTTP/1.1" 200 5818
192.168.10.98 - - [10/Mar/2016:15:26:38 -0300] "POST /cormun/servlet/hlogin?f24940ecbf8f3746ad993e4b1296e48b,gx-no-cache=1457634148401 HTTP/1.1" 200 90
192.168.10.98 - - [10/Mar/2016:15:26:38 -0300] "GET /cormun/servlet/hpexe_link HTTP/1.1" 200 953
192.168.10.98 - - [10/Mar/2016:15:26:39 -0300] "GET /cormun/servlet/hhome HTTP/1.1" 200 3459
192.168.10.98 - - [10/Mar/2016:15:26:39 -0300] "GET /cormun/servlet/hhome HTTP/1.1" 200 3456
192.168.10.98 - - [10/Mar/2016:15:26:55 -0300] "GET /cormun/servlet/trsolicitudot? HTTP/1.1" 200 6223
192.168.10.98 - - [10/Mar/2016:15:26:55 -0300] "GET /cormun/servlet/trsolicitudot? HTTP/1.1" 200 6222
192.168.10.98 - - [10/Mar/2016:15:26:58 -0300] "GET /cormun/servlet/solicitudot?INS,0,0, HTTP/1.1" 200 11461
192.168.10.98 - - [10/Mar/2016:15:26:59 -0300] "GET /cormun/servlet/solicitudot?INS,0,0, HTTP/1.1" 200 11466
192.168.10.98 - - [10/Mar/2016:15:27:07 -0300] "POST /cormun/servlet/solicitudot?gx-no-cache=1457634176899 HTTP/1.1" 200 2782
192.168.10.98 - - [10/Mar/2016:15:27:07 -0300] "POST /cormun/servlet/solicitudot?f24940ecbf8f3746ad993e4b1296e48b,INS,0,0,,gx-no-cache=1457634177046 HTTP/1.1" 200 8404
186.78.36.96 - - [10/Mar/2016:15:27:14 -0300] "POST /cormun/servlet/solicitudot?gx-no-cache=1457638555323 HTTP/1.1" 200 120
186.78.36.96 - - [10/Mar/2016:15:27:14 -0300] "GET /cormun/static/Shared/jqueryui/images/ui-bg_highlight-soft_100_c6c2c8_1x100.png HTTP/1.1" 404 1117
186.78.36.96 - - [10/Mar/2016:15:27:14 -0300] "GET /cormun/static/Shared/jqueryui/images/ui-icons_82798d_256x240.png HTTP/1.1" 404 1089
186.78.36.96 - - [10/Mar/2016:15:27:14 -0300] "GET /cormun/static/Shared/jqueryui/images/ui-bg_flat_55_994d53_40x100.png HTTP/1.1" 404 1097
186.78.36.96 - - [10/Mar/2016:15:27:14 -0300] "GET /cormun/static/Shared/jqueryui/images/ui-icons_ebccce_256x240.png HTTP/1.1" 404 1089
192.168.10.98 - - [10/Mar/2016:15:27:17 -0300] "GET /cormun/servlet/solicitudot?491506893c9d657ef7400a5be6fed95fe7571bef871b6200ae1a3ae59031f2f38cd23f38121ffc16d342e26e8674a2d6,gx-no-cache=1457634186789 HTTP/1.1" 200 30
192.168.10.98 - - [10/Mar/2016:15:27:17 -0300] "POST /cormun/servlet/solicitudot?gx-no-cache=1457634186846 HTTP/1.1" 200 30
192.168.10.98 - - [10/Mar/2016:15:27:21 -0300] "POST /cormun/servlet/solicitudot?gx-no-cache=1457634191480 HTTP/1.1" 200 30
186.78.36.96 - - [10/Mar/2016:15:27:23 -0300] "POST /cormun/servlet/solicitudot?gx-no-cache=1457638565325 HTTP/1.1" 200 120
192.168.10.98 - - [10/Mar/2016:15:27:31 -0300] "GET /cormun/servlet/prcontratosol?15991868,,,,,MD,,gxPopupLevel%3D0%3B HTTP/1.1" 200 5392
192.168.10.98 - - [10/Mar/2016:15:27:35 -0300] "POST /cormun/servlet/solicitudot?gx-no-cache=1457634205077 HTTP/1.1" 200 452
192.168.10.98 - - [10/Mar/2016:15:27:35 -0300] "GET /cormun/servlet/solicitudot?491506893c9d657ef7400a5be6fed95f59eac0ce0f02726252793ea7bc36c8e12d1f68120c92d5483ca21a07a6c25f05e828117ed075aec590c865e1009ab7b76f64e50974c93ed64a61fe75bf5d3bc37e9fca58d1c07d94ecbbc294bb8296ded3221eb2aab8d013af5a56c1721025a2efdc3bbacc0c75ff4875908ca2f953bd7284275cb3fc3974f4a576b58bc144c6,gx-no-cache=1457634205113 HTTP/1.1" 200 38
192.168.10.98 - - [10/Mar/2016:15:27:35 -0300] "GET /cormun/servlet/solicitudot?491506893c9d657ef7400a5be6fed95f43a1f86edfdff33e2916c2142c93e86bca2c93f4a809a81247b3c91578946813858ff02933c1f46784f25e25c1d1de28845ee572e0e86fd7a24b1fbb33671b906006d269acb173c652c75437bd5ecc99de8f12a9325d24ebd063e3436e6a6170ad80b27baf3e7a182668e0c7d996355b000a865065f5dfb02a079cfb1801c4765048bacb4cd6aaf1ba660b6e3bb47a49,gx-no-cache=1457634205130 HTTP/1.1" 200 29
192.168.10.98 - - [10/Mar/2016:15:27:35 -0300] "POST /cormun/servlet/solicitudot?gx-no-cache=1457634205146 HTTP/1.1" 200 404
192.168.10.98 - - [10/Mar/2016:15:27:36 -0300] "GET /cormun/servlet/prpersonalsolicitud?15991868,,,,,MD,,gxPopupLevel%3D0%3B HTTP/1.1" 200 5416
192.168.10.98 - - [10/Mar/2016:15:27:36 -0300] "GET /cormun/static/gxcfg.js?20163117361395 HTTP/1.1" 304 -
192.168.10.98 - - [10/Mar/2016:15:27:36 -0300] "GET /cormun/static/prpersonalsolicitud.js?20163117361535 HTTP/1.1" 304 -
192.168.10.98 - - [10/Mar/2016:15:27:40 -0300] "GET /cormun/servlet/prsolicitudot?15991868,,,,,MD,,gxPopupLevel%3D0%3B HTTP/1.1" 200 5412
192.168.10.98 - - [10/Mar/2016:15:27:40 -0300] "GET /cormun/static/gxcfg.js?20163117275193 HTTP/1.1" 304 -
192.168.10.98 - - [10/Mar/2016:15:27:40 -0300] "GET /cormun/static/prsolicitudot.js?20163117275348 HTTP/1.1" 304 -
192.168.10.98 - - [10/Mar/2016:15:27:45 -0300] "GET /cormun/servlet/prcontratosol?15991868,,,,,MD,,gxPopupLevel%3D0%3B HTTP/1.1" 200 5392
192.168.10.98 - - [10/Mar/2016:15:27:51 -0300] "POST /cormun/servlet/solicitudot?gx-no-cache=1457634221182 HTTP/1.1" 200 30
186.78.36.96 - - [10/Mar/2016:15:27:53 -0300] "POST /cormun/servlet/solicitudot?gx-no-cache=1457638527189 HTTP/1.1" 200 30
192.168.10.98 - - [10/Mar/2016:15:27:56 -0300] "POST /cormun/servlet/solicitudot?gx-no-cache=1457634226493 HTTP/1.1" 200 122
192.168.10.98 - - [10/Mar/2016:15:27:57 -0300] "GET /cormun/static/Shared/jqueryui/images/ui-bg_highlight-soft_100_c6c2c8_1x100.png HTTP/1.1" 404 1117
192.168.10.98 - - [10/Mar/2016:15:27:57 -0300] "GET /cormun/static/Shared/jqueryui/images/ui-icons_82798d_256x240.png HTTP/1.1" 404 1089
192.168.10.98 - - [10/Mar/2016:15:27:57 -0300] "GET /cormun/static/Shared/jqueryui/images/ui-icons_8d78a5_256x240.png HTTP/1.1" 404 1089
192.168.10.98 - - [10/Mar/2016:15:27:57 -0300] "GET /cormun/static/Shared/jqueryui/images/ui-bg_flat_55_fafafa_40x100.png HTTP/1.1" 404 1097
186.78.36.96 - - [10/Mar/2016:15:28:01 -0300] "POST /cormun/servlet/solicitudot?gx-no-cache=1457638536427 HTTP/1.1" 200 30
186.78.36.96 - - [10/Mar/2016:15:28:04 -0300] "POST /cormun/servlet/solicitudot?gx-no-cache=1457638538723 HTTP/1.1" 200 452
186.78.36.96 - - [10/Mar/2016:15:28:04 -0300] "GET /cormun/servlet/solicitudot?f8a63546669030b76096a643ac98ccbe9b01877ebb6a9b6632f5127c8695ea72d7b1181cfa4fddac5389df1c69c60b0288ab047f1e1bed244337f459c5cf00a182d8df02b87b16b9bc7cd7b4962d7579eb294e502bff8f9fb44e6cb82010efe73df6af6de15477cb766afbea0522c79f156961132073e16ca6c03a410e7d3c98a6d0345723559d1561b3c3fa965db3b0,gx-no-cache=1457638538869 HTTP/1.1" 200 38
192.168.10.98 - - [10/Mar/2016:15:28:05 -0300] "POST /cormun/servlet/solicitudot?gx-no-cache=1457634235502 HTTP/1.1" 200 30
192.168.10.98 - - [10/Mar/2016:15:28:08 -0300] "POST /cormun/servlet/solicitudot?gx-no-cache=1457634238294 HTTP/1.1" 200 122
192.168.10.98 - - [10/Mar/2016:15:28:17 -0300] "POST /cormun/servlet/solicitudot?gx-no-cache=1457634246652 HTTP/1.1" 200 30
192.168.10.98 - - [10/Mar/2016:15:28:19 -0300] "GET /cormun/servlet/prcontratosol?15991868,,,,,MD,,gxPopupLevel%3D0%3B HTTP/1.1" 200 5392
192.168.10.98 - - [10/Mar/2016:15:28:21 -0300] "POST /cormun/servlet/solicitudot?gx-no-cache=1457634251216 HTTP/1.1" 200 452
192.168.10.98 - - [10/Mar/2016:15:28:21 -0300] "GET /cormun/servlet/solicitudot?491506893c9d657ef7400a5be6fed95f59eac0ce0f02726252793ea7bc36c8e12d1f68120c92d5483ca21a07a6c25f05e828117ed075aec590c865e1009ab7b76f64e50974c93ed64a61fe75bf5d3bc37e9fca58d1c07d94ecbbc294bb8296ded3221eb2aab8d013af5a56c1721025a2efdc3bbacc0c75ff4875908ca2f953bd7284275cb3fc3974f4a576b58bc144c6,gx-no-cache=1457634251254 HTTP/1.1" 200 38
192.168.10.98 - - [10/Mar/2016:15:28:21 -0300] "POST /cormun/servlet/solicitudot?gx-no-cache=1457634251272 HTTP/1.1" 200 404
192.168.10.98 - - [10/Mar/2016:15:28:22 -0300] "GET /cormun/servlet/prpersonalsolicitud?15991868,,,,,MD,,gxPopupLevel%3D0%3B HTTP/1.1" 200 5416
192.168.10.98 - - [10/Mar/2016:15:28:30 -0300] "GET /cormun/servlet/prsolicitudot?15991868,,,,,MD,,gxPopupLevel%3D0%3B HTTP/1.1" 200 5412
192.168.10.98 - - [10/Mar/2016:15:28:49 -0300] "GET /cormun/servlet/prfichaempleado?,MD,,gxPopupLevel%3D0%3B HTTP/1.1" 200 7931
192.168.10.98 - - [10/Mar/2016:15:28:49 -0300] "GET /cormun/static/scaMessage/css/jquery-ui.css?104140 HTTP/1.1" 404 1045
186.78.36.96 - - [10/Mar/2016:15:28:57 -0300] "GET /cormun/servlet/solicitudot?f8a63546669030b76096a643ac98ccbe9370daf2f04ddb075d99d3355b7a7b9811dd95e57e0105c681505e63cd9eed9a37426e641f9d8015fb441f09f33e51f25da372c8354e2ff85342b1c7fde661091fdbaa01a90cbfcfdf0dab6a117f9d4c00c2e98f09c0620cfff1f647ff70a16c,gx-no-cache=1457638597345 HTTP/1.1" 200 29
186.78.36.96 - - [10/Mar/2016:15:28:58 -0300] "POST /cormun/servlet/solicitudot?gx-no-cache=1457638598825 HTTP/1.1" 200 404
186.78.36.96 - - [10/Mar/2016:15:28:58 -0300] "GET /cormun/servlet/solicitudot?f8a63546669030b76096a643ac98ccbe690cd03005aec688790295ee971a12a1a656fec7e4bfe291cf28f92c509003287224a46609d81eba373b4cba5a0e6af2202a61dce9b1efd8fc33271e2488f12dd5d0719cc6d0f26b64ba84c3654c5644ce6f19454c1966c5c9562d5ac7a73d32b647ef3a3b59902d3710f5ed2c42243cd7820786da9bd2d0c2ba6af2539e8a58ec23f2e78be4b23f32268859234b494e,gx-no-cache=1457638598952 HTTP/1.1" 200 30
192.168.10.98 - - [10/Mar/2016:15:29:06 -0300] "GET /cormun/servlet/prfichaempleado?be087afba5e92f56221d9b2884fe561915d8ba7ca3f23b269fc03ea8dc51d23d1620a726af73c4b0a5856ceaf946cc498c769b4813f1b38b2a0942704815ddb9d6f18aec4a0b53dfba2512a9f3aa7822,gx-no-cache=1457634295618 HTTP/1.1" 200 461
186.78.36.96 - - [10/Mar/2016:15:30:32 -0300] "POST /cormun/servlet/solicitudot?gx-no-cache=1457638702059 HTTP/1.1" 200 30
186.78.36.96 - - [10/Mar/2016:15:30:32 -0300] "POST /cormun/servlet/solicitudot?gx-no-cache=1457638702222 HTTP/1.1" 200 452
186.78.36.96 - - [10/Mar/2016:15:30:32 -0300] "GET /cormun/servlet/solicitudot?f8a63546669030b76096a643ac98ccbe9b01877ebb6a9b6632f5127c8695ea72d7b1181cfa4fddac5389df1c69c60b0288ab047f1e1bed244337f459c5cf00a182d8df02b87b16b9bc7cd7b4962d7579eb294e502bff8f9fb44e6cb82010efe73df6af6de15477cb766afbea0522c79f156961132073e16ca6c03a410e7d3c98a6d0345723559d1561b3c3fa965db3b0,gx-no-cache=1457638702357 HTTP/1.1" 200 38
186.78.36.96 - - [10/Mar/2016:15:31:10 -0300] "POST /cormun/servlet/solicitudot?gx-no-cache=1457638743797 HTTP/1.1" 200 30
186.78.36.96 - - [10/Mar/2016:15:31:10 -0300] "POST /cormun/servlet/solicitudot?gx-no-cache=1457638744077 HTTP/1.1" 200 452
186.78.36.96 - - [10/Mar/2016:15:31:10 -0300] "GET /cormun/servlet/solicitudot?f8a63546669030b76096a643ac98ccbe9b01877ebb6a9b6632f5127c8695ea72d7b1181cfa4fddac5389df1c69c60b0288ab047f1e1bed244337f459c5cf00a182d8df02b87b16b9bc7cd7b4962d7579eb294e502bff8f9fb44e6cb82010efe73df6af6de15477cb766afbea0522c79f156961132073e16ca6c03a410e7d3c98a6d0345723559d1561b3c3fa965db3b0,gx-no-cache=1457638744190 HTTP/1.1" 200 38
186.78.36.96 - - [10/Mar/2016:15:31:10 -0300] "POST /cormun/servlet/solicitudot?gx-no-cache=1457638744268 HTTP/1.1" 200 404
186.78.36.96 - - [10/Mar/2016:15:31:51 -0300] "POST /cormun/servlet/solicitudot?gx-no-cache=1457638788603 HTTP/1.1" 200 1128
186.78.36.96 - - [10/Mar/2016:15:32:05 -0300] "GET /cormun/servlet/solicitudot?f8a63546669030b76096a643ac98ccbe690cd03005aec688790295ee971a12a137264570a4f435f4aa4c3b923fdaf589ac00e2e3a350252021d9bb1244e3c2ba2a0fd6bac88ea038cc957aafd18242dc40080767f7295965fa46b2e3d72e3065b0d5051593d9aff588e3356113587b831410fb131fde532d7dfd911a075fa500cc1669188c68b72620e149ebe9e6ab051551552c5ccd92a444e5a850516a91593709e955b86e6918d050184897e7bcf2,gx-no-cache=1457638804372 HTTP/1.1" 200 30
186.78.36.96 - - [10/Mar/2016:15:32:05 -0300] "POST /cormun/servlet/solicitudot?6d725487209d07ee2a886a4e8ace3d21,INS,0,0,,gx-no-cache=1457638804447 HTTP/1.1" 200 9251
186.78.36.96 - - [10/Mar/2016:15:32:27 -0300] "POST /cormun/servlet/solicitudot?gx-no-cache=1457638827941 HTTP/1.1" 200 120
186.78.36.96 - - [10/Mar/2016:15:34:05 -0300] "POST /cormun/servlet/solicitudot?gx-no-cache=1457638936468 HTTP/1.1" 200 120
115.239.228.8 - - [10/Mar/2016:15:34:19 -0300] "GET /cgi-bin/common/attr?id=260714&r=0.0381501755339309 HTTP/1.1" 404 999
192.168.10.98 - - [10/Mar/2016:15:34:53 -0300] "GET /cormun/servlet/hlogin HTTP/1.1" 200 1719
186.103.159.204 - - [10/Mar/2016:15:36:05 -0300] "POST /cormun/servlet/trsolicitudot?307bcbdc4d78db8fdfba3557e8fe9c8e,,gx-no-cache=1457634985514 HTTP/1.1" 440 972
192.168.10.98 - - [10/Mar/2016:15:36:10 -0300] "POST /cormun/servlet/hlogin?ef5f99726ba98f56ddcd4cf514b962ae,gx-no-cache=1457634720002 HTTP/1.1" 200 90
192.168.10.98 - - [10/Mar/2016:15:36:10 -0300] "GET /cormun/servlet/hpexe_link HTTP/1.1" 200 953
192.168.10.98 - - [10/Mar/2016:15:36:10 -0300] "GET /cormun/servlet/hhome HTTP/1.1" 200 3441
192.168.10.98 - - [10/Mar/2016:15:36:11 -0300] "GET /cormun/servlet/hhome HTTP/1.1" 200 3437
192.168.10.98 - - [10/Mar/2016:15:36:14 -0300] "GET /cormun/servlet/trsolicitudot? HTTP/1.1" 200 6203
192.168.10.98 - - [10/Mar/2016:15:36:15 -0300] "GET /cormun/servlet/trsolicitudot? HTTP/1.1" 200 6202
192.168.10.98 - - [10/Mar/2016:15:36:22 -0300] "GET /cormun/static/menuarrow.gif HTTP/1.1" 404 1015
192.168.10.98 - - [10/Mar/2016:15:36:25 -0300] "GET /cormun/servlet/solicitudot?INS,0,0, HTTP/1.1" 200 11448
192.168.10.98 - - [10/Mar/2016:15:36:26 -0300] "GET /cormun/servlet/solicitudot?INS,0,0, HTTP/1.1" 200 11452
192.168.10.98 - - [10/Mar/2016:15:36:30 -0300] "GET /cormun/servlet/prfichaempleado?,MD,,gxPopupLevel%3D0%3B HTTP/1.1" 200 7914
192.168.10.98 - - [10/Mar/2016:15:36:30 -0300] "GET /cormun/static/scaMessage/css/jquery-ui.css?104140 HTTP/1.1" 404 1045
192.168.10.98 - - [10/Mar/2016:15:37:08 -0300] "POST /cormun/servlet/solicitudot?gx-no-cache=1457634778080 HTTP/1.1" 200 2668
192.168.10.98 - - [10/Mar/2016:15:37:08 -0300] "POST /cormun/servlet/solicitudot?ef5f99726ba98f56ddcd4cf514b962ae,INS,0,0,,gx-no-cache=1457634778219 HTTP/1.1" 200 8262
192.168.10.98 - - [10/Mar/2016:15:37:08 -0300] "GET /cormun/servlet/solicitudot?01b79c5a9c55eca13210338df19d2fd656e0af8523771384a9385d088c1ce14c,gx-no-cache=1457634778392 HTTP/1.1" 200 111
192.168.10.98 - - [10/Mar/2016:15:37:08 -0300] "GET /cormun/static/Shared/jqueryui/images/ui-bg_highlight-soft_100_c6c2c8_1x100.png HTTP/1.1" 404 1117
192.168.10.98 - - [10/Mar/2016:15:37:08 -0300] "GET /cormun/static/Shared/jqueryui/images/ui-icons_82798d_256x240.png HTTP/1.1" 404 1089
192.168.10.98 - - [10/Mar/2016:15:37:08 -0300] "GET /cormun/static/Shared/jqueryui/images/ui-bg_flat_55_994d53_40x100.png HTTP/1.1" 404 1097
192.168.10.98 - - [10/Mar/2016:15:37:08 -0300] "GET /cormun/static/Shared/jqueryui/images/ui-icons_ebccce_256x240.png HTTP/1.1" 404 1089
192.168.10.98 - - [10/Mar/2016:15:37:27 -0300] "POST /cormun/servlet/solicitudot?gx-no-cache=1457634797160 HTTP/1.1" 200 30
186.78.36.96 - - [10/Mar/2016:15:37:35 -0300] "POST /cormun/servlet/solicitudot?gx-no-cache=1457639167803 HTTP/1.1" 200 30
192.168.10.98 - - [10/Mar/2016:15:37:38 -0300] "POST /cormun/servlet/solicitudot?gx-no-cache=1457634807588 HTTP/1.1" 200 30
186.78.36.96 - - [10/Mar/2016:15:37:43 -0300] "POST /cormun/servlet/solicitudot?gx-no-cache=1457639176942 HTTP/1.1" 200 30
186.78.36.96 - - [10/Mar/2016:15:37:43 -0300] "POST /cormun/servlet/solicitudot?gx-no-cache=1457639177056 HTTP/1.1" 200 1167
186.78.36.96 - - [10/Mar/2016:15:37:43 -0300] "GET /cormun/servlet/solicitudot?f8a63546669030b76096a643ac98ccbe9b01877ebb6a9b6632f5127c8695ea72d7b1181cfa4fddac5389df1c69c60b0288ab047f1e1bed244337f459c5cf00a182d8df02b87b16b9bc7cd7b4962d7579eb294e502bff8f9fb44e6cb82010efe73df6af6de15477cb766afbea0522c79f156961132073e16ca6c03a410e7d3c987a726418c352c49a0a839ee962d1dc0776c24f5d93bcde0983ea7e2d15ef373d,gx-no-cache=1457639177234 HTTP/1.1" 200 41
186.78.36.96 - - [10/Mar/2016:15:37:43 -0300] "POST /cormun/servlet/solicitudot?gx-no-cache=1457639177303 HTTP/1.1" 200 1128
186.78.36.96 - - [10/Mar/2016:15:37:44 -0300] "GET /cormun/servlet/solicitudot?f8a63546669030b76096a643ac98ccbe690cd03005aec688790295ee971a12a137264570a4f435f4aa4c3b923fdaf589ac00e2e3a350252021d9bb1244e3c2ba2a0fd6bac88ea038cc957aafd18242dc40080767f7295965fa46b2e3d72e3065b0d5051593d9aff588e3356113587b831410fb131fde532d7dfd911a075fa500cc1669188c68b72620e149ebe9e6ab051551552c5ccd92a444e5a850516a91593709e955b86e6918d050184897e7bcf2,gx-no-cache=1457639177467 HTTP/1.1" 200 30
186.78.36.96 - - [10/Mar/2016:15:37:44 -0300] "POST /cormun/servlet/solicitudot?6d725487209d07ee2a886a4e8ace3d21,INS,0,0,,gx-no-cache=1457639177564 HTTP/1.1" 200 93
186.78.36.96 - - [10/Mar/2016:15:37:44 -0300] "GET /cormun/servlet/hpexe_return? HTTP/1.1" 200 1009
186.78.36.96 - - [10/Mar/2016:15:37:44 -0300] "GET /cormun/servlet/trsolicitudot? HTTP/1.1" 200 7487
186.78.36.96 - - [10/Mar/2016:15:37:45 -0300] "GET /cormun/servlet/trsolicitudot? HTTP/1.1" 200 7483
186.78.36.96 - - [10/Mar/2016:15:39:07 -0300] "POST /cormun/servlet/trsolicitudot?6d725487209d07ee2a886a4e8ace3d21,,gx-no-cache=1457639269528 HTTP/1.1" 200 4893
186.78.36.96 - - [10/Mar/2016:15:39:08 -0300] "POST /cormun/servlet/trsolicitudot?6d725487209d07ee2a886a4e8ace3d21,,gx-no-cache=1457639269986 HTTP/1.1" 200 4893
186.78.36.96 - - [10/Mar/2016:15:39:08 -0300] "POST /cormun/servlet/trsolicitudot?6d725487209d07ee2a886a4e8ace3d21,,gx-no-cache=1457639270344 HTTP/1.1" 200 4893
186.78.36.96 - - [10/Mar/2016:15:39:08 -0300] "POST /cormun/servlet/trsolicitudot?6d725487209d07ee2a886a4e8ace3d21,,gx-no-cache=1457639270701 HTTP/1.1" 200 4893
186.78.36.96 - - [10/Mar/2016:15:39:09 -0300] "POST /cormun/servlet/trsolicitudot?6d725487209d07ee2a886a4e8ace3d21,,gx-no-cache=1457639271071 HTTP/1.1" 200 4893
186.78.36.96 - - [10/Mar/2016:15:39:09 -0300] "POST /cormun/servlet/trsolicitudot?6d725487209d07ee2a886a4e8ace3d21,,gx-no-cache=1457639271433 HTTP/1.1" 200 4893
186.78.36.96 - - [10/Mar/2016:15:39:10 -0300] "POST /cormun/servlet/trsolicitudot?6d725487209d07ee2a886a4e8ace3d21,,gx-no-cache=1457639271805 HTTP/1.1" 200 4892
186.78.36.96 - - [10/Mar/2016:15:39:10 -0300] "POST /cormun/servlet/trsolicitudot?6d725487209d07ee2a886a4e8ace3d21,,gx-no-cache=1457639272191 HTTP/1.1" 200 106
186.78.36.96 - - [10/Mar/2016:15:39:10 -0300] "GET /cormun/servlet/trsolicitudadjuntos?2016,794, HTTP/1.1" 200 5377
186.78.36.96 - - [10/Mar/2016:15:39:10 -0300] "GET /cormun/static/gxcfg.js?2016311731090 HTTP/1.1" 304 -
186.78.36.96 - - [10/Mar/2016:15:39:10 -0300] "GET /cormun/static/trsolicitudadjuntos.js?2016311731342 HTTP/1.1" 304 -
186.78.36.96 - - [10/Mar/2016:15:39:11 -0300] "GET /cormun/servlet/trsolicitudadjuntos?2016,794, HTTP/1.1" 200 5377
186.78.36.96 - - [10/Mar/2016:15:39:17 -0300] "GET /cormun/servlet/solicitudotadjuntos?INS,2016,794,,1, HTTP/1.1" 200 5465
186.78.36.96 - - [10/Mar/2016:15:39:18 -0300] "GET /cormun/static/gxcfg.js?2016311984045 HTTP/1.1" 304 -
186.78.36.96 - - [10/Mar/2016:15:39:18 -0300] "GET /cormun/static/solicitudotadjuntos.js?2016311984068 HTTP/1.1" 304 -
186.78.36.96 - - [10/Mar/2016:15:39:18 -0300] "GET /cormun/static/about:blank HTTP/1.1" 404 1011
186.78.36.96 - - [10/Mar/2016:15:39:18 -0300] "GET /cormun/servlet/solicitudotadjuntos?INS,2016,794,,1, HTTP/1.1" 200 5459
186.78.36.96 - - [10/Mar/2016:15:39:19 -0300] "GET /cormun/servlet/solicitudotadjuntos?f8a63546669030b76096a643ac98ccbe0f4bb1886785bacbcc8a10c09945948e76c24f5d93bcde0983ea7e2d15ef373d,gx-no-cache=1457639281750 HTTP/1.1" 200 30
186.78.36.96 - - [10/Mar/2016:15:39:19 -0300] "POST /cormun/servlet/solicitudotadjuntos?6d725487209d07ee2a886a4e8ace3d21,INS,2016,794,,1,,gx-no-cache=1457639281823 HTTP/1.1" 200 3327
186.103.159.204 - - [10/Mar/2016:15:39:21 -0300] "POST /cormun/servlet/trsolicitudot?307bcbdc4d78db8fdfba3557e8fe9c8e,,gx-no-cache=1457635181385 HTTP/1.1" 440 972
186.103.159.204 - - [10/Mar/2016:15:39:22 -0300] "POST /cormun/servlet/trsolicitudot?307bcbdc4d78db8fdfba3557e8fe9c8e,,gx-no-cache=1457635182957 HTTP/1.1" 440 972
186.103.159.204 - - [10/Mar/2016:15:39:22 -0300] "GET /cormun/servlet/trsolicitudot? HTTP/1.1" 200 5819
186.78.36.96 - - [10/Mar/2016:15:39:22 -0300] "POST /cormun/servlet/solicitudotadjuntos?gx-no-cache=1457639285835 HTTP/1.1" 200 26
186.103.159.204 - - [10/Mar/2016:15:39:23 -0300] "GET /cormun/servlet/hlogin HTTP/1.1" 200 1739
186.103.159.204 - - [10/Mar/2016:15:39:23 -0300] "GET /cormun/servlet/trsolicitudot? HTTP/1.1" 200 5819
192.168.10.89 - - [10/Mar/2016:15:39:55 -0300] "GET /cormun/servlet/solicitudot?INS,0,0, HTTP/1.1" 200 11463
192.168.10.89 - - [10/Mar/2016:15:39:58 -0300] "GET /cormun/servlet/prfichaempleado?,MD,,gxPopupLevel%3D0%3B HTTP/1.1" 200 7930
192.168.10.89 - - [10/Mar/2016:15:40:03 -0300] "POST /cormun/servlet/solicitudot?8492c22cbd4c039c1cec493a49ffebb4,INS,0,0,,gx-no-cache=1457634952951 HTTP/1.1" 200 90
192.168.10.89 - - [10/Mar/2016:15:40:03 -0300] "GET /cormun/servlet/hpexe_link HTTP/1.1" 200 963
192.168.10.89 - - [10/Mar/2016:15:40:04 -0300] "GET /cormun/servlet/trsolicitudot HTTP/1.1" 200 11666
192.168.10.89 - - [10/Mar/2016:15:40:11 -0300] "GET /cormun/servlet/solicitudot?INS,0,0, HTTP/1.1" 200 11461
186.78.36.96 - - [10/Mar/2016:15:40:12 -0300] "GET /cormun/servlet/solicitudotadjuntos?f8a63546669030b76096a643ac98ccbe88d40ec6b29514054e68877fdd725e81,gx-no-cache=1457639340616 HTTP/1.1" 200 30
186.78.36.96 - - [10/Mar/2016:15:40:12 -0300] "GET /cormun/servlet/solicitudotadjuntos?f8a63546669030b76096a643ac98ccbe88d40ec6b29514054e68877fdd725e81,gx-no-cache=1457639340709 HTTP/1.1" 200 30
186.78.36.96 - - [10/Mar/2016:15:40:12 -0300] "POST /cormun/servlet/solicitudotadjuntos?6d725487209d07ee2a886a4e8ace3d21,INS,2016,794,,1,,gx-no-cache=1457639340773 HTTP/1.1" 200 93
186.78.36.96 - - [10/Mar/2016:15:40:12 -0300] "GET /cormun/servlet/hpexe_return? HTTP/1.1" 200 1027
186.78.36.96 - - [10/Mar/2016:15:40:13 -0300] "GET /cormun/servlet/trsolicitudadjuntos?2016,794, HTTP/1.1" 200 7149
186.78.36.96 - - [10/Mar/2016:15:40:13 -0300] "GET /cormun/servlet/trsolicitudadjuntos?2016,794, HTTP/1.1" 200 7146
192.168.10.89 - - [10/Mar/2016:15:40:14 -0300] "GET /cormun/servlet/prfichaempleado?,MD,,gxPopupLevel%3D0%3B HTTP/1.1" 200 7930
192.168.10.89 - - [10/Mar/2016:15:40:17 -0300] "GET /cormun/servlet/prfichaempleado?d1b591e95491b48d2204a59465e82c320675ec0aba2e3a1cb81fad3c883e9a79df8121a6d4a5ef61720f5a8d5f5f6579955fda5873b7a36f829921c462fb1102b608685c9cdd53d564829e76f44ac670,gx-no-cache=1457634967524 HTTP/1.1" 200 465
192.168.10.89 - - [10/Mar/2016:15:40:19 -0300] "GET /cormun/servlet/prfichaempleado?d1b591e95491b48d2204a59465e82c324369fbecce4dbdde66bd61199779afc2ad05b074d53804cb9227288f8ba1d22958f837c2b2dcfd575679d369e9dba5354b0a9bdfebc5d58489c88dbf7da26e10,gx-no-cache=1457634969086 HTTP/1.1" 200 466
186.78.36.96 - - [10/Mar/2016:15:40:19 -0300] "GET /cormun/servlet/solicitudotadjuntos?INS,2016,794,,1, HTTP/1.1" 200 5467
186.78.36.96 - - [10/Mar/2016:15:40:20 -0300] "GET /cormun/static/about:blank HTTP/1.1" 404 1011
186.78.36.96 - - [10/Mar/2016:15:40:20 -0300] "GET /cormun/servlet/solicitudotadjuntos?INS,2016,794,,1, HTTP/1.1" 200 5461
186.78.36.96 - - [10/Mar/2016:15:40:20 -0300] "GET /cormun/servlet/solicitudotadjuntos?f8a63546669030b76096a643ac98ccbe0f4bb1886785bacbcc8a10c09945948e76c24f5d93bcde0983ea7e2d15ef373d,gx-no-cache=1457639349688 HTTP/1.1" 200 30
192.168.10.89 - - [10/Mar/2016:15:40:21 -0300] "POST /cormun/servlet/prfichaempleado?8492c22cbd4c039c1cec493a49ffebb4,,MD,,gxPopupLevel%3D0%3B,gx-no-cache=1457634970500 HTTP/1.1" 200 2943
186.78.36.96 - - [10/Mar/2016:15:40:21 -0300] "POST /cormun/servlet/solicitudotadjuntos?6d725487209d07ee2a886a4e8ace3d21,INS,2016,794,,1,,gx-no-cache=1457639349797 HTTP/1.1" 200 3327
192.168.10.89 - - [10/Mar/2016:15:40:27 -0300] "POST /cormun/servlet/solicitudot?8492c22cbd4c039c1cec493a49ffebb4,INS,0,0,,gx-no-cache=1457634976658 HTTP/1.1" 200 90
192.168.10.89 - - [10/Mar/2016:15:40:27 -0300] "GET /cormun/servlet/hpexe_link HTTP/1.1" 200 963
186.78.36.96 - - [10/Mar/2016:15:40:27 -0300] "POST /cormun/servlet/solicitudotadjuntos?gx-no-cache=1457639357148 HTTP/1.1" 200 26
192.168.10.89 - - [10/Mar/2016:15:40:27 -0300] "GET /cormun/servlet/trsolicitudot HTTP/1.1" 200 11666
192.168.10.89 - - [10/Mar/2016:15:40:32 -0300] "GET /cormun/servlet/solicitudot?INS,0,0, HTTP/1.1" 200 11461
192.168.10.89 - - [10/Mar/2016:15:40:38 -0300] "GET /cormun/servlet/prfichaempleado?,MD,,gxPopupLevel%3D0%3B HTTP/1.1" 200 7930
192.168.10.89 - - [10/Mar/2016:15:40:42 -0300] "GET /cormun/servlet/prfichaempleado?d1b591e95491b48d2204a59465e82c320675ec0aba2e3a1cb81fad3c883e9a79df8121a6d4a5ef61720f5a8d5f5f6579955fda5873b7a36f829921c462fb1102b608685c9cdd53d564829e76f44ac670,gx-no-cache=1457634991826 HTTP/1.1" 200 465
192.168.10.89 - - [10/Mar/2016:15:40:43 -0300] "GET /cormun/servlet/prfichaempleado?d1b591e95491b48d2204a59465e82c324369fbecce4dbdde66bd61199779afc237c7fc1070b95b0ebf1efea629207ec5a83b5f909558e1a3651f344dcc9bec5b85c6ae28c02537ed46af4af9e29ca66b,gx-no-cache=1457634992640 HTTP/1.1" 200 463
192.168.10.89 - - [10/Mar/2016:15:40:44 -0300] "GET /cormun/servlet/prfichaempleado?d1b591e95491b48d2204a59465e82c324369fbecce4dbdde66bd61199779afc2ad05b074d53804cb9227288f8ba1d22958f837c2b2dcfd575679d369e9dba535e1acf2f5a2432f045f1395ac4904bae0,gx-no-cache=1457634993852 HTTP/1.1" 200 466
192.168.10.89 - - [10/Mar/2016:15:40:45 -0300] "POST /cormun/servlet/prfichaempleado?8492c22cbd4c039c1cec493a49ffebb4,,MD,,gxPopupLevel%3D0%3B,gx-no-cache=1457634994794 HTTP/1.1" 200 2943
192.168.10.89 - - [10/Mar/2016:15:41:10 -0300] "POST /cormun/servlet/solicitudot?gx-no-cache=1457635020018 HTTP/1.1" 200 2774
192.168.10.89 - - [10/Mar/2016:15:41:10 -0300] "POST /cormun/servlet/solicitudot?8492c22cbd4c039c1cec493a49ffebb4,INS,0,0,,gx-no-cache=1457635020150 HTTP/1.1" 200 8388
192.168.10.89 - - [10/Mar/2016:15:41:16 -0300] "GET /cormun/servlet/solicitudot?5d3e5fb828e0260e24dd79fa9891fc66a8e0784d50840e923fb40002d5ee43d64ce84b48216f71c75230ac4cb1436663,gx-no-cache=1457635025971 HTTP/1.1" 200 30
192.168.10.89 - - [10/Mar/2016:15:41:16 -0300] "POST /cormun/servlet/solicitudot?gx-no-cache=1457635026012 HTTP/1.1" 200 30
192.168.10.89 - - [10/Mar/2016:15:41:18 -0300] "POST /cormun/servlet/solicitudot?gx-no-cache=1457635028424 HTTP/1.1" 200 30
192.168.10.89 - - [10/Mar/2016:15:41:42 -0300] "GET /cormun/servlet/prcontratosol?14047740,,,,,MD,,gxPopupLevel%3D0%3B HTTP/1.1" 200 5713
186.78.36.96 - - [10/Mar/2016:15:41:43 -0300] "GET /cormun/servlet/solicitudotadjuntos?f8a63546669030b76096a643ac98ccbe88d40ec6b29514054e68877fdd725e81,gx-no-cache=1457639440313 HTTP/1.1" 200 30
186.78.36.96 - - [10/Mar/2016:15:41:43 -0300] "GET /cormun/servlet/solicitudotadjuntos?f8a63546669030b76096a643ac98ccbe88d40ec6b29514054e68877fdd725e81,gx-no-cache=1457639440458 HTTP/1.1" 200 30
186.78.36.96 - - [10/Mar/2016:15:41:53 -0300] "POST /cormun/servlet/solicitudotadjuntos?6d725487209d07ee2a886a4e8ace3d21,INS,2016,794,,1, HTTP/1.1" 200 116
186.78.36.96 - - [10/Mar/2016:15:41:53 -0300] "GET /cormun/servlet/hpexe_return? HTTP/1.1" 200 1027
186.78.36.96 - - [10/Mar/2016:15:41:53 -0300] "GET /cormun/servlet/trsolicitudadjuntos?2016,794, HTTP/1.1" 200 7388
186.78.36.96 - - [10/Mar/2016:15:41:54 -0300] "GET /cormun/servlet/trsolicitudadjuntos?2016,794, HTTP/1.1" 200 7383
192.168.10.89 - - [10/Mar/2016:15:41:55 -0300] "POST /cormun/servlet/solicitudot?gx-no-cache=1457635065262 HTTP/1.1" 200 1171
192.168.10.89 - - [10/Mar/2016:15:41:55 -0300] "GET /cormun/servlet/solicitudot?5d3e5fb828e0260e24dd79fa9891fc6657f2d3d2a73cc620885c1c06d200fc4e4b50cb2bd96d077d7cf2330394ca3e293ccc7f74bfe1447143d1dc1de862d8968d8728b643937aaf0a2ddcd79ee3c2cc05b91b265e8cc48f75838c495271cac941a0f7a90e0b2a7e27461c5eea3f6a9f72ca5085bbb138fc309f612aded1a639acac204d4f61eafa6ffbd306d1743bd1,gx-no-cache=1457635065382 HTTP/1.1" 200 38
192.168.10.89 - - [10/Mar/2016:15:41:55 -0300] "GET /cormun/servlet/solicitudot?5d3e5fb828e0260e24dd79fa9891fc663be0939c96dc5d58ff23e92e9e81cce751343ee251fed1e94846bc031623ad536ad12de66aa01e160e2333fc6eee8983ca17a4faa19241dbcc387923622fedd74d261e8bec629ddfdc7a7efac7dc65dbf2783d6749a3d8711cd86f5bb6d34948df74930a905fd423c53386b0836dc69fddf25edebfc03aee39deb4904778698781cdf7999a5e9a1c1f723f6d132a06d8,gx-no-cache=1457635065404 HTTP/1.1" 200 29
192.168.10.89 - - [10/Mar/2016:15:41:55 -0300] "POST /cormun/servlet/solicitudot?gx-no-cache=1457635065425 HTTP/1.1" 200 1127
186.78.36.96 - - [10/Mar/2016:15:41:57 -0300] "GET /cormun/servlet/solicitudotadjuntos?INS,2016,794,,1, HTTP/1.1" 200 5467
186.78.36.96 - - [10/Mar/2016:15:41:58 -0300] "GET /cormun/static/about:blank HTTP/1.1" 404 1011
186.78.36.96 - - [10/Mar/2016:15:41:58 -0300] "GET /cormun/servlet/solicitudotadjuntos?INS,2016,794,,1, HTTP/1.1" 200 5461
186.78.36.96 - - [10/Mar/2016:15:41:58 -0300] "GET /cormun/servlet/solicitudotadjuntos?f8a63546669030b76096a643ac98ccbe0f4bb1886785bacbcc8a10c09945948e76c24f5d93bcde0983ea7e2d15ef373d,gx-no-cache=1457639456308 HTTP/1.1" 200 30
186.78.36.96 - - [10/Mar/2016:15:41:58 -0300] "POST /cormun/servlet/solicitudotadjuntos?6d725487209d07ee2a886a4e8ace3d21,INS,2016,794,,1,,gx-no-cache=1457639456388 HTTP/1.1" 200 3328
186.78.36.96 - - [10/Mar/2016:15:42:01 -0300] "POST /cormun/servlet/solicitudotadjuntos?gx-no-cache=1457639459699 HTTP/1.1" 200 26
186.78.36.96 - - [10/Mar/2016:15:42:07 -0300] "GET /cormun/servlet/solicitudotadjuntos?f8a63546669030b76096a643ac98ccbe88d40ec6b29514054e68877fdd725e81,gx-no-cache=1457639466250 HTTP/1.1" 200 30
186.78.36.96 - - [10/Mar/2016:15:42:07 -0300] "GET /cormun/servlet/solicitudotadjuntos?f8a63546669030b76096a643ac98ccbe88d40ec6b29514054e68877fdd725e81,gx-no-cache=1457639466347 HTTP/1.1" 200 30
186.78.36.96 - - [10/Mar/2016:15:42:13 -0300] "POST /cormun/servlet/solicitudotadjuntos?6d725487209d07ee2a886a4e8ace3d21,INS,2016,794,,1, HTTP/1.1" 200 116
186.78.36.96 - - [10/Mar/2016:15:42:13 -0300] "GET /cormun/servlet/hpexe_return? HTTP/1.1" 200 1027
186.78.36.96 - - [10/Mar/2016:15:42:13 -0300] "GET /cormun/servlet/trsolicitudadjuntos?2016,794, HTTP/1.1" 200 7546
186.78.36.96 - - [10/Mar/2016:15:42:14 -0300] "GET /cormun/servlet/trsolicitudadjuntos?2016,794, HTTP/1.1" 200 7541
192.168.10.89 - - [10/Mar/2016:15:42:17 -0300] "GET /cormun/servlet/solicitudot?5d3e5fb828e0260e24dd79fa9891fc6661d774f4678fce7f6f9788a05115b984450eb3302c2fc258400616faa75e2e65cd9275ecafdf2dbbba593c7afd9ab9c94abe37031920a0bbdd4808355a119380787616e6ff093f865ed247679898bbc70867b26355978bda2506a79b9f1e45efa0560cb63432f9dcfad627f9cc2dbd0493b6ac7fedfcafd9af71803f512e7104851d524b26843070f4b4dac3185bb855fa9ed36485b1c83a0c19ed0c35af82d6,gx-no-cache=1457635087437 HTTP/1.1" 200 30
186.103.157.42 - - [10/Mar/2016:15:42:18 -0300] "GET /cormun/servlet/trautorizarsolicitud? HTTP/1.1" 200 5759
186.78.36.96 - - [10/Mar/2016:15:42:19 -0300] "GET /cormun/servlet/solicitudotadjuntos?INS,2016,794,,1, HTTP/1.1" 200 5467
186.78.36.96 - - [10/Mar/2016:15:42:19 -0300] "GET /cormun/static/about:blank HTTP/1.1" 404 1011
186.103.157.42 - - [10/Mar/2016:15:42:19 -0300] "GET /cormun/servlet/trautorizarsolicitud? HTTP/1.1" 200 5770
186.103.157.42 - - [10/Mar/2016:15:42:19 -0300] "GET /cormun/servlet/hlogin HTTP/1.1" 200 1745
186.78.36.96 - - [10/Mar/2016:15:42:19 -0300] "GET /cormun/servlet/solicitudotadjuntos?INS,2016,794,,1, HTTP/1.1" 200 5461
186.78.36.96 - - [10/Mar/2016:15:42:20 -0300] "GET /cormun/servlet/solicitudotadjuntos?f8a63546669030b76096a643ac98ccbe0f4bb1886785bacbcc8a10c09945948e76c24f5d93bcde0983ea7e2d15ef373d,gx-no-cache=1457639479203 HTTP/1.1" 200 30
186.78.36.96 - - [10/Mar/2016:15:42:20 -0300] "POST /cormun/servlet/solicitudotadjuntos?6d725487209d07ee2a886a4e8ace3d21,INS,2016,794,,1,,gx-no-cache=1457639479305 HTTP/1.1" 200 3328
186.103.157.42 - - [10/Mar/2016:15:42:22 -0300] "POST /cormun/servlet/hlogin?e2f68b20b4a2b392f6ccebccccfd27f5,gx-no-cache=1457635373721 HTTP/1.1" 200 90
186.103.157.42 - - [10/Mar/2016:15:42:22 -0300] "GET /cormun/servlet/hpexe_link HTTP/1.1" 200 965
192.168.10.89 - - [10/Mar/2016:15:42:22 -0300] "POST /cormun/servlet/solicitudot?8492c22cbd4c039c1cec493a49ffebb4,INS,0,0,,gx-no-cache=1457635091754 HTTP/1.1" 200 93
192.168.10.89 - - [10/Mar/2016:15:42:22 -0300] "GET /cormun/servlet/hpexe_return? HTTP/1.1" 200 1011
186.103.157.42 - - [10/Mar/2016:15:42:22 -0300] "GET /cormun/servlet/trautorizarsolicitud HTTP/1.1" 200 6025
186.78.36.96 - - [10/Mar/2016:15:42:22 -0300] "POST /cormun/servlet/solicitudotadjuntos?gx-no-cache=1457639482196 HTTP/1.1" 200 26
192.168.10.89 - - [10/Mar/2016:15:42:23 -0300] "GET /cormun/servlet/trsolicitudot HTTP/1.1" 200 11957
186.103.157.42 - - [10/Mar/2016:15:42:23 -0300] "GET /cormun/servlet/trautorizarsolicitud HTTP/1.1" 200 6023
186.78.36.96 - - [10/Mar/2016:15:42:28 -0300] "GET /cormun/servlet/solicitudotadjuntos?f8a63546669030b76096a643ac98ccbe88d40ec6b29514054e68877fdd725e81,gx-no-cache=1457639487894 HTTP/1.1" 200 30
186.78.36.96 - - [10/Mar/2016:15:42:28 -0300] "GET /cormun/servlet/solicitudotadjuntos?f8a63546669030b76096a643ac98ccbe88d40ec6b29514054e68877fdd725e81,gx-no-cache=1457639487984 HTTP/1.1" 200 30
192.168.10.89 - - [10/Mar/2016:15:42:28 -0300] "POST /cormun/servlet/trsolicitudot?8492c22cbd4c039c1cec493a49ffebb4,gx-no-cache=1457635098318 HTTP/1.1" 200 9594
192.168.10.89 - - [10/Mar/2016:15:42:29 -0300] "POST /cormun/servlet/trsolicitudot?8492c22cbd4c039c1cec493a49ffebb4,gx-no-cache=1457635099020 HTTP/1.1" 200 9594
192.168.10.89 - - [10/Mar/2016:15:42:30 -0300] "POST /cormun/servlet/trsolicitudot?8492c22cbd4c039c1cec493a49ffebb4,gx-no-cache=1457635099828 HTTP/1.1" 200 9594
186.78.36.96 - - [10/Mar/2016:15:42:30 -0300] "POST /cormun/servlet/solicitudotadjuntos?6d725487209d07ee2a886a4e8ace3d21,INS,2016,794,,1, HTTP/1.1" 200 116
186.78.36.96 - - [10/Mar/2016:15:42:30 -0300] "GET /cormun/servlet/hpexe_return? HTTP/1.1" 200 1027
186.78.36.96 - - [10/Mar/2016:15:42:31 -0300] "GET /cormun/servlet/trsolicitudadjuntos?2016,794, HTTP/1.1" 200 7659
192.168.10.89 - - [10/Mar/2016:15:42:31 -0300] "POST /cormun/servlet/trsolicitudot?8492c22cbd4c039c1cec493a49ffebb4,gx-no-cache=1457635100765 HTTP/1.1" 200 9595
186.78.36.96 - - [10/Mar/2016:15:42:31 -0300] "GET /cormun/servlet/trsolicitudadjuntos?2016,794, HTTP/1.1" 200 7660
192.168.10.89 - - [10/Mar/2016:15:42:32 -0300] "POST /cormun/servlet/trsolicitudot?8492c22cbd4c039c1cec493a49ffebb4,gx-no-cache=1457635101842 HTTP/1.1" 200 9594
192.168.10.89 - - [10/Mar/2016:15:42:33 -0300] "POST /cormun/servlet/trsolicitudot?8492c22cbd4c039c1cec493a49ffebb4,gx-no-cache=1457635103076 HTTP/1.1" 200 9594
192.168.10.89 - - [10/Mar/2016:15:42:35 -0300] "POST /cormun/servlet/trsolicitudot?8492c22cbd4c039c1cec493a49ffebb4,gx-no-cache=1457635104459 HTTP/1.1" 200 9593
192.168.10.89 - - [10/Mar/2016:15:42:44 -0300] "POST /cormun/servlet/trsolicitudot?8492c22cbd4c039c1cec493a49ffebb4,gx-no-cache=1457635105999 HTTP/1.1" 200 9333
186.103.157.42 - - [10/Mar/2016:15:42:44 -0300] "GET /cormun/static/menuarrow.gif HTTP/1.1" 404 1015
186.78.36.96 - - [10/Mar/2016:15:42:46 -0300] "GET /cormun/servlet/solicitudotadjuntos?INS,2016,794,,1, HTTP/1.1" 200 5467
192.168.10.89 - - [10/Mar/2016:15:42:46 -0300] "POST /cormun/servlet/trsolicitudot?8492c22cbd4c039c1cec493a49ffebb4,gx-no-cache=1457635116406 HTTP/1.1" 200 9272
186.78.36.96 - - [10/Mar/2016:15:42:47 -0300] "GET /cormun/static/about:blank HTTP/1.1" 404 1011
186.78.36.96 - - [10/Mar/2016:15:42:47 -0300] "GET /cormun/servlet/solicitudotadjuntos?INS,2016,794,,1, HTTP/1.1" 200 5461
186.78.36.96 - - [10/Mar/2016:15:42:47 -0300] "GET /cormun/servlet/solicitudotadjuntos?f8a63546669030b76096a643ac98ccbe0f4bb1886785bacbcc8a10c09945948e76c24f5d93bcde0983ea7e2d15ef373d,gx-no-cache=1457639509134 HTTP/1.1" 200 30
186.78.36.96 - - [10/Mar/2016:15:42:48 -0300] "POST /cormun/servlet/solicitudotadjuntos?6d725487209d07ee2a886a4e8ace3d21,INS,2016,794,,1,,gx-no-cache=1457639509248 HTTP/1.1" 200 3328
192.168.10.89 - - [10/Mar/2016:15:42:48 -0300] "GET /cormun/static/Shared/jqueryui/images/ui-icons_82798d_256x240.png HTTP/1.1" 404 1089
192.168.10.89 - - [10/Mar/2016:15:42:48 -0300] "GET /cormun/static/Shared/jqueryui/images/ui-bg_highlight-soft_100_c6c2c8_1x100.png HTTP/1.1" 404 1117
192.168.10.89 - - [10/Mar/2016:15:42:48 -0300] "GET /cormun/static/Shared/jqueryui/images/ui-bg_flat_55_fafafa_40x100.png HTTP/1.1" 404 1097
192.168.10.89 - - [10/Mar/2016:15:42:48 -0300] "GET /cormun/static/Shared/jqueryui/images/ui-icons_8d78a5_256x240.png HTTP/1.1" 404 1089
192.168.10.89 - - [10/Mar/2016:15:42:52 -0300] "POST /cormun/servlet/trsolicitudot?8492c22cbd4c039c1cec493a49ffebb4,gx-no-cache=1457635121650 HTTP/1.1" 200 9297
186.78.36.96 - - [10/Mar/2016:15:42:52 -0300] "POST /cormun/servlet/solicitudotadjuntos?gx-no-cache=1457639514796 HTTP/1.1" 200 26
192.168.10.89 - - [10/Mar/2016:15:42:54 -0300] "POST /cormun/servlet/trsolicitudot?8492c22cbd4c039c1cec493a49ffebb4,gx-no-cache=1457635123457 HTTP/1.1" 200 9298
