186.78.63.212 - - [10/Mar/2016:16:30:41 -0300] "GET /cormun/static/gxcfg.js?2016251828014 HTTP/1.1" 200 953
186.78.63.212 - - [10/Mar/2016:16:30:41 -0300] "GET /cormun/static/trvisualizadoreventos.js?2016251828276 HTTP/1.1" 200 19096
186.78.63.212 - - [10/Mar/2016:16:30:41 -0300] "GET /cormun/static/Resources/PXToolsActionPrint.png HTTP/1.1" 200 3317
191.112.51.239 - - [10/Mar/2016:16:30:42 -0300] "GET /cormun/servlet/trautorizarsolicitud? HTTP/1.1" 200 5760
191.112.51.239 - - [10/Mar/2016:16:30:43 -0300] "GET /cormun/servlet/hlogin HTTP/1.1" 200 1735
186.78.63.212 - - [10/Mar/2016:16:30:43 -0300] "GET /cormun/servlet/trvisualizadoreventos? HTTP/1.1" 200 5981
192.168.10.89 - - [10/Mar/2016:16:30:43 -0300] "POST /cormun/servlet/trsolicitudgral?31438fd3747b1cb0bac4c02850db2446,,gx-no-cache=1457637992783 HTTP/1.1" 200 10888
191.112.51.239 - - [10/Mar/2016:16:30:43 -0300] "GET /cormun/static/Resources/Spanish/PXTools.css?005343 HTTP/1.1" 304 -
191.112.51.239 - - [10/Mar/2016:16:30:43 -0300] "GET /cormun/static/gxcfg.js?20151120045111 HTTP/1.1" 304 -
191.112.51.239 - - [10/Mar/2016:16:30:43 -0300] "GET /cormun/static/hlogin.js?20151120045126 HTTP/1.1" 304 -
192.168.10.89 - - [10/Mar/2016:16:30:45 -0300] "POST /cormun/servlet/trsolicitudgral?31438fd3747b1cb0bac4c02850db2446,,gx-no-cache=1457637995116 HTTP/1.1" 200 10888
192.168.10.89 - - [10/Mar/2016:16:30:48 -0300] "POST /cormun/servlet/trsolicitudgral?31438fd3747b1cb0bac4c02850db2446,,gx-no-cache=1457637997628 HTTP/1.1" 200 10889
186.78.63.212 - - [10/Mar/2016:16:30:49 -0300] "GET /cormun/servlet/trautorizarsolicitud? HTTP/1.1" 200 6162
186.78.63.212 - - [10/Mar/2016:16:30:49 -0300] "GET /cormun/static/gxcfg.js?20163219504791 HTTP/1.1" 200 953
186.78.63.212 - - [10/Mar/2016:16:30:49 -0300] "GET /cormun/static/Resources/Spanish/PXTools.css?19444614 HTTP/1.1" 200 89042
186.78.63.212 - - [10/Mar/2016:16:30:49 -0300] "GET /cormun/static/trautorizarsolicitud.js?20163219505323 HTTP/1.1" 200 45302
192.168.10.89 - - [10/Mar/2016:16:30:50 -0300] "POST /cormun/servlet/trsolicitudgral?31438fd3747b1cb0bac4c02850db2446,,gx-no-cache=1457638000246 HTTP/1.1" 200 10887
186.78.63.212 - - [10/Mar/2016:16:30:51 -0300] "GET /cormun/servlet/trautorizarsolicitud? HTTP/1.1" 200 6162
192.168.10.89 - - [10/Mar/2016:16:30:53 -0300] "POST /cormun/servlet/trsolicitudgral?31438fd3747b1cb0bac4c02850db2446,,gx-no-cache=1457638003021 HTTP/1.1" 200 10887
191.112.51.239 - - [10/Mar/2016:16:31:03 -0300] "POST /cormun/servlet/hlogin?d5aff65a4b680003a63f2a0eab608872,gx-no-cache=1457638083456 HTTP/1.1" 200 454
186.78.63.212 - - [10/Mar/2016:16:31:05 -0300] "GET /cormun/servlet/trautorizarsolicitud? HTTP/1.1" 200 6162
186.78.63.212 - - [10/Mar/2016:16:31:06 -0300] "GET /cormun/servlet/trautorizarsolicitud? HTTP/1.1" 200 6162
186.78.63.212 - - [10/Mar/2016:16:31:14 -0300] "GET /cormun/servlet/trvisualizadoreventos? HTTP/1.1" 200 5981
192.168.10.89 - - [10/Mar/2016:16:31:15 -0300] "POST /cormun/servlet/trsolicitudgral?31438fd3747b1cb0bac4c02850db2446,,gx-no-cache=1457638005919 HTTP/1.1" 500 10
186.78.63.212 - - [10/Mar/2016:16:31:15 -0300] "GET /cormun/servlet/trvisualizadoreventos? HTTP/1.1" 200 5981
186.103.159.44 - - [10/Mar/2016:16:31:18 -0300] "POST /cormun/servlet/solicitudot?gx-no-cache=1457638271984 HTTP/1.1" 200 30
186.78.63.212 - - [10/Mar/2016:16:31:18 -0300] "POST /cormun/servlet/trvisualizadoreventos?24c514451f6f29e7b0b83b94a33f02c7,,gx-no-cache=1457638308483 HTTP/1.1" 200 3281
186.78.63.212 - - [10/Mar/2016:16:31:19 -0300] "POST /cormun/servlet/trvisualizadoreventos?24c514451f6f29e7b0b83b94a33f02c7,,gx-no-cache=1457638308868 HTTP/1.1" 200 3281
186.78.63.212 - - [10/Mar/2016:16:31:19 -0300] "POST /cormun/servlet/trvisualizadoreventos?24c514451f6f29e7b0b83b94a33f02c7,,gx-no-cache=1457638309233 HTTP/1.1" 200 3281
186.78.63.212 - - [10/Mar/2016:16:31:19 -0300] "POST /cormun/servlet/trvisualizadoreventos?24c514451f6f29e7b0b83b94a33f02c7,,gx-no-cache=1457638309598 HTTP/1.1" 200 3281
186.78.63.212 - - [10/Mar/2016:16:31:20 -0300] "POST /cormun/servlet/trvisualizadoreventos?24c514451f6f29e7b0b83b94a33f02c7,,gx-no-cache=1457638309970 HTTP/1.1" 200 3281
186.103.159.44 - - [10/Mar/2016:16:31:21 -0300] "POST /cormun/servlet/solicitudot?gx-no-cache=1457638275735 HTTP/1.1" 200 30
192.168.10.89 - - [10/Mar/2016:16:31:22 -0300] "GET /cormun/servlet/hlogin HTTP/1.1" 200 1710
186.78.63.212 - - [10/Mar/2016:16:31:27 -0300] "POST /cormun/servlet/trvisualizadoreventos?24c514451f6f29e7b0b83b94a33f02c7,,gx-no-cache=1457638317002 HTTP/1.1" 200 3744
186.78.63.212 - - [10/Mar/2016:16:31:27 -0300] "GET /cormun/servlet/trvisualizadoreventos?3160b103b4fdc2fa550ecdca779333058317bac61bbd0273b16cd74e77a4b3a65f90c3a6e699bb8d3b8452d053ccd612d465fe05b2be2b4e5e4ebde72c8082aa24725b6ceed92d98f97961f1d8ffb97c9db6c5c478387b6b17e83dacb9fde1c6f85be8db5fd1e0997d0c5263c276df81b688befa8f892557f397e81c0d51a1faf45fbf623862b8964a709c3479f8a4c5242ad21736ce4ae7bb42adac17061ae08028a0229e63a459bc8da307ab2878da32e85272bbc805a095f2fb109547d275,gx-no-cache=1457638317465 HTTP/1.1" 200 1077
192.168.10.89 - - [10/Mar/2016:16:31:31 -0300] "POST /cormun/servlet/hlogin?31438fd3747b1cb0bac4c02850db2446,gx-no-cache=1457638041377 HTTP/1.1" 200 90
192.168.10.89 - - [10/Mar/2016:16:31:31 -0300] "GET /cormun/servlet/hpexe_link HTTP/1.1" 200 952
192.168.10.89 - - [10/Mar/2016:16:31:32 -0300] "GET /cormun/servlet/trsolicitudgral? HTTP/1.1" 200 13386
192.168.10.89 - - [10/Mar/2016:16:31:41 -0300] "POST /cormun/servlet/trsolicitudgral?31438fd3747b1cb0bac4c02850db2446,,gx-no-cache=1457638050995 HTTP/1.1" 200 10889
192.168.10.89 - - [10/Mar/2016:16:31:42 -0300] "POST /cormun/servlet/trsolicitudgral?31438fd3747b1cb0bac4c02850db2446,,gx-no-cache=1457638051771 HTTP/1.1" 200 10888
192.168.10.89 - - [10/Mar/2016:16:31:43 -0300] "POST /cormun/servlet/trsolicitudgral?31438fd3747b1cb0bac4c02850db2446,,gx-no-cache=1457638052642 HTTP/1.1" 200 10890
192.168.10.89 - - [10/Mar/2016:16:31:44 -0300] "POST /cormun/servlet/trsolicitudgral?31438fd3747b1cb0bac4c02850db2446,,gx-no-cache=1457638053824 HTTP/1.1" 200 10889
186.78.63.212 - - [10/Mar/2016:16:31:47 -0300] "POST /cormun/servlet/trvisualizadoreventos?24c514451f6f29e7b0b83b94a33f02c7,,gx-no-cache=1457638336808 HTTP/1.1" 200 3281
186.78.63.212 - - [10/Mar/2016:16:31:47 -0300] "GET /cormun/servlet/trvisualizadoreventos?3160b103b4fdc2fa550ecdca77933305b623e95acf42563eae34827286b97b819679156ddcec23cf038304032696a384d465fe05b2be2b4e5e4ebde72c8082aa24725b6ceed92d98f97961f1d8ffb97c9db6c5c478387b6b17e83dacb9fde1c6f85be8db5fd1e0997d0c5263c276df81b688befa8f892557f397e81c0d51a1faf45fbf623862b8964a709c3479f8a4c5242ad21736ce4ae7bb42adac17061ae08028a0229e63a459bc8da307ab2878dac9952d57c19db092f7ba8efc2f392602,gx-no-cache=1457638337284 HTTP/1.1" 200 566
186.103.159.44 - - [10/Mar/2016:16:31:50 -0300] "GET /cormun/servlet/prfichaempleado?,MD,,gxPopupLevel%3D0%3B HTTP/1.1" 200 7930
186.103.159.44 - - [10/Mar/2016:16:31:50 -0300] "GET /cormun/static/scaMessage/css/jquery-ui.css?104140 HTTP/1.1" 404 1045
186.103.159.44 - - [10/Mar/2016:16:31:50 -0300] "GET /cormun/static/Resources/Spanish/PXTools.css?16184758 HTTP/1.1" 304 -
186.103.159.44 - - [10/Mar/2016:16:31:50 -0300] "GET /cormun/static/gxcfg.js?201511151625694 HTTP/1.1" 304 -
186.103.159.44 - - [10/Mar/2016:16:31:50 -0300] "GET /cormun/static/prfichaempleado.js?201511151625857 HTTP/1.1" 304 -
186.103.159.44 - - [10/Mar/2016:16:31:50 -0300] "GET /cormun/static/menusearch.js?20163219454787 HTTP/1.1" 304 -
186.103.159.44 - - [10/Mar/2016:16:31:50 -0300] "GET /cormun/static/hmpwkw01.js?201511211495945 HTTP/1.1" 304 -
186.78.63.212 - - [10/Mar/2016:16:31:52 -0300] "POST /cormun/servlet/trvisualizadoreventos?24c514451f6f29e7b0b83b94a33f02c7,,gx-no-cache=1457638341838 HTTP/1.1" 200 3283
186.78.63.212 - - [10/Mar/2016:16:31:52 -0300] "GET /cormun/servlet/trvisualizadoreventos?3160b103b4fdc2fa550ecdca77933305e1ee4abfa927da862432ca64425cdfee5f90c3a6e699bb8d3b8452d053ccd612d465fe05b2be2b4e5e4ebde72c8082aa24725b6ceed92d98f97961f1d8ffb97c9db6c5c478387b6b17e83dacb9fde1c6f85be8db5fd1e0997d0c5263c276df81b688befa8f892557f397e81c0d51a1faf45fbf623862b8964a709c3479f8a4c5242ad21736ce4ae7bb42adac17061ae08028a0229e63a459bc8da307ab2878dac9952d57c19db092f7ba8efc2f392602,gx-no-cache=1457638342342 HTTP/1.1" 200 569
186.78.63.212 - - [10/Mar/2016:16:31:56 -0300] "POST /cormun/servlet/trvisualizadoreventos?24c514451f6f29e7b0b83b94a33f02c7,,gx-no-cache=1457638346453 HTTP/1.1" 200 3281
186.78.63.212 - - [10/Mar/2016:16:31:56 -0300] "GET /cormun/servlet/trvisualizadoreventos?3160b103b4fdc2fa550ecdca77933305b623e95acf42563eae34827286b97b815f90c3a6e699bb8d3b8452d053ccd612d465fe05b2be2b4e5e4ebde72c8082aa24725b6ceed92d98f97961f1d8ffb97c9db6c5c478387b6b17e83dacb9fde1c6f85be8db5fd1e0997d0c5263c276df81b688befa8f892557f397e81c0d51a1faf45fbf623862b8964a709c3479f8a4c5242ad21736ce4ae7bb42adac17061ae08028a0229e63a459bc8da307ab2878dac9952d57c19db092f7ba8efc2f392602,gx-no-cache=1457638346926 HTTP/1.1" 200 566
192.168.10.89 - - [10/Mar/2016:16:32:00 -0300] "POST /cormun/servlet/trsolicitudgral?31438fd3747b1cb0bac4c02850db2446,,gx-no-cache=1457638070077 HTTP/1.1" 200 4474
192.168.10.89 - - [10/Mar/2016:16:32:00 -0300] "GET /cormun/servlet/trsolicitudgral?7dfa4b06d66f407ad2c1b7b9fbde18c258d48fa3eb734742b5ae518951166c51bd370ce6cd77b6eec55b2ce0a601d8e4cfb7d81a98804000ba3dcac7e5818c30c51bbf84149a977084596727931a4d3b02ca3ef6b55658153a854dbdcbf1c831,gx-no-cache=1457638070587 HTTP/1.1" 200 641
191.112.51.239 - - [10/Mar/2016:16:32:07 -0300] "POST /cormun/servlet/hlogin?d5aff65a4b680003a63f2a0eab608872,gx-no-cache=1457638147493 HTTP/1.1" 200 454
192.168.10.89 - - [10/Mar/2016:16:32:08 -0300] "POST /cormun/servlet/trsolicitudgral?31438fd3747b1cb0bac4c02850db2446,,gx-no-cache=1457638077494 HTTP/1.1" 200 12533
186.78.63.212 - - [10/Mar/2016:16:32:09 -0300] "GET /cormun/servlet/trautorizarsolicitud? HTTP/1.1" 200 6162
192.168.10.89 - - [10/Mar/2016:16:32:09 -0300] "GET /cormun/servlet/trsolicitudgral?7dfa4b06d66f407ad2c1b7b9fbde18c2aa1e7a548cb2bdebaaa9aca61fee7ae0667a475114bf9ceb3cb116dd3b87af0b177efda2763c96486c04f188a598e16de538bbab86a7a9d87c15fedea65a431dd5b1f335670b30be07605f5d70724672,gx-no-cache=1457638079405 HTTP/1.1" 200 10179
186.78.63.212 - - [10/Mar/2016:16:32:11 -0300] "GET /cormun/servlet/trautorizarsolicitud? HTTP/1.1" 200 6162
186.103.159.44 - - [10/Mar/2016:16:32:14 -0300] "GET /cormun/servlet/prfichaempleado?c60388a73c5fae40532c0d4d373775f40416168702f55919d3153279e7cfe58d3ea72f6ca31710fad65c48aed6432932cfc4c829cfd8119fd8adfff22c6a752e,gx-no-cache=1457638328549 HTTP/1.1" 200 461
186.103.159.44 - - [10/Mar/2016:16:32:16 -0300] "GET /cormun/servlet/prfichaempleado?c60388a73c5fae40532c0d4d373775f4f9e62d53c4fe6f25bb91a6fe30b732d24b4c8c602f188ecf49838e838e7f44d1a2a343c5dff41fea02c6483e9c3e2720,gx-no-cache=1457638330481 HTTP/1.1" 200 466
186.103.159.44 - - [10/Mar/2016:16:32:17 -0300] "GET /cormun/servlet/prfichaempleado?c60388a73c5fae40532c0d4d373775f4534294316daf56636126456ce23852fd3ea72f6ca31710fad65c48aed6432932f452001b6f34277c3dc71b2340756514,gx-no-cache=1457638331929 HTTP/1.1" 200 461
186.103.159.44 - - [10/Mar/2016:16:32:19 -0300] "GET /cormun/servlet/prfichaempleado?c60388a73c5fae40532c0d4d373775f47b7d94210fd3302ce6ff3ae402495f16e0c1566d76cf520d920529234ccaa3065439849b974044dee7398bad067006f3e516ee787fba0b085fba694e25dd7801,gx-no-cache=1457638333006 HTTP/1.1" 200 464
186.78.63.212 - - [10/Mar/2016:16:32:19 -0300] "POST /cormun/servlet/trautorizarsolicitud?24c514451f6f29e7b0b83b94a33f02c7,,gx-no-cache=1457638369721 HTTP/1.1" 200 3473
186.78.63.212 - - [10/Mar/2016:16:32:20 -0300] "POST /cormun/servlet/trautorizarsolicitud?24c514451f6f29e7b0b83b94a33f02c7,,gx-no-cache=1457638370129 HTTP/1.1" 200 3473
186.78.63.212 - - [10/Mar/2016:16:32:20 -0300] "POST /cormun/servlet/trautorizarsolicitud?24c514451f6f29e7b0b83b94a33f02c7,,gx-no-cache=1457638370516 HTTP/1.1" 200 3471
186.78.63.212 - - [10/Mar/2016:16:32:21 -0300] "POST /cormun/servlet/trautorizarsolicitud?24c514451f6f29e7b0b83b94a33f02c7,,gx-no-cache=1457638370911 HTTP/1.1" 200 3473
186.78.63.212 - - [10/Mar/2016:16:32:21 -0300] "POST /cormun/servlet/trautorizarsolicitud?24c514451f6f29e7b0b83b94a33f02c7,,gx-no-cache=1457638371308 HTTP/1.1" 200 3473
186.103.159.44 - - [10/Mar/2016:16:32:21 -0300] "GET /cormun/servlet/prfichaempleado?c60388a73c5fae40532c0d4d373775f42ae1b3e95dd8e7641811bee1db101b8665ddf07f843c3206b9fd42b36315ca4dae48d4f7ea957461ade25587208eb91e86b779f5d02c30a7a0cdfaebf35944fd,gx-no-cache=1457638335798 HTTP/1.1" 200 468
186.78.63.212 - - [10/Mar/2016:16:32:21 -0300] "POST /cormun/servlet/trautorizarsolicitud?24c514451f6f29e7b0b83b94a33f02c7,,gx-no-cache=1457638371712 HTTP/1.1" 200 3473
186.78.63.212 - - [10/Mar/2016:16:32:22 -0300] "POST /cormun/servlet/trautorizarsolicitud?24c514451f6f29e7b0b83b94a33f02c7,,gx-no-cache=1457638372119 HTTP/1.1" 200 3473
186.78.63.212 - - [10/Mar/2016:16:32:22 -0300] "POST /cormun/servlet/trautorizarsolicitud?24c514451f6f29e7b0b83b94a33f02c7,,gx-no-cache=1457638372570 HTTP/1.1" 200 3474
191.112.51.239 - - [10/Mar/2016:16:32:24 -0300] "POST /cormun/servlet/hlogin?d5aff65a4b680003a63f2a0eab608872,gx-no-cache=1457638164258 HTTP/1.1" 200 454
186.103.159.44 - - [10/Mar/2016:16:32:24 -0300] "GET /cormun/servlet/prfichaempleado?c60388a73c5fae40532c0d4d373775f42ae1b3e95dd8e7641811bee1db101b869fcda6c59a3df61a56be651dcbcbbabadd195d69967e6b879312c1d3249d4adb4f0b20bec80eeeeb9cbf4508cabae575,gx-no-cache=1457638338624 HTTP/1.1" 200 468
186.78.63.212 - - [10/Mar/2016:16:32:24 -0300] "POST /cormun/servlet/acontrolpreferencessavestate?None,ELOBOS,true HTTP/1.1" 200 35
186.78.63.212 - - [10/Mar/2016:16:32:26 -0300] "POST /cormun/servlet/acontrolpreferencessavestate?None,ELOBOS,true HTTP/1.1" 200 35
186.103.159.44 - - [10/Mar/2016:16:32:26 -0300] "POST /cormun/servlet/prfichaempleado?b8c89e077de85cfcea109bb0533cadea,,MD,,gxPopupLevel%3D0%3B,gx-no-cache=1457638340837 HTTP/1.1" 200 2896
186.78.63.212 - - [10/Mar/2016:16:32:39 -0300] "GET /cormun/servlet/trsolicitudot? HTTP/1.1" 200 7521
186.78.63.212 - - [10/Mar/2016:16:32:41 -0300] "GET /cormun/servlet/trsolicitudot? HTTP/1.1" 200 7520
191.112.51.239 - - [10/Mar/2016:16:32:46 -0300] "POST /cormun/servlet/hlogin?d5aff65a4b680003a63f2a0eab608872,gx-no-cache=1457638186157 HTTP/1.1" 200 454
186.78.63.212 - - [10/Mar/2016:16:32:46 -0300] "GET /cormun/servlet/solicitudot?INS,0,0, HTTP/1.1" 200 11475
186.78.63.212 - - [10/Mar/2016:16:32:48 -0300] "GET /cormun/servlet/solicitudot?INS,0,0, HTTP/1.1" 200 11479
186.78.63.212 - - [10/Mar/2016:16:33:17 -0300] "GET /cormun/servlet/prfichaempleado?,MD,,gxPopupLevel%3D0%3B HTTP/1.1" 200 7907
186.78.63.212 - - [10/Mar/2016:16:33:17 -0300] "GET /cormun/static/scaMessage/css/jquery-ui.css?104140 HTTP/1.1" 404 1045
191.112.51.239 - - [10/Mar/2016:16:33:26 -0300] "POST /cormun/servlet/hlogin?d5aff65a4b680003a63f2a0eab608872,gx-no-cache=1457638226147 HTTP/1.1" 200 453
186.78.63.212 - - [10/Mar/2016:16:33:27 -0300] "GET /cormun/servlet/prfichaempleado?3160b103b4fdc2fa550ecdca7793330565bec829ed59a3e368aa25473a1d71fb7fa724c9ad79f4638dd05858e3f11cb5c06780584b304a7458f9817dcd867236,gx-no-cache=1457638437618 HTTP/1.1" 200 463
186.78.63.212 - - [10/Mar/2016:16:33:28 -0300] "GET /cormun/servlet/prfichaempleado?3160b103b4fdc2fa550ecdca77933305ce3e225e1d3858e9f4cd4729d553d1a5f7cc4b388936851300d6e1aa062f73e0480d7535dbb9e510b75d29eea14b49c2,gx-no-cache=1457638438213 HTTP/1.1" 200 463
186.78.63.212 - - [10/Mar/2016:16:33:28 -0300] "GET /cormun/servlet/prfichaempleado?3160b103b4fdc2fa550ecdca77933305d6dcdd59041a2bf80d024e0adebac523f47ebe013fca06e0d66c2b3b65e446ae2fd6b7714edcd96ffc5275a2f6d746630e3dabd159e77a689e73956c0bf4b321,gx-no-cache=1457638438796 HTTP/1.1" 200 464
186.78.63.212 - - [10/Mar/2016:16:33:31 -0300] "GET /cormun/servlet/prfichaempleado?3160b103b4fdc2fa550ecdca77933305137b0a9cfc07518b17ab16f618dbc8b743b3c2f6b49f447789a6fdd7cccac099d2771ffa8ae9534adea70c8f503994618a31798ffe21215b40c0b6b8e73b72ed,gx-no-cache=1457638441798 HTTP/1.1" 200 464
186.78.63.212 - - [10/Mar/2016:16:33:32 -0300] "GET /cormun/servlet/prfichaempleado?3160b103b4fdc2fa550ecdca77933305137b0a9cfc07518b17ab16f618dbc8b7732fcb11c9d1336e16a8b193205ef05218f10228b24faf72591f3c8b09a4919f9e2ba6482dee0494dbbf8bfdcbeabb28,gx-no-cache=1457638442607 HTTP/1.1" 200 464
186.78.63.212 - - [10/Mar/2016:16:33:34 -0300] "POST /cormun/servlet/prfichaempleado?24c514451f6f29e7b0b83b94a33f02c7,,MD,,gxPopupLevel%3D0%3B,gx-no-cache=1457638444127 HTTP/1.1" 200 2870
191.112.51.239 - - [10/Mar/2016:16:33:34 -0300] "POST /cormun/servlet/hlogin?d5aff65a4b680003a63f2a0eab608872,gx-no-cache=1457638234488 HTTP/1.1" 200 453
186.78.63.212 - - [10/Mar/2016:16:33:59 -0300] "POST /cormun/servlet/solicitudot?gx-no-cache=1457638469676 HTTP/1.1" 200 2668
186.78.63.212 - - [10/Mar/2016:16:34:00 -0300] "POST /cormun/servlet/solicitudot?24c514451f6f29e7b0b83b94a33f02c7,INS,0,0,,gx-no-cache=1457638470117 HTTP/1.1" 200 8296
186.78.63.212 - - [10/Mar/2016:16:34:06 -0300] "GET /cormun/servlet/prfichaempleado?,MD,,gxPopupLevel%3D0%3B HTTP/1.1" 200 7907
186.78.63.212 - - [10/Mar/2016:16:34:06 -0300] "GET /cormun/static/scaMessage/css/jquery-ui.css?104140 HTTP/1.1" 404 1045
192.168.10.89 - - [10/Mar/2016:16:34:21 -0300] "GET /cormun/servlet/hlogin HTTP/1.1" 200 1731
186.78.63.212 - - [10/Mar/2016:16:34:22 -0300] "GET /cormun/servlet/solicitudot?9995f4012641187db0bfa7104abcd7e525e66c17b8bcc1c7e4e911b68415856bda61046aba8891107f05acb1b15962ab,gx-no-cache=1457638492390 HTTP/1.1" 200 30
192.168.10.89 - - [10/Mar/2016:16:35:11 -0300] "POST /cormun/servlet/hlogin?31438fd3747b1cb0bac4c02850db2446,gx-no-cache=1457638260632 HTTP/1.1" 200 90
192.168.10.89 - - [10/Mar/2016:16:35:11 -0300] "GET /cormun/servlet/hpexe_link HTTP/1.1" 200 943
192.168.10.89 - - [10/Mar/2016:16:35:11 -0300] "GET /cormun/servlet/hhome HTTP/1.1" 200 3452
192.168.10.89 - - [10/Mar/2016:16:35:13 -0300] "GET /cormun/servlet/trautorizarsolicitud? HTTP/1.1" 200 6158
192.168.10.89 - - [10/Mar/2016:16:35:15 -0300] "GET /cormun/static/menuarrow.gif HTTP/1.1" 404 1015
186.78.63.212 - - [10/Mar/2016:16:35:17 -0300] "POST /cormun/servlet/solicitudot?24c514451f6f29e7b0b83b94a33f02c7,INS,0,0,,gx-no-cache=1457638547319 HTTP/1.1" 200 90
186.78.63.212 - - [10/Mar/2016:16:35:17 -0300] "GET /cormun/servlet/hpexe_link HTTP/1.1" 200 963
186.78.63.212 - - [10/Mar/2016:16:35:18 -0300] "GET /cormun/servlet/trsolicitudot HTTP/1.1" 200 7521
186.78.63.212 - - [10/Mar/2016:16:35:20 -0300] "GET /cormun/servlet/trsolicitudot HTTP/1.1" 200 7520
192.168.10.89 - - [10/Mar/2016:16:35:22 -0300] "POST /cormun/servlet/trautorizarsolicitud?31438fd3747b1cb0bac4c02850db2446,,gx-no-cache=1457638271591 HTTP/1.1" 200 3469
192.168.10.89 - - [10/Mar/2016:16:35:22 -0300] "POST /cormun/servlet/trautorizarsolicitud?31438fd3747b1cb0bac4c02850db2446,,gx-no-cache=1457638271823 HTTP/1.1" 200 3469
192.168.10.89 - - [10/Mar/2016:16:35:22 -0300] "POST /cormun/servlet/trautorizarsolicitud?31438fd3747b1cb0bac4c02850db2446,,gx-no-cache=1457638272084 HTTP/1.1" 200 3469
192.168.10.89 - - [10/Mar/2016:16:35:22 -0300] "POST /cormun/servlet/trautorizarsolicitud?31438fd3747b1cb0bac4c02850db2446,,gx-no-cache=1457638272350 HTTP/1.1" 200 3468
192.168.10.89 - - [10/Mar/2016:16:35:23 -0300] "POST /cormun/servlet/trautorizarsolicitud?31438fd3747b1cb0bac4c02850db2446,,gx-no-cache=1457638272696 HTTP/1.1" 200 3469
192.168.10.89 - - [10/Mar/2016:16:35:23 -0300] "POST /cormun/servlet/trautorizarsolicitud?31438fd3747b1cb0bac4c02850db2446,,gx-no-cache=1457638273085 HTTP/1.1" 200 3469
192.168.10.89 - - [10/Mar/2016:16:35:23 -0300] "POST /cormun/servlet/trautorizarsolicitud?31438fd3747b1cb0bac4c02850db2446,,gx-no-cache=1457638273493 HTTP/1.1" 200 3469
192.168.10.89 - - [10/Mar/2016:16:35:26 -0300] "POST /cormun/servlet/trautorizarsolicitud?31438fd3747b1cb0bac4c02850db2446,,gx-no-cache=1457638273956 HTTP/1.1" 200 3469
186.78.63.212 - - [10/Mar/2016:16:35:27 -0300] "POST /cormun/servlet/trsolicitudot?24c514451f6f29e7b0b83b94a33f02c7,gx-no-cache=1457638557747 HTTP/1.1" 200 4941
186.78.63.212 - - [10/Mar/2016:16:35:28 -0300] "POST /cormun/servlet/trsolicitudot?24c514451f6f29e7b0b83b94a33f02c7,gx-no-cache=1457638558224 HTTP/1.1" 200 4941
186.78.63.212 - - [10/Mar/2016:16:35:28 -0300] "POST /cormun/servlet/trsolicitudot?24c514451f6f29e7b0b83b94a33f02c7,gx-no-cache=1457638558674 HTTP/1.1" 200 4941
186.78.63.212 - - [10/Mar/2016:16:35:29 -0300] "POST /cormun/servlet/trsolicitudot?24c514451f6f29e7b0b83b94a33f02c7,gx-no-cache=1457638559141 HTTP/1.1" 200 4940
186.78.63.212 - - [10/Mar/2016:16:35:29 -0300] "POST /cormun/servlet/trsolicitudot?24c514451f6f29e7b0b83b94a33f02c7,gx-no-cache=1457638559623 HTTP/1.1" 200 4940
192.168.10.89 - - [10/Mar/2016:16:35:30 -0300] "GET /cormun/servlet/trsolicitudot? HTTP/1.1" 200 7809
186.78.63.212 - - [10/Mar/2016:16:35:35 -0300] "POST /cormun/servlet/trsolicitudot?24c514451f6f29e7b0b83b94a33f02c7,gx-no-cache=1457638565170 HTTP/1.1" 200 5256
186.78.63.212 - - [10/Mar/2016:16:35:35 -0300] "GET /cormun/servlet/trsolicitudot?3160b103b4fdc2fa550ecdca779333056a78add801fcec07c01090c23cfb47f50cc3b87c8b616f9de724e40d5bffd24d997e2d50db81f01969b3870baec5dc73a41168c5e886b7197597e2d3803484526bc769fbab85283b3780935b1ea79f76,gx-no-cache=1457638565744 HTTP/1.1" 200 2578
192.168.10.89 - - [10/Mar/2016:16:35:47 -0300] "POST /cormun/servlet/trsolicitudot?31438fd3747b1cb0bac4c02850db2446,,gx-no-cache=1457638296585 HTTP/1.1" 200 5251
192.168.10.89 - - [10/Mar/2016:16:35:47 -0300] "POST /cormun/servlet/trsolicitudot?31438fd3747b1cb0bac4c02850db2446,,gx-no-cache=1457638296940 HTTP/1.1" 200 5251
192.168.10.89 - - [10/Mar/2016:16:35:47 -0300] "POST /cormun/servlet/trsolicitudot?31438fd3747b1cb0bac4c02850db2446,,gx-no-cache=1457638297266 HTTP/1.1" 200 5251
192.168.10.89 - - [10/Mar/2016:16:35:48 -0300] "POST /cormun/servlet/trsolicitudot?31438fd3747b1cb0bac4c02850db2446,,gx-no-cache=1457638297637 HTTP/1.1" 200 5250
192.168.10.89 - - [10/Mar/2016:16:35:48 -0300] "POST /cormun/servlet/trsolicitudot?31438fd3747b1cb0bac4c02850db2446,,gx-no-cache=1457638298077 HTTP/1.1" 200 5250
192.168.10.89 - - [10/Mar/2016:16:35:48 -0300] "POST /cormun/servlet/trsolicitudot?31438fd3747b1cb0bac4c02850db2446,,gx-no-cache=1457638298528 HTTP/1.1" 200 5251
192.168.10.89 - - [10/Mar/2016:16:35:49 -0300] "POST /cormun/servlet/trsolicitudot?31438fd3747b1cb0bac4c02850db2446,,gx-no-cache=1457638299045 HTTP/1.1" 200 5251
192.168.10.89 - - [10/Mar/2016:16:35:52 -0300] "POST /cormun/servlet/trsolicitudot?31438fd3747b1cb0bac4c02850db2446,,gx-no-cache=1457638299620 HTTP/1.1" 200 5497
192.168.10.89 - - [10/Mar/2016:16:35:53 -0300] "GET /cormun/static/Shared/jqueryui/images/ui-bg_highlight-soft_100_c6c2c8_1x100.png HTTP/1.1" 404 1117
192.168.10.89 - - [10/Mar/2016:16:35:53 -0300] "GET /cormun/static/Shared/jqueryui/images/ui-icons_82798d_256x240.png HTTP/1.1" 404 1089
192.168.10.89 - - [10/Mar/2016:16:35:53 -0300] "GET /cormun/static/Shared/jqueryui/images/ui-bg_flat_55_fafafa_40x100.png HTTP/1.1" 404 1097
192.168.10.89 - - [10/Mar/2016:16:35:53 -0300] "GET /cormun/static/Shared/jqueryui/images/ui-icons_8d78a5_256x240.png HTTP/1.1" 404 1089
192.168.10.89 - - [10/Mar/2016:16:36:38 -0300] "GET /cormun/servlet/hlogin HTTP/1.1" 200 1729
191.112.51.239 - - [10/Mar/2016:16:44:41 -0300] "POST /cormun/servlet/hlogin?d5aff65a4b680003a63f2a0eab608872,gx-no-cache=1457638901296 HTTP/1.1" 200 453
191.112.51.239 - - [10/Mar/2016:16:44:48 -0300] "POST /cormun/servlet/hlogin?d5aff65a4b680003a63f2a0eab608872,gx-no-cache=1457638908561 HTTP/1.1" 200 453
191.112.51.239 - - [10/Mar/2016:16:44:49 -0300] "POST /cormun/servlet/hlogin?d5aff65a4b680003a63f2a0eab608872,gx-no-cache=1457638909745 HTTP/1.1" 200 452
191.112.51.239 - - [10/Mar/2016:16:45:16 -0300] "POST /cormun/servlet/hlogin?d5aff65a4b680003a63f2a0eab608872,gx-no-cache=1457638936289 HTTP/1.1" 200 453
191.112.51.239 - - [10/Mar/2016:16:45:25 -0300] "GET /cormun/servlet/trautorizarsolicitud? HTTP/1.1" 200 5749
191.112.51.239 - - [10/Mar/2016:16:45:28 -0300] "GET /cormun/servlet/trautorizarsolicitud? HTTP/1.1" 200 5760
191.112.51.239 - - [10/Mar/2016:16:45:28 -0300] "GET /cormun/servlet/hlogin HTTP/1.1" 200 1735
186.78.63.212 - - [10/Mar/2016:16:45:29 -0300] "GET /cormun/servlet/hhome HTTP/1.1" 200 3459
186.78.63.212 - - [10/Mar/2016:16:45:30 -0300] "GET /cormun/servlet/hhome HTTP/1.1" 200 3456
186.78.63.212 - - [10/Mar/2016:16:45:38 -0300] "GET /cormun/servlet/trvisualizadoreventos? HTTP/1.1" 200 5975
186.78.63.212 - - [10/Mar/2016:16:45:39 -0300] "GET /cormun/servlet/trvisualizadoreventos? HTTP/1.1" 200 5975
186.78.63.212 - - [10/Mar/2016:16:45:45 -0300] "GET /cormun/servlet/trautorizarsolicitud? HTTP/1.1" 200 6162
186.78.63.212 - - [10/Mar/2016:16:45:46 -0300] "GET /cormun/servlet/trautorizarsolicitud? HTTP/1.1" 200 6162
186.78.63.212 - - [10/Mar/2016:16:45:50 -0300] "POST /cormun/servlet/trautorizarsolicitud?24c514451f6f29e7b0b83b94a33f02c7,,gx-no-cache=1457639179739 HTTP/1.1" 200 3473
186.78.63.212 - - [10/Mar/2016:16:45:50 -0300] "POST /cormun/servlet/trautorizarsolicitud?24c514451f6f29e7b0b83b94a33f02c7,,gx-no-cache=1457639180080 HTTP/1.1" 200 3473
186.78.63.212 - - [10/Mar/2016:16:45:51 -0300] "POST /cormun/servlet/trautorizarsolicitud?24c514451f6f29e7b0b83b94a33f02c7,,gx-no-cache=1457639180432 HTTP/1.1" 200 3472
186.78.63.212 - - [10/Mar/2016:16:45:51 -0300] "POST /cormun/servlet/trautorizarsolicitud?24c514451f6f29e7b0b83b94a33f02c7,,gx-no-cache=1457639180804 HTTP/1.1" 200 3472
186.78.63.212 - - [10/Mar/2016:16:45:57 -0300] "POST /cormun/servlet/trautorizarsolicitud?24c514451f6f29e7b0b83b94a33f02c7,,gx-no-cache=1457639186872 HTTP/1.1" 200 5224
186.78.63.212 - - [10/Mar/2016:16:45:57 -0300] "GET /cormun/servlet/trautorizarsolicitud?3160b103b4fdc2fa550ecdca779333056a78add801fcec07c01090c23cfb47f56e513f5b37980f77b506287b76ad60b9945dfdb01b80f73f304cfa93dde1d5bec7f27b6d0aee616690e1c9fafd531ed9e73dc33b27b856d3efe09afae3a1b341,gx-no-cache=1457639187284 HTTP/1.1" 200 2574
186.78.63.212 - - [10/Mar/2016:16:46:08 -0300] "GET /cormun/servlet/hhome HTTP/1.1" 200 3459
186.78.63.212 - - [10/Mar/2016:16:46:08 -0300] "GET /cormun/servlet/hhome HTTP/1.1" 200 3456
191.112.51.239 - - [10/Mar/2016:16:50:11 -0300] "POST /cormun/servlet/hlogin?d5aff65a4b680003a63f2a0eab608872,gx-no-cache=1457639231481 HTTP/1.1" 200 452
191.112.91.30 - - [10/Mar/2016:16:51:28 -0300] "GET /cormun/servlet/trautorizarsolicitud? HTTP/1.1" 200 5752
191.112.91.30 - - [10/Mar/2016:16:51:29 -0300] "GET /cormun/static/Resources/Spanish/PXTools.css?19444614 HTTP/1.1" 304 -
191.112.91.30 - - [10/Mar/2016:16:51:29 -0300] "GET /cormun/static/gxcfg.js?20163219504791 HTTP/1.1" 304 -
191.112.91.30 - - [10/Mar/2016:16:51:29 -0300] "GET /cormun/static/messages.spa.js?85251 HTTP/1.1" 304 -
191.112.91.30 - - [10/Mar/2016:16:51:29 -0300] "GET /cormun/static/trautorizarsolicitud.js?20163219505323 HTTP/1.1" 304 -
191.112.91.30 - - [10/Mar/2016:16:51:29 -0300] "GET /cormun/static/hwchdr01.js?20162241650484 HTTP/1.1" 304 -
191.112.91.30 - - [10/Mar/2016:16:51:29 -0300] "GET /cormun/static/hpexe_recentlink.js?2015111312121342 HTTP/1.1" 304 -
191.112.91.30 - - [10/Mar/2016:16:51:30 -0300] "GET /cormun/static/hpexe_scripts.js?20151120014546 HTTP/1.1" 304 -
191.112.91.30 - - [10/Mar/2016:16:51:30 -0300] "GET /cormun/static/hpexe_messagecontroller.js?2015112210524422 HTTP/1.1" 304 -
191.112.91.30 - - [10/Mar/2016:16:51:30 -0300] "GET /cormun/static/hpexe_messagepopupcomponent.js?20163219454551 HTTP/1.1" 304 -
191.112.91.30 - - [10/Mar/2016:16:51:30 -0300] "GET /cormun/static/hpexe_messagegenexuscomponent.js?20151120014314 HTTP/1.1" 304 -
191.112.91.30 - - [10/Mar/2016:16:51:30 -0300] "GET /cormun/static/cmcontrolpreferences.js?20151120014525 HTTP/1.1" 304 -
191.112.91.30 - - [10/Mar/2016:16:51:30 -0300] "GET /cormun/static/hmpwkw03.js?2016311993330 HTTP/1.1" 304 -
191.112.91.30 - - [10/Mar/2016:16:51:31 -0300] "GET /cormun/servlet/trautorizarsolicitud? HTTP/1.1" 200 5763
191.112.91.30 - - [10/Mar/2016:16:51:31 -0300] "GET /cormun/servlet/hlogin HTTP/1.1" 200 1736
191.112.91.30 - - [10/Mar/2016:16:51:32 -0300] "GET /cormun/static/Resources/Spanish/PXTools.css?005343 HTTP/1.1" 304 -
191.112.91.30 - - [10/Mar/2016:16:51:32 -0300] "GET /cormun/static/gxcfg.js?20151120045111 HTTP/1.1" 304 -
191.112.91.30 - - [10/Mar/2016:16:51:32 -0300] "GET /cormun/static/hlogin.js?20151120045126 HTTP/1.1" 304 -
191.112.91.30 - - [10/Mar/2016:16:51:33 -0300] "GET /favicon.ico HTTP/1.1" 200 21630
200.112.233.47 - - [10/Mar/2016:16:52:42 -0300] "GET /cormun/servlet/hlogin HTTP/1.1" 200 1707
200.112.233.47 - - [10/Mar/2016:16:52:42 -0300] "GET /cormun/static/Resources/Spanish/PXTools.css?005343 HTTP/1.1" 304 -
200.112.233.47 - - [10/Mar/2016:16:52:43 -0300] "GET /cormun/static/gxtimezone.js?85251 HTTP/1.1" 304 -
200.112.233.47 - - [10/Mar/2016:16:52:43 -0300] "GET /cormun/static/gxgral.js?85251 HTTP/1.1" 304 -
200.112.233.47 - - [10/Mar/2016:16:52:43 -0300] "GET /cormun/static/gxcfg.js?20151120045111 HTTP/1.1" 304 -
200.112.233.47 - - [10/Mar/2016:16:52:43 -0300] "GET /cormun/static/hlogin.js?20151120045126 HTTP/1.1" 304 -
200.112.233.47 - - [10/Mar/2016:16:52:43 -0300] "GET /cormun/static/messages.spa.js?85251 HTTP/1.1" 304 -
200.112.233.47 - - [10/Mar/2016:16:52:43 -0300] "GET /cormun/static/Resources/ComunLogin.png HTTP/1.1" 304 -
200.112.233.47 - - [10/Mar/2016:16:52:44 -0300] "GET /cormun/static/Resources/PXToolsLoginTop.png HTTP/1.1" 304 -
200.112.233.47 - - [10/Mar/2016:16:52:44 -0300] "GET /cormun/static/Resources/PXToolsLoginBackground.png HTTP/1.1" 304 -
200.112.233.47 - - [10/Mar/2016:16:52:44 -0300] "GET /cormun/static/Resources/PXToolsButtonLeft21.png HTTP/1.1" 304 -
200.112.233.47 - - [10/Mar/2016:16:52:44 -0300] "GET /cormun/static/Resources/PXToolsButtonBackground2.png HTTP/1.1" 304 -
200.112.233.47 - - [10/Mar/2016:16:52:44 -0300] "GET /cormun/static/Resources/PXToolsButtonRight21.png HTTP/1.1" 304 -
200.112.233.47 - - [10/Mar/2016:16:52:44 -0300] "GET /cormun/static/Resources/PXToolsLoginBottom.png HTTP/1.1" 304 -
200.112.233.47 - - [10/Mar/2016:16:52:44 -0300] "GET /cormun/servlet/hlogin HTTP/1.1" 200 1707
200.112.233.47 - - [10/Mar/2016:16:52:44 -0300] "GET /cormun/static/Resources/indicator.gif HTTP/1.1" 304 -
200.112.233.47 - - [10/Mar/2016:16:53:03 -0300] "POST /cormun/servlet/hlogin?5211ee03b54d4d8ea6fed5899ebe055f,gx-no-cache=1457639610694 HTTP/1.1" 200 90
200.112.233.47 - - [10/Mar/2016:16:53:03 -0300] "GET /cormun/servlet/hpexe_link HTTP/1.1" 200 943
200.112.233.47 - - [10/Mar/2016:16:53:03 -0300] "GET /cormun/static/gxcfg.js?20151120044395 HTTP/1.1" 304 -
200.112.233.47 - - [10/Mar/2016:16:53:03 -0300] "GET /cormun/static/hpexe_link.js?20151120044398 HTTP/1.1" 304 -
200.112.233.47 - - [10/Mar/2016:16:53:03 -0300] "GET /cormun/servlet/hhome HTTP/1.1" 200 3433
200.112.233.47 - - [10/Mar/2016:16:53:04 -0300] "GET /cormun/static/Resources/Spanish/PXTools.css?10515224 HTTP/1.1" 304 -
200.112.233.47 - - [10/Mar/2016:16:53:04 -0300] "GET /cormun/static/Shared/jqueryui/jquery-ui.min.css?1345370 HTTP/1.1" 304 -
200.112.233.47 - - [10/Mar/2016:16:53:04 -0300] "GET /cormun/static/SmoothNavMenu/resources/ddsmoothmenu.css?1112540 HTTP/1.1" 304 -
200.112.233.47 - - [10/Mar/2016:16:53:04 -0300] "GET /cormun/static/SmoothNavMenu/resources/ddsmoothmenu-v.css?1112540 HTTP/1.1" 304 -
200.112.233.47 - - [10/Mar/2016:16:53:04 -0300] "GET /cormun/static/scaMessage/css/jquery.pnotify.default.css?1816380 HTTP/1.1" 304 -
200.112.233.47 - - [10/Mar/2016:16:53:04 -0300] "GET /cormun/static/PXToolsJavascripts/pexe_grid.js HTTP/1.1" 304 -
200.112.233.47 - - [10/Mar/2016:16:53:04 -0300] "GET /cormun/static/PXToolsJavascripts/pexe_windows.js HTTP/1.1" 304 -
200.112.233.47 - - [10/Mar/2016:16:53:04 -0300] "GET /cormun/static/PXToolsJavascripts/pexe_menudivfix.js HTTP/1.1" 304 -
200.112.233.47 - - [10/Mar/2016:16:53:05 -0300] "GET /cormun/static/gxcfg.js?2015112210564248 HTTP/1.1" 304 -
200.112.233.47 - - [10/Mar/2016:16:53:05 -0300] "GET /cormun/static/PXToolsJavascripts/pexe_menus.js HTTP/1.1" 304 -
200.112.233.47 - - [10/Mar/2016:16:53:05 -0300] "GET /cormun/static/PXToolsJavascripts/pexe_layers.js HTTP/1.1" 304 -
200.112.233.47 - - [10/Mar/2016:16:53:05 -0300] "GET /cormun/static/PXToolsJavascripts/pexe_oav.js HTTP/1.1" 304 -
200.112.233.47 - - [10/Mar/2016:16:53:05 -0300] "GET /cormun/static/PXToolsJavascripts/pexe_oavdivfix.js HTTP/1.1" 304 -
200.112.233.47 - - [10/Mar/2016:16:53:05 -0300] "GET /cormun/static/PXToolsJavascripts/pexe_picture.js HTTP/1.1" 304 -
200.112.233.47 - - [10/Mar/2016:16:53:05 -0300] "GET /cormun/static/PXToolsJavascripts/pexe_popup.js HTTP/1.1" 304 -
200.112.233.47 - - [10/Mar/2016:16:53:05 -0300] "GET /cormun/static/PXToolsJavascripts/pexe_scrolldiv.js HTTP/1.1" 304 -
200.112.233.47 - - [10/Mar/2016:16:53:05 -0300] "GET /cormun/static/PXToolsJavascripts/pexe_tabs.js HTTP/1.1" 304 -
200.112.233.47 - - [10/Mar/2016:16:53:05 -0300] "GET /cormun/static/PXToolsJavascripts/pexe_tabdivfix.js HTTP/1.1" 304 -
200.112.233.47 - - [10/Mar/2016:16:53:05 -0300] "GET /cormun/static/PXToolsJavascripts/pexe_upload.js HTTP/1.1" 304 -
200.112.233.47 - - [10/Mar/2016:16:53:05 -0300] "GET /cormun/static/PXToolsJavascripts/PXToolsJavascriptsRender.js HTTP/1.1" 304 -
200.112.233.47 - - [10/Mar/2016:16:53:05 -0300] "GET /cormun/static/RunJS/RunJS.js HTTP/1.1" 304 -
200.112.233.47 - - [10/Mar/2016:16:53:05 -0300] "GET /cormun/static/Shared/ext/ext-all.js HTTP/1.1" 304 -
200.112.233.47 - - [10/Mar/2016:16:53:05 -0300] "GET /cormun/static/gxui/gxui-all.js HTTP/1.1" 304 -
200.112.233.47 - - [10/Mar/2016:16:53:05 -0300] "GET /cormun/static/Shared/ext/locale/ext-lang-en.js HTTP/1.1" 304 -
200.112.233.47 - - [10/Mar/2016:16:53:05 -0300] "GET /cormun/static/hhome.js?2015112210564255 HTTP/1.1" 304 -
200.112.233.47 - - [10/Mar/2016:16:53:05 -0300] "GET /cormun/static/hwchdr01.js?20162241650484 HTTP/1.1" 304 -
200.112.233.47 - - [10/Mar/2016:16:53:05 -0300] "GET /cormun/static/hpexe_recentlink.js?2015111312121342 HTTP/1.1" 304 -
200.112.233.47 - - [10/Mar/2016:16:53:05 -0300] "GET /cormun/static/hpexe_scripts.js?20151120014546 HTTP/1.1" 304 -
200.112.233.47 - - [10/Mar/2016:16:53:05 -0300] "GET /cormun/static/hpexe_messagecontroller.js?2015112210524422 HTTP/1.1" 304 -
200.112.233.47 - - [10/Mar/2016:16:53:05 -0300] "GET /cormun/static/hpexe_messagegenexuscomponent.js?20151120014314 HTTP/1.1" 304 -
200.112.233.47 - - [10/Mar/2016:16:53:05 -0300] "GET /cormun/static/hpexe_messagepopupcomponent.js?20163219454551 HTTP/1.1" 304 -
200.112.233.47 - - [10/Mar/2016:16:53:05 -0300] "GET /cormun/static/cmcontrolpreferences.js?20151120014525 HTTP/1.1" 304 -
200.112.233.47 - - [10/Mar/2016:16:53:06 -0300] "GET /cormun/static/Shared/jquery/jquery-1.4.2.min.js HTTP/1.1" 304 -
200.112.233.47 - - [10/Mar/2016:16:53:06 -0300] "GET /cormun/static/Shared/jquery/jquery-1.10.2.min.js HTTP/1.1" 304 -
200.112.233.47 - - [10/Mar/2016:16:53:06 -0300] "GET /cormun/static/Shared/jqueryui/jquery-ui.min.js HTTP/1.1" 304 -
200.112.233.47 - - [10/Mar/2016:16:53:06 -0300] "GET /cormun/static/SmoothNavMenu/resources/ddsmoothmenu.js HTTP/1.1" 304 -
200.112.233.47 - - [10/Mar/2016:16:53:06 -0300] "GET /cormun/static/SmoothNavMenu/resources/SmoothNavMenuRender.js HTTP/1.1" 304 -
200.112.233.47 - - [10/Mar/2016:16:53:06 -0300] "GET /cormun/static/scaMessage/js/jquery.pnotify.min.js HTTP/1.1" 304 -
200.112.233.47 - - [10/Mar/2016:16:53:06 -0300] "GET /cormun/static/scaMessage/scaMessageRender.js HTTP/1.1" 304 -
200.112.233.47 - - [10/Mar/2016:16:53:06 -0300] "GET /cormun/static/hmpwkw03.js?2016311993330 HTTP/1.1" 304 -
200.112.233.47 - - [10/Mar/2016:16:53:06 -0300] "GET /cormun/static/PXToolsJavascripts/pexe_cookies.js HTTP/1.1" 304 -
200.112.233.47 - - [10/Mar/2016:16:53:07 -0300] "GET /cormun/static/PXToolsJavascripts/pexe_autoreload.js HTTP/1.1" 304 -
200.112.233.47 - - [10/Mar/2016:16:53:07 -0300] "GET /cormun/static/PXToolsJavascripts/pexe_link.js HTTP/1.1" 304 -
200.112.233.47 - - [10/Mar/2016:16:53:13 -0300] "GET /cormun/static/PXToolsJavascripts/pexe_griddivfix.js HTTP/1.1" 304 -
200.112.233.47 - - [10/Mar/2016:16:53:13 -0300] "GET /cormun/static/Resources/logo4.png HTTP/1.1" 304 -
200.112.233.47 - - [10/Mar/2016:16:53:13 -0300] "GET /cormun/static/Resources/PXToolsFooterBackground2.png HTTP/1.1" 304 -
200.112.233.47 - - [10/Mar/2016:16:53:13 -0300] "GET /cormun/static/Resources/PXToolsHeaderActionsLeft.png HTTP/1.1" 304 -
200.112.233.47 - - [10/Mar/2016:16:53:13 -0300] "GET /cormun/static/Resources/PXToolsHeaderBackground2.png HTTP/1.1" 304 -
200.112.233.47 - - [10/Mar/2016:16:53:13 -0300] "GET /cormun/static/Resources/PXToolsHeaderHome.png HTTP/1.1" 304 -
200.112.233.47 - - [10/Mar/2016:16:53:13 -0300] "GET /cormun/static/Resources/PXToolsHeaderLogin.png HTTP/1.1" 304 -
200.112.233.47 - - [10/Mar/2016:16:53:13 -0300] "GET /cormun/static/Resources/PXToolsHeaderActionsBackground.png HTTP/1.1" 304 -
200.112.233.47 - - [10/Mar/2016:16:53:14 -0300] "GET /cormun/static/Resources/PXToolsHeaderPreferences.png HTTP/1.1" 304 -
200.112.233.47 - - [10/Mar/2016:16:53:14 -0300] "GET /cormun/static/Resources/PXToolsHeaderSecurity.png HTTP/1.1" 304 -
200.112.233.47 - - [10/Mar/2016:16:53:14 -0300] "GET /cormun/static/Resources/PXToolsHeaderActionsRight.png HTTP/1.1" 304 -
200.112.233.47 - - [10/Mar/2016:16:53:14 -0300] "GET /cormun/static/Resources/PXToolsDataTitle.png HTTP/1.1" 304 -
200.112.233.47 - - [10/Mar/2016:16:53:15 -0300] "GET /cormun/static/SmoothNavMenu/resources/images/down.gif HTTP/1.1" 304 -
200.112.233.47 - - [10/Mar/2016:16:54:13 -0300] "GET /cormun/servlet/trsolicitudot? HTTP/1.1" 200 6199
200.112.233.47 - - [10/Mar/2016:16:54:13 -0300] "GET /cormun/static/Shared/ext/resources/css/ext-all.css?215870 HTTP/1.1" 304 -
200.112.233.47 - - [10/Mar/2016:16:54:13 -0300] "GET /cormun/static/gxui/gxui-all.css?120300 HTTP/1.1" 304 -
200.112.233.47 - - [10/Mar/2016:16:54:13 -0300] "GET /cormun/static/calendar-system.css?85620 HTTP/1.1" 304 -
200.112.233.47 - - [10/Mar/2016:16:54:13 -0300] "GET /cormun/static/calendar.js?85251 HTTP/1.1" 304 -
200.112.233.47 - - [10/Mar/2016:16:54:13 -0300] "GET /cormun/static/gxcfg.js?201631185636 HTTP/1.1" 304 -
200.112.233.47 - - [10/Mar/2016:16:54:13 -0300] "GET /cormun/static/calendar-setup.js?85251 HTTP/1.1" 304 -
200.112.233.47 - - [10/Mar/2016:16:54:13 -0300] "GET /cormun/static/calendar-es.js?85251 HTTP/1.1" 304 -
200.112.233.47 - - [10/Mar/2016:16:54:16 -0300] "GET /cormun/static/Resources/Spanish/PXTools.css?18502099 HTTP/1.1" 304 -
200.112.233.47 - - [10/Mar/2016:16:54:17 -0300] "GET /cormun/static/Resources/PXTools/calendar.png HTTP/1.1" 304 -
200.112.233.47 - - [10/Mar/2016:16:54:17 -0300] "GET /cormun/static/Resources/PXToolsDataSearch.png HTTP/1.1" 304 -
200.112.233.47 - - [10/Mar/2016:16:54:17 -0300] "GET /cormun/static/Resources/PXToolsGridFirst.gif HTTP/1.1" 304 -
200.112.233.47 - - [10/Mar/2016:16:54:17 -0300] "GET /cormun/static/Resources/PXToolsGridPrevious.gif HTTP/1.1" 304 -
200.112.233.47 - - [10/Mar/2016:16:54:17 -0300] "GET /cormun/static/Resources/PXToolsGridLast.gif HTTP/1.1" 304 -
200.112.233.47 - - [10/Mar/2016:16:54:17 -0300] "GET /cormun/static/Resources/PXToolsGridNext.gif HTTP/1.1" 304 -
200.112.233.47 - - [10/Mar/2016:16:54:17 -0300] "GET /cormun/static/Resources/PXToolsActionExcel.png HTTP/1.1" 304 -
200.112.233.47 - - [10/Mar/2016:16:54:17 -0300] "GET /cormun/static/Resources/PXToolsGridNew.png HTTP/1.1" 304 -
200.112.233.47 - - [10/Mar/2016:16:54:17 -0300] "GET /cormun/static/gxdec.js?85251 HTTP/1.1" 304 -
200.112.233.47 - - [10/Mar/2016:16:54:17 -0300] "GET /cormun/static/trsolicitudot.js?2016311856838 HTTP/1.1" 304 -
200.112.233.47 - - [10/Mar/2016:16:54:17 -0300] "GET /cormun/static/Resources/asc.gif HTTP/1.1" 304 -
200.112.233.47 - - [10/Mar/2016:16:54:17 -0300] "GET /cormun/static/Resources/desc.gif HTTP/1.1" 304 -
200.112.233.47 - - [10/Mar/2016:16:54:18 -0300] "GET /cormun/static/Shared/ext/resources/themes/images/default/panel/bg-headersPanel.png HTTP/1.1" 304 -
200.112.233.47 - - [10/Mar/2016:16:54:18 -0300] "GET /cormun/static/Shared/ext/resources/themes/images/default/tools/tool-sprites.gif HTTP/1.1" 304 -
200.112.233.47 - - [10/Mar/2016:16:54:18 -0300] "GET /cormun/static/Shared/ext/resources/themes/images/default/tip/tip-corners.gif HTTP/1.1" 304 -
200.112.233.47 - - [10/Mar/2016:16:54:18 -0300] "GET /cormun/static/Shared/ext/resources/themes/images/default/tip/tip-sides.gif HTTP/1.1" 304 -
200.112.233.47 - - [10/Mar/2016:16:54:20 -0300] "GET /cormun/servlet/solicitudot?INS,0,0, HTTP/1.1" 200 11442
200.112.233.47 - - [10/Mar/2016:16:54:20 -0300] "GET /cormun/static/Resources/Spanish/PXTools.css?1944839 HTTP/1.1" 304 -
200.112.233.47 - - [10/Mar/2016:16:54:20 -0300] "GET /cormun/static/gxcfg.js?20163219435133 HTTP/1.1" 304 -
200.112.233.47 - - [10/Mar/2016:16:54:21 -0300] "GET /cormun/static/Resources/prompt.gif HTTP/1.1" 304 -
200.112.233.47 - - [10/Mar/2016:16:54:21 -0300] "GET /cormun/static/solicitudot.js?20163219435183 HTTP/1.1" 304 -
200.112.233.47 - - [10/Mar/2016:16:55:10 -0300] "POST /cormun/servlet/solicitudot?gx-no-cache=1457639738303 HTTP/1.1" 200 2772
200.112.233.47 - - [10/Mar/2016:16:55:11 -0300] "POST /cormun/servlet/solicitudot?5211ee03b54d4d8ea6fed5899ebe055f,INS,0,0,,gx-no-cache=1457639738819 HTTP/1.1" 200 8386
200.112.233.47 - - [10/Mar/2016:16:55:15 -0300] "GET /cormun/servlet/solicitudot?f0fdfe4f7c7ba57df957d6159a3c06368fdac659a74e361c0373b5b9eb2d514d3e5adf80afb8eae05e9a0e96c02789ea,gx-no-cache=1457639742803 HTTP/1.1" 200 30
200.112.233.47 - - [10/Mar/2016:16:55:23 -0300] "POST /cormun/servlet/solicitudot?gx-no-cache=1457639750694 HTTP/1.1" 200 30
200.112.233.47 - - [10/Mar/2016:16:55:23 -0300] "POST /cormun/servlet/solicitudot?gx-no-cache=1457639750772 HTTP/1.1" 200 33
200.112.233.47 - - [10/Mar/2016:16:55:23 -0300] "POST /cormun/servlet/solicitudot?gx-no-cache=1457639750913 HTTP/1.1" 200 1171
200.112.233.47 - - [10/Mar/2016:16:55:23 -0300] "GET /cormun/servlet/solicitudot?f0fdfe4f7c7ba57df957d6159a3c06368c8d73dc2c572cf8ceef0bf3b8d60e14bf1f8801096731c638f0a5e3fd056784061e978b10fa4546f502229647694448453816c14919c5086f640f883457c861d90db60334a94ea4042210b8bfec02113323f676ee66bbdbbb180c7c6a7e4db438f3cdcfc415c2eb95719966250b31527f84ba4bf3b26e624b6bc5f17409d32b,gx-no-cache=1457639751038 HTTP/1.1" 200 38
200.112.233.47 - - [10/Mar/2016:16:55:35 -0300] "POST /cormun/servlet/solicitudot?gx-no-cache=1457639763413 HTTP/1.1" 200 30
200.112.233.47 - - [10/Mar/2016:16:55:37 -0300] "GET /cormun/static/Resources/resize.gif HTTP/1.1" 304 -
200.112.233.47 - - [10/Mar/2016:16:55:37 -0300] "GET /cormun/servlet/prpersonalsolicitud?11757344,,,,,MD,,gxPopupLevel%3D0%3B HTTP/1.1" 200 5688
200.112.233.47 - - [10/Mar/2016:16:55:37 -0300] "GET /cormun/static/Resources/Spanish/PXTools.css?171692 HTTP/1.1" 304 -
200.112.233.47 - - [10/Mar/2016:16:55:37 -0300] "GET /cormun/static/gxcfg.js?20163117361395 HTTP/1.1" 304 -
200.112.233.47 - - [10/Mar/2016:16:55:38 -0300] "GET /cormun/static/Resources/PXToolsMenuSearch.png HTTP/1.1" 304 -
200.112.233.47 - - [10/Mar/2016:16:55:38 -0300] "GET /cormun/static/Resources/PXToolsMenuSearchCancel.png HTTP/1.1" 304 -
200.112.233.47 - - [10/Mar/2016:16:55:38 -0300] "GET /cormun/static/prpersonalsolicitud.js?20163117361535 HTTP/1.1" 304 -
200.112.233.47 - - [10/Mar/2016:16:55:39 -0300] "GET /cormun/static/menusearch.js?20163219454787 HTTP/1.1" 304 -
200.112.233.47 - - [10/Mar/2016:16:55:39 -0300] "GET /cormun/static/hmpwkw011.js?20163117201773 HTTP/1.1" 304 -
200.112.233.47 - - [10/Mar/2016:16:55:50 -0300] "POST /cormun/servlet/acontrolpreferencessavestate?None,CENOR,true HTTP/1.1" 200 35
200.112.233.47 - - [10/Mar/2016:16:55:53 -0300] "POST /cormun/servlet/acontrolpreferencessavestate?None,CENOR,true HTTP/1.1" 200 35
200.112.233.47 - - [10/Mar/2016:16:55:54 -0300] "POST /cormun/servlet/acontrolpreferencessavestate?None,CENOR,true HTTP/1.1" 200 35
200.112.233.47 - - [10/Mar/2016:16:55:57 -0300] "GET /cormun/servlet/solicitudot?9e5c4771ffd7d73608eed4fc86f9753029417f9d64b36cc96780228b2c41f63f,gx-no-cache=1457639784709 HTTP/1.1" 200 20
200.112.233.47 - - [10/Mar/2016:16:55:57 -0300] "POST /cormun/servlet/solicitudot?gx-no-cache=1457639785069 HTTP/1.1" 200 1171
200.112.233.47 - - [10/Mar/2016:16:55:57 -0300] "GET /cormun/servlet/solicitudot?f0fdfe4f7c7ba57df957d6159a3c06368c8d73dc2c572cf8ceef0bf3b8d60e14bf1f8801096731c638f0a5e3fd056784061e978b10fa4546f502229647694448453816c14919c5086f640f883457c861d90db60334a94ea4042210b8bfec02113323f676ee66bbdbbb180c7c6a7e4db438f3cdcfc415c2eb95719966250b31527f84ba4bf3b26e624b6bc5f17409d32b,gx-no-cache=1457639785319 HTTP/1.1" 200 38
200.112.233.47 - - [10/Mar/2016:16:55:57 -0300] "GET /cormun/servlet/solicitudot?f0fdfe4f7c7ba57df957d6159a3c063608328e73771c6d3590a11707e9460d98b3ddd9d8995f788910ba24c179add78c995bd0de2f0e9fea703f96de177dfeeaa99d9e4cae794a43846db4a7f37cb230ac10a8c74eb7c0b89e8eb4f7c55dae05802a6f023c8a50b8b567aadd871dbc9ba75dd60b5dbc27d62451c37a41ff559af32de528827dd58e502aae52b52f624565a6720d109e6ac3363f08eb86f55be4,gx-no-cache=1457639785397 HTTP/1.1" 200 29
200.112.233.47 - - [10/Mar/2016:16:55:57 -0300] "POST /cormun/servlet/solicitudot?gx-no-cache=1457639785459 HTTP/1.1" 200 1128
200.112.233.47 - - [10/Mar/2016:16:56:14 -0300] "GET /cormun/servlet/prpersonalsolicitud?11757344,,,,,MD,,gxPopupLevel%3D0%3B HTTP/1.1" 200 5705
200.112.233.47 - - [10/Mar/2016:16:56:19 -0300] "GET /cormun/servlet/solicitudot?9e5c4771ffd7d73608eed4fc86f9753029417f9d64b36cc96780228b2c41f63f,gx-no-cache=1457639807584 HTTP/1.1" 200 20
200.112.233.47 - - [10/Mar/2016:16:56:38 -0300] "POST /cormun/servlet/solicitudot?gx-no-cache=1457639826131 HTTP/1.1" 200 30
192.168.10.98 - - [10/Mar/2016:16:56:53 -0300] "GET /cormun/servlet/hlogin HTTP/1.1" 200 1718
200.112.233.47 - - [10/Mar/2016:16:57:00 -0300] "GET /cormun/servlet/prcontratosol?11757344,,,,,MD,,gxPopupLevel%3D0%3B HTTP/1.1" 200 5690
200.112.233.47 - - [10/Mar/2016:16:57:00 -0300] "GET /cormun/static/gxcfg.js?2016141247819 HTTP/1.1" 200 953
200.112.233.47 - - [10/Mar/2016:16:57:00 -0300] "GET /cormun/static/Resources/Spanish/PXTools.css?1423257 HTTP/1.1" 200 89042
200.112.233.47 - - [10/Mar/2016:16:57:03 -0300] "GET /cormun/static/prcontratosol.js?2016141247993 HTTP/1.1" 200 13528
200.112.233.47 - - [10/Mar/2016:16:57:08 -0300] "GET /cormun/servlet/solicitudot?9e5c4771ffd7d73608eed4fc86f9753029417f9d64b36cc96780228b2c41f63f,gx-no-cache=1457639856147 HTTP/1.1" 200 20
200.112.233.47 - - [10/Mar/2016:16:57:08 -0300] "POST /cormun/servlet/solicitudot?gx-no-cache=1457639856272 HTTP/1.1" 200 1171
200.112.233.47 - - [10/Mar/2016:16:57:08 -0300] "GET /cormun/servlet/solicitudot?f0fdfe4f7c7ba57df957d6159a3c06368c8d73dc2c572cf8ceef0bf3b8d60e14bf1f8801096731c638f0a5e3fd056784061e978b10fa4546f502229647694448453816c14919c5086f640f883457c861d90db60334a94ea4042210b8bfec02113323f676ee66bbdbbb180c7c6a7e4db438f3cdcfc415c2eb95719966250b31527f84ba4bf3b26e624b6bc5f17409d32b,gx-no-cache=1457639856381 HTTP/1.1" 200 38
200.112.233.47 - - [10/Mar/2016:16:57:08 -0300] "POST /cormun/servlet/solicitudot?gx-no-cache=1457639856459 HTTP/1.1" 200 1128
192.168.10.98 - - [10/Mar/2016:16:57:10 -0300] "POST /cormun/servlet/hlogin?be38209ec533fd118a424ff19e9f0747,gx-no-cache=1457639579749 HTTP/1.1" 200 90
192.168.10.98 - - [10/Mar/2016:16:57:10 -0300] "GET /cormun/servlet/hpexe_link HTTP/1.1" 200 952
192.168.10.98 - - [10/Mar/2016:16:57:10 -0300] "GET /cormun/servlet/hhome HTTP/1.1" 200 3702
192.168.10.98 - - [10/Mar/2016:16:57:11 -0300] "GET /cormun/servlet/hhome HTTP/1.1" 200 3698
200.112.233.47 - - [10/Mar/2016:16:58:05 -0300] "GET /cormun/servlet/solicitudot?f0fdfe4f7c7ba57df957d6159a3c0636cd45c759c43fbf26f4e75df747beda749b778cfab78c56ec1ebe71355d4c92f4c5b082902ec4688f5e57284751fad206951e369e9e7de8358761b8e923c5886923bd21e39387c509e1d48efc3cd00b0b518506e54974c4aa5086f6171f59ddb4874885cfb38111b7dbbbabf31ed8f1233dd9490f592194f6f00b4beb27cb9dbd5af0166e190af1f6c6a4e90a779fec7033d054a358966a2ebeec9c37cf824f99,gx-no-cache=1457639913459 HTTP/1.1" 200 30
200.112.233.47 - - [10/Mar/2016:16:58:06 -0300] "POST /cormun/servlet/solicitudot?5211ee03b54d4d8ea6fed5899ebe055f,INS,0,0,,gx-no-cache=1457639913553 HTTP/1.1" 200 93
200.112.233.47 - - [10/Mar/2016:16:58:06 -0300] "GET /cormun/servlet/hpexe_return? HTTP/1.1" 200 1000
200.112.233.47 - - [10/Mar/2016:16:58:06 -0300] "GET /cormun/static/Resources/Spanish/PXTools.css?12112540 HTTP/1.1" 304 -
200.112.233.47 - - [10/Mar/2016:16:58:06 -0300] "GET /cormun/static/gxcfg.js?2015111312145050 HTTP/1.1" 304 -
200.112.233.47 - - [10/Mar/2016:16:58:06 -0300] "GET /cormun/static/hpexe_return.js?2015111312145056 HTTP/1.1" 304 -
186.103.158.250 - - [10/Mar/2016:16:58:06 -0300] "POST /cormun/servlet/hlogin?1c07482a4a3b3af249b38100636eccfb,gx-no-cache=1457639912172 HTTP/1.1" 440 972
200.112.233.47 - - [10/Mar/2016:16:58:06 -0300] "GET /cormun/servlet/trsolicitudot HTTP/1.1" 200 7515
200.112.233.47 - - [10/Mar/2016:16:58:09 -0300] "GET /cormun//static/Resources/PXToolsGridUpdate.png HTTP/1.1" 304 -
200.112.233.47 - - [10/Mar/2016:16:58:09 -0300] "GET /cormun//static/Resources/PXToolsGridDelete.png HTTP/1.1" 304 -
200.112.233.47 - - [10/Mar/2016:16:58:09 -0300] "GET /cormun//static/Resources/PXToolsRemoveAllAction.png HTTP/1.1" 304 -
200.112.233.47 - - [10/Mar/2016:16:58:09 -0300] "GET /cormun//static/Resources/PXToolsActionView.png HTTP/1.1" 304 -
200.112.233.47 - - [10/Mar/2016:16:58:09 -0300] "GET /cormun//static/Resources/PXTools/ActionInsert.png HTTP/1.1" 304 -
186.103.158.250 - - [10/Mar/2016:16:58:10 -0300] "GET /cormun/servlet/hlogin HTTP/1.1" 200 1722
200.112.233.47 - - [10/Mar/2016:16:58:15 -0300] "GET /cormun/servlet/solicitudot?INS,0,0, HTTP/1.1" 200 11461
186.103.158.250 - - [10/Mar/2016:16:58:22 -0300] "POST /cormun/servlet/hlogin?1733b69f52f2fa1831d55ac13bde84a2,gx-no-cache=1457639927826 HTTP/1.1" 200 90
186.103.158.250 - - [10/Mar/2016:16:58:22 -0300] "GET /cormun/servlet/hpexe_link HTTP/1.1" 200 944
186.103.158.250 - - [10/Mar/2016:16:58:22 -0300] "GET /cormun/static/gxcfg.js?20151120044395 HTTP/1.1" 304 -
