192.168.10.89 - - [10/Mar/2016:15:42:56 -0300] "POST /cormun/servlet/trsolicitudot?8492c22cbd4c039c1cec493a49ffebb4,gx-no-cache=1457635125462 HTTP/1.1" 200 9298
192.168.10.89 - - [10/Mar/2016:15:42:58 -0300] "POST /cormun/servlet/trsolicitudot?8492c22cbd4c039c1cec493a49ffebb4,gx-no-cache=1457635127541 HTTP/1.1" 200 9298
186.78.36.96 - - [10/Mar/2016:15:42:59 -0300] "GET /cormun/servlet/solicitudotadjuntos?f8a63546669030b76096a643ac98ccbe88d40ec6b29514054e68877fdd725e81,gx-no-cache=1457639521680 HTTP/1.1" 200 30
186.78.36.96 - - [10/Mar/2016:15:42:59 -0300] "GET /cormun/servlet/solicitudotadjuntos?f8a63546669030b76096a643ac98ccbe88d40ec6b29514054e68877fdd725e81,gx-no-cache=1457639521750 HTTP/1.1" 200 30
192.168.10.89 - - [10/Mar/2016:15:43:00 -0300] "POST /cormun/servlet/trsolicitudot?8492c22cbd4c039c1cec493a49ffebb4,gx-no-cache=1457635129772 HTTP/1.1" 200 9300
192.168.10.89 - - [10/Mar/2016:15:43:02 -0300] "POST /cormun/servlet/trsolicitudot?8492c22cbd4c039c1cec493a49ffebb4,gx-no-cache=1457635132098 HTTP/1.1" 200 9298
186.78.36.96 - - [10/Mar/2016:15:43:03 -0300] "POST /cormun/servlet/solicitudotadjuntos?6d725487209d07ee2a886a4e8ace3d21,INS,2016,794,,1, HTTP/1.1" 200 116
186.78.36.96 - - [10/Mar/2016:15:43:03 -0300] "GET /cormun/servlet/hpexe_return? HTTP/1.1" 200 1027
186.78.36.96 - - [10/Mar/2016:15:43:04 -0300] "GET /cormun/servlet/trsolicitudadjuntos?2016,794, HTTP/1.1" 200 7793
186.78.36.96 - - [10/Mar/2016:15:43:05 -0300] "GET /cormun/servlet/trsolicitudadjuntos?2016,794, HTTP/1.1" 200 7792
192.168.10.89 - - [10/Mar/2016:15:43:05 -0300] "POST /cormun/servlet/trsolicitudot?8492c22cbd4c039c1cec493a49ffebb4,gx-no-cache=1457635134550 HTTP/1.1" 200 9297
186.78.36.96 - - [10/Mar/2016:15:43:12 -0300] "GET /cormun/servlet/solicitudotadjuntos?INS,2016,794,,1, HTTP/1.1" 200 5468
186.78.36.96 - - [10/Mar/2016:15:43:12 -0300] "GET /cormun/static/about:blank HTTP/1.1" 404 1011
186.78.36.96 - - [10/Mar/2016:15:43:12 -0300] "GET /cormun/servlet/solicitudotadjuntos?INS,2016,794,,1, HTTP/1.1" 200 5462
186.78.36.96 - - [10/Mar/2016:15:43:13 -0300] "GET /cormun/servlet/solicitudotadjuntos?f8a63546669030b76096a643ac98ccbe0f4bb1886785bacbcc8a10c09945948e76c24f5d93bcde0983ea7e2d15ef373d,gx-no-cache=1457639536359 HTTP/1.1" 200 30
186.78.36.96 - - [10/Mar/2016:15:43:13 -0300] "POST /cormun/servlet/solicitudotadjuntos?6d725487209d07ee2a886a4e8ace3d21,INS,2016,794,,1,,gx-no-cache=1457639536455 HTTP/1.1" 200 3328
186.78.36.96 - - [10/Mar/2016:15:43:16 -0300] "POST /cormun/servlet/solicitudotadjuntos?gx-no-cache=1457639539978 HTTP/1.1" 200 26
186.78.36.96 - - [10/Mar/2016:15:43:23 -0300] "GET /cormun/servlet/solicitudotadjuntos?f8a63546669030b76096a643ac98ccbe88d40ec6b29514054e68877fdd725e81,gx-no-cache=1457639548113 HTTP/1.1" 200 30
186.78.36.96 - - [10/Mar/2016:15:43:23 -0300] "GET /cormun/servlet/solicitudotadjuntos?f8a63546669030b76096a643ac98ccbe88d40ec6b29514054e68877fdd725e81,gx-no-cache=1457639548213 HTTP/1.1" 200 30
186.78.36.96 - - [10/Mar/2016:15:43:42 -0300] "POST /cormun/servlet/solicitudotadjuntos?6d725487209d07ee2a886a4e8ace3d21,INS,2016,794,,1, HTTP/1.1" 200 116
186.78.36.96 - - [10/Mar/2016:15:43:42 -0300] "GET /cormun/servlet/hpexe_return? HTTP/1.1" 200 1027
186.78.36.96 - - [10/Mar/2016:15:43:43 -0300] "GET /cormun/servlet/trsolicitudadjuntos?2016,794, HTTP/1.1" 200 7898
186.78.36.96 - - [10/Mar/2016:15:43:44 -0300] "GET /cormun/servlet/trsolicitudadjuntos?2016,794, HTTP/1.1" 200 7899
186.103.157.42 - - [10/Mar/2016:15:43:48 -0300] "GET /cormun/servlet/trautorizarsolicitud? HTTP/1.1" 200 6023
186.78.36.96 - - [10/Mar/2016:15:43:50 -0300] "POST /cormun/servlet/trsolicitudadjuntos?6d725487209d07ee2a886a4e8ace3d21,2016,794,,gx-no-cache=1457639575028 HTTP/1.1" 200 90
186.78.36.96 - - [10/Mar/2016:15:43:50 -0300] "GET /cormun/servlet/hpexe_link HTTP/1.1" 200 970
186.103.157.42 - - [10/Mar/2016:15:43:50 -0300] "GET /cormun/servlet/trautorizarsolicitud? HTTP/1.1" 200 6023
186.78.36.96 - - [10/Mar/2016:15:43:50 -0300] "GET /cormun/servlet/trsolicitudot? HTTP/1.1" 200 7484
186.78.36.96 - - [10/Mar/2016:15:43:51 -0300] "GET /cormun/servlet/trsolicitudot? HTTP/1.1" 200 7483
186.78.36.96 - - [10/Mar/2016:15:43:56 -0300] "POST /cormun/servlet/trsolicitudot?6d725487209d07ee2a886a4e8ace3d21,,gx-no-cache=1457639581494 HTTP/1.1" 200 4892
186.78.36.96 - - [10/Mar/2016:15:43:56 -0300] "POST /cormun/servlet/trsolicitudot?6d725487209d07ee2a886a4e8ace3d21,,gx-no-cache=1457639581900 HTTP/1.1" 200 4889
186.78.36.96 - - [10/Mar/2016:15:43:57 -0300] "POST /cormun/servlet/trsolicitudot?6d725487209d07ee2a886a4e8ace3d21,,gx-no-cache=1457639582260 HTTP/1.1" 200 4891
186.78.36.96 - - [10/Mar/2016:15:43:57 -0300] "POST /cormun/servlet/trsolicitudot?6d725487209d07ee2a886a4e8ace3d21,,gx-no-cache=1457639582614 HTTP/1.1" 200 4891
186.78.36.96 - - [10/Mar/2016:15:43:59 -0300] "GET /cormun/servlet/trsolicitudot?a1aec100684f4c2d92cca38819c0352b7fcffd5dbead25f914bbc51f2a1b68a866b1aec6d2a8be1b765dd676a3cb292881a2330bbf833df8715f258a0a21f1a95c286571feaacbba34d56b06cc547c9a930788da45dc055b5929918cc18c46cdd8c29bec15438759d8a63e186303f3c4,gx-no-cache=1457639584649 HTTP/1.1" 200 2184
186.78.36.96 - - [10/Mar/2016:15:44:01 -0300] "GET /cormun/servlet/trsolicitudot?a1aec100684f4c2d92cca38819c0352b7fcffd5dbead25f914bbc51f2a1b68a8581476acb307b669a2677e425c87aad784849f4c2eb25705e2eb6187dbbb1d88837de0f37580ccf97f9cc899f4dbb91fca77b15c159b8224c4a1347dae208012d21d160e36143b5fd754c545185c01f7,gx-no-cache=1457639587517 HTTP/1.1" 200 2184
186.78.36.96 - - [10/Mar/2016:15:44:02 -0300] "GET /cormun/servlet/trsolicitudot?a1aec100684f4c2d92cca38819c0352b7fcffd5dbead25f914bbc51f2a1b68a84b7a9c5e492fcc10f26e6d001fba4cf7c9667b2804a77e9704b4cc4f58eee2cf1faa6922165d61b1a5d342294ecafbe7815b8bd0098a781247b9f2868d00801dcdb115d8d0fbee9c456c1e80738a5d8b,gx-no-cache=1457639588086 HTTP/1.1" 200 2184
186.78.36.96 - - [10/Mar/2016:15:44:03 -0300] "GET /cormun/servlet/trsolicitudot?a1aec100684f4c2d92cca38819c0352b7fcffd5dbead25f914bbc51f2a1b68a836e579a4ab93ae3b7e4f3f74606f359be0eca8804ce1ca10e4abd2f1e1fadf341a7798a733c50fb6f753c30cc842faa1c870f9139908dfdfb062e0dca7e453c176c24f5d93bcde0983ea7e2d15ef373d,gx-no-cache=1457639589085 HTTP/1.1" 200 2184
186.78.36.96 - - [10/Mar/2016:15:44:04 -0300] "GET /cormun/servlet/trsolicitudot?a1aec100684f4c2d92cca38819c0352b7fcffd5dbead25f914bbc51f2a1b68a8fe390f7d7b46532ce7e31082887652e9bb5e891eb78cc22c3eb09c78a0a0812f07a96739ba0c7a83d628451b54dea09cc88b8b5cd8e3dc413e6ab75ff3880bbe43383ccb0c20e707403a91ee4c32bf32,gx-no-cache=1457639590933 HTTP/1.1" 200 2184
186.78.36.96 - - [10/Mar/2016:15:44:07 -0300] "POST /cormun/servlet/trsolicitudot?6d725487209d07ee2a886a4e8ace3d21,,gx-no-cache=1457639592941 HTTP/1.1" 200 4896
186.78.36.96 - - [10/Mar/2016:15:44:07 -0300] "POST /cormun/servlet/trsolicitudot?6d725487209d07ee2a886a4e8ace3d21,,gx-no-cache=1457639593409 HTTP/1.1" 200 4895
186.78.36.96 - - [10/Mar/2016:15:44:07 -0300] "POST /cormun/servlet/trsolicitudot?6d725487209d07ee2a886a4e8ace3d21,,gx-no-cache=1457639593872 HTTP/1.1" 200 4895
186.78.36.96 - - [10/Mar/2016:15:44:08 -0300] "POST /cormun/servlet/trsolicitudot?6d725487209d07ee2a886a4e8ace3d21,,gx-no-cache=1457639594296 HTTP/1.1" 200 4896
186.78.36.96 - - [10/Mar/2016:15:44:18 -0300] "POST /cormun/servlet/trsolicitudot?6d725487209d07ee2a886a4e8ace3d21,,gx-no-cache=1457639605046 HTTP/1.1" 200 4895
186.103.157.42 - - [10/Mar/2016:15:44:27 -0300] "GET /cormun/servlet/trautorizarsolicitud? HTTP/1.1" 200 6023
186.103.157.42 - - [10/Mar/2016:15:44:28 -0300] "GET /cormun/servlet/trautorizarsolicitud? HTTP/1.1" 200 6023
186.78.36.96 - - [10/Mar/2016:15:44:34 -0300] "POST /cormun/servlet/trsolicitudot?6d725487209d07ee2a886a4e8ace3d21,,gx-no-cache=1457639622876 HTTP/1.1" 200 4896
186.103.157.42 - - [10/Mar/2016:15:44:37 -0300] "POST /cormun/servlet/trautorizarsolicitud?e2f68b20b4a2b392f6ccebccccfd27f5,,gx-no-cache=1457635509439 HTTP/1.1" 200 3219
186.103.157.42 - - [10/Mar/2016:15:44:37 -0300] "POST /cormun/servlet/trautorizarsolicitud?e2f68b20b4a2b392f6ccebccccfd27f5,,gx-no-cache=1457635509643 HTTP/1.1" 200 3220
186.103.157.42 - - [10/Mar/2016:15:44:38 -0300] "POST /cormun/servlet/trautorizarsolicitud?e2f68b20b4a2b392f6ccebccccfd27f5,,gx-no-cache=1457635509784 HTTP/1.1" 200 3220
186.103.157.42 - - [10/Mar/2016:15:44:38 -0300] "POST /cormun/servlet/trautorizarsolicitud?e2f68b20b4a2b392f6ccebccccfd27f5,,gx-no-cache=1457635509902 HTTP/1.1" 200 3219
186.103.157.42 - - [10/Mar/2016:15:44:45 -0300] "POST /cormun/servlet/trautorizarsolicitud?e2f68b20b4a2b392f6ccebccccfd27f5,,gx-no-cache=1457635517114 HTTP/1.1" 200 3218
186.103.157.42 - - [10/Mar/2016:15:44:45 -0300] "GET /cormun/servlet/trautorizarsolicitud?ac9d69a6f8ff86b6bf796191cee2c2afdef66093731ff086319cdcee2cee8ea06500fdd7cad46ad7f3eb18f90746466e6e70cfd3c94d5103ca96730c8316f64a571aabe8d18c9c823ff0dad777002993f2b0cd3f7da4845366c1306df3b6f581,gx-no-cache=1457635517522 HTTP/1.1" 200 755
186.78.36.96 - - [10/Mar/2016:15:44:47 -0300] "GET /cormun/servlet/hlogin HTTP/1.1" 200 1736
186.78.36.96 - - [10/Mar/2016:15:44:48 -0300] "POST /cormun/servlet/hlogin?6d725487209d07ee2a886a4e8ace3d21,gx-no-cache=1457639639160 HTTP/1.1" 200 90
186.78.36.96 - - [10/Mar/2016:15:44:48 -0300] "GET /cormun/servlet/hpexe_link HTTP/1.1" 200 960
186.78.36.96 - - [10/Mar/2016:15:44:49 -0300] "GET /cormun/servlet/trsolicitudot? HTTP/1.1" 200 7488
186.78.36.96 - - [10/Mar/2016:15:44:49 -0300] "GET /cormun/servlet/trsolicitudot? HTTP/1.1" 200 7487
192.168.10.98 - - [10/Mar/2016:15:44:51 -0300] "POST /cormun/servlet/solicitudot?gx-no-cache=1457635241240 HTTP/1.1" 200 30
186.78.36.96 - - [10/Mar/2016:15:44:55 -0300] "POST /cormun/servlet/trsolicitudot?6d725487209d07ee2a886a4e8ace3d21,,gx-no-cache=1457639645797 HTTP/1.1" 200 4895
186.78.36.96 - - [10/Mar/2016:15:44:55 -0300] "POST /cormun/servlet/trsolicitudot?6d725487209d07ee2a886a4e8ace3d21,,gx-no-cache=1457639646137 HTTP/1.1" 200 4896
186.78.36.96 - - [10/Mar/2016:15:44:55 -0300] "POST /cormun/servlet/trsolicitudot?6d725487209d07ee2a886a4e8ace3d21,,gx-no-cache=1457639646490 HTTP/1.1" 200 4896
186.78.36.96 - - [10/Mar/2016:15:44:56 -0300] "POST /cormun/servlet/trsolicitudot?6d725487209d07ee2a886a4e8ace3d21,,gx-no-cache=1457639646851 HTTP/1.1" 200 4895
186.78.36.96 - - [10/Mar/2016:15:44:56 -0300] "POST /cormun/servlet/trsolicitudot?6d725487209d07ee2a886a4e8ace3d21,,gx-no-cache=1457639647211 HTTP/1.1" 200 4895
186.78.36.96 - - [10/Mar/2016:15:44:57 -0300] "POST /cormun/servlet/trsolicitudot?6d725487209d07ee2a886a4e8ace3d21,,gx-no-cache=1457639647575 HTTP/1.1" 200 4896
186.78.36.96 - - [10/Mar/2016:15:44:57 -0300] "POST /cormun/servlet/trsolicitudot?6d725487209d07ee2a886a4e8ace3d21,,gx-no-cache=1457639647981 HTTP/1.1" 200 4896
186.78.36.96 - - [10/Mar/2016:15:44:57 -0300] "POST /cormun/servlet/trsolicitudot?6d725487209d07ee2a886a4e8ace3d21,,gx-no-cache=1457639648370 HTTP/1.1" 200 4896
186.103.157.42 - - [10/Mar/2016:15:44:59 -0300] "POST /cormun/servlet/trautorizarsolicitud?e2f68b20b4a2b392f6ccebccccfd27f5,,gx-no-cache=1457635531629 HTTP/1.1" 200 3219
186.103.157.42 - - [10/Mar/2016:15:45:00 -0300] "GET /cormun/servlet/trautorizarsolicitud?ac9d69a6f8ff86b6bf796191cee2c2af4b2136fdf99cb0aa609d92b47290cae06500fdd7cad46ad7f3eb18f90746466e6e70cfd3c94d5103ca96730c8316f64a571aabe8d18c9c823ff0dad777002993f2b0cd3f7da4845366c1306df3b6f581,gx-no-cache=1457635532035 HTTP/1.1" 200 755
186.103.157.42 - - [10/Mar/2016:15:45:07 -0300] "POST /cormun/servlet/trautorizarsolicitud?e2f68b20b4a2b392f6ccebccccfd27f5,,gx-no-cache=1457635538828 HTTP/1.1" 200 3221
186.103.157.42 - - [10/Mar/2016:15:45:08 -0300] "GET /cormun/servlet/trautorizarsolicitud?ac9d69a6f8ff86b6bf796191cee2c2afdef66093731ff086319cdcee2cee8ea06500fdd7cad46ad7f3eb18f90746466e6e70cfd3c94d5103ca96730c8316f64a571aabe8d18c9c823ff0dad777002993f2b0cd3f7da4845366c1306df3b6f581,gx-no-cache=1457635539231 HTTP/1.1" 200 755
186.78.36.96 - - [10/Mar/2016:15:45:12 -0300] "GET /cormun/servlet/hlogin HTTP/1.1" 200 1718
186.78.36.96 - - [10/Mar/2016:15:45:14 -0300] "POST /cormun/servlet/hlogin?c8c1aaf9a36821d08ef5572ff70488f7,gx-no-cache=1457639665564 HTTP/1.1" 200 90
186.78.36.96 - - [10/Mar/2016:15:45:14 -0300] "GET /cormun/servlet/hpexe_link HTTP/1.1" 200 952
186.78.36.96 - - [10/Mar/2016:15:45:14 -0300] "GET /cormun/servlet/hhome HTTP/1.1" 200 3440
186.78.36.96 - - [10/Mar/2016:15:45:15 -0300] "GET /cormun/servlet/hhome HTTP/1.1" 200 3437
186.78.36.96 - - [10/Mar/2016:15:45:18 -0300] "GET /cormun/servlet/trsolicitudot? HTTP/1.1" 200 7474
186.78.36.96 - - [10/Mar/2016:15:45:19 -0300] "GET /cormun/servlet/trsolicitudot? HTTP/1.1" 200 7473
186.78.36.96 - - [10/Mar/2016:15:45:23 -0300] "POST /cormun/servlet/trsolicitudot?c8c1aaf9a36821d08ef5572ff70488f7,,gx-no-cache=1457639675228 HTTP/1.1" 200 4885
186.78.36.96 - - [10/Mar/2016:15:45:23 -0300] "POST /cormun/servlet/trsolicitudot?c8c1aaf9a36821d08ef5572ff70488f7,,gx-no-cache=1457639675598 HTTP/1.1" 200 4885
186.78.36.96 - - [10/Mar/2016:15:45:23 -0300] "POST /cormun/servlet/trsolicitudot?c8c1aaf9a36821d08ef5572ff70488f7,,gx-no-cache=1457639675950 HTTP/1.1" 200 4885
186.103.157.42 - - [10/Mar/2016:15:45:24 -0300] "POST /cormun/servlet/trautorizarsolicitud?e2f68b20b4a2b392f6ccebccccfd27f5,,gx-no-cache=1457635555454 HTTP/1.1" 200 5400
186.103.157.42 - - [10/Mar/2016:15:45:24 -0300] "POST /cormun/servlet/trautorizarsolicitud?e2f68b20b4a2b392f6ccebccccfd27f5,,gx-no-cache=1457635556064 HTTP/1.1" 200 5401
186.103.157.42 - - [10/Mar/2016:15:45:24 -0300] "POST /cormun/servlet/trautorizarsolicitud?e2f68b20b4a2b392f6ccebccccfd27f5,,gx-no-cache=1457635556302 HTTP/1.1" 200 5402
186.103.157.42 - - [10/Mar/2016:15:45:24 -0300] "POST /cormun/servlet/trautorizarsolicitud?e2f68b20b4a2b392f6ccebccccfd27f5,,gx-no-cache=1457635556561 HTTP/1.1" 200 5402
186.78.36.96 - - [10/Mar/2016:15:45:27 -0300] "GET /cormun/servlet/trsolicitudot?1bd6661b1e7f34cdd71029d1d3a2b7214b380aca17d0765ac75cf8fd02693f1228f54681cd91fe7201fc6363d4eca98d2bfa53bc66ccca28dfdbcfc9bbd5386858a487ff04d52a350ed7939ead0e04332156a53284a1ffcb6cce3bedb6fdd45b,gx-no-cache=1457639679632 HTTP/1.1" 200 2181
186.78.36.96 - - [10/Mar/2016:15:45:27 -0300] "GET /cormun/servlet/trsolicitudot?1bd6661b1e7f34cdd71029d1d3a2b721c43cf4cb50bcf192fe3cc3d9bb0736ce58ee3765902d8c2d95c3c9f35b3b26a5c95b8756ecbff4a94bc9516c6d8a838a124497e4a868975932ca4251082ab1f67ed98bac33ffc1dd0e25bd401b3698baa0d1f6036ce7a0be71943eada14ed0a5,gx-no-cache=1457639680618 HTTP/1.1" 200 2181
186.78.36.96 - - [10/Mar/2016:15:45:30 -0300] "POST /cormun/servlet/trsolicitudot?c8c1aaf9a36821d08ef5572ff70488f7,,gx-no-cache=1457639683272 HTTP/1.1" 200 4892
186.78.36.96 - - [10/Mar/2016:15:45:33 -0300] "GET /cormun/servlet/trsolicitudot?1bd6661b1e7f34cdd71029d1d3a2b721c43cf4cb50bcf192fe3cc3d9bb0736ce12a075c6bd5eec21eca8f8d39b6c5d112e9cb52f8ccba5c5c04fbec706b85b32f42a6824b7ddb6295fbff9acb55b8485bd539158e9d20d8717f691e0ee766cf1025ede5bb586d90897b7e86555870a57,gx-no-cache=1457639686348 HTTP/1.1" 200 2184
186.78.36.96 - - [10/Mar/2016:15:45:34 -0300] "GET /cormun/servlet/trsolicitudot?1bd6661b1e7f34cdd71029d1d3a2b721c43cf4cb50bcf192fe3cc3d9bb0736ce76dce6600378ec0a670e2020bbf1345dcb8a483f96dfef77ddf48753986c3e48bfc47f374f248a43eea494af8b1505e3fa37ec53fd4401563ac26bc7ec76f3d0d36f02432c99b3f40234fe3f98425317,gx-no-cache=1457639687480 HTTP/1.1" 200 2184
186.78.36.96 - - [10/Mar/2016:15:45:36 -0300] "POST /cormun/servlet/trsolicitudot?c8c1aaf9a36821d08ef5572ff70488f7,,gx-no-cache=1457639689355 HTTP/1.1" 200 4896
186.78.36.96 - - [10/Mar/2016:15:45:36 -0300] "POST /cormun/servlet/trsolicitudot?c8c1aaf9a36821d08ef5572ff70488f7,,gx-no-cache=1457639689752 HTTP/1.1" 200 4897
186.78.36.96 - - [10/Mar/2016:15:45:36 -0300] "POST /cormun/servlet/trsolicitudot?c8c1aaf9a36821d08ef5572ff70488f7,,gx-no-cache=1457639690128 HTTP/1.1" 200 4896
186.78.36.96 - - [10/Mar/2016:15:45:37 -0300] "POST /cormun/servlet/trsolicitudot?c8c1aaf9a36821d08ef5572ff70488f7,,gx-no-cache=1457639690513 HTTP/1.1" 200 4896
192.168.10.98 - - [10/Mar/2016:15:45:37 -0300] "POST /cormun/servlet/solicitudot?gx-no-cache=1457635287104 HTTP/1.1" 200 30
192.168.10.98 - - [10/Mar/2016:15:45:40 -0300] "POST /cormun/servlet/solicitudot?gx-no-cache=1457635289957 HTTP/1.1" 200 122
192.168.10.98 - - [10/Mar/2016:15:45:40 -0300] "GET /cormun/static/Shared/jqueryui/images/ui-bg_flat_55_fafafa_40x100.png HTTP/1.1" 404 1097
192.168.10.98 - - [10/Mar/2016:15:45:40 -0300] "GET /cormun/static/Shared/jqueryui/images/ui-icons_8d78a5_256x240.png HTTP/1.1" 404 1089
186.78.36.96 - - [10/Mar/2016:15:45:43 -0300] "GET /cormun/servlet/solicitudot?INS,0,0, HTTP/1.1" 200 11446
186.78.36.96 - - [10/Mar/2016:15:45:44 -0300] "GET /cormun/servlet/solicitudot?INS,0,0, HTTP/1.1" 200 11451
186.78.36.96 - - [10/Mar/2016:15:46:04 -0300] "POST /cormun/servlet/solicitudot?gx-no-cache=1457639720388 HTTP/1.1" 200 2668
186.78.36.96 - - [10/Mar/2016:15:46:04 -0300] "POST /cormun/servlet/solicitudot?c8c1aaf9a36821d08ef5572ff70488f7,INS,0,0,,gx-no-cache=1457639720714 HTTP/1.1" 200 8269
186.78.36.96 - - [10/Mar/2016:15:46:10 -0300] "GET /cormun/servlet/solicitudot?9020d44930815cc12474e94e1ed9b476ce01706eb64ee9653c44b869098c4122ffea8f9935e0d3420604ca6fcde498f1,gx-no-cache=1457639726984 HTTP/1.1" 200 30
186.78.36.96 - - [10/Mar/2016:15:47:24 -0300] "POST /cormun/servlet/solicitudot?gx-no-cache=1457639808344 HTTP/1.1" 200 120
186.78.36.96 - - [10/Mar/2016:15:47:24 -0300] "GET /cormun/static/Shared/jqueryui/images/ui-bg_highlight-soft_100_c6c2c8_1x100.png HTTP/1.1" 404 1117
186.78.36.96 - - [10/Mar/2016:15:47:24 -0300] "GET /cormun/static/Shared/jqueryui/images/ui-icons_82798d_256x240.png HTTP/1.1" 404 1089
186.78.36.96 - - [10/Mar/2016:15:47:24 -0300] "GET /cormun/static/Shared/jqueryui/images/ui-bg_flat_55_994d53_40x100.png HTTP/1.1" 404 1097
186.78.36.96 - - [10/Mar/2016:15:47:24 -0300] "GET /cormun/static/Shared/jqueryui/images/ui-icons_ebccce_256x240.png HTTP/1.1" 404 1089
186.78.36.96 - - [10/Mar/2016:15:47:31 -0300] "POST /cormun/servlet/solicitudot?gx-no-cache=1457639815894 HTTP/1.1" 200 30
186.78.36.96 - - [10/Mar/2016:15:47:35 -0300] "POST /cormun/servlet/solicitudot?gx-no-cache=1457639820316 HTTP/1.1" 200 30
186.78.36.96 - - [10/Mar/2016:15:47:49 -0300] "POST /cormun/servlet/solicitudot?gx-no-cache=1457639835310 HTTP/1.1" 200 30
186.78.36.96 - - [10/Mar/2016:15:47:54 -0300] "GET /cormun/servlet/prsolicitudot?17093849,,,,,MD,,gxPopupLevel%3D0%3B HTTP/1.1" 200 5605
186.78.36.96 - - [10/Mar/2016:15:48:00 -0300] "POST /cormun/servlet/solicitudot?gx-no-cache=1457639847591 HTTP/1.1" 200 452
186.78.36.96 - - [10/Mar/2016:15:48:00 -0300] "GET /cormun/servlet/solicitudot?9020d44930815cc12474e94e1ed9b47614175862e0a8680ce0b69bebf44ad4826b56a0dc1de69e307ccc8cccb1983571e6fe237510db415ed2c891916f69950c7f5e367b4743c4a16aaea89718ab7672ff8bddbcb9e85700101dd288bb2dd552df28dadabba1585a7785caae98b54ca813fbd33904f0919d501087dca3f05cf7534b5b02b4d90a5fbad65813259cf354,gx-no-cache=1457639847711 HTTP/1.1" 200 38
186.78.36.96 - - [10/Mar/2016:15:48:00 -0300] "GET /cormun/servlet/solicitudot?9020d44930815cc12474e94e1ed9b476c15031cb1f4e397ac7bd89226a4465dcbe359f2c04c1816ff83c40edbaeece899fc10a7df3e9503fb7cea847b1554d702bdccf3a296f57e5b18206340bb9e65aea20321d8d025c9907d07c8d3a5b6b8b095e7e94af42744b05c876cb847369fe,gx-no-cache=1457639847779 HTTP/1.1" 200 29
186.78.36.96 - - [10/Mar/2016:15:48:00 -0300] "POST /cormun/servlet/solicitudot?gx-no-cache=1457639847841 HTTP/1.1" 200 404
186.78.36.96 - - [10/Mar/2016:15:48:05 -0300] "GET /cormun/servlet/prpersonalsolicitud?17093849,,,,,MD,,gxPopupLevel%3D0%3B HTTP/1.1" 200 5397
186.78.36.96 - - [10/Mar/2016:15:48:09 -0300] "GET /cormun/servlet/prsolicitudot?17093849,,,,,MD,,gxPopupLevel%3D0%3B HTTP/1.1" 200 5605
186.78.36.96 - - [10/Mar/2016:15:48:12 -0300] "POST /cormun/servlet/solicitudot?gx-no-cache=1457639860267 HTTP/1.1" 200 452
186.78.36.96 - - [10/Mar/2016:15:48:12 -0300] "GET /cormun/servlet/solicitudot?9020d44930815cc12474e94e1ed9b47614175862e0a8680ce0b69bebf44ad4826b56a0dc1de69e307ccc8cccb1983571e6fe237510db415ed2c891916f69950c7f5e367b4743c4a16aaea89718ab7672ff8bddbcb9e85700101dd288bb2dd552df28dadabba1585a7785caae98b54ca813fbd33904f0919d501087dca3f05cf7534b5b02b4d90a5fbad65813259cf354,gx-no-cache=1457639860378 HTTP/1.1" 200 38
186.78.36.96 - - [10/Mar/2016:15:48:12 -0300] "POST /cormun/servlet/solicitudot?gx-no-cache=1457639860443 HTTP/1.1" 200 404
192.168.10.89 - - [10/Mar/2016:15:48:45 -0300] "GET /cormun/servlet/solicitudot?INS,0,0, HTTP/1.1" 200 11462
186.78.36.96 - - [10/Mar/2016:15:48:46 -0300] "GET /cormun/servlet/solicitudot?9020d44930815cc12474e94e1ed9b4769e78d1ee7ef89f64f8aeb652410eb5f4063595691852a711cd6cafc7b1a9e43834845ba4ea1741ec17019ebad6c252d25e98d06c2fa1489a150a7e9cceb02f130b22bc9ed50e825e3badcebf24d7840674bb01df953913a7c20664e457b7f6dd71102598c67384878bec9085d49d5e9209eb4e0344ff10b43db523458c9d5c07f1349d0511f24810d75bb396b7ae7f70ef6deb5ad335742c6747db7693fe4841,gx-no-cache=1457639898211 HTTP/1.1" 200 30
186.78.36.96 - - [10/Mar/2016:15:48:47 -0300] "POST /cormun/servlet/solicitudot?c8c1aaf9a36821d08ef5572ff70488f7,INS,0,0,,gx-no-cache=1457639898368 HTTP/1.1" 200 8595
192.168.10.89 - - [10/Mar/2016:15:48:48 -0300] "GET /cormun/servlet/prfichaempleado?,MD,,gxPopupLevel%3D0%3B HTTP/1.1" 200 7930
192.168.10.89 - - [10/Mar/2016:15:48:52 -0300] "GET /cormun/servlet/prfichaempleado?d1b591e95491b48d2204a59465e82c3298783835fec78cffce5fa07d428b5d9a559599fac641b0644b0accb6cdc60af9c6353ff62f9c456c839be91a78bfc2fd,gx-no-cache=1457635481635 HTTP/1.1" 200 459
192.168.10.89 - - [10/Mar/2016:15:48:53 -0300] "GET /cormun/servlet/prfichaempleado?d1b591e95491b48d2204a59465e82c3230b884ca8904c0bd7cf44add9a42b669514a45b466b4c653ef97cdefe8708c8f7f4891eb252f2202c49d1de3181e57621d9cc63d58c7ba4b498577b2d4cf74c1,gx-no-cache=1457635483393 HTTP/1.1" 200 465
192.168.10.89 - - [10/Mar/2016:15:48:54 -0300] "POST /cormun/servlet/prfichaempleado?8492c22cbd4c039c1cec493a49ffebb4,,MD,,gxPopupLevel%3D0%3B,gx-no-cache=1457635484294 HTTP/1.1" 200 2892
192.168.10.89 - - [10/Mar/2016:15:48:58 -0300] "POST /cormun/servlet/solicitudot?gx-no-cache=1457635487497 HTTP/1.1" 200 2776
192.168.10.89 - - [10/Mar/2016:15:48:58 -0300] "POST /cormun/servlet/solicitudot?8492c22cbd4c039c1cec493a49ffebb4,INS,0,0,,gx-no-cache=1457635487622 HTTP/1.1" 200 8400
192.168.10.89 - - [10/Mar/2016:15:49:00 -0300] "GET /cormun/servlet/solicitudot?5d3e5fb828e0260e24dd79fa9891fc6631a3e45fa57165487ab79b277fc7bca7880186e03afa64c58e85741b62842437,gx-no-cache=1457635490163 HTTP/1.1" 200 30
192.168.10.89 - - [10/Mar/2016:15:49:00 -0300] "POST /cormun/servlet/solicitudot?gx-no-cache=1457635490200 HTTP/1.1" 200 30
192.168.10.89 - - [10/Mar/2016:15:49:03 -0300] "POST /cormun/servlet/solicitudot?gx-no-cache=1457635492541 HTTP/1.1" 200 30
192.168.10.89 - - [10/Mar/2016:15:49:05 -0300] "POST /cormun/servlet/solicitudot?gx-no-cache=1457635495261 HTTP/1.1" 200 1171
192.168.10.89 - - [10/Mar/2016:15:49:05 -0300] "GET /cormun/servlet/solicitudot?5d3e5fb828e0260e24dd79fa9891fc6657f2d3d2a73cc620885c1c06d200fc4e4b50cb2bd96d077d7cf2330394ca3e293ccc7f74bfe1447143d1dc1de862d8968d8728b643937aaf0a2ddcd79ee3c2cc05b91b265e8cc48f75838c495271cac941a0f7a90e0b2a7e27461c5eea3f6a9f72ca5085bbb138fc309f612aded1a639acac204d4f61eafa6ffbd306d1743bd1,gx-no-cache=1457635495392 HTTP/1.1" 200 38
192.168.10.89 - - [10/Mar/2016:15:49:09 -0300] "GET /cormun/servlet/solicitudot?5d3e5fb828e0260e24dd79fa9891fc663be0939c96dc5d58ff23e92e9e81cce751343ee251fed1e94846bc031623ad536ad12de66aa01e160e2333fc6eee8983ca17a4faa19241dbcc387923622fedd74d261e8bec629ddfdc7a7efac7dc65dbf2783d6749a3d8711cd86f5bb6d34948df74930a905fd423c53386b0836dc69fddf25edebfc03aee39deb4904778698781cdf7999a5e9a1c1f723f6d132a06d8,gx-no-cache=1457635498646 HTTP/1.1" 200 29
192.168.10.89 - - [10/Mar/2016:15:49:09 -0300] "POST /cormun/servlet/solicitudot?gx-no-cache=1457635498677 HTTP/1.1" 200 1127
192.168.10.89 - - [10/Mar/2016:15:49:13 -0300] "GET /cormun/servlet/solicitudot?5d3e5fb828e0260e24dd79fa9891fc664dabe9536163c85a477917beed53d5d1af97c1c10fbbca5029cda3f5ae5b9000f6e76c10915bd168139518172a632d56756c7ca62fa103f348fd2bc93b1996dc5e612dd2ab1ac97f8dbec75ecb43fe06a5f5e0df501fdd25b9f00eeb862beb08453a2e0787c6fa5887c07396214af314bd985529373ad5ab5536c9e87270e03d2eb91fe9814b1c526037ff6eb8c312aa0bc0aee0cb83048b6da03d10fc876c7d,gx-no-cache=1457635503393 HTTP/1.1" 200 30
192.168.10.89 - - [10/Mar/2016:15:49:21 -0300] "POST /cormun/servlet/solicitudot?8492c22cbd4c039c1cec493a49ffebb4,INS,0,0,,gx-no-cache=1457635511151 HTTP/1.1" 200 93
192.168.10.89 - - [10/Mar/2016:15:49:21 -0300] "GET /cormun/servlet/hpexe_return? HTTP/1.1" 200 1030
192.168.10.89 - - [10/Mar/2016:15:49:22 -0300] "GET /cormun/servlet/trsolicitudot?gx-no-cache=1457635134550 HTTP/1.1" 200 11960
186.78.36.96 - - [10/Mar/2016:15:49:28 -0300] "POST /cormun/servlet/solicitudot?gx-no-cache=1457639943571 HTTP/1.1" 200 30
186.78.36.96 - - [10/Mar/2016:15:49:28 -0300] "POST /cormun/servlet/solicitudot?gx-no-cache=1457639943753 HTTP/1.1" 200 452
186.78.36.96 - - [10/Mar/2016:15:49:28 -0300] "GET /cormun/servlet/solicitudot?9020d44930815cc12474e94e1ed9b47614175862e0a8680ce0b69bebf44ad4826b56a0dc1de69e307ccc8cccb1983571e6fe237510db415ed2c891916f69950c7f5e367b4743c4a16aaea89718ab7672ff8bddbcb9e85700101dd288bb2dd552df28dadabba1585a7785caae98b54ca813fbd33904f0919d501087dca3f05cf7d72d582c98d2a8bd1d22f5a967f8dd09a0d1f6036ce7a0be71943eada14ed0a5,gx-no-cache=1457639943897 HTTP/1.1" 200 41
186.78.36.96 - - [10/Mar/2016:15:49:28 -0300] "POST /cormun/servlet/solicitudot?gx-no-cache=1457639943987 HTTP/1.1" 200 404
186.78.36.96 - - [10/Mar/2016:15:49:28 -0300] "GET /cormun/servlet/solicitudot?9020d44930815cc12474e94e1ed9b4769e78d1ee7ef89f64f8aeb652410eb5f4063595691852a711cd6cafc7b1a9e43834845ba4ea1741ec17019ebad6c252d25e98d06c2fa1489a150a7e9cceb02f130b22bc9ed50e825e3badcebf24d7840674bb01df953913a7c20664e457b7f6dd71102598c67384878bec9085d49d5e9209eb4e0344ff10b43db523458c9d5c07f1349d0511f24810d75bb396b7ae7f70775a6284be32efb44ba72ae05641187b,gx-no-cache=1457639944101 HTTP/1.1" 200 32
186.78.36.96 - - [10/Mar/2016:15:49:29 -0300] "POST /cormun/servlet/solicitudot?c8c1aaf9a36821d08ef5572ff70488f7,INS,0,0,,gx-no-cache=1457639944190 HTTP/1.1" 200 93
186.78.36.96 - - [10/Mar/2016:15:49:29 -0300] "GET /cormun/servlet/hpexe_return? HTTP/1.1" 200 1010
186.78.36.96 - - [10/Mar/2016:15:49:29 -0300] "GET /cormun/servlet/trsolicitudot? HTTP/1.1" 200 7492
186.78.36.96 - - [10/Mar/2016:15:49:30 -0300] "GET /cormun/servlet/trsolicitudot? HTTP/1.1" 200 7488
192.168.10.89 - - [10/Mar/2016:15:49:30 -0300] "GET /cormun/servlet/solicitudot?INS,0,0, HTTP/1.1" 200 11485
192.168.10.89 - - [10/Mar/2016:15:49:34 -0300] "GET /cormun/servlet/prfichaempleado?,MD,,gxPopupLevel%3D0%3B HTTP/1.1" 200 7930
192.168.10.89 - - [10/Mar/2016:15:49:38 -0300] "GET /cormun/servlet/prfichaempleado?d1b591e95491b48d2204a59465e82c3298783835fec78cffce5fa07d428b5d9a559599fac641b0644b0accb6cdc60af9c6353ff62f9c456c839be91a78bfc2fd,gx-no-cache=1457635527526 HTTP/1.1" 200 459
186.78.36.96 - - [10/Mar/2016:15:49:39 -0300] "GET /cormun/servlet/trsolicitudot? HTTP/1.1" 200 7488
192.168.10.89 - - [10/Mar/2016:15:49:39 -0300] "GET /cormun/servlet/prfichaempleado?d1b591e95491b48d2204a59465e82c3230b884ca8904c0bd7cf44add9a42b669514a45b466b4c653ef97cdefe8708c8f7f4891eb252f2202c49d1de3181e57621d9cc63d58c7ba4b498577b2d4cf74c1,gx-no-cache=1457635529023 HTTP/1.1" 200 465
186.78.36.96 - - [10/Mar/2016:15:49:39 -0300] "GET /cormun/servlet/trsolicitudot? HTTP/1.1" 200 7488
192.168.10.89 - - [10/Mar/2016:15:49:40 -0300] "POST /cormun/servlet/prfichaempleado?8492c22cbd4c039c1cec493a49ffebb4,,MD,,gxPopupLevel%3D0%3B,gx-no-cache=1457635529917 HTTP/1.1" 200 2892
192.168.10.89 - - [10/Mar/2016:15:49:43 -0300] "POST /cormun/servlet/solicitudot?gx-no-cache=1457635532570 HTTP/1.1" 200 2776
192.168.10.89 - - [10/Mar/2016:15:49:43 -0300] "POST /cormun/servlet/solicitudot?8492c22cbd4c039c1cec493a49ffebb4,INS,0,0,,gx-no-cache=1457635532729 HTTP/1.1" 200 8421
192.168.10.89 - - [10/Mar/2016:15:49:45 -0300] "GET /cormun/servlet/solicitudot?5d3e5fb828e0260e24dd79fa9891fc6631a3e45fa57165487ab79b277fc7bca7880186e03afa64c58e85741b62842437,gx-no-cache=1457635535110 HTTP/1.1" 200 30
192.168.10.89 - - [10/Mar/2016:15:49:45 -0300] "POST /cormun/servlet/solicitudot?gx-no-cache=1457635535141 HTTP/1.1" 200 30
192.168.10.89 - - [10/Mar/2016:15:49:48 -0300] "POST /cormun/servlet/solicitudot?gx-no-cache=1457635538044 HTTP/1.1" 200 30
192.168.10.89 - - [10/Mar/2016:15:49:49 -0300] "GET /cormun/servlet/prcontratosol?8269735,,,,,MD,,gxPopupLevel%3D0%3B HTTP/1.1" 200 5713
192.168.10.89 - - [10/Mar/2016:15:49:51 -0300] "POST /cormun/servlet/solicitudot?gx-no-cache=1457635541484 HTTP/1.1" 200 1171
192.168.10.89 - - [10/Mar/2016:15:49:52 -0300] "GET /cormun/servlet/solicitudot?5d3e5fb828e0260e24dd79fa9891fc6657f2d3d2a73cc620885c1c06d200fc4e4b50cb2bd96d077d7cf2330394ca3e293ccc7f74bfe1447143d1dc1de862d8968d8728b643937aaf0a2ddcd79ee3c2cc05b91b265e8cc48f75838c495271cac941a0f7a90e0b2a7e27461c5eea3f6a9f72ca5085bbb138fc309f612aded1a639acac204d4f61eafa6ffbd306d1743bd1,gx-no-cache=1457635541604 HTTP/1.1" 200 38
192.168.10.89 - - [10/Mar/2016:15:49:52 -0300] "GET /cormun/servlet/solicitudot?5d3e5fb828e0260e24dd79fa9891fc663be0939c96dc5d58ff23e92e9e81cce751343ee251fed1e94846bc031623ad536ad12de66aa01e160e2333fc6eee8983ca17a4faa19241dbcc387923622fedd74d261e8bec629ddfdc7a7efac7dc65dbf2783d6749a3d8711cd86f5bb6d34948df74930a905fd423c53386b0836dc69fddf25edebfc03aee39deb4904778698781cdf7999a5e9a1c1f723f6d132a06d8,gx-no-cache=1457635541625 HTTP/1.1" 200 29
192.168.10.89 - - [10/Mar/2016:15:49:52 -0300] "POST /cormun/servlet/solicitudot?gx-no-cache=1457635541646 HTTP/1.1" 200 1127
186.78.36.96 - - [10/Mar/2016:15:49:58 -0300] "GET /cormun/servlet/hlogin HTTP/1.1" 200 1719
186.78.36.96 - - [10/Mar/2016:15:50:03 -0300] "POST /cormun/servlet/hlogin?2995dea742a46be544bd7fff848fc384,gx-no-cache=1457639980617 HTTP/1.1" 200 90
186.78.36.96 - - [10/Mar/2016:15:50:03 -0300] "GET /cormun/servlet/hpexe_link HTTP/1.1" 200 952
186.78.36.96 - - [10/Mar/2016:15:50:03 -0300] "GET /cormun/servlet/hhome HTTP/1.1" 200 3440
186.78.36.96 - - [10/Mar/2016:15:50:03 -0300] "GET /cormun/servlet/hhome HTTP/1.1" 200 3438
192.168.10.89 - - [10/Mar/2016:15:50:04 -0300] "GET /cormun/servlet/solicitudot?5d3e5fb828e0260e24dd79fa9891fc664dabe9536163c85a477917beed53d5d126417fe3431d287026c624e072a0bb1ff0278e7f066e772c72f6c9251301595962b821c704d0f5e9768dac2d620c641c440956795edbf8dc6475bd9a460dc9e05321af720d3d88323d1f7da9f36c3ee2c35bd103d27856b2104202a75907ab26e997e91c31208592ad276e3c79c235e73e0cf0aa1e26ac01836b1fef197a5eb612a6aaa538218ffa7674102961021726,gx-no-cache=1457635554180 HTTP/1.1" 200 30
186.78.36.96 - - [10/Mar/2016:15:50:07 -0300] "GET /cormun/servlet/trsolicitudot? HTTP/1.1" 200 7748
186.78.36.96 - - [10/Mar/2016:15:50:08 -0300] "GET /cormun/servlet/trsolicitudot? HTTP/1.1" 200 7746
192.168.10.89 - - [10/Mar/2016:15:50:11 -0300] "POST /cormun/servlet/solicitudot?8492c22cbd4c039c1cec493a49ffebb4,INS,0,0,,gx-no-cache=1457635560666 HTTP/1.1" 200 93
192.168.10.89 - - [10/Mar/2016:15:50:11 -0300] "GET /cormun/servlet/hpexe_return? HTTP/1.1" 200 1030
192.168.10.89 - - [10/Mar/2016:15:50:12 -0300] "GET /cormun/servlet/trsolicitudot?gx-no-cache=1457635134550 HTTP/1.1" 200 12134
192.168.10.89 - - [10/Mar/2016:15:50:16 -0300] "POST /cormun/servlet/trsolicitudot?8492c22cbd4c039c1cec493a49ffebb4,gx-no-cache=1457635134550,gx-no-cache=1457635565753 HTTP/1.1" 200 9802
192.168.10.89 - - [10/Mar/2016:15:50:17 -0300] "POST /cormun/servlet/trsolicitudot?8492c22cbd4c039c1cec493a49ffebb4,gx-no-cache=1457635134550,gx-no-cache=1457635566469 HTTP/1.1" 200 9802
192.168.10.89 - - [10/Mar/2016:15:50:17 -0300] "POST /cormun/servlet/trsolicitudot?8492c22cbd4c039c1cec493a49ffebb4,gx-no-cache=1457635134550,gx-no-cache=1457635567352 HTTP/1.1" 200 9802
192.168.10.89 - - [10/Mar/2016:15:50:18 -0300] "POST /cormun/servlet/trsolicitudot?8492c22cbd4c039c1cec493a49ffebb4,gx-no-cache=1457635134550,gx-no-cache=1457635568323 HTTP/1.1" 200 9802
192.168.10.89 - - [10/Mar/2016:15:50:20 -0300] "POST /cormun/servlet/trsolicitudot?8492c22cbd4c039c1cec493a49ffebb4,gx-no-cache=1457635134550,gx-no-cache=1457635569459 HTTP/1.1" 200 9802
186.78.36.96 - - [10/Mar/2016:15:50:20 -0300] "POST /cormun/servlet/trsolicitudot?2995dea742a46be544bd7fff848fc384,,gx-no-cache=1457639999831 HTTP/1.1" 200 5176
186.78.36.96 - - [10/Mar/2016:15:50:21 -0300] "POST /cormun/servlet/trsolicitudot?2995dea742a46be544bd7fff848fc384,,gx-no-cache=1457640000237 HTTP/1.1" 200 5176
192.168.10.89 - - [10/Mar/2016:15:50:21 -0300] "POST /cormun/servlet/trsolicitudot?8492c22cbd4c039c1cec493a49ffebb4,gx-no-cache=1457635134550,gx-no-cache=1457635570767 HTTP/1.1" 200 9802
186.78.36.96 - - [10/Mar/2016:15:50:21 -0300] "POST /cormun/servlet/trsolicitudot?2995dea742a46be544bd7fff848fc384,,gx-no-cache=1457640000634 HTTP/1.1" 200 5176
192.168.10.89 - - [10/Mar/2016:15:50:22 -0300] "POST /cormun/servlet/trsolicitudot?8492c22cbd4c039c1cec493a49ffebb4,gx-no-cache=1457635134550,gx-no-cache=1457635572233 HTTP/1.1" 200 9802
186.78.36.96 - - [10/Mar/2016:15:50:24 -0300] "GET /cormun/servlet/trsolicitudot?86ee4949317f057278e4c7120690dbcbbf5e875d2fa28ad4a03f996ff1ef3f4a50c7a9a75b2462a5ba0d17aae7fe5dd5bd8515dc1ad3031e045bef262b610546fa51fb33079cc3d7f1a70bb34c39b6a8f1aa13fb9598761e22467a1b495360a6,gx-no-cache=1457640003881 HTTP/1.1" 200 2511
186.78.36.96 - - [10/Mar/2016:15:50:25 -0300] "GET /cormun/servlet/trsolicitudot?86ee4949317f057278e4c7120690dbcb658bf1cb4c837f8e4eddd99fc235dfa9eedc7f54c421ee67bef5bd448aeaafb37e1074f76d6ae3346052a681e6d5d44da606906acaf0c154db737a859635e33b6cd47fed9c7eadbc4e5f8aab45838803,gx-no-cache=1457640005113 HTTP/1.1" 200 2511
186.78.36.96 - - [10/Mar/2016:15:50:27 -0300] "POST /cormun/servlet/trsolicitudot?2995dea742a46be544bd7fff848fc384,,gx-no-cache=1457640007251 HTTP/1.1" 200 3492
186.78.36.96 - - [10/Mar/2016:15:50:31 -0300] "GET /cormun/servlet/trsolicitudot?86ee4949317f057278e4c7120690dbcb658bf1cb4c837f8e4eddd99fc235dfa9aa67f1386a96dbd0d12f55aac192f49af36e513669eb9bfbb29a083b47a6abeca86fcbc63283667872dd7c910301e62ef1f92631028f68e0258432721e958f27,gx-no-cache=1457640011478 HTTP/1.1" 200 764
186.78.36.96 - - [10/Mar/2016:15:50:32 -0300] "GET /cormun/servlet/trsolicitudot?86ee4949317f057278e4c7120690dbcb658bf1cb4c837f8e4eddd99fc235dfa923a65497bf013a25a570f8fba5c1bf3e34fdfc41d3cf6a6bd08f42a2a52e3c59f12319d4432c9ca1efebade62cf825d35dab1b24cafb52fcb166cb9c099cf8b1,gx-no-cache=1457640012449 HTTP/1.1" 200 764
192.168.10.89 - - [10/Mar/2016:15:50:32 -0300] "POST /cormun/servlet/trsolicitudot?8492c22cbd4c039c1cec493a49ffebb4,gx-no-cache=1457635134550,gx-no-cache=1457635573842 HTTP/1.1" 200 9628
186.78.36.96 - - [10/Mar/2016:15:50:34 -0300] "POST /cormun/servlet/trsolicitudot?2995dea742a46be544bd7fff848fc384,,gx-no-cache=1457640014402 HTTP/1.1" 200 3500
186.78.36.96 - - [10/Mar/2016:15:50:34 -0300] "POST /cormun/servlet/trsolicitudot?2995dea742a46be544bd7fff848fc384,,gx-no-cache=1457640014756 HTTP/1.1" 200 3500
186.78.36.96 - - [10/Mar/2016:15:50:35 -0300] "POST /cormun/servlet/trsolicitudot?2995dea742a46be544bd7fff848fc384,,gx-no-cache=1457640015083 HTTP/1.1" 200 3500
192.168.10.89 - - [10/Mar/2016:15:50:35 -0300] "POST /cormun/servlet/trsolicitudot?8492c22cbd4c039c1cec493a49ffebb4,gx-no-cache=1457635134550,gx-no-cache=1457635584699 HTTP/1.1" 200 9567
186.78.36.96 - - [10/Mar/2016:15:50:35 -0300] "POST /cormun/servlet/trsolicitudot?2995dea742a46be544bd7fff848fc384,,gx-no-cache=1457640015409 HTTP/1.1" 200 3500
192.168.10.89 - - [10/Mar/2016:15:50:36 -0300] "GET /cormun/static/Shared/jqueryui/images/ui-bg_highlight-soft_100_c6c2c8_1x100.png HTTP/1.1" 404 1117
192.168.10.89 - - [10/Mar/2016:15:50:36 -0300] "GET /cormun/static/Shared/jqueryui/images/ui-icons_8d78a5_256x240.png HTTP/1.1" 404 1089
192.168.10.89 - - [10/Mar/2016:15:50:36 -0300] "GET /cormun/static/Shared/jqueryui/images/ui-icons_82798d_256x240.png HTTP/1.1" 404 1089
192.168.10.89 - - [10/Mar/2016:15:50:36 -0300] "GET /cormun/static/Shared/jqueryui/images/ui-bg_flat_55_fafafa_40x100.png HTTP/1.1" 404 1097
186.78.36.96 - - [10/Mar/2016:15:50:38 -0300] "GET /cormun/servlet/solicitudot?INS,0,0, HTTP/1.1" 200 11445
186.78.36.96 - - [10/Mar/2016:15:50:39 -0300] "GET /cormun/servlet/solicitudot?INS,0,0, HTTP/1.1" 200 11450
192.168.10.89 - - [10/Mar/2016:15:50:40 -0300] "POST /cormun/servlet/trsolicitudot?8492c22cbd4c039c1cec493a49ffebb4,gx-no-cache=1457635134550,gx-no-cache=1457635590167 HTTP/1.1" 200 9592
192.168.10.89 - - [10/Mar/2016:15:50:42 -0300] "POST /cormun/servlet/trsolicitudot?8492c22cbd4c039c1cec493a49ffebb4,gx-no-cache=1457635134550,gx-no-cache=1457635592019 HTTP/1.1" 200 9592
192.168.10.89 - - [10/Mar/2016:15:50:44 -0300] "POST /cormun/servlet/trsolicitudot?8492c22cbd4c039c1cec493a49ffebb4,gx-no-cache=1457635134550,gx-no-cache=1457635594039 HTTP/1.1" 200 9592
192.168.10.89 - - [10/Mar/2016:15:50:46 -0300] "POST /cormun/servlet/trsolicitudot?8492c22cbd4c039c1cec493a49ffebb4,gx-no-cache=1457635134550,gx-no-cache=1457635596306 HTTP/1.1" 200 9592
192.168.10.89 - - [10/Mar/2016:15:50:49 -0300] "POST /cormun/servlet/trsolicitudot?8492c22cbd4c039c1cec493a49ffebb4,gx-no-cache=1457635134550,gx-no-cache=1457635598623 HTTP/1.1" 200 9592
192.168.10.89 - - [10/Mar/2016:15:50:51 -0300] "POST /cormun/servlet/trsolicitudot?8492c22cbd4c039c1cec493a49ffebb4,gx-no-cache=1457635134550,gx-no-cache=1457635601046 HTTP/1.1" 200 9592
192.168.10.89 - - [10/Mar/2016:15:50:54 -0300] "POST /cormun/servlet/trsolicitudot?8492c22cbd4c039c1cec493a49ffebb4,gx-no-cache=1457635134550,gx-no-cache=1457635603586 HTTP/1.1" 200 9592
186.78.36.96 - - [10/Mar/2016:15:50:54 -0300] "POST /cormun/servlet/solicitudot?gx-no-cache=1457640036160 HTTP/1.1" 200 2770
186.78.36.96 - - [10/Mar/2016:15:50:54 -0300] "POST /cormun/servlet/solicitudot?2995dea742a46be544bd7fff848fc384,INS,0,0,,gx-no-cache=1457640036507 HTTP/1.1" 200 8373
186.78.36.96 - - [10/Mar/2016:15:51:01 -0300] "GET /cormun/servlet/solicitudot?5fcf4f20e0a797475368199f0f5b70951bb96ae919cb905fb0afd8b91ed430e6a0e5b0dc31474135f1efd7f7ec94c9d4,gx-no-cache=1457640044629 HTTP/1.1" 200 30
186.78.36.96 - - [10/Mar/2016:15:51:01 -0300] "POST /cormun/servlet/solicitudot?gx-no-cache=1457640044740 HTTP/1.1" 200 30
186.78.36.96 - - [10/Mar/2016:15:51:15 -0300] "POST /cormun/servlet/solicitudot?gx-no-cache=1457640058453 HTTP/1.1" 200 122
186.78.36.96 - - [10/Mar/2016:15:51:15 -0300] "GET /cormun/static/Shared/jqueryui/images/ui-bg_highlight-soft_100_c6c2c8_1x100.png HTTP/1.1" 404 1117
186.78.36.96 - - [10/Mar/2016:15:51:15 -0300] "GET /cormun/static/Shared/jqueryui/images/ui-icons_82798d_256x240.png HTTP/1.1" 404 1089
186.78.36.96 - - [10/Mar/2016:15:51:15 -0300] "GET /cormun/static/Shared/jqueryui/images/ui-bg_flat_55_fafafa_40x100.png HTTP/1.1" 404 1097
186.78.36.96 - - [10/Mar/2016:15:51:15 -0300] "GET /cormun/static/Shared/jqueryui/images/ui-icons_8d78a5_256x240.png HTTP/1.1" 404 1089
192.168.10.89 - - [10/Mar/2016:15:51:20 -0300] "POST /cormun/servlet/trsolicitudot?8492c22cbd4c039c1cec493a49ffebb4,gx-no-cache=1457635134550,gx-no-cache=1457635629624 HTTP/1.1" 200 9332
192.168.10.89 - - [10/Mar/2016:15:51:24 -0300] "POST /cormun/servlet/trsolicitudot?8492c22cbd4c039c1cec493a49ffebb4,gx-no-cache=1457635134550,gx-no-cache=1457635633893 HTTP/1.1" 200 9271
192.168.10.89 - - [10/Mar/2016:15:51:33 -0300] "POST /cormun/servlet/trsolicitudot?8492c22cbd4c039c1cec493a49ffebb4,gx-no-cache=1457635134550,gx-no-cache=1457635643367 HTTP/1.1" 200 9297
192.168.10.89 - - [10/Mar/2016:15:51:36 -0300] "POST /cormun/servlet/trsolicitudot?8492c22cbd4c039c1cec493a49ffebb4,gx-no-cache=1457635134550,gx-no-cache=1457635646248 HTTP/1.1" 200 9297
192.168.10.89 - - [10/Mar/2016:15:51:40 -0300] "POST /cormun/servlet/trsolicitudot?8492c22cbd4c039c1cec493a49ffebb4,gx-no-cache=1457635134550,gx-no-cache=1457635649409 HTTP/1.1" 200 9297
192.168.10.89 - - [10/Mar/2016:15:51:43 -0300] "POST /cormun/servlet/trsolicitudot?8492c22cbd4c039c1cec493a49ffebb4,gx-no-cache=1457635134550,gx-no-cache=1457635652621 HTTP/1.1" 200 9297
192.168.10.89 - - [10/Mar/2016:15:51:46 -0300] "POST /cormun/servlet/trsolicitudot?8492c22cbd4c039c1cec493a49ffebb4,gx-no-cache=1457635134550,gx-no-cache=1457635656011 HTTP/1.1" 200 9297
192.168.10.89 - - [10/Mar/2016:15:51:50 -0300] "POST /cormun/servlet/trsolicitudot?8492c22cbd4c039c1cec493a49ffebb4,gx-no-cache=1457635134550,gx-no-cache=1457635659518 HTTP/1.1" 200 9297
192.168.10.89 - - [10/Mar/2016:15:51:53 -0300] "POST /cormun/servlet/trsolicitudot?8492c22cbd4c039c1cec493a49ffebb4,gx-no-cache=1457635134550,gx-no-cache=1457635663120 HTTP/1.1" 200 9297
192.168.10.89 - - [10/Mar/2016:15:52:26 -0300] "GET /cormun/servlet/hhome HTTP/1.1" 200 3447
192.168.10.89 - - [10/Mar/2016:15:52:34 -0300] "GET /cormun/servlet/trsolicitudot? HTTP/1.1" 200 11666
186.78.36.96 - - [10/Mar/2016:15:54:31 -0300] "GET /cormun/servlet/hlogin HTTP/1.1" 200 1718
186.78.36.96 - - [10/Mar/2016:15:55:11 -0300] "POST /cormun/servlet/hlogin?20dfa4700bf17b262b7db396a4b057fc,gx-no-cache=1457640311448 HTTP/1.1" 200 90
186.78.36.96 - - [10/Mar/2016:15:55:11 -0300] "GET /cormun/servlet/hpexe_link HTTP/1.1" 200 950
186.78.36.96 - - [10/Mar/2016:15:55:11 -0300] "GET /cormun/servlet/hhome HTTP/1.1" 200 3439
186.78.36.96 - - [10/Mar/2016:15:55:12 -0300] "GET /cormun/servlet/hhome HTTP/1.1" 200 3437
186.78.36.96 - - [10/Mar/2016:15:55:16 -0300] "GET /cormun/servlet/trsolicitudot? HTTP/1.1" 200 7747
186.78.36.96 - - [10/Mar/2016:15:55:16 -0300] "GET /cormun/servlet/trsolicitudot? HTTP/1.1" 200 7746
186.78.36.96 - - [10/Mar/2016:15:55:18 -0300] "POST /cormun/servlet/trsolicitudot?20dfa4700bf17b262b7db396a4b057fc,,gx-no-cache=1457640318887 HTTP/1.1" 200 5178
186.78.36.96 - - [10/Mar/2016:15:55:18 -0300] "POST /cormun/servlet/trsolicitudot?20dfa4700bf17b262b7db396a4b057fc,,gx-no-cache=1457640319334 HTTP/1.1" 200 5179
186.78.36.96 - - [10/Mar/2016:15:55:19 -0300] "POST /cormun/servlet/trsolicitudot?20dfa4700bf17b262b7db396a4b057fc,,gx-no-cache=1457640319751 HTTP/1.1" 200 5178
186.78.36.96 - - [10/Mar/2016:15:55:22 -0300] "GET /cormun/servlet/trsolicitudot?d0cdb26ddb7dadb18e42bd840a9e116ea425b31d4eb93003b95dee63d5e9acb7663e38d1310321fe44c6117de0f25217f356911172179ee8b6debb9d3b3932080ef0045c1d2330b7df2f0ed4ddde9fd93b97cdb585970ef33f4cf2d409cd04a5,gx-no-cache=1457640323571 HTTP/1.1" 200 2511
186.78.36.96 - - [10/Mar/2016:15:55:24 -0300] "POST /cormun/servlet/trsolicitudot?20dfa4700bf17b262b7db396a4b057fc,,gx-no-cache=1457640325192 HTTP/1.1" 200 3490
186.78.36.96 - - [10/Mar/2016:15:55:29 -0300] "GET /cormun/servlet/trsolicitudot?d0cdb26ddb7dadb18e42bd840a9e116ea425b31d4eb93003b95dee63d5e9acb7ce341a12ce73353d4e248271089b4b0d84e81b25276443c2b7bef331be012456377c6fd76e6b906d0ff9a0a63fa62f54aa493756c4333f5d53298639475d824e,gx-no-cache=1457640331328 HTTP/1.1" 200 764
186.78.36.96 - - [10/Mar/2016:15:55:31 -0300] "POST /cormun/servlet/trsolicitudot?20dfa4700bf17b262b7db396a4b057fc,,gx-no-cache=1457640333308 HTTP/1.1" 200 3498
186.78.36.96 - - [10/Mar/2016:15:55:32 -0300] "POST /cormun/servlet/trsolicitudot?20dfa4700bf17b262b7db396a4b057fc,,gx-no-cache=1457640333687 HTTP/1.1" 200 3499
186.78.36.96 - - [10/Mar/2016:15:55:32 -0300] "POST /cormun/servlet/trsolicitudot?20dfa4700bf17b262b7db396a4b057fc,,gx-no-cache=1457640334041 HTTP/1.1" 200 3499
186.78.36.96 - - [10/Mar/2016:15:55:32 -0300] "POST /cormun/servlet/trsolicitudot?20dfa4700bf17b262b7db396a4b057fc,,gx-no-cache=1457640334365 HTTP/1.1" 200 3499
186.78.36.96 - - [10/Mar/2016:15:55:36 -0300] "GET /cormun/servlet/solicitudot?INS,0,0, HTTP/1.1" 200 11444
186.78.36.96 - - [10/Mar/2016:15:55:37 -0300] "GET /cormun/servlet/solicitudot?INS,0,0, HTTP/1.1" 200 11449
186.78.36.96 - - [10/Mar/2016:15:55:45 -0300] "POST /cormun/servlet/solicitudot?gx-no-cache=1457640348142 HTTP/1.1" 200 2771
186.78.36.96 - - [10/Mar/2016:15:55:45 -0300] "POST /cormun/servlet/solicitudot?20dfa4700bf17b262b7db396a4b057fc,INS,0,0,,gx-no-cache=1457640348491 HTTP/1.1" 200 8392
186.78.36.96 - - [10/Mar/2016:15:55:51 -0300] "GET /cormun/servlet/solicitudot?8551b9f7170a729c2002f466eef75b045000cca779bb9920103978e9307b665bba5633890466b1587e48e312372cab1e,gx-no-cache=1457640354453 HTTP/1.1" 200 30
186.78.36.96 - - [10/Mar/2016:15:55:51 -0300] "POST /cormun/servlet/solicitudot?gx-no-cache=1457640354543 HTTP/1.1" 200 30
186.78.36.96 - - [10/Mar/2016:15:55:56 -0300] "POST /cormun/servlet/solicitudot?gx-no-cache=1457640360137 HTTP/1.1" 200 30
186.78.36.96 - - [10/Mar/2016:15:56:33 -0300] "GET /cormun/servlet/prlicenciaspermisos?14035502,L,,MD,,gxPopupLevel%3D0%3B HTTP/1.1" 200 5933
186.78.36.96 - - [10/Mar/2016:15:56:33 -0300] "GET /cormun/static/Resources/Spanish/PXTools.css?17554516 HTTP/1.1" 304 -
186.78.36.96 - - [10/Mar/2016:15:56:33 -0300] "GET /cormun/static/gxcfg.js?201616231591 HTTP/1.1" 304 -
186.78.36.96 - - [10/Mar/2016:15:56:33 -0300] "GET /cormun/static/prlicenciaspermisos.js?201616231727 HTTP/1.1" 304 -
186.78.36.96 - - [10/Mar/2016:15:56:40 -0300] "POST /cormun/servlet/solicitudot?gx-no-cache=1457640408463 HTTP/1.1" 200 452
186.78.36.96 - - [10/Mar/2016:15:56:46 -0300] "GET /cormun/servlet/solicitudot?8551b9f7170a729c2002f466eef75b0400e5a0f57f61bde9857f7e753779574ec4d8b20db21f5f44443feff1d6cac2d589ca8e923c32ef520692b4d35c93b99fd0c8ccd361d03660489fc0b55bb5f1b9e3ab95130b1426facc8b38dc281cb35797f9f04e00b83abf50eebc6bcdcc93ea36ae8c903f6f7c42495806e9453945622deb815804e6b0f9f36b5c76ff67db93cb6f827b4ccace8d916c32f7cddd2dd7,gx-no-cache=1457640415052 HTTP/1.1" 200 38
186.78.36.96 - - [10/Mar/2016:15:57:00 -0300] "GET /cormun/servlet/solicitudot?8551b9f7170a729c2002f466eef75b044ce93b232072baeca30e08577b212b266db84a68a6dcd7fdfa05a41bfd4dfa9113dadeac7d7b61323e9cf9739c1a56a45934431ad59cc9ccbb4c0ad67c2ed65767b12024bdbe5892abca3805d849174009a67e5d61f2c8e35c588de8c4eef881f368ccce57bb37eecb64a95e1b807f272ceef5f6927bef60c497fb38316270b5da3d8ec12ca682571ec21131047e489e,gx-no-cache=1457640429969 HTTP/1.1" 200 29
186.78.36.96 - - [10/Mar/2016:15:57:01 -0300] "POST /cormun/servlet/solicitudot?gx-no-cache=1457640431662 HTTP/1.1" 200 1128
192.168.10.89 - - [10/Mar/2016:15:57:06 -0300] "GET /cormun/servlet/hlogin HTTP/1.1" 200 1739
186.78.36.96 - - [10/Mar/2016:15:57:46 -0300] "GET /cormun/static/menuarrow.gif HTTP/1.1" 404 1015
186.78.36.96 - - [10/Mar/2016:15:58:04 -0300] "GET /cormun/servlet/solicitudot?8551b9f7170a729c2002f466eef75b0466acd14aaa09951a5cfa9f104759bb5a1b7db5954cff6df6938b7478d53012878e0e7b98b315a8683b35fc6e0b20a0876a4ba6925d6d7b8637f5b05618d3217f2575ee8704a935596fdb9739776e9185bd15153964a1c77c195b53a58d11de460bd2c634f8a5e51900a77c71fb24c793858803e35d2bb366190e4124ffc9921c2be67f054f1bf2cdd071ec8283c860e6573764ccbbfa2722bd87f4e0068dbef7fb161ef701cb59535d1a7e9b2e143375,gx-no-cache=1457640501390 HTTP/1.1" 200 30
186.78.36.96 - - [10/Mar/2016:15:58:05 -0300] "POST /cormun/servlet/solicitudot?20dfa4700bf17b262b7db396a4b057fc,INS,0,0,,gx-no-cache=1457640501536 HTTP/1.1" 200 93
186.78.36.96 - - [10/Mar/2016:15:58:05 -0300] "GET /cormun/servlet/hpexe_return? HTTP/1.1" 200 1009
186.78.36.96 - - [10/Mar/2016:15:58:05 -0300] "GET /cormun/servlet/trsolicitudot? HTTP/1.1" 200 7548
186.78.36.96 - - [10/Mar/2016:15:58:06 -0300] "GET /cormun/servlet/trsolicitudot? HTTP/1.1" 200 7544
186.78.36.96 - - [10/Mar/2016:15:58:19 -0300] "GET /cormun/servlet/hlogin HTTP/1.1" 200 1713
186.78.36.96 - - [10/Mar/2016:15:58:21 -0300] "POST /cormun/servlet/hlogin?674a8ed14d0cf15a215cc0ed4772c951,gx-no-cache=1457640518373 HTTP/1.1" 200 90
186.78.36.96 - - [10/Mar/2016:15:58:21 -0300] "GET /cormun/servlet/hpexe_link HTTP/1.1" 200 946
186.78.36.96 - - [10/Mar/2016:15:58:21 -0300] "GET /cormun/servlet/hhome HTTP/1.1" 200 3433
186.78.36.96 - - [10/Mar/2016:15:58:22 -0300] "GET /cormun/servlet/hhome HTTP/1.1" 200 3429
186.78.36.96 - - [10/Mar/2016:15:58:27 -0300] "GET /cormun/servlet/trsolicitudot? HTTP/1.1" 200 8155
186.78.36.96 - - [10/Mar/2016:15:58:28 -0300] "GET /cormun/servlet/trsolicitudot? HTTP/1.1" 200 8153
186.78.36.96 - - [10/Mar/2016:15:58:34 -0300] "POST /cormun/servlet/trsolicitudot?674a8ed14d0cf15a215cc0ed4772c951,,gx-no-cache=1457640532120 HTTP/1.1" 200 5593
186.78.36.96 - - [10/Mar/2016:15:58:34 -0300] "POST /cormun/servlet/trsolicitudot?674a8ed14d0cf15a215cc0ed4772c951,,gx-no-cache=1457640532578 HTTP/1.1" 200 5593
186.78.36.96 - - [10/Mar/2016:15:58:34 -0300] "POST /cormun/servlet/trsolicitudot?674a8ed14d0cf15a215cc0ed4772c951,,gx-no-cache=1457640533021 HTTP/1.1" 200 5593
186.78.36.96 - - [10/Mar/2016:15:58:35 -0300] "POST /cormun/servlet/trsolicitudot?674a8ed14d0cf15a215cc0ed4772c951,,gx-no-cache=1457640533496 HTTP/1.1" 200 5593
186.78.36.96 - - [10/Mar/2016:15:58:35 -0300] "POST /cormun/servlet/trsolicitudot?674a8ed14d0cf15a215cc0ed4772c951,,gx-no-cache=1457640533934 HTTP/1.1" 200 5593
186.78.36.96 - - [10/Mar/2016:15:58:36 -0300] "POST /cormun/servlet/trsolicitudot?674a8ed14d0cf15a215cc0ed4772c951,,gx-no-cache=1457640534383 HTTP/1.1" 200 5594
186.78.36.96 - - [10/Mar/2016:15:58:36 -0300] "POST /cormun/servlet/trsolicitudot?674a8ed14d0cf15a215cc0ed4772c951,,gx-no-cache=1457640534829 HTTP/1.1" 200 5592
186.78.36.96 - - [10/Mar/2016:15:58:37 -0300] "POST /cormun/servlet/trsolicitudot?674a8ed14d0cf15a215cc0ed4772c951,,gx-no-cache=1457640535287 HTTP/1.1" 200 5207
186.78.36.96 - - [10/Mar/2016:15:58:37 -0300] "GET /cormun/static/Shared/jqueryui/images/ui-bg_highlight-soft_100_c6c2c8_1x100.png HTTP/1.1" 404 1117
186.78.36.96 - - [10/Mar/2016:15:58:37 -0300] "GET /cormun/static/Shared/jqueryui/images/ui-icons_82798d_256x240.png HTTP/1.1" 404 1089
186.78.36.96 - - [10/Mar/2016:15:58:37 -0300] "GET /cormun/static/Shared/jqueryui/images/ui-bg_flat_55_fafafa_40x100.png HTTP/1.1" 404 1097
186.78.36.96 - - [10/Mar/2016:15:58:37 -0300] "GET /cormun/static/Shared/jqueryui/images/ui-icons_8d78a5_256x240.png HTTP/1.1" 404 1089
186.78.36.96 - - [10/Mar/2016:15:58:37 -0300] "POST /cormun/servlet/trsolicitudot?674a8ed14d0cf15a215cc0ed4772c951,,gx-no-cache=1457640535816 HTTP/1.1" 200 5147
