186.103.157.235 - - [09/Mar/2016:10:31:11 -0300] "POST /cormun/servlet/trautorizarsolicitud?f4142358e510b2fec10404735efffd46,,gx-no-cache=1457530301260 HTTP/1.1" 200 3473
186.103.157.235 - - [09/Mar/2016:10:31:11 -0300] "POST /cormun/servlet/trautorizarsolicitud?f4142358e510b2fec10404735efffd46,,gx-no-cache=1457530301411 HTTP/1.1" 200 3473
186.103.157.235 - - [09/Mar/2016:10:31:11 -0300] "POST /cormun/servlet/trautorizarsolicitud?f4142358e510b2fec10404735efffd46,,gx-no-cache=1457530301560 HTTP/1.1" 200 3473
186.103.157.235 - - [09/Mar/2016:10:31:11 -0300] "POST /cormun/servlet/trautorizarsolicitud?f4142358e510b2fec10404735efffd46,,gx-no-cache=1457530301712 HTTP/1.1" 200 3472
186.78.47.206 - - [09/Mar/2016:10:31:14 -0300] "GET /cormun/servlet/prfichaempleado?29725c300efe6053ae6e33bf59b21cd88f3d05dc32f2025e1abac0b2b3db7040440af1d48c070e3f71b0bd97f54545c028d3c527fdb75437ce0ff425a6d3edeb6245a5e7357d6e5401a6750e21e1147a,gx-no-cache=1457530643614 HTTP/1.1" 200 433
186.78.47.206 - - [09/Mar/2016:10:31:16 -0300] "POST /cormun/servlet/prfichaempleado?bf4d6d016d4cf7a6a7db8e01462419d0,,MD,,gxPopupLevel%3D0%3B,gx-no-cache=1457530644883 HTTP/1.1" 200 2572
186.103.157.235 - - [09/Mar/2016:10:31:19 -0300] "POST /cormun/servlet/trautorizarsolicitud?f4142358e510b2fec10404735efffd46,,gx-no-cache=1457530309429 HTTP/1.1" 200 4880
186.103.157.235 - - [09/Mar/2016:10:31:20 -0300] "GET /cormun/servlet/trautorizarsolicitud?1504e76c257b7937d4cb6772b5d2d0997e3fcf0543e56c2d097b390bd4fa1f41a9e864f61d28bc392e1863b4a0ce476e946da2f76bf444a5f3a505d86a6e1bae28e2c57f41b25fe05784c3f71d9fb7af2615e3d66b73172957c6c176043ac759,gx-no-cache=1457530309859 HTTP/1.1" 200 2191
192.168.10.89 - - [09/Mar/2016:10:31:23 -0300] "POST /cormun/servlet/hlogin?4dd4eb9b578b38a1f133cca4618a9f5f,gx-no-cache=1457530033423 HTTP/1.1" 200 90
192.168.10.89 - - [09/Mar/2016:10:31:23 -0300] "GET /cormun/servlet/hpexe_link HTTP/1.1" 200 952
192.168.10.89 - - [09/Mar/2016:10:31:23 -0300] "GET /cormun/servlet/hhome HTTP/1.1" 200 3466
186.103.157.235 - - [09/Mar/2016:10:31:26 -0300] "POST /cormun/servlet/trautorizarsolicitud?f4142358e510b2fec10404735efffd46,,gx-no-cache=1457530315994 HTTP/1.1" 200 3473
186.103.157.235 - - [09/Mar/2016:10:31:26 -0300] "GET /cormun/servlet/trautorizarsolicitud?1504e76c257b7937d4cb6772b5d2d0991c5049d3deabfa6dbac0b634754d79e14bbe075574bd0fc36c6571534d018423946da2f76bf444a5f3a505d86a6e1bae94f67935810f21616dde45f20048525552d8c245bcb0705366bcccb5e0a62615789e41c24ee841e0b1b4f5b759e914b9,gx-no-cache=1457530316407 HTTP/1.1" 200 766
192.168.10.89 - - [09/Mar/2016:10:31:26 -0300] "GET /cormun/servlet/trsolicitudot? HTTP/1.1" 200 6226
192.168.10.89 - - [09/Mar/2016:10:31:26 -0300] "GET /cormun/static/Resources/Spanish/PXTools.css?18502099 HTTP/1.1" 304 -
192.168.10.89 - - [09/Mar/2016:10:31:26 -0300] "GET /cormun/static/gxcfg.js?201631185636 HTTP/1.1" 304 -
192.168.10.89 - - [09/Mar/2016:10:31:26 -0300] "GET /cormun/static/trsolicitudot.js?2016311856838 HTTP/1.1" 304 -
186.103.157.235 - - [09/Mar/2016:10:31:29 -0300] "POST /cormun/servlet/trautorizarsolicitud?f4142358e510b2fec10404735efffd46,,gx-no-cache=1457530319094 HTTP/1.1" 200 3473
186.103.157.235 - - [09/Mar/2016:10:31:29 -0300] "POST /cormun/servlet/trautorizarsolicitud?f4142358e510b2fec10404735efffd46,,gx-no-cache=1457530319269 HTTP/1.1" 200 3473
186.103.157.235 - - [09/Mar/2016:10:31:29 -0300] "POST /cormun/servlet/trautorizarsolicitud?f4142358e510b2fec10404735efffd46,,gx-no-cache=1457530319425 HTTP/1.1" 200 3473
186.103.157.235 - - [09/Mar/2016:10:31:29 -0300] "POST /cormun/servlet/trautorizarsolicitud?f4142358e510b2fec10404735efffd46,,gx-no-cache=1457530319595 HTTP/1.1" 200 3473
192.168.10.89 - - [09/Mar/2016:10:31:30 -0300] "GET /cormun/static/menuarrow.gif HTTP/1.1" 404 1015
192.168.10.89 - - [09/Mar/2016:10:31:36 -0300] "POST /cormun/servlet/trsolicitudot?4dd4eb9b578b38a1f133cca4618a9f5f,,gx-no-cache=1457530046284 HTTP/1.1" 200 4936
192.168.10.89 - - [09/Mar/2016:10:31:36 -0300] "POST /cormun/servlet/trsolicitudot?4dd4eb9b578b38a1f133cca4618a9f5f,,gx-no-cache=1457530046551 HTTP/1.1" 200 4936
186.103.157.235 - - [09/Mar/2016:10:31:36 -0300] "POST /cormun/servlet/trautorizarsolicitud?f4142358e510b2fec10404735efffd46,,gx-no-cache=1457530326594 HTTP/1.1" 200 4880
192.168.10.89 - - [09/Mar/2016:10:31:36 -0300] "POST /cormun/servlet/trsolicitudot?4dd4eb9b578b38a1f133cca4618a9f5f,,gx-no-cache=1457530046866 HTTP/1.1" 200 4936
186.103.157.235 - - [09/Mar/2016:10:31:37 -0300] "GET /cormun/servlet/trautorizarsolicitud?1504e76c257b7937d4cb6772b5d2d0997e3fcf0543e56c2d097b390bd4fa1f41a9e864f61d28bc392e1863b4a0ce476e946da2f76bf444a5f3a505d86a6e1bae28e2c57f41b25fe05784c3f71d9fb7af2615e3d66b73172957c6c176043ac759,gx-no-cache=1457530327007 HTTP/1.1" 200 2191
192.168.10.89 - - [09/Mar/2016:10:31:37 -0300] "POST /cormun/servlet/trsolicitudot?4dd4eb9b578b38a1f133cca4618a9f5f,,gx-no-cache=1457530047205 HTTP/1.1" 200 4936
192.168.10.89 - - [09/Mar/2016:10:31:37 -0300] "POST /cormun/servlet/trsolicitudot?4dd4eb9b578b38a1f133cca4618a9f5f,,gx-no-cache=1457530047588 HTTP/1.1" 200 4936
192.168.10.89 - - [09/Mar/2016:10:31:37 -0300] "POST /cormun/servlet/trsolicitudot?4dd4eb9b578b38a1f133cca4618a9f5f,,gx-no-cache=1457530047989 HTTP/1.1" 200 4936
192.168.10.89 - - [09/Mar/2016:10:31:38 -0300] "POST /cormun/servlet/trsolicitudot?4dd4eb9b578b38a1f133cca4618a9f5f,,gx-no-cache=1457530048453 HTTP/1.1" 200 4936
192.168.10.89 - - [09/Mar/2016:10:31:41 -0300] "POST /cormun/servlet/trsolicitudot?4dd4eb9b578b38a1f133cca4618a9f5f,,gx-no-cache=1457530048992 HTTP/1.1" 200 4935
186.103.157.235 - - [09/Mar/2016:10:31:42 -0300] "GET /cormun/servlet/veautorizarsolicitud?2016,700,, HTTP/1.1" 200 7548
186.103.157.235 - - [09/Mar/2016:10:31:42 -0300] "GET /cormun/static/Resources/Spanish/PXTools.css?171692 HTTP/1.1" 304 -
186.103.157.235 - - [09/Mar/2016:10:31:42 -0300] "GET /cormun/static/gxcfg.js?20163117315759 HTTP/1.1" 200 953
186.103.157.235 - - [09/Mar/2016:10:31:42 -0300] "GET /cormun/pexe_scrolldiv.js HTTP/1.1" 404 1009
186.103.157.235 - - [09/Mar/2016:10:31:42 -0300] "GET /cormun/static/veautorizarsolicitud.js?20163117315822 HTTP/1.1" 304 -
186.103.157.235 - - [09/Mar/2016:10:31:42 -0300] "GET /cormun/static/hwcviewtabs.js?20151120014372 HTTP/1.1" 304 -
186.103.157.235 - - [09/Mar/2016:10:31:42 -0300] "GET /cormun/static/tbautorizarsolicitud01.js?20163117314344 HTTP/1.1" 304 -
186.103.157.235 - - [09/Mar/2016:10:31:43 -0300] "GET /cormun/static/hpexe_tabsview.js?20151120014350 HTTP/1.1" 304 -
186.103.157.235 - - [09/Mar/2016:10:31:43 -0300] "GET /cormun/static/Resources/PXToolsTabFirstSelected.png HTTP/1.1" 200 1259
186.103.157.235 - - [09/Mar/2016:10:31:43 -0300] "GET /cormun/static/Resources/PXToolsTabPrevious.gif HTTP/1.1" 200 172
186.103.157.235 - - [09/Mar/2016:10:31:43 -0300] "GET /cormun/static/Resources/PXToolsTabLastUnselected.png HTTP/1.1" 200 1291
186.103.157.235 - - [09/Mar/2016:10:31:43 -0300] "GET /cormun/static/Resources/PXToolsTabNext.gif HTTP/1.1" 200 168
186.103.157.235 - - [09/Mar/2016:10:31:43 -0300] "GET /cormun/static/calendar-system.css HTTP/1.1" 200 5572
186.103.157.235 - - [09/Mar/2016:10:31:43 -0300] "GET /cormun/static/Resources/PXToolsTabBackSelected.png HTTP/1.1" 200 1157
186.103.157.235 - - [09/Mar/2016:10:31:43 -0300] "GET /cormun/static/Resources/PXToolsTabSelectedUnselected.png HTTP/1.1" 200 1428
186.103.157.235 - - [09/Mar/2016:10:31:43 -0300] "GET /cormun/static/Resources/PXToolsTabUnselectedUnselected.png HTTP/1.1" 200 1459
186.103.157.235 - - [09/Mar/2016:10:31:43 -0300] "GET /cormun/servlet/veautorizarsolicitud?2016,700,, HTTP/1.1" 200 7548
186.103.157.235 - - [09/Mar/2016:10:31:43 -0300] "GET /cormun/static/Resources/PXToolsTabBackUnselected.png HTTP/1.1" 200 1175
192.168.10.89 - - [09/Mar/2016:10:31:45 -0300] "GET /cormun/servlet/solicitudot?INS,0,0, HTTP/1.1" 200 11474
192.168.10.89 - - [09/Mar/2016:10:31:45 -0300] "GET /cormun/static/Resources/Spanish/PXTools.css?1944839 HTTP/1.1" 304 -
192.168.10.89 - - [09/Mar/2016:10:31:45 -0300] "GET /cormun/static/gxcfg.js?20163219435133 HTTP/1.1" 304 -
192.168.10.89 - - [09/Mar/2016:10:31:45 -0300] "GET /cormun/static/solicitudot.js?20163219435183 HTTP/1.1" 304 -
186.103.157.235 - - [09/Mar/2016:10:31:51 -0300] "GET /cormun/servlet/trautorizarsolicitud? HTTP/1.1" 200 7454
186.103.157.235 - - [09/Mar/2016:10:31:51 -0300] "GET /cormun/servlet/trautorizarsolicitud? HTTP/1.1" 200 7454
192.168.10.89 - - [09/Mar/2016:10:32:17 -0300] "GET /cormun/servlet/prfichaempleado?,MD,,gxPopupLevel%3D0%3B HTTP/1.1" 200 7919
192.168.10.89 - - [09/Mar/2016:10:32:17 -0300] "GET /cormun/static/Resources/Spanish/PXTools.css?16184758 HTTP/1.1" 304 -
192.168.10.89 - - [09/Mar/2016:10:32:17 -0300] "GET /cormun/static/gxcfg.js?201511151625694 HTTP/1.1" 304 -
192.168.10.89 - - [09/Mar/2016:10:32:17 -0300] "GET /cormun/static/prfichaempleado.js?201511151625857 HTTP/1.1" 304 -
192.168.10.89 - - [09/Mar/2016:10:32:17 -0300] "GET /cormun/static/menusearch.js?20163219454787 HTTP/1.1" 304 -
192.168.10.89 - - [09/Mar/2016:10:32:17 -0300] "GET /cormun/static/hmpwkw01.js?201511211495945 HTTP/1.1" 304 -
192.168.10.89 - - [09/Mar/2016:10:32:21 -0300] "GET /cormun/servlet/prfichaempleado?424fa2e671c5caf5a8d9cfaa613338afa12368daa311d327576bf24c6c771274e5793c5c63724f3ec5c260ee4bd69d68631c816c39121f8486a8c80a6fc32f63cb411fda138992152755f448b9fd93c4,gx-no-cache=1457530091114 HTTP/1.1" 200 464
192.168.10.89 - - [09/Mar/2016:10:32:22 -0300] "POST /cormun/servlet/prfichaempleado?4dd4eb9b578b38a1f133cca4618a9f5f,,MD,,gxPopupLevel%3D0%3B,gx-no-cache=1457530092261 HTTP/1.1" 200 2982
192.168.10.89 - - [09/Mar/2016:10:32:28 -0300] "POST /cormun/servlet/solicitudot?gx-no-cache=1457530098285 HTTP/1.1" 200 2780
192.168.10.89 - - [09/Mar/2016:10:32:28 -0300] "POST /cormun/servlet/solicitudot?4dd4eb9b578b38a1f133cca4618a9f5f,INS,0,0,,gx-no-cache=1457530098452 HTTP/1.1" 200 8400
192.168.10.89 - - [09/Mar/2016:10:32:32 -0300] "GET /cormun/servlet/solicitudot?b8097b7154b0d9667a731b71112376ff873c7869364354802f928e9a74d09425269a94d52f6ee3b3115bc45735dccabb,gx-no-cache=1457530102719 HTTP/1.1" 200 30
192.168.10.89 - - [09/Mar/2016:10:32:32 -0300] "POST /cormun/servlet/solicitudot?gx-no-cache=1457530102758 HTTP/1.1" 200 30
192.168.10.89 - - [09/Mar/2016:10:32:34 -0300] "POST /cormun/servlet/solicitudot?gx-no-cache=1457530104820 HTTP/1.1" 200 30
192.168.10.89 - - [09/Mar/2016:10:32:38 -0300] "GET /cormun/servlet/prpersonalsolicitud?15738238,,,,,MD,,gxPopupLevel%3D0%3B HTTP/1.1" 200 5722
192.168.10.89 - - [09/Mar/2016:10:32:38 -0300] "GET /cormun/static/gxcfg.js?20163117361395 HTTP/1.1" 304 -
192.168.10.89 - - [09/Mar/2016:10:32:38 -0300] "GET /cormun/static/prpersonalsolicitud.js?20163117361535 HTTP/1.1" 304 -
192.168.10.89 - - [09/Mar/2016:10:32:38 -0300] "GET /cormun/static/hmpwkw011.js?20163117201773 HTTP/1.1" 304 -
192.168.10.89 - - [09/Mar/2016:10:32:40 -0300] "POST /cormun/servlet/acontrolpreferencessavestate?None,EBLANCO,true HTTP/1.1" 200 35
192.168.10.89 - - [09/Mar/2016:10:32:43 -0300] "POST /cormun/servlet/solicitudot?gx-no-cache=1457530113202 HTTP/1.1" 200 1170
192.168.10.89 - - [09/Mar/2016:10:32:43 -0300] "GET /cormun/servlet/solicitudot?b8097b7154b0d9667a731b71112376ff2e7fd14a9988be77e17adbbdbe1fde0aaa18d0ac54ebcea38d2a9502581b5085d4dad530aae71613875f01f2434303bcde8d57c1f3c83ac68edffd069416f40ead21b45995e00f276c2a5e987bb1e863168c7a5db05b783709d9ba5dfd499f4038e946b464a6f324cdffbeb094bf4ce7c1c06cce61b9d9a475a9079d46639fe5,gx-no-cache=1457530113329 HTTP/1.1" 200 38
192.168.10.89 - - [09/Mar/2016:10:32:43 -0300] "GET /cormun/servlet/solicitudot?b8097b7154b0d9667a731b71112376ff5f02a70ffcae44fe4f6a3990f9274c0296595805ba66795e765d41f5e3bf42476df5a2beb611efc6e1a29179f54c6b84ce01a3fe4ccab8209955c1447810927e6742b3fe694cc1f51169f06b770597ca986c7c9945d03534043d83871feefb87,gx-no-cache=1457530113352 HTTP/1.1" 200 29
192.168.10.89 - - [09/Mar/2016:10:32:43 -0300] "POST /cormun/servlet/solicitudot?gx-no-cache=1457530113371 HTTP/1.1" 200 1128
192.168.10.89 - - [09/Mar/2016:10:32:50 -0300] "POST /cormun/servlet/solicitudot?gx-no-cache=1457530120953 HTTP/1.1" 200 30
186.78.47.206 - - [09/Mar/2016:10:32:51 -0300] "POST /cormun/servlet/solicitudot?gx-no-cache=1457530749195 HTTP/1.1" 200 120
192.168.10.89 - - [09/Mar/2016:10:32:53 -0300] "POST /cormun/servlet/solicitudot?gx-no-cache=1457530123927 HTTP/1.1" 200 1170
192.168.10.89 - - [09/Mar/2016:10:32:53 -0300] "GET /cormun/servlet/solicitudot?b8097b7154b0d9667a731b71112376ff2e7fd14a9988be77e17adbbdbe1fde0aaa18d0ac54ebcea38d2a9502581b5085d4dad530aae71613875f01f2434303bcde8d57c1f3c83ac68edffd069416f40ead21b45995e00f276c2a5e987bb1e863168c7a5db05b783709d9ba5dfd499f4038e946b464a6f324cdffbeb094bf4ce73e772de77718ad7a7cc6fec701427deb0021e364d14beadf8d8d796594c8cc2f,gx-no-cache=1457530123965 HTTP/1.1" 200 41
186.78.47.206 - - [09/Mar/2016:10:32:55 -0300] "POST /cormun/servlet/solicitudot?gx-no-cache=1457530753580 HTTP/1.1" 200 30
192.168.10.89 - - [09/Mar/2016:10:33:00 -0300] "POST /cormun/servlet/solicitudot?gx-no-cache=1457530130464 HTTP/1.1" 200 1128
192.168.10.89 - - [09/Mar/2016:10:33:00 -0300] "GET /cormun/static/menuarrow.gif HTTP/1.1" 404 1015
186.78.47.206 - - [09/Mar/2016:10:33:02 -0300] "POST /cormun/servlet/solicitudot?gx-no-cache=1457530761504 HTTP/1.1" 200 30
186.78.47.206 - - [09/Mar/2016:10:33:07 -0300] "GET /cormun/servlet/prpersonalsolicitud?12293367,,,,,MD,,gxPopupLevel%3D0%3B HTTP/1.1" 200 5398
192.168.10.89 - - [09/Mar/2016:10:33:08 -0300] "GET /cormun/servlet/solicitudot?b8097b7154b0d9667a731b71112376ffcdaf9ca897268a53e2b653e63bf2a7e3e05284806d15f8975c6185cf3deb85206a11231bcd5a2a074985ca1c5faf68f2f1756f9821f4ac3a1de3d5a76eadf1aafee5568f9e20a82b071d37ae0ef0ec7334ad8d0a63cadda9553e68e722d8c7332111ff31e7a56e9dcc11fb6a7f8fe657a7accd9bb08572a24db9d415b3f3e1d9d1c769124f31e6f151066297676197f23efa95d40836c00e2e0b0f640722545d,gx-no-cache=1457530138497 HTTP/1.1" 200 30
186.78.47.206 - - [09/Mar/2016:10:33:10 -0300] "POST /cormun/servlet/solicitudot?gx-no-cache=1457530770433 HTTP/1.1" 200 452
186.78.47.206 - - [09/Mar/2016:10:33:10 -0300] "GET /cormun/servlet/solicitudot?483e947f678d785c68b28a0737a66ee117d70270ba69894dfb420486092a55c3d97d7b6e07f931598526c9f95b6b3067ad5b8c8451b088e5638b36c8450f099544223ef10d995c86c31f108acb368608782fdf620b4cbd7c96089499360c7b65e15ae89a9ee4729da86d5d89c20edf04babad92b45bc9e2fab9b5e88cada331a6abb97e76bb5ab42cdee7e73dae6cdc8,gx-no-cache=1457530770553 HTTP/1.1" 200 38
186.78.47.206 - - [09/Mar/2016:10:33:10 -0300] "GET /cormun/servlet/solicitudot?483e947f678d785c68b28a0737a66ee1dacc29ba7fe700e8ca86e7ddd81b0145d6b3e1713717392c003c90d2f722f2fd55587bf14eb59edda41cffe8d3ceefc913687a041d2c0354a1431e6fc807efbe04d99e6cdb35020bdd9b7d89c7a246d83b1d3d5603288f2cff1883ab8d9cdd36,gx-no-cache=1457530770638 HTTP/1.1" 200 29
186.78.47.206 - - [09/Mar/2016:10:33:10 -0300] "POST /cormun/servlet/solicitudot?gx-no-cache=1457530770720 HTTP/1.1" 200 404
192.168.10.89 - - [09/Mar/2016:10:33:15 -0300] "POST /cormun/servlet/solicitudot?4dd4eb9b578b38a1f133cca4618a9f5f,INS,0,0,,gx-no-cache=1457530145429 HTTP/1.1" 200 93
192.168.10.89 - - [09/Mar/2016:10:33:15 -0300] "GET /cormun/servlet/hpexe_return? HTTP/1.1" 200 1009
192.168.10.89 - - [09/Mar/2016:10:33:15 -0300] "GET /cormun/static/Resources/Spanish/PXTools.css?12112540 HTTP/1.1" 304 -
192.168.10.89 - - [09/Mar/2016:10:33:15 -0300] "GET /cormun/static/gxcfg.js?2015111312145050 HTTP/1.1" 304 -
192.168.10.89 - - [09/Mar/2016:10:33:15 -0300] "GET /cormun/static/hpexe_return.js?2015111312145056 HTTP/1.1" 304 -
192.168.10.89 - - [09/Mar/2016:10:33:15 -0300] "GET /cormun/servlet/trsolicitudot? HTTP/1.1" 200 7912
186.78.47.206 - - [09/Mar/2016:10:33:16 -0300] "GET /cormun/servlet/prsolicitudot?12293367,,,,,MD,,gxPopupLevel%3D0%3B HTTP/1.1" 200 5653
186.78.47.206 - - [09/Mar/2016:10:33:16 -0300] "GET /cormun/static/gxcfg.js?20163117275193 HTTP/1.1" 200 953
186.78.47.206 - - [09/Mar/2016:10:33:16 -0300] "GET /cormun/static/prsolicitudot.js?20163117275348 HTTP/1.1" 200 12356
192.168.10.89 - - [09/Mar/2016:10:33:19 -0300] "GET /cormun/servlet/solicitudot?INS,0,0, HTTP/1.1" 200 11480
192.168.10.89 - - [09/Mar/2016:10:33:36 -0300] "GET /cormun/servlet/prfichaempleado?,MD,,gxPopupLevel%3D0%3B HTTP/1.1" 200 7928
186.103.156.24 - - [09/Mar/2016:10:33:39 -0300] "GET /cormun/servlet/trsolicitudot? HTTP/1.1" 200 5805
192.168.10.89 - - [09/Mar/2016:10:33:40 -0300] "GET /cormun/servlet/prfichaempleado?424fa2e671c5caf5a8d9cfaa613338af9dea6b0ed752a87cdc37de4bb2445eeeb4f87aa6c56afa56c2a2754105120a17ad24d0b192bda029a16c246916b053f4,gx-no-cache=1457530170145 HTTP/1.1" 200 461
186.103.156.24 - - [09/Mar/2016:10:33:40 -0300] "GET /cormun/servlet/trsolicitudot? HTTP/1.1" 200 5815
186.103.156.24 - - [09/Mar/2016:10:33:40 -0300] "GET /cormun/servlet/hlogin HTTP/1.1" 200 1735
192.168.10.89 - - [09/Mar/2016:10:33:42 -0300] "GET /cormun/servlet/prfichaempleado?424fa2e671c5caf5a8d9cfaa613338af1ac1b3c148381304fee25349489a20e86edd51050eb2c279b814db8828f880f02091a04653b1dc54c86daf01aee0f81d88a89e9d096717103695624024f07bed,gx-no-cache=1457530172741 HTTP/1.1" 200 460
192.168.10.89 - - [09/Mar/2016:10:33:45 -0300] "GET /cormun/servlet/prfichaempleado?424fa2e671c5caf5a8d9cfaa613338af1ac1b3c148381304fee25349489a20e88f4392fdfe76d5784a88b1c58ff16d8f52207f7950d562cb1ad34c4e7f0f821d3763a431a25a99d919417fc9ec22571c,gx-no-cache=1457530175523 HTTP/1.1" 200 460
192.168.10.89 - - [09/Mar/2016:10:33:46 -0300] "POST /cormun/servlet/prfichaempleado?4dd4eb9b578b38a1f133cca4618a9f5f,,MD,,gxPopupLevel%3D0%3B,gx-no-cache=1457530176471 HTTP/1.1" 200 2982
186.78.47.206 - - [09/Mar/2016:10:33:49 -0300] "POST /cormun/servlet/solicitudot?gx-no-cache=1457530812059 HTTP/1.1" 200 452
186.78.47.206 - - [09/Mar/2016:10:33:49 -0300] "GET /cormun/servlet/solicitudot?483e947f678d785c68b28a0737a66ee117d70270ba69894dfb420486092a55c3d97d7b6e07f931598526c9f95b6b3067ad5b8c8451b088e5638b36c8450f099544223ef10d995c86c31f108acb368608782fdf620b4cbd7c96089499360c7b65e15ae89a9ee4729da86d5d89c20edf04babad92b45bc9e2fab9b5e88cada331a6abb97e76bb5ab42cdee7e73dae6cdc8,gx-no-cache=1457530812491 HTTP/1.1" 200 38
186.78.47.206 - - [09/Mar/2016:10:33:49 -0300] "POST /cormun/servlet/solicitudot?gx-no-cache=1457530812594 HTTP/1.1" 200 404
192.168.10.89 - - [09/Mar/2016:10:33:50 -0300] "POST /cormun/servlet/solicitudot?gx-no-cache=1457530180937 HTTP/1.1" 200 2766
192.168.10.89 - - [09/Mar/2016:10:33:51 -0300] "POST /cormun/servlet/solicitudot?4dd4eb9b578b38a1f133cca4618a9f5f,INS,0,0,,gx-no-cache=1457530181108 HTTP/1.1" 200 8406
192.168.10.89 - - [09/Mar/2016:10:33:53 -0300] "GET /cormun/servlet/solicitudot?b8097b7154b0d9667a731b71112376ff6540fdd088d26e2e4fda29647ccdbc5288a89e9d096717103695624024f07bed,gx-no-cache=1457530183941 HTTP/1.1" 200 30
192.168.10.89 - - [09/Mar/2016:10:33:53 -0300] "POST /cormun/servlet/solicitudot?gx-no-cache=1457530183981 HTTP/1.1" 200 30
186.103.156.24 - - [09/Mar/2016:10:33:54 -0300] "POST /cormun/servlet/hlogin?1f4a2c4b2d0ecbb17b2dce5140f68350,gx-no-cache=1457530464696 HTTP/1.1" 200 90
186.103.156.24 - - [09/Mar/2016:10:33:54 -0300] "GET /cormun/servlet/hpexe_link HTTP/1.1" 200 955
186.103.156.24 - - [09/Mar/2016:10:33:55 -0300] "GET /cormun/servlet/trsolicitudot HTTP/1.1" 200 6062
192.168.10.89 - - [09/Mar/2016:10:33:55 -0300] "POST /cormun/servlet/solicitudot?gx-no-cache=1457530185640 HTTP/1.1" 200 30
186.103.156.24 - - [09/Mar/2016:10:33:56 -0300] "GET /cormun/servlet/trsolicitudot HTTP/1.1" 200 6061
192.168.10.89 - - [09/Mar/2016:10:34:00 -0300] "POST /cormun/servlet/solicitudot?gx-no-cache=1457530190316 HTTP/1.1" 200 30
192.168.10.89 - - [09/Mar/2016:10:34:01 -0300] "GET /cormun/servlet/prcontratosol?8780726,,,,,MD,,gxPopupLevel%3D0%3B HTTP/1.1" 200 5709
192.168.10.89 - - [09/Mar/2016:10:34:01 -0300] "GET /cormun/static/Resources/Spanish/PXTools.css?1423257 HTTP/1.1" 304 -
192.168.10.89 - - [09/Mar/2016:10:34:01 -0300] "GET /cormun/static/gxcfg.js?2016141247819 HTTP/1.1" 304 -
192.168.10.89 - - [09/Mar/2016:10:34:01 -0300] "GET /cormun/static/prcontratosol.js?2016141247993 HTTP/1.1" 304 -
186.103.156.24 - - [09/Mar/2016:10:34:02 -0300] "GET /cormun/servlet/trautorizarsolicitud? HTTP/1.1" 200 7809
186.103.156.24 - - [09/Mar/2016:10:34:02 -0300] "GET /cormun/static/Resources/Spanish/PXTools.css?19444614 HTTP/1.1" 304 -
186.103.156.24 - - [09/Mar/2016:10:34:02 -0300] "GET /cormun/static/gxcfg.js?20163219504791 HTTP/1.1" 304 -
186.103.156.24 - - [09/Mar/2016:10:34:02 -0300] "GET /cormun/static/trautorizarsolicitud.js?20163219505323 HTTP/1.1" 304 -
186.103.156.24 - - [09/Mar/2016:10:34:03 -0300] "GET /cormun/servlet/trautorizarsolicitud? HTTP/1.1" 200 7809
192.168.10.89 - - [09/Mar/2016:10:34:06 -0300] "POST /cormun/servlet/solicitudot?gx-no-cache=1457530196240 HTTP/1.1" 200 1171
192.168.10.89 - - [09/Mar/2016:10:34:06 -0300] "GET /cormun/servlet/solicitudot?b8097b7154b0d9667a731b71112376ff2e7fd14a9988be77e17adbbdbe1fde0aaa18d0ac54ebcea38d2a9502581b5085d4dad530aae71613875f01f2434303bcde8d57c1f3c83ac68edffd069416f40ead21b45995e00f276c2a5e987bb1e863168c7a5db05b783709d9ba5dfd499f4038e946b464a6f324cdffbeb094bf4ce7c1c06cce61b9d9a475a9079d46639fe5,gx-no-cache=1457530196383 HTTP/1.1" 200 38
192.168.10.89 - - [09/Mar/2016:10:34:06 -0300] "GET /cormun/servlet/solicitudot?b8097b7154b0d9667a731b71112376ff5f02a70ffcae44fe4f6a3990f9274c0296595805ba66795e765d41f5e3bf42476df5a2beb611efc6e1a29179f54c6b84ce01a3fe4ccab8209955c1447810927edeccb671461bbcb75973685f9de2efa425fb97225e4e26b1887547283a52ed2373ddf5c7984bcaa0e9fe87a3683a0f172e44e43081733960c80de74795aaf3911cbb25b69a58d3aa5ae0e20fed7d676e,gx-no-cache=1457530196404 HTTP/1.1" 200 29
192.168.10.89 - - [09/Mar/2016:10:34:06 -0300] "POST /cormun/servlet/solicitudot?gx-no-cache=1457530196424 HTTP/1.1" 200 1129
192.168.10.89 - - [09/Mar/2016:10:34:06 -0300] "GET /cormun/servlet/prpersonalsolicitud?8780726,,,,,MD,,gxPopupLevel%3D0%3B HTTP/1.1" 200 5408
186.103.156.24 - - [09/Mar/2016:10:34:09 -0300] "POST /cormun/servlet/trautorizarsolicitud?1f4a2c4b2d0ecbb17b2dce5140f68350,,gx-no-cache=1457530481327 HTTP/1.1" 200 5265
186.103.156.24 - - [09/Mar/2016:10:34:10 -0300] "POST /cormun/servlet/trautorizarsolicitud?1f4a2c4b2d0ecbb17b2dce5140f68350,,gx-no-cache=1457530481523 HTTP/1.1" 200 5265
192.168.10.89 - - [09/Mar/2016:10:34:10 -0300] "GET /cormun/servlet/prsolicitudot?8780726,,,,,MD,,gxPopupLevel%3D0%3B HTTP/1.1" 200 5405
192.168.10.89 - - [09/Mar/2016:10:34:10 -0300] "GET /cormun/static/gxcfg.js?20163117275193 HTTP/1.1" 304 -
186.103.156.24 - - [09/Mar/2016:10:34:10 -0300] "POST /cormun/servlet/trautorizarsolicitud?1f4a2c4b2d0ecbb17b2dce5140f68350,,gx-no-cache=1457530481692 HTTP/1.1" 200 5264
192.168.10.89 - - [09/Mar/2016:10:34:10 -0300] "GET /cormun/static/prsolicitudot.js?20163117275348 HTTP/1.1" 304 -
186.103.156.24 - - [09/Mar/2016:10:34:10 -0300] "POST /cormun/servlet/trautorizarsolicitud?1f4a2c4b2d0ecbb17b2dce5140f68350,,gx-no-cache=1457530481870 HTTP/1.1" 200 5265
186.103.156.24 - - [09/Mar/2016:10:34:10 -0300] "POST /cormun/servlet/trautorizarsolicitud?1f4a2c4b2d0ecbb17b2dce5140f68350,,gx-no-cache=1457530482120 HTTP/1.1" 200 5265
186.103.156.24 - - [09/Mar/2016:10:34:10 -0300] "POST /cormun/servlet/trautorizarsolicitud?1f4a2c4b2d0ecbb17b2dce5140f68350,,gx-no-cache=1457530482330 HTTP/1.1" 200 5265
186.103.156.24 - - [09/Mar/2016:10:34:11 -0300] "POST /cormun/servlet/trautorizarsolicitud?1f4a2c4b2d0ecbb17b2dce5140f68350,,gx-no-cache=1457530482573 HTTP/1.1" 200 5265
186.103.156.24 - - [09/Mar/2016:10:34:11 -0300] "POST /cormun/servlet/trautorizarsolicitud?1f4a2c4b2d0ecbb17b2dce5140f68350,,gx-no-cache=1457530482776 HTTP/1.1" 200 4959
186.103.156.24 - - [09/Mar/2016:10:34:11 -0300] "GET /cormun/static/Shared/jqueryui/images/ui-bg_highlight-soft_100_c6c2c8_1x100.png HTTP/1.1" 404 1117
186.103.156.24 - - [09/Mar/2016:10:34:11 -0300] "GET /cormun/static/Shared/jqueryui/images/ui-icons_82798d_256x240.png HTTP/1.1" 404 1089
186.103.156.24 - - [09/Mar/2016:10:34:11 -0300] "GET /cormun/static/Shared/jqueryui/images/ui-bg_flat_55_fafafa_40x100.png HTTP/1.1" 404 1097
186.103.156.24 - - [09/Mar/2016:10:34:11 -0300] "GET /cormun/static/Shared/jqueryui/images/ui-icons_8d78a5_256x240.png HTTP/1.1" 404 1089
186.103.156.24 - - [09/Mar/2016:10:34:11 -0300] "POST /cormun/servlet/trautorizarsolicitud?1f4a2c4b2d0ecbb17b2dce5140f68350,,gx-no-cache=1457530483112 HTTP/1.1" 200 4905
186.103.156.24 - - [09/Mar/2016:10:34:13 -0300] "POST /cormun/servlet/trautorizarsolicitud?1f4a2c4b2d0ecbb17b2dce5140f68350,,gx-no-cache=1457530485095 HTTP/1.1" 200 3602
186.103.156.24 - - [09/Mar/2016:10:34:13 -0300] "POST /cormun/servlet/trautorizarsolicitud?1f4a2c4b2d0ecbb17b2dce5140f68350,,gx-no-cache=1457530485352 HTTP/1.1" 200 3455
186.103.159.204 - - [09/Mar/2016:10:34:49 -0300] "GET /cormun/servlet/trsolicitudot? HTTP/1.1" 200 5812
186.103.159.204 - - [09/Mar/2016:10:34:50 -0300] "GET /cormun/servlet/hlogin HTTP/1.1" 200 1733
186.103.159.204 - - [09/Mar/2016:10:34:50 -0300] "GET /cormun/servlet/trsolicitudot? HTTP/1.1" 200 5812
192.168.10.89 - - [09/Mar/2016:10:35:42 -0300] "POST /cormun/servlet/solicitudot?4dd4eb9b578b38a1f133cca4618a9f5f,INS,0,0,,gx-no-cache=1457530292488 HTTP/1.1" 200 93
192.168.10.89 - - [09/Mar/2016:10:35:42 -0300] "GET /cormun/servlet/hpexe_return? HTTP/1.1" 200 1009
192.168.10.89 - - [09/Mar/2016:10:35:42 -0300] "GET /cormun/servlet/trsolicitudot HTTP/1.1" 200 7912
186.103.159.46 - - [09/Mar/2016:10:35:45 -0300] "GET /cormun/servlet/hhome HTTP/1.1" 200 3355
186.103.159.46 - - [09/Mar/2016:10:35:48 -0300] "GET /cormun/servlet/hhome HTTP/1.1" 200 3365
192.168.10.89 - - [09/Mar/2016:10:35:56 -0300] "POST /cormun/servlet/trsolicitudot?4dd4eb9b578b38a1f133cca4618a9f5f,gx-no-cache=1457530306319 HTTP/1.1" 200 5319
192.168.10.89 - - [09/Mar/2016:10:35:56 -0300] "POST /cormun/servlet/trsolicitudot?4dd4eb9b578b38a1f133cca4618a9f5f,gx-no-cache=1457530306616 HTTP/1.1" 200 5319
192.168.10.89 - - [09/Mar/2016:10:35:56 -0300] "POST /cormun/servlet/trsolicitudot?4dd4eb9b578b38a1f133cca4618a9f5f,gx-no-cache=1457530306938 HTTP/1.1" 200 5320
192.168.10.89 - - [09/Mar/2016:10:35:57 -0300] "POST /cormun/servlet/trsolicitudot?4dd4eb9b578b38a1f133cca4618a9f5f,gx-no-cache=1457530307331 HTTP/1.1" 200 5319
192.168.10.89 - - [09/Mar/2016:10:35:57 -0300] "POST /cormun/servlet/trsolicitudot?4dd4eb9b578b38a1f133cca4618a9f5f,gx-no-cache=1457530307755 HTTP/1.1" 200 5320
192.168.10.89 - - [09/Mar/2016:10:35:58 -0300] "POST /cormun/servlet/trsolicitudot?4dd4eb9b578b38a1f133cca4618a9f5f,gx-no-cache=1457530308215 HTTP/1.1" 200 5320
192.168.10.89 - - [09/Mar/2016:10:35:58 -0300] "POST /cormun/servlet/trsolicitudot?4dd4eb9b578b38a1f133cca4618a9f5f,gx-no-cache=1457530308749 HTTP/1.1" 200 5320
192.168.10.89 - - [09/Mar/2016:10:36:02 -0300] "POST /cormun/servlet/trsolicitudot?4dd4eb9b578b38a1f133cca4618a9f5f,gx-no-cache=1457530309340 HTTP/1.1" 200 4973
192.168.10.89 - - [09/Mar/2016:10:36:02 -0300] "POST /cormun/servlet/trsolicitudot?4dd4eb9b578b38a1f133cca4618a9f5f,gx-no-cache=1457530312680 HTTP/1.1" 200 4914
192.168.10.89 - - [09/Mar/2016:10:36:03 -0300] "GET /cormun/static/Shared/jqueryui/images/ui-bg_flat_55_fafafa_40x100.png HTTP/1.1" 404 1097
192.168.10.89 - - [09/Mar/2016:10:36:03 -0300] "GET /cormun/static/Shared/jqueryui/images/ui-bg_highlight-soft_100_c6c2c8_1x100.png HTTP/1.1" 404 1117
192.168.10.89 - - [09/Mar/2016:10:36:03 -0300] "GET /cormun/static/Shared/jqueryui/images/ui-icons_8d78a5_256x240.png HTTP/1.1" 404 1089
192.168.10.89 - - [09/Mar/2016:10:36:03 -0300] "GET /cormun/static/Shared/jqueryui/images/ui-icons_82798d_256x240.png HTTP/1.1" 404 1089
192.168.10.89 - - [09/Mar/2016:10:36:05 -0300] "GET /cormun/servlet/trautorizarsolicitud? HTTP/1.1" 200 7484
192.168.10.89 - - [09/Mar/2016:10:36:05 -0300] "GET /cormun/static/Resources/Spanish/PXTools.css?19444614 HTTP/1.1" 304 -
192.168.10.89 - - [09/Mar/2016:10:36:05 -0300] "GET /cormun/static/gxcfg.js?20163219504791 HTTP/1.1" 304 -
192.168.10.89 - - [09/Mar/2016:10:36:05 -0300] "GET /cormun/static/trautorizarsolicitud.js?20163219505323 HTTP/1.1" 304 -
192.168.10.89 - - [09/Mar/2016:10:36:09 -0300] "POST /cormun/servlet/trautorizarsolicitud?4dd4eb9b578b38a1f133cca4618a9f5f,,gx-no-cache=1457530319566 HTTP/1.1" 200 4887
192.168.10.89 - - [09/Mar/2016:10:36:09 -0300] "POST /cormun/servlet/trautorizarsolicitud?4dd4eb9b578b38a1f133cca4618a9f5f,,gx-no-cache=1457530319814 HTTP/1.1" 200 4887
192.168.10.89 - - [09/Mar/2016:10:36:10 -0300] "POST /cormun/servlet/trautorizarsolicitud?4dd4eb9b578b38a1f133cca4618a9f5f,,gx-no-cache=1457530320113 HTTP/1.1" 200 4888
192.168.10.89 - - [09/Mar/2016:10:36:10 -0300] "POST /cormun/servlet/trautorizarsolicitud?4dd4eb9b578b38a1f133cca4618a9f5f,,gx-no-cache=1457530320503 HTTP/1.1" 200 4887
192.168.10.89 - - [09/Mar/2016:10:36:10 -0300] "POST /cormun/servlet/trautorizarsolicitud?4dd4eb9b578b38a1f133cca4618a9f5f,,gx-no-cache=1457530320880 HTTP/1.1" 200 4887
192.168.10.89 - - [09/Mar/2016:10:36:11 -0300] "POST /cormun/servlet/trautorizarsolicitud?4dd4eb9b578b38a1f133cca4618a9f5f,,gx-no-cache=1457530321338 HTTP/1.1" 200 4887
192.168.10.89 - - [09/Mar/2016:10:36:11 -0300] "POST /cormun/servlet/trautorizarsolicitud?4dd4eb9b578b38a1f133cca4618a9f5f,,gx-no-cache=1457530321804 HTTP/1.1" 200 4887
192.168.10.89 - - [09/Mar/2016:10:36:14 -0300] "POST /cormun/servlet/trautorizarsolicitud?4dd4eb9b578b38a1f133cca4618a9f5f,,gx-no-cache=1457530322337 HTTP/1.1" 200 3612
192.168.10.89 - - [09/Mar/2016:10:36:15 -0300] "POST /cormun/servlet/trautorizarsolicitud?4dd4eb9b578b38a1f133cca4618a9f5f,,gx-no-cache=1457530325141 HTTP/1.1" 200 3453
192.168.10.89 - - [09/Mar/2016:10:36:15 -0300] "GET /cormun/static/Shared/jqueryui/images/ui-bg_highlight-soft_100_c6c2c8_1x100.png HTTP/1.1" 404 1117
192.168.10.89 - - [09/Mar/2016:10:36:15 -0300] "GET /cormun/static/Shared/jqueryui/images/ui-bg_flat_55_fafafa_40x100.png HTTP/1.1" 404 1097
192.168.10.89 - - [09/Mar/2016:10:36:15 -0300] "GET /cormun/static/Shared/jqueryui/images/ui-icons_8d78a5_256x240.png HTTP/1.1" 404 1089
192.168.10.89 - - [09/Mar/2016:10:36:15 -0300] "GET /cormun/static/Shared/jqueryui/images/ui-icons_82798d_256x240.png HTTP/1.1" 404 1089
186.103.159.46 - - [09/Mar/2016:10:36:17 -0300] "GET /cormun/servlet/trvisualizadoreventos? HTTP/1.1" 200 5884
186.103.159.46 - - [09/Mar/2016:10:36:18 -0300] "GET /cormun/static/gxui/gxui-all.css?120300 HTTP/1.1" 200 2179
186.103.159.46 - - [09/Mar/2016:10:36:18 -0300] "GET /cormun/static/calendar-system.css?85620 HTTP/1.1" 200 5572
186.103.159.46 - - [09/Mar/2016:10:36:18 -0300] "GET /cormun/static/gxcfg.js?2016251828014 HTTP/1.1" 200 953
186.103.159.46 - - [09/Mar/2016:10:36:18 -0300] "GET /cormun/static/calendar.js?85251 HTTP/1.1" 304 -
186.103.159.46 - - [09/Mar/2016:10:36:18 -0300] "GET /cormun/static/Resources/Spanish/PXTools.css?17554516 HTTP/1.1" 200 89042
186.103.159.46 - - [09/Mar/2016:10:36:18 -0300] "GET /cormun/static/calendar-es.js?85251 HTTP/1.1" 304 -
186.103.159.46 - - [09/Mar/2016:10:36:18 -0300] "GET /cormun/static/calendar-setup.js?85251 HTTP/1.1" 304 -
186.103.159.46 - - [09/Mar/2016:10:36:18 -0300] "GET /cormun/static/gxdec.js?85251 HTTP/1.1" 304 -
186.103.159.46 - - [09/Mar/2016:10:36:18 -0300] "GET /cormun/static/trvisualizadoreventos.js?2016251828276 HTTP/1.1" 200 19096
186.103.159.46 - - [09/Mar/2016:10:36:18 -0300] "GET /cormun/static/Shared/ext/resources/css/ext-all.css?215870 HTTP/1.1" 200 416045
186.103.159.46 - - [09/Mar/2016:10:36:18 -0300] "GET /cormun/static/Resources/PXTools/calendar.png HTTP/1.1" 200 1306
186.103.159.46 - - [09/Mar/2016:10:36:18 -0300] "GET /cormun/static/Resources/PXToolsDataSearch.png HTTP/1.1" 200 419
186.103.159.46 - - [09/Mar/2016:10:36:18 -0300] "GET /cormun/static/Resources/PXToolsGridFirst.gif HTTP/1.1" 200 379
186.103.159.46 - - [09/Mar/2016:10:36:18 -0300] "GET /cormun/static/Resources/PXToolsGridPrevious.gif HTTP/1.1" 200 369
186.103.159.46 - - [09/Mar/2016:10:36:18 -0300] "GET /cormun/static/Resources/PXToolsGridNext.gif HTTP/1.1" 200 369
186.103.159.46 - - [09/Mar/2016:10:36:18 -0300] "GET /cormun/static/Resources/PXToolsGridLast.gif HTTP/1.1" 200 370
186.103.159.46 - - [09/Mar/2016:10:36:18 -0300] "GET /cormun/static/Resources/PXToolsActionPrint.png HTTP/1.1" 200 3317
186.103.159.46 - - [09/Mar/2016:10:36:18 -0300] "GET /cormun/static/Resources/PXToolsActionExcel.png HTTP/1.1" 200 3187
186.103.159.46 - - [09/Mar/2016:10:36:20 -0300] "GET /cormun/servlet/trvisualizadoreventos? HTTP/1.1" 200 5884
186.103.159.46 - - [09/Mar/2016:10:36:20 -0300] "GET /cormun/static/Resources/asc.gif HTTP/1.1" 200 67
186.103.159.46 - - [09/Mar/2016:10:36:20 -0300] "GET /cormun/static/Resources/desc.gif HTTP/1.1" 200 65
186.103.159.46 - - [09/Mar/2016:10:36:21 -0300] "GET /cormun/static/Shared/ext/resources/themes/images/default/panel/bg-headersPanel.png HTTP/1.1" 200 255
186.103.159.46 - - [09/Mar/2016:10:36:21 -0300] "GET /cormun/static/Shared/ext/resources/themes/images/default/tools/tool-sprites.gif HTTP/1.1" 200 5434
192.168.10.89 - - [09/Mar/2016:10:36:29 -0300] "GET /cormun/static/Shared/jqueryui/images/ui-bg_highlight-soft_100_eae6ea_1x100.png HTTP/1.1" 404 1117
192.168.10.89 - - [09/Mar/2016:10:36:29 -0300] "GET /cormun/servlet/hlogin HTTP/1.1" 200 1743
192.168.10.89 - - [09/Mar/2016:10:37:21 -0300] "POST /cormun/servlet/hlogin?4dd4eb9b578b38a1f133cca4618a9f5f,gx-no-cache=1457530391598 HTTP/1.1" 200 459
192.168.10.89 - - [09/Mar/2016:10:37:28 -0300] "POST /cormun/servlet/hlogin?4dd4eb9b578b38a1f133cca4618a9f5f,gx-no-cache=1457530398048 HTTP/1.1" 200 90
192.168.10.89 - - [09/Mar/2016:10:37:28 -0300] "GET /cormun/servlet/hpexe_link HTTP/1.1" 200 952
192.168.10.89 - - [09/Mar/2016:10:37:28 -0300] "GET /cormun/servlet/hhome HTTP/1.1" 200 3855
186.78.47.206 - - [09/Mar/2016:10:37:30 -0300] "GET /cormun/servlet/hlogin HTTP/1.1" 200 1719
192.168.10.89 - - [09/Mar/2016:10:37:32 -0300] "GET /cormun/servlet/trsolicitudgral? HTTP/1.1" 200 19473
186.78.47.206 - - [09/Mar/2016:10:37:34 -0300] "GET /cormun/static/Resources/Spanish/PXTools.css?005343 HTTP/1.1" 304 -
186.78.47.206 - - [09/Mar/2016:10:37:34 -0300] "GET /cormun/static/messages.spa.js?85251 HTTP/1.1" 304 -
186.78.47.206 - - [09/Mar/2016:10:37:34 -0300] "GET /cormun/static/hlogin.js?20151120045126 HTTP/1.1" 304 -
186.78.47.206 - - [09/Mar/2016:10:37:34 -0300] "GET /cormun/static/gxcfg.js?20151120045111 HTTP/1.1" 304 -
192.168.10.89 - - [09/Mar/2016:10:37:40 -0300] "POST /cormun/servlet/trsolicitudgral?4dd4eb9b578b38a1f133cca4618a9f5f,,gx-no-cache=1457530410514 HTTP/1.1" 200 17712
192.168.10.89 - - [09/Mar/2016:10:37:42 -0300] "POST /cormun/servlet/trsolicitudgral?4dd4eb9b578b38a1f133cca4618a9f5f,,gx-no-cache=1457530411899 HTTP/1.1" 200 17712
192.168.10.89 - - [09/Mar/2016:10:37:43 -0300] "POST /cormun/servlet/trsolicitudgral?4dd4eb9b578b38a1f133cca4618a9f5f,,gx-no-cache=1457530413536 HTTP/1.1" 200 17711
192.168.10.89 - - [09/Mar/2016:10:37:45 -0300] "POST /cormun/servlet/trsolicitudgral?4dd4eb9b578b38a1f133cca4618a9f5f,,gx-no-cache=1457530415507 HTTP/1.1" 200 17712
192.168.10.89 - - [09/Mar/2016:10:37:54 -0300] "POST /cormun/servlet/trsolicitudgral?4dd4eb9b578b38a1f133cca4618a9f5f,,gx-no-cache=1457530423992 HTTP/1.1" 200 17270
192.168.10.89 - - [09/Mar/2016:10:37:54 -0300] "GET /cormun/servlet/trsolicitudgral?424fa2e671c5caf5a8d9cfaa613338af80efcab12de464ef80ea139d1c4917830d759f2225792e85ccd7cfb98f41b46c1065b395d0c5a42dbdb030941e0d661c4e5691c2318797739ea629359d87cbdf0021e364d14beadf8d8d796594c8cc2f,gx-no-cache=1457530424395 HTTP/1.1" 200 16243
186.78.47.206 - - [09/Mar/2016:10:37:55 -0300] "POST /cormun/servlet/hlogin?207fbe87ec1a29265d71fab6efffcb45,gx-no-cache=1457530688293 HTTP/1.1" 200 90
186.78.47.206 - - [09/Mar/2016:10:37:55 -0300] "GET /cormun/servlet/hpexe_link HTTP/1.1" 200 948
186.78.47.206 - - [09/Mar/2016:10:37:57 -0300] "GET /cormun/static/gxcfg.js?20151120044395 HTTP/1.1" 304 -
186.78.47.206 - - [09/Mar/2016:10:37:57 -0300] "GET /cormun/static/hpexe_link.js?20151120044398 HTTP/1.1" 304 -
186.78.47.206 - - [09/Mar/2016:10:37:58 -0300] "GET /cormun/servlet/hhome HTTP/1.1" 200 3451
186.78.47.206 - - [09/Mar/2016:10:37:58 -0300] "GET /cormun/static/Resources/Spanish/PXTools.css?10515224 HTTP/1.1" 304 -
186.78.47.206 - - [09/Mar/2016:10:37:58 -0300] "GET /cormun/static/gxcfg.js?2015112210564248 HTTP/1.1" 304 -
186.78.47.206 - - [09/Mar/2016:10:37:58 -0300] "GET /cormun/static/hpexe_scripts.js?20151120014546 HTTP/1.1" 304 -
186.78.47.206 - - [09/Mar/2016:10:37:59 -0300] "GET /cormun/static/hhome.js?2015112210564255 HTTP/1.1" 304 -
186.78.47.206 - - [09/Mar/2016:10:37:59 -0300] "GET /cormun/static/hpexe_recentlink.js?2015111312121342 HTTP/1.1" 304 -
186.78.47.206 - - [09/Mar/2016:10:37:59 -0300] "GET /cormun/static/hpexe_messagecontroller.js?2015112210524422 HTTP/1.1" 304 -
186.78.47.206 - - [09/Mar/2016:10:37:59 -0300] "GET /cormun/static/hwchdr01.js?20162241650484 HTTP/1.1" 304 -
186.78.47.206 - - [09/Mar/2016:10:37:59 -0300] "GET /cormun/static/hpexe_messagepopupcomponent.js?20163219454551 HTTP/1.1" 304 -
186.78.47.206 - - [09/Mar/2016:10:37:59 -0300] "GET /cormun/static/hpexe_messagegenexuscomponent.js?20151120014314 HTTP/1.1" 304 -
186.78.47.206 - - [09/Mar/2016:10:37:59 -0300] "GET /cormun/static/cmcontrolpreferences.js?20151120014525 HTTP/1.1" 304 -
186.78.47.206 - - [09/Mar/2016:10:37:59 -0300] "GET /cormun/static/hmpwkw03.js?2016311993330 HTTP/1.1" 304 -
186.78.47.206 - - [09/Mar/2016:10:38:02 -0300] "GET /cormun/servlet/hhome HTTP/1.1" 200 3447
186.78.47.206 - - [09/Mar/2016:10:38:05 -0300] "GET /cormun/servlet/trautorizarsolicitud? HTTP/1.1" 200 6158
186.78.47.206 - - [09/Mar/2016:10:38:07 -0300] "GET /cormun/static/Resources/Spanish/PXTools.css?19444614 HTTP/1.1" 304 -
186.78.47.206 - - [09/Mar/2016:10:38:07 -0300] "GET /cormun/static/gxcfg.js?20163219504791 HTTP/1.1" 304 -
186.78.47.206 - - [09/Mar/2016:10:38:07 -0300] "GET /cormun/static/trautorizarsolicitud.js?20163219505323 HTTP/1.1" 304 -
186.78.47.206 - - [09/Mar/2016:10:38:08 -0300] "GET /cormun/servlet/trautorizarsolicitud? HTTP/1.1" 200 6158
186.78.47.206 - - [09/Mar/2016:10:38:19 -0300] "GET /cormun/servlet/trsolicitudot? HTTP/1.1" 200 8250
186.78.47.206 - - [09/Mar/2016:10:38:20 -0300] "GET /cormun/static/gxcfg.js?201631185636 HTTP/1.1" 200 953
186.78.47.206 - - [09/Mar/2016:10:38:20 -0300] "GET /cormun/static/trsolicitudot.js?2016311856838 HTTP/1.1" 200 45326
186.78.47.206 - - [09/Mar/2016:10:38:20 -0300] "GET /cormun/static/Resources/Spanish/PXTools.css?18502099 HTTP/1.1" 200 89042
186.78.47.206 - - [09/Mar/2016:10:38:22 -0300] "GET /cormun/servlet/trsolicitudot? HTTP/1.1" 200 8250
192.168.10.89 - - [09/Mar/2016:10:38:41 -0300] "POST /cormun/servlet/trsolicitudgral?4dd4eb9b578b38a1f133cca4618a9f5f,,gx-no-cache=1457530471267 HTTP/1.1" 200 17271
186.78.47.206 - - [09/Mar/2016:10:38:42 -0300] "GET /cormun/servlet/trautorizarsolicitud? HTTP/1.1" 200 6158
186.78.47.206 - - [09/Mar/2016:10:38:43 -0300] "GET /cormun/servlet/trautorizarsolicitud? HTTP/1.1" 200 6158
192.168.10.89 - - [09/Mar/2016:10:38:44 -0300] "POST /cormun/servlet/trsolicitudgral?4dd4eb9b578b38a1f133cca4618a9f5f,,gx-no-cache=1457530474341 HTTP/1.1" 200 17270
192.168.10.89 - - [09/Mar/2016:10:38:47 -0300] "POST /cormun/servlet/trsolicitudgral?4dd4eb9b578b38a1f133cca4618a9f5f,,gx-no-cache=1457530477680 HTTP/1.1" 200 17271
186.103.159.46 - - [09/Mar/2016:10:39:06 -0300] "POST /cormun/servlet/trvisualizadoreventos?fa2dfcd7ea74f1742a566410768307c1,,gx-no-cache=1457530774296 HTTP/1.1" 200 3237
186.103.159.46 - - [09/Mar/2016:10:39:07 -0300] "POST /cormun/servlet/trvisualizadoreventos?fa2dfcd7ea74f1742a566410768307c1,,gx-no-cache=1457530774641 HTTP/1.1" 200 3237
186.103.159.46 - - [09/Mar/2016:10:39:07 -0300] "POST /cormun/servlet/trvisualizadoreventos?fa2dfcd7ea74f1742a566410768307c1,,gx-no-cache=1457530774871 HTTP/1.1" 200 3237
192.168.10.89 - - [09/Mar/2016:10:39:07 -0300] "POST /cormun/servlet/trsolicitudgral?4dd4eb9b578b38a1f133cca4618a9f5f,,gx-no-cache=1457530497632 HTTP/1.1" 200 6199
192.168.10.89 - - [09/Mar/2016:10:39:08 -0300] "GET /cormun/servlet/trsolicitudgral?424fa2e671c5caf5a8d9cfaa613338af80efcab12de464ef80ea139d1c4917835cb2680f8ebeb83f5cf685a8f96f6291752cd3777e7f72376a7f4c5c19c6bad0ceea104dbd35e42e63fa94c09816f51bcba697901fb10bcfe1af2ba840e4e630,gx-no-cache=1457530498835 HTTP/1.1" 200 2550
186.103.159.46 - - [09/Mar/2016:10:39:20 -0300] "GET /cormun/servlet/trvisualizadoreventos?b5eedb81eeb1522142ddfb0914aaf64897d68e7c12da55ba6d3c46496f01450e272ec33657fbb2f8e94e54a2cea1bac45218b16e470b1c73b835126ebc1948555cd0593f9c3d444e2d3af2c2cdf9daac6d0ca0a581f4ae169106ddec3cfdac5e48fb82aba9e69152dc43672b8cf6bba73af6cb08625e687630c066700ab16ee62a6908bbe9f8a772cd87f51b54d567ca742e6919b6cabb452fee320ee242e2f36ddab36114995fefb5e6fcd676c307fcbef5a5319e8dfaf73c128449eef68d0e,gx-no-cache=1457530788365 HTTP/1.1" 200 565
192.168.10.89 - - [09/Mar/2016:10:39:23 -0300] "POST /cormun/servlet/trsolicitudgral?4dd4eb9b578b38a1f133cca4618a9f5f,,gx-no-cache=1457530513569 HTTP/1.1" 200 9331
192.168.10.89 - - [09/Mar/2016:10:39:24 -0300] "GET /cormun/servlet/trsolicitudgral?424fa2e671c5caf5a8d9cfaa613338af7d10db58e2f3a21303d88281aa51d112bcc3cf8be71f3003a7d331164e1851976da91b652da3a2f351fc3bfed35cea928e750208029fde7b8d9daf8ac880d87c3303af7635a4cdb00171534de7cee000,gx-no-cache=1457530513986 HTTP/1.1" 200 6322
186.78.47.206 - - [09/Mar/2016:10:39:24 -0300] "GET /cormun/servlet/hlogin HTTP/1.1" 200 1708
186.78.47.206 - - [09/Mar/2016:10:39:26 -0300] "POST /cormun/servlet/hlogin?7f33fab27881f626815b206919cc0cab,gx-no-cache=1457531179981 HTTP/1.1" 200 90
186.78.47.206 - - [09/Mar/2016:10:39:26 -0300] "GET /cormun/servlet/hpexe_link HTTP/1.1" 200 943
186.78.47.206 - - [09/Mar/2016:10:39:26 -0300] "GET /cormun/servlet/hhome HTTP/1.1" 200 3431
186.78.47.206 - - [09/Mar/2016:10:39:26 -0300] "GET /cormun/servlet/hhome HTTP/1.1" 200 3427
186.78.47.206 - - [09/Mar/2016:10:39:29 -0300] "GET /cormun/servlet/trsolicitudot? HTTP/1.1" 200 8232
186.78.47.206 - - [09/Mar/2016:10:39:30 -0300] "GET /cormun/servlet/trsolicitudot? HTTP/1.1" 200 8233
186.78.47.206 - - [09/Mar/2016:10:39:40 -0300] "POST /cormun/servlet/trsolicitudot?7f33fab27881f626815b206919cc0cab,,gx-no-cache=1457531195628 HTTP/1.1" 200 5651
186.78.47.206 - - [09/Mar/2016:10:39:40 -0300] "POST /cormun/servlet/trsolicitudot?7f33fab27881f626815b206919cc0cab,,gx-no-cache=1457531196049 HTTP/1.1" 200 5650
192.168.10.89 - - [09/Mar/2016:10:39:41 -0300] "POST /cormun/servlet/trsolicitudgral?4dd4eb9b578b38a1f133cca4618a9f5f,,gx-no-cache=1457530530898 HTTP/1.1" 200 4478
192.168.10.89 - - [09/Mar/2016:10:39:41 -0300] "GET /cormun/servlet/trsolicitudgral?424fa2e671c5caf5a8d9cfaa613338afdb3d2f1fcf403896954fce8a92c744c2b4f1df1de2259e72e3c0ec0049ee8b43752cd3777e7f72376a7f4c5c19c6bad0c1361f63a9fd483f708f9941c9e3637dcba697901fb10bcfe1af2ba840e4e630,gx-no-cache=1457530531282 HTTP/1.1" 200 639
186.78.47.206 - - [09/Mar/2016:10:39:41 -0300] "POST /cormun/servlet/trsolicitudot?7f33fab27881f626815b206919cc0cab,,gx-no-cache=1457531196499 HTTP/1.1" 200 5650
186.78.47.206 - - [09/Mar/2016:10:39:41 -0300] "POST /cormun/servlet/trsolicitudot?7f33fab27881f626815b206919cc0cab,,gx-no-cache=1457531196930 HTTP/1.1" 200 5651
186.78.47.206 - - [09/Mar/2016:10:39:42 -0300] "POST /cormun/servlet/trsolicitudot?7f33fab27881f626815b206919cc0cab,,gx-no-cache=1457531197371 HTTP/1.1" 200 5650
186.78.47.206 - - [09/Mar/2016:10:39:42 -0300] "POST /cormun/servlet/trsolicitudot?7f33fab27881f626815b206919cc0cab,,gx-no-cache=1457531197827 HTTP/1.1" 200 5651
186.78.47.206 - - [09/Mar/2016:10:39:43 -0300] "POST /cormun/servlet/trsolicitudot?7f33fab27881f626815b206919cc0cab,,gx-no-cache=1457531198275 HTTP/1.1" 200 5651
186.78.47.206 - - [09/Mar/2016:10:39:43 -0300] "POST /cormun/servlet/trsolicitudot?7f33fab27881f626815b206919cc0cab,,gx-no-cache=1457531198743 HTTP/1.1" 200 5290
186.78.47.206 - - [09/Mar/2016:10:39:43 -0300] "GET /cormun/static/Shared/jqueryui/images/ui-bg_highlight-soft_100_c6c2c8_1x100.png HTTP/1.1" 404 1117
186.78.47.206 - - [09/Mar/2016:10:39:43 -0300] "GET /cormun/static/Shared/jqueryui/images/ui-icons_82798d_256x240.png HTTP/1.1" 404 1089
186.78.47.206 - - [09/Mar/2016:10:39:43 -0300] "GET /cormun/static/Shared/jqueryui/images/ui-bg_flat_55_fafafa_40x100.png HTTP/1.1" 404 1097
186.78.47.206 - - [09/Mar/2016:10:39:43 -0300] "GET /cormun/static/Shared/jqueryui/images/ui-icons_8d78a5_256x240.png HTTP/1.1" 404 1089
186.78.47.206 - - [09/Mar/2016:10:39:44 -0300] "POST /cormun/servlet/trsolicitudot?7f33fab27881f626815b206919cc0cab,,gx-no-cache=1457531199299 HTTP/1.1" 200 5232
192.168.10.89 - - [09/Mar/2016:10:39:45 -0300] "POST /cormun/servlet/trsolicitudgral?4dd4eb9b578b38a1f133cca4618a9f5f,,gx-no-cache=1457530535165 HTTP/1.1" 200 5647
186.103.159.46 - - [09/Mar/2016:10:39:45 -0300] "POST /cormun/servlet/trvisualizadoreventos?fa2dfcd7ea74f1742a566410768307c1,,gx-no-cache=1457530812607 HTTP/1.1" 200 3244
186.103.159.46 - - [09/Mar/2016:10:39:45 -0300] "POST /cormun/servlet/trvisualizadoreventos?fa2dfcd7ea74f1742a566410768307c1,,gx-no-cache=1457530812889 HTTP/1.1" 200 3244
192.168.10.89 - - [09/Mar/2016:10:39:46 -0300] "POST /cormun/servlet/trsolicitudgral?4dd4eb9b578b38a1f133cca4618a9f5f,,gx-no-cache=1457530536129 HTTP/1.1" 200 5646
192.168.10.89 - - [09/Mar/2016:10:39:47 -0300] "POST /cormun/servlet/trsolicitudgral?4dd4eb9b578b38a1f133cca4618a9f5f,,gx-no-cache=1457530537179 HTTP/1.1" 200 5647
192.168.10.89 - - [09/Mar/2016:10:39:50 -0300] "POST /cormun/servlet/trsolicitudgral?4dd4eb9b578b38a1f133cca4618a9f5f,,gx-no-cache=1457530538309 HTTP/1.1" 200 5647
186.78.47.206 - - [09/Mar/2016:10:39:53 -0300] "POST /cormun/servlet/trsolicitudot?7f33fab27881f626815b206919cc0cab,,gx-no-cache=1457531209074 HTTP/1.1" 200 4938
186.78.47.206 - - [09/Mar/2016:10:39:53 -0300] "POST /cormun/servlet/trsolicitudot?7f33fab27881f626815b206919cc0cab,,gx-no-cache=1457531209668 HTTP/1.1" 200 4879
192.168.10.89 - - [09/Mar/2016:10:39:57 -0300] "POST /cormun/servlet/trsolicitudgral?4dd4eb9b578b38a1f133cca4618a9f5f,,gx-no-cache=1457530547139 HTTP/1.1" 200 6268
192.168.10.89 - - [09/Mar/2016:10:39:58 -0300] "GET /cormun/servlet/trsolicitudgral?424fa2e671c5caf5a8d9cfaa613338af4100204027e929f53a9da1befb8741f99aa64a7b076c2f7b131dca1bc725853a6da91b652da3a2f351fc3bfed35cea9266f5427852a9405a996383f129b612fe4f94a6e87514596fd46f3ca561e6a963ab9fdd34b007ddddc558d92f54454fee6139ddb817e4e497e73d29108e299281,gx-no-cache=1457530548826 HTTP/1.1" 200 2615
186.103.159.46 - - [09/Mar/2016:10:40:01 -0300] "GET /cormun/servlet/trvisualizadoreventos?b5eedb81eeb1522142ddfb0914aaf6483bf86eac0af667c804e2f78da2db589da7b42c2a956c3cf19fa58ce8c720ec628529d1a14adc5953a2eba781ca5c025d351086ff1fdf841235d3ac85969323941eaae83e277600e5458a8c9c76a9f825c35bf7eb2bd28c78aefd4bbd87c5ca7cc872742142d53aa00d965adf3940052f7adb4161fdc9dba8cc2a728ee8cab4abb696b7a9fe57cb423d4c64aa64f00595f4330b5a266d3349e359772662d6b403a6d7e33d95abdea827a6e9fd7e0caebba4f49c5f7071836f646b9db8c2187edd,gx-no-cache=1457530828877 HTTP/1.1" 200 571
186.103.159.46 - - [09/Mar/2016:10:40:02 -0300] "GET /cormun/servlet/trvisualizadoreventos?b5eedb81eeb1522142ddfb0914aaf64897d68e7c12da55ba6d3c46496f01450e272ec33657fbb2f8e94e54a2cea1bac45218b16e470b1c73b835126ebc1948555cd0593f9c3d444e2d3af2c2cdf9daac6d0ca0a581f4ae169106ddec3cfdac5e48fb82aba9e69152dc43672b8cf6bba73af6cb08625e687630c066700ab16ee62a6908bbe9f8a772cd87f51b54d567ca742e6919b6cabb452fee320ee242e2f36ddab36114995fefb5e6fcd676c307fcbbf602c37a7cb6dcfd83a096fcd5c794,gx-no-cache=1457530830312 HTTP/1.1" 200 570
186.78.47.206 - - [09/Mar/2016:10:40:03 -0300] "GET /cormun/servlet/trautorizarsolicitud? HTTP/1.1" 200 7884
186.78.47.206 - - [09/Mar/2016:10:40:04 -0300] "GET /cormun/servlet/trautorizarsolicitud? HTTP/1.1" 200 7884
192.168.10.89 - - [09/Mar/2016:10:40:06 -0300] "POST /cormun/servlet/trsolicitudgral?4dd4eb9b578b38a1f133cca4618a9f5f,,gx-no-cache=1457530555868 HTTP/1.1" 200 6675
186.103.159.46 - - [09/Mar/2016:10:40:07 -0300] "GET /cormun/servlet/trvisualizadoreventos?b5eedb81eeb1522142ddfb0914aaf64897d68e7c12da55ba6d3c46496f01450e272ec33657fbb2f8e94e54a2cea1bac45218b16e470b1c73b835126ebc1948555cd0593f9c3d444e2d3af2c2cdf9daac6d0ca0a581f4ae169106ddec3cfdac5e48fb82aba9e69152dc43672b8cf6bba73af6cb08625e687630c066700ab16ee62a6908bbe9f8a772cd87f51b54d567ca742e6919b6cabb452fee320ee242e2f36ddab36114995fefb5e6fcd676c307fc75dcefc381c2083a341fc215147dffa2,gx-no-cache=1457530834751 HTTP/1.1" 200 577
192.168.10.89 - - [09/Mar/2016:10:40:07 -0300] "GET /cormun/servlet/trsolicitudgral?424fa2e671c5caf5a8d9cfaa613338aff1f2b8fd4d3d9b91ef041cd01a19c648bcc3cf8be71f3003a7d331164e18519733d7c9210e602af2617320681194e172e1220dd64c20be07945abc76626289b24f94a6e87514596fd46f3ca561e6a963ab9fdd34b007ddddc558d92f54454fee6139ddb817e4e497e73d29108e299281,gx-no-cache=1457530557930 HTTP/1.1" 200 3125
186.103.159.46 - - [09/Mar/2016:10:40:08 -0300] "GET /cormun/servlet/trvisualizadoreventos?b5eedb81eeb1522142ddfb0914aaf64897d68e7c12da55ba6d3c46496f01450e272ec33657fbb2f8e94e54a2cea1bac45218b16e470b1c73b835126ebc1948555cd0593f9c3d444e2d3af2c2cdf9daac6d0ca0a581f4ae169106ddec3cfdac5e48fb82aba9e69152dc43672b8cf6bba73af6cb08625e687630c066700ab16ee62a6908bbe9f8a772cd87f51b54d567ca742e6919b6cabb452fee320ee242e2f36ddab36114995fefb5e6fcd676c307fc3d68223c9d3e20f2c9f814d4e0ed4f35,gx-no-cache=1457530836352 HTTP/1.1" 200 576
186.103.159.46 - - [09/Mar/2016:10:40:12 -0300] "GET /cormun/servlet/trvisualizadoreventos?b5eedb81eeb1522142ddfb0914aaf64897d68e7c12da55ba6d3c46496f01450e272ec33657fbb2f8e94e54a2cea1bac45218b16e470b1c73b835126ebc1948555cd0593f9c3d444e2d3af2c2cdf9daac6d0ca0a581f4ae169106ddec3cfdac5e48fb82aba9e69152dc43672b8cf6bba73af6cb08625e687630c066700ab16ee62a6908bbe9f8a772cd87f51b54d567ca742e6919b6cabb452fee320ee242e2f36ddab36114995fefb5e6fcd676c307fc2a1706c1da783f202f2aa2f9f66e72c2,gx-no-cache=1457530840326 HTTP/1.1" 200 575
186.78.47.206 - - [09/Mar/2016:10:40:14 -0300] "POST /cormun/servlet/trautorizarsolicitud?207fbe87ec1a29265d71fab6efffcb45,,gx-no-cache=1457530842990 HTTP/1.1" 200 5350
