191.112.59.116 - - [09/Mar/2016:15:51:18 -0300] "GET /cormun/servlet/trsolicitudot?56dc5a551dfc1875a4e19b0aa2eb5556229aff5a4fe1f4b9e052e2769975cf702d10d781ad7fbc4cf954dfaf34c6606699b4660de6c512788d7054bc8867eda9d490392e87c52005c70e247c6bf36f2556995133481ba063344ca527e1d0fb25,gx-no-cache=1457549489120 HTTP/1.1" 200 767
191.112.59.116 - - [09/Mar/2016:15:51:18 -0300] "GET /cormun/servlet/hhome HTTP/1.1" 200 3446
191.112.59.116 - - [09/Mar/2016:15:51:29 -0300] "GET /cormun/servlet/hlogin HTTP/1.1" 200 1721
191.112.59.116 - - [09/Mar/2016:15:51:33 -0300] "POST /cormun/servlet/hlogin?551226024811f6879eb588db4cc0e332,gx-no-cache=1457549517059 HTTP/1.1" 200 90
191.112.59.116 - - [09/Mar/2016:15:51:33 -0300] "GET /cormun/servlet/hpexe_link HTTP/1.1" 200 951
191.112.59.116 - - [09/Mar/2016:15:51:33 -0300] "GET /cormun/servlet/hhome HTTP/1.1" 200 3446
186.103.159.189 - - [09/Mar/2016:15:51:33 -0300] "POST /cormun/servlet/hlogin?290dc3544c2e44df993f5cc7294034d4,gx-no-cache=1457549516203 HTTP/1.1" 200 455
191.112.59.116 - - [09/Mar/2016:15:51:34 -0300] "GET /cormun/servlet/hhome HTTP/1.1" 200 3442
191.112.59.116 - - [09/Mar/2016:15:51:38 -0300] "GET /cormun/servlet/trsolicitudot? HTTP/1.1" 200 6216
191.112.59.116 - - [09/Mar/2016:15:51:39 -0300] "GET /cormun/servlet/trsolicitudot? HTTP/1.1" 200 6216
186.103.159.189 - - [09/Mar/2016:15:51:41 -0300] "POST /cormun/servlet/hlogin?290dc3544c2e44df993f5cc7294034d4,gx-no-cache=1457549523104 HTTP/1.1" 200 90
186.103.159.189 - - [09/Mar/2016:15:51:42 -0300] "GET /cormun/servlet/hpexe_link HTTP/1.1" 200 962
186.103.159.189 - - [09/Mar/2016:15:51:45 -0300] "GET /cormun/servlet/solicitudot?INS,0,0, HTTP/1.1" 200 11271
186.103.159.189 - - [09/Mar/2016:15:51:48 -0300] "GET /cormun/servlet/solicitudot?INS,0,0, HTTP/1.1" 200 11275
191.112.59.116 - - [09/Mar/2016:15:51:53 -0300] "POST /cormun/servlet/trsolicitudot?551226024811f6879eb588db4cc0e332,,gx-no-cache=1457549527312 HTTP/1.1" 200 3510
186.103.159.189 - - [09/Mar/2016:15:52:02 -0300] "POST /cormun/servlet/solicitudot?gx-no-cache=1457549541985 HTTP/1.1" 200 2668
186.103.159.189 - - [09/Mar/2016:15:52:05 -0300] "POST /cormun/servlet/solicitudot?290dc3544c2e44df993f5cc7294034d4,INS,0,0,,gx-no-cache=1457549546493 HTTP/1.1" 200 7996
186.103.159.189 - - [09/Mar/2016:15:52:06 -0300] "GET /cormun/servlet/solicitudot?ab2fb43b36c030554ac43e446502855a57257c7fbb949595b92ae9e1d0be4aee7963a54baa75f235de16681465ef95cd,gx-no-cache=1457549548769 HTTP/1.1" 200 111
186.103.159.189 - - [09/Mar/2016:15:52:06 -0300] "GET /cormun/static/Shared/jqueryui/images/ui-bg_flat_55_994d53_40x100.png HTTP/1.1" 404 1097
186.103.159.189 - - [09/Mar/2016:15:52:06 -0300] "GET /cormun/static/Shared/jqueryui/images/ui-icons_ebccce_256x240.png HTTP/1.1" 404 1089
191.112.59.116 - - [09/Mar/2016:15:52:10 -0300] "GET /cormun/servlet/trsolicitudot?56dc5a551dfc1875a4e19b0aa2eb5556229aff5a4fe1f4b9e052e2769975cf702d10d781ad7fbc4cf954dfaf34c6606699b4660de6c512788d7054bc8867eda9d490392e87c52005c70e247c6bf36f2556995133481ba063344ca527e1d0fb25,gx-no-cache=1457549555388 HTTP/1.1" 200 767
186.103.159.230 - - [09/Mar/2016:15:52:21 -0300] "POST /cormun/servlet/solicitudot?5634cd9609f119310d6eee76d01a9f67,INS,0,0,,gx-no-cache=1457549536929 HTTP/1.1" 500 10
186.103.159.189 - - [09/Mar/2016:15:52:21 -0300] "GET /cormun/servlet/solicitudot?ab2fb43b36c030554ac43e446502855a3d7e81db796fd348091af7bea39d94cd35813513f311cbc0334ded63fa21767a,gx-no-cache=1457549563576 HTTP/1.1" 200 30
191.112.59.116 - - [09/Mar/2016:15:52:24 -0300] "POST /cormun/servlet/trsolicitudot?551226024811f6879eb588db4cc0e332,,gx-no-cache=1457549555792 HTTP/1.1" 200 3510
191.112.59.116 - - [09/Mar/2016:15:52:31 -0300] "POST /cormun/servlet/trsolicitudot?551226024811f6879eb588db4cc0e332,,gx-no-cache=1457549569316 HTTP/1.1" 200 3510
191.112.59.116 - - [09/Mar/2016:15:52:39 -0300] "GET /cormun/servlet/trsolicitudot?56dc5a551dfc1875a4e19b0aa2eb55563c25a5ce85bc4c35de6447210150f394a623dd1324d6cb2dda69296392fca61b3c5400c2e93b767d8b8920fd227517974941d7a15eec4ba8b652766ec8d62eea39be320ef7cf36264b580319a846819d,gx-no-cache=1457549576712 HTTP/1.1" 200 767
186.103.159.230 - - [09/Mar/2016:15:52:44 -0300] "GET /cormun/servlet/hlogin HTTP/1.1" 200 1721
191.112.59.116 - - [09/Mar/2016:15:52:45 -0300] "POST /cormun/servlet/trsolicitudot?551226024811f6879eb588db4cc0e332,,gx-no-cache=1457549584043 HTTP/1.1" 200 3521
191.112.59.116 - - [09/Mar/2016:15:52:46 -0300] "GET /cormun/servlet/trsolicitudot?56dc5a551dfc1875a4e19b0aa2eb555623089467a16da48c0458d5175c9849e0dc13b052a8efe5c2e39d6cec09375c49d03d1c2b82a3f254c86b9c48d7f89cfdb1680c009d85a818b00b1524a2d4c1a7,gx-no-cache=1457549591444 HTTP/1.1" 200 773
191.112.59.116 - - [09/Mar/2016:15:52:52 -0300] "GET /cormun/servlet/trsolicitudot?56dc5a551dfc1875a4e19b0aa2eb55560e0c52fdd5b8642a90ef3038db4218eb1f6cf87a09317ce46579b8485ea99fa1aff8c9ba44808de66bebaaf995bb42eabfc03dbf8174cde438cb0866bb9b46a370b347acf9fa68009646a298b26531f5,gx-no-cache=1457549597028 HTTP/1.1" 200 773
191.112.59.116 - - [09/Mar/2016:15:52:54 -0300] "GET /cormun/servlet/trsolicitudot?56dc5a551dfc1875a4e19b0aa2eb55567737d5e15d2e14d26f3036dde66c7920fac4058d46e64b722b2e28be3820dd3c8751d6c83ceb33a2481b9b5ef51efe2e58133a75ff9bc541b9a7292f7d6b1ade5364d2ff22ef1af16f7830149478df4c,gx-no-cache=1457549598584 HTTP/1.1" 200 773
191.112.59.116 - - [09/Mar/2016:15:52:55 -0300] "GET /cormun/servlet/trsolicitudot?56dc5a551dfc1875a4e19b0aa2eb55569e7765a60e3f8863650ab58f180abf22e24b1709da8d3b707a68b83d52d17deafb101760184dd034bc9020ecf11613e34231dbaa382149b9991254f887a17c103e8183819a0bc67d2a51af031c1a1f3c,gx-no-cache=1457549600035 HTTP/1.1" 200 773
191.112.59.116 - - [09/Mar/2016:15:53:00 -0300] "GET /cormun/servlet/trsolicitudot?56dc5a551dfc1875a4e19b0aa2eb55569e7765a60e3f8863650ab58f180abf228d0cf322952dfcd3766c67f7a8dc921f99b4660de6c512788d7054bc8867eda9d490392e87c52005c70e247c6bf36f2556995133481ba063344ca527e1d0fb25,gx-no-cache=1457549601679 HTTP/1.1" 200 773
186.103.159.189 - - [09/Mar/2016:15:53:13 -0300] "POST /cormun/servlet/solicitudot?290dc3544c2e44df993f5cc7294034d4,INS,0,0,,gx-no-cache=1457549614738 HTTP/1.1" 200 93
186.103.159.189 - - [09/Mar/2016:15:53:13 -0300] "GET /cormun/servlet/hpexe_return? HTTP/1.1" 200 1009
186.103.159.189 - - [09/Mar/2016:15:53:13 -0300] "GET /cormun/static/gxcfg.js?2015111312145050 HTTP/1.1" 304 -
186.103.159.189 - - [09/Mar/2016:15:53:14 -0300] "GET /cormun/static/hpexe_return.js?2015111312145056 HTTP/1.1" 304 -
186.103.159.189 - - [09/Mar/2016:15:53:16 -0300] "GET /cormun/static/Resources/Spanish/PXTools.css?12112540 HTTP/1.1" 304 -
186.103.159.189 - - [09/Mar/2016:15:53:16 -0300] "GET /cormun/servlet/hhome HTTP/1.1" 200 3434
186.103.159.189 - - [09/Mar/2016:15:53:19 -0300] "GET /cormun/servlet/hhome HTTP/1.1" 200 3429
191.112.59.116 - - [09/Mar/2016:15:53:43 -0300] "GET /cormun/servlet/trsolicitudot? HTTP/1.1" 200 6231
191.112.59.116 - - [09/Mar/2016:15:53:44 -0300] "GET /cormun/servlet/trsolicitudot? HTTP/1.1" 200 6230
191.112.59.116 - - [09/Mar/2016:15:53:44 -0300] "GET /favicon.ico HTTP/1.1" 200 21630
191.112.59.116 - - [09/Mar/2016:15:53:47 -0300] "POST /cormun/servlet/trsolicitudot?551226024811f6879eb588db4cc0e332,,gx-no-cache=1457549651359 HTTP/1.1" 200 3522
191.112.59.116 - - [09/Mar/2016:15:53:54 -0300] "POST /cormun/servlet/trsolicitudot?551226024811f6879eb588db4cc0e332,,gx-no-cache=1457549652968 HTTP/1.1" 200 3523
191.112.59.116 - - [09/Mar/2016:15:53:56 -0300] "POST /cormun/servlet/trsolicitudot?551226024811f6879eb588db4cc0e332,,gx-no-cache=1457549659905 HTTP/1.1" 200 3522
191.112.59.116 - - [09/Mar/2016:15:53:57 -0300] "POST /cormun/servlet/trsolicitudot?551226024811f6879eb588db4cc0e332,,gx-no-cache=1457549661230 HTTP/1.1" 200 3522
191.112.59.116 - - [09/Mar/2016:15:53:59 -0300] "GET /cormun/servlet/trsolicitudot?56dc5a551dfc1875a4e19b0aa2eb55563c25a5ce85bc4c35de6447210150f394d742ceb8b2a7abd7963a35a830692005ef23efe899561206ba8ddddeefebd1dca66aaea04573ef527da226d5949ee3c8f307158e5d051d85d894f23796b6ca62,gx-no-cache=1457549663240 HTTP/1.1" 200 773
186.103.159.230 - - [09/Mar/2016:15:54:15 -0300] "GET /cormun/servlet/hlogin HTTP/1.1" 200 1721
191.112.59.116 - - [09/Mar/2016:15:54:19 -0300] "GET /cormun/servlet/trsolicitudot?56dc5a551dfc1875a4e19b0aa2eb5556713a8d269e783f8ad4f0c25d23b1cdabd612e13e513ae195a2c0848f07fd11e5942755c51bc588be64ad6930aef4cd4112b308bb6d184572681d6b168c732860d8d38177b6d5a9fb5e590176e9aca12c,gx-no-cache=1457549682675 HTTP/1.1" 200 773
191.112.59.116 - - [09/Mar/2016:15:54:21 -0300] "POST /cormun/servlet/trsolicitudot?551226024811f6879eb588db4cc0e332,,gx-no-cache=1457549684623 HTTP/1.1" 200 3522
191.112.59.116 - - [09/Mar/2016:15:54:22 -0300] "GET /cormun/servlet/trsolicitudot?56dc5a551dfc1875a4e19b0aa2eb55563c25a5ce85bc4c35de6447210150f394cb38de9a5c5186cdd0cc3a428665b84799b4660de6c512788d7054bc8867eda9d490392e87c52005c70e247c6bf36f2556995133481ba063344ca527e1d0fb25,gx-no-cache=1457549687040 HTTP/1.1" 200 773
191.112.59.116 - - [09/Mar/2016:15:54:27 -0300] "GET /cormun/servlet/trsolicitudot?56dc5a551dfc1875a4e19b0aa2eb555623089467a16da48c0458d5175c9849e0dc13b052a8efe5c2e39d6cec09375c49d03d1c2b82a3f254c86b9c48d7f89cfdb1680c009d85a818b00b1524a2d4c1a7,gx-no-cache=1457549691690 HTTP/1.1" 200 773
191.112.59.116 - - [09/Mar/2016:15:54:29 -0300] "GET /cormun/servlet/trsolicitudot?56dc5a551dfc1875a4e19b0aa2eb5556170900f50d45f4843800621cd4cc0364714a4f84cc275623793036b50815742bc8e3537f82cb8556250601423a28d6459f929befbfdace30233e054aea99c0f5,gx-no-cache=1457549694059 HTTP/1.1" 200 773
186.103.159.230 - - [09/Mar/2016:15:54:29 -0300] "POST /cormun/servlet/hlogin?095f1676666465d4e421ba2d5ceaa846,gx-no-cache=1457549695878 HTTP/1.1" 200 90
186.103.159.230 - - [09/Mar/2016:15:54:29 -0300] "GET /cormun/servlet/hpexe_link HTTP/1.1" 200 956
186.103.159.230 - - [09/Mar/2016:15:54:29 -0300] "GET /cormun/servlet/hhome HTTP/1.1" 200 3441
186.103.159.230 - - [09/Mar/2016:15:54:30 -0300] "GET /cormun/servlet/hhome HTTP/1.1" 200 3437
191.112.59.116 - - [09/Mar/2016:15:54:31 -0300] "GET /cormun/servlet/trsolicitudot?56dc5a551dfc1875a4e19b0aa2eb5556845a5b41a7fc3535c3ead8b2765a5b101f6cf87a09317ce46579b8485ea99fa1aff8c9ba44808de66bebaaf995bb42eabfc03dbf8174cde438cb0866bb9b46a370b347acf9fa68009646a298b26531f5,gx-no-cache=1457549695920 HTTP/1.1" 200 773
191.112.59.116 - - [09/Mar/2016:15:54:31 -0300] "GET /cormun/servlet/trsolicitudot?56dc5a551dfc1875a4e19b0aa2eb55563bc233e3493665c4c7be5ce25f7fd652fac4058d46e64b722b2e28be3820dd3c8751d6c83ceb33a2481b9b5ef51efe2e58133a75ff9bc541b9a7292f7d6b1ade5364d2ff22ef1af16f7830149478df4c,gx-no-cache=1457549696609 HTTP/1.1" 200 773
191.112.59.116 - - [09/Mar/2016:15:54:32 -0300] "GET /cormun/servlet/trsolicitudot?56dc5a551dfc1875a4e19b0aa2eb5556a44cf9aa984a1b99db9af5770b7298f3e24b1709da8d3b707a68b83d52d17deafb101760184dd034bc9020ecf11613e34231dbaa382149b9991254f887a17c103e8183819a0bc67d2a51af031c1a1f3c,gx-no-cache=1457549697604 HTTP/1.1" 200 773
191.112.59.116 - - [09/Mar/2016:15:54:33 -0300] "GET /cormun/servlet/trsolicitudot?56dc5a551dfc1875a4e19b0aa2eb5556a44cf9aa984a1b99db9af5770b7298f35bb2a9e9d0c35e3514cc654c2b86714499b4660de6c512788d7054bc8867eda9d490392e87c52005c70e247c6bf36f2556995133481ba063344ca527e1d0fb25,gx-no-cache=1457549698297 HTTP/1.1" 200 773
186.103.159.230 - - [09/Mar/2016:15:54:34 -0300] "GET /cormun/servlet/trsolicitudot? HTTP/1.1" 200 6201
186.103.159.230 - - [09/Mar/2016:15:54:34 -0300] "GET /cormun/servlet/trsolicitudot? HTTP/1.1" 200 6200
191.112.59.116 - - [09/Mar/2016:15:54:36 -0300] "POST /cormun/servlet/trsolicitudot?551226024811f6879eb588db4cc0e332,,gx-no-cache=1457549700345 HTTP/1.1" 200 3522
186.103.159.230 - - [09/Mar/2016:15:54:38 -0300] "GET /cormun/servlet/solicitudot?INS,0,0, HTTP/1.1" 200 11449
186.103.159.230 - - [09/Mar/2016:15:54:38 -0300] "GET /cormun/servlet/solicitudot?INS,0,0, HTTP/1.1" 200 11453
191.112.59.116 - - [09/Mar/2016:15:54:40 -0300] "GET /cormun/servlet/trsolicitudot?56dc5a551dfc1875a4e19b0aa2eb5556a44cf9aa984a1b99db9af5770b7298f3cbd8a6d79a8523a165559050ed639ee73c5400c2e93b767d8b8920fd227517974941d7a15eec4ba8b652766ec8d62eea39be320ef7cf36264b580319a846819d,gx-no-cache=1457549705185 HTTP/1.1" 200 773
191.112.59.116 - - [09/Mar/2016:15:54:41 -0300] "GET /cormun/servlet/trsolicitudot?56dc5a551dfc1875a4e19b0aa2eb5556a44cf9aa984a1b99db9af5770b7298f34d379e52040057792cc7a51e1299b9fa9cd94f6b2f85920e17fcb06b196ff4da93c78467ed16fdf98e8a3b9458f912b97e7beb771a9e411de1ad97efc9f605c7,gx-no-cache=1457549705927 HTTP/1.1" 200 773
191.112.59.116 - - [09/Mar/2016:15:54:42 -0300] "GET /cormun/servlet/trsolicitudot?56dc5a551dfc1875a4e19b0aa2eb5556a44cf9aa984a1b99db9af5770b7298f3581876c956d40b2ab84eb2b18a4e250cef23efe899561206ba8ddddeefebd1dca66aaea04573ef527da226d5949ee3c8f307158e5d051d85d894f23796b6ca62,gx-no-cache=1457549707263 HTTP/1.1" 200 773
186.103.159.189 - - [09/Mar/2016:15:54:45 -0300] "GET /cormun/servlet/trsolicitudot? HTTP/1.1" 200 6192
191.112.59.116 - - [09/Mar/2016:15:54:47 -0300] "POST /cormun/servlet/trsolicitudot?551226024811f6879eb588db4cc0e332,,gx-no-cache=1457549710590 HTTP/1.1" 200 3527
191.112.59.116 - - [09/Mar/2016:15:54:48 -0300] "POST /cormun/servlet/trsolicitudot?551226024811f6879eb588db4cc0e332,,gx-no-cache=1457549712077 HTTP/1.1" 200 3526
186.103.159.189 - - [09/Mar/2016:15:54:48 -0300] "GET /cormun/servlet/trsolicitudot? HTTP/1.1" 200 6191
186.103.159.230 - - [09/Mar/2016:15:55:01 -0300] "POST /cormun/servlet/solicitudot?gx-no-cache=1457549727816 HTTP/1.1" 200 2782
186.103.159.230 - - [09/Mar/2016:15:55:01 -0300] "POST /cormun/servlet/solicitudot?095f1676666465d4e421ba2d5ceaa846,INS,0,0,,gx-no-cache=1457549728141 HTTP/1.1" 200 8413
191.112.59.116 - - [09/Mar/2016:15:55:15 -0300] "GET /cormun/servlet/trsolicitudot?56dc5a551dfc1875a4e19b0aa2eb5556229aff5a4fe1f4b9e052e2769975cf708aeeb3b25e8b1aecf5b9e54cad66c66ad9d905a6c0e37d78d89134c0a8215098aff8c9ba44808de66bebaaf995bb42eabfc03dbf8174cde438cb0866bb9b46a370b347acf9fa68009646a298b26531f5,gx-no-cache=1457549740011 HTTP/1.1" 200 779
191.112.59.116 - - [09/Mar/2016:15:55:16 -0300] "POST /cormun/servlet/trsolicitudot?551226024811f6879eb588db4cc0e332,,gx-no-cache=1457549740570 HTTP/1.1" 200 3527
191.112.59.116 - - [09/Mar/2016:15:55:19 -0300] "POST /cormun/servlet/trsolicitudot?551226024811f6879eb588db4cc0e332,,gx-no-cache=1457549741859 HTTP/1.1" 200 3527
186.103.159.230 - - [09/Mar/2016:15:55:19 -0300] "GET /cormun/servlet/solicitudot?a367f8c2a61de33fdff201ed1b490b8a17b1fa36cdeb608be0f6877e9ded3ecaf148d21351307f643ab294d578e2b738,gx-no-cache=1457549746029 HTTP/1.1" 200 30
186.103.159.230 - - [09/Mar/2016:15:55:19 -0300] "POST /cormun/servlet/solicitudot?gx-no-cache=1457549746112 HTTP/1.1" 200 30
186.103.159.230 - - [09/Mar/2016:15:55:52 -0300] "POST /cormun/servlet/solicitudot?gx-no-cache=1457549779047 HTTP/1.1" 200 33
186.103.159.230 - - [09/Mar/2016:15:55:53 -0300] "POST /cormun/servlet/solicitudot?gx-no-cache=1457549779197 HTTP/1.1" 200 452
186.103.159.230 - - [09/Mar/2016:15:55:53 -0300] "GET /cormun/servlet/solicitudot?a367f8c2a61de33fdff201ed1b490b8a7c1842b6edfaa56007d257af02ccdb7efced4d4b7ffa08d20aa1dacfc4f513b6d78a2c8d1a8d45ab3e255736db9126373f73e397f7637f52cb43ce4cc8b4c1915fe389268e1662a9fa9beaba08c20a892f208d926de1c774022ed972218f9e4d894e73c696d6489297c1403c0380f6b1257a22bec3cab6cb6b3c924d6935dbb5,gx-no-cache=1457549780188 HTTP/1.1" 200 38
191.112.59.116 - - [09/Mar/2016:15:55:59 -0300] "GET /cormun/servlet/trsolicitudot?56dc5a551dfc1875a4e19b0aa2eb5556a44cf9aa984a1b99db9af5770b7298f33aec1ae33cb55924122469f400ab5237942755c51bc588be64ad6930aef4cd4112b308bb6d184572681d6b168c732860d8d38177b6d5a9fb5e590176e9aca12c,gx-no-cache=1457549782793 HTTP/1.1" 200 779
191.112.59.116 - - [09/Mar/2016:15:56:03 -0300] "POST /cormun/servlet/trsolicitudot?551226024811f6879eb588db4cc0e332,,gx-no-cache=1457549784619 HTTP/1.1" 200 3527
186.103.159.189 - - [09/Mar/2016:15:56:04 -0300] "GET /cormun/servlet/solicitudot?INS,0,0, HTTP/1.1" 200 11439
186.103.159.189 - - [09/Mar/2016:15:56:07 -0300] "GET /cormun/servlet/solicitudot?INS,0,0, HTTP/1.1" 200 11444
186.103.159.189 - - [09/Mar/2016:15:56:14 -0300] "POST /cormun/servlet/solicitudot?gx-no-cache=1457549796728 HTTP/1.1" 200 2668
186.103.159.189 - - [09/Mar/2016:15:56:17 -0300] "POST /cormun/servlet/solicitudot?290dc3544c2e44df993f5cc7294034d4,INS,0,0,,gx-no-cache=1457549796940 HTTP/1.1" 200 8263
186.103.159.189 - - [09/Mar/2016:15:56:20 -0300] "GET /cormun/servlet/solicitudot?ab2fb43b36c030554ac43e446502855a54d92b934ca60a620f1819bad29e10e2,gx-no-cache=1457549800329 HTTP/1.1" 200 111
186.103.159.189 - - [09/Mar/2016:15:56:20 -0300] "POST /cormun/servlet/solicitudot?gx-no-cache=1457549802642 HTTP/1.1" 200 120
186.103.159.189 - - [09/Mar/2016:15:56:20 -0300] "POST /cormun/servlet/solicitudot?gx-no-cache=1457549802782 HTTP/1.1" 200 33
186.103.159.189 - - [09/Mar/2016:15:56:21 -0300] "POST /cormun/servlet/solicitudot?gx-no-cache=1457549803211 HTTP/1.1" 200 452
186.103.159.189 - - [09/Mar/2016:15:56:21 -0300] "GET /cormun/servlet/solicitudot?ab2fb43b36c030554ac43e446502855ab6f354d07db1dc027e91c899570d1f1730c822e438bb730df44e0139841259a1deada63f3aced3980d8b4633f4f8d190731d9f358158849356ed906c9bee239ea07ebedc69e1d37b8e002fc6d4751d79a99b24f0d2ce95ded7c7c5585a1f5a99d3e7cbe096bdb09ae5a3081db5f7c18d8925601eb8048eac8a3d2239697af18a,gx-no-cache=1457549803641 HTTP/1.1" 200 38
191.112.59.116 - - [09/Mar/2016:15:56:23 -0300] "GET /cormun/servlet/trsolicitudot?56dc5a551dfc1875a4e19b0aa2eb5556a44cf9aa984a1b99db9af5770b7298f3af09d251e82826ab06638f30dfbffa35ef23efe899561206ba8ddddeefebd1dca66aaea04573ef527da226d5949ee3c8f307158e5d051d85d894f23796b6ca62,gx-no-cache=1457549807448 HTTP/1.1" 200 779
191.112.59.116 - - [09/Mar/2016:15:56:23 -0300] "GET /cormun/servlet/hlogin HTTP/1.1" 200 1735
191.112.59.116 - - [09/Mar/2016:15:56:27 -0300] "POST /cormun/servlet/hlogin?551226024811f6879eb588db4cc0e332,gx-no-cache=1457549810446 HTTP/1.1" 200 90
191.112.59.116 - - [09/Mar/2016:15:56:28 -0300] "GET /cormun/servlet/hpexe_link HTTP/1.1" 200 957
191.112.59.116 - - [09/Mar/2016:15:56:57 -0300] "GET /cormun/servlet/trsolicitudot? HTTP/1.1" 200 6237
191.112.59.116 - - [09/Mar/2016:15:56:57 -0300] "GET /cormun/servlet/trsolicitudot? HTTP/1.1" 200 6235
191.112.59.116 - - [09/Mar/2016:15:57:02 -0300] "POST /cormun/servlet/trsolicitudot?551226024811f6879eb588db4cc0e332,,gx-no-cache=1457549846920 HTTP/1.1" 200 3528
186.103.159.230 - - [09/Mar/2016:15:57:11 -0300] "GET /cormun/servlet/solicitudot?a367f8c2a61de33fdff201ed1b490b8a3cbae6c015b99a52232776dfc5641cfa4f99d7931c8f32134ff15e6bcc294230bcfe11a52c52470243485167f698be52a1a6268132ccc219e51bd5b5457ab6930ca24f3dffeda0f914cf4c6911f88641b3f4660f3ce680937e755d86c90f3f11,gx-no-cache=1457549857783 HTTP/1.1" 200 29
186.103.159.230 - - [09/Mar/2016:15:57:13 -0300] "POST /cormun/servlet/solicitudot?gx-no-cache=1457549859700 HTTP/1.1" 200 1128
191.112.59.116 - - [09/Mar/2016:15:57:26 -0300] "GET /cormun/servlet/trsolicitudot?56dc5a551dfc1875a4e19b0aa2eb5556229aff5a4fe1f4b9e052e2769975cf708aeeb3b25e8b1aecf5b9e54cad66c66ad9d905a6c0e37d78d89134c0a8215098aff8c9ba44808de66bebaaf995bb42eabfc03dbf8174cde438cb0866bb9b46a370b347acf9fa68009646a298b26531f5,gx-no-cache=1457549870797 HTTP/1.1" 200 779
191.112.59.116 - - [09/Mar/2016:15:57:29 -0300] "POST /cormun/servlet/trsolicitudot?551226024811f6879eb588db4cc0e332,,gx-no-cache=1457549871254 HTTP/1.1" 200 3538
191.112.59.116 - - [09/Mar/2016:15:57:36 -0300] "POST /cormun/servlet/trsolicitudot?551226024811f6879eb588db4cc0e332,,gx-no-cache=1457549880040 HTTP/1.1" 200 3537
186.103.159.230 - - [09/Mar/2016:15:57:37 -0300] "GET /cormun/servlet/trsolicitudot? HTTP/1.1" 200 6201
186.103.159.230 - - [09/Mar/2016:15:57:38 -0300] "GET /cormun/servlet/trsolicitudot? HTTP/1.1" 200 6200
186.103.159.230 - - [09/Mar/2016:15:57:41 -0300] "GET /cormun/servlet/hhome HTTP/1.1" 200 3441
186.103.159.230 - - [09/Mar/2016:15:57:41 -0300] "GET /cormun/servlet/hhome HTTP/1.1" 200 3437
191.112.59.116 - - [09/Mar/2016:15:58:19 -0300] "POST /cormun/servlet/trsolicitudot?551226024811f6879eb588db4cc0e332,,gx-no-cache=1457549921635 HTTP/1.1" 200 3538
191.112.59.116 - - [09/Mar/2016:15:58:30 -0300] "GET /cormun/servlet/solicitudot?INS,0,0, HTTP/1.1" 200 11471
191.112.59.116 - - [09/Mar/2016:15:58:31 -0300] "GET /cormun/static/gxcfg.js?20163219435133 HTTP/1.1" 200 953
191.112.59.116 - - [09/Mar/2016:15:58:31 -0300] "GET /cormun/static/solicitudot.js?20163219435183 HTTP/1.1" 304 -
191.112.59.116 - - [09/Mar/2016:15:58:31 -0300] "GET /cormun/static/Resources/prompt.gif HTTP/1.1" 200 902
191.112.59.116 - - [09/Mar/2016:15:58:31 -0300] "GET /cormun/static/Resources/Spanish/PXTools.css?1944839 HTTP/1.1" 200 89042
191.112.59.116 - - [09/Mar/2016:15:58:32 -0300] "GET /cormun/servlet/solicitudot?INS,0,0, HTTP/1.1" 200 11476
191.112.59.116 - - [09/Mar/2016:15:58:56 -0300] "POST /cormun/servlet/solicitudot?gx-no-cache=1457549960647 HTTP/1.1" 200 2668
191.112.59.116 - - [09/Mar/2016:15:58:57 -0300] "POST /cormun/servlet/solicitudot?551226024811f6879eb588db4cc0e332,INS,0,0,,gx-no-cache=1457549961672 HTTP/1.1" 200 8290
191.112.59.116 - - [09/Mar/2016:15:59:00 -0300] "GET /cormun/servlet/solicitudot?a901c53130088c74f5a2a938e8d8b18edbd4a5acc62c1f49063d30b4823dcc91c1fe621c8487c8e7797f190fef157d41,gx-no-cache=1457549965568 HTTP/1.1" 200 30
200.30.225.176 - - [09/Mar/2016:16:00:10 -0300] "GET /cormun/servlet/hlogin HTTP/1.1" 200 1709
200.30.225.176 - - [09/Mar/2016:16:00:10 -0300] "GET /cormun/static/gxtimezone.js?85251 HTTP/1.1" 200 5781
200.30.225.176 - - [09/Mar/2016:16:00:10 -0300] "GET /cormun/static/gxcfg.js?20151120045111 HTTP/1.1" 200 953
200.30.225.176 - - [09/Mar/2016:16:00:10 -0300] "GET /cormun/static/hlogin.js?20151120045126 HTTP/1.1" 200 2136
200.30.225.176 - - [09/Mar/2016:16:00:10 -0300] "GET /cormun/static/Resources/ComunLogin.png HTTP/1.1" 200 17326
200.30.225.176 - - [09/Mar/2016:16:00:10 -0300] "GET /cormun/static/messages.spa.js?85251 HTTP/1.1" 200 30736
200.30.225.176 - - [09/Mar/2016:16:00:10 -0300] "GET /cormun/static/gxgral.js?85251 HTTP/1.1" 200 40960
200.30.225.176 - - [09/Mar/2016:16:00:10 -0300] "GET /cormun/static/Resources/Spanish/PXTools.css?005343 HTTP/1.1" 200 89042
200.30.225.176 - - [09/Mar/2016:16:00:10 -0300] "GET /cormun/static/Resources/PXToolsLoginBackground.png HTTP/1.1" 200 1164
200.30.225.176 - - [09/Mar/2016:16:00:10 -0300] "GET /cormun/static/Resources/PXToolsLoginTop.png HTTP/1.1" 200 1337
200.30.225.176 - - [09/Mar/2016:16:00:10 -0300] "GET /cormun/static/Resources/PXToolsButtonLeft21.png HTTP/1.1" 200 1287
200.30.225.176 - - [09/Mar/2016:16:00:10 -0300] "GET /cormun/static/Resources/PXToolsButtonBackground2.png HTTP/1.1" 200 1181
200.30.225.176 - - [09/Mar/2016:16:00:10 -0300] "GET /cormun/static/Resources/PXToolsButtonRight21.png HTTP/1.1" 200 1283
200.30.225.176 - - [09/Mar/2016:16:00:10 -0300] "GET /cormun/static/Resources/PXToolsLoginBottom.png HTTP/1.1" 200 1389
200.30.225.176 - - [09/Mar/2016:16:00:10 -0300] "GET /cormun/servlet/hlogin HTTP/1.1" 200 1720
200.30.225.176 - - [09/Mar/2016:16:00:10 -0300] "GET /cormun/static/Resources/indicator.gif HTTP/1.1" 200 1553
200.30.225.176 - - [09/Mar/2016:16:00:11 -0300] "GET /favicon.ico HTTP/1.1" 200 21630
200.30.225.176 - - [09/Mar/2016:16:00:25 -0300] "POST /cormun/servlet/hlogin?5431d1d12d95f185140d3655e3900973,gx-no-cache=1457550060449 HTTP/1.1" 200 90
200.30.225.176 - - [09/Mar/2016:16:00:25 -0300] "GET /cormun/servlet/hpexe_link HTTP/1.1" 200 943
200.30.225.176 - - [09/Mar/2016:16:00:25 -0300] "GET /cormun/static/hpexe_link.js?20151120044398 HTTP/1.1" 200 625
200.30.225.176 - - [09/Mar/2016:16:00:25 -0300] "GET /cormun/static/gxcfg.js?20151120044395 HTTP/1.1" 200 953
200.30.225.176 - - [09/Mar/2016:16:00:25 -0300] "GET /cormun/servlet/hhome HTTP/1.1" 200 3534
200.30.225.176 - - [09/Mar/2016:16:00:25 -0300] "GET /cormun/static/SmoothNavMenu/resources/ddsmoothmenu-v.css?1112540 HTTP/1.1" 200 1188
200.30.225.176 - - [09/Mar/2016:16:00:25 -0300] "GET /cormun/static/gxcfg.js?2015112210564248 HTTP/1.1" 200 953
200.30.225.176 - - [09/Mar/2016:16:00:25 -0300] "GET /cormun/static/scaMessage/css/jquery.pnotify.default.css?1816380 HTTP/1.1" 200 1707
200.30.225.176 - - [09/Mar/2016:16:00:25 -0300] "GET /cormun/static/SmoothNavMenu/resources/ddsmoothmenu.css?1112540 HTTP/1.1" 200 2223
200.30.225.176 - - [09/Mar/2016:16:00:25 -0300] "GET /cormun/static/PXToolsJavascripts/pexe_autoreload.js HTTP/1.1" 200 1762
200.30.225.176 - - [09/Mar/2016:16:00:25 -0300] "GET /cormun/static/PXToolsJavascripts/pexe_cookies.js HTTP/1.1" 200 792
200.30.225.176 - - [09/Mar/2016:16:00:25 -0300] "GET /cormun/static/Shared/jqueryui/jquery-ui.min.css?1345370 HTTP/1.1" 200 30288
200.30.225.176 - - [09/Mar/2016:16:00:25 -0300] "GET /cormun/static/PXToolsJavascripts/pexe_grid.js HTTP/1.1" 200 7559
200.30.225.176 - - [09/Mar/2016:16:00:26 -0300] "GET /cormun/static/PXToolsJavascripts/pexe_griddivfix.js HTTP/1.1" 200 6644
200.30.225.176 - - [09/Mar/2016:16:00:26 -0300] "GET /cormun/static/PXToolsJavascripts/pexe_windows.js HTTP/1.1" 200 15207
200.30.225.176 - - [09/Mar/2016:16:00:26 -0300] "GET /cormun/static/PXToolsJavascripts/pexe_link.js HTTP/1.1" 200 5671
200.30.225.176 - - [09/Mar/2016:16:00:26 -0300] "GET /cormun/static/Resources/Spanish/PXTools.css?10515224 HTTP/1.1" 200 89042
200.30.225.176 - - [09/Mar/2016:16:00:26 -0300] "GET /cormun/static/PXToolsJavascripts/pexe_menudivfix.js HTTP/1.1" 200 333
200.30.225.176 - - [09/Mar/2016:16:00:26 -0300] "GET /cormun/static/PXToolsJavascripts/pexe_menus.js HTTP/1.1" 200 1286
200.30.225.176 - - [09/Mar/2016:16:00:26 -0300] "GET /cormun/static/PXToolsJavascripts/pexe_layers.js HTTP/1.1" 200 4114
200.30.225.176 - - [09/Mar/2016:16:00:26 -0300] "GET /cormun/static/PXToolsJavascripts/pexe_oav.js HTTP/1.1" 200 645
200.30.225.176 - - [09/Mar/2016:16:00:26 -0300] "GET /cormun/static/PXToolsJavascripts/pexe_oavdivfix.js HTTP/1.1" 200 639
200.30.225.176 - - [09/Mar/2016:16:00:26 -0300] "GET /cormun/static/PXToolsJavascripts/pexe_picture.js HTTP/1.1" 200 689
200.30.225.176 - - [09/Mar/2016:16:00:26 -0300] "GET /cormun/static/PXToolsJavascripts/pexe_popup.js HTTP/1.1" 200 13458
200.30.225.176 - - [09/Mar/2016:16:00:26 -0300] "GET /cormun/static/PXToolsJavascripts/pexe_scrolldiv.js HTTP/1.1" 200 4138
200.30.225.176 - - [09/Mar/2016:16:00:26 -0300] "GET /cormun/static/PXToolsJavascripts/pexe_tabdivfix.js HTTP/1.1" 200 876
200.30.225.176 - - [09/Mar/2016:16:00:26 -0300] "GET /cormun/static/PXToolsJavascripts/pexe_tabs.js HTTP/1.1" 200 3748
200.30.225.176 - - [09/Mar/2016:16:00:26 -0300] "GET /cormun/static/PXToolsJavascripts/pexe_upload.js HTTP/1.1" 200 1423
200.30.225.176 - - [09/Mar/2016:16:00:26 -0300] "GET /cormun/static/PXToolsJavascripts/PXToolsJavascriptsRender.js HTTP/1.1" 200 367
200.30.225.176 - - [09/Mar/2016:16:00:26 -0300] "GET /cormun/static/RunJS/RunJS.js HTTP/1.1" 200 288
200.30.225.176 - - [09/Mar/2016:16:00:26 -0300] "GET /cormun/static/Shared/ext/locale/ext-lang-en.js HTTP/1.1" 200 10940
200.30.225.176 - - [09/Mar/2016:16:00:26 -0300] "GET /cormun/static/hhome.js?2015112210564255 HTTP/1.1" 200 777
200.30.225.176 - - [09/Mar/2016:16:00:26 -0300] "GET /cormun/static/hwchdr01.js?20162241650484 HTTP/1.1" 200 1183
200.30.225.176 - - [09/Mar/2016:16:00:26 -0300] "GET /cormun/static/hpexe_recentlink.js?2015111312121342 HTTP/1.1" 200 2144
200.30.225.176 - - [09/Mar/2016:16:00:26 -0300] "GET /cormun/static/hpexe_scripts.js?20151120014546 HTTP/1.1" 200 1544
200.30.225.176 - - [09/Mar/2016:16:00:26 -0300] "GET /cormun/static/hpexe_messagecontroller.js?2015112210524422 HTTP/1.1" 200 870
200.30.225.176 - - [09/Mar/2016:16:00:26 -0300] "GET /cormun/static/hpexe_messagepopupcomponent.js?20163219454551 HTTP/1.1" 200 605
200.30.225.176 - - [09/Mar/2016:16:00:26 -0300] "GET /cormun/static/gxui/gxui-all.js HTTP/1.1" 200 107772
200.30.225.176 - - [09/Mar/2016:16:00:26 -0300] "GET /cormun/static/hpexe_messagegenexuscomponent.js?20151120014314 HTTP/1.1" 200 587
200.30.225.176 - - [09/Mar/2016:16:00:26 -0300] "GET /cormun/static/cmcontrolpreferences.js?20151120014525 HTTP/1.1" 200 1375
200.30.225.176 - - [09/Mar/2016:16:00:26 -0300] "GET /cormun/static/SmoothNavMenu/resources/ddsmoothmenu.js HTTP/1.1" 200 12712
200.30.225.176 - - [09/Mar/2016:16:00:26 -0300] "GET /cormun/static/SmoothNavMenu/resources/SmoothNavMenuRender.js HTTP/1.1" 200 5951
200.30.225.176 - - [09/Mar/2016:16:00:26 -0300] "GET /cormun/static/scaMessage/js/jquery.pnotify.min.js HTTP/1.1" 200 13038
200.30.225.176 - - [09/Mar/2016:16:00:27 -0300] "GET /cormun/static/scaMessage/scaMessageRender.js HTTP/1.1" 200 11977
200.30.225.176 - - [09/Mar/2016:16:00:27 -0300] "GET /cormun/static/Shared/jquery/jquery-1.4.2.min.js HTTP/1.1" 200 72174
200.30.225.176 - - [09/Mar/2016:16:00:27 -0300] "GET /cormun/static/hmpwkw03.js?2016311993330 HTTP/1.1" 200 3898
200.30.225.176 - - [09/Mar/2016:16:00:27 -0300] "GET /cormun/static/Resources/PXToolsFooterBackground2.png HTTP/1.1" 200 1172
200.30.225.176 - - [09/Mar/2016:16:00:27 -0300] "GET /cormun/static/Resources/PXToolsHeaderBackground2.png HTTP/1.1" 200 1174
200.30.225.176 - - [09/Mar/2016:16:00:27 -0300] "GET /cormun/static/Resources/PXToolsDataTitle.png HTTP/1.1" 200 1173
200.30.225.176 - - [09/Mar/2016:16:00:27 -0300] "GET /cormun/static/Resources/PXToolsHeaderActionsBackground.png HTTP/1.1" 200 484
200.30.225.176 - - [09/Mar/2016:16:00:27 -0300] "GET /cormun/static/Resources/PXToolsHeaderLogin.png HTTP/1.1" 200 4279
200.30.225.176 - - [09/Mar/2016:16:00:27 -0300] "GET /cormun/static/Resources/logo4.png HTTP/1.1" 200 6582
200.30.225.176 - - [09/Mar/2016:16:00:27 -0300] "GET /cormun/static/Resources/PXToolsHeaderPreferences.png HTTP/1.1" 200 4189
200.30.225.176 - - [09/Mar/2016:16:00:27 -0300] "GET /cormun/static/Shared/jqueryui/jquery-ui.min.js HTTP/1.1" 200 240427
200.30.225.176 - - [09/Mar/2016:16:00:27 -0300] "GET /cormun/static/Resources/PXToolsHeaderActionsLeft.png HTTP/1.1" 200 1118
200.30.225.176 - - [09/Mar/2016:16:00:27 -0300] "GET /cormun/static/Resources/PXToolsHeaderActionsRight.png HTTP/1.1" 200 1201
200.30.225.176 - - [09/Mar/2016:16:00:27 -0300] "GET /cormun/static/Resources/PXToolsHeaderHome.png HTTP/1.1" 200 4147
200.30.225.176 - - [09/Mar/2016:16:00:28 -0300] "GET /cormun/static/Shared/jquery/jquery-1.10.2.min.js HTTP/1.1" 200 273199
200.30.225.176 - - [09/Mar/2016:16:00:28 -0300] "GET /cormun/static/Resources/PXToolsHeaderSecurity.png HTTP/1.1" 200 4166
200.30.225.176 - - [09/Mar/2016:16:00:30 -0300] "GET /cormun/static/Shared/ext/ext-all.js HTTP/1.1" 200 1289687
200.30.225.176 - - [09/Mar/2016:16:00:31 -0300] "GET /cormun/servlet/hhome HTTP/1.1" 200 3530
200.30.225.176 - - [09/Mar/2016:16:00:31 -0300] "GET /cormun/static/SmoothNavMenu/resources/images/down.gif HTTP/1.1" 200 854
191.112.59.116 - - [09/Mar/2016:16:00:58 -0300] "POST /cormun/servlet/solicitudot?gx-no-cache=1457550082592 HTTP/1.1" 200 30
191.112.59.116 - - [09/Mar/2016:16:01:13 -0300] "POST /cormun/servlet/solicitudot?gx-no-cache=1457550096106 HTTP/1.1" 200 30
191.112.59.116 - - [09/Mar/2016:16:01:32 -0300] "POST /cormun/servlet/solicitudot?gx-no-cache=1457550117533 HTTP/1.1" 200 452
191.112.59.116 - - [09/Mar/2016:16:01:35 -0300] "GET /cormun/servlet/solicitudot?a901c53130088c74f5a2a938e8d8b18e4fe23415b3dce46c5af0fe470551734f00ccc6ea08de2ead4ab1c67209403ba4e81e54f1a8eb4d4846e7525399c45d0e681fc7aff585d0e45ec34d1270240156e24bdc2c60ecd3fd3011569fe196430e9d721b4f0dd73bf639e91e4787fe97731df5fe615d6e9fd3738f4740b63055a52128ae7411c3a7eed3f6e0bd8d8c0158,gx-no-cache=1457550118668 HTTP/1.1" 200 38
191.112.59.116 - - [09/Mar/2016:16:02:51 -0300] "POST /cormun/servlet/solicitudot?gx-no-cache=1457550196325 HTTP/1.1" 200 452
191.112.59.116 - - [09/Mar/2016:16:02:52 -0300] "GET /cormun/servlet/solicitudot?a901c53130088c74f5a2a938e8d8b18e4fe23415b3dce46c5af0fe470551734f00ccc6ea08de2ead4ab1c67209403ba4e81e54f1a8eb4d4846e7525399c45d0e681fc7aff585d0e45ec34d1270240156e24bdc2c60ecd3fd3011569fe196430e9d721b4f0dd73bf639e91e4787fe97731df5fe615d6e9fd3738f4740b63055a52128ae7411c3a7eed3f6e0bd8d8c0158,gx-no-cache=1457550196864 HTTP/1.1" 200 38
191.112.59.116 - - [09/Mar/2016:16:03:47 -0300] "GET /cormun/servlet/solicitudot?a901c53130088c74f5a2a938e8d8b18ed02aaf065420cfaee6777fceeb8691a09823d4a3352b1cac1dbbf0ae675d38458753efdcb0c763e3924f0ce995bd0c09229739198a326e4cafb4059bdf8a94ba611cd3b8b039d8182c29b8121f4ebbee10aa6851241c3261cad6c368e767385b,gx-no-cache=1457550252494 HTTP/1.1" 200 29
191.112.59.116 - - [09/Mar/2016:16:03:48 -0300] "POST /cormun/servlet/solicitudot?gx-no-cache=1457550252949 HTTP/1.1" 200 404
191.112.59.116 - - [09/Mar/2016:16:05:59 -0300] "GET /cormun/servlet/solicitudot?a901c53130088c74f5a2a938e8d8b18e4c0348bc536aafbe9257f35d166bb6c085e55e3966c266f72ed5bda06bfd3efd36d993f6f19b71f3ac1fb49058bd6d6994340ac028e1e8cd128a6ef5c9cb3c45ae311068d97afc942293af4b756471b361c4211b473fd5260889ec15533c0c70a7ef126a6422a25743b33fc189203b5ffebc77a6e7440c204b8df3627346b8698741f630bf17654d40f36af26aea3c3ee42c820a60d04333ad5bf4ef1b4e3673,gx-no-cache=1457550384564 HTTP/1.1" 200 30
191.112.59.116 - - [09/Mar/2016:16:06:20 -0300] "POST /cormun/servlet/solicitudot?551226024811f6879eb588db4cc0e332,INS,0,0,,gx-no-cache=1457550403576 HTTP/1.1" 200 8714
191.112.59.116 - - [09/Mar/2016:16:06:20 -0300] "GET /cormun/static/Shared/jqueryui/images/ui-bg_highlight-soft_100_c6c2c8_1x100.png HTTP/1.1" 404 1117
191.112.59.116 - - [09/Mar/2016:16:06:21 -0300] "GET /cormun/static/Shared/jqueryui/images/ui-icons_82798d_256x240.png HTTP/1.1" 404 1089
191.112.59.116 - - [09/Mar/2016:16:06:23 -0300] "GET /cormun/static/Shared/jqueryui/images/ui-bg_flat_55_994d53_40x100.png HTTP/1.1" 404 1097
191.112.59.116 - - [09/Mar/2016:16:06:23 -0300] "GET /cormun/static/Shared/jqueryui/images/ui-icons_ebccce_256x240.png HTTP/1.1" 404 1089
191.112.59.116 - - [09/Mar/2016:16:07:31 -0300] "POST /cormun/servlet/solicitudot?gx-no-cache=1457550475711 HTTP/1.1" 200 30
191.112.59.116 - - [09/Mar/2016:16:07:31 -0300] "POST /cormun/servlet/solicitudot?gx-no-cache=1457550476598 HTTP/1.1" 200 453
191.112.59.116 - - [09/Mar/2016:16:07:32 -0300] "GET /cormun/servlet/solicitudot?a901c53130088c74f5a2a938e8d8b18e4fe23415b3dce46c5af0fe470551734f00ccc6ea08de2ead4ab1c67209403ba4e81e54f1a8eb4d4846e7525399c45d0e681fc7aff585d0e45ec34d1270240156e24bdc2c60ecd3fd3011569fe196430e9d721b4f0dd73bf639e91e4787fe97731df5fe615d6e9fd3738f4740b63055a5f615d022d374887fd77c3bbfa1d0775670b347acf9fa68009646a298b26531f5,gx-no-cache=1457550476936 HTTP/1.1" 200 41
191.112.59.116 - - [09/Mar/2016:16:07:33 -0300] "POST /cormun/servlet/solicitudot?gx-no-cache=1457550477142 HTTP/1.1" 200 406
191.112.59.116 - - [09/Mar/2016:16:07:33 -0300] "GET /cormun/servlet/solicitudot?a901c53130088c74f5a2a938e8d8b18e4c0348bc536aafbe9257f35d166bb6c085e55e3966c266f72ed5bda06bfd3efd36d993f6f19b71f3ac1fb49058bd6d6994340ac028e1e8cd128a6ef5c9cb3c45ae311068d97afc942293af4b756471b361c4211b473fd5260889ec15533c0c70a7ef126a6422a25743b33fc189203b5ffebc77a6e7440c204b8df3627346b8698741f630bf17654d40f36af26aea3c3ee42c820a60d04333ad5bf4ef1b4e3673,gx-no-cache=1457550478745 HTTP/1.1" 200 30
191.112.59.116 - - [09/Mar/2016:16:07:37 -0300] "POST /cormun/servlet/solicitudot?551226024811f6879eb588db4cc0e332,INS,0,0,,gx-no-cache=1457550478915 HTTP/1.1" 200 8753
191.112.59.116 - - [09/Mar/2016:16:07:57 -0300] "POST /cormun/servlet/solicitudot?gx-no-cache=1457550500467 HTTP/1.1" 200 30
191.112.59.116 - - [09/Mar/2016:16:08:05 -0300] "POST /cormun/servlet/solicitudot?gx-no-cache=1457550510466 HTTP/1.1" 200 453
191.112.59.116 - - [09/Mar/2016:16:08:06 -0300] "GET /cormun/servlet/solicitudot?a901c53130088c74f5a2a938e8d8b18e4fe23415b3dce46c5af0fe470551734f00ccc6ea08de2ead4ab1c67209403ba4e81e54f1a8eb4d4846e7525399c45d0e681fc7aff585d0e45ec34d1270240156e24bdc2c60ecd3fd3011569fe196430e9d721b4f0dd73bf639e91e4787fe97731df5fe615d6e9fd3738f4740b63055a5f615d022d374887fd77c3bbfa1d0775670b347acf9fa68009646a298b26531f5,gx-no-cache=1457550510709 HTTP/1.1" 200 41
191.112.59.116 - - [09/Mar/2016:16:08:06 -0300] "POST /cormun/servlet/solicitudot?gx-no-cache=1457550510965 HTTP/1.1" 200 406
191.112.59.116 - - [09/Mar/2016:16:08:06 -0300] "GET /cormun/servlet/solicitudot?a901c53130088c74f5a2a938e8d8b18e4c0348bc536aafbe9257f35d166bb6c085e55e3966c266f72ed5bda06bfd3efd36d993f6f19b71f3ac1fb49058bd6d6994340ac028e1e8cd128a6ef5c9cb3c45ae311068d97afc942293af4b756471b361c4211b473fd5260889ec15533c0c70a7ef126a6422a25743b33fc189203b5ffebc77a6e7440c204b8df3627346b8698741f630bf17654d40f36af26aea3c3ee42c820a60d04333ad5bf4ef1b4e3673,gx-no-cache=1457550511169 HTTP/1.1" 200 30
191.112.59.116 - - [09/Mar/2016:16:08:08 -0300] "POST /cormun/servlet/solicitudot?551226024811f6879eb588db4cc0e332,INS,0,0,,gx-no-cache=1457550511515 HTTP/1.1" 200 8763
191.112.59.116 - - [09/Mar/2016:16:08:16 -0300] "GET /cormun/servlet/trsolicitudot? HTTP/1.1" 200 6254
191.112.59.116 - - [09/Mar/2016:16:08:17 -0300] "GET /cormun/servlet/hlogin HTTP/1.1" 200 1735
191.112.59.116 - - [09/Mar/2016:16:08:18 -0300] "GET /cormun/servlet/trsolicitudot? HTTP/1.1" 200 6033
191.112.59.116 - - [09/Mar/2016:16:08:23 -0300] "GET /cormun/servlet/trsolicitudot? HTTP/1.1" 200 6033
191.112.59.116 - - [09/Mar/2016:16:08:24 -0300] "GET /cormun/servlet/trsolicitudot? HTTP/1.1" 200 6031
191.112.59.116 - - [09/Mar/2016:16:08:24 -0300] "GET /cormun/servlet/hlogin HTTP/1.1" 200 1735
191.112.59.116 - - [09/Mar/2016:16:08:26 -0300] "POST /cormun/servlet/hlogin?551226024811f6879eb588db4cc0e332,gx-no-cache=1457550531038 HTTP/1.1" 200 90
191.112.59.116 - - [09/Mar/2016:16:08:27 -0300] "GET /cormun/servlet/hpexe_link HTTP/1.1" 200 956
191.112.59.116 - - [09/Mar/2016:16:08:27 -0300] "GET /cormun/servlet/trsolicitudot HTTP/1.1" 200 6254
191.112.59.116 - - [09/Mar/2016:16:08:27 -0300] "GET /cormun/servlet/trsolicitudot HTTP/1.1" 200 6252
191.112.59.116 - - [09/Mar/2016:16:08:34 -0300] "GET /cormun/servlet/solicitudot?INS,0,0, HTTP/1.1" 200 11472
191.112.59.116 - - [09/Mar/2016:16:08:35 -0300] "GET /cormun/servlet/solicitudot?INS,0,0, HTTP/1.1" 200 11476
191.112.59.116 - - [09/Mar/2016:16:08:48 -0300] "GET /cormun/servlet/trsolicitudot HTTP/1.1" 200 6254
191.112.59.116 - - [09/Mar/2016:16:08:49 -0300] "GET /cormun/servlet/trsolicitudot HTTP/1.1" 200 6252
200.30.225.176 - - [09/Mar/2016:16:08:55 -0300] "GET /cormun/servlet/trsolicitudot? HTTP/1.1" 200 6293
200.30.225.176 - - [09/Mar/2016:16:08:55 -0300] "GET /cormun/static/gxui/gxui-all.css?120300 HTTP/1.1" 200 2179
200.30.225.176 - - [09/Mar/2016:16:08:55 -0300] "GET /cormun/static/calendar-system.css?85620 HTTP/1.1" 200 5572
200.30.225.176 - - [09/Mar/2016:16:08:55 -0300] "GET /cormun/static/gxcfg.js?201631185636 HTTP/1.1" 200 953
200.30.225.176 - - [09/Mar/2016:16:08:55 -0300] "GET /cormun/static/calendar.js?85251 HTTP/1.1" 200 26246
200.30.225.176 - - [09/Mar/2016:16:08:55 -0300] "GET /cormun/static/calendar-setup.js?85251 HTTP/1.1" 200 2588
200.30.225.176 - - [09/Mar/2016:16:08:55 -0300] "GET /cormun/static/calendar-es.js?85251 HTTP/1.1" 200 1901
200.30.225.176 - - [09/Mar/2016:16:08:55 -0300] "GET /cormun/static/gxdec.js?85251 HTTP/1.1" 200 19579
200.30.225.176 - - [09/Mar/2016:16:08:55 -0300] "GET /cormun/static/Resources/PXTools/calendar.png HTTP/1.1" 200 1306
200.30.225.176 - - [09/Mar/2016:16:08:55 -0300] "GET /cormun/static/Resources/Spanish/PXTools.css?18502099 HTTP/1.1" 200 89042
200.30.225.176 - - [09/Mar/2016:16:08:55 -0300] "GET /cormun/static/trsolicitudot.js?2016311856838 HTTP/1.1" 200 45326
200.30.225.176 - - [09/Mar/2016:16:08:55 -0300] "GET /cormun/static/Resources/PXToolsDataSearch.png HTTP/1.1" 200 419
200.30.225.176 - - [09/Mar/2016:16:08:55 -0300] "GET /cormun/static/Resources/PXToolsGridFirst.gif HTTP/1.1" 200 379
200.30.225.176 - - [09/Mar/2016:16:08:55 -0300] "GET /cormun/static/Resources/PXToolsGridPrevious.gif HTTP/1.1" 200 369
200.30.225.176 - - [09/Mar/2016:16:08:55 -0300] "GET /cormun/static/Resources/PXToolsGridNext.gif HTTP/1.1" 200 369
200.30.225.176 - - [09/Mar/2016:16:08:56 -0300] "GET /cormun/static/Shared/ext/resources/css/ext-all.css?215870 HTTP/1.1" 200 416045
200.30.225.176 - - [09/Mar/2016:16:08:56 -0300] "GET /cormun/static/Resources/PXToolsGridLast.gif HTTP/1.1" 200 370
200.30.225.176 - - [09/Mar/2016:16:08:56 -0300] "GET /cormun/static/Resources/PXToolsActionExcel.png HTTP/1.1" 200 3187
200.30.225.176 - - [09/Mar/2016:16:08:56 -0300] "GET /cormun/static/Resources/PXToolsGridNew.png HTTP/1.1" 200 2949
200.30.225.176 - - [09/Mar/2016:16:08:57 -0300] "GET /cormun/static/Resources/asc.gif HTTP/1.1" 200 67
200.30.225.176 - - [09/Mar/2016:16:08:57 -0300] "GET /cormun/static/Resources/desc.gif HTTP/1.1" 200 65
200.30.225.176 - - [09/Mar/2016:16:08:57 -0300] "GET /cormun/servlet/trsolicitudot? HTTP/1.1" 200 6292
200.30.225.176 - - [09/Mar/2016:16:08:57 -0300] "GET /cormun/static/Shared/ext/resources/themes/images/default/panel/bg-headersPanel.png HTTP/1.1" 200 255
200.30.225.176 - - [09/Mar/2016:16:08:57 -0300] "GET /cormun/static/Shared/ext/resources/themes/images/default/tools/tool-sprites.gif HTTP/1.1" 200 5434
191.112.59.116 - - [09/Mar/2016:16:09:04 -0300] "POST /cormun/servlet/acontrolpreferencessavestate?None,EVALENZUELA,true HTTP/1.1" 200 35
200.30.225.176 - - [09/Mar/2016:16:09:04 -0300] "GET /cormun/servlet/solicitudot?INS,0,0, HTTP/1.1" 200 11557
200.30.225.176 - - [09/Mar/2016:16:09:04 -0300] "GET /cormun/static/Resources/prompt.gif HTTP/1.1" 200 902
200.30.225.176 - - [09/Mar/2016:16:09:04 -0300] "GET /cormun/static/gxcfg.js?20163219435133 HTTP/1.1" 200 953
200.30.225.176 - - [09/Mar/2016:16:09:04 -0300] "GET /cormun/static/solicitudot.js?20163219435183 HTTP/1.1" 200 44151
200.30.225.176 - - [09/Mar/2016:16:09:05 -0300] "GET /cormun/static/Resources/Spanish/PXTools.css?1944839 HTTP/1.1" 200 89042
200.30.225.176 - - [09/Mar/2016:16:09:06 -0300] "GET /cormun/servlet/solicitudot?INS,0,0, HTTP/1.1" 200 11562
191.112.59.116 - - [09/Mar/2016:16:09:08 -0300] "POST /cormun/servlet/acontrolpreferencessavestate?None,EVALENZUELA,true HTTP/1.1" 200 35
191.112.59.116 - - [09/Mar/2016:16:09:15 -0300] "GET /cormun/servlet/solicitudot?INS,0,0, HTTP/1.1" 200 11471
191.112.59.116 - - [09/Mar/2016:16:09:16 -0300] "GET /cormun/servlet/solicitudot?INS,0,0, HTTP/1.1" 200 11475
200.30.225.176 - - [09/Mar/2016:16:09:17 -0300] "POST /cormun/servlet/solicitudot?gx-no-cache=1457550592402 HTTP/1.1" 200 2668
200.30.225.176 - - [09/Mar/2016:16:09:17 -0300] "POST /cormun/servlet/solicitudot?5431d1d12d95f185140d3655e3900973,INS,0,0,,gx-no-cache=1457550592679 HTTP/1.1" 200 8282
200.30.225.176 - - [09/Mar/2016:16:09:21 -0300] "GET /cormun/servlet/solicitudot?0b545cb1d61351734a4e6b73ff0a942a1ba1eba28c9b3a15abfc192ad25effc5fc0725c05c3dac838b64c24f32dd2c01,gx-no-cache=1457550596609 HTTP/1.1" 200 30
191.112.59.116 - - [09/Mar/2016:16:09:23 -0300] "POST /cormun/servlet/solicitudot?gx-no-cache=1457550586519 HTTP/1.1" 200 2668
191.112.59.116 - - [09/Mar/2016:16:09:25 -0300] "POST /cormun/servlet/solicitudot?551226024811f6879eb588db4cc0e332,INS,0,0,,gx-no-cache=1457550588897 HTTP/1.1" 200 8283
191.112.59.116 - - [09/Mar/2016:16:09:26 -0300] "GET /cormun/servlet/solicitudot?a901c53130088c74f5a2a938e8d8b18e60457c9d1e48e77160549afe30a12da6,gx-no-cache=1457550590968 HTTP/1.1" 200 111
191.112.59.116 - - [09/Mar/2016:16:09:49 -0300] "POST /cormun/servlet/solicitudot?gx-no-cache=1457550613960 HTTP/1.1" 200 2668
191.112.59.116 - - [09/Mar/2016:16:09:50 -0300] "POST /cormun/servlet/solicitudot?551226024811f6879eb588db4cc0e332,INS,0,0,,gx-no-cache=1457550614633 HTTP/1.1" 200 8350
191.112.59.116 - - [09/Mar/2016:16:09:51 -0300] "GET /cormun/servlet/solicitudot?a901c53130088c74f5a2a938e8d8b18eaf099ce3f61d48b8fd68d9073bd6ef015364d2ff22ef1af16f7830149478df4c,gx-no-cache=1457550615812 HTTP/1.1" 200 111
191.112.59.116 - - [09/Mar/2016:16:10:32 -0300] "GET /cormun/servlet/prfichaempleado?,MD,,gxPopupLevel%3D0%3B HTTP/1.1" 200 7894
191.112.59.116 - - [09/Mar/2016:16:10:32 -0300] "GET /cormun/static/Resources/resize.gif HTTP/1.1" 200 77
191.112.59.116 - - [09/Mar/2016:16:10:38 -0300] "GET /cormun/static/gxui/gxui-all.css?1917420 HTTP/1.1" 200 2179
191.112.59.116 - - [09/Mar/2016:16:10:38 -0300] "GET /cormun/static/scaMessage/css/jquery-ui.css?104140 HTTP/1.1" 404 1045
191.112.59.116 - - [09/Mar/2016:16:10:39 -0300] "GET /cormun/static/Resources/PXToolsMenuSearch.png HTTP/1.1" 200 2914
191.112.59.116 - - [09/Mar/2016:16:10:40 -0300] "GET /cormun/static/Resources/PXToolsMenuSearchCancel.png HTTP/1.1" 200 2972
191.112.59.116 - - [09/Mar/2016:16:10:41 -0300] "GET /cormun/static/gxcfg.js?201511151625694 HTTP/1.1" 200 953
191.112.59.116 - - [09/Mar/2016:16:10:42 -0300] "GET /cormun/static/prfichaempleado.js?201511151625857 HTTP/1.1" 304 -
191.112.59.116 - - [09/Mar/2016:16:10:42 -0300] "GET /cormun/static/menusearch.js?20163219454787 HTTP/1.1" 304 -
191.112.59.116 - - [09/Mar/2016:16:10:42 -0300] "GET /cormun/static/hmpwkw01.js?201511211495945 HTTP/1.1" 304 -
191.112.59.116 - - [09/Mar/2016:16:10:59 -0300] "GET /cormun/static/Resources/Spanish/PXTools.css?16184758 HTTP/1.1" 200 89042
191.112.59.116 - - [09/Mar/2016:16:11:20 -0300] "POST /cormun/servlet/acontrolpreferencessavestate?None,EVALENZUELA,true HTTP/1.1" 200 35
191.112.59.116 - - [09/Mar/2016:16:11:27 -0300] "POST /cormun/servlet/acontrolpreferencessavestate?None,EVALENZUELA,true HTTP/1.1" 200 35
191.112.59.116 - - [09/Mar/2016:16:11:30 -0300] "POST /cormun/servlet/acontrolpreferencessavestate?None,EVALENZUELA,true HTTP/1.1" 200 35
200.30.225.176 - - [09/Mar/2016:16:11:33 -0300] "POST /cormun/servlet/solicitudot?gx-no-cache=1457550728639 HTTP/1.1" 200 30
200.30.225.176 - - [09/Mar/2016:16:11:38 -0300] "POST /cormun/servlet/solicitudot?gx-no-cache=1457550733735 HTTP/1.1" 200 30
200.30.225.176 - - [09/Mar/2016:16:11:57 -0300] "POST /cormun/servlet/solicitudot?gx-no-cache=1457550752362 HTTP/1.1" 200 452
200.30.225.176 - - [09/Mar/2016:16:11:57 -0300] "GET /cormun/servlet/solicitudot?0b545cb1d61351734a4e6b73ff0a942a5a917919ad2c0877bf4ad3bcaea9b37e2853d526c0a5bdfba5e66875a2b251a3139e69cc6d1ca1acedc4263b1419d9d39f1643b3fcbdd4ee74b617d01d41d6b1943584c5e4f4e6df8deb8b204f20d67f618d043a4d072ecb038f5e66363857367401973b1d85fa8bc8bf0c4b30f1d4f0034b23bdd2bc5f57c3389efc47a34fda,gx-no-cache=1457550752492 HTTP/1.1" 200 38
200.30.225.176 - - [09/Mar/2016:16:12:31 -0300] "GET /cormun/servlet/solicitudot?0b545cb1d61351734a4e6b73ff0a942a51419d12029555295f054f3cd2908a573da1d92120f082771236336cf98e8bbe0df349510eebcc562d44481a337c46ee5f57b0feed01bc911363d013aedf36cce6a4e6ec96c825b39aaa89366d4e85f24408c1389103f3f61fdc8e5657d729de,gx-no-cache=1457550786463 HTTP/1.1" 200 29
200.30.225.176 - - [09/Mar/2016:16:12:33 -0300] "POST /cormun/servlet/solicitudot?gx-no-cache=1457550788342 HTTP/1.1" 200 1128
186.103.159.230 - - [09/Mar/2016:16:13:29 -0300] "GET /cormun/servlet/hlogin HTTP/1.1" 200 1718
186.103.159.230 - - [09/Mar/2016:16:13:46 -0300] "POST /cormun/servlet/hlogin?5ca78226c33d897940244383e3f254da,gx-no-cache=1457550852465 HTTP/1.1" 200 90
186.103.159.230 - - [09/Mar/2016:16:13:46 -0300] "GET /cormun/servlet/hpexe_link HTTP/1.1" 200 951
186.103.159.230 - - [09/Mar/2016:16:13:46 -0300] "GET /cormun/servlet/hhome HTTP/1.1" 200 3436
186.103.159.230 - - [09/Mar/2016:16:13:46 -0300] "GET /cormun/servlet/hhome HTTP/1.1" 200 3432
191.112.59.116 - - [09/Mar/2016:16:13:46 -0300] "POST /cormun/servlet/solicitudot?gx-no-cache=1457550850573 HTTP/1.1" 200 2672
191.112.59.116 - - [09/Mar/2016:16:13:48 -0300] "POST /cormun/servlet/solicitudot?551226024811f6879eb588db4cc0e332,INS,0,0,,gx-no-cache=1457550851908 HTTP/1.1" 200 8400
186.103.159.230 - - [09/Mar/2016:16:13:50 -0300] "GET /cormun/servlet/trsolicitudot? HTTP/1.1" 200 6197
191.112.59.116 - - [09/Mar/2016:16:13:50 -0300] "GET /cormun/servlet/solicitudot?a901c53130088c74f5a2a938e8d8b18eaf099ce3f61d48b8fd68d9073bd6ef015364d2ff22ef1af16f7830149478df4c,gx-no-cache=1457550855622 HTTP/1.1" 200 111
186.103.159.230 - - [09/Mar/2016:16:13:51 -0300] "GET /cormun/servlet/trsolicitudot? HTTP/1.1" 200 6197
186.103.159.230 - - [09/Mar/2016:16:13:55 -0300] "GET /cormun/servlet/solicitudot?INS,0,0, HTTP/1.1" 200 11444
186.103.159.230 - - [09/Mar/2016:16:13:55 -0300] "GET /cormun/servlet/solicitudot?INS,0,0, HTTP/1.1" 200 11449
186.103.159.230 - - [09/Mar/2016:16:13:59 -0300] "POST /cormun/servlet/solicitudot?5ca78226c33d897940244383e3f254da,INS,0,0,,gx-no-cache=1457550866149 HTTP/1.1" 200 8577
186.103.159.230 - - [09/Mar/2016:16:13:59 -0300] "GET /cormun/static/Shared/jqueryui/images/ui-bg_highlight-soft_100_c6c2c8_1x100.png HTTP/1.1" 404 1117
186.103.159.230 - - [09/Mar/2016:16:13:59 -0300] "GET /cormun/static/Shared/jqueryui/images/ui-bg_flat_55_994d53_40x100.png HTTP/1.1" 404 1097
191.112.59.116 - - [09/Mar/2016:16:13:59 -0300] "GET /cormun/servlet/solicitudot?a901c53130088c74f5a2a938e8d8b18edbd4a5acc62c1f49063d30b4823dcc91c1fe621c8487c8e7797f190fef157d41,gx-no-cache=1457550864749 HTTP/1.1" 200 30
186.103.159.230 - - [09/Mar/2016:16:13:59 -0300] "GET /cormun/static/Shared/jqueryui/images/ui-icons_ebccce_256x240.png HTTP/1.1" 404 1089
186.103.159.230 - - [09/Mar/2016:16:13:59 -0300] "GET /cormun/static/Shared/jqueryui/images/ui-icons_82798d_256x240.png HTTP/1.1" 404 1089
186.103.159.230 - - [09/Mar/2016:16:14:19 -0300] "POST /cormun/servlet/solicitudot?gx-no-cache=1457550885395 HTTP/1.1" 200 2782
186.103.159.230 - - [09/Mar/2016:16:14:19 -0300] "POST /cormun/servlet/solicitudot?5ca78226c33d897940244383e3f254da,INS,0,0,,gx-no-cache=1457550885695 HTTP/1.1" 200 8466
186.103.159.230 - - [09/Mar/2016:16:14:47 -0300] "GET /cormun/servlet/solicitudot?3d67c7cec70f7e91c7f9952805bac3f7d72ff21ee40c78a084c6d5894b047cabe3c693b87816d5fb78d3d453a73e1d45,gx-no-cache=1457550914374 HTTP/1.1" 200 30
186.103.159.230 - - [09/Mar/2016:16:14:48 -0300] "POST /cormun/servlet/solicitudot?gx-no-cache=1457550914513 HTTP/1.1" 200 30
186.103.159.230 - - [09/Mar/2016:16:14:48 -0300] "POST /cormun/servlet/solicitudot?gx-no-cache=1457550914568 HTTP/1.1" 200 33
186.103.159.230 - - [09/Mar/2016:16:14:48 -0300] "POST /cormun/servlet/solicitudot?gx-no-cache=1457550914648 HTTP/1.1" 200 452
