186.103.159.44 - - [09/Mar/2016:11:50:59 -0300] "POST /cormun/servlet/solicitudot?gx-no-cache=1457535055458 HTTP/1.1" 200 2774
186.103.159.44 - - [09/Mar/2016:11:50:59 -0300] "POST /cormun/servlet/solicitudot?de1b74bda291871b39a09173ce13f489,INS,0,0,,gx-no-cache=1457535055877 HTTP/1.1" 200 8386
186.103.159.44 - - [09/Mar/2016:11:51:00 -0300] "GET /cormun/servlet/solicitudot?8bd1877515fb8afb5e94b28914d8532daab6fdd8c2ad88045015d9637fee37210c6a0c392195c9c9c56ebbfdbe045d72,gx-no-cache=1457535056572 HTTP/1.1" 200 30
186.103.159.44 - - [09/Mar/2016:11:51:07 -0300] "POST /cormun/servlet/solicitudot?gx-no-cache=1457535063669 HTTP/1.1" 200 30
186.103.159.44 - - [09/Mar/2016:11:51:09 -0300] "POST /cormun/servlet/solicitudot?gx-no-cache=1457535066355 HTTP/1.1" 200 30
186.103.159.44 - - [09/Mar/2016:11:51:13 -0300] "GET /cormun/servlet/prcontratosol?14047740,,,,,MD,,gxPopupLevel%3D0%3B HTTP/1.1" 200 5708
186.103.159.44 - - [09/Mar/2016:11:51:29 -0300] "POST /cormun/servlet/acontrolpreferencessavestate?None,CE-28,true HTTP/1.1" 200 35
186.103.159.44 - - [09/Mar/2016:11:51:31 -0300] "POST /cormun/servlet/acontrolpreferencessavestate?None,CE-28,true HTTP/1.1" 200 35
186.103.159.44 - - [09/Mar/2016:11:51:31 -0300] "POST /cormun/servlet/acontrolpreferencessavestate?None,CE-28,true HTTP/1.1" 200 35
186.103.159.44 - - [09/Mar/2016:11:51:32 -0300] "POST /cormun/servlet/prcontratosol?de1b74bda291871b39a09173ce13f489,14047740,,,,,MD,,gxPopupLevel%3D0%3B,gx-no-cache=1457535088925 HTTP/1.1" 200 3328
186.103.159.44 - - [09/Mar/2016:11:51:34 -0300] "POST /cormun/servlet/prcontratosol?de1b74bda291871b39a09173ce13f489,14047740,,,,,MD,,gxPopupLevel%3D0%3B,gx-no-cache=1457535090740 HTTP/1.1" 200 3328
186.103.159.44 - - [09/Mar/2016:11:51:35 -0300] "POST /cormun/servlet/prcontratosol?de1b74bda291871b39a09173ce13f489,14047740,,,,,MD,,gxPopupLevel%3D0%3B,gx-no-cache=1457535092021 HTTP/1.1" 200 3328
186.103.159.44 - - [09/Mar/2016:11:51:37 -0300] "POST /cormun/servlet/prcontratosol?de1b74bda291871b39a09173ce13f489,14047740,,,,,MD,,gxPopupLevel%3D0%3B,gx-no-cache=1457535093557 HTTP/1.1" 200 3328
200.111.191.210 - - [09/Mar/2016:11:51:44 -0300] "POST /cormun/servlet/solicitudot?gx-no-cache=1457535128633 HTTP/1.1" 200 30
186.103.159.44 - - [09/Mar/2016:11:51:44 -0300] "POST /cormun/servlet/solicitudot?gx-no-cache=1457535101517 HTTP/1.1" 200 1171
186.103.159.44 - - [09/Mar/2016:11:51:45 -0300] "GET /cormun/servlet/solicitudot?8bd1877515fb8afb5e94b28914d8532da57fe06af4233e1f333cc535ada01bb4d0908b35967d7f53e3a4231c5a0abbe54c6589d914aee546d16a153e83479caf5312171c4d235c4a1d9df44141d62c4147671f349dba976b9b54e315d3ab380890a5212af93b3d34e22d381e75f016064013b96d9f4b984d1b7e7c992a63db6b70fa7ea0d55b1557f984888bd6376e7e,gx-no-cache=1457535101612 HTTP/1.1" 200 38
186.103.159.44 - - [09/Mar/2016:11:51:45 -0300] "GET /cormun/servlet/solicitudot?8bd1877515fb8afb5e94b28914d8532d6dcb7aaaf00b9c6bd4a0edfce89a4c380beb4c9bb997209ad0fec2ee1674b0a1a286908e7cbcb35173e315358ca54d2c98c501ec23731404660a496b58252304901b1984486f29488b397cdd916ab3293551fffd10b38ad5d45c759525d20a0a4ed1f1ce7f05e3b97e2c441028266998a1692a2aba8ea2acce1767983020c7954b9ff9b5d79d1ddd1b1d122cc76bd2f0,gx-no-cache=1457535101652 HTTP/1.1" 200 29
186.103.159.44 - - [09/Mar/2016:11:51:45 -0300] "POST /cormun/servlet/solicitudot?gx-no-cache=1457535101692 HTTP/1.1" 200 1127
200.30.225.176 - - [09/Mar/2016:11:51:46 -0300] "GET /cormun/servlet/solicitudot?5bcee1340052e29bd76fd132fb5b0e0a7cc90b8a4d475148a080344ea291f89812a15ba110baf71873ce56516facc1c1a4d409c9c9d45cdc0d9c34372407f110a29ec19b0c16463de7097f99fc08ca683cd5187de27e26df9790cac3d93a51a42a08aaead950f48986fc3656f18d60436be5a1b6d1dea2c91c2089f02ab3b64b08d5f6d18b38c7a934d3072b67cd6bf0975ebc80e8cd73d179df5cf0dfb292ecc33e7472ca97388325cda104870679b7,gx-no-cache=1457535130750 HTTP/1.1" 200 30
200.111.191.210 - - [09/Mar/2016:11:51:47 -0300] "POST /cormun/servlet/solicitudot?gx-no-cache=1457535131239 HTTP/1.1" 200 30
200.111.191.210 - - [09/Mar/2016:11:51:48 -0300] "POST /cormun/servlet/solicitudot?gx-no-cache=1457535132561 HTTP/1.1" 200 452
200.111.191.210 - - [09/Mar/2016:11:51:48 -0300] "GET /cormun/servlet/solicitudot?8764fa79ddc4f3362e2bba6928b1b91b43db4432a888bb0554ca13dff7b12c979433563fa74d5d8962ffb725f971d6339be6ccd7a6f63c6651630f12a7aaac511b33e9c279ca5bbf03604e01b8476f30da70899b0dec338878040d76197dd14382a6dbc15ce37457e595f36dc6130e81145c8b1011d170a5cd3f12d9db7525ebd3a58bdc224d1050474fc4fae571ba13,gx-no-cache=1457535132629 HTTP/1.1" 200 38
186.103.159.44 - - [09/Mar/2016:11:51:48 -0300] "GET /cormun/servlet/prfichaempleado?,MD,,gxPopupLevel%3D0%3B HTTP/1.1" 200 7912
186.103.159.44 - - [09/Mar/2016:11:51:48 -0300] "GET /cormun/static/scaMessage/css/jquery-ui.css?104140 HTTP/1.1" 404 1045
186.103.159.44 - - [09/Mar/2016:11:51:48 -0300] "GET /cormun/static/Resources/Spanish/PXTools.css?16184758 HTTP/1.1" 304 -
186.103.159.44 - - [09/Mar/2016:11:51:48 -0300] "GET /cormun/static/gxcfg.js?201511151625694 HTTP/1.1" 304 -
186.103.159.44 - - [09/Mar/2016:11:51:49 -0300] "GET /cormun/static/prfichaempleado.js?201511151625857 HTTP/1.1" 304 -
186.103.159.44 - - [09/Mar/2016:11:51:49 -0300] "GET /cormun/static/hmpwkw01.js?201511211495945 HTTP/1.1" 304 -
200.30.225.176 - - [09/Mar/2016:11:52:06 -0300] "POST /cormun/servlet/solicitudot?94ec632c022ea2f9cbe1da26350d1dea,INS,0,0,,gx-no-cache=1457535150928 HTTP/1.1" 200 93
200.30.225.176 - - [09/Mar/2016:11:52:06 -0300] "GET /cormun/servlet/hpexe_return? HTTP/1.1" 200 1005
200.30.225.176 - - [09/Mar/2016:11:52:06 -0300] "GET /cormun/static/gxcfg.js?2015111312145050 HTTP/1.1" 200 953
200.30.225.176 - - [09/Mar/2016:11:52:06 -0300] "GET /cormun/static/hpexe_return.js?2015111312145056 HTTP/1.1" 200 1633
200.30.225.176 - - [09/Mar/2016:11:52:06 -0300] "GET /cormun/static/Resources/Spanish/PXTools.css?12112540 HTTP/1.1" 200 89042
200.30.225.176 - - [09/Mar/2016:11:52:06 -0300] "GET /cormun/servlet/trsolicitudot HTTP/1.1" 200 7598
200.30.225.176 - - [09/Mar/2016:11:52:07 -0300] "GET /cormun//static/Resources/PXTools/ActionInsert.png HTTP/1.1" 304 -
200.30.225.176 - - [09/Mar/2016:11:52:07 -0300] "GET /cormun/servlet/trsolicitudot HTTP/1.1" 200 7594
186.103.159.44 - - [09/Mar/2016:11:52:08 -0300] "GET /cormun/servlet/prfichaempleado?dd55cb663a3d7002c605dc94433ed708cb898a0ca32d637e3d043e13911b21b75f5cee28a681ac355792a02d534933a9302ee733731d37fad80b06636fa420bd,gx-no-cache=1457535125116 HTTP/1.1" 200 465
186.103.159.44 - - [09/Mar/2016:11:52:13 -0300] "GET /cormun/servlet/prfichaempleado?dd55cb663a3d7002c605dc94433ed70856084a6efaf75e1a8248394ceeeca4343ac15b8fb1a53e3ffa522945907ae92d261febebe2856b3d502d105a33bb057a03290634eaf3da7ea0c260247ca405fe,gx-no-cache=1457535129827 HTTP/1.1" 200 465
186.103.159.44 - - [09/Mar/2016:11:52:14 -0300] "GET /cormun/servlet/prfichaempleado?dd55cb663a3d7002c605dc94433ed70856084a6efaf75e1a8248394ceeeca43411a1fcde7cbd803e1350a50282db80773eb6e829ff81602958efb5946324f46defebef7446d3b72f7922d2ef52694435,gx-no-cache=1457535130935 HTTP/1.1" 200 466
186.103.159.44 - - [09/Mar/2016:11:52:15 -0300] "GET /cormun/servlet/prfichaempleado?dd55cb663a3d7002c605dc94433ed70856084a6efaf75e1a8248394ceeeca4345dedb56097f2149a25e03e7d1c1934f0737c1ecc73bf918e67a733dd9d9a4d76746399198888b25b9924db89dc9722d5,gx-no-cache=1457535131924 HTTP/1.1" 200 466
186.103.159.44 - - [09/Mar/2016:11:52:17 -0300] "POST /cormun/servlet/prfichaempleado?de1b74bda291871b39a09173ce13f489,,MD,,gxPopupLevel%3D0%3B,gx-no-cache=1457535134185 HTTP/1.1" 200 2923
200.30.225.176 - - [09/Mar/2016:11:52:24 -0300] "POST /cormun/servlet/trsolicitudot?94ec632c022ea2f9cbe1da26350d1dea,gx-no-cache=1457535168844 HTTP/1.1" 200 4941
200.30.225.176 - - [09/Mar/2016:11:52:24 -0300] "POST /cormun/servlet/trsolicitudot?94ec632c022ea2f9cbe1da26350d1dea,gx-no-cache=1457535169030 HTTP/1.1" 200 4939
200.30.225.176 - - [09/Mar/2016:11:52:24 -0300] "POST /cormun/servlet/trsolicitudot?94ec632c022ea2f9cbe1da26350d1dea,gx-no-cache=1457535169209 HTTP/1.1" 200 4940
200.30.225.176 - - [09/Mar/2016:11:52:24 -0300] "POST /cormun/servlet/trsolicitudot?94ec632c022ea2f9cbe1da26350d1dea,gx-no-cache=1457535169460 HTTP/1.1" 200 4940
200.30.225.176 - - [09/Mar/2016:11:52:24 -0300] "POST /cormun/servlet/trsolicitudot?94ec632c022ea2f9cbe1da26350d1dea,gx-no-cache=1457535169654 HTTP/1.1" 200 4941
200.30.225.176 - - [09/Mar/2016:11:52:25 -0300] "POST /cormun/servlet/trsolicitudot?94ec632c022ea2f9cbe1da26350d1dea,gx-no-cache=1457535169887 HTTP/1.1" 200 4941
200.30.225.176 - - [09/Mar/2016:11:52:25 -0300] "POST /cormun/servlet/trsolicitudot?94ec632c022ea2f9cbe1da26350d1dea,gx-no-cache=1457535170081 HTTP/1.1" 200 4940
200.30.225.176 - - [09/Mar/2016:11:52:25 -0300] "POST /cormun/servlet/trsolicitudot?94ec632c022ea2f9cbe1da26350d1dea,gx-no-cache=1457535170277 HTTP/1.1" 200 105
200.30.225.176 - - [09/Mar/2016:11:52:25 -0300] "GET /cormun/servlet/solicitudot?UPD,2016,765, HTTP/1.1" 200 12795
200.30.225.176 - - [09/Mar/2016:11:52:26 -0300] "GET /cormun/servlet/solicitudot?UPD,2016,765, HTTP/1.1" 200 12804
200.30.225.176 - - [09/Mar/2016:11:52:26 -0300] "POST /cormun/servlet/solicitudot?gx-no-cache=1457535171437 HTTP/1.1" 200 2741
200.30.225.176 - - [09/Mar/2016:11:52:26 -0300] "POST /cormun/servlet/solicitudot?94ec632c022ea2f9cbe1da26350d1dea,UPD,2016,765,,gx-no-cache=1457535171603 HTTP/1.1" 200 9070
200.30.225.176 - - [09/Mar/2016:11:52:26 -0300] "GET /cormun/servlet/solicitudot?5bcee1340052e29bd76fd132fb5b0e0a66fa243812def56796d04eb36a49e066c90be05f20c4eb586d585308359cf36a,gx-no-cache=1457535171800 HTTP/1.1" 200 30
200.30.225.176 - - [09/Mar/2016:11:52:27 -0300] "POST /cormun/servlet/solicitudot?gx-no-cache=1457535171880 HTTP/1.1" 200 30
200.30.225.176 - - [09/Mar/2016:11:52:27 -0300] "POST /cormun/servlet/solicitudot?gx-no-cache=1457535171951 HTTP/1.1" 200 30
200.30.225.176 - - [09/Mar/2016:11:52:27 -0300] "POST /cormun/servlet/solicitudot?gx-no-cache=1457535172024 HTTP/1.1" 200 1166
200.30.225.176 - - [09/Mar/2016:11:52:27 -0300] "GET /cormun/servlet/solicitudot?5bcee1340052e29bd76fd132fb5b0e0ad2ca67b4c7ee3ede9e35142a47532989f95412d3f4b6d536db15e869ad309ff7094e6123b8f51e72d8b7932571dd61af6a7c1bff915b23e7f6c0ec72b65ab717603e3e15b7bf24ec847fbdcfe3526951f55e0cc24a7660d751b7677354fe72fb8cef97a5f65b52b6ec497c1975990b866cfdfaa8f5c881ab4ae7797ddbf0e6f486283e7e0f149f2f079782c79e282873,gx-no-cache=1457535172138 HTTP/1.1" 200 41
200.111.191.210 - - [09/Mar/2016:11:52:27 -0300] "GET /cormun/servlet/solicitudot?8764fa79ddc4f3362e2bba6928b1b91b7f427c0060c7a2bf4c76291a00d1e902bc71c42e4b674097f8573626e77edee98efc58ae7fdde015a8c0b19b35a8e544976627c1015c0843c32321ca2e3f066f2731456a1df115cf1c763632817762e044646dfd36f606a7a5012e7ab467ef2a,gx-no-cache=1457535171634 HTTP/1.1" 200 29
200.111.191.210 - - [09/Mar/2016:11:52:28 -0300] "POST /cormun/servlet/solicitudot?gx-no-cache=1457535172733 HTTP/1.1" 200 1128
200.30.225.176 - - [09/Mar/2016:11:52:31 -0300] "GET /cormun/servlet/solicitudot?5bcee1340052e29bd76fd132fb5b0e0a58a4d6b8cdb595db2054f96f9ce3a43247e7990aa2512842a2f555bae026863b90eb2ae0cdf5b44295c3d36cd88e7ff8bde1b84bab522c1ed7ad548b8d998d353eb9b496465c0d94054d46e1a1b8e09fec6094a3e02eb743ff919f2c8814dc0b54b62b47574078b064aa7bf27a55d2ebb8440e091fbf4e7d642fa0950d97bef48ac2f906e42de53c15156fe7d7e5aab3,gx-no-cache=1457535176572 HTTP/1.1" 200 30
186.103.159.44 - - [09/Mar/2016:11:52:36 -0300] "POST /cormun/servlet/solicitudot?gx-no-cache=1457535152759 HTTP/1.1" 200 2774
186.103.159.44 - - [09/Mar/2016:11:52:36 -0300] "POST /cormun/servlet/solicitudot?de1b74bda291871b39a09173ce13f489,INS,0,0,,gx-no-cache=1457535152898 HTTP/1.1" 200 9080
186.103.159.44 - - [09/Mar/2016:11:52:36 -0300] "GET /cormun/servlet/solicitudot?8bd1877515fb8afb5e94b28914d8532daab6fdd8c2ad88045015d9637fee37219f0b6afe67e976958b74b5108a9b8d09,gx-no-cache=1457535153161 HTTP/1.1" 200 30
186.103.159.44 - - [09/Mar/2016:11:52:36 -0300] "POST /cormun/servlet/solicitudot?gx-no-cache=1457535153276 HTTP/1.1" 200 30
186.103.159.44 - - [09/Mar/2016:11:52:36 -0300] "POST /cormun/servlet/solicitudot?gx-no-cache=1457535153351 HTTP/1.1" 200 30
200.30.225.176 - - [09/Mar/2016:11:52:39 -0300] "POST /cormun/servlet/solicitudot?gx-no-cache=1457535183981 HTTP/1.1" 200 1127
200.30.225.176 - - [09/Mar/2016:11:52:39 -0300] "GET /cormun/servlet/solicitudot?5bcee1340052e29bd76fd132fb5b0e0a7cc90b8a4d475148a080344ea291f89812a15ba110baf71873ce56516facc1c1a4d409c9c9d45cdc0d9c34372407f110a29ec19b0c16463de7097f99fc08ca683cd5187de27e26df9790cac3d93a51a42a08aaead950f48986fc3656f18d60436be5a1b6d1dea2c91c2089f02ab3b64b08d5f6d18b38c7a934d3072b67cd6bf0975ebc80e8cd73d179df5cf0dfb292ecc33e7472ca97388325cda104870679b7,gx-no-cache=1457535184083 HTTP/1.1" 200 30
200.30.225.176 - - [09/Mar/2016:11:52:39 -0300] "POST /cormun/servlet/solicitudot?94ec632c022ea2f9cbe1da26350d1dea,UPD,2016,765,,gx-no-cache=1457535184169 HTTP/1.1" 200 93
200.30.225.176 - - [09/Mar/2016:11:52:39 -0300] "GET /cormun/servlet/hpexe_return? HTTP/1.1" 200 1032
200.30.225.176 - - [09/Mar/2016:11:52:39 -0300] "GET /cormun/servlet/trsolicitudot?gx-no-cache=1457535170081 HTTP/1.1" 200 7598
200.30.225.176 - - [09/Mar/2016:11:52:40 -0300] "GET /cormun/servlet/trsolicitudot?gx-no-cache=1457535170081 HTTP/1.1" 200 7615
186.103.159.44 - - [09/Mar/2016:11:52:50 -0300] "GET /cormun/servlet/prcontratosol?14047740,,,,,MD,,gxPopupLevel%3D0%3B HTTP/1.1" 200 5692
186.103.159.44 - - [09/Mar/2016:11:52:54 -0300] "POST /cormun/servlet/prcontratosol?de1b74bda291871b39a09173ce13f489,14047740,,,,,MD,,gxPopupLevel%3D0%3B,gx-no-cache=1457535171153 HTTP/1.1" 200 3328
186.103.159.44 - - [09/Mar/2016:11:52:56 -0300] "POST /cormun/servlet/prcontratosol?de1b74bda291871b39a09173ce13f489,14047740,,,,,MD,,gxPopupLevel%3D0%3B,gx-no-cache=1457535172835 HTTP/1.1" 200 3328
186.103.159.44 - - [09/Mar/2016:11:53:04 -0300] "POST /cormun/servlet/acontrolpreferencessavestate?None,CE-28,true HTTP/1.1" 200 35
200.111.191.210 - - [09/Mar/2016:11:53:14 -0300] "GET /cormun/servlet/solicitudot?8764fa79ddc4f3362e2bba6928b1b91ba260698aa2262426629da9d1991284a47af199a33f55d4bdd92b6c8501ac7d51dc12ccef9321bd18d0a494ade57d0e4f6436ba4d04aace01bf23ca91fae573cba09f5fd9dc517796b121ed30ed9661977de2052766472891be32f1428a1a30de6905213d1131acbec3cb63d8840830ab9fde56750583253d15879178cf543c938966465ab4dec7bb8ecad06dd7c8e5ce4ed3ab3be695cae37982c72c9b0b90ba,gx-no-cache=1457535218589 HTTP/1.1" 200 30
200.111.191.210 - - [09/Mar/2016:11:53:46 -0300] "POST /cormun/servlet/solicitudot?72da8aabc4fe249c865fe5ec8dff2fd0,INS,0,0,,gx-no-cache=1457535250143 HTTP/1.1" 200 93
200.111.191.210 - - [09/Mar/2016:11:53:46 -0300] "GET /cormun/servlet/hpexe_return? HTTP/1.1" 200 1009
200.111.191.210 - - [09/Mar/2016:11:53:46 -0300] "GET /cormun/servlet/trsolicitudot HTTP/1.1" 200 7444
200.111.191.210 - - [09/Mar/2016:11:53:46 -0300] "GET /cormun/servlet/trsolicitudot HTTP/1.1" 200 7440
200.111.191.210 - - [09/Mar/2016:11:53:50 -0300] "GET /cormun/servlet/trsolicitudot? HTTP/1.1" 200 7440
200.111.191.210 - - [09/Mar/2016:11:53:50 -0300] "GET /cormun/servlet/trsolicitudot? HTTP/1.1" 200 7440
200.111.191.210 - - [09/Mar/2016:11:53:56 -0300] "GET /cormun/servlet/solicitudot?INS,0,0, HTTP/1.1" 200 11393
200.111.191.210 - - [09/Mar/2016:11:53:56 -0300] "GET /cormun/servlet/solicitudot?INS,0,0, HTTP/1.1" 200 11398
200.111.191.210 - - [09/Mar/2016:11:53:59 -0300] "GET /cormun/servlet/prfichaempleado?,MD,,gxPopupLevel%3D0%3B HTTP/1.1" 200 7860
200.111.191.210 - - [09/Mar/2016:11:53:59 -0300] "GET /cormun/static/Resources/Spanish/PXTools.css?16184758 HTTP/1.1" 304 -
200.111.191.210 - - [09/Mar/2016:11:53:59 -0300] "GET /cormun/static/scaMessage/css/jquery-ui.css?104140 HTTP/1.1" 404 1045
200.111.191.210 - - [09/Mar/2016:11:53:59 -0300] "GET /cormun/static/gxcfg.js?201511151625694 HTTP/1.1" 304 -
200.111.191.210 - - [09/Mar/2016:11:53:59 -0300] "GET /cormun/static/prfichaempleado.js?201511151625857 HTTP/1.1" 304 -
200.111.191.210 - - [09/Mar/2016:11:53:59 -0300] "GET /cormun/static/menusearch.js?20163219454787 HTTP/1.1" 304 -
200.111.191.210 - - [09/Mar/2016:11:53:59 -0300] "GET /cormun/static/hmpwkw01.js?201511211495945 HTTP/1.1" 304 -
200.30.225.176 - - [09/Mar/2016:11:54:04 -0300] "POST /cormun/servlet/trsolicitudot?94ec632c022ea2f9cbe1da26350d1dea,gx-no-cache=1457535170081,gx-no-cache=1457535269686 HTTP/1.1" 200 4939
200.30.225.176 - - [09/Mar/2016:11:54:05 -0300] "POST /cormun/servlet/trsolicitudot?94ec632c022ea2f9cbe1da26350d1dea,gx-no-cache=1457535170081,gx-no-cache=1457535269975 HTTP/1.1" 200 4939
200.30.225.176 - - [09/Mar/2016:11:54:05 -0300] "POST /cormun/servlet/trsolicitudot?94ec632c022ea2f9cbe1da26350d1dea,gx-no-cache=1457535170081,gx-no-cache=1457535270155 HTTP/1.1" 200 4939
200.30.225.176 - - [09/Mar/2016:11:54:05 -0300] "POST /cormun/servlet/trsolicitudot?94ec632c022ea2f9cbe1da26350d1dea,gx-no-cache=1457535170081,gx-no-cache=1457535270339 HTTP/1.1" 200 4939
200.30.225.176 - - [09/Mar/2016:11:54:05 -0300] "POST /cormun/servlet/trsolicitudot?94ec632c022ea2f9cbe1da26350d1dea,gx-no-cache=1457535170081,gx-no-cache=1457535270547 HTTP/1.1" 200 4939
200.30.225.176 - - [09/Mar/2016:11:54:05 -0300] "POST /cormun/servlet/trsolicitudot?94ec632c022ea2f9cbe1da26350d1dea,gx-no-cache=1457535170081,gx-no-cache=1457535270746 HTTP/1.1" 200 4939
200.30.225.176 - - [09/Mar/2016:11:54:06 -0300] "POST /cormun/servlet/trsolicitudot?94ec632c022ea2f9cbe1da26350d1dea,gx-no-cache=1457535170081,gx-no-cache=1457535270966 HTTP/1.1" 200 4939
200.30.225.176 - - [09/Mar/2016:11:54:06 -0300] "POST /cormun/servlet/trsolicitudot?94ec632c022ea2f9cbe1da26350d1dea,gx-no-cache=1457535170081,gx-no-cache=1457535271180 HTTP/1.1" 200 105
200.30.225.176 - - [09/Mar/2016:11:54:06 -0300] "GET /cormun/servlet/solicitudot?UPD,2016,765, HTTP/1.1" 200 12815
200.30.225.176 - - [09/Mar/2016:11:54:06 -0300] "GET /cormun/servlet/solicitudot?UPD,2016,765, HTTP/1.1" 200 12803
200.30.225.176 - - [09/Mar/2016:11:54:07 -0300] "POST /cormun/servlet/solicitudot?gx-no-cache=1457535272335 HTTP/1.1" 200 2741
200.30.225.176 - - [09/Mar/2016:11:54:07 -0300] "POST /cormun/servlet/solicitudot?94ec632c022ea2f9cbe1da26350d1dea,UPD,2016,765,,gx-no-cache=1457535272505 HTTP/1.1" 200 9089
200.30.225.176 - - [09/Mar/2016:11:54:07 -0300] "GET /cormun/servlet/solicitudot?5bcee1340052e29bd76fd132fb5b0e0a66fa243812def56796d04eb36a49e066c90be05f20c4eb586d585308359cf36a,gx-no-cache=1457535272703 HTTP/1.1" 200 30
200.30.225.176 - - [09/Mar/2016:11:54:07 -0300] "POST /cormun/servlet/solicitudot?gx-no-cache=1457535272758 HTTP/1.1" 200 30
200.111.191.210 - - [09/Mar/2016:11:54:07 -0300] "GET /cormun/servlet/prfichaempleado?984b3911c76e36327e7ea487449601a7522625d245bb47491e2ed1821f0ac4156e3e9c3a2faf8979ce363e2a4210dc70d792a2191b565162eb9a4c7e466a38b5828682f875d79e7e067d3f3975c263ba,gx-no-cache=1457535271884 HTTP/1.1" 200 469
200.30.225.176 - - [09/Mar/2016:11:54:07 -0300] "POST /cormun/servlet/solicitudot?gx-no-cache=1457535272826 HTTP/1.1" 200 30
200.30.225.176 - - [09/Mar/2016:11:54:08 -0300] "POST /cormun/servlet/solicitudot?gx-no-cache=1457535272914 HTTP/1.1" 200 1166
200.30.225.176 - - [09/Mar/2016:11:54:08 -0300] "GET /cormun/servlet/solicitudot?5bcee1340052e29bd76fd132fb5b0e0ad2ca67b4c7ee3ede9e35142a47532989f95412d3f4b6d536db15e869ad309ff7094e6123b8f51e72d8b7932571dd61af6a7c1bff915b23e7f6c0ec72b65ab717603e3e15b7bf24ec847fbdcfe3526951f55e0cc24a7660d751b7677354fe72fb8cef97a5f65b52b6ec497c1975990b866cfdfaa8f5c881ab4ae7797ddbf0e6f486283e7e0f149f2f079782c79e282873,gx-no-cache=1457535273036 HTTP/1.1" 200 41
200.111.191.210 - - [09/Mar/2016:11:54:12 -0300] "GET /cormun/servlet/prfichaempleado?984b3911c76e36327e7ea487449601a7522625d245bb47491e2ed1821f0ac41539ac32279e647a3044e6db16190c750a57a317379849221943ce3b4c152b6fce64746164523ef9cf731ebf0d1aa76101,gx-no-cache=1457535276183 HTTP/1.1" 200 435
200.30.225.176 - - [09/Mar/2016:11:54:12 -0300] "POST /cormun/servlet/solicitudot?gx-no-cache=1457535277337 HTTP/1.1" 200 30
200.111.191.210 - - [09/Mar/2016:11:54:13 -0300] "GET /cormun/servlet/prfichaempleado?984b3911c76e36327e7ea487449601a7522625d245bb47491e2ed1821f0ac415f21013f88b26e0bf52c6c532508bdd4b7fa413eb5580407c7431111517766333f2616da3c8232f4203d8f83d55952587,gx-no-cache=1457535277214 HTTP/1.1" 200 432
200.111.191.210 - - [09/Mar/2016:11:54:15 -0300] "POST /cormun/servlet/prfichaempleado?72da8aabc4fe249c865fe5ec8dff2fd0,,MD,,gxPopupLevel%3D0%3B,gx-no-cache=1457535279112 HTTP/1.1" 200 2631
200.30.225.176 - - [09/Mar/2016:11:54:28 -0300] "POST /cormun/servlet/solicitudot?gx-no-cache=1457535293294 HTTP/1.1" 200 120
200.30.225.176 - - [09/Mar/2016:11:54:28 -0300] "GET /cormun/static/Shared/jqueryui/images/ui-bg_highlight-soft_100_c6c2c8_1x100.png HTTP/1.1" 404 1117
200.30.225.176 - - [09/Mar/2016:11:54:28 -0300] "GET /cormun/static/Shared/jqueryui/images/ui-icons_82798d_256x240.png HTTP/1.1" 404 1089
200.30.225.176 - - [09/Mar/2016:11:54:28 -0300] "GET /cormun/static/Shared/jqueryui/images/ui-bg_flat_55_994d53_40x100.png HTTP/1.1" 404 1097
200.30.225.176 - - [09/Mar/2016:11:54:28 -0300] "GET /cormun/static/Shared/jqueryui/images/ui-icons_ebccce_256x240.png HTTP/1.1" 404 1089
186.67.172.234 - - [09/Mar/2016:11:54:29 -0300] "GET /cormun/servlet/solicitudot?INS,0,0, HTTP/1.1" 200 11058
186.67.172.234 - - [09/Mar/2016:11:54:30 -0300] "GET /cormun/servlet/hlogin HTTP/1.1" 200 1749
186.67.172.234 - - [09/Mar/2016:11:54:30 -0300] "GET /cormun/servlet/solicitudot?INS,0,0, HTTP/1.1" 200 11063
186.67.172.234 - - [09/Mar/2016:11:54:32 -0300] "POST /cormun/servlet/hlogin?5b6fa83b2e4eb445105d173533d71381,gx-no-cache=1457535326190 HTTP/1.1" 200 90
186.67.172.234 - - [09/Mar/2016:11:54:32 -0300] "GET /cormun/servlet/hpexe_link HTTP/1.1" 200 971
200.111.191.210 - - [09/Mar/2016:11:54:32 -0300] "POST /cormun/servlet/solicitudot?gx-no-cache=1457535296901 HTTP/1.1" 200 2668
200.111.191.210 - - [09/Mar/2016:11:54:33 -0300] "POST /cormun/servlet/solicitudot?72da8aabc4fe249c865fe5ec8dff2fd0,INS,0,0,,gx-no-cache=1457535296993 HTTP/1.1" 200 8264
186.67.172.234 - - [09/Mar/2016:11:54:33 -0300] "GET /cormun/servlet/solicitudot?INS,0,0, HTTP/1.1" 200 11298
186.67.172.234 - - [09/Mar/2016:11:54:33 -0300] "GET /cormun/servlet/solicitudot?INS,0,0, HTTP/1.1" 200 11302
200.30.225.176 - - [09/Mar/2016:11:54:34 -0300] "POST /cormun/servlet/solicitudot?gx-no-cache=1457535299333 HTTP/1.1" 200 120
200.111.191.210 - - [09/Mar/2016:11:54:36 -0300] "GET /cormun/servlet/solicitudot?8764fa79ddc4f3362e2bba6928b1b91b6d8cd25f9e98c0b600940af63254c24cf2616da3c8232f4203d8f83d55952587,gx-no-cache=1457535300884 HTTP/1.1" 200 30
186.67.172.234 - - [09/Mar/2016:11:54:40 -0300] "GET /cormun/servlet/trsolicitudot? HTTP/1.1" 200 7519
186.67.172.234 - - [09/Mar/2016:11:54:40 -0300] "GET /cormun/servlet/trsolicitudot? HTTP/1.1" 200 7519
186.67.172.234 - - [09/Mar/2016:11:54:45 -0300] "POST /cormun/servlet/trsolicitudot?5b6fa83b2e4eb445105d173533d71381,,gx-no-cache=1457535339233 HTTP/1.1" 200 4945
186.67.172.234 - - [09/Mar/2016:11:54:46 -0300] "POST /cormun/servlet/trsolicitudot?5b6fa83b2e4eb445105d173533d71381,,gx-no-cache=1457535339391 HTTP/1.1" 200 4944
186.67.172.234 - - [09/Mar/2016:11:54:46 -0300] "POST /cormun/servlet/trsolicitudot?5b6fa83b2e4eb445105d173533d71381,,gx-no-cache=1457535339840 HTTP/1.1" 200 4944
186.67.172.234 - - [09/Mar/2016:11:54:47 -0300] "POST /cormun/servlet/trsolicitudot?5b6fa83b2e4eb445105d173533d71381,,gx-no-cache=1457535340055 HTTP/1.1" 200 4944
186.67.172.234 - - [09/Mar/2016:11:54:47 -0300] "POST /cormun/servlet/trsolicitudot?5b6fa83b2e4eb445105d173533d71381,,gx-no-cache=1457535340537 HTTP/1.1" 200 4943
186.67.172.234 - - [09/Mar/2016:11:54:47 -0300] "POST /cormun/servlet/trsolicitudot?5b6fa83b2e4eb445105d173533d71381,,gx-no-cache=1457535340718 HTTP/1.1" 200 4943
186.67.172.234 - - [09/Mar/2016:11:54:47 -0300] "POST /cormun/servlet/trsolicitudot?5b6fa83b2e4eb445105d173533d71381,,gx-no-cache=1457535340875 HTTP/1.1" 200 4944
186.67.172.234 - - [09/Mar/2016:11:54:48 -0300] "POST /cormun/servlet/trsolicitudot?5b6fa83b2e4eb445105d173533d71381,,gx-no-cache=1457535341035 HTTP/1.1" 200 105
186.67.172.234 - - [09/Mar/2016:11:54:48 -0300] "GET /cormun/servlet/trsolicitudadjuntos?2016,762, HTTP/1.1" 200 5390
186.67.172.234 - - [09/Mar/2016:11:54:48 -0300] "GET /cormun/static/gxcfg.js?2016311731090 HTTP/1.1" 200 953
186.67.172.234 - - [09/Mar/2016:11:54:48 -0300] "GET /cormun/static/trsolicitudadjuntos.js?2016311731342 HTTP/1.1" 200 17275
186.67.172.234 - - [09/Mar/2016:11:54:48 -0300] "GET /cormun/static/Resources/Spanish/PXTools.css?171692 HTTP/1.1" 200 89042
186.67.172.234 - - [09/Mar/2016:11:54:48 -0300] "GET /cormun/servlet/trsolicitudadjuntos?2016,762, HTTP/1.1" 200 5390
200.30.225.176 - - [09/Mar/2016:11:54:51 -0300] "POST /cormun/servlet/solicitudot?94ec632c022ea2f9cbe1da26350d1dea,UPD,2016,765,,gx-no-cache=1457535316591 HTTP/1.1" 200 93
200.30.225.176 - - [09/Mar/2016:11:54:51 -0300] "GET /cormun/servlet/hpexe_return? HTTP/1.1" 200 1032
200.30.225.176 - - [09/Mar/2016:11:54:52 -0300] "GET /cormun/servlet/trsolicitudot?gx-no-cache=1457535170081 HTTP/1.1" 200 7598
200.30.225.176 - - [09/Mar/2016:11:54:52 -0300] "GET /cormun/servlet/trsolicitudot?gx-no-cache=1457535170081 HTTP/1.1" 200 7615
186.67.172.234 - - [09/Mar/2016:11:54:52 -0300] "GET /cormun/servlet/solicitudotadjuntos?INS,2016,762,,1, HTTP/1.1" 200 5478
186.67.172.234 - - [09/Mar/2016:11:54:52 -0300] "GET /cormun/static/gxcfg.js?2016311984045 HTTP/1.1" 200 953
186.67.172.234 - - [09/Mar/2016:11:54:52 -0300] "GET /cormun/static/solicitudotadjuntos.js?2016311984068 HTTP/1.1" 200 11762
186.67.172.234 - - [09/Mar/2016:11:54:53 -0300] "GET /cormun/static/about:blank HTTP/1.1" 404 1011
186.67.172.234 - - [09/Mar/2016:11:54:53 -0300] "GET /cormun/servlet/solicitudotadjuntos?INS,2016,762,,1, HTTP/1.1" 200 5472
186.67.172.234 - - [09/Mar/2016:11:54:53 -0300] "GET /cormun/servlet/solicitudotadjuntos?37328d0684a28580b7f7bc060efa2d3709a848f7abba72efc1d7f69c793bf6bf4fbd695aa5c0c88f148ff18ee7aafed6,gx-no-cache=1457535347093 HTTP/1.1" 200 30
186.67.172.234 - - [09/Mar/2016:11:54:53 -0300] "POST /cormun/servlet/solicitudotadjuntos?5b6fa83b2e4eb445105d173533d71381,INS,2016,762,,1,,gx-no-cache=1457535347127 HTTP/1.1" 200 3352
200.30.225.176 - - [09/Mar/2016:11:54:55 -0300] "POST /cormun/servlet/trsolicitudot?94ec632c022ea2f9cbe1da26350d1dea,gx-no-cache=1457535170081,gx-no-cache=1457535320067 HTTP/1.1" 200 4939
200.30.225.176 - - [09/Mar/2016:11:54:55 -0300] "POST /cormun/servlet/trsolicitudot?94ec632c022ea2f9cbe1da26350d1dea,gx-no-cache=1457535170081,gx-no-cache=1457535320276 HTTP/1.1" 200 4939
200.30.225.176 - - [09/Mar/2016:11:54:55 -0300] "POST /cormun/servlet/trsolicitudot?94ec632c022ea2f9cbe1da26350d1dea,gx-no-cache=1457535170081,gx-no-cache=1457535320472 HTTP/1.1" 200 4939
200.30.225.176 - - [09/Mar/2016:11:54:55 -0300] "POST /cormun/servlet/trsolicitudot?94ec632c022ea2f9cbe1da26350d1dea,gx-no-cache=1457535170081,gx-no-cache=1457535320662 HTTP/1.1" 200 4939
200.30.225.176 - - [09/Mar/2016:11:54:56 -0300] "POST /cormun/servlet/trsolicitudot?94ec632c022ea2f9cbe1da26350d1dea,gx-no-cache=1457535170081,gx-no-cache=1457535320860 HTTP/1.1" 200 4939
200.30.225.176 - - [09/Mar/2016:11:54:56 -0300] "POST /cormun/servlet/trsolicitudot?94ec632c022ea2f9cbe1da26350d1dea,gx-no-cache=1457535170081,gx-no-cache=1457535321055 HTTP/1.1" 200 4939
200.30.225.176 - - [09/Mar/2016:11:54:56 -0300] "POST /cormun/servlet/trsolicitudot?94ec632c022ea2f9cbe1da26350d1dea,gx-no-cache=1457535170081,gx-no-cache=1457535321270 HTTP/1.1" 200 4939
200.30.225.176 - - [09/Mar/2016:11:54:56 -0300] "POST /cormun/servlet/trsolicitudot?94ec632c022ea2f9cbe1da26350d1dea,gx-no-cache=1457535170081,gx-no-cache=1457535321462 HTTP/1.1" 200 105
186.67.172.234 - - [09/Mar/2016:11:54:56 -0300] "POST /cormun/servlet/solicitudotadjuntos?gx-no-cache=1457535350027 HTTP/1.1" 200 26
200.30.225.176 - - [09/Mar/2016:11:54:56 -0300] "GET /cormun/servlet/solicitudot?DLT,2016,765, HTTP/1.1" 200 8536
200.30.225.176 - - [09/Mar/2016:11:54:57 -0300] "GET /cormun/static/Shared/jqueryui/images/ui-bg_highlight-soft_100_c6c2c8_1x100.png HTTP/1.1" 404 1117
200.30.225.176 - - [09/Mar/2016:11:54:57 -0300] "GET /cormun/static/Shared/jqueryui/images/ui-icons_82798d_256x240.png HTTP/1.1" 404 1089
200.30.225.176 - - [09/Mar/2016:11:54:57 -0300] "GET /cormun/static/Shared/jqueryui/images/ui-bg_flat_55_fafafa_40x100.png HTTP/1.1" 404 1097
200.30.225.176 - - [09/Mar/2016:11:54:57 -0300] "GET /cormun/static/Shared/jqueryui/images/ui-icons_8d78a5_256x240.png HTTP/1.1" 404 1089
200.30.225.176 - - [09/Mar/2016:11:54:57 -0300] "GET /cormun/servlet/solicitudot?DLT,2016,765, HTTP/1.1" 200 8525
200.30.225.176 - - [09/Mar/2016:11:55:00 -0300] "POST /cormun/servlet/solicitudot?94ec632c022ea2f9cbe1da26350d1dea,DLT,2016,765,,gx-no-cache=1457535325524 HTTP/1.1" 200 93
200.30.225.176 - - [09/Mar/2016:11:55:00 -0300] "GET /cormun/servlet/hpexe_return? HTTP/1.1" 200 1032
200.30.225.176 - - [09/Mar/2016:11:55:00 -0300] "GET /cormun/servlet/trsolicitudot?gx-no-cache=1457535170081 HTTP/1.1" 200 7598
200.30.225.176 - - [09/Mar/2016:11:55:01 -0300] "GET /cormun/servlet/trsolicitudot?gx-no-cache=1457535170081 HTTP/1.1" 200 7615
186.67.172.234 - - [09/Mar/2016:11:55:11 -0300] "GET /cormun/servlet/solicitudotadjuntos?37328d0684a28580b7f7bc060efa2d3721dc0ec04fa534021f95a061ee4f3592,gx-no-cache=1457535364669 HTTP/1.1" 200 30
186.67.172.234 - - [09/Mar/2016:11:55:11 -0300] "GET /cormun/servlet/solicitudotadjuntos?37328d0684a28580b7f7bc060efa2d3721dc0ec04fa534021f95a061ee4f3592,gx-no-cache=1457535364680 HTTP/1.1" 200 30
186.67.172.234 - - [09/Mar/2016:11:55:11 -0300] "POST /cormun/servlet/solicitudotadjuntos?5b6fa83b2e4eb445105d173533d71381,INS,2016,762,,1, HTTP/1.1" 200 116
186.67.172.234 - - [09/Mar/2016:11:55:11 -0300] "GET /cormun/servlet/hpexe_return? HTTP/1.1" 200 1031
186.67.172.234 - - [09/Mar/2016:11:55:11 -0300] "GET /cormun/static/gxcfg.js?2015111312145050 HTTP/1.1" 200 953
186.67.172.234 - - [09/Mar/2016:11:55:11 -0300] "GET /cormun/static/hpexe_return.js?2015111312145056 HTTP/1.1" 200 1633
186.67.172.234 - - [09/Mar/2016:11:55:11 -0300] "GET /cormun/static/Resources/Spanish/PXTools.css?12112540 HTTP/1.1" 200 89042
186.67.172.234 - - [09/Mar/2016:11:55:11 -0300] "GET /cormun/servlet/trsolicitudadjuntos?2016,762, HTTP/1.1" 200 7258
186.67.172.234 - - [09/Mar/2016:11:55:12 -0300] "GET /cormun/servlet/trsolicitudadjuntos?2016,762, HTTP/1.1" 200 7254
186.67.172.234 - - [09/Mar/2016:11:55:16 -0300] "GET /cormun/servlet/solicitudotadjuntos?INS,2016,762,,1, HTTP/1.1" 200 5478
186.67.172.234 - - [09/Mar/2016:11:55:17 -0300] "GET /cormun/static/about:blank HTTP/1.1" 404 1011
186.67.172.234 - - [09/Mar/2016:11:55:17 -0300] "GET /cormun/servlet/solicitudotadjuntos?INS,2016,762,,1, HTTP/1.1" 200 5472
186.67.172.234 - - [09/Mar/2016:11:55:17 -0300] "GET /cormun/servlet/solicitudotadjuntos?37328d0684a28580b7f7bc060efa2d3709a848f7abba72efc1d7f69c793bf6bf4fbd695aa5c0c88f148ff18ee7aafed6,gx-no-cache=1457535370901 HTTP/1.1" 200 30
186.67.172.234 - - [09/Mar/2016:11:55:17 -0300] "POST /cormun/servlet/solicitudotadjuntos?5b6fa83b2e4eb445105d173533d71381,INS,2016,762,,1,,gx-no-cache=1457535370939 HTTP/1.1" 200 3352
186.103.159.44 - - [09/Mar/2016:11:55:17 -0300] "POST /cormun/servlet/solicitudot?gx-no-cache=1457535314484 HTTP/1.1" 200 1171
186.103.159.44 - - [09/Mar/2016:11:55:18 -0300] "GET /cormun/servlet/solicitudot?8bd1877515fb8afb5e94b28914d8532da57fe06af4233e1f333cc535ada01bb4d0908b35967d7f53e3a4231c5a0abbe54c6589d914aee546d16a153e83479caf5312171c4d235c4a1d9df44141d62c4147671f349dba976b9b54e315d3ab380890a5212af93b3d34e22d381e75f016064013b96d9f4b984d1b7e7c992a63db6b70fa7ea0d55b1557f984888bd6376e7e,gx-no-cache=1457535314575 HTTP/1.1" 200 38
186.103.159.44 - - [09/Mar/2016:11:55:18 -0300] "POST /cormun/servlet/solicitudot?gx-no-cache=1457535314619 HTTP/1.1" 200 1127
186.103.159.44 - - [09/Mar/2016:11:55:19 -0300] "GET /cormun/servlet/prsolicitudot?14047740,,,,,MD,,gxPopupLevel%3D0%3B HTTP/1.1" 200 5389
200.111.191.210 - - [09/Mar/2016:11:55:35 -0300] "POST /cormun/servlet/solicitudot?gx-no-cache=1457535359533 HTTP/1.1" 200 30
200.111.191.210 - - [09/Mar/2016:11:55:39 -0300] "POST /cormun/servlet/solicitudot?gx-no-cache=1457535363220 HTTP/1.1" 200 30
200.111.191.210 - - [09/Mar/2016:11:55:44 -0300] "GET /cormun/servlet/prsolicitudot?16879891,,,,,MD,,gxPopupLevel%3D0%3B HTTP/1.1" 200 5558
200.111.191.210 - - [09/Mar/2016:11:55:44 -0300] "GET /cormun/static/gxcfg.js?20163117275193 HTTP/1.1" 200 953
200.111.191.210 - - [09/Mar/2016:11:55:44 -0300] "GET /cormun/static/prsolicitudot.js?20163117275348 HTTP/1.1" 200 12356
200.111.191.210 - - [09/Mar/2016:11:55:44 -0300] "GET /cormun/static/hmpwkw011.js?20163117201773 HTTP/1.1" 200 1968
200.111.191.210 - - [09/Mar/2016:11:55:45 -0300] "POST /cormun/servlet/acontrolpreferencessavestate?None,CA-7,true HTTP/1.1" 200 35
200.111.191.210 - - [09/Mar/2016:11:55:48 -0300] "POST /cormun/servlet/solicitudot?gx-no-cache=1457535372184 HTTP/1.1" 200 452
200.111.191.210 - - [09/Mar/2016:11:55:48 -0300] "GET /cormun/servlet/solicitudot?8764fa79ddc4f3362e2bba6928b1b91b43db4432a888bb0554ca13dff7b12c979433563fa74d5d8962ffb725f971d6339be6ccd7a6f63c6651630f12a7aaac511b33e9c279ca5bbf03604e01b8476f30da70899b0dec338878040d76197dd14382a6dbc15ce37457e595f36dc6130e81145c8b1011d170a5cd3f12d9db7525ebd3a58bdc224d1050474fc4fae571ba13,gx-no-cache=1457535372232 HTTP/1.1" 200 38
200.111.191.210 - - [09/Mar/2016:11:55:48 -0300] "GET /cormun/servlet/solicitudot?8764fa79ddc4f3362e2bba6928b1b91b7f427c0060c7a2bf4c76291a00d1e902bc71c42e4b674097f8573626e77edee98efc58ae7fdde015a8c0b19b35a8e544976627c1015c0843c32321ca2e3f066f2731456a1df115cf1c763632817762e044646dfd36f606a7a5012e7ab467ef2a,gx-no-cache=1457535372274 HTTP/1.1" 200 29
200.111.191.210 - - [09/Mar/2016:11:55:48 -0300] "POST /cormun/servlet/solicitudot?gx-no-cache=1457535372316 HTTP/1.1" 200 404
186.67.172.234 - - [09/Mar/2016:11:55:59 -0300] "POST /cormun/servlet/solicitudotadjuntos?gx-no-cache=1457535412795 HTTP/1.1" 200 26
186.67.172.234 - - [09/Mar/2016:11:56:10 -0300] "GET /cormun/servlet/solicitudotadjuntos?37328d0684a28580b7f7bc060efa2d3721dc0ec04fa534021f95a061ee4f3592,gx-no-cache=1457535423566 HTTP/1.1" 200 30
186.67.172.234 - - [09/Mar/2016:11:56:10 -0300] "GET /cormun/servlet/solicitudotadjuntos?37328d0684a28580b7f7bc060efa2d3721dc0ec04fa534021f95a061ee4f3592,gx-no-cache=1457535423580 HTTP/1.1" 200 30
186.67.172.234 - - [09/Mar/2016:11:56:10 -0300] "POST /cormun/servlet/solicitudotadjuntos?5b6fa83b2e4eb445105d173533d71381,INS,2016,762,,1, HTTP/1.1" 200 116
186.67.172.234 - - [09/Mar/2016:11:56:10 -0300] "GET /cormun/servlet/hpexe_return? HTTP/1.1" 200 1031
186.67.172.234 - - [09/Mar/2016:11:56:10 -0300] "GET /cormun/servlet/trsolicitudadjuntos?2016,762, HTTP/1.1" 200 7410
186.67.172.234 - - [09/Mar/2016:11:56:11 -0300] "GET /cormun/servlet/trsolicitudadjuntos?2016,762, HTTP/1.1" 200 7405
186.67.172.234 - - [09/Mar/2016:11:56:14 -0300] "GET /cormun/servlet/solicitudotadjuntos?INS,2016,762,,1, HTTP/1.1" 200 5478
186.67.172.234 - - [09/Mar/2016:11:56:15 -0300] "GET /cormun/static/about:blank HTTP/1.1" 404 1011
186.67.172.234 - - [09/Mar/2016:11:56:15 -0300] "GET /cormun/servlet/solicitudotadjuntos?INS,2016,762,,1, HTTP/1.1" 200 5472
186.67.172.234 - - [09/Mar/2016:11:56:15 -0300] "GET /cormun/servlet/solicitudotadjuntos?37328d0684a28580b7f7bc060efa2d3709a848f7abba72efc1d7f69c793bf6bf4fbd695aa5c0c88f148ff18ee7aafed6,gx-no-cache=1457535428926 HTTP/1.1" 200 30
186.67.172.234 - - [09/Mar/2016:11:56:15 -0300] "POST /cormun/servlet/solicitudotadjuntos?5b6fa83b2e4eb445105d173533d71381,INS,2016,762,,1,,gx-no-cache=1457535429000 HTTP/1.1" 200 3351
186.103.159.186 - - [09/Mar/2016:11:56:41 -0300] "GET /cormun/servlet/hlogin HTTP/1.1" 200 1719
186.103.159.186 - - [09/Mar/2016:11:56:41 -0300] "GET /cormun/static/Resources/Spanish/PXTools.css?005343 HTTP/1.1" 304 -
186.103.159.186 - - [09/Mar/2016:11:56:42 -0300] "GET /cormun/static/gxcfg.js?20151120045111 HTTP/1.1" 304 -
186.103.159.186 - - [09/Mar/2016:11:56:42 -0300] "GET /cormun/static/messages.spa.js?85251 HTTP/1.1" 304 -
186.103.159.186 - - [09/Mar/2016:11:56:42 -0300] "GET /cormun/static/hlogin.js?20151120045126 HTTP/1.1" 304 -
186.103.159.186 - - [09/Mar/2016:11:56:53 -0300] "POST /cormun/servlet/hlogin?5ad8d64fdcf1eda76b863afb50550d14,gx-no-cache=1457535441556 HTTP/1.1" 200 90
186.103.159.186 - - [09/Mar/2016:11:56:53 -0300] "GET /cormun/servlet/hpexe_link HTTP/1.1" 200 950
186.103.159.186 - - [09/Mar/2016:11:56:53 -0300] "GET /cormun/static/gxcfg.js?20151120044395 HTTP/1.1" 304 -
186.103.159.186 - - [09/Mar/2016:11:56:53 -0300] "GET /cormun/servlet/hhome HTTP/1.1" 200 3432
186.103.159.186 - - [09/Mar/2016:11:56:54 -0300] "GET /cormun/static/Resources/Spanish/PXTools.css?10515224 HTTP/1.1" 304 -
186.103.159.186 - - [09/Mar/2016:11:56:54 -0300] "GET /cormun/static/gxcfg.js?2015112210564248 HTTP/1.1" 304 -
186.103.159.186 - - [09/Mar/2016:11:56:56 -0300] "GET /cormun/static/hhome.js?2015112210564255 HTTP/1.1" 304 -
186.103.159.186 - - [09/Mar/2016:11:56:56 -0300] "GET /cormun/static/hwchdr01.js?20162241650484 HTTP/1.1" 304 -
186.103.159.186 - - [09/Mar/2016:11:56:56 -0300] "GET /cormun/static/hpexe_recentlink.js?2015111312121342 HTTP/1.1" 304 -
186.103.159.186 - - [09/Mar/2016:11:56:56 -0300] "GET /cormun/static/hpexe_scripts.js?20151120014546 HTTP/1.1" 304 -
186.103.159.186 - - [09/Mar/2016:11:56:56 -0300] "GET /cormun/static/hpexe_messagecontroller.js?2015112210524422 HTTP/1.1" 304 -
186.103.159.186 - - [09/Mar/2016:11:56:56 -0300] "GET /cormun/static/hpexe_messagepopupcomponent.js?20163219454551 HTTP/1.1" 304 -
186.103.159.186 - - [09/Mar/2016:11:56:56 -0300] "GET /cormun/static/hpexe_messagegenexuscomponent.js?20151120014314 HTTP/1.1" 304 -
186.103.159.186 - - [09/Mar/2016:11:56:56 -0300] "GET /cormun/static/cmcontrolpreferences.js?20151120014525 HTTP/1.1" 304 -
186.103.159.186 - - [09/Mar/2016:11:56:56 -0300] "GET /cormun/static/hmpwkw03.js?2016311993330 HTTP/1.1" 304 -
186.103.159.186 - - [09/Mar/2016:11:56:58 -0300] "GET /cormun/servlet/hhome HTTP/1.1" 200 3429
186.103.159.186 - - [09/Mar/2016:11:57:02 -0300] "GET /cormun/servlet/trsolicitudot? HTTP/1.1" 200 6192
186.103.159.186 - - [09/Mar/2016:11:57:02 -0300] "GET /cormun/static/Resources/Spanish/PXTools.css?18502099 HTTP/1.1" 304 -
186.103.159.186 - - [09/Mar/2016:11:57:02 -0300] "GET /cormun/static/gxcfg.js?201631185636 HTTP/1.1" 304 -
186.103.159.186 - - [09/Mar/2016:11:57:04 -0300] "GET /cormun/static/trsolicitudot.js?2016311856838 HTTP/1.1" 304 -
186.103.159.186 - - [09/Mar/2016:11:57:05 -0300] "GET /cormun/servlet/trsolicitudot? HTTP/1.1" 200 6192
186.103.159.186 - - [09/Mar/2016:11:57:12 -0300] "POST /cormun/servlet/trsolicitudot?5ad8d64fdcf1eda76b863afb50550d14,,gx-no-cache=1457535460810 HTTP/1.1" 200 3482
186.103.159.186 - - [09/Mar/2016:11:57:12 -0300] "POST /cormun/servlet/trsolicitudot?5ad8d64fdcf1eda76b863afb50550d14,,gx-no-cache=1457535461036 HTTP/1.1" 200 3481
186.103.159.186 - - [09/Mar/2016:11:57:13 -0300] "GET /cormun/static/menuarrow.gif HTTP/1.1" 404 1015
186.67.172.234 - - [09/Mar/2016:11:57:17 -0300] "POST /cormun/servlet/solicitudotadjuntos?gx-no-cache=1457535490899 HTTP/1.1" 200 26
186.103.159.186 - - [09/Mar/2016:11:57:23 -0300] "POST /cormun/servlet/trsolicitudot?5ad8d64fdcf1eda76b863afb50550d14,,gx-no-cache=1457535471894 HTTP/1.1" 200 3490
186.67.172.234 - - [09/Mar/2016:11:57:29 -0300] "GET /cormun/servlet/solicitudotadjuntos?37328d0684a28580b7f7bc060efa2d3721dc0ec04fa534021f95a061ee4f3592,gx-no-cache=1457535502726 HTTP/1.1" 200 30
186.67.172.234 - - [09/Mar/2016:11:57:29 -0300] "GET /cormun/servlet/solicitudotadjuntos?37328d0684a28580b7f7bc060efa2d3721dc0ec04fa534021f95a061ee4f3592,gx-no-cache=1457535502741 HTTP/1.1" 200 30
186.67.172.234 - - [09/Mar/2016:11:57:29 -0300] "POST /cormun/servlet/solicitudotadjuntos?5b6fa83b2e4eb445105d173533d71381,INS,2016,762,,1, HTTP/1.1" 200 5260
186.67.172.234 - - [09/Mar/2016:11:57:29 -0300] "GET /home/sistema/apache-tomcat-7.0.65/webapps/cormun/PrivateTempStorage/upload_00005222.pdf HTTP/1.1" 404 1135
186.67.172.234 - - [09/Mar/2016:11:57:29 -0300] "GET /cormun/static/Shared/jqueryui/images/ui-bg_highlight-soft_100_c6c2c8_1x100.png HTTP/1.1" 404 1117
186.67.172.234 - - [09/Mar/2016:11:57:29 -0300] "GET /cormun/static/Shared/jqueryui/images/ui-icons_82798d_256x240.png HTTP/1.1" 404 1089
186.67.172.234 - - [09/Mar/2016:11:57:29 -0300] "GET /cormun/static/Shared/jqueryui/images/ui-bg_flat_55_994d53_40x100.png HTTP/1.1" 404 1097
186.67.172.234 - - [09/Mar/2016:11:57:29 -0300] "GET /cormun/static/Shared/jqueryui/images/ui-icons_ebccce_256x240.png HTTP/1.1" 404 1089
186.67.172.234 - - [09/Mar/2016:11:57:29 -0300] "GET /home/sistema/apache-tomcat-7.0.65/webapps/cormun/PrivateTempStorage/upload_00005222.pdf HTTP/1.1" 404 1135
186.67.172.234 - - [09/Mar/2016:11:57:29 -0300] "GET /cormun/PrivateTempStorage/upload_00005222.pdf HTTP/1.1" 200 75806
186.103.159.186 - - [09/Mar/2016:11:57:30 -0300] "GET /cormun/servlet/trsolicitudot?574b32ed29bce25203c530cce8066fab54af98ce2492f527247f7965b45899d0dcc618ddecfdfd9f6c2974dc34800509c33d7fbb328f905df9e106795ec7be5fd10503fe134e73f64209d1c53ff6b15ae53b9e41474c78a8a2a7158e9ddb1a8b,gx-no-cache=1457535478455 HTTP/1.1" 200 767
186.67.172.234 - - [09/Mar/2016:11:57:30 -0300] "GET /cormun/PrivateTempStorage/upload_00005222.pdf HTTP/1.1" 304 -
186.67.172.234 - - [09/Mar/2016:11:57:30 -0300] "GET /cormun/PrivateTempStorage/upload_00005222.pdf HTTP/1.1" 304 -
186.103.159.186 - - [09/Mar/2016:11:57:31 -0300] "POST /cormun/servlet/trsolicitudot?5ad8d64fdcf1eda76b863afb50550d14,,gx-no-cache=1457535479315 HTTP/1.1" 200 3500
186.103.159.186 - - [09/Mar/2016:11:57:36 -0300] "POST /cormun/servlet/trsolicitudot?5ad8d64fdcf1eda76b863afb50550d14,,gx-no-cache=1457535484331 HTTP/1.1" 200 3502
186.103.159.186 - - [09/Mar/2016:11:57:36 -0300] "GET /cormun/servlet/trsolicitudot?574b32ed29bce25203c530cce8066fab54af98ce2492f527247f7965b45899d03357495a83e829e7c65aea9db28447aac33d7fbb328f905df9e106795ec7be5fd10503fe134e73f64209d1c53ff6b15ae53b9e41474c78a8a2a7158e9ddb1a8b,gx-no-cache=1457535484739 HTTP/1.1" 200 775
186.67.172.234 - - [09/Mar/2016:11:57:37 -0300] "GET /cormun/servlet/trsolicitudadjuntos?2016,762, HTTP/1.1" 200 7410
186.67.172.234 - - [09/Mar/2016:11:57:37 -0300] "GET /cormun/servlet/trsolicitudadjuntos?2016,762, HTTP/1.1" 200 7405
186.103.159.186 - - [09/Mar/2016:11:57:39 -0300] "GET /cormun/servlet/trsolicitudot?574b32ed29bce25203c530cce8066fab54af98ce2492f527247f7965b45899d05d79ce76cf95b3b68b324005a6fc3d14d46b53d9eb661724637434629bec32af57870b75b20a1fb39b7ff99a7ed2110b8f0c8679fe848e11a9694ea29f5cfae2,gx-no-cache=1457535487565 HTTP/1.1" 200 775
186.103.159.186 - - [09/Mar/2016:11:57:40 -0300] "GET /cormun/servlet/trsolicitudot?574b32ed29bce25203c530cce8066fab54af98ce2492f527247f7965b45899d0d0985a1ea8ca5142b9919943ade1e8ebe8a8be26a530994f915d621d765bdbc3a827d4102c25cd46dcf9691d07d69c1e71129ddde847479f528c89b06a2d67ce,gx-no-cache=1457535488700 HTTP/1.1" 200 775
186.67.172.234 - - [09/Mar/2016:11:57:41 -0300] "GET /cormun/servlet/solicitudotadjuntos?INS,2016,762,,1, HTTP/1.1" 200 5478
186.67.172.234 - - [09/Mar/2016:11:57:42 -0300] "GET /cormun/static/about:blank HTTP/1.1" 404 1011
186.67.172.234 - - [09/Mar/2016:11:57:42 -0300] "GET /cormun/servlet/solicitudotadjuntos?INS,2016,762,,1, HTTP/1.1" 200 5472
186.67.172.234 - - [09/Mar/2016:11:57:42 -0300] "GET /cormun/servlet/solicitudotadjuntos?37328d0684a28580b7f7bc060efa2d3709a848f7abba72efc1d7f69c793bf6bf4fbd695aa5c0c88f148ff18ee7aafed6,gx-no-cache=1457535515970 HTTP/1.1" 200 30
186.67.172.234 - - [09/Mar/2016:11:57:42 -0300] "POST /cormun/servlet/solicitudotadjuntos?5b6fa83b2e4eb445105d173533d71381,INS,2016,762,,1,,gx-no-cache=1457535516038 HTTP/1.1" 200 3352
186.103.159.186 - - [09/Mar/2016:11:57:42 -0300] "GET /cormun/servlet/solicitudot?INS,0,0, HTTP/1.1" 200 11428
186.103.159.186 - - [09/Mar/2016:11:57:43 -0300] "GET /cormun/static/Resources/Spanish/PXTools.css?1944839 HTTP/1.1" 304 -
186.103.159.186 - - [09/Mar/2016:11:57:43 -0300] "GET /cormun/static/gxcfg.js?20163219435133 HTTP/1.1" 304 -
186.103.159.186 - - [09/Mar/2016:11:57:44 -0300] "GET /cormun/static/solicitudot.js?20163219435183 HTTP/1.1" 304 -
186.103.159.186 - - [09/Mar/2016:11:57:45 -0300] "GET /cormun/servlet/solicitudot?INS,0,0, HTTP/1.1" 200 11432
186.67.172.234 - - [09/Mar/2016:11:57:48 -0300] "POST /cormun/servlet/solicitudotadjuntos?gx-no-cache=1457535522075 HTTP/1.1" 200 26
186.103.159.186 - - [09/Mar/2016:11:57:56 -0300] "POST /cormun/servlet/solicitudot?gx-no-cache=1457535504548 HTTP/1.1" 200 2668
186.103.159.186 - - [09/Mar/2016:11:57:56 -0300] "POST /cormun/servlet/solicitudot?5ad8d64fdcf1eda76b863afb50550d14,INS,0,0,,gx-no-cache=1457535504866 HTTP/1.1" 200 8265
186.67.172.234 - - [09/Mar/2016:11:57:58 -0300] "GET /cormun/servlet/solicitudotadjuntos?37328d0684a28580b7f7bc060efa2d3721dc0ec04fa534021f95a061ee4f3592,gx-no-cache=1457535531676 HTTP/1.1" 200 30
186.67.172.234 - - [09/Mar/2016:11:57:58 -0300] "GET /cormun/servlet/solicitudotadjuntos?37328d0684a28580b7f7bc060efa2d3721dc0ec04fa534021f95a061ee4f3592,gx-no-cache=1457535531696 HTTP/1.1" 200 30
186.67.172.234 - - [09/Mar/2016:11:57:58 -0300] "POST /cormun/servlet/solicitudotadjuntos?5b6fa83b2e4eb445105d173533d71381,INS,2016,762,,1, HTTP/1.1" 200 116
186.67.172.234 - - [09/Mar/2016:11:57:58 -0300] "GET /cormun/servlet/hpexe_return? HTTP/1.1" 200 1031
186.67.172.234 - - [09/Mar/2016:11:57:58 -0300] "GET /cormun/servlet/trsolicitudadjuntos?2016,762, HTTP/1.1" 200 7586
186.67.172.234 - - [09/Mar/2016:11:57:59 -0300] "GET /cormun/servlet/trsolicitudadjuntos?2016,762, HTTP/1.1" 200 7581
186.103.159.186 - - [09/Mar/2016:11:58:00 -0300] "GET /cormun/servlet/solicitudot?bbca4dc458fbc25750bd90ef934baec257b3510810ef225b3daa919ad2ec1adb7cbfeff50cd943a91a66f70afae5aa56,gx-no-cache=1457535508816 HTTP/1.1" 200 111
186.103.159.186 - - [09/Mar/2016:11:58:00 -0300] "GET /cormun/static/Shared/jqueryui/images/ui-icons_82798d_256x240.png HTTP/1.1" 404 1089
186.103.159.186 - - [09/Mar/2016:11:58:00 -0300] "GET /cormun/static/Shared/jqueryui/images/ui-bg_highlight-soft_100_c6c2c8_1x100.png HTTP/1.1" 404 1117
186.103.159.186 - - [09/Mar/2016:11:58:00 -0300] "GET /cormun/static/Shared/jqueryui/images/ui-bg_flat_55_994d53_40x100.png HTTP/1.1" 404 1097
186.103.159.186 - - [09/Mar/2016:11:58:00 -0300] "GET /cormun/static/Shared/jqueryui/images/ui-icons_ebccce_256x240.png HTTP/1.1" 404 1089
186.67.172.234 - - [09/Mar/2016:11:58:02 -0300] "GET /cormun/servlet/solicitudotadjuntos?INS,2016,762,,1, HTTP/1.1" 200 5478
186.67.172.234 - - [09/Mar/2016:11:58:02 -0300] "GET /cormun/static/about:blank HTTP/1.1" 404 1011
186.67.172.234 - - [09/Mar/2016:11:58:03 -0300] "GET /cormun/servlet/solicitudotadjuntos?INS,2016,762,,1, HTTP/1.1" 200 5472
186.67.172.234 - - [09/Mar/2016:11:58:03 -0300] "GET /cormun/servlet/solicitudotadjuntos?37328d0684a28580b7f7bc060efa2d3709a848f7abba72efc1d7f69c793bf6bf4fbd695aa5c0c88f148ff18ee7aafed6,gx-no-cache=1457535536789 HTTP/1.1" 200 30
186.67.172.234 - - [09/Mar/2016:11:58:03 -0300] "POST /cormun/servlet/solicitudotadjuntos?5b6fa83b2e4eb445105d173533d71381,INS,2016,762,,1,,gx-no-cache=1457535536818 HTTP/1.1" 200 3352
186.67.172.234 - - [09/Mar/2016:11:58:07 -0300] "POST /cormun/servlet/solicitudotadjuntos?gx-no-cache=1457535540947 HTTP/1.1" 200 26
186.103.159.186 - - [09/Mar/2016:11:58:15 -0300] "POST /cormun/servlet/solicitudot?gx-no-cache=1457535523466 HTTP/1.1" 200 2670
186.103.159.186 - - [09/Mar/2016:11:58:15 -0300] "POST /cormun/servlet/solicitudot?5ad8d64fdcf1eda76b863afb50550d14,INS,0,0,,gx-no-cache=1457535523618 HTTP/1.1" 200 8319
186.67.172.234 - - [09/Mar/2016:11:58:17 -0300] "GET /cormun/servlet/solicitudotadjuntos?37328d0684a28580b7f7bc060efa2d3721dc0ec04fa534021f95a061ee4f3592,gx-no-cache=1457535550739 HTTP/1.1" 200 30
186.67.172.234 - - [09/Mar/2016:11:58:17 -0300] "GET /cormun/servlet/solicitudotadjuntos?37328d0684a28580b7f7bc060efa2d3721dc0ec04fa534021f95a061ee4f3592,gx-no-cache=1457535550794 HTTP/1.1" 200 30
186.67.172.234 - - [09/Mar/2016:11:58:17 -0300] "POST /cormun/servlet/solicitudotadjuntos?5b6fa83b2e4eb445105d173533d71381,INS,2016,762,,1, HTTP/1.1" 200 116
186.67.172.234 - - [09/Mar/2016:11:58:17 -0300] "GET /cormun/servlet/hpexe_return? HTTP/1.1" 200 1031
186.67.172.234 - - [09/Mar/2016:11:58:17 -0300] "GET /cormun/servlet/trsolicitudadjuntos?2016,762, HTTP/1.1" 200 7715
186.67.172.234 - - [09/Mar/2016:11:58:18 -0300] "GET /cormun/servlet/trsolicitudadjuntos?2016,762, HTTP/1.1" 200 7715
186.103.159.186 - - [09/Mar/2016:11:58:18 -0300] "GET /cormun/servlet/solicitudot?bbca4dc458fbc25750bd90ef934baec20c106072093bf74d04859b266594ddc27cbfeff50cd943a91a66f70afae5aa56,gx-no-cache=1457535526847 HTTP/1.1" 200 30
186.67.172.234 - - [09/Mar/2016:11:58:21 -0300] "GET /cormun/servlet/solicitudotadjuntos?INS,2016,762,,1, HTTP/1.1" 200 5478
186.67.172.234 - - [09/Mar/2016:11:58:22 -0300] "GET /cormun/static/about:blank HTTP/1.1" 404 1011
186.67.172.234 - - [09/Mar/2016:11:58:22 -0300] "GET /cormun/servlet/solicitudotadjuntos?INS,2016,762,,1, HTTP/1.1" 200 5472
186.67.172.234 - - [09/Mar/2016:11:58:23 -0300] "GET /cormun/servlet/solicitudotadjuntos?37328d0684a28580b7f7bc060efa2d3709a848f7abba72efc1d7f69c793bf6bf4fbd695aa5c0c88f148ff18ee7aafed6,gx-no-cache=1457535556384 HTTP/1.1" 200 30
186.67.172.234 - - [09/Mar/2016:11:58:23 -0300] "POST /cormun/servlet/solicitudotadjuntos?5b6fa83b2e4eb445105d173533d71381,INS,2016,762,,1,,gx-no-cache=1457535556415 HTTP/1.1" 200 3351
186.67.172.234 - - [09/Mar/2016:11:58:26 -0300] "POST /cormun/servlet/solicitudotadjuntos?gx-no-cache=1457535560330 HTTP/1.1" 200 26
186.67.172.234 - - [09/Mar/2016:11:58:35 -0300] "GET /cormun/servlet/solicitudotadjuntos?37328d0684a28580b7f7bc060efa2d3721dc0ec04fa534021f95a061ee4f3592,gx-no-cache=1457535568492 HTTP/1.1" 200 30
186.67.172.234 - - [09/Mar/2016:11:58:35 -0300] "GET /cormun/servlet/solicitudotadjuntos?37328d0684a28580b7f7bc060efa2d3721dc0ec04fa534021f95a061ee4f3592,gx-no-cache=1457535568507 HTTP/1.1" 200 30
