186.103.159.186 - - [09/Mar/2016:12:10:54 -0300] "GET /cormun/servlet/trsolicitudadjuntos?2016,767, HTTP/1.1" 200 7886
186.78.52.227 - - [09/Mar/2016:12:10:55 -0300] "GET /cormun/static/menuarrow.gif HTTP/1.1" 404 1015
186.103.159.186 - - [09/Mar/2016:12:10:57 -0300] "GET /cormun/servlet/trsolicitudadjuntos?2016,767, HTTP/1.1" 200 7885
186.103.159.186 - - [09/Mar/2016:12:11:01 -0300] "GET /cormun/servlet/solicitudotadjuntos?INS,2016,767,,2, HTTP/1.1" 200 5459
186.103.159.186 - - [09/Mar/2016:12:11:01 -0300] "GET /cormun/static/about:blank HTTP/1.1" 404 1011
186.103.159.186 - - [09/Mar/2016:12:11:03 -0300] "GET /cormun/servlet/solicitudotadjuntos?INS,2016,767,,2, HTTP/1.1" 200 5453
186.103.159.186 - - [09/Mar/2016:12:11:04 -0300] "GET /cormun/servlet/solicitudotadjuntos?bbca4dc458fbc25750bd90ef934baec25c32407d1491fd3a8e83030c57a4db4ba23a60f10d52afaac485b774e794fd43,gx-no-cache=1457536292591 HTTP/1.1" 200 30
186.103.159.186 - - [09/Mar/2016:12:11:04 -0300] "POST /cormun/servlet/solicitudotadjuntos?5ad8d64fdcf1eda76b863afb50550d14,INS,2016,767,,2,,gx-no-cache=1457536292654 HTTP/1.1" 200 3502
186.103.159.186 - - [09/Mar/2016:12:11:23 -0300] "POST /cormun/servlet/solicitudotadjuntos?5ad8d64fdcf1eda76b863afb50550d14,INS,2016,767,,2,,gx-no-cache=1457536311328 HTTP/1.1" 200 93
186.103.159.186 - - [09/Mar/2016:12:11:23 -0300] "GET /cormun/servlet/hpexe_return? HTTP/1.1" 200 1025
186.103.159.186 - - [09/Mar/2016:12:11:23 -0300] "GET /cormun/servlet/trsolicitudadjuntos?2016,767, HTTP/1.1" 200 7886
186.103.159.186 - - [09/Mar/2016:12:11:26 -0300] "GET /cormun/servlet/trsolicitudadjuntos?2016,767, HTTP/1.1" 200 7881
186.78.52.227 - - [09/Mar/2016:12:11:26 -0300] "GET /cormun/servlet/solicitudot?d4c5069ea6e33439b3266ab8b8051c677fe0482283e8ba55a47145aa9944bde0bc03f6a7bfd9c878bc16c94611ce45c629f9cae8acd98a8185c82d757201a92061fd3f6ebe3a727c73a5eda608d5177a10a4f4ac32e3178e4eff18bbf50b06273156bbe4200e4509e7b63b45bd71d3fc2402c083a92ae861a0fcfa41162c59bfa594188d059a7a17306f49e921bc357c584ddd3f92e163c2257271b99973a462c203cb0bb5f464124c9191786e22758a,gx-no-cache=1457536304312 HTTP/1.1" 200 30
186.103.159.186 - - [09/Mar/2016:12:11:45 -0300] "POST /cormun/servlet/trsolicitudadjuntos?5ad8d64fdcf1eda76b863afb50550d14,2016,767,,gx-no-cache=1457536333778 HTTP/1.1" 200 90
186.103.159.186 - - [09/Mar/2016:12:11:45 -0300] "GET /cormun/servlet/hpexe_link HTTP/1.1" 200 986
186.103.159.186 - - [09/Mar/2016:12:11:46 -0300] "GET /cormun/servlet/trsolicitudot?gx-no-cache=1457536004395 HTTP/1.1" 200 7505
186.103.159.186 - - [09/Mar/2016:12:11:48 -0300] "GET /cormun/servlet/trsolicitudot?gx-no-cache=1457536004395 HTTP/1.1" 200 7524
186.78.52.227 - - [09/Mar/2016:12:11:59 -0300] "POST /cormun/servlet/solicitudot?22c73c1cc9401a3664132f5a0f732d2e,INS,0,0,,gx-no-cache=1457536335038 HTTP/1.1" 200 93
186.78.52.227 - - [09/Mar/2016:12:11:59 -0300] "GET /cormun/servlet/hpexe_return? HTTP/1.1" 200 1012
186.78.52.227 - - [09/Mar/2016:12:12:01 -0300] "GET /cormun/static/gxcfg.js?2015111312145050 HTTP/1.1" 200 953
186.78.52.227 - - [09/Mar/2016:12:12:01 -0300] "GET /cormun/static/hpexe_return.js?2015111312145056 HTTP/1.1" 200 1633
186.78.52.227 - - [09/Mar/2016:12:12:02 -0300] "GET /cormun/static/Resources/Spanish/PXTools.css?12112540 HTTP/1.1" 200 89042
186.78.52.227 - - [09/Mar/2016:12:12:03 -0300] "GET /cormun/servlet/trsolicitudot HTTP/1.1" 200 7472
186.78.52.227 - - [09/Mar/2016:12:12:05 -0300] "GET /cormun//static/Resources/PXToolsActionView.png HTTP/1.1" 200 2995
186.78.52.227 - - [09/Mar/2016:12:12:05 -0300] "GET /cormun//static/Resources/PXToolsGridUpdate.png HTTP/1.1" 200 2984
186.78.52.227 - - [09/Mar/2016:12:12:05 -0300] "GET /cormun/servlet/trsolicitudot HTTP/1.1" 200 7468
186.78.52.227 - - [09/Mar/2016:12:12:05 -0300] "GET /cormun//static/Resources/PXToolsGridDelete.png HTTP/1.1" 200 357
186.78.52.227 - - [09/Mar/2016:12:12:05 -0300] "GET /cormun//static/Resources/PXTools/ActionInsert.png HTTP/1.1" 200 1482
186.78.52.227 - - [09/Mar/2016:12:12:05 -0300] "GET /cormun//static/Resources/PXToolsRemoveAllAction.png HTTP/1.1" 200 3558
186.78.52.227 - - [09/Mar/2016:12:12:22 -0300] "GET /cormun/servlet/solicitudot?INS,0,0, HTTP/1.1" 200 11411
186.78.52.227 - - [09/Mar/2016:12:12:23 -0300] "GET /cormun/servlet/solicitudot?INS,0,0, HTTP/1.1" 200 11416
186.78.52.227 - - [09/Mar/2016:12:12:29 -0300] "GET /cormun/servlet/prfichaempleado?,MD,,gxPopupLevel%3D0%3B HTTP/1.1" 200 7866
186.78.52.227 - - [09/Mar/2016:12:12:29 -0300] "GET /cormun/static/scaMessage/css/jquery-ui.css?104140 HTTP/1.1" 404 1045
186.103.159.186 - - [09/Mar/2016:12:12:30 -0300] "GET /cormun/servlet/treventos?2016,767, HTTP/1.1" 200 5202
186.103.159.186 - - [09/Mar/2016:12:12:30 -0300] "GET /cormun/static/gxcfg.js?2016311731661 HTTP/1.1" 200 953
186.103.159.186 - - [09/Mar/2016:12:12:30 -0300] "GET /cormun/static/treventos.js?2016311731865 HTTP/1.1" 200 14123
186.103.159.186 - - [09/Mar/2016:12:12:32 -0300] "GET /cormun/servlet/treventos?2016,767, HTTP/1.1" 200 5182
186.103.159.186 - - [09/Mar/2016:12:12:33 -0300] "POST /cormun/servlet/acontrolpreferencessavestate?None,CD-35,true HTTP/1.1" 200 35
186.78.52.227 - - [09/Mar/2016:12:12:35 -0300] "GET /cormun/servlet/prfichaempleado?59ac50354f3e0ee376eef57afa520509a9792eef16c80a31cdc51db6e3d375b8e2bc9ad3f3fa1b9f3ca0fa0a53f49da9e16313ddb7d87d7c744fffea74358eb87f5985ac5f45d9480f2dd1cf9d7b377d,gx-no-cache=1457536373712 HTTP/1.1" 200 473
186.78.52.227 - - [09/Mar/2016:12:12:36 -0300] "GET /cormun/servlet/prfichaempleado?59ac50354f3e0ee376eef57afa5205099f8660b239771a77439e1779c2a67cb60db1ba73d98d3b418186d0e8369e3ce52a8ebfb4b04effd04aff3948ad75b64f11666a3c175c11ad7617ab86e7317ce7,gx-no-cache=1457536375417 HTTP/1.1" 200 433
186.78.52.227 - - [09/Mar/2016:12:12:37 -0300] "GET /cormun/servlet/prfichaempleado?59ac50354f3e0ee376eef57afa520509a9792eef16c80a31cdc51db6e3d375b8e2bc9ad3f3fa1b9f3ca0fa0a53f49da9aedae625abaec3a71657e439f7509299,gx-no-cache=1457536376511 HTTP/1.1" 200 469
186.78.52.227 - - [09/Mar/2016:12:12:39 -0300] "GET /cormun/servlet/prfichaempleado?59ac50354f3e0ee376eef57afa5205096dc772a52980d5704254f60f7d233f96f5ea98662bcb51d4e0e24e747ac556f874833eeb8e5771385c84acc7e204f0f6eb9313b04a9a8bafff05f1faa5df07e8,gx-no-cache=1457536378292 HTTP/1.1" 200 437
186.78.52.227 - - [09/Mar/2016:12:12:42 -0300] "GET /cormun/servlet/prfichaempleado?59ac50354f3e0ee376eef57afa520509a9792eef16c80a31cdc51db6e3d375b8e2bc9ad3f3fa1b9f3ca0fa0a53f49da9aedae625abaec3a71657e439f7509299,gx-no-cache=1457536381493 HTTP/1.1" 200 469
186.78.52.227 - - [09/Mar/2016:12:12:44 -0300] "GET /cormun/servlet/prfichaempleado?59ac50354f3e0ee376eef57afa5205093ee542cd67c726e513b72cc5a79ef7d13e95f12fc4985d2b1b2be7c248d8d315e4ec15d691b2508cbd85a49f16ed076e317c5dc27317bcb71c1820fef895ee76,gx-no-cache=1457536382767 HTTP/1.1" 200 474
186.78.52.227 - - [09/Mar/2016:12:12:47 -0300] "GET /cormun/servlet/prfichaempleado?59ac50354f3e0ee376eef57afa5205093ee542cd67c726e513b72cc5a79ef7d1906a16e1eced12c53e245eeb1612ff0976a8cf0fcd2c0d5b08d22c40429c1823f6a4a518549a306fb610273e370383f2,gx-no-cache=1457536385770 HTTP/1.1" 200 467
186.78.52.227 - - [09/Mar/2016:12:12:49 -0300] "GET /cormun/servlet/prfichaempleado?59ac50354f3e0ee376eef57afa5205093ee542cd67c726e513b72cc5a79ef7d178c2874ef5864a710a95834549e48a2bc0d7c47b3b4df61ae9da770aa5be148cd004c95c877f4139f0ca9a1291ad11a9,gx-no-cache=1457536387553 HTTP/1.1" 200 468
186.78.52.227 - - [09/Mar/2016:12:12:51 -0300] "POST /cormun/servlet/prfichaempleado?22c73c1cc9401a3664132f5a0f732d2e,,MD,,gxPopupLevel%3D0%3B,gx-no-cache=1457536389999 HTTP/1.1" 200 2832
186.78.52.227 - - [09/Mar/2016:12:12:58 -0300] "POST /cormun/servlet/solicitudot?gx-no-cache=1457536396007 HTTP/1.1" 200 2751
186.103.159.186 - - [09/Mar/2016:12:12:58 -0300] "POST /cormun/servlet/treventos?5ad8d64fdcf1eda76b863afb50550d14,2016,767,,gx-no-cache=1457536406771 HTTP/1.1" 200 3127
186.78.52.227 - - [09/Mar/2016:12:12:59 -0300] "POST /cormun/servlet/solicitudot?22c73c1cc9401a3664132f5a0f732d2e,INS,0,0,,gx-no-cache=1457536397467 HTTP/1.1" 200 8381
186.78.52.227 - - [09/Mar/2016:12:13:00 -0300] "GET /cormun/servlet/solicitudot?d4c5069ea6e33439b3266ab8b8051c678cd729bafc35c34cac7b5892a7eea330f7dcb7115b9ad66f4db2f33ddae8f40c,gx-no-cache=1457536398922 HTTP/1.1" 200 30
186.103.159.186 - - [09/Mar/2016:12:13:01 -0300] "POST /cormun/servlet/treventos?5ad8d64fdcf1eda76b863afb50550d14,2016,767,,gx-no-cache=1457536409836 HTTP/1.1" 200 90
186.103.159.186 - - [09/Mar/2016:12:13:01 -0300] "GET /cormun/servlet/hpexe_link HTTP/1.1" 200 982
186.103.159.186 - - [09/Mar/2016:12:13:03 -0300] "GET /cormun/servlet/trsolicitudot?gx-no-cache=1457536004395 HTTP/1.1" 200 7508
186.103.159.186 - - [09/Mar/2016:12:13:05 -0300] "GET /cormun/servlet/trsolicitudot?gx-no-cache=1457536004395 HTTP/1.1" 200 7527
186.78.52.227 - - [09/Mar/2016:12:13:34 -0300] "POST /cormun/servlet/solicitudot?gx-no-cache=1457536433300 HTTP/1.1" 200 30
186.103.159.186 - - [09/Mar/2016:12:13:54 -0300] "GET /cormun/servlet/hlogin HTTP/1.1" 200 1712
186.78.52.227 - - [09/Mar/2016:12:13:59 -0300] "POST /cormun/servlet/solicitudot?gx-no-cache=1457536458137 HTTP/1.1" 200 30
186.103.159.186 - - [09/Mar/2016:12:14:09 -0300] "POST /cormun/servlet/hlogin?d54bf057d19d926ba0a9887ea74c1a55,gx-no-cache=1457536477484 HTTP/1.1" 200 90
186.103.159.186 - - [09/Mar/2016:12:14:09 -0300] "GET /cormun/servlet/hpexe_link HTTP/1.1" 200 946
186.103.159.186 - - [09/Mar/2016:12:14:09 -0300] "GET /cormun/servlet/hhome HTTP/1.1" 200 3416
186.78.52.227 - - [09/Mar/2016:12:14:10 -0300] "POST /cormun/servlet/solicitudot?gx-no-cache=1457536469345 HTTP/1.1" 200 452
186.78.52.227 - - [09/Mar/2016:12:14:10 -0300] "GET /cormun/servlet/solicitudot?d4c5069ea6e33439b3266ab8b8051c677a3a2c87715a58eb7a00157d69fd85c1b74bbdae2373c897305806c02a2c052428bd69f2e3f1cabd7161e0f75c30a83f64d589178bf5cd1e74839b48252f94bf38ec7c683dcb4b4175c30d501ad0d4969d6b8b3af0be6f1b13e6adb1a008c77ce2fede93564148be77f4c5afbc76210cb2f54b6820745fb2a8850c8fb653bfbb,gx-no-cache=1457536469527 HTTP/1.1" 200 38
186.103.159.186 - - [09/Mar/2016:12:14:12 -0300] "GET /cormun/servlet/hhome HTTP/1.1" 200 3412
186.78.52.227 - - [09/Mar/2016:12:14:22 -0300] "GET /cormun/servlet/solicitudot?d4c5069ea6e33439b3266ab8b8051c67f510eb376327f8d75d33ff098527820364c208cf702b87260dce4047c80593562b2aeda0627d1d05b733bd6ce8561206627d50f0fdb0e87e4062bb3ece697088f45bb8ca808ff832fa6739b02398c791f61694acfba1bbaead434114f7be65fcf6f54ef57346e45e371115bfa44252b8ffef66b8af144c725fce48fd946c3d71b1fd2828b83fb9596e40385af68cbc3f,gx-no-cache=1457536480811 HTTP/1.1" 200 29
186.78.52.227 - - [09/Mar/2016:12:14:23 -0300] "POST /cormun/servlet/solicitudot?gx-no-cache=1457536482429 HTTP/1.1" 200 1128
186.103.159.186 - - [09/Mar/2016:12:14:37 -0300] "GET /cormun/servlet/trautorizarsolicitud? HTTP/1.1" 200 6123
186.103.159.186 - - [09/Mar/2016:12:14:38 -0300] "GET /cormun/static/Resources/Spanish/PXTools.css?19444614 HTTP/1.1" 304 -
186.103.159.186 - - [09/Mar/2016:12:14:38 -0300] "GET /cormun/static/gxcfg.js?20163219504791 HTTP/1.1" 304 -
186.103.159.186 - - [09/Mar/2016:12:14:39 -0300] "GET /cormun/static/trautorizarsolicitud.js?20163219505323 HTTP/1.1" 304 -
186.103.159.186 - - [09/Mar/2016:12:14:40 -0300] "GET /cormun/servlet/trautorizarsolicitud? HTTP/1.1" 200 6122
186.103.159.186 - - [09/Mar/2016:12:14:46 -0300] "POST /cormun/servlet/trautorizarsolicitud?d54bf057d19d926ba0a9887ea74c1a55,,gx-no-cache=1457536514551 HTTP/1.1" 200 3466
186.103.159.186 - - [09/Mar/2016:12:14:46 -0300] "POST /cormun/servlet/trautorizarsolicitud?d54bf057d19d926ba0a9887ea74c1a55,,gx-no-cache=1457536514789 HTTP/1.1" 200 3466
186.103.159.186 - - [09/Mar/2016:12:14:46 -0300] "POST /cormun/servlet/trautorizarsolicitud?d54bf057d19d926ba0a9887ea74c1a55,,gx-no-cache=1457536515024 HTTP/1.1" 200 3466
186.103.159.186 - - [09/Mar/2016:12:14:47 -0300] "POST /cormun/servlet/trautorizarsolicitud?d54bf057d19d926ba0a9887ea74c1a55,,gx-no-cache=1457536515245 HTTP/1.1" 200 3466
186.78.52.227 - - [09/Mar/2016:12:14:47 -0300] "GET /cormun/servlet/solicitudot?d4c5069ea6e33439b3266ab8b8051c677fe0482283e8ba55a47145aa9944bde0706d6f09c5ac02d501e5dd9189fbda3229f9cae8acd98a8185c82d757201a92061fd3f6ebe3a727c73a5eda608d5177a10a4f4ac32e3178e4eff18bbf50b06273156bbe4200e4509e7b63b45bd71d3fc2402c083a92ae861a0fcfa41162c59bfa594188d059a7a17306f49e921bc357c410135ca802052518aae1716c4493e8347d2ac50da28fdc5ebd85302adc28974,gx-no-cache=1457536506322 HTTP/1.1" 200 30
186.103.159.186 - - [09/Mar/2016:12:14:54 -0300] "GET /cormun/servlet/trautorizarsolicitud?a87f0c3033f63d2edcc7b6f82eef591d780931d05d8b16546a3b01ea95eb57eef236958aebf85acbec8962e90f29e691774e49c8762aa6b0fdc545790bb4145eaa3651da34b5b0639965704f242134dccb759bd2c42932889e80cdebadbfba9f,gx-no-cache=1457536522588 HTTP/1.1" 200 753
186.103.159.186 - - [09/Mar/2016:12:14:55 -0300] "GET /cormun/servlet/trautorizarsolicitud?a87f0c3033f63d2edcc7b6f82eef591d0609ee5b3b58a6236407209378a28ae3876dd04f6f1bd559ff8fe8b3fc234dcc6a4d550dc7814a7c52a420e360f700fcb8578a0c3f31f45047804cfa1ecdcb0b72fe9455645271542bc195e4dd839716,gx-no-cache=1457536524181 HTTP/1.1" 200 753
186.103.159.186 - - [09/Mar/2016:12:14:57 -0300] "POST /cormun/servlet/trautorizarsolicitud?d54bf057d19d926ba0a9887ea74c1a55,,gx-no-cache=1457536526155 HTTP/1.1" 200 3476
186.103.159.186 - - [09/Mar/2016:12:15:01 -0300] "GET /cormun/servlet/trautorizarsolicitud?a87f0c3033f63d2edcc7b6f82eef591d0609ee5b3b58a6236407209378a28ae36b598f8a1337c25b8198d97f9856fe792f14815829f1e2418e4bac61ba04c9f249b0f9524ad3ebfcc0585063057975ba5095f5df5a8a3655cd047d32270d4be77341c0c55d2f15ec2a638c2e8b4a2123,gx-no-cache=1457536529801 HTTP/1.1" 200 758
186.78.52.227 - - [09/Mar/2016:12:15:01 -0300] "POST /cormun/servlet/solicitudot?22c73c1cc9401a3664132f5a0f732d2e,INS,0,0,,gx-no-cache=1457536520094 HTTP/1.1" 200 93
186.78.52.227 - - [09/Mar/2016:12:15:02 -0300] "GET /cormun/servlet/hpexe_return? HTTP/1.1" 200 1012
186.78.52.227 - - [09/Mar/2016:12:15:02 -0300] "GET /cormun/servlet/trsolicitudot HTTP/1.1" 200 7751
186.78.52.227 - - [09/Mar/2016:12:15:03 -0300] "GET /cormun/servlet/trsolicitudot HTTP/1.1" 200 7747
186.103.159.186 - - [09/Mar/2016:12:15:06 -0300] "POST /cormun/servlet/trautorizarsolicitud?d54bf057d19d926ba0a9887ea74c1a55,,gx-no-cache=1457536534595 HTTP/1.1" 200 3482
186.103.159.186 - - [09/Mar/2016:12:15:06 -0300] "POST /cormun/servlet/trautorizarsolicitud?d54bf057d19d926ba0a9887ea74c1a55,,gx-no-cache=1457536534844 HTTP/1.1" 200 3482
186.103.159.186 - - [09/Mar/2016:12:15:06 -0300] "POST /cormun/servlet/trautorizarsolicitud?d54bf057d19d926ba0a9887ea74c1a55,,gx-no-cache=1457536535160 HTTP/1.1" 200 3482
186.103.159.186 - - [09/Mar/2016:12:15:07 -0300] "POST /cormun/servlet/trautorizarsolicitud?d54bf057d19d926ba0a9887ea74c1a55,,gx-no-cache=1457536535440 HTTP/1.1" 200 3482
186.78.52.227 - - [09/Mar/2016:12:15:15 -0300] "GET /cormun/servlet/vesolicitudot?2016,769,, HTTP/1.1" 200 7506
186.78.52.227 - - [09/Mar/2016:12:15:15 -0300] "GET /cormun/static/gxcfg.js?20163117275080 HTTP/1.1" 200 953
186.78.52.227 - - [09/Mar/2016:12:15:15 -0300] "GET /cormun/pexe_scrolldiv.js HTTP/1.1" 404 1009
186.78.52.227 - - [09/Mar/2016:12:15:15 -0300] "GET /cormun/static/Resources/PXToolsTabFirstSelected.png HTTP/1.1" 200 1259
186.78.52.227 - - [09/Mar/2016:12:15:15 -0300] "GET /cormun/static/vesolicitudot.js?20163117275148 HTTP/1.1" 200 6091
186.78.52.227 - - [09/Mar/2016:12:15:15 -0300] "GET /cormun/static/hwcviewtabs.js?20151120014372 HTTP/1.1" 200 1074
186.78.52.227 - - [09/Mar/2016:12:15:15 -0300] "GET /cormun/static/hpexe_tabsview.js?20151120014350 HTTP/1.1" 200 1661
186.78.52.227 - - [09/Mar/2016:12:15:15 -0300] "GET /cormun/static/Resources/PXToolsTabLastUnselected.png HTTP/1.1" 200 1291
186.78.52.227 - - [09/Mar/2016:12:15:15 -0300] "GET /cormun/static/Resources/Spanish/PXTools.css?171692 HTTP/1.1" 200 89042
186.78.52.227 - - [09/Mar/2016:12:15:15 -0300] "GET /cormun/static/tbsolicitudot01.js?20163117273399 HTTP/1.1" 200 27008
186.78.52.227 - - [09/Mar/2016:12:15:16 -0300] "GET /cormun/static/Resources/PXToolsTabPrevious.gif HTTP/1.1" 200 172
186.78.52.227 - - [09/Mar/2016:12:15:16 -0300] "GET /cormun/static/Resources/PXToolsTabNext.gif HTTP/1.1" 200 168
186.78.52.227 - - [09/Mar/2016:12:15:16 -0300] "GET /cormun/static/calendar-system.css HTTP/1.1" 200 5572
186.78.52.227 - - [09/Mar/2016:12:15:16 -0300] "GET /cormun/static/Resources/PXToolsTabBackSelected.png HTTP/1.1" 200 1157
186.78.52.227 - - [09/Mar/2016:12:15:16 -0300] "GET /cormun/static/Resources/PXToolsTabBackUnselected.png HTTP/1.1" 200 1175
186.78.52.227 - - [09/Mar/2016:12:15:16 -0300] "GET /cormun/static/Resources/PXToolsTabSelectedUnselected.png HTTP/1.1" 200 1428
186.78.52.227 - - [09/Mar/2016:12:15:16 -0300] "GET /cormun/static/Resources/PXToolsTabUnselectedUnselected.png HTTP/1.1" 200 1459
186.78.52.227 - - [09/Mar/2016:12:15:16 -0300] "GET /cormun/servlet/vesolicitudot?2016,769,, HTTP/1.1" 200 7507
200.111.191.210 - - [09/Mar/2016:12:15:17 -0300] "GET /cormun/servlet/solicitudotadjuntos?8764fa79ddc4f3362e2bba6928b1b91be74762eed808a43e497a40fd0f2573a5,gx-no-cache=1457536541854 HTTP/1.1" 200 30
200.111.191.210 - - [09/Mar/2016:12:15:18 -0300] "GET /cormun/servlet/solicitudotadjuntos?8764fa79ddc4f3362e2bba6928b1b91be74762eed808a43e497a40fd0f2573a5,gx-no-cache=1457536542011 HTTP/1.1" 200 30
200.111.191.210 - - [09/Mar/2016:12:15:19 -0300] "POST /cormun/servlet/solicitudotadjuntos?72da8aabc4fe249c865fe5ec8dff2fd0,INS,2016,766,,1, HTTP/1.1" 200 116
200.111.191.210 - - [09/Mar/2016:12:15:19 -0300] "GET /cormun/servlet/hpexe_return? HTTP/1.1" 200 1027
200.111.191.210 - - [09/Mar/2016:12:15:19 -0300] "GET /cormun/servlet/trsolicitudadjuntos?2016,766, HTTP/1.1" 200 7218
200.111.191.210 - - [09/Mar/2016:12:15:19 -0300] "GET /cormun/servlet/trsolicitudadjuntos?2016,766, HTTP/1.1" 200 7215
200.111.191.210 - - [09/Mar/2016:12:15:22 -0300] "GET /cormun/servlet/solicitudotadjuntos?INS,2016,766,,1, HTTP/1.1" 200 5415
200.111.191.210 - - [09/Mar/2016:12:15:23 -0300] "GET /cormun/static/about:blank HTTP/1.1" 404 1011
200.111.191.210 - - [09/Mar/2016:12:15:23 -0300] "GET /cormun/servlet/solicitudotadjuntos?INS,2016,766,,1, HTTP/1.1" 200 5409
200.111.191.210 - - [09/Mar/2016:12:15:23 -0300] "GET /cormun/servlet/solicitudotadjuntos?8764fa79ddc4f3362e2bba6928b1b91b24f6549fd53efb7647cdb13f776c013427eb721f0588d9d107743de8921f4252,gx-no-cache=1457536547600 HTTP/1.1" 200 30
200.111.191.210 - - [09/Mar/2016:12:15:23 -0300] "POST /cormun/servlet/solicitudotadjuntos?72da8aabc4fe249c865fe5ec8dff2fd0,INS,2016,766,,1,,gx-no-cache=1457536547620 HTTP/1.1" 200 3348
200.111.191.210 - - [09/Mar/2016:12:15:25 -0300] "POST /cormun/servlet/solicitudotadjuntos?gx-no-cache=1457536549812 HTTP/1.1" 200 26
186.103.159.186 - - [09/Mar/2016:12:15:27 -0300] "GET /cormun/static/menuarrow.gif HTTP/1.1" 404 1015
200.111.191.210 - - [09/Mar/2016:12:15:34 -0300] "GET /cormun/servlet/solicitudotadjuntos?8764fa79ddc4f3362e2bba6928b1b91be74762eed808a43e497a40fd0f2573a5,gx-no-cache=1457536558885 HTTP/1.1" 200 30
200.111.191.210 - - [09/Mar/2016:12:15:34 -0300] "GET /cormun/servlet/solicitudotadjuntos?8764fa79ddc4f3362e2bba6928b1b91be74762eed808a43e497a40fd0f2573a5,gx-no-cache=1457536558895 HTTP/1.1" 200 30
186.103.159.186 - - [09/Mar/2016:12:15:35 -0300] "POST /cormun/servlet/trautorizarsolicitud?d54bf057d19d926ba0a9887ea74c1a55,,gx-no-cache=1457536563749 HTTP/1.1" 200 3491
186.78.52.227 - - [09/Mar/2016:12:15:35 -0300] "POST /cormun/servlet/vesolicitudot?22c73c1cc9401a3664132f5a0f732d2e,2016,769,,,gx-no-cache=1457536553931 HTTP/1.1" 200 93
186.78.52.227 - - [09/Mar/2016:12:15:35 -0300] "GET /cormun/servlet/hpexe_return? HTTP/1.1" 200 1015
186.103.159.186 - - [09/Mar/2016:12:15:35 -0300] "POST /cormun/servlet/trautorizarsolicitud?d54bf057d19d926ba0a9887ea74c1a55,,gx-no-cache=1457536564157 HTTP/1.1" 200 3490
186.78.52.227 - - [09/Mar/2016:12:15:36 -0300] "GET /cormun/servlet/trsolicitudot HTTP/1.1" 200 7751
186.103.159.186 - - [09/Mar/2016:12:15:36 -0300] "POST /cormun/servlet/trautorizarsolicitud?d54bf057d19d926ba0a9887ea74c1a55,,gx-no-cache=1457536564504 HTTP/1.1" 200 3489
200.111.191.210 - - [09/Mar/2016:12:15:36 -0300] "POST /cormun/servlet/solicitudotadjuntos?72da8aabc4fe249c865fe5ec8dff2fd0,INS,2016,766,,1, HTTP/1.1" 200 116
200.111.191.210 - - [09/Mar/2016:12:15:36 -0300] "GET /cormun/servlet/hpexe_return? HTTP/1.1" 200 1027
186.103.159.186 - - [09/Mar/2016:12:15:36 -0300] "POST /cormun/servlet/trautorizarsolicitud?d54bf057d19d926ba0a9887ea74c1a55,,gx-no-cache=1457536564892 HTTP/1.1" 200 3490
186.78.52.227 - - [09/Mar/2016:12:15:36 -0300] "GET /cormun/servlet/trsolicitudot HTTP/1.1" 200 7747
200.111.191.210 - - [09/Mar/2016:12:15:37 -0300] "GET /cormun/servlet/trsolicitudadjuntos?2016,766, HTTP/1.1" 200 7363
200.111.191.210 - - [09/Mar/2016:12:15:37 -0300] "GET /cormun/servlet/trsolicitudadjuntos?2016,766, HTTP/1.1" 200 7359
200.111.191.210 - - [09/Mar/2016:12:15:40 -0300] "GET /cormun/servlet/solicitudotadjuntos?INS,2016,766,,1, HTTP/1.1" 200 5415
200.111.191.210 - - [09/Mar/2016:12:15:40 -0300] "GET /cormun/static/about:blank HTTP/1.1" 404 1011
186.78.52.227 - - [09/Mar/2016:12:15:40 -0300] "POST /cormun/servlet/trsolicitudot?22c73c1cc9401a3664132f5a0f732d2e,gx-no-cache=1457536558871 HTTP/1.1" 200 5230
200.111.191.210 - - [09/Mar/2016:12:15:40 -0300] "GET /cormun/servlet/solicitudotadjuntos?INS,2016,766,,1, HTTP/1.1" 200 5409
186.78.52.227 - - [09/Mar/2016:12:15:41 -0300] "POST /cormun/servlet/trsolicitudot?22c73c1cc9401a3664132f5a0f732d2e,gx-no-cache=1457536559295 HTTP/1.1" 200 5231
200.111.191.210 - - [09/Mar/2016:12:15:41 -0300] "GET /cormun/servlet/solicitudotadjuntos?8764fa79ddc4f3362e2bba6928b1b91b24f6549fd53efb7647cdb13f776c013427eb721f0588d9d107743de8921f4252,gx-no-cache=1457536565098 HTTP/1.1" 200 30
200.111.191.210 - - [09/Mar/2016:12:15:41 -0300] "POST /cormun/servlet/solicitudotadjuntos?72da8aabc4fe249c865fe5ec8dff2fd0,INS,2016,766,,1,,gx-no-cache=1457536565116 HTTP/1.1" 200 3348
186.78.52.227 - - [09/Mar/2016:12:15:41 -0300] "POST /cormun/servlet/trsolicitudot?22c73c1cc9401a3664132f5a0f732d2e,gx-no-cache=1457536559738 HTTP/1.1" 200 5230
186.78.52.227 - - [09/Mar/2016:12:15:41 -0300] "POST /cormun/servlet/trsolicitudot?22c73c1cc9401a3664132f5a0f732d2e,gx-no-cache=1457536560221 HTTP/1.1" 200 5230
186.78.52.227 - - [09/Mar/2016:12:15:42 -0300] "POST /cormun/servlet/trsolicitudot?22c73c1cc9401a3664132f5a0f732d2e,gx-no-cache=1457536560670 HTTP/1.1" 200 5232
186.78.52.227 - - [09/Mar/2016:12:15:42 -0300] "POST /cormun/servlet/trsolicitudot?22c73c1cc9401a3664132f5a0f732d2e,gx-no-cache=1457536561122 HTTP/1.1" 200 5231
186.103.159.186 - - [09/Mar/2016:12:15:42 -0300] "GET /cormun/servlet/trautorizarsolicitud?a87f0c3033f63d2edcc7b6f82eef591d0609ee5b3b58a6236407209378a28ae3d10266ad61bdb96f2ea3734a73fce9e2e3028d4ad6a3533756915ad96baa909b245a64e1b442864660638f0de5b3b1e67351b1e8c74c131171aaf2b540e4eb117192e847253a053c7e6ff531547c53e5,gx-no-cache=1457536571224 HTTP/1.1" 200 771
186.103.159.186 - - [09/Mar/2016:12:15:43 -0300] "POST /cormun/servlet/trautorizarsolicitud?d54bf057d19d926ba0a9887ea74c1a55,,gx-no-cache=1457536571503 HTTP/1.1" 200 3494
186.78.52.227 - - [09/Mar/2016:12:15:43 -0300] "POST /cormun/servlet/trsolicitudot?22c73c1cc9401a3664132f5a0f732d2e,gx-no-cache=1457536561590 HTTP/1.1" 200 5231
200.111.191.210 - - [09/Mar/2016:12:15:43 -0300] "POST /cormun/servlet/solicitudotadjuntos?gx-no-cache=1457536567373 HTTP/1.1" 200 26
186.78.52.227 - - [09/Mar/2016:12:15:43 -0300] "POST /cormun/servlet/trsolicitudot?22c73c1cc9401a3664132f5a0f732d2e,gx-no-cache=1457536562099 HTTP/1.1" 200 104
186.78.52.227 - - [09/Mar/2016:12:15:43 -0300] "GET /cormun/servlet/solicitudot?UPD,2016,770, HTTP/1.1" 200 12610
186.78.52.227 - - [09/Mar/2016:12:15:44 -0300] "GET /cormun/servlet/solicitudot?UPD,2016,770, HTTP/1.1" 200 12619
186.78.52.227 - - [09/Mar/2016:12:15:45 -0300] "POST /cormun/servlet/solicitudot?gx-no-cache=1457536563732 HTTP/1.1" 200 2751
186.78.52.227 - - [09/Mar/2016:12:15:45 -0300] "POST /cormun/servlet/solicitudot?22c73c1cc9401a3664132f5a0f732d2e,UPD,2016,770,,gx-no-cache=1457536564142 HTTP/1.1" 200 9070
186.78.52.227 - - [09/Mar/2016:12:15:46 -0300] "GET /cormun/servlet/solicitudot?d4c5069ea6e33439b3266ab8b8051c678cd729bafc35c34cac7b5892a7eea33053f041b3fe44b27d0700e0d144530d2e,gx-no-cache=1457536564572 HTTP/1.1" 200 30
186.78.52.227 - - [09/Mar/2016:12:15:46 -0300] "POST /cormun/servlet/solicitudot?gx-no-cache=1457536564665 HTTP/1.1" 200 30
186.78.52.227 - - [09/Mar/2016:12:15:46 -0300] "POST /cormun/servlet/solicitudot?gx-no-cache=1457536564834 HTTP/1.1" 200 30
186.78.52.227 - - [09/Mar/2016:12:15:46 -0300] "POST /cormun/servlet/solicitudot?gx-no-cache=1457536564953 HTTP/1.1" 200 1167
186.78.52.227 - - [09/Mar/2016:12:15:46 -0300] "GET /cormun/servlet/solicitudot?d4c5069ea6e33439b3266ab8b8051c677a3a2c87715a58eb7a00157d69fd85c1b74bbdae2373c897305806c02a2c052428bd69f2e3f1cabd7161e0f75c30a83f64d589178bf5cd1e74839b48252f94bf38ec7c683dcb4b4175c30d501ad0d4969d6b8b3af0be6f1b13e6adb1a008c77ce2fede93564148be77f4c5afbc76210cf1e4b8c88ec42b5f57fdaaab0cd5c9847f5985ac5f45d9480f2dd1cf9d7b377d,gx-no-cache=1457536565152 HTTP/1.1" 200 41
186.103.159.186 - - [09/Mar/2016:12:15:47 -0300] "POST /cormun/servlet/trautorizarsolicitud?d54bf057d19d926ba0a9887ea74c1a55,,gx-no-cache=1457536575317 HTTP/1.1" 200 3491
186.78.52.227 - - [09/Mar/2016:12:15:48 -0300] "POST /cormun/servlet/solicitudot?22c73c1cc9401a3664132f5a0f732d2e,UPD,2016,770,,gx-no-cache=1457536566541 HTTP/1.1" 200 93
186.78.52.227 - - [09/Mar/2016:12:15:48 -0300] "GET /cormun/servlet/hpexe_return? HTTP/1.1" 200 1038
186.78.52.227 - - [09/Mar/2016:12:15:48 -0300] "GET /cormun/servlet/trsolicitudot?gx-no-cache=1457536561590 HTTP/1.1" 200 7751
186.78.52.227 - - [09/Mar/2016:12:15:49 -0300] "GET /cormun/servlet/trsolicitudot?gx-no-cache=1457536561590 HTTP/1.1" 200 7767
186.78.52.227 - - [09/Mar/2016:12:15:51 -0300] "POST /cormun/servlet/trsolicitudot?22c73c1cc9401a3664132f5a0f732d2e,gx-no-cache=1457536561590,gx-no-cache=1457536569992 HTTP/1.1" 200 5231
186.78.52.227 - - [09/Mar/2016:12:15:52 -0300] "POST /cormun/servlet/trsolicitudot?22c73c1cc9401a3664132f5a0f732d2e,gx-no-cache=1457536561590,gx-no-cache=1457536570424 HTTP/1.1" 200 5231
200.111.191.210 - - [09/Mar/2016:12:15:52 -0300] "GET /cormun/servlet/solicitudotadjuntos?8764fa79ddc4f3362e2bba6928b1b91be74762eed808a43e497a40fd0f2573a5,gx-no-cache=1457536576366 HTTP/1.1" 200 30
200.111.191.210 - - [09/Mar/2016:12:15:52 -0300] "GET /cormun/servlet/solicitudotadjuntos?8764fa79ddc4f3362e2bba6928b1b91be74762eed808a43e497a40fd0f2573a5,gx-no-cache=1457536576378 HTTP/1.1" 200 30
186.78.52.227 - - [09/Mar/2016:12:15:52 -0300] "POST /cormun/servlet/trsolicitudot?22c73c1cc9401a3664132f5a0f732d2e,gx-no-cache=1457536561590,gx-no-cache=1457536570876 HTTP/1.1" 200 5231
200.111.191.210 - - [09/Mar/2016:12:15:52 -0300] "POST /cormun/servlet/solicitudotadjuntos?72da8aabc4fe249c865fe5ec8dff2fd0,INS,2016,766,,1, HTTP/1.1" 200 116
200.111.191.210 - - [09/Mar/2016:12:15:52 -0300] "GET /cormun/servlet/hpexe_return? HTTP/1.1" 200 1027
186.78.52.227 - - [09/Mar/2016:12:15:53 -0300] "POST /cormun/servlet/trsolicitudot?22c73c1cc9401a3664132f5a0f732d2e,gx-no-cache=1457536561590,gx-no-cache=1457536571351 HTTP/1.1" 200 5231
200.111.191.210 - - [09/Mar/2016:12:15:53 -0300] "GET /cormun/servlet/trsolicitudadjuntos?2016,766, HTTP/1.1" 200 7516
186.78.52.227 - - [09/Mar/2016:12:15:53 -0300] "POST /cormun/servlet/trsolicitudot?22c73c1cc9401a3664132f5a0f732d2e,gx-no-cache=1457536561590,gx-no-cache=1457536572103 HTTP/1.1" 200 5231
186.78.52.227 - - [09/Mar/2016:12:15:54 -0300] "POST /cormun/servlet/trsolicitudot?22c73c1cc9401a3664132f5a0f732d2e,gx-no-cache=1457536561590,gx-no-cache=1457536572569 HTTP/1.1" 200 5231
200.111.191.210 - - [09/Mar/2016:12:15:54 -0300] "GET /cormun/servlet/trsolicitudadjuntos?2016,766, HTTP/1.1" 200 7513
186.78.52.227 - - [09/Mar/2016:12:15:54 -0300] "POST /cormun/servlet/trsolicitudot?22c73c1cc9401a3664132f5a0f732d2e,gx-no-cache=1457536561590,gx-no-cache=1457536573022 HTTP/1.1" 200 5231
186.78.52.227 - - [09/Mar/2016:12:15:55 -0300] "POST /cormun/servlet/trsolicitudot?22c73c1cc9401a3664132f5a0f732d2e,gx-no-cache=1457536561590,gx-no-cache=1457536573523 HTTP/1.1" 200 105
186.78.52.227 - - [09/Mar/2016:12:15:55 -0300] "GET /cormun/servlet/solicitudot?UPD,2016,769, HTTP/1.1" 200 12634
186.78.52.227 - - [09/Mar/2016:12:15:56 -0300] "GET /cormun/servlet/solicitudot?UPD,2016,769, HTTP/1.1" 200 12621
186.78.52.227 - - [09/Mar/2016:12:15:56 -0300] "POST /cormun/servlet/solicitudot?gx-no-cache=1457536575014 HTTP/1.1" 200 2751
186.78.52.227 - - [09/Mar/2016:12:15:57 -0300] "POST /cormun/servlet/solicitudot?22c73c1cc9401a3664132f5a0f732d2e,UPD,2016,769,,gx-no-cache=1457536575436 HTTP/1.1" 200 9093
186.78.52.227 - - [09/Mar/2016:12:15:57 -0300] "GET /cormun/servlet/solicitudot?d4c5069ea6e33439b3266ab8b8051c678cd729bafc35c34cac7b5892a7eea33053f041b3fe44b27d0700e0d144530d2e,gx-no-cache=1457536575861 HTTP/1.1" 200 30
186.78.52.227 - - [09/Mar/2016:12:15:57 -0300] "POST /cormun/servlet/solicitudot?gx-no-cache=1457536575957 HTTP/1.1" 200 30
186.78.52.227 - - [09/Mar/2016:12:15:57 -0300] "POST /cormun/servlet/solicitudot?gx-no-cache=1457536576122 HTTP/1.1" 200 33
186.78.52.227 - - [09/Mar/2016:12:15:57 -0300] "POST /cormun/servlet/solicitudot?gx-no-cache=1457536576238 HTTP/1.1" 200 1167
186.103.159.186 - - [09/Mar/2016:12:15:57 -0300] "POST /cormun/servlet/trautorizarsolicitud?d54bf057d19d926ba0a9887ea74c1a55,,gx-no-cache=1457536586080 HTTP/1.1" 200 3495
186.78.52.227 - - [09/Mar/2016:12:15:57 -0300] "GET /cormun/servlet/solicitudot?d4c5069ea6e33439b3266ab8b8051c677a3a2c87715a58eb7a00157d69fd85c1b74bbdae2373c897305806c02a2c052428bd69f2e3f1cabd7161e0f75c30a83f64d589178bf5cd1e74839b48252f94bf38ec7c683dcb4b4175c30d501ad0d4969d6b8b3af0be6f1b13e6adb1a008c77ce2fede93564148be77f4c5afbc76210cbda59ede8bbdbe23a32a1207a0ccefd67f5985ac5f45d9480f2dd1cf9d7b377d,gx-no-cache=1457536576438 HTTP/1.1" 200 41
186.103.159.186 - - [09/Mar/2016:12:15:58 -0300] "GET /cormun/servlet/trautorizarsolicitud?a87f0c3033f63d2edcc7b6f82eef591d0609ee5b3b58a6236407209378a28ae3b33bc941c1049471047087837af438aee3028d4ad6a3533756915ad96baa909b245a64e1b442864660638f0de5b3b1e67351b1e8c74c131171aaf2b540e4eb117192e847253a053c7e6ff531547c53e5,gx-no-cache=1457536586490 HTTP/1.1" 200 774
200.111.191.210 - - [09/Mar/2016:12:15:58 -0300] "GET /cormun/servlet/solicitudotadjuntos?INS,2016,766,,1, HTTP/1.1" 200 5415
200.111.191.210 - - [09/Mar/2016:12:15:58 -0300] "GET /cormun/static/about:blank HTTP/1.1" 404 1011
200.111.191.210 - - [09/Mar/2016:12:15:58 -0300] "GET /cormun/servlet/solicitudotadjuntos?INS,2016,766,,1, HTTP/1.1" 200 5409
200.111.191.210 - - [09/Mar/2016:12:15:59 -0300] "GET /cormun/servlet/solicitudotadjuntos?8764fa79ddc4f3362e2bba6928b1b91b24f6549fd53efb7647cdb13f776c013427eb721f0588d9d107743de8921f4252,gx-no-cache=1457536583325 HTTP/1.1" 200 30
200.111.191.210 - - [09/Mar/2016:12:15:59 -0300] "POST /cormun/servlet/solicitudotadjuntos?72da8aabc4fe249c865fe5ec8dff2fd0,INS,2016,766,,1,,gx-no-cache=1457536583653 HTTP/1.1" 200 3348
200.111.191.210 - - [09/Mar/2016:12:16:03 -0300] "POST /cormun/servlet/solicitudotadjuntos?gx-no-cache=1457536587064 HTTP/1.1" 200 26
186.78.52.227 - - [09/Mar/2016:12:16:04 -0300] "POST /cormun/servlet/solicitudot?gx-no-cache=1457536582940 HTTP/1.1" 200 30
200.111.191.210 - - [09/Mar/2016:12:16:08 -0300] "GET /cormun/servlet/solicitudotadjuntos?8764fa79ddc4f3362e2bba6928b1b91be74762eed808a43e497a40fd0f2573a5,gx-no-cache=1457536592089 HTTP/1.1" 200 30
200.111.191.210 - - [09/Mar/2016:12:16:08 -0300] "GET /cormun/servlet/solicitudotadjuntos?8764fa79ddc4f3362e2bba6928b1b91be74762eed808a43e497a40fd0f2573a5,gx-no-cache=1457536592100 HTTP/1.1" 200 30
200.111.191.210 - - [09/Mar/2016:12:16:08 -0300] "POST /cormun/servlet/solicitudotadjuntos?72da8aabc4fe249c865fe5ec8dff2fd0,INS,2016,766,,1, HTTP/1.1" 200 116
200.111.191.210 - - [09/Mar/2016:12:16:08 -0300] "GET /cormun/servlet/hpexe_return? HTTP/1.1" 200 1027
200.111.191.210 - - [09/Mar/2016:12:16:09 -0300] "GET /cormun/servlet/trsolicitudadjuntos?2016,766, HTTP/1.1" 200 7647
200.111.191.210 - - [09/Mar/2016:12:16:10 -0300] "GET /cormun/servlet/trsolicitudadjuntos?2016,766, HTTP/1.1" 200 7645
200.111.191.210 - - [09/Mar/2016:12:16:11 -0300] "GET /cormun/servlet/solicitudotadjuntos?INS,2016,766,,1, HTTP/1.1" 200 5416
200.111.191.210 - - [09/Mar/2016:12:16:12 -0300] "GET /cormun/static/about:blank HTTP/1.1" 404 1011
200.111.191.210 - - [09/Mar/2016:12:16:12 -0300] "GET /cormun/servlet/solicitudotadjuntos?INS,2016,766,,1, HTTP/1.1" 200 5410
200.111.191.210 - - [09/Mar/2016:12:16:12 -0300] "GET /cormun/servlet/solicitudotadjuntos?8764fa79ddc4f3362e2bba6928b1b91b24f6549fd53efb7647cdb13f776c013427eb721f0588d9d107743de8921f4252,gx-no-cache=1457536596814 HTTP/1.1" 200 30
200.111.191.210 - - [09/Mar/2016:12:16:12 -0300] "POST /cormun/servlet/solicitudotadjuntos?72da8aabc4fe249c865fe5ec8dff2fd0,INS,2016,766,,1,,gx-no-cache=1457536596838 HTTP/1.1" 200 3348
186.103.159.186 - - [09/Mar/2016:12:16:13 -0300] "GET /cormun/servlet/hlogin HTTP/1.1" 200 1715
200.111.191.210 - - [09/Mar/2016:12:16:14 -0300] "POST /cormun/servlet/solicitudotadjuntos?gx-no-cache=1457536598995 HTTP/1.1" 200 26
186.78.52.227 - - [09/Mar/2016:12:16:16 -0300] "POST /cormun/servlet/solicitudot?gx-no-cache=1457536595160 HTTP/1.1" 200 1167
186.78.52.227 - - [09/Mar/2016:12:16:16 -0300] "GET /cormun/servlet/solicitudot?d4c5069ea6e33439b3266ab8b8051c677a3a2c87715a58eb7a00157d69fd85c1b74bbdae2373c897305806c02a2c052428bd69f2e3f1cabd7161e0f75c30a83f64d589178bf5cd1e74839b48252f94bf38ec7c683dcb4b4175c30d501ad0d4969d6b8b3af0be6f1b13e6adb1a008c77ce2fede93564148be77f4c5afbc76210cbda59ede8bbdbe23a32a1207a0ccefd67f5985ac5f45d9480f2dd1cf9d7b377d,gx-no-cache=1457536595375 HTTP/1.1" 200 41
200.111.191.210 - - [09/Mar/2016:12:16:19 -0300] "GET /cormun/servlet/solicitudotadjuntos?8764fa79ddc4f3362e2bba6928b1b91be74762eed808a43e497a40fd0f2573a5,gx-no-cache=1457536603594 HTTP/1.1" 200 30
200.111.191.210 - - [09/Mar/2016:12:16:19 -0300] "GET /cormun/servlet/solicitudotadjuntos?8764fa79ddc4f3362e2bba6928b1b91be74762eed808a43e497a40fd0f2573a5,gx-no-cache=1457536603641 HTTP/1.1" 200 30
200.111.191.210 - - [09/Mar/2016:12:16:21 -0300] "POST /cormun/servlet/solicitudotadjuntos?72da8aabc4fe249c865fe5ec8dff2fd0,INS,2016,766,,1, HTTP/1.1" 200 116
200.111.191.210 - - [09/Mar/2016:12:16:21 -0300] "GET /cormun/servlet/hpexe_return? HTTP/1.1" 200 1027
200.111.191.210 - - [09/Mar/2016:12:16:22 -0300] "GET /cormun/servlet/trsolicitudadjuntos?2016,766, HTTP/1.1" 200 7790
200.30.225.176 - - [09/Mar/2016:12:16:23 -0300] "POST /cormun/servlet/trsolicitudot?94ec632c022ea2f9cbe1da26350d1dea,gx-no-cache=1457535170081,gx-no-cache=1457536607715 HTTP/1.1" 200 4939
200.111.191.210 - - [09/Mar/2016:12:16:23 -0300] "GET /cormun/servlet/trsolicitudadjuntos?2016,766, HTTP/1.1" 200 7790
200.30.225.176 - - [09/Mar/2016:12:16:23 -0300] "POST /cormun/servlet/trsolicitudot?94ec632c022ea2f9cbe1da26350d1dea,gx-no-cache=1457535170081,gx-no-cache=1457536608191 HTTP/1.1" 200 4939
200.30.225.176 - - [09/Mar/2016:12:16:23 -0300] "POST /cormun/servlet/trsolicitudot?94ec632c022ea2f9cbe1da26350d1dea,gx-no-cache=1457535170081,gx-no-cache=1457536608507 HTTP/1.1" 200 4939
186.103.159.186 - - [09/Mar/2016:12:16:23 -0300] "POST /cormun/servlet/hlogin?bd4f7180ecd58b75e5186203ed3608a6,gx-no-cache=1457536611969 HTTP/1.1" 200 90
186.103.159.186 - - [09/Mar/2016:12:16:23 -0300] "GET /cormun/servlet/hpexe_link HTTP/1.1" 200 948
200.30.225.176 - - [09/Mar/2016:12:16:23 -0300] "POST /cormun/servlet/trsolicitudot?94ec632c022ea2f9cbe1da26350d1dea,gx-no-cache=1457535170081,gx-no-cache=1457536608704 HTTP/1.1" 200 4939
200.30.225.176 - - [09/Mar/2016:12:16:24 -0300] "POST /cormun/servlet/trsolicitudot?94ec632c022ea2f9cbe1da26350d1dea,gx-no-cache=1457535170081,gx-no-cache=1457536608905 HTTP/1.1" 200 4939
200.111.191.210 - - [09/Mar/2016:12:16:24 -0300] "GET /cormun/servlet/solicitudotadjuntos?INS,2016,766,,1, HTTP/1.1" 200 5416
186.103.159.186 - - [09/Mar/2016:12:16:24 -0300] "GET /cormun/servlet/hhome HTTP/1.1" 200 3427
200.30.225.176 - - [09/Mar/2016:12:16:24 -0300] "POST /cormun/servlet/trsolicitudot?94ec632c022ea2f9cbe1da26350d1dea,gx-no-cache=1457535170081,gx-no-cache=1457536609123 HTTP/1.1" 200 4939
200.111.191.210 - - [09/Mar/2016:12:16:24 -0300] "GET /cormun/static/about:blank HTTP/1.1" 404 1011
200.111.191.210 - - [09/Mar/2016:12:16:24 -0300] "GET /cormun/servlet/solicitudotadjuntos?INS,2016,766,,1, HTTP/1.1" 200 5410
200.30.225.176 - - [09/Mar/2016:12:16:24 -0300] "POST /cormun/servlet/trsolicitudot?94ec632c022ea2f9cbe1da26350d1dea,gx-no-cache=1457535170081,gx-no-cache=1457536609315 HTTP/1.1" 200 4939
200.30.225.176 - - [09/Mar/2016:12:16:24 -0300] "POST /cormun/servlet/trsolicitudot?94ec632c022ea2f9cbe1da26350d1dea,gx-no-cache=1457535170081,gx-no-cache=1457536609511 HTTP/1.1" 200 105
200.30.225.176 - - [09/Mar/2016:12:16:24 -0300] "GET /cormun/servlet/solicitudot?UPD,2016,765, HTTP/1.1" 200 12815
200.111.191.210 - - [09/Mar/2016:12:16:24 -0300] "GET /cormun/servlet/solicitudotadjuntos?8764fa79ddc4f3362e2bba6928b1b91b24f6549fd53efb7647cdb13f776c013427eb721f0588d9d107743de8921f4252,gx-no-cache=1457536608935 HTTP/1.1" 200 30
200.111.191.210 - - [09/Mar/2016:12:16:24 -0300] "POST /cormun/servlet/solicitudotadjuntos?72da8aabc4fe249c865fe5ec8dff2fd0,INS,2016,766,,1,,gx-no-cache=1457536608969 HTTP/1.1" 200 3348
200.30.225.176 - - [09/Mar/2016:12:16:25 -0300] "GET /cormun/servlet/solicitudot?UPD,2016,765, HTTP/1.1" 200 12803
200.30.225.176 - - [09/Mar/2016:12:16:25 -0300] "POST /cormun/servlet/solicitudot?gx-no-cache=1457536610635 HTTP/1.1" 200 2741
200.30.225.176 - - [09/Mar/2016:12:16:25 -0300] "POST /cormun/servlet/solicitudot?94ec632c022ea2f9cbe1da26350d1dea,UPD,2016,765,,gx-no-cache=1457536610805 HTTP/1.1" 200 9089
200.30.225.176 - - [09/Mar/2016:12:16:26 -0300] "GET /cormun/servlet/solicitudot?5bcee1340052e29bd76fd132fb5b0e0a66fa243812def56796d04eb36a49e066c90be05f20c4eb586d585308359cf36a,gx-no-cache=1457536610999 HTTP/1.1" 200 30
200.30.225.176 - - [09/Mar/2016:12:16:26 -0300] "POST /cormun/servlet/solicitudot?gx-no-cache=1457536611063 HTTP/1.1" 200 30
200.30.225.176 - - [09/Mar/2016:12:16:26 -0300] "POST /cormun/servlet/solicitudot?gx-no-cache=1457536611106 HTTP/1.1" 200 30
200.30.225.176 - - [09/Mar/2016:12:16:26 -0300] "POST /cormun/servlet/solicitudot?gx-no-cache=1457536611163 HTTP/1.1" 200 1166
200.30.225.176 - - [09/Mar/2016:12:16:26 -0300] "GET /cormun/servlet/solicitudot?5bcee1340052e29bd76fd132fb5b0e0ad2ca67b4c7ee3ede9e35142a47532989f95412d3f4b6d536db15e869ad309ff7094e6123b8f51e72d8b7932571dd61af6a7c1bff915b23e7f6c0ec72b65ab717603e3e15b7bf24ec847fbdcfe3526951f55e0cc24a7660d751b7677354fe72fb8cef97a5f65b52b6ec497c1975990b866cfdfaa8f5c881ab4ae7797ddbf0e6f486283e7e0f149f2f079782c79e282873,gx-no-cache=1457536611251 HTTP/1.1" 200 41
186.103.159.186 - - [09/Mar/2016:12:16:26 -0300] "GET /cormun/servlet/hhome HTTP/1.1" 200 3428
200.111.191.210 - - [09/Mar/2016:12:16:26 -0300] "POST /cormun/servlet/solicitudotadjuntos?gx-no-cache=1457536610980 HTTP/1.1" 200 26
200.111.191.210 - - [09/Mar/2016:12:16:32 -0300] "GET /cormun/servlet/solicitudotadjuntos?8764fa79ddc4f3362e2bba6928b1b91be74762eed808a43e497a40fd0f2573a5,gx-no-cache=1457536616172 HTTP/1.1" 200 30
200.111.191.210 - - [09/Mar/2016:12:16:32 -0300] "GET /cormun/servlet/solicitudotadjuntos?8764fa79ddc4f3362e2bba6928b1b91be74762eed808a43e497a40fd0f2573a5,gx-no-cache=1457536616181 HTTP/1.1" 200 30
186.103.159.186 - - [09/Mar/2016:12:16:35 -0300] "GET /cormun/servlet/trsolicitudot? HTTP/1.1" 200 7488
200.111.191.210 - - [09/Mar/2016:12:16:35 -0300] "POST /cormun/servlet/solicitudotadjuntos?72da8aabc4fe249c865fe5ec8dff2fd0,INS,2016,766,,1, HTTP/1.1" 200 116
200.111.191.210 - - [09/Mar/2016:12:16:35 -0300] "GET /cormun/servlet/hpexe_return? HTTP/1.1" 200 1027
200.30.225.176 - - [09/Mar/2016:12:16:36 -0300] "POST /cormun/servlet/solicitudot?gx-no-cache=1457536621065 HTTP/1.1" 200 120
200.30.225.176 - - [09/Mar/2016:12:16:36 -0300] "GET /cormun/static/Shared/jqueryui/images/ui-bg_flat_55_994d53_40x100.png HTTP/1.1" 404 1097
200.30.225.176 - - [09/Mar/2016:12:16:36 -0300] "GET /cormun/static/Shared/jqueryui/images/ui-icons_ebccce_256x240.png HTTP/1.1" 404 1089
200.111.191.210 - - [09/Mar/2016:12:16:36 -0300] "GET /cormun/servlet/trsolicitudadjuntos?2016,766, HTTP/1.1" 200 7881
186.103.159.186 - - [09/Mar/2016:12:16:38 -0300] "GET /cormun/servlet/trsolicitudot? HTTP/1.1" 200 7487
200.111.191.210 - - [09/Mar/2016:12:16:38 -0300] "GET /cormun/servlet/trsolicitudadjuntos?2016,766, HTTP/1.1" 200 7879
200.30.225.176 - - [09/Mar/2016:12:16:38 -0300] "POST /cormun/servlet/solicitudot?gx-no-cache=1457536623876 HTTP/1.1" 200 120
200.30.225.176 - - [09/Mar/2016:12:16:43 -0300] "POST /cormun/servlet/solicitudot?gx-no-cache=1457536628316 HTTP/1.1" 200 30
186.78.52.227 - - [09/Mar/2016:12:16:44 -0300] "GET /cormun/servlet/solicitudot?d4c5069ea6e33439b3266ab8b8051c677e4ef8ae5d77129aff1123ee1758eabd87d2a994006f0032608f1f7cd65716ebd92850d74338a1eb8251917cd68dc1b8990bd4481d6e902f68845c5f9423863fe8c3277a8e578546591e478636bd8e0ce8c9710a27fdb31f3f422fcac8e795c0c3246902560bc505b500a9e8d5d118540c832a217d0212385ea9e5ae575d4c263733c8fb35cae7d97cc43a5ca98e84d2,gx-no-cache=1457536622880 HTTP/1.1" 200 29
186.78.52.227 - - [09/Mar/2016:12:16:44 -0300] "POST /cormun/servlet/solicitudot?gx-no-cache=1457536623022 HTTP/1.1" 200 1128
186.78.52.227 - - [09/Mar/2016:12:16:44 -0300] "GET /cormun/servlet/solicitudot?d4c5069ea6e33439b3266ab8b8051c677fe0482283e8ba55a47145aa9944bde0bc03f6a7bfd9c878bc16c94611ce45c629f9cae8acd98a8185c82d757201a92061fd3f6ebe3a727c73a5eda608d5177a10a4f4ac32e3178e4eff18bbf50b06273156bbe4200e4509e7b63b45bd71d3fc2402c083a92ae861a0fcfa41162c59bfa594188d059a7a17306f49e921bc357c584ddd3f92e163c2257271b99973a462c203cb0bb5f464124c9191786e22758a,gx-no-cache=1457536623229 HTTP/1.1" 200 30
186.78.52.227 - - [09/Mar/2016:12:16:45 -0300] "POST /cormun/servlet/solicitudot?22c73c1cc9401a3664132f5a0f732d2e,UPD,2016,769,,gx-no-cache=1457536623322 HTTP/1.1" 200 93
186.78.52.227 - - [09/Mar/2016:12:16:45 -0300] "GET /cormun/servlet/hpexe_return? HTTP/1.1" 200 1038
186.78.52.227 - - [09/Mar/2016:12:16:45 -0300] "GET /cormun/servlet/trsolicitudot?gx-no-cache=1457536561590 HTTP/1.1" 200 7753
186.78.52.227 - - [09/Mar/2016:12:16:46 -0300] "GET /cormun/servlet/trsolicitudot?gx-no-cache=1457536561590 HTTP/1.1" 200 7769
186.103.159.186 - - [09/Mar/2016:12:16:50 -0300] "GET /cormun/servlet/treventos?2016,767, HTTP/1.1" 200 5180
200.30.225.176 - - [09/Mar/2016:12:16:51 -0300] "POST /cormun/servlet/solicitudot?gx-no-cache=1457536636852 HTTP/1.1" 200 30
186.103.159.186 - - [09/Mar/2016:12:16:52 -0300] "GET /cormun/servlet/treventos?2016,767, HTTP/1.1" 200 5180
186.78.52.227 - - [09/Mar/2016:12:16:53 -0300] "POST /cormun/servlet/trsolicitudot?22c73c1cc9401a3664132f5a0f732d2e,gx-no-cache=1457536561590,gx-no-cache=1457536631570 HTTP/1.1" 200 5230
186.78.52.227 - - [09/Mar/2016:12:16:53 -0300] "POST /cormun/servlet/trsolicitudot?22c73c1cc9401a3664132f5a0f732d2e,gx-no-cache=1457536561590,gx-no-cache=1457536631992 HTTP/1.1" 200 5230
186.78.52.227 - - [09/Mar/2016:12:16:54 -0300] "POST /cormun/servlet/trsolicitudot?22c73c1cc9401a3664132f5a0f732d2e,gx-no-cache=1457536561590,gx-no-cache=1457536632428 HTTP/1.1" 200 5230
186.78.52.227 - - [09/Mar/2016:12:16:54 -0300] "POST /cormun/servlet/trsolicitudot?22c73c1cc9401a3664132f5a0f732d2e,gx-no-cache=1457536561590,gx-no-cache=1457536632870 HTTP/1.1" 200 5230
186.78.52.227 - - [09/Mar/2016:12:16:55 -0300] "POST /cormun/servlet/trsolicitudot?22c73c1cc9401a3664132f5a0f732d2e,gx-no-cache=1457536561590,gx-no-cache=1457536633309 HTTP/1.1" 200 5230
186.78.52.227 - - [09/Mar/2016:12:16:55 -0300] "POST /cormun/servlet/trsolicitudot?22c73c1cc9401a3664132f5a0f732d2e,gx-no-cache=1457536561590,gx-no-cache=1457536633767 HTTP/1.1" 200 5230
186.78.52.227 - - [09/Mar/2016:12:16:56 -0300] "POST /cormun/servlet/trsolicitudot?22c73c1cc9401a3664132f5a0f732d2e,gx-no-cache=1457536561590,gx-no-cache=1457536634381 HTTP/1.1" 200 5230
186.78.52.227 - - [09/Mar/2016:12:16:56 -0300] "POST /cormun/servlet/trsolicitudot?22c73c1cc9401a3664132f5a0f732d2e,gx-no-cache=1457536561590,gx-no-cache=1457536634841 HTTP/1.1" 200 104
186.78.52.227 - - [09/Mar/2016:12:16:56 -0300] "GET /cormun/servlet/solicitudot?UPD,2016,770, HTTP/1.1" 200 12632
186.78.52.227 - - [09/Mar/2016:12:16:57 -0300] "GET /cormun/servlet/solicitudot?UPD,2016,770, HTTP/1.1" 200 12619
186.78.52.227 - - [09/Mar/2016:12:16:58 -0300] "POST /cormun/servlet/solicitudot?gx-no-cache=1457536636452 HTTP/1.1" 200 2751
186.78.52.227 - - [09/Mar/2016:12:16:58 -0300] "POST /cormun/servlet/solicitudot?22c73c1cc9401a3664132f5a0f732d2e,UPD,2016,770,,gx-no-cache=1457536636890 HTTP/1.1" 200 9092
186.78.52.227 - - [09/Mar/2016:12:16:58 -0300] "GET /cormun/servlet/solicitudot?d4c5069ea6e33439b3266ab8b8051c678cd729bafc35c34cac7b5892a7eea33053f041b3fe44b27d0700e0d144530d2e,gx-no-cache=1457536637323 HTTP/1.1" 200 30
186.78.52.227 - - [09/Mar/2016:12:16:58 -0300] "POST /cormun/servlet/solicitudot?gx-no-cache=1457536637424 HTTP/1.1" 200 30
186.78.52.227 - - [09/Mar/2016:12:16:59 -0300] "POST /cormun/servlet/solicitudot?gx-no-cache=1457536637588 HTTP/1.1" 200 30
186.78.52.227 - - [09/Mar/2016:12:16:59 -0300] "POST /cormun/servlet/solicitudot?gx-no-cache=1457536637712 HTTP/1.1" 200 1167
186.78.52.227 - - [09/Mar/2016:12:16:59 -0300] "GET /cormun/servlet/solicitudot?d4c5069ea6e33439b3266ab8b8051c677a3a2c87715a58eb7a00157d69fd85c1b74bbdae2373c897305806c02a2c052428bd69f2e3f1cabd7161e0f75c30a83f64d589178bf5cd1e74839b48252f94bf38ec7c683dcb4b4175c30d501ad0d4969d6b8b3af0be6f1b13e6adb1a008c77ce2fede93564148be77f4c5afbc76210cf1e4b8c88ec42b5f57fdaaab0cd5c9847f5985ac5f45d9480f2dd1cf9d7b377d,gx-no-cache=1457536637918 HTTP/1.1" 200 41
186.103.159.186 - - [09/Mar/2016:12:17:10 -0300] "POST /cormun/servlet/treventos?bd4f7180ecd58b75e5186203ed3608a6,2016,767,,gx-no-cache=1457536658644 HTTP/1.1" 200 3103
186.103.159.186 - - [09/Mar/2016:12:17:13 -0300] "POST /cormun/servlet/treventos?bd4f7180ecd58b75e5186203ed3608a6,2016,767,,gx-no-cache=1457536661934 HTTP/1.1" 200 90
186.103.159.186 - - [09/Mar/2016:12:17:13 -0300] "GET /cormun/servlet/hpexe_link HTTP/1.1" 200 961
186.103.159.186 - - [09/Mar/2016:12:17:14 -0300] "GET /cormun/servlet/trsolicitudot HTTP/1.1" 200 7488
186.103.159.186 - - [09/Mar/2016:12:17:16 -0300] "GET /cormun/servlet/trsolicitudot HTTP/1.1" 200 7487
186.78.52.227 - - [09/Mar/2016:12:17:25 -0300] "GET /cormun/servlet/solicitudot?d4c5069ea6e33439b3266ab8b8051c677e4ef8ae5d77129aff1123ee1758eabd87d2a994006f0032608f1f7cd65716ebd92850d74338a1eb8251917cd68dc1b8990bd4481d6e902f68845c5f9423863fe8c3277a8e578546591e478636bd8e0ce8c9710a27fdb31f3f422fcac8e795c0c3246902560bc505b500a9e8d5d118540c832a217d0212385ea9e5ae575d4c263733c8fb35cae7d97cc43a5ca98e84d2,gx-no-cache=1457536664079 HTTP/1.1" 200 29
186.78.52.227 - - [09/Mar/2016:12:17:25 -0300] "POST /cormun/servlet/solicitudot?gx-no-cache=1457536664227 HTTP/1.1" 200 1128
186.78.52.227 - - [09/Mar/2016:12:17:25 -0300] "GET /cormun/servlet/solicitudot?d4c5069ea6e33439b3266ab8b8051c677fe0482283e8ba55a47145aa9944bde0706d6f09c5ac02d501e5dd9189fbda3229f9cae8acd98a8185c82d757201a92061fd3f6ebe3a727c73a5eda608d5177a10a4f4ac32e3178e4eff18bbf50b06273156bbe4200e4509e7b63b45bd71d3fc2402c083a92ae861a0fcfa41162c59bfa594188d059a7a17306f49e921bc357c410135ca802052518aae1716c4493e8347d2ac50da28fdc5ebd85302adc28974,gx-no-cache=1457536664519 HTTP/1.1" 200 30
186.78.52.227 - - [09/Mar/2016:12:17:26 -0300] "POST /cormun/servlet/solicitudot?22c73c1cc9401a3664132f5a0f732d2e,UPD,2016,770,,gx-no-cache=1457536664620 HTTP/1.1" 200 93
186.78.52.227 - - [09/Mar/2016:12:17:26 -0300] "GET /cormun/servlet/hpexe_return? HTTP/1.1" 200 1038
186.78.52.227 - - [09/Mar/2016:12:17:26 -0300] "GET /cormun/servlet/trsolicitudot?gx-no-cache=1457536561590 HTTP/1.1" 200 7753
186.78.52.227 - - [09/Mar/2016:12:17:27 -0300] "GET /cormun/servlet/trsolicitudot?gx-no-cache=1457536561590 HTTP/1.1" 200 7769
186.103.159.186 - - [09/Mar/2016:12:17:41 -0300] "POST /cormun/servlet/trsolicitudot?bd4f7180ecd58b75e5186203ed3608a6,gx-no-cache=1457536689839 HTTP/1.1" 200 4918
186.103.159.186 - - [09/Mar/2016:12:17:41 -0300] "POST /cormun/servlet/trsolicitudot?bd4f7180ecd58b75e5186203ed3608a6,gx-no-cache=1457536690119 HTTP/1.1" 200 4918
186.103.159.186 - - [09/Mar/2016:12:17:42 -0300] "POST /cormun/servlet/trsolicitudot?bd4f7180ecd58b75e5186203ed3608a6,gx-no-cache=1457536690380 HTTP/1.1" 200 4918
186.103.159.186 - - [09/Mar/2016:12:17:42 -0300] "POST /cormun/servlet/trsolicitudot?bd4f7180ecd58b75e5186203ed3608a6,gx-no-cache=1457536690668 HTTP/1.1" 200 4919
186.103.159.186 - - [09/Mar/2016:12:17:42 -0300] "POST /cormun/servlet/trsolicitudot?bd4f7180ecd58b75e5186203ed3608a6,gx-no-cache=1457536690943 HTTP/1.1" 200 4918
186.103.159.186 - - [09/Mar/2016:12:17:43 -0300] "POST /cormun/servlet/trsolicitudot?bd4f7180ecd58b75e5186203ed3608a6,gx-no-cache=1457536691204 HTTP/1.1" 200 4917
186.103.159.186 - - [09/Mar/2016:12:17:43 -0300] "POST /cormun/servlet/trsolicitudot?bd4f7180ecd58b75e5186203ed3608a6,gx-no-cache=1457536691506 HTTP/1.1" 200 4918
186.103.159.186 - - [09/Mar/2016:12:17:43 -0300] "POST /cormun/servlet/trsolicitudot?bd4f7180ecd58b75e5186203ed3608a6,gx-no-cache=1457536691819 HTTP/1.1" 200 3602
186.103.159.186 - - [09/Mar/2016:12:17:43 -0300] "GET /cormun/static/Shared/jqueryui/images/ui-bg_highlight-soft_100_c6c2c8_1x100.png HTTP/1.1" 404 1117
186.103.159.186 - - [09/Mar/2016:12:17:43 -0300] "GET /cormun/static/Shared/jqueryui/images/ui-icons_8d78a5_256x240.png HTTP/1.1" 404 1089
186.103.159.186 - - [09/Mar/2016:12:17:43 -0300] "GET /cormun/static/Shared/jqueryui/images/ui-bg_flat_55_fafafa_40x100.png HTTP/1.1" 404 1097
186.103.159.186 - - [09/Mar/2016:12:17:43 -0300] "GET /cormun/static/Shared/jqueryui/images/ui-icons_82798d_256x240.png HTTP/1.1" 404 1089
