192.168.10.89 - - [09/Mar/2016:09:17:53 -0300] "GET /cormun/static/Resources/Spanish/PXTools.css?171692 HTTP/1.1" 304 -
192.168.10.89 - - [09/Mar/2016:09:17:53 -0300] "GET /cormun/static/gxcfg.js?2016311844946 HTTP/1.1" 304 -
192.168.10.89 - - [09/Mar/2016:09:17:53 -0300] "GET /cormun/static/trsolicitudgral.js?20163118441420 HTTP/1.1" 304 -
186.103.240.224 - - [09/Mar/2016:09:17:53 -0300] "POST /cormun/servlet/trsolicitudot?eb0266d1ed6accc1f42bfc6064179caf,,gx-no-cache=1457525901088 HTTP/1.1" 200 3452
192.168.10.89 - - [09/Mar/2016:09:17:58 -0300] "POST /cormun/servlet/trsolicitudgral?9f8c2412a266f5ed25b65d6f033c6a7f,,gx-no-cache=1457525628052 HTTP/1.1" 200 5893
192.168.10.89 - - [09/Mar/2016:09:17:58 -0300] "POST /cormun/servlet/trsolicitudgral?9f8c2412a266f5ed25b65d6f033c6a7f,,gx-no-cache=1457525628330 HTTP/1.1" 200 5892
192.168.10.89 - - [09/Mar/2016:09:17:58 -0300] "POST /cormun/servlet/trsolicitudgral?9f8c2412a266f5ed25b65d6f033c6a7f,,gx-no-cache=1457525628673 HTTP/1.1" 200 5892
192.168.10.89 - - [09/Mar/2016:09:17:59 -0300] "POST /cormun/servlet/trsolicitudgral?9f8c2412a266f5ed25b65d6f033c6a7f,,gx-no-cache=1457525629059 HTTP/1.1" 200 5892
192.168.10.89 - - [09/Mar/2016:09:18:00 -0300] "POST /cormun/servlet/trsolicitudgral?9f8c2412a266f5ed25b65d6f033c6a7f,,gx-no-cache=1457525630865 HTTP/1.1" 200 4469
192.168.10.89 - - [09/Mar/2016:09:18:01 -0300] "GET /cormun/servlet/trsolicitudgral?000627f5b144e706d32d031d576f13814db999ad99cf2e5263875890c70cf4f0870494fff3733197e7b377cda94bc4fc8940a539fe4d52b3a25d6b08b0562da774d3568d2d3e85f07909ff69f2c8fc7f62bb2201e55c3a7cb09a04d06bf74f58355537e067475a45fbc6929457ca51297491515e901e07a68a51a7df12cfa351,gx-no-cache=1457525631405 HTTP/1.1" 200 661
192.168.10.89 - - [09/Mar/2016:09:18:02 -0300] "POST /cormun/servlet/trsolicitudgral?9f8c2412a266f5ed25b65d6f033c6a7f,,gx-no-cache=1457525632586 HTTP/1.1" 200 4469
192.168.10.89 - - [09/Mar/2016:09:18:03 -0300] "POST /cormun/servlet/trsolicitudgral?9f8c2412a266f5ed25b65d6f033c6a7f,,gx-no-cache=1457525633072 HTTP/1.1" 200 4469
192.168.10.89 - - [09/Mar/2016:09:18:03 -0300] "POST /cormun/servlet/trsolicitudgral?9f8c2412a266f5ed25b65d6f033c6a7f,,gx-no-cache=1457525633605 HTTP/1.1" 200 4468
192.168.10.89 - - [09/Mar/2016:09:18:09 -0300] "POST /cormun/servlet/trsolicitudgral?9f8c2412a266f5ed25b65d6f033c6a7f,,gx-no-cache=1457525639234 HTTP/1.1" 200 4474
192.168.10.89 - - [09/Mar/2016:09:18:09 -0300] "GET /cormun/servlet/trsolicitudgral?000627f5b144e706d32d031d576f13814db999ad99cf2e5263875890c70cf4f0cbdb68015a8bfdec87ab36b82d33ea1f9c494fc7f444efa94f95a380f92cb1b643f6cff9c77fd70b0c7a440e33879ede,gx-no-cache=1457525639928 HTTP/1.1" 200 625
186.103.240.224 - - [09/Mar/2016:09:18:10 -0300] "GET /cormun/servlet/hlogin HTTP/1.1" 200 1717
192.168.10.89 - - [09/Mar/2016:09:18:11 -0300] "GET /cormun/static/menuarrow.gif HTTP/1.1" 404 1015
192.168.10.89 - - [09/Mar/2016:09:18:15 -0300] "POST /cormun/servlet/trsolicitudgral?9f8c2412a266f5ed25b65d6f033c6a7f,,gx-no-cache=1457525645710 HTTP/1.1" 200 9115
192.168.10.89 - - [09/Mar/2016:09:18:17 -0300] "POST /cormun/servlet/trsolicitudgral?9f8c2412a266f5ed25b65d6f033c6a7f,,gx-no-cache=1457525647528 HTTP/1.1" 200 9115
192.168.10.89 - - [09/Mar/2016:09:18:19 -0300] "POST /cormun/servlet/trsolicitudgral?9f8c2412a266f5ed25b65d6f033c6a7f,,gx-no-cache=1457525649576 HTTP/1.1" 200 9116
192.168.10.89 - - [09/Mar/2016:09:18:21 -0300] "POST /cormun/servlet/trsolicitudgral?9f8c2412a266f5ed25b65d6f033c6a7f,,gx-no-cache=1457525651734 HTTP/1.1" 200 9116
186.103.240.224 - - [09/Mar/2016:09:18:22 -0300] "POST /cormun/servlet/hlogin?1c6fbb8f024eb4dd39a5cae4cfce06f6,gx-no-cache=1457525930231 HTTP/1.1" 200 90
186.103.240.224 - - [09/Mar/2016:09:18:22 -0300] "GET /cormun/servlet/hpexe_link HTTP/1.1" 200 951
186.103.240.224 - - [09/Mar/2016:09:18:22 -0300] "GET /cormun/servlet/hhome HTTP/1.1" 200 3477
192.168.10.89 - - [09/Mar/2016:09:18:24 -0300] "POST /cormun/servlet/trsolicitudgral?9f8c2412a266f5ed25b65d6f033c6a7f,,gx-no-cache=1457525654004 HTTP/1.1" 200 9115
186.103.240.224 - - [09/Mar/2016:09:18:25 -0300] "GET /cormun/servlet/hhome HTTP/1.1" 200 3474
192.168.10.89 - - [09/Mar/2016:09:18:26 -0300] "POST /cormun/servlet/trsolicitudgral?9f8c2412a266f5ed25b65d6f033c6a7f,,gx-no-cache=1457525656359 HTTP/1.1" 200 9116
192.168.10.89 - - [09/Mar/2016:09:18:28 -0300] "POST /cormun/servlet/trsolicitudgral?9f8c2412a266f5ed25b65d6f033c6a7f,,gx-no-cache=1457525658828 HTTP/1.1" 200 9116
186.103.240.224 - - [09/Mar/2016:09:18:29 -0300] "GET /cormun/servlet/trautorizarsolicitud? HTTP/1.1" 200 7858
186.103.240.224 - - [09/Mar/2016:09:18:31 -0300] "GET /cormun/servlet/trautorizarsolicitud? HTTP/1.1" 200 7857
186.103.240.224 - - [09/Mar/2016:09:18:45 -0300] "POST /cormun/servlet/trautorizarsolicitud?1c6fbb8f024eb4dd39a5cae4cfce06f6,,gx-no-cache=1457525953399 HTTP/1.1" 200 4989
186.103.240.224 - - [09/Mar/2016:09:18:46 -0300] "GET /cormun/static/Shared/jqueryui/images/ui-bg_highlight-soft_100_c6c2c8_1x100.png HTTP/1.1" 404 1117
186.103.240.224 - - [09/Mar/2016:09:18:46 -0300] "GET /cormun/static/Shared/jqueryui/images/ui-icons_82798d_256x240.png HTTP/1.1" 404 1089
186.103.240.224 - - [09/Mar/2016:09:18:46 -0300] "GET /cormun/static/Shared/jqueryui/images/ui-bg_flat_55_fafafa_40x100.png HTTP/1.1" 404 1097
186.103.240.224 - - [09/Mar/2016:09:18:46 -0300] "GET /cormun/static/Shared/jqueryui/images/ui-icons_8d78a5_256x240.png HTTP/1.1" 404 1089
186.103.240.224 - - [09/Mar/2016:09:18:46 -0300] "POST /cormun/servlet/trautorizarsolicitud?1c6fbb8f024eb4dd39a5cae4cfce06f6,,gx-no-cache=1457525954031 HTTP/1.1" 200 4932
192.168.10.89 - - [09/Mar/2016:09:18:47 -0300] "POST /cormun/servlet/trsolicitudgral?9f8c2412a266f5ed25b65d6f033c6a7f,,gx-no-cache=1457525661439 HTTP/1.1" 200 9116
186.103.240.224 - - [09/Mar/2016:09:18:49 -0300] "POST /cormun/servlet/trautorizarsolicitud?1c6fbb8f024eb4dd39a5cae4cfce06f6,,gx-no-cache=1457525956789 HTTP/1.1" 200 3620
186.103.240.224 - - [09/Mar/2016:09:18:49 -0300] "POST /cormun/servlet/trautorizarsolicitud?1c6fbb8f024eb4dd39a5cae4cfce06f6,,gx-no-cache=1457525957240 HTTP/1.1" 200 3446
186.103.240.224 - - [09/Mar/2016:09:20:32 -0300] "GET /cormun/servlet/hlogin HTTP/1.1" 200 1714
186.103.240.224 - - [09/Mar/2016:09:20:48 -0300] "POST /cormun/servlet/hlogin?dc7aeeb5e9905d746299ea4dccf41655,gx-no-cache=1457526075959 HTTP/1.1" 200 90
186.103.240.224 - - [09/Mar/2016:09:20:48 -0300] "GET /cormun/servlet/hpexe_link HTTP/1.1" 200 945
186.103.240.224 - - [09/Mar/2016:09:20:48 -0300] "GET /cormun/servlet/hhome HTTP/1.1" 200 3415
186.103.240.224 - - [09/Mar/2016:09:20:51 -0300] "GET /cormun/servlet/hhome HTTP/1.1" 200 3412
186.103.240.224 - - [09/Mar/2016:09:20:55 -0300] "GET /cormun/servlet/trsolicitudot? HTTP/1.1" 200 6176
186.103.240.224 - - [09/Mar/2016:09:20:57 -0300] "GET /cormun/servlet/trsolicitudot? HTTP/1.1" 200 6175
186.103.240.224 - - [09/Mar/2016:09:21:00 -0300] "GET /cormun/servlet/solicitudot?INS,0,0, HTTP/1.1" 200 11410
186.103.240.224 - - [09/Mar/2016:09:21:02 -0300] "GET /cormun/servlet/solicitudot?INS,0,0, HTTP/1.1" 200 11415
186.103.240.224 - - [09/Mar/2016:09:21:33 -0300] "POST /cormun/servlet/solicitudot?gx-no-cache=1457526121258 HTTP/1.1" 200 2771
186.103.240.224 - - [09/Mar/2016:09:21:34 -0300] "POST /cormun/servlet/solicitudot?dc7aeeb5e9905d746299ea4dccf41655,INS,0,0,,gx-no-cache=1457526121781 HTTP/1.1" 200 8395
186.103.240.224 - - [09/Mar/2016:09:21:38 -0300] "GET /cormun/servlet/solicitudot?67dd44121663618c5fe9da1d2425b6f96f492b5387b78d513ae85e2615b23867a3f480e9d9bcc221f030c21b8eca3a51,gx-no-cache=1457526125940 HTTP/1.1" 200 30
186.103.240.224 - - [09/Mar/2016:09:21:38 -0300] "POST /cormun/servlet/solicitudot?gx-no-cache=1457526126101 HTTP/1.1" 200 30
186.103.240.224 - - [09/Mar/2016:09:21:42 -0300] "POST /cormun/servlet/solicitudot?gx-no-cache=1457526130149 HTTP/1.1" 200 30
186.103.240.224 - - [09/Mar/2016:09:21:44 -0300] "GET /cormun/servlet/prcontratosol?8692426,,,,,MD,,gxPopupLevel%3D0%3B HTTP/1.1" 200 5742
192.168.10.89 - - [09/Mar/2016:09:21:47 -0300] "POST /cormun/servlet/trsolicitudgral?9f8c2412a266f5ed25b65d6f033c6a7f,,gx-no-cache=1457525856925 HTTP/1.1" 200 9297
192.168.10.89 - - [09/Mar/2016:09:21:49 -0300] "GET /cormun/servlet/trsolicitudgral?000627f5b144e706d32d031d576f1381ad42e580c62c653dbfa0404de29e79d8aee2d4a6a98a7ae287f860d2991baff025907a98111fc7bfa3ab2d749657967da36a341190b0d150ae8ab391cc007ed2e40a76c390bed236368705af6e48d574,gx-no-cache=1457525859784 HTTP/1.1" 200 6189
186.103.240.224 - - [09/Mar/2016:09:21:53 -0300] "POST /cormun/servlet/solicitudot?gx-no-cache=1457526141123 HTTP/1.1" 200 1171
186.103.240.224 - - [09/Mar/2016:09:21:53 -0300] "GET /cormun/servlet/solicitudot?67dd44121663618c5fe9da1d2425b6f934e13e2392cb13ab258d547a09db1c17210ea4a57caaa79baa111e86a5a53e51e10df9149aeb4f87275f312fc279293d6f46b81c9eaa3fc80fce5870dcf5759c38e1cf0b0c8ecda6dcc1f4c88624e4fff794f9460d9cfed3f49323803278e71ff0ad2836a1c6df7268424acd11fc6d7c4f376018ac6613b9a71a0171a454ae4c,gx-no-cache=1457526141315 HTTP/1.1" 200 38
186.103.240.224 - - [09/Mar/2016:09:21:53 -0300] "GET /cormun/servlet/solicitudot?67dd44121663618c5fe9da1d2425b6f95b843c57afa28d927995c449541c476c380ee5c3bcfea20d9e293352c8dc4a5ee9b9170e3baa2b2999798e9d8ad5a1bba7aead4def7525de923dda3148c035e281ab1d1709816933a1a07fc82202575a4c3872f06b3f251d44a2bab93243d6696bf8a66b0923fe8a83cd3507b4ad94ac9d5592eb39d5a922937e832b32f9fe2f56c97e0bcdfe6a10dbd939ce7c6c68e5f887129aa7e17ed0bb798d36aad540e1c5881f4eb044d70432578ee7b770b051ac390bbee0064ff851122d13e2b9ba51,gx-no-cache=1457526141427 HTTP/1.1" 200 29
186.103.240.224 - - [09/Mar/2016:09:21:53 -0300] "POST /cormun/servlet/solicitudot?gx-no-cache=1457526141547 HTTP/1.1" 200 1127
186.103.240.224 - - [09/Mar/2016:09:22:00 -0300] "GET /cormun/servlet/solicitudot?67dd44121663618c5fe9da1d2425b6f95b843c57afa28d927995c449541c476c380ee5c3bcfea20d9e293352c8dc4a5e4d9a0140b66953601b58375a8b69f768a7aead4def7525de923dda3148c035e281ab1d1709816933a1a07fc82202575a4c3872f06b3f251d44a2bab93243d6696bf8a66b0923fe8a83cd3507b4ad94ac9d5592eb39d5a922937e832b32f9fe2f56c97e0bcdfe6a10dbd939ce7c6c68e5f887129aa7e17ed0bb798d36aad540e1c5881f4eb044d70432578ee7b770b051ac390bbee0064ff851122d13e2b9ba51,gx-no-cache=1457526148233 HTTP/1.1" 200 29
186.103.240.224 - - [09/Mar/2016:09:22:21 -0300] "GET /cormun/servlet/solicitudot?67dd44121663618c5fe9da1d2425b6f9428b6763dbe1b3dc66c90b68d0f12f0ef011616ddaf127199bcac73bdd76fc4532577098b659beb6e4e3832408ddfd3ea32c65e952aed57baffd403e58c849861a880d8d16718b41f362da557242f8dd5ab124d8fce68074fa364579ebffb7713ca09825e19ddc359709912f0b89c629b1c1eb518d10607f1d467ce647ebbec7a68984a17958908a30613ebe4b217b068a9b55b27c956a63d1474b060a4fbdb6,gx-no-cache=1457526169132 HTTP/1.1" 200 30
192.168.10.89 - - [09/Mar/2016:09:22:35 -0300] "POST /cormun/servlet/trsolicitudgral?9f8c2412a266f5ed25b65d6f033c6a7f,,gx-no-cache=1457525905610 HTTP/1.1" 200 4481
192.168.10.89 - - [09/Mar/2016:09:22:36 -0300] "GET /cormun/servlet/trsolicitudgral?000627f5b144e706d32d031d576f1381d7880851e37bdd34f7aa49deec5c4d9e7046058cfaa1b19e26b679d40a679ccabc1018aea154ea748da355e344557978b571ec46acb2beb6c2d0b04eca6ec6dfe40a76c390bed236368705af6e48d574,gx-no-cache=1457525906909 HTTP/1.1" 200 637
192.168.10.89 - - [09/Mar/2016:09:22:40 -0300] "POST /cormun/servlet/trsolicitudgral?9f8c2412a266f5ed25b65d6f033c6a7f,,gx-no-cache=1457525910646 HTTP/1.1" 200 4481
186.103.240.224 - - [09/Mar/2016:09:22:40 -0300] "POST /cormun/servlet/solicitudot?dc7aeeb5e9905d746299ea4dccf41655,INS,0,0,,gx-no-cache=1457526188145 HTTP/1.1" 200 93
186.103.240.224 - - [09/Mar/2016:09:22:40 -0300] "GET /cormun/servlet/hpexe_return? HTTP/1.1" 200 1005
186.103.240.224 - - [09/Mar/2016:09:22:41 -0300] "GET /cormun/servlet/trsolicitudot HTTP/1.1" 200 7476
192.168.10.89 - - [09/Mar/2016:09:22:41 -0300] "POST /cormun/servlet/trsolicitudgral?9f8c2412a266f5ed25b65d6f033c6a7f,,gx-no-cache=1457525911810 HTTP/1.1" 200 4481
192.168.10.89 - - [09/Mar/2016:09:22:43 -0300] "POST /cormun/servlet/trsolicitudgral?9f8c2412a266f5ed25b65d6f033c6a7f,,gx-no-cache=1457525913082 HTTP/1.1" 200 4481
186.103.240.224 - - [09/Mar/2016:09:22:43 -0300] "GET /cormun/servlet/trsolicitudot HTTP/1.1" 200 7472
192.168.10.89 - - [09/Mar/2016:09:22:48 -0300] "POST /cormun/servlet/trsolicitudgral?9f8c2412a266f5ed25b65d6f033c6a7f,,gx-no-cache=1457525914366 HTTP/1.1" 200 4481
192.168.10.89 - - [09/Mar/2016:09:22:56 -0300] "POST /cormun/servlet/trsolicitudgral?9f8c2412a266f5ed25b65d6f033c6a7f,,gx-no-cache=1457525926774 HTTP/1.1" 200 7562
192.168.10.89 - - [09/Mar/2016:09:22:59 -0300] "GET /cormun/servlet/trsolicitudgral?000627f5b144e706d32d031d576f1381d2ab2249d7760da0dbb3202b4b8ac8bfcbdb68015a8bfdec87ab36b82d33ea1f9c494fc7f444efa94f95a380f92cb1b643f6cff9c77fd70b0c7a440e33879ede,gx-no-cache=1457525929472 HTTP/1.1" 200 4206
186.103.240.224 - - [09/Mar/2016:09:23:10 -0300] "GET /cormun/servlet/solicitudot?INS,0,0, HTTP/1.1" 200 11413
186.103.240.224 - - [09/Mar/2016:09:23:12 -0300] "GET /cormun/servlet/solicitudot?INS,0,0, HTTP/1.1" 200 11418
186.103.240.224 - - [09/Mar/2016:09:23:30 -0300] "POST /cormun/servlet/solicitudot?gx-no-cache=1457526238349 HTTP/1.1" 200 2781
186.103.240.224 - - [09/Mar/2016:09:23:31 -0300] "POST /cormun/servlet/solicitudot?dc7aeeb5e9905d746299ea4dccf41655,INS,0,0,,gx-no-cache=1457526238796 HTTP/1.1" 200 8403
186.103.240.224 - - [09/Mar/2016:09:23:35 -0300] "GET /cormun/servlet/solicitudot?67dd44121663618c5fe9da1d2425b6f9affb73b571372a536807593ad3a01691fa4859bb3ed4f04e41d4331e8441a4bb,gx-no-cache=1457526243399 HTTP/1.1" 200 30
186.103.240.224 - - [09/Mar/2016:09:23:35 -0300] "POST /cormun/servlet/solicitudot?gx-no-cache=1457526243510 HTTP/1.1" 200 30
186.103.240.224 - - [09/Mar/2016:09:23:43 -0300] "POST /cormun/servlet/solicitudot?gx-no-cache=1457526251650 HTTP/1.1" 200 30
186.103.240.224 - - [09/Mar/2016:09:23:46 -0300] "GET /cormun/servlet/prcontratosol?14331834,,,,,MD,,gxPopupLevel%3D0%3B HTTP/1.1" 200 5749
186.103.240.224 - - [09/Mar/2016:09:23:57 -0300] "POST /cormun/servlet/solicitudot?gx-no-cache=1457526264922 HTTP/1.1" 200 1171
186.103.240.224 - - [09/Mar/2016:09:23:57 -0300] "GET /cormun/servlet/solicitudot?67dd44121663618c5fe9da1d2425b6f934e13e2392cb13ab258d547a09db1c17210ea4a57caaa79baa111e86a5a53e51e10df9149aeb4f87275f312fc279293d6f46b81c9eaa3fc80fce5870dcf5759c38e1cf0b0c8ecda6dcc1f4c88624e4fff794f9460d9cfed3f49323803278e71ff0ad2836a1c6df7268424acd11fc6d7c4f376018ac6613b9a71a0171a454ae4c,gx-no-cache=1457526265137 HTTP/1.1" 200 38
186.103.240.224 - - [09/Mar/2016:09:23:57 -0300] "GET /cormun/servlet/solicitudot?67dd44121663618c5fe9da1d2425b6f95b843c57afa28d927995c449541c476c380ee5c3bcfea20d9e293352c8dc4a5ee9b9170e3baa2b2999798e9d8ad5a1bba7aead4def7525de923dda3148c035e281ab1d1709816933a1a07fc82202575a4c3872f06b3f251d44a2bab93243d6696bf8a66b0923fe8a83cd3507b4ad94ac9d5592eb39d5a922937e832b32f9fe2f56c97e0bcdfe6a10dbd939ce7c6c68e5f887129aa7e17ed0bb798d36aad540e1c5881f4eb044d70432578ee7b770b051ac390bbee0064ff851122d13e2b9ba51,gx-no-cache=1457526265269 HTTP/1.1" 200 29
186.103.240.224 - - [09/Mar/2016:09:23:57 -0300] "POST /cormun/servlet/solicitudot?gx-no-cache=1457526265384 HTTP/1.1" 200 1128
186.103.240.224 - - [09/Mar/2016:09:24:21 -0300] "GET /cormun/servlet/solicitudot?67dd44121663618c5fe9da1d2425b6f95b843c57afa28d927995c449541c476c380ee5c3bcfea20d9e293352c8dc4a5e4d9a0140b66953601b58375a8b69f768a7aead4def7525de923dda3148c035e281ab1d1709816933a1a07fc82202575a4c3872f06b3f251d44a2bab93243d6696bf8a66b0923fe8a83cd3507b4ad94ac9d5592eb39d5a922937e832b32f9fe2f56c97e0bcdfe6a10dbd939ce7c6c68e5f887129aa7e17ed0bb798d36aad540e1c5881f4eb044d70432578ee7b770b051ac390bbee0064ff851122d13e2b9ba51,gx-no-cache=1457526288896 HTTP/1.1" 200 29
186.103.240.224 - - [09/Mar/2016:09:24:25 -0300] "GET /cormun/servlet/solicitudot?67dd44121663618c5fe9da1d2425b6f90554e3cd825d211f7c8e142e746bbafaa204ff43412611a22284e35da36dfd916ace21be7a7b68367c2ae22c3e226fc4283b491bd0d6b92a8a7dde9e67a7d975cf4f0d0be6205e41be98d3dd51157fb5b8d8a65e6b8cbd6c6aa84215d3f2b02e655141961c8550a3ae88258266ba8422f7f84981b7027cfb17923b6cf8079d373f8741cbec946336644d3e283db0ae37cdf5d8470b6147f58f0f0ff0be84bbec,gx-no-cache=1457526292805 HTTP/1.1" 200 30
186.103.240.224 - - [09/Mar/2016:09:24:34 -0300] "POST /cormun/servlet/solicitudot?dc7aeeb5e9905d746299ea4dccf41655,INS,0,0,,gx-no-cache=1457526302292 HTTP/1.1" 200 93
186.103.240.224 - - [09/Mar/2016:09:24:35 -0300] "GET /cormun/servlet/hpexe_return? HTTP/1.1" 200 1005
186.103.240.224 - - [09/Mar/2016:09:24:35 -0300] "GET /cormun/servlet/trsolicitudot HTTP/1.1" 200 7827
186.103.156.211 - - [09/Mar/2016:09:24:37 -0300] "GET /cormun/servlet/hlogin HTTP/1.1" 200 1722
186.103.156.211 - - [09/Mar/2016:09:24:37 -0300] "GET /cormun/static/Resources/Spanish/PXTools.css?005343 HTTP/1.1" 304 -
186.103.156.211 - - [09/Mar/2016:09:24:37 -0300] "GET /cormun/static/gxcfg.js?20151120045111 HTTP/1.1" 304 -
186.103.156.211 - - [09/Mar/2016:09:24:37 -0300] "GET /cormun/static/messages.spa.js?85251 HTTP/1.1" 304 -
186.103.156.211 - - [09/Mar/2016:09:24:37 -0300] "GET /cormun/static/hlogin.js?20151120045126 HTTP/1.1" 304 -
186.103.240.224 - - [09/Mar/2016:09:24:37 -0300] "GET /cormun/servlet/trsolicitudot HTTP/1.1" 200 7823
186.103.156.211 - - [09/Mar/2016:09:25:07 -0300] "POST /cormun/servlet/hlogin?1f30962f7895d94a3d46ba0b4090a9f9,gx-no-cache=1457526351009 HTTP/1.1" 200 438
186.103.156.211 - - [09/Mar/2016:09:25:18 -0300] "POST /cormun/servlet/hlogin?1f30962f7895d94a3d46ba0b4090a9f9,gx-no-cache=1457526361726 HTTP/1.1" 200 90
186.103.156.211 - - [09/Mar/2016:09:25:18 -0300] "GET /cormun/servlet/hpexe_link HTTP/1.1" 200 950
192.168.10.89 - - [09/Mar/2016:09:25:18 -0300] "POST /cormun/servlet/trsolicitudgral?9f8c2412a266f5ed25b65d6f033c6a7f,,gx-no-cache=1457526068133 HTTP/1.1" 200 5870
186.103.156.211 - - [09/Mar/2016:09:25:18 -0300] "GET /cormun/static/gxcfg.js?20151120044395 HTTP/1.1" 304 -
186.103.156.211 - - [09/Mar/2016:09:25:18 -0300] "GET /cormun/static/hpexe_link.js?20151120044398 HTTP/1.1" 304 -
186.103.156.211 - - [09/Mar/2016:09:25:18 -0300] "GET /cormun/servlet/hhome HTTP/1.1" 200 3456
186.103.156.211 - - [09/Mar/2016:09:25:18 -0300] "GET /cormun/static/Resources/Spanish/PXTools.css?10515224 HTTP/1.1" 304 -
186.103.156.211 - - [09/Mar/2016:09:25:18 -0300] "GET /cormun/static/gxcfg.js?2015112210564248 HTTP/1.1" 304 -
186.103.156.211 - - [09/Mar/2016:09:25:18 -0300] "GET /cormun/static/hhome.js?2015112210564255 HTTP/1.1" 304 -
186.103.156.211 - - [09/Mar/2016:09:25:18 -0300] "GET /cormun/static/hwchdr01.js?20162241650484 HTTP/1.1" 304 -
186.103.156.211 - - [09/Mar/2016:09:25:18 -0300] "GET /cormun/static/hpexe_recentlink.js?2015111312121342 HTTP/1.1" 304 -
186.103.156.211 - - [09/Mar/2016:09:25:18 -0300] "GET /cormun/static/hpexe_scripts.js?20151120014546 HTTP/1.1" 304 -
186.103.156.211 - - [09/Mar/2016:09:25:18 -0300] "GET /cormun/static/hpexe_messagecontroller.js?2015112210524422 HTTP/1.1" 304 -
186.103.156.211 - - [09/Mar/2016:09:25:18 -0300] "GET /cormun/static/hpexe_messagepopupcomponent.js?20163219454551 HTTP/1.1" 304 -
186.103.156.211 - - [09/Mar/2016:09:25:18 -0300] "GET /cormun/static/hpexe_messagegenexuscomponent.js?20151120014314 HTTP/1.1" 304 -
186.103.156.211 - - [09/Mar/2016:09:25:18 -0300] "GET /cormun/static/cmcontrolpreferences.js?20151120014525 HTTP/1.1" 304 -
186.103.156.211 - - [09/Mar/2016:09:25:18 -0300] "GET /cormun/static/hmpwkw03.js?2016311993330 HTTP/1.1" 304 -
186.103.159.44 - - [09/Mar/2016:09:25:19 -0300] "GET /cormun/servlet/solicitudot?bc2e9549e175c8aa1576c611d087079e5f0eeb5edaa5d5a518936e05d41fd14e91d6f08f64e0009a792fc3b261465a019806a2d46bd748c64b563a4971a2d13634656075d71e123becc38ebfa294a669ad595eb2b1d6184ff6f869668e3453fbc5dc72e3d7997b278d172ad243c55864,gx-no-cache=1457526315912 HTTP/1.1" 200 29
186.103.156.211 - - [09/Mar/2016:09:25:19 -0300] "GET /cormun/servlet/hhome HTTP/1.1" 200 3452
186.103.159.44 - - [09/Mar/2016:09:25:19 -0300] "POST /cormun/servlet/solicitudot?gx-no-cache=1457526315985 HTTP/1.1" 200 1127
192.168.10.89 - - [09/Mar/2016:09:25:19 -0300] "GET /cormun/servlet/trsolicitudgral?000627f5b144e706d32d031d576f1381b1350d5db734e7d2cb4652a4754e1ad24131304aee2edc6ef1d7289a5d7971a2d8f628be90985521b488c97d8ed114b59f846213f7ca5e6e5a1e68c23c641df369710c480c0323bebe49726c154e8784,gx-no-cache=1457526070011 HTTP/1.1" 200 2166
186.103.156.211 - - [09/Mar/2016:09:25:25 -0300] "GET /cormun/servlet/trsolicitudot? HTTP/1.1" 200 6215
186.103.156.211 - - [09/Mar/2016:09:25:25 -0300] "GET /cormun/static/gxcfg.js?201631185636 HTTP/1.1" 304 -
186.103.156.211 - - [09/Mar/2016:09:25:25 -0300] "GET /cormun/static/Resources/Spanish/PXTools.css?18502099 HTTP/1.1" 304 -
186.103.156.211 - - [09/Mar/2016:09:25:25 -0300] "GET /cormun/static/trsolicitudot.js?2016311856838 HTTP/1.1" 304 -
186.103.156.211 - - [09/Mar/2016:09:25:26 -0300] "GET /cormun/servlet/trsolicitudot? HTTP/1.1" 200 6214
192.168.10.89 - - [09/Mar/2016:09:25:29 -0300] "POST /cormun/servlet/trsolicitudgral?9f8c2412a266f5ed25b65d6f033c6a7f,,gx-no-cache=1457526079379 HTTP/1.1" 200 6168
192.168.10.89 - - [09/Mar/2016:09:25:31 -0300] "GET /cormun/servlet/trsolicitudgral?000627f5b144e706d32d031d576f13818f0bc756f6c07d32e5dd43954876ea6a25b4fce38fe3aec5fe4d3219ce1f93145ccccf2bfa85a6623ab694f84d6365e5ed678ad2b757e427f2c0207022ffeb0769710c480c0323bebe49726c154e8784,gx-no-cache=1457526081485 HTTP/1.1" 200 2510
192.168.10.89 - - [09/Mar/2016:09:25:38 -0300] "GET /cormun/servlet/hlogin HTTP/1.1" 200 1740
186.103.159.44 - - [09/Mar/2016:09:25:43 -0300] "GET /cormun/servlet/solicitudot?bc2e9549e175c8aa1576c611d087079e66c876a522fa9252757f2f60d3c5babb80e405ab74cdf063082823a2607cc57d97fd6e1702ecf9b04b5149dad7e7d157c639b9a7140b4473fe423ce5e174c5ba80a83b3fee83be3351aa731c9390c2be8952805f7a0a527fb31f6ac4ed6bf56235bf1abdf3ed51d4ca898780eb0e2da21b7802d41f6635defaccde2f56fdf6b1adc11cfb7b4540b32e25c7e3d75b6a660385809291b4f727f6ea1dcf1ce6e5c38070ae1e36bbc2c3e5b2f51da552f7c3,gx-no-cache=1457526340565 HTTP/1.1" 200 30
186.103.159.44 - - [09/Mar/2016:09:25:55 -0300] "POST /cormun/servlet/solicitudot?25df28cb1df9782350b2dde1f59952b0,INS,0,0,,gx-no-cache=1457526351831 HTTP/1.1" 200 9360
186.103.159.44 - - [09/Mar/2016:09:25:55 -0300] "GET /cormun/static/Shared/jqueryui/images/ui-icons_ebccce_256x240.png HTTP/1.1" 404 1089
186.103.159.44 - - [09/Mar/2016:09:25:55 -0300] "GET /cormun/static/Shared/jqueryui/images/ui-bg_flat_55_994d53_40x100.png HTTP/1.1" 404 1097
186.103.240.224 - - [09/Mar/2016:09:26:06 -0300] "POST /cormun/servlet/trsolicitudot?dc7aeeb5e9905d746299ea4dccf41655,gx-no-cache=1457526393637 HTTP/1.1" 200 5289
186.103.240.224 - - [09/Mar/2016:09:26:06 -0300] "POST /cormun/servlet/trsolicitudot?dc7aeeb5e9905d746299ea4dccf41655,gx-no-cache=1457526394374 HTTP/1.1" 200 5289
186.103.240.224 - - [09/Mar/2016:09:26:07 -0300] "POST /cormun/servlet/trsolicitudot?dc7aeeb5e9905d746299ea4dccf41655,gx-no-cache=1457526394899 HTTP/1.1" 200 5289
186.103.240.224 - - [09/Mar/2016:09:26:07 -0300] "POST /cormun/servlet/trsolicitudot?dc7aeeb5e9905d746299ea4dccf41655,gx-no-cache=1457526395429 HTTP/1.1" 200 5289
186.103.240.224 - - [09/Mar/2016:09:26:08 -0300] "POST /cormun/servlet/trsolicitudot?dc7aeeb5e9905d746299ea4dccf41655,gx-no-cache=1457526395966 HTTP/1.1" 200 5289
186.103.240.224 - - [09/Mar/2016:09:26:09 -0300] "POST /cormun/servlet/trsolicitudot?dc7aeeb5e9905d746299ea4dccf41655,gx-no-cache=1457526396558 HTTP/1.1" 200 5289
186.103.240.224 - - [09/Mar/2016:09:26:09 -0300] "POST /cormun/servlet/trsolicitudot?dc7aeeb5e9905d746299ea4dccf41655,gx-no-cache=1457526397139 HTTP/1.1" 200 5289
186.103.240.224 - - [09/Mar/2016:09:26:10 -0300] "POST /cormun/servlet/trsolicitudot?dc7aeeb5e9905d746299ea4dccf41655,gx-no-cache=1457526397744 HTTP/1.1" 200 4958
186.103.240.224 - - [09/Mar/2016:09:26:10 -0300] "GET /cormun/static/Shared/jqueryui/images/ui-bg_highlight-soft_100_c6c2c8_1x100.png HTTP/1.1" 404 1117
186.103.240.224 - - [09/Mar/2016:09:26:10 -0300] "GET /cormun/static/Shared/jqueryui/images/ui-icons_82798d_256x240.png HTTP/1.1" 404 1089
186.103.240.224 - - [09/Mar/2016:09:26:10 -0300] "GET /cormun/static/Shared/jqueryui/images/ui-bg_flat_55_fafafa_40x100.png HTTP/1.1" 404 1097
186.103.240.224 - - [09/Mar/2016:09:26:10 -0300] "GET /cormun/static/Shared/jqueryui/images/ui-icons_8d78a5_256x240.png HTTP/1.1" 404 1089
186.103.240.224 - - [09/Mar/2016:09:26:11 -0300] "POST /cormun/servlet/trsolicitudot?dc7aeeb5e9905d746299ea4dccf41655,gx-no-cache=1457526398456 HTTP/1.1" 200 4900
186.103.240.224 - - [09/Mar/2016:09:26:15 -0300] "POST /cormun/servlet/trsolicitudot?dc7aeeb5e9905d746299ea4dccf41655,gx-no-cache=1457526403003 HTTP/1.1" 200 3601
186.103.240.224 - - [09/Mar/2016:09:26:16 -0300] "POST /cormun/servlet/trsolicitudot?dc7aeeb5e9905d746299ea4dccf41655,gx-no-cache=1457526403556 HTTP/1.1" 200 3455
186.103.159.44 - - [09/Mar/2016:09:26:19 -0300] "GET /cormun/servlet/solicitudot?bc2e9549e175c8aa1576c611d087079ebdd50741a0c3ee6ebe1a34f01f26ae8ac29cdf1891066446fcfb05d9fb1ef42816ba392371739d2fe947ccd27e115262f755dfece1c2f44eaf1d872bc0b704d720f10fbc26f98149f7151321719511a1db8c8f04178a731c7785b8739b3ca049daffecc004ae725c9c34526de340c6a105dad36da0c32c73debed98862522cc3501fbcfb441e4120c9708e321d760c22,gx-no-cache=1457526376270 HTTP/1.1" 200 41
186.103.159.44 - - [09/Mar/2016:09:26:19 -0300] "GET /cormun/servlet/solicitudot?bc2e9549e175c8aa1576c611d087079e66c876a522fa9252757f2f60d3c5babb80e405ab74cdf063082823a2607cc57d4f6e58243a2d6c280b1cb339572e9adec639b9a7140b4473fe423ce5e174c5ba80a83b3fee83be3351aa731c9390c2be8952805f7a0a527fb31f6ac4ed6bf56235bf1abdf3ed51d4ca898780eb0e2da21b7802d41f6635defaccde2f56fdf6b1adc11cfb7b4540b32e25c7e3d75b6a660385809291b4f727f6ea1dcf1ce6e5c38070ae1e36bbc2c3e5b2f51da552f7c3,gx-no-cache=1457526376439 HTTP/1.1" 200 30
186.103.159.44 - - [09/Mar/2016:09:26:20 -0300] "POST /cormun/servlet/solicitudot?25df28cb1df9782350b2dde1f59952b0,INS,0,0,,gx-no-cache=1457526376491 HTTP/1.1" 200 9408
186.103.240.224 - - [09/Mar/2016:09:26:31 -0300] "GET /cormun/servlet/hlogin HTTP/1.1" 200 1719
186.103.159.44 - - [09/Mar/2016:09:26:37 -0300] "GET /cormun/servlet/solicitudot?bc2e9549e175c8aa1576c611d087079ebdd50741a0c3ee6ebe1a34f01f26ae8ac29cdf1891066446fcfb05d9fb1ef42816ba392371739d2fe947ccd27e115262f755dfece1c2f44eaf1d872bc0b704d720f10fbc26f98149f7151321719511a1db8c8f04178a731c7785b8739b3ca049daffecc004ae725c9c34526de340c6a105dad36da0c32c73debed98862522cc36f768048fdc3345aa4aea8c6eae5fc96,gx-no-cache=1457526394598 HTTP/1.1" 200 41
186.103.159.44 - - [09/Mar/2016:09:26:38 -0300] "GET /cormun/servlet/solicitudot?bc2e9549e175c8aa1576c611d087079e66c876a522fa9252757f2f60d3c5babb80e405ab74cdf063082823a2607cc57d97fd6e1702ecf9b04b5149dad7e7d157c639b9a7140b4473fe423ce5e174c5ba80a83b3fee83be3351aa731c9390c2be8952805f7a0a527fb31f6ac4ed6bf56235bf1abdf3ed51d4ca898780eb0e2da21b7802d41f6635defaccde2f56fdf6b1adc11cfb7b4540b32e25c7e3d75b6a660385809291b4f727f6ea1dcf1ce6e5c38070ae1e36bbc2c3e5b2f51da552f7c3,gx-no-cache=1457526394667 HTTP/1.1" 200 30
186.103.159.44 - - [09/Mar/2016:09:26:38 -0300] "POST /cormun/servlet/solicitudot?25df28cb1df9782350b2dde1f59952b0,INS,0,0,,gx-no-cache=1457526394715 HTTP/1.1" 200 9462
186.103.156.211 - - [09/Mar/2016:09:26:42 -0300] "GET /cormun/static/menuarrow.gif HTTP/1.1" 404 1015
186.103.240.224 - - [09/Mar/2016:09:26:42 -0300] "POST /cormun/servlet/hlogin?3025fc0f1415d5a22962e0a5e935ac19,gx-no-cache=1457526430443 HTTP/1.1" 200 90
186.103.240.224 - - [09/Mar/2016:09:26:42 -0300] "GET /cormun/servlet/hpexe_link HTTP/1.1" 200 950
186.103.240.224 - - [09/Mar/2016:09:26:43 -0300] "GET /cormun/servlet/hhome HTTP/1.1" 200 3478
186.103.240.224 - - [09/Mar/2016:09:26:45 -0300] "GET /cormun/servlet/hhome HTTP/1.1" 200 3474
186.103.240.224 - - [09/Mar/2016:09:26:49 -0300] "GET /cormun/servlet/trautorizarsolicitud? HTTP/1.1" 200 7830
186.103.240.224 - - [09/Mar/2016:09:26:51 -0300] "GET /cormun/servlet/trautorizarsolicitud? HTTP/1.1" 200 7828
186.103.156.211 - - [09/Mar/2016:09:26:52 -0300] "POST /cormun/servlet/trsolicitudot?1f30962f7895d94a3d46ba0b4090a9f9,,gx-no-cache=1457526456159 HTTP/1.1" 200 4929
186.103.156.211 - - [09/Mar/2016:09:26:52 -0300] "GET /cormun//static/Resources/PXToolsActionView.png HTTP/1.1" 200 2995
186.103.156.211 - - [09/Mar/2016:09:26:52 -0300] "GET /cormun//static/Resources/PXTools/ActionInsert.png HTTP/1.1" 200 1482
186.103.156.211 - - [09/Mar/2016:09:26:52 -0300] "GET /cormun//static/Resources/PXToolsGridUpdate.png HTTP/1.1" 200 2984
186.103.156.211 - - [09/Mar/2016:09:26:52 -0300] "GET /cormun//static/Resources/PXToolsRemoveAllAction.png HTTP/1.1" 200 3558
186.103.156.211 - - [09/Mar/2016:09:26:52 -0300] "GET /cormun//static/Resources/PXToolsGridDelete.png HTTP/1.1" 200 357
186.103.156.211 - - [09/Mar/2016:09:26:55 -0300] "POST /cormun/servlet/trsolicitudot?1f30962f7895d94a3d46ba0b4090a9f9,,gx-no-cache=1457526458919 HTTP/1.1" 200 4928
186.103.240.224 - - [09/Mar/2016:09:27:04 -0300] "POST /cormun/servlet/trautorizarsolicitud?3025fc0f1415d5a22962e0a5e935ac19,,gx-no-cache=1457526451784 HTTP/1.1" 200 4942
186.103.240.224 - - [09/Mar/2016:09:27:04 -0300] "GET /cormun/static/Shared/jqueryui/images/ui-bg_highlight-soft_100_c6c2c8_1x100.png HTTP/1.1" 404 1117
186.103.240.224 - - [09/Mar/2016:09:27:04 -0300] "GET /cormun/static/Shared/jqueryui/images/ui-icons_82798d_256x240.png HTTP/1.1" 404 1089
186.103.240.224 - - [09/Mar/2016:09:27:04 -0300] "GET /cormun/static/Shared/jqueryui/images/ui-bg_flat_55_fafafa_40x100.png HTTP/1.1" 404 1097
186.103.240.224 - - [09/Mar/2016:09:27:04 -0300] "GET /cormun/static/Shared/jqueryui/images/ui-icons_8d78a5_256x240.png HTTP/1.1" 404 1089
186.103.240.224 - - [09/Mar/2016:09:27:04 -0300] "POST /cormun/servlet/trautorizarsolicitud?3025fc0f1415d5a22962e0a5e935ac19,,gx-no-cache=1457526452406 HTTP/1.1" 200 4886
186.103.240.224 - - [09/Mar/2016:09:27:09 -0300] "POST /cormun/servlet/trautorizarsolicitud?3025fc0f1415d5a22962e0a5e935ac19,,gx-no-cache=1457526456734 HTTP/1.1" 200 3586
186.103.240.224 - - [09/Mar/2016:09:27:09 -0300] "POST /cormun/servlet/trautorizarsolicitud?3025fc0f1415d5a22962e0a5e935ac19,,gx-no-cache=1457526457193 HTTP/1.1" 200 3444
186.103.159.44 - - [09/Mar/2016:09:27:12 -0300] "POST /cormun/servlet/solicitudot?25df28cb1df9782350b2dde1f59952b0,INS,0,0,,gx-no-cache=1457526429332 HTTP/1.1" 200 9504
186.103.156.211 - - [09/Mar/2016:09:28:07 -0300] "POST /cormun/servlet/trsolicitudot?1f30962f7895d94a3d46ba0b4090a9f9,,gx-no-cache=1457526530389 HTTP/1.1" 200 4928
186.103.156.211 - - [09/Mar/2016:09:28:07 -0300] "POST /cormun/servlet/trsolicitudot?1f30962f7895d94a3d46ba0b4090a9f9,,gx-no-cache=1457526531180 HTTP/1.1" 200 4929
186.103.156.211 - - [09/Mar/2016:09:28:57 -0300] "GET /cormun/servlet/trsolicitudot?adc1a3fcc662a1fd343765f3b16ce875568d753a90b7aace99651e451b6f831fea1e36203d4b695f23e43453d12a682181ac297a7640a1bdc3685fe05e4cf52751d1c93466dcea5ae6bc5e04a82929c5203b18ef3a11c890aa8062339db44ca0,gx-no-cache=1457526580611 HTTP/1.1" 200 2200
186.103.156.211 - - [09/Mar/2016:09:29:21 -0300] "GET /cormun/servlet/trsolicitudot?adc1a3fcc662a1fd343765f3b16ce875568d753a90b7aace99651e451b6f831fea1e36203d4b695f23e43453d12a682181ac297a7640a1bdc3685fe05e4cf52751d1c93466dcea5ae6bc5e04a82929c5203b18ef3a11c890aa8062339db44ca0,gx-no-cache=1457526605219 HTTP/1.1" 200 2200
186.103.156.211 - - [09/Mar/2016:09:29:43 -0300] "GET /cormun/servlet/trsolicitudot?adc1a3fcc662a1fd343765f3b16ce875cb1b239a67ab01f180134fa1af9b03c8ea1e36203d4b695f23e43453d12a682181ac297a7640a1bdc3685fe05e4cf52751d1c93466dcea5ae6bc5e04a82929c5203b18ef3a11c890aa8062339db44ca0,gx-no-cache=1457526626744 HTTP/1.1" 200 2200
186.78.47.206 - - [09/Mar/2016:09:29:50 -0300] "GET /cormun/servlet/hlogin HTTP/1.1" 200 1715
186.78.47.206 - - [09/Mar/2016:09:29:50 -0300] "GET /cormun/static/gxcfg.js?20151120045111 HTTP/1.1" 304 -
186.78.47.206 - - [09/Mar/2016:09:29:50 -0300] "GET /cormun/static/Resources/Spanish/PXTools.css?005343 HTTP/1.1" 304 -
186.78.47.206 - - [09/Mar/2016:09:29:50 -0300] "GET /cormun/static/messages.spa.js?85251 HTTP/1.1" 304 -
186.78.47.206 - - [09/Mar/2016:09:29:50 -0300] "GET /cormun/static/hlogin.js?20151120045126 HTTP/1.1" 304 -
186.78.47.206 - - [09/Mar/2016:09:29:51 -0300] "POST /cormun/servlet/hlogin?8aa9e823b7c0405cd09b8f1d3f7c41a0,gx-no-cache=1457526682683 HTTP/1.1" 200 90
186.78.47.206 - - [09/Mar/2016:09:29:52 -0300] "GET /cormun/servlet/hpexe_link HTTP/1.1" 200 949
186.78.47.206 - - [09/Mar/2016:09:29:52 -0300] "GET /cormun/static/gxcfg.js?20151120044395 HTTP/1.1" 304 -
186.78.47.206 - - [09/Mar/2016:09:29:52 -0300] "GET /cormun/static/hpexe_link.js?20151120044398 HTTP/1.1" 304 -
186.78.47.206 - - [09/Mar/2016:09:29:52 -0300] "GET /cormun/servlet/hhome HTTP/1.1" 200 3437
186.78.47.206 - - [09/Mar/2016:09:29:52 -0300] "GET /cormun/static/Resources/Spanish/PXTools.css?10515224 HTTP/1.1" 304 -
186.78.47.206 - - [09/Mar/2016:09:29:52 -0300] "GET /cormun/static/gxcfg.js?2015112210564248 HTTP/1.1" 304 -
186.78.47.206 - - [09/Mar/2016:09:29:52 -0300] "GET /cormun/static/hwchdr01.js?20162241650484 HTTP/1.1" 304 -
186.78.47.206 - - [09/Mar/2016:09:29:52 -0300] "GET /cormun/static/hpexe_recentlink.js?2015111312121342 HTTP/1.1" 304 -
186.78.47.206 - - [09/Mar/2016:09:29:52 -0300] "GET /cormun/static/hhome.js?2015112210564255 HTTP/1.1" 304 -
186.78.47.206 - - [09/Mar/2016:09:29:52 -0300] "GET /cormun/static/hpexe_scripts.js?20151120014546 HTTP/1.1" 304 -
186.78.47.206 - - [09/Mar/2016:09:29:52 -0300] "GET /cormun/static/hpexe_messagecontroller.js?2015112210524422 HTTP/1.1" 304 -
186.78.47.206 - - [09/Mar/2016:09:29:52 -0300] "GET /cormun/static/hpexe_messagepopupcomponent.js?20163219454551 HTTP/1.1" 304 -
186.78.47.206 - - [09/Mar/2016:09:29:52 -0300] "GET /cormun/static/hpexe_messagegenexuscomponent.js?20151120014314 HTTP/1.1" 304 -
186.78.47.206 - - [09/Mar/2016:09:29:52 -0300] "GET /cormun/static/cmcontrolpreferences.js?20151120014525 HTTP/1.1" 304 -
186.78.47.206 - - [09/Mar/2016:09:29:52 -0300] "GET /cormun/static/hmpwkw03.js?2016311993330 HTTP/1.1" 304 -
186.78.47.206 - - [09/Mar/2016:09:29:52 -0300] "GET /cormun/servlet/hhome HTTP/1.1" 200 3434
186.103.156.211 - - [09/Mar/2016:09:29:58 -0300] "GET /cormun/servlet/trsolicitudot?adc1a3fcc662a1fd343765f3b16ce87542dc498daaa9e86ca75a5aca25b163d720407f16c3202ad19678765775a45cebda250cb4113ae0fd2bd52bdb73cea6eb04d217e5b8213e24abf5fe230c1b1a18ea28b16a3b74214dc1ea50a4b3bcd224,gx-no-cache=1457526641874 HTTP/1.1" 200 2200
186.103.156.211 - - [09/Mar/2016:09:29:59 -0300] "GET /cormun/servlet/trsolicitudot?adc1a3fcc662a1fd343765f3b16ce875ee849931fdfc7e0ff103ac4b6bf8f07e3e18007796ffdb54cd61f8a9f886484c54a1f79d213d402fe69e53b6e9898ef343f3500cd7769c4591c65a1e1dfd6eeab22bb906019e28cb34d385c811f0b778,gx-no-cache=1457526642783 HTTP/1.1" 200 2200
186.103.156.211 - - [09/Mar/2016:09:30:07 -0300] "GET /cormun/servlet/trsolicitudot?adc1a3fcc662a1fd343765f3b16ce875ee849931fdfc7e0ff103ac4b6bf8f07ef45f4ebdb12314e0b0abd6dcefb3a22091b424181908fd0f9c4d43b9e01fbb467c3f7d82badb8f9f62d372c9b11a56bd81bbbeb319098e528f32739ae6d4c7298590470474583451872e5dc545728b93,gx-no-cache=1457526650622 HTTP/1.1" 200 2200
186.103.156.211 - - [09/Mar/2016:09:30:41 -0300] "GET /cormun/servlet/solicitudot?INS,0,0, HTTP/1.1" 200 11466
186.103.156.211 - - [09/Mar/2016:09:30:41 -0300] "GET /cormun/static/Resources/Spanish/PXTools.css?1944839 HTTP/1.1" 304 -
186.103.156.211 - - [09/Mar/2016:09:30:41 -0300] "GET /cormun/static/gxcfg.js?20163219435133 HTTP/1.1" 304 -
186.103.156.211 - - [09/Mar/2016:09:30:41 -0300] "GET /cormun/static/solicitudot.js?20163219435183 HTTP/1.1" 304 -
186.103.156.211 - - [09/Mar/2016:09:30:42 -0300] "GET /cormun/servlet/solicitudot?INS,0,0, HTTP/1.1" 200 11471
186.103.156.211 - - [09/Mar/2016:09:30:49 -0300] "GET /cormun/servlet/trsolicitudot? HTTP/1.1" 200 7504
186.103.156.211 - - [09/Mar/2016:09:30:50 -0300] "GET /cormun/servlet/trsolicitudot? HTTP/1.1" 200 7503
186.103.156.211 - - [09/Mar/2016:09:30:56 -0300] "POST /cormun/servlet/trsolicitudot?1f30962f7895d94a3d46ba0b4090a9f9,,gx-no-cache=1457526699630 HTTP/1.1" 200 4929
186.103.156.211 - - [09/Mar/2016:09:30:57 -0300] "POST /cormun/servlet/trsolicitudot?1f30962f7895d94a3d46ba0b4090a9f9,,gx-no-cache=1457526700778 HTTP/1.1" 200 4928
186.103.156.211 - - [09/Mar/2016:09:30:57 -0300] "POST /cormun/servlet/trsolicitudot?1f30962f7895d94a3d46ba0b4090a9f9,,gx-no-cache=1457526701392 HTTP/1.1" 200 4928
186.103.156.211 - - [09/Mar/2016:09:30:58 -0300] "POST /cormun/servlet/trsolicitudot?1f30962f7895d94a3d46ba0b4090a9f9,,gx-no-cache=1457526701661 HTTP/1.1" 200 4928
186.103.156.211 - - [09/Mar/2016:09:31:06 -0300] "POST /cormun/servlet/trsolicitudot?1f30962f7895d94a3d46ba0b4090a9f9,,gx-no-cache=1457526710035 HTTP/1.1" 200 3520
186.103.156.211 - - [09/Mar/2016:09:31:06 -0300] "GET /cormun/servlet/trsolicitudot?adc1a3fcc662a1fd343765f3b16ce875349cb43cabb9866426f9aef4de8262d9ef3ecd843f6e8ede87d5c6fb2d92a80330278b00410cf9129b3f40a37b40f7ba9dfb7dd4d665fa7985c3242b5fbfac59897053b69c429c7ff3ce3db5dc5d7132,gx-no-cache=1457526710499 HTTP/1.1" 200 776
186.78.47.206 - - [09/Mar/2016:09:31:11 -0300] "GET /cormun/servlet/trsolicitudot? HTTP/1.1" 200 6199
186.78.47.206 - - [09/Mar/2016:09:31:11 -0300] "GET /cormun/static/Resources/Spanish/PXTools.css?18502099 HTTP/1.1" 304 -
186.78.47.206 - - [09/Mar/2016:09:31:11 -0300] "GET /cormun/static/gxcfg.js?201631185636 HTTP/1.1" 304 -
186.78.47.206 - - [09/Mar/2016:09:31:11 -0300] "GET /cormun/static/trsolicitudot.js?2016311856838 HTTP/1.1" 304 -
186.78.47.206 - - [09/Mar/2016:09:31:12 -0300] "GET /cormun/servlet/trsolicitudot? HTTP/1.1" 200 6198
186.78.47.206 - - [09/Mar/2016:09:31:15 -0300] "POST /cormun/servlet/trsolicitudot?8aa9e823b7c0405cd09b8f1d3f7c41a0,,gx-no-cache=1457526774589 HTTP/1.1" 200 3482
186.78.47.206 - - [09/Mar/2016:09:31:15 -0300] "POST /cormun/servlet/trsolicitudot?8aa9e823b7c0405cd09b8f1d3f7c41a0,,gx-no-cache=1457526775029 HTTP/1.1" 200 3481
186.78.47.206 - - [09/Mar/2016:09:31:16 -0300] "POST /cormun/servlet/trsolicitudot?8aa9e823b7c0405cd09b8f1d3f7c41a0,,gx-no-cache=1457526775355 HTTP/1.1" 200 3481
186.103.156.211 - - [09/Mar/2016:09:31:52 -0300] "GET /cormun/servlet/trsolicitudot?adc1a3fcc662a1fd343765f3b16ce875568d753a90b7aace99651e451b6f831fcce91f69ad6784f3c199c85432f792b23aacd0d4f953ac085a8b171f93798a3d225a534491b1c7eff815e80137088acdc659b082373e238d797d7ff9c808c0b5,gx-no-cache=1457526756520 HTTP/1.1" 200 764
192.168.10.89 - - [09/Mar/2016:09:31:56 -0300] "POST /cormun/servlet/hlogin?9f8c2412a266f5ed25b65d6f033c6a7f,gx-no-cache=1457526466664 HTTP/1.1" 200 90
192.168.10.89 - - [09/Mar/2016:09:31:56 -0300] "GET /cormun/servlet/hpexe_link HTTP/1.1" 200 962
192.168.10.89 - - [09/Mar/2016:09:31:56 -0300] "GET /cormun/servlet/trsolicitudgral? HTTP/1.1" 200 9002
186.103.156.211 - - [09/Mar/2016:09:32:02 -0300] "GET /cormun/servlet/trsolicitudot?adc1a3fcc662a1fd343765f3b16ce875ee849931fdfc7e0ff103ac4b6bf8f07e6e8948732384ae0d12aeed40fb1a951524e915ac5dab83fc2548b64eef1ce2607d21d9ac180dbcab951a136efea1c8abb5281437ff76990b98259a3295815a62,gx-no-cache=1457526766133 HTTP/1.1" 200 764
192.168.10.89 - - [09/Mar/2016:09:32:02 -0300] "POST /cormun/servlet/trsolicitudgral?9f8c2412a266f5ed25b65d6f033c6a7f,,gx-no-cache=1457526472897 HTTP/1.1" 200 6169
192.168.10.89 - - [09/Mar/2016:09:32:03 -0300] "POST /cormun/servlet/trsolicitudgral?9f8c2412a266f5ed25b65d6f033c6a7f,,gx-no-cache=1457526473192 HTTP/1.1" 200 6168
192.168.10.89 - - [09/Mar/2016:09:32:03 -0300] "POST /cormun/servlet/trsolicitudgral?9f8c2412a266f5ed25b65d6f033c6a7f,,gx-no-cache=1457526473557 HTTP/1.1" 200 6170
192.168.10.89 - - [09/Mar/2016:09:32:03 -0300] "POST /cormun/servlet/trsolicitudgral?9f8c2412a266f5ed25b65d6f033c6a7f,,gx-no-cache=1457526473969 HTTP/1.1" 200 6170
192.168.10.89 - - [09/Mar/2016:09:32:04 -0300] "POST /cormun/servlet/trsolicitudgral?9f8c2412a266f5ed25b65d6f033c6a7f,,gx-no-cache=1457526474450 HTTP/1.1" 200 6168
192.168.10.89 - - [09/Mar/2016:09:32:04 -0300] "POST /cormun/servlet/trsolicitudgral?9f8c2412a266f5ed25b65d6f033c6a7f,,gx-no-cache=1457526474987 HTTP/1.1" 200 6169
192.168.10.89 - - [09/Mar/2016:09:32:05 -0300] "POST /cormun/servlet/trsolicitudgral?9f8c2412a266f5ed25b65d6f033c6a7f,,gx-no-cache=1457526475581 HTTP/1.1" 200 6169
186.103.156.211 - - [09/Mar/2016:09:32:07 -0300] "GET /cormun/servlet/trsolicitudot?adc1a3fcc662a1fd343765f3b16ce875ee849931fdfc7e0ff103ac4b6bf8f07e1ce398a1170fb5213f362360903950c4055ca26450beba35f1095aa35744e7ae04b8c7b9e76bc01dba8f0c6899aaeb8e594ea7827e893b92f12c5bd2826f5ace,gx-no-cache=1457526771267 HTTP/1.1" 200 764
192.168.10.89 - - [09/Mar/2016:09:32:09 -0300] "POST /cormun/servlet/trsolicitudgral?9f8c2412a266f5ed25b65d6f033c6a7f,,gx-no-cache=1457526479054 HTTP/1.1" 200 6180
192.168.10.89 - - [09/Mar/2016:09:32:09 -0300] "GET /cormun/servlet/trsolicitudgral?000627f5b144e706d32d031d576f13818f0bc756f6c07d32e5dd43954876ea6adad76089be64e6b971d63193e0ddc2a725907a98111fc7bfa3ab2d749657967dcef5cd56580327cbe6097ecb3ab9966be40a76c390bed236368705af6e48d574,gx-no-cache=1457526479871 HTTP/1.1" 200 2525
192.168.10.89 - - [09/Mar/2016:09:32:13 -0300] "POST /cormun/servlet/trsolicitudgral?9f8c2412a266f5ed25b65d6f033c6a7f,,gx-no-cache=1457526483635 HTTP/1.1" 200 6162
192.168.10.89 - - [09/Mar/2016:09:32:14 -0300] "GET /cormun/servlet/trsolicitudgral?000627f5b144e706d32d031d576f13814db999ad99cf2e5263875890c70cf4f0dad76089be64e6b971d63193e0ddc2a7db2bc8c7d7f6dd7535d097f30565d3501105061254d24c23c41e6ff8a42523ea10122e25c87893155b6f00bc9e3db701,gx-no-cache=1457526484580 HTTP/1.1" 200 2496
192.168.10.89 - - [09/Mar/2016:09:32:16 -0300] "POST /cormun/servlet/trsolicitudgral?9f8c2412a266f5ed25b65d6f033c6a7f,,gx-no-cache=1457526486865 HTTP/1.1" 200 6162
192.168.10.89 - - [09/Mar/2016:09:32:17 -0300] "POST /cormun/servlet/trsolicitudgral?9f8c2412a266f5ed25b65d6f033c6a7f,,gx-no-cache=1457526487745 HTTP/1.1" 200 6162
192.168.10.89 - - [09/Mar/2016:09:32:18 -0300] "POST /cormun/servlet/trsolicitudgral?9f8c2412a266f5ed25b65d6f033c6a7f,,gx-no-cache=1457526488740 HTTP/1.1" 200 6162
192.168.10.89 - - [09/Mar/2016:09:32:22 -0300] "POST /cormun/servlet/trsolicitudgral?9f8c2412a266f5ed25b65d6f033c6a7f,,gx-no-cache=1457526489863 HTTP/1.1" 200 6162
186.103.156.211 - - [09/Mar/2016:09:32:27 -0300] "GET /cormun/servlet/solicitudot?INS,0,0, HTTP/1.1" 200 11467
186.103.156.211 - - [09/Mar/2016:09:32:27 -0300] "GET /cormun/servlet/solicitudot?INS,0,0, HTTP/1.1" 200 11472
186.78.47.206 - - [09/Mar/2016:09:32:33 -0300] "GET /cormun/servlet/trsolicitudot?a965fe5edb9d10888ef39d14d73b2238a3d41ce8fe293509082ef9a668bfadbc816d9b27623818cfe426711bd30d638d7dc8148f0c3dbbd4ce47f94a9dc0fdc13a0817c4dbea6c5f9e1c67e41d49f841,gx-no-cache=1457526860040 HTTP/1.1" 200 760
186.78.47.206 - - [09/Mar/2016:09:32:34 -0300] "GET /cormun/servlet/trsolicitudot?a965fe5edb9d10888ef39d14d73b223834d496e0707b63112b0bbc094ada46fe8466f285d50015763e328a42628cdfbdb7e100b2db2e615ea85933b98844c5cda72d3159274cf080f72643fb83c77a8f3ae14cdb11487f6709a540609e1ecdb8,gx-no-cache=1457526861289 HTTP/1.1" 200 760
192.168.10.89 - - [09/Mar/2016:09:32:39 -0300] "POST /cormun/servlet/trsolicitudgral?9f8c2412a266f5ed25b65d6f033c6a7f,,gx-no-cache=1457526508881 HTTP/1.1" 200 6924
186.78.47.206 - - [09/Mar/2016:09:32:39 -0300] "GET /cormun/servlet/trsolicitudot?a965fe5edb9d10888ef39d14d73b2238550525ce122f6d6417703001d8415d375cc3758e214f6f922fc9f80f137ffc7826a177a3410858c1dcac5824220b0fff6b1c09e30515a7c90b48f2c0b9e13e7fef1b77c9629ee56131e150f2b8033c88,gx-no-cache=1457526866721 HTTP/1.1" 200 760
186.78.47.206 - - [09/Mar/2016:09:32:39 -0300] "GET /cormun/servlet/trsolicitudot?a965fe5edb9d10888ef39d14d73b2238550525ce122f6d6417703001d8415d37322a2208274e064df703881d00f06518b0db6bb5b730b246ed78d67196a3e3760ca79639c138840d0b39b486020a15cc5e700ded4d8ca000f09fe575a0f83da3,gx-no-cache=1457526867319 HTTP/1.1" 200 760
192.168.10.89 - - [09/Mar/2016:09:32:40 -0300] "GET /cormun/servlet/trsolicitudgral?000627f5b144e706d32d031d576f1381ad42e580c62c653dbfa0404de29e79d8dad76089be64e6b971d63193e0ddc2a78abab1d8ee3ce0dd661fda3d558fddba16ff5731d1cae6f629850ee4ac622d6710122e25c87893155b6f00bc9e3db701,gx-no-cache=1457526510406 HTTP/1.1" 200 3442
186.78.47.206 - - [09/Mar/2016:09:32:44 -0300] "GET /cormun/servlet/trsolicitudot?a965fe5edb9d10888ef39d14d73b223873417550f911a61178dacc91b0e389a9568d0434ffce75468e8b4cc976ec90e95ea0ac1dd610d75dc062d91e993a07e78143a984b6405b12eb22d95a547bc7f0e1f214d4dd3ec23cd6d71d9c841c631b,gx-no-cache=1457526872566 HTTP/1.1" 200 760
186.78.47.206 - - [09/Mar/2016:09:32:46 -0300] "GET /cormun/servlet/trsolicitudot?a965fe5edb9d10888ef39d14d73b22382e49a3283e8344ed4049ae491948ee60530e82e4290a687d07874f79572cc693f48c094d7582bbfdb4be9ee9d8eb554e12ccf75e0647afafac3978486a971bf28a86f768b4dc43b79cb81d157d4e2850,gx-no-cache=1457526874219 HTTP/1.1" 200 760
186.78.47.206 - - [09/Mar/2016:09:32:47 -0300] "GET /cormun/servlet/trsolicitudot?a965fe5edb9d10888ef39d14d73b22382e49a3283e8344ed4049ae491948ee603bf6954e4c017051eeb78500ef1a8e00b0db6bb5b730b246ed78d67196a3e3760ca79639c138840d0b39b486020a15cc5e700ded4d8ca000f09fe575a0f83da3,gx-no-cache=1457526875185 HTTP/1.1" 200 760
186.78.47.206 - - [09/Mar/2016:09:32:47 -0300] "POST /cormun/servlet/trsolicitudot?8aa9e823b7c0405cd09b8f1d3f7c41a0,,gx-no-cache=1457526875932 HTTP/1.1" 200 3495
186.78.47.206 - - [09/Mar/2016:09:32:59 -0300] "GET /cormun/servlet/trsolicitudot?a965fe5edb9d10888ef39d14d73b22382e49a3283e8344ed4049ae491948ee60b054b29eba0459aa8997a8722f9657296082e450ebc7ffffc9e0a64bbebc3fcb0b8d7a168a8e4de96d5c13a04acca75e243637cb91321e1cf798429e15e1ac3cb9a2d0287b2cf282b1f44af58b681291,gx-no-cache=1457526888648 HTTP/1.1" 200 770
186.78.47.206 - - [09/Mar/2016:09:33:00 -0300] "POST /cormun/servlet/trsolicitudot?8aa9e823b7c0405cd09b8f1d3f7c41a0,,gx-no-cache=1457526890115 HTTP/1.1" 200 3506
186.103.156.211 - - [09/Mar/2016:09:33:05 -0300] "GET /cormun/static/Resources/resize.gif HTTP/1.1" 200 77
186.103.156.211 - - [09/Mar/2016:09:33:05 -0300] "GET /cormun/servlet/prfichaempleado?,MD,,gxPopupLevel%3D0%3B HTTP/1.1" 200 7900
186.103.156.211 - - [09/Mar/2016:09:33:05 -0300] "GET /cormun/static/gxui/gxui-all.css?1917420 HTTP/1.1" 200 2179
186.103.156.211 - - [09/Mar/2016:09:33:05 -0300] "GET /cormun/static/scaMessage/css/jquery-ui.css?104140 HTTP/1.1" 404 1045
186.103.156.211 - - [09/Mar/2016:09:33:05 -0300] "GET /cormun/static/gxcfg.js?201511151625694 HTTP/1.1" 200 953
186.103.156.211 - - [09/Mar/2016:09:33:05 -0300] "GET /cormun/static/Resources/PXToolsMenuSearch.png HTTP/1.1" 200 2914
186.103.156.211 - - [09/Mar/2016:09:33:05 -0300] "GET /cormun/static/Resources/PXToolsMenuSearchCancel.png HTTP/1.1" 200 2972
186.103.156.211 - - [09/Mar/2016:09:33:05 -0300] "GET /cormun/static/Resources/Spanish/PXTools.css?16184758 HTTP/1.1" 200 89042
186.103.156.211 - - [09/Mar/2016:09:33:05 -0300] "GET /cormun/static/menusearch.js?20163219454787 HTTP/1.1" 200 1424
186.103.156.211 - - [09/Mar/2016:09:33:06 -0300] "GET /cormun/static/hmpwkw01.js?201511211495945 HTTP/1.1" 200 2037
186.103.156.211 - - [09/Mar/2016:09:33:06 -0300] "GET /cormun/static/prfichaempleado.js?201511151625857 HTTP/1.1" 200 14240
186.78.47.206 - - [09/Mar/2016:09:33:06 -0300] "GET /cormun/servlet/solicitudot?INS,0,0, HTTP/1.1" 200 11442
186.78.47.206 - - [09/Mar/2016:09:33:06 -0300] "GET /cormun/static/Resources/Spanish/PXTools.css?1944839 HTTP/1.1" 304 -
186.78.47.206 - - [09/Mar/2016:09:33:06 -0300] "GET /cormun/static/gxcfg.js?20163219435133 HTTP/1.1" 304 -
186.78.47.206 - - [09/Mar/2016:09:33:06 -0300] "GET /cormun/static/solicitudot.js?20163219435183 HTTP/1.1" 304 -
186.103.156.211 - - [09/Mar/2016:09:33:06 -0300] "GET /cormun/static/Shared/jqueryui/jquery-ui.min-1.8.js HTTP/1.1" 200 213511
186.78.47.206 - - [09/Mar/2016:09:33:07 -0300] "GET /cormun/servlet/solicitudot?INS,0,0, HTTP/1.1" 200 11447
186.78.47.206 - - [09/Mar/2016:09:33:17 -0300] "POST /cormun/servlet/solicitudot?gx-no-cache=1457526908755 HTTP/1.1" 200 2774
186.78.47.206 - - [09/Mar/2016:09:33:18 -0300] "POST /cormun/servlet/solicitudot?8aa9e823b7c0405cd09b8f1d3f7c41a0,INS,0,0,,gx-no-cache=1457526909196 HTTP/1.1" 200 8397
186.103.156.211 - - [09/Mar/2016:09:33:23 -0300] "POST /cormun/servlet/acontrolpreferencessavestate?None,WPE%C3%91A,true HTTP/1.1" 200 35
186.103.156.211 - - [09/Mar/2016:09:33:34 -0300] "POST /cormun/servlet/acontrolpreferencessavestate?None,WPE%C3%91A,true HTTP/1.1" 200 35
186.103.156.211 - - [09/Mar/2016:09:33:42 -0300] "GET /cormun/servlet/trsolicitudot? HTTP/1.1" 200 6219
186.103.156.211 - - [09/Mar/2016:09:33:43 -0300] "GET /cormun/servlet/trsolicitudot? HTTP/1.1" 200 6219
186.103.156.211 - - [09/Mar/2016:09:33:46 -0300] "GET /cormun/servlet/solicitudot?INS,0,0, HTTP/1.1" 200 11467
186.103.156.211 - - [09/Mar/2016:09:33:46 -0300] "GET /cormun/servlet/solicitudot?INS,0,0, HTTP/1.1" 200 11472
192.168.10.89 - - [09/Mar/2016:09:34:54 -0300] "POST /cormun/servlet/trsolicitudgral?9f8c2412a266f5ed25b65d6f033c6a7f,,gx-no-cache=1457526644578 HTTP/1.1" 200 6160
192.168.10.89 - - [09/Mar/2016:09:34:55 -0300] "GET /cormun/servlet/trsolicitudgral?000627f5b144e706d32d031d576f13814db999ad99cf2e5263875890c70cf4f0ba3488b7fdef24d517cd4e0bcb0edf58bc1018aea154ea748da355e344557978d009a3f231a641bb4fc1527fa470510b10122e25c87893155b6f00bc9e3db701,gx-no-cache=1457526645853 HTTP/1.1" 200 2496
186.78.47.206 - - [09/Mar/2016:09:35:03 -0300] "GET /cormun/servlet/solicitudot?6b1061793ea155616779feefdd397d86d5b2a940e6de7f06844fe91568f066573ae14cdb11487f6709a540609e1ecdb8,gx-no-cache=1457527025274 HTTP/1.1" 200 30
186.78.47.206 - - [09/Mar/2016:09:35:04 -0300] "POST /cormun/servlet/solicitudot?gx-no-cache=1457527025473 HTTP/1.1" 200 30
192.168.10.89 - - [09/Mar/2016:09:35:10 -0300] "GET /cormun/servlet/hlogin HTTP/1.1" 200 1740
186.78.47.206 - - [09/Mar/2016:09:35:12 -0300] "POST /cormun/servlet/solicitudot?gx-no-cache=1457527034640 HTTP/1.1" 200 30
186.78.47.206 - - [09/Mar/2016:09:35:22 -0300] "GET /cormun/servlet/prcontratosol?18374339,,,,,MD,,gxPopupLevel%3D0%3B HTTP/1.1" 200 5368
186.78.47.206 - - [09/Mar/2016:09:35:23 -0300] "GET /cormun/static/Resources/Spanish/PXTools.css?1423257 HTTP/1.1" 304 -
