186.103.159.182 - - [08/Mar/2016:08:53:58 -0300] "POST /cormun/servlet/trvisualizadoreventos?bae8f2a59dfb28876750640987428184,,gx-no-cache=1457438066198 HTTP/1.1" 200 3280
186.103.159.182 - - [08/Mar/2016:08:53:58 -0300] "GET /cormun/servlet/trvisualizadoreventos?ba3d7bdd4094ae2de87d8ba1af0f06d21efaa9f215a41712444079d13b3b29ceec5805530da826b65ff44406594da3caed3a4919eecdc17bd9a04a2e8204e22c061e56b359c8b298b269ad42e5e7eba03cd7c4da5e30aabb610ee722fd7b797e8490c99a6fb517c2be57386bad1c971c4b4319b0b13a9f94cbde101bbaabe9eb7bfd550d9b832c68e8cbffd391dd687a9705c15079921dae47312f2c94e7f738fcef038d49d14b900158a1f8c396590db722a3a9383ed6a95ff72942c8f2b312,gx-no-cache=1457438066635 HTTP/1.1" 200 575
186.103.159.182 - - [08/Mar/2016:08:53:59 -0300] "POST /cormun/servlet/trvisualizadoreventos?bae8f2a59dfb28876750640987428184,,gx-no-cache=1457438067197 HTTP/1.1" 200 3280
186.78.42.139 - - [08/Mar/2016:08:54:03 -0300] "GET /cormun/servlet/hlogin HTTP/1.1" 200 1722
186.78.42.139 - - [08/Mar/2016:08:54:04 -0300] "GET /cormun/static/Resources/Spanish/PXTools.css?005343 HTTP/1.1" 304 -
186.78.42.139 - - [08/Mar/2016:08:54:04 -0300] "GET /cormun/static/gxtimezone.js?85251 HTTP/1.1" 304 -
186.78.42.139 - - [08/Mar/2016:08:54:04 -0300] "GET /cormun/static/gxgral.js?85251 HTTP/1.1" 304 -
186.78.42.139 - - [08/Mar/2016:08:54:04 -0300] "GET /cormun/static/gxcfg.js?20151120045111 HTTP/1.1" 304 -
186.78.42.139 - - [08/Mar/2016:08:54:04 -0300] "GET /cormun/static/Resources/ComunLogin.png HTTP/1.1" 304 -
186.78.42.139 - - [08/Mar/2016:08:54:04 -0300] "GET /cormun/static/messages.spa.js?85251 HTTP/1.1" 304 -
186.78.42.139 - - [08/Mar/2016:08:54:04 -0300] "GET /cormun/static/hlogin.js?20151120045126 HTTP/1.1" 304 -
186.78.42.139 - - [08/Mar/2016:08:54:05 -0300] "GET /cormun/static/Resources/indicator.gif HTTP/1.1" 304 -
186.103.159.182 - - [08/Mar/2016:08:54:06 -0300] "GET /cormun/servlet/trvisualizadoreventos?ba3d7bdd4094ae2de87d8ba1af0f06d21efaa9f215a41712444079d13b3b29ceec5805530da826b65ff44406594da3caed3a4919eecdc17bd9a04a2e8204e22c061e56b359c8b298b269ad42e5e7eba03cd7c4da5e30aabb610ee722fd7b797e8490c99a6fb517c2be57386bad1c971c4b4319b0b13a9f94cbde101bbaabe9eb7bfd550d9b832c68e8cbffd391dd687a9705c15079921dae47312f2c94e7f738fcef038d49d14b900158a1f8c396590d8dd19d9dc8b7b2fe28cffbae550d0aad,gx-no-cache=1457438074569 HTTP/1.1" 200 579
186.103.159.182 - - [08/Mar/2016:08:54:08 -0300] "GET /cormun/servlet/trvisualizadoreventos?ba3d7bdd4094ae2de87d8ba1af0f06d21efaa9f215a41712444079d13b3b29ceec5805530da826b65ff44406594da3caed3a4919eecdc17bd9a04a2e8204e22c061e56b359c8b298b269ad42e5e7eba03cd7c4da5e30aabb610ee722fd7b797e8490c99a6fb517c2be57386bad1c971c4b4319b0b13a9f94cbde101bbaabe9eb7bfd550d9b832c68e8cbffd391dd687a9705c15079921dae47312f2c94e7f738fcef038d49d14b900158a1f8c396590d235671e742876fccbd1b2f6144c57d9b,gx-no-cache=1457438076117 HTTP/1.1" 200 571
186.103.159.182 - - [08/Mar/2016:08:54:10 -0300] "GET /cormun/servlet/trvisualizadoreventos?ba3d7bdd4094ae2de87d8ba1af0f06d21efaa9f215a41712444079d13b3b29ceec5805530da826b65ff44406594da3caed3a4919eecdc17bd9a04a2e8204e22c061e56b359c8b298b269ad42e5e7eba03cd7c4da5e30aabb610ee722fd7b797e8490c99a6fb517c2be57386bad1c971c4b4319b0b13a9f94cbde101bbaabe9eb7bfd550d9b832c68e8cbffd391dd687a9705c15079921dae47312f2c94e7f738fcef038d49d14b900158a1f8c396590d235671e742876fccbd1b2f6144c57d9b,gx-no-cache=1457438077765 HTTP/1.1" 200 571
200.112.233.47 - - [08/Mar/2016:08:54:10 -0300] "POST /cormun/servlet/solicitudot?gx-no-cache=1457438081109 HTTP/1.1" 200 242
200.112.233.47 - - [08/Mar/2016:08:54:10 -0300] "GET /cormun/static/Shared/jqueryui/images/ui-bg_highlight-soft_100_c6c2c8_1x100.png HTTP/1.1" 404 1117
200.112.233.47 - - [08/Mar/2016:08:54:10 -0300] "GET /cormun/static/Shared/jqueryui/images/ui-icons_82798d_256x240.png HTTP/1.1" 404 1089
200.112.233.47 - - [08/Mar/2016:08:54:10 -0300] "GET /cormun/static/Shared/jqueryui/images/ui-bg_flat_55_994d53_40x100.png HTTP/1.1" 404 1097
200.112.233.47 - - [08/Mar/2016:08:54:11 -0300] "GET /cormun/static/Shared/jqueryui/images/ui-icons_ebccce_256x240.png HTTP/1.1" 404 1089
186.103.159.182 - - [08/Mar/2016:08:54:11 -0300] "GET /cormun/servlet/trvisualizadoreventos?ba3d7bdd4094ae2de87d8ba1af0f06d21efaa9f215a41712444079d13b3b29ceec5805530da826b65ff44406594da3caed3a4919eecdc17bd9a04a2e8204e22c061e56b359c8b298b269ad42e5e7eba03cd7c4da5e30aabb610ee722fd7b797e8490c99a6fb517c2be57386bad1c971c4b4319b0b13a9f94cbde101bbaabe9eb7bfd550d9b832c68e8cbffd391dd687a9705c15079921dae47312f2c94e7f738fcef038d49d14b900158a1f8c396590d8dd19d9dc8b7b2fe28cffbae550d0aad,gx-no-cache=1457438079127 HTTP/1.1" 200 579
186.103.159.182 - - [08/Mar/2016:08:54:12 -0300] "GET /cormun/servlet/trvisualizadoreventos?ba3d7bdd4094ae2de87d8ba1af0f06d21efaa9f215a41712444079d13b3b29ceec5805530da826b65ff44406594da3caed3a4919eecdc17bd9a04a2e8204e22c061e56b359c8b298b269ad42e5e7eba03cd7c4da5e30aabb610ee722fd7b797e8490c99a6fb517c2be57386bad1c971c4b4319b0b13a9f94cbde101bbaabe9eb7bfd550d9b832c68e8cbffd391dd687a9705c15079921dae47312f2c94e7f738fcef038d49d14b900158a1f8c396590d235671e742876fccbd1b2f6144c57d9b,gx-no-cache=1457438080400 HTTP/1.1" 200 571
186.103.159.182 - - [08/Mar/2016:08:54:17 -0300] "GET /cormun/servlet/trvisualizadoreventos?ba3d7bdd4094ae2de87d8ba1af0f06d21efaa9f215a41712444079d13b3b29ceec5805530da826b65ff44406594da3caed3a4919eecdc17bd9a04a2e8204e22c061e56b359c8b298b269ad42e5e7eba03cd7c4da5e30aabb610ee722fd7b797e8490c99a6fb517c2be57386bad1c971c4b4319b0b13a9f94cbde101bbaabe9eb7bfd550d9b832c68e8cbffd391dd687a9705c15079921dae47312f2c94e7f738fcef038d49d14b900158a1f8c396590d34ccf52d45e5b9ec9437bec6668c805e,gx-no-cache=1457438085168 HTTP/1.1" 200 573
186.103.159.182 - - [08/Mar/2016:08:54:19 -0300] "POST /cormun/servlet/trvisualizadoreventos?bae8f2a59dfb28876750640987428184,,gx-no-cache=1457438087317 HTTP/1.1" 200 3280
186.103.159.182 - - [08/Mar/2016:08:54:20 -0300] "POST /cormun/servlet/trvisualizadoreventos?bae8f2a59dfb28876750640987428184,,gx-no-cache=1457438087607 HTTP/1.1" 200 3280
186.103.159.182 - - [08/Mar/2016:08:54:20 -0300] "POST /cormun/servlet/trvisualizadoreventos?bae8f2a59dfb28876750640987428184,,gx-no-cache=1457438087882 HTTP/1.1" 200 3280
186.103.159.182 - - [08/Mar/2016:08:54:20 -0300] "POST /cormun/servlet/trvisualizadoreventos?bae8f2a59dfb28876750640987428184,,gx-no-cache=1457438088140 HTTP/1.1" 200 3280
186.103.159.182 - - [08/Mar/2016:08:54:20 -0300] "POST /cormun/servlet/trvisualizadoreventos?bae8f2a59dfb28876750640987428184,,gx-no-cache=1457438088399 HTTP/1.1" 200 3280
186.103.159.182 - - [08/Mar/2016:08:54:23 -0300] "POST /cormun/servlet/trvisualizadoreventos?bae8f2a59dfb28876750640987428184,,gx-no-cache=1457438091169 HTTP/1.1" 200 3282
186.103.159.182 - - [08/Mar/2016:08:54:23 -0300] "GET /cormun/servlet/trvisualizadoreventos?ba3d7bdd4094ae2de87d8ba1af0f06d216013aa7b4411395bcce955d57de2d92296a791bec5a13cf380c2ce029c528f4ed3a4919eecdc17bd9a04a2e8204e22c061e56b359c8b298b269ad42e5e7eba03cd7c4da5e30aabb610ee722fd7b797e8490c99a6fb517c2be57386bad1c971c4b4319b0b13a9f94cbde101bbaabe9eb7bfd550d9b832c68e8cbffd391dd687a9705c15079921dae47312f2c94e7f738fcef038d49d14b900158a1f8c396590d34ccf52d45e5b9ec9437bec6668c805e,gx-no-cache=1457438091570 HTTP/1.1" 200 575
186.103.159.182 - - [08/Mar/2016:08:54:24 -0300] "POST /cormun/servlet/trvisualizadoreventos?bae8f2a59dfb28876750640987428184,,gx-no-cache=1457438091807 HTTP/1.1" 200 3282
200.112.233.47 - - [08/Mar/2016:08:54:24 -0300] "POST /cormun/servlet/solicitudot?gx-no-cache=1457438094781 HTTP/1.1" 200 1169
186.103.159.182 - - [08/Mar/2016:08:54:25 -0300] "POST /cormun/servlet/trvisualizadoreventos?bae8f2a59dfb28876750640987428184,,gx-no-cache=1457438093018 HTTP/1.1" 200 3282
186.103.159.182 - - [08/Mar/2016:08:54:25 -0300] "POST /cormun/servlet/trvisualizadoreventos?bae8f2a59dfb28876750640987428184,,gx-no-cache=1457438093444 HTTP/1.1" 200 3282
186.103.159.182 - - [08/Mar/2016:08:54:26 -0300] "POST /cormun/servlet/trvisualizadoreventos?bae8f2a59dfb28876750640987428184,,gx-no-cache=1457438093760 HTTP/1.1" 200 3282
200.112.233.47 - - [08/Mar/2016:08:54:26 -0300] "GET /cormun/static/Resources/resize.gif HTTP/1.1" 304 -
200.112.233.47 - - [08/Mar/2016:08:54:26 -0300] "GET /cormun/servlet/prlicenciaspermisos?13499999,L,,MD,,gxPopupLevel%3D0%3B HTTP/1.1" 200 7277
200.112.233.47 - - [08/Mar/2016:08:54:27 -0300] "GET /cormun/static/Resources/Spanish/PXTools.css?17554516 HTTP/1.1" 304 -
200.112.233.47 - - [08/Mar/2016:08:54:27 -0300] "GET /cormun/static/gxcfg.js?201616231591 HTTP/1.1" 304 -
200.112.233.47 - - [08/Mar/2016:08:54:28 -0300] "GET /cormun/static/Resources/PXToolsMenuSearch.png HTTP/1.1" 304 -
200.112.233.47 - - [08/Mar/2016:08:54:28 -0300] "GET /cormun/static/Resources/PXToolsMenuSearchCancel.png HTTP/1.1" 304 -
186.103.159.182 - - [08/Mar/2016:08:54:28 -0300] "POST /cormun/servlet/trvisualizadoreventos?bae8f2a59dfb28876750640987428184,,gx-no-cache=1457438095750 HTTP/1.1" 200 3282
200.112.233.47 - - [08/Mar/2016:08:54:28 -0300] "GET /cormun/static/prlicenciaspermisos.js?201616231727 HTTP/1.1" 304 -
200.112.233.47 - - [08/Mar/2016:08:54:28 -0300] "GET /cormun/static/menusearch.js?20163219454787 HTTP/1.1" 304 -
186.103.159.182 - - [08/Mar/2016:08:54:28 -0300] "GET /cormun/servlet/trvisualizadoreventos?ba3d7bdd4094ae2de87d8ba1af0f06d21efaa9f215a41712444079d13b3b29ce57582706047c537ca7da2c5e600e395fed3a4919eecdc17bd9a04a2e8204e22c061e56b359c8b298b269ad42e5e7eba03cd7c4da5e30aabb610ee722fd7b797e8490c99a6fb517c2be57386bad1c971c4b4319b0b13a9f94cbde101bbaabe9eb7bfd550d9b832c68e8cbffd391dd687a9705c15079921dae47312f2c94e7f738fcef038d49d14b900158a1f8c396590d34ccf52d45e5b9ec9437bec6668c805e,gx-no-cache=1457438096154 HTTP/1.1" 200 576
200.112.233.47 - - [08/Mar/2016:08:54:28 -0300] "GET /cormun/static/hmpwkw011.js?20163117201773 HTTP/1.1" 304 -
186.78.42.139 - - [08/Mar/2016:08:54:28 -0300] "POST /cormun/servlet/hlogin?9cca2f9320cfea4ddd673dd0588f7961,gx-no-cache=1457438089664 HTTP/1.1" 200 90
186.103.159.182 - - [08/Mar/2016:08:54:28 -0300] "POST /cormun/servlet/trvisualizadoreventos?bae8f2a59dfb28876750640987428184,,gx-no-cache=1457438096401 HTTP/1.1" 200 3282
186.78.42.139 - - [08/Mar/2016:08:54:28 -0300] "GET /cormun/servlet/hpexe_link HTTP/1.1" 200 954
186.78.42.139 - - [08/Mar/2016:08:54:28 -0300] "GET /cormun/static/gxcfg.js?20151120044395 HTTP/1.1" 304 -
186.78.42.139 - - [08/Mar/2016:08:54:28 -0300] "GET /cormun/static/hpexe_link.js?20151120044398 HTTP/1.1" 304 -
186.78.42.139 - - [08/Mar/2016:08:54:29 -0300] "GET /cormun/servlet/hhome HTTP/1.1" 200 3490
186.78.42.139 - - [08/Mar/2016:08:54:29 -0300] "GET /cormun/static/Resources/Spanish/PXTools.css?10515224 HTTP/1.1" 304 -
186.78.42.139 - - [08/Mar/2016:08:54:29 -0300] "GET /cormun/static/gxcfg.js?2015112210564248 HTTP/1.1" 304 -
186.78.42.139 - - [08/Mar/2016:08:54:29 -0300] "GET /cormun/static/hwchdr01.js?20162241650484 HTTP/1.1" 304 -
186.78.42.139 - - [08/Mar/2016:08:54:29 -0300] "GET /cormun/static/hhome.js?2015112210564255 HTTP/1.1" 304 -
186.78.42.139 - - [08/Mar/2016:08:54:29 -0300] "GET /cormun/static/hpexe_recentlink.js?2015111312121342 HTTP/1.1" 304 -
186.78.42.139 - - [08/Mar/2016:08:54:29 -0300] "GET /cormun/static/hpexe_scripts.js?20151120014546 HTTP/1.1" 304 -
186.78.42.139 - - [08/Mar/2016:08:54:29 -0300] "GET /cormun/static/hpexe_messagecontroller.js?2015112210524422 HTTP/1.1" 304 -
186.78.42.139 - - [08/Mar/2016:08:54:29 -0300] "GET /cormun/static/hpexe_messagepopupcomponent.js?20163219454551 HTTP/1.1" 304 -
186.78.42.139 - - [08/Mar/2016:08:54:29 -0300] "GET /cormun/static/hpexe_messagegenexuscomponent.js?20151120014314 HTTP/1.1" 304 -
186.78.42.139 - - [08/Mar/2016:08:54:29 -0300] "GET /cormun/static/cmcontrolpreferences.js?20151120014525 HTTP/1.1" 304 -
186.78.42.139 - - [08/Mar/2016:08:54:29 -0300] "GET /cormun/static/hmpwkw03.js?2016311993330 HTTP/1.1" 304 -
186.103.159.182 - - [08/Mar/2016:08:54:30 -0300] "POST /cormun/servlet/trvisualizadoreventos?bae8f2a59dfb28876750640987428184,,gx-no-cache=1457438097713 HTTP/1.1" 200 3282
186.103.159.182 - - [08/Mar/2016:08:54:30 -0300] "GET /cormun/servlet/trvisualizadoreventos?ba3d7bdd4094ae2de87d8ba1af0f06d2f49550d4fdf6a1902a62bcc6df423fb33dfed0113e6c9b11e6edff344f5cc6f8ed3a4919eecdc17bd9a04a2e8204e22c061e56b359c8b298b269ad42e5e7eba03cd7c4da5e30aabb610ee722fd7b797e8490c99a6fb517c2be57386bad1c971c4b4319b0b13a9f94cbde101bbaabe9eb7bfd550d9b832c68e8cbffd391dd687a9705c15079921dae47312f2c94e7f738fcef038d49d14b900158a1f8c396590d34ccf52d45e5b9ec9437bec6668c805e,gx-no-cache=1457438098126 HTTP/1.1" 200 575
186.103.159.182 - - [08/Mar/2016:08:54:30 -0300] "POST /cormun/servlet/trvisualizadoreventos?bae8f2a59dfb28876750640987428184,,gx-no-cache=1457438098395 HTTP/1.1" 200 3282
186.103.159.182 - - [08/Mar/2016:08:54:34 -0300] "GET /cormun/servlet/trsolicitudot? HTTP/1.1" 200 6166
186.78.42.139 - - [08/Mar/2016:08:54:35 -0300] "GET /cormun/servlet/trautorizarsolicitud? HTTP/1.1" 200 6195
186.78.42.139 - - [08/Mar/2016:08:54:35 -0300] "GET /cormun/static/Resources/Spanish/PXTools.css?19444614 HTTP/1.1" 304 -
186.78.42.139 - - [08/Mar/2016:08:54:35 -0300] "GET /cormun/static/gxcfg.js?20163219504791 HTTP/1.1" 304 -
186.78.42.139 - - [08/Mar/2016:08:54:35 -0300] "GET /cormun/static/trautorizarsolicitud.js?20163219505323 HTTP/1.1" 304 -
186.103.159.182 - - [08/Mar/2016:08:54:36 -0300] "GET /cormun/servlet/trsolicitudot? HTTP/1.1" 200 6167
186.103.159.182 - - [08/Mar/2016:08:54:40 -0300] "POST /cormun/servlet/trsolicitudot?bae8f2a59dfb28876750640987428184,,gx-no-cache=1457438107744 HTTP/1.1" 200 3516
186.103.159.182 - - [08/Mar/2016:08:54:40 -0300] "POST /cormun/servlet/trsolicitudot?bae8f2a59dfb28876750640987428184,,gx-no-cache=1457438108024 HTTP/1.1" 200 3515
186.103.159.182 - - [08/Mar/2016:08:54:40 -0300] "POST /cormun/servlet/trsolicitudot?bae8f2a59dfb28876750640987428184,,gx-no-cache=1457438108232 HTTP/1.1" 200 3515
186.103.159.182 - - [08/Mar/2016:08:54:40 -0300] "POST /cormun/servlet/trsolicitudot?bae8f2a59dfb28876750640987428184,,gx-no-cache=1457438108462 HTTP/1.1" 200 3515
186.103.159.182 - - [08/Mar/2016:08:54:45 -0300] "POST /cormun/servlet/trsolicitudot?bae8f2a59dfb28876750640987428184,,gx-no-cache=1457438113311 HTTP/1.1" 200 3512
186.103.159.182 - - [08/Mar/2016:08:54:46 -0300] "GET /cormun/servlet/trsolicitudot?ba3d7bdd4094ae2de87d8ba1af0f06d2be1e3a8539a1e9d51fe4e8c5c89be4d3223e21a459293500e3605a36239604f6027513bd055462b8b94721d0febbf82416d85626138d8b322c2f027d11972db1f6ddad1ce472b5a1d6b929fee24080d3,gx-no-cache=1457438113727 HTTP/1.1" 200 767
186.103.159.182 - - [08/Mar/2016:08:54:48 -0300] "POST /cormun/servlet/trsolicitudot?bae8f2a59dfb28876750640987428184,,gx-no-cache=1457438116315 HTTP/1.1" 200 3513
186.103.159.182 - - [08/Mar/2016:08:54:48 -0300] "POST /cormun/servlet/trsolicitudot?bae8f2a59dfb28876750640987428184,,gx-no-cache=1457438116598 HTTP/1.1" 200 3514
186.103.159.182 - - [08/Mar/2016:08:54:49 -0300] "POST /cormun/servlet/trsolicitudot?bae8f2a59dfb28876750640987428184,,gx-no-cache=1457438116835 HTTP/1.1" 200 3513
186.78.42.139 - - [08/Mar/2016:08:54:49 -0300] "GET /cormun/servlet/trvisualizadoreventos? HTTP/1.1" 200 6001
186.78.42.139 - - [08/Mar/2016:08:54:49 -0300] "GET /cormun/static/Resources/Spanish/PXTools.css?17554516 HTTP/1.1" 304 -
186.78.42.139 - - [08/Mar/2016:08:54:49 -0300] "GET /cormun/static/gxcfg.js?2016251828014 HTTP/1.1" 304 -
186.78.42.139 - - [08/Mar/2016:08:54:49 -0300] "GET /cormun/static/trvisualizadoreventos.js?2016251828276 HTTP/1.1" 304 -
186.103.159.182 - - [08/Mar/2016:08:54:49 -0300] "POST /cormun/servlet/trsolicitudot?bae8f2a59dfb28876750640987428184,,gx-no-cache=1457438117086 HTTP/1.1" 200 3513
186.103.159.182 - - [08/Mar/2016:08:54:49 -0300] "POST /cormun/servlet/trsolicitudot?bae8f2a59dfb28876750640987428184,,gx-no-cache=1457438117405 HTTP/1.1" 200 3512
186.103.159.182 - - [08/Mar/2016:08:54:55 -0300] "POST /cormun/servlet/trsolicitudot?bae8f2a59dfb28876750640987428184,,gx-no-cache=1457438123314 HTTP/1.1" 200 3513
186.103.159.182 - - [08/Mar/2016:08:54:56 -0300] "GET /cormun/servlet/trsolicitudot?ba3d7bdd4094ae2de87d8ba1af0f06d275294707492c2b7d67278b205aa72635223e21a459293500e3605a36239604f6027513bd055462b8b94721d0febbf82416d85626138d8b322c2f027d11972db1f6ddad1ce472b5a1d6b929fee24080d3,gx-no-cache=1457438123729 HTTP/1.1" 200 768
186.103.159.182 - - [08/Mar/2016:08:54:57 -0300] "POST /cormun/servlet/trsolicitudot?bae8f2a59dfb28876750640987428184,,gx-no-cache=1457438125167 HTTP/1.1" 200 3513
186.103.159.182 - - [08/Mar/2016:08:54:57 -0300] "POST /cormun/servlet/trsolicitudot?bae8f2a59dfb28876750640987428184,,gx-no-cache=1457438125490 HTTP/1.1" 200 3514
186.103.159.182 - - [08/Mar/2016:08:54:58 -0300] "POST /cormun/servlet/trsolicitudot?bae8f2a59dfb28876750640987428184,,gx-no-cache=1457438125770 HTTP/1.1" 200 3514
186.103.159.182 - - [08/Mar/2016:08:54:58 -0300] "POST /cormun/servlet/trsolicitudot?bae8f2a59dfb28876750640987428184,,gx-no-cache=1457438126077 HTTP/1.1" 200 3514
186.103.159.182 - - [08/Mar/2016:08:55:02 -0300] "POST /cormun/servlet/trsolicitudot?bae8f2a59dfb28876750640987428184,,gx-no-cache=1457438129729 HTTP/1.1" 200 3516
186.78.42.139 - - [08/Mar/2016:08:55:02 -0300] "GET /cormun/servlet/trvisualizadoreventos? HTTP/1.1" 200 6001
186.103.159.182 - - [08/Mar/2016:08:55:02 -0300] "GET /cormun/servlet/trsolicitudot?ba3d7bdd4094ae2de87d8ba1af0f06d228ef5d4c7b25685c37af34f42dfaa746223e21a459293500e3605a36239604f6027513bd055462b8b94721d0febbf82416d85626138d8b322c2f027d11972db1f6ddad1ce472b5a1d6b929fee24080d3,gx-no-cache=1457438130135 HTTP/1.1" 200 768
186.103.159.182 - - [08/Mar/2016:08:55:03 -0300] "POST /cormun/servlet/trsolicitudot?bae8f2a59dfb28876750640987428184,,gx-no-cache=1457438131311 HTTP/1.1" 200 3513
186.103.159.182 - - [08/Mar/2016:08:55:04 -0300] "POST /cormun/servlet/trsolicitudot?bae8f2a59dfb28876750640987428184,,gx-no-cache=1457438131687 HTTP/1.1" 200 3515
186.103.159.182 - - [08/Mar/2016:08:55:04 -0300] "POST /cormun/servlet/trsolicitudot?bae8f2a59dfb28876750640987428184,,gx-no-cache=1457438132011 HTTP/1.1" 200 3514
186.103.159.182 - - [08/Mar/2016:08:55:04 -0300] "POST /cormun/servlet/trsolicitudot?bae8f2a59dfb28876750640987428184,,gx-no-cache=1457438132343 HTTP/1.1" 200 3515
186.103.159.182 - - [08/Mar/2016:08:55:06 -0300] "POST /cormun/servlet/trsolicitudot?bae8f2a59dfb28876750640987428184,,gx-no-cache=1457438134204 HTTP/1.1" 200 3514
186.103.159.182 - - [08/Mar/2016:08:55:07 -0300] "POST /cormun/servlet/trsolicitudot?bae8f2a59dfb28876750640987428184,,gx-no-cache=1457438135368 HTTP/1.1" 200 3515
186.78.42.139 - - [08/Mar/2016:08:55:07 -0300] "POST /cormun/servlet/trvisualizadoreventos?9cca2f9320cfea4ddd673dd0588f7961,,gx-no-cache=1457438128651 HTTP/1.1" 200 3266
186.103.159.182 - - [08/Mar/2016:08:55:08 -0300] "POST /cormun/servlet/trsolicitudot?bae8f2a59dfb28876750640987428184,,gx-no-cache=1457438135797 HTTP/1.1" 200 3516
186.78.42.139 - - [08/Mar/2016:08:55:08 -0300] "POST /cormun/servlet/trvisualizadoreventos?9cca2f9320cfea4ddd673dd0588f7961,,gx-no-cache=1457438129055 HTTP/1.1" 200 3266
186.103.159.44 - - [08/Mar/2016:08:55:08 -0300] "GET /cormun/static/menuarrow.gif HTTP/1.1" 404 1015
186.78.42.139 - - [08/Mar/2016:08:55:08 -0300] "POST /cormun/servlet/trvisualizadoreventos?9cca2f9320cfea4ddd673dd0588f7961,,gx-no-cache=1457438129462 HTTP/1.1" 200 3266
186.78.42.139 - - [08/Mar/2016:08:55:09 -0300] "POST /cormun/servlet/trvisualizadoreventos?9cca2f9320cfea4ddd673dd0588f7961,,gx-no-cache=1457438129874 HTTP/1.1" 200 3266
186.78.42.139 - - [08/Mar/2016:08:55:10 -0300] "POST /cormun/servlet/trvisualizadoreventos?9cca2f9320cfea4ddd673dd0588f7961,,gx-no-cache=1457438130336 HTTP/1.1" 200 3266
186.103.159.182 - - [08/Mar/2016:08:55:13 -0300] "POST /cormun/servlet/trsolicitudot?bae8f2a59dfb28876750640987428184,,gx-no-cache=1457438141076 HTTP/1.1" 200 3511
186.103.159.182 - - [08/Mar/2016:08:55:13 -0300] "GET /cormun/servlet/trsolicitudot?ba3d7bdd4094ae2de87d8ba1af0f06d2ea1dec7fba535af22261d17eb579cc0c223e21a459293500e3605a36239604f6027513bd055462b8b94721d0febbf82416d85626138d8b322c2f027d11972db1f6ddad1ce472b5a1d6b929fee24080d3,gx-no-cache=1457438141512 HTTP/1.1" 200 765
186.103.159.182 - - [08/Mar/2016:08:55:14 -0300] "POST /cormun/servlet/trsolicitudot?bae8f2a59dfb28876750640987428184,,gx-no-cache=1457438142307 HTTP/1.1" 200 3511
186.103.159.182 - - [08/Mar/2016:08:55:15 -0300] "POST /cormun/servlet/trsolicitudot?bae8f2a59dfb28876750640987428184,,gx-no-cache=1457438142733 HTTP/1.1" 200 3511
186.103.159.182 - - [08/Mar/2016:08:55:16 -0300] "POST /cormun/servlet/trsolicitudot?bae8f2a59dfb28876750640987428184,,gx-no-cache=1457438143163 HTTP/1.1" 200 3511
186.103.159.182 - - [08/Mar/2016:08:55:16 -0300] "POST /cormun/servlet/trsolicitudot?bae8f2a59dfb28876750640987428184,,gx-no-cache=1457438144015 HTTP/1.1" 200 3512
186.103.159.182 - - [08/Mar/2016:08:55:17 -0300] "POST /cormun/servlet/trsolicitudot?bae8f2a59dfb28876750640987428184,,gx-no-cache=1457438145303 HTTP/1.1" 200 3511
186.103.159.44 - - [08/Mar/2016:08:55:23 -0300] "GET /cormun/servlet/solicitudot?672cacd0767d5b309f8838dd7f5a950dbc5f687c705ff40226c68ad34cdee47400a22cc54f8636f1cd7cb80a3a301b9c2fa358cfbca45a8c6e07def10e0db629e33292418a1580721e3e488f4301d1b432baa26ae7ea2800a51ecf7a11ae051b163e207081893808722dbb7c5a4da97ac4375844c311c287490cc5dee9fb661983e15cae43c1287eeebf7359430fb5ad724d85d383656cb89f39d6a58b0c79c7,gx-no-cache=1457438122901 HTTP/1.1" 200 38
186.103.159.182 - - [08/Mar/2016:08:55:29 -0300] "GET /cormun/servlet/solicitudot?INS,0,0, HTTP/1.1" 200 11419
186.103.159.182 - - [08/Mar/2016:08:55:31 -0300] "GET /cormun/servlet/solicitudot?INS,0,0, HTTP/1.1" 200 11424
186.103.159.182 - - [08/Mar/2016:08:55:38 -0300] "POST /cormun/servlet/solicitudot?bae8f2a59dfb28876750640987428184,INS,0,0,,gx-no-cache=1457438166219 HTTP/1.1" 200 93
186.103.159.182 - - [08/Mar/2016:08:55:38 -0300] "GET /cormun/servlet/hpexe_return? HTTP/1.1" 200 1009
186.103.159.182 - - [08/Mar/2016:08:55:39 -0300] "GET /cormun/servlet/trsolicitudot? HTTP/1.1" 200 6168
186.103.159.182 - - [08/Mar/2016:08:55:41 -0300] "GET /cormun/servlet/trsolicitudot? HTTP/1.1" 200 6164
186.103.159.44 - - [08/Mar/2016:08:55:57 -0300] "GET /cormun/servlet/solicitudot?672cacd0767d5b309f8838dd7f5a950d3671e53e62333b79ce172acdfc07827c5c71e78d65a4175cc1837c6ebd98ab89dcf198b0ec10f302c08693b29b97a1a58fe761cf566892c4aea0b49224a2776d16f44901505c441013e64e7de42363012266828679c7cdb90200e3f565872248c66c242529ba0df49ebb103aabfdf66aaa0802db78a82a45e70b37136b7af9cc6b01ddde04a43ab1cc5c966e375c8236,gx-no-cache=1457438154652 HTTP/1.1" 200 29
200.112.233.47 - - [08/Mar/2016:08:56:01 -0300] "GET /cormun/servlet/solicitudot?ddcd39aeff1888345c24901c2d7f2109ce8aa3e7d0c44973e30b022ab8fc2e0f,gx-no-cache=1457438191484 HTTP/1.1" 200 20
186.103.159.44 - - [08/Mar/2016:08:56:06 -0300] "POST /cormun/servlet/solicitudot?gx-no-cache=1457438165212 HTTP/1.1" 200 1127
200.112.233.47 - - [08/Mar/2016:08:56:06 -0300] "GET /cormun/servlet/solicitudot?d55f9b885febc5e1b4b340143f81975b2ff345738406db017075799bd9dab83ad104df516a3177d8f2047a24997794d44587414b661a12ebdf0749f6ba2d3995684f8511948386a9f1261b4608ee71140e56e24cc6dae1db2501374f49afc20e10300f56d751e3d49a8ed1cfa3d19074ad5c1180476100c8a3507530ca4f7c667ede92a2e1226c5b7169b5412771dd7345cd19fbbe8447b5d942c238e3411509,gx-no-cache=1457438196890 HTTP/1.1" 200 38
200.112.233.47 - - [08/Mar/2016:08:56:06 -0300] "GET /cormun/servlet/solicitudot?d55f9b885febc5e1b4b340143f81975ba3047beeeae9d723d3a00da4a846052a9922fb4c0f74b05628845a9543c39885ef053cca3b7dc450362566499b97b4709387a861ea2a26cc069cafc373df2708c5b167cd934179a8a82581bc6edbc9f94e1497e4c6bc43133a633f568eaa153e71db48e762c817d308672bcc01c2a61bbb49d9215c72e02142ab846c8a40e9e0e044c4c361f43b055d6bda952ca59483,gx-no-cache=1457438197000 HTTP/1.1" 200 29
200.112.233.47 - - [08/Mar/2016:08:56:06 -0300] "POST /cormun/servlet/solicitudot?gx-no-cache=1457438197093 HTTP/1.1" 200 1128
186.103.159.44 - - [08/Mar/2016:08:56:20 -0300] "GET /cormun/servlet/solicitudot?672cacd0767d5b309f8838dd7f5a950d89c00cdbea2661c0bd49ef13d166e2c14d8beef9e4921c014ad69076e1af5e2b7337b8b0b8b64aede83d5769ef0820a1a1d822e9dbe79c80d8c99ca0198fe78899be89653b5fb96c3b81080015c2fbc556e6aed5b9948525cc8cb8b9daafc08b5f61b7d20f00ea7329dbec6e5077670f7af2fbf1024fe27f7036ac844cb70237f41c510493a87e875b9752cefe4c3f3e94edffea8452c88166d4bbaee4aff9fc3aaa118f399d350ae18787a26b98306a,gx-no-cache=1457438179512 HTTP/1.1" 200 30
186.103.159.44 - - [08/Mar/2016:08:56:38 -0300] "POST /cormun/servlet/solicitudot?0db7ee3fa9095855809c6c1a519e56c1,INS,0,0,,gx-no-cache=1457438197420 HTTP/1.1" 200 9432
186.103.159.44 - - [08/Mar/2016:08:56:39 -0300] "GET /cormun/static/Shared/jqueryui/images/ui-bg_flat_55_994d53_40x100.png HTTP/1.1" 404 1097
186.103.159.44 - - [08/Mar/2016:08:56:39 -0300] "GET /cormun/static/Shared/jqueryui/images/ui-icons_ebccce_256x240.png HTTP/1.1" 404 1089
200.112.233.47 - - [08/Mar/2016:08:56:50 -0300] "GET /cormun/servlet/solicitudot?d55f9b885febc5e1b4b340143f81975b8d380612b6970ae05fda82465e468691d6a7dbe19e025ca5751594f61ebb55100ea0d11673fa137134e8f13940de6daae2b18d7514f5c5dc275c677425d95eb56effa32644fb197e4f9348e7d2ee2f4bdb79cbf038035e07d73b08301dd4d9db222eef16111322b1bbb5c6a5506b0ff0b6fed92cde9de2f79621c2761434bde6bbe686847f52de8fe9e561bc05da0a01c3034238b26ec928f5a19fb258be75a4e571cd06a7a20a1682525c5520ca3b07,gx-no-cache=1457438218343 HTTP/1.1" 200 30
186.103.159.44 - - [08/Mar/2016:08:56:52 -0300] "GET /cormun/servlet/solicitudot?672cacd0767d5b309f8838dd7f5a950dbc5f687c705ff40226c68ad34cdee47400a22cc54f8636f1cd7cb80a3a301b9c2fa358cfbca45a8c6e07def10e0db629e33292418a1580721e3e488f4301d1b432baa26ae7ea2800a51ecf7a11ae051b163e207081893808722dbb7c5a4da97ac4375844c311c287490cc5dee9fb661983e15cae43c1287eeebf7359430fb5ad92ba35d3d49b11f8fb2fcf3c0799e7a8,gx-no-cache=1457438211401 HTTP/1.1" 200 41
186.103.159.44 - - [08/Mar/2016:08:56:53 -0300] "GET /cormun/servlet/solicitudot?672cacd0767d5b309f8838dd7f5a950d89c00cdbea2661c0bd49ef13d166e2c14d8beef9e4921c014ad69076e1af5e2b20bfa72d929518b6a22a0641a91c0b57a1d822e9dbe79c80d8c99ca0198fe78899be89653b5fb96c3b81080015c2fbc556e6aed5b9948525cc8cb8b9daafc08b5f61b7d20f00ea7329dbec6e5077670f7af2fbf1024fe27f7036ac844cb70237f41c510493a87e875b9752cefe4c3f3e94edffea8452c88166d4bbaee4aff9fc3aaa118f399d350ae18787a26b98306a,gx-no-cache=1457438211764 HTTP/1.1" 200 30
186.103.159.44 - - [08/Mar/2016:08:56:53 -0300] "POST /cormun/servlet/solicitudot?0db7ee3fa9095855809c6c1a519e56c1,INS,0,0,,gx-no-cache=1457438212110 HTTP/1.1" 200 93
186.103.159.44 - - [08/Mar/2016:08:56:53 -0300] "GET /cormun/servlet/hpexe_return? HTTP/1.1" 200 1005
186.103.159.44 - - [08/Mar/2016:08:56:53 -0300] "GET /cormun/static/Resources/Spanish/PXTools.css?12112540 HTTP/1.1" 304 -
186.103.159.44 - - [08/Mar/2016:08:56:53 -0300] "GET /cormun/static/gxcfg.js?2015111312145050 HTTP/1.1" 304 -
186.103.159.44 - - [08/Mar/2016:08:56:53 -0300] "GET /cormun/static/hpexe_return.js?2015111312145056 HTTP/1.1" 304 -
186.103.159.44 - - [08/Mar/2016:08:56:54 -0300] "GET /cormun/servlet/trsolicitudot HTTP/1.1" 200 7549
186.103.159.44 - - [08/Mar/2016:08:56:55 -0300] "GET /cormun//static/Resources/PXTools/ActionInsert.png HTTP/1.1" 304 -
186.103.159.182 - - [08/Mar/2016:08:57:04 -0300] "GET /cormun/servlet/trsolicitudot? HTTP/1.1" 200 6168
186.103.159.182 - - [08/Mar/2016:08:57:06 -0300] "GET /cormun/servlet/trsolicitudot? HTTP/1.1" 200 6164
186.103.159.44 - - [08/Mar/2016:08:57:10 -0300] "POST /cormun/servlet/trsolicitudot?0db7ee3fa9095855809c6c1a519e56c1,gx-no-cache=1457438229132 HTTP/1.1" 200 4958
186.103.159.44 - - [08/Mar/2016:08:57:10 -0300] "POST /cormun/servlet/trsolicitudot?0db7ee3fa9095855809c6c1a519e56c1,gx-no-cache=1457438229515 HTTP/1.1" 200 4959
186.103.159.44 - - [08/Mar/2016:08:57:12 -0300] "POST /cormun/servlet/trsolicitudot?0db7ee3fa9095855809c6c1a519e56c1,gx-no-cache=1457438231207 HTTP/1.1" 200 4958
186.103.159.44 - - [08/Mar/2016:08:57:13 -0300] "POST /cormun/servlet/trsolicitudot?0db7ee3fa9095855809c6c1a519e56c1,gx-no-cache=1457438232008 HTTP/1.1" 200 4958
200.112.233.47 - - [08/Mar/2016:08:57:13 -0300] "POST /cormun/servlet/solicitudot?f8c99b820ba733162a16b5ad1d47f97e,INS,0,0,,gx-no-cache=1457438263421 HTTP/1.1" 200 93
200.112.233.47 - - [08/Mar/2016:08:57:13 -0300] "GET /cormun/servlet/hpexe_return? HTTP/1.1" 200 994
186.103.159.182 - - [08/Mar/2016:08:57:13 -0300] "GET /cormun/servlet/trvisualizadoreventos? HTTP/1.1" 200 5924
186.103.159.44 - - [08/Mar/2016:08:57:14 -0300] "POST /cormun/servlet/trsolicitudot?0db7ee3fa9095855809c6c1a519e56c1,gx-no-cache=1457438232962 HTTP/1.1" 200 4959
200.112.233.47 - - [08/Mar/2016:08:57:14 -0300] "GET /cormun/static/Resources/Spanish/PXTools.css?12112540 HTTP/1.1" 304 -
200.112.233.47 - - [08/Mar/2016:08:57:14 -0300] "GET /cormun/static/gxcfg.js?2015111312145050 HTTP/1.1" 304 -
200.112.233.47 - - [08/Mar/2016:08:57:14 -0300] "GET /cormun/static/hpexe_return.js?2015111312145056 HTTP/1.1" 304 -
200.112.233.47 - - [08/Mar/2016:08:57:14 -0300] "GET /cormun/servlet/hhome HTTP/1.1" 200 3432
186.103.159.44 - - [08/Mar/2016:08:57:14 -0300] "POST /cormun/servlet/trsolicitudot?0db7ee3fa9095855809c6c1a519e56c1,gx-no-cache=1457438233619 HTTP/1.1" 200 4958
186.103.159.182 - - [08/Mar/2016:08:57:15 -0300] "GET /cormun/servlet/trvisualizadoreventos? HTTP/1.1" 200 5924
186.103.159.44 - - [08/Mar/2016:08:57:15 -0300] "POST /cormun/servlet/trsolicitudot?0db7ee3fa9095855809c6c1a519e56c1,gx-no-cache=1457438234320 HTTP/1.1" 200 4958
186.103.159.44 - - [08/Mar/2016:08:57:20 -0300] "POST /cormun/servlet/trsolicitudot?0db7ee3fa9095855809c6c1a519e56c1,gx-no-cache=1457438235105 HTTP/1.1" 200 104
186.103.159.44 - - [08/Mar/2016:08:57:20 -0300] "GET /cormun/servlet/solicitudot?UPD,2016,718, HTTP/1.1" 200 12701
186.103.159.182 - - [08/Mar/2016:08:57:20 -0300] "POST /cormun/servlet/trvisualizadoreventos?bae8f2a59dfb28876750640987428184,,gx-no-cache=1457438267692 HTTP/1.1" 200 3283
186.103.159.182 - - [08/Mar/2016:08:57:20 -0300] "POST /cormun/servlet/trvisualizadoreventos?bae8f2a59dfb28876750640987428184,,gx-no-cache=1457438268287 HTTP/1.1" 200 3283
186.103.159.182 - - [08/Mar/2016:08:57:20 -0300] "POST /cormun/servlet/trvisualizadoreventos?bae8f2a59dfb28876750640987428184,,gx-no-cache=1457438268491 HTTP/1.1" 200 3283
186.103.159.182 - - [08/Mar/2016:08:57:21 -0300] "POST /cormun/servlet/trvisualizadoreventos?bae8f2a59dfb28876750640987428184,,gx-no-cache=1457438268679 HTTP/1.1" 200 3283
186.103.159.44 - - [08/Mar/2016:08:57:22 -0300] "POST /cormun/servlet/solicitudot?gx-no-cache=1457438241268 HTTP/1.1" 200 2784
186.103.159.44 - - [08/Mar/2016:08:57:22 -0300] "POST /cormun/servlet/solicitudot?0db7ee3fa9095855809c6c1a519e56c1,UPD,2016,718,,gx-no-cache=1457438241446 HTTP/1.1" 200 9094
186.103.159.44 - - [08/Mar/2016:08:57:23 -0300] "GET /cormun/servlet/solicitudot?672cacd0767d5b309f8838dd7f5a950dc69fee668c39c9f6c72e54c1fc98f6a695f311cf034c5be6689fcaff7b2b993c,gx-no-cache=1457438242040 HTTP/1.1" 200 30
186.103.159.44 - - [08/Mar/2016:08:57:23 -0300] "POST /cormun/servlet/solicitudot?gx-no-cache=1457438242107 HTTP/1.1" 200 30
186.103.159.44 - - [08/Mar/2016:08:57:23 -0300] "POST /cormun/servlet/solicitudot?gx-no-cache=1457438242162 HTTP/1.1" 200 122
186.103.159.44 - - [08/Mar/2016:08:57:23 -0300] "POST /cormun/servlet/solicitudot?gx-no-cache=1457438242340 HTTP/1.1" 200 1169
186.103.159.44 - - [08/Mar/2016:08:57:23 -0300] "GET /cormun/servlet/solicitudot?672cacd0767d5b309f8838dd7f5a950dbc5f687c705ff40226c68ad34cdee47400a22cc54f8636f1cd7cb80a3a301b9c2fa358cfbca45a8c6e07def10e0db629e33292418a1580721e3e488f4301d1b432baa26ae7ea2800a51ecf7a11ae051b163e207081893808722dbb7c5a4da97ac4375844c311c287490cc5dee9fb661983e15cae43c1287eeebf7359430fb5ade002bb9d9e2e7a9db36045e2939ec998,gx-no-cache=1457438242446 HTTP/1.1" 200 41
186.103.159.44 - - [08/Mar/2016:08:57:23 -0300] "GET /cormun/static/Shared/jqueryui/images/ui-icons_8d78a5_256x240.png HTTP/1.1" 404 1089
186.103.159.44 - - [08/Mar/2016:08:57:23 -0300] "GET /cormun/static/Shared/jqueryui/images/ui-bg_flat_55_fafafa_40x100.png HTTP/1.1" 404 1097
186.103.159.44 - - [08/Mar/2016:08:57:23 -0300] "GET /cormun/static/Shared/jqueryui/images/ui-icons_82798d_256x240.png HTTP/1.1" 404 1089
186.103.159.44 - - [08/Mar/2016:08:57:23 -0300] "GET /cormun/static/Shared/jqueryui/images/ui-bg_highlight-soft_100_c6c2c8_1x100.png HTTP/1.1" 404 1117
186.103.159.182 - - [08/Mar/2016:08:57:23 -0300] "POST /cormun/servlet/trvisualizadoreventos?bae8f2a59dfb28876750640987428184,,gx-no-cache=1457438271274 HTTP/1.1" 200 3283
186.103.159.182 - - [08/Mar/2016:08:57:24 -0300] "GET /cormun/servlet/trvisualizadoreventos?ba3d7bdd4094ae2de87d8ba1af0f06d21efaa9f215a41712444079d13b3b29ceec5805530da826b65ff44406594da3caed3a4919eecdc17bd9a04a2e8204e22c061e56b359c8b298b269ad42e5e7eba03cd7c4da5e30aabb610ee722fd7b797e8490c99a6fb517c2be57386bad1c971c4b4319b0b13a9f94cbde101bbaabe9eb7bfd550d9b832c68e8cbffd391dd687a9705c15079921dae47312f2c94e7f738fcef038d49d14b900158a1f8c396590d34ccf52d45e5b9ec9437bec6668c805e,gx-no-cache=1457438271693 HTTP/1.1" 200 574
186.103.159.182 - - [08/Mar/2016:08:57:25 -0300] "POST /cormun/servlet/trvisualizadoreventos?bae8f2a59dfb28876750640987428184,,gx-no-cache=1457438273095 HTTP/1.1" 200 3283
186.103.159.44 - - [08/Mar/2016:08:57:26 -0300] "GET /cormun/servlet/solicitudot?672cacd0767d5b309f8838dd7f5a950d1dfe8e57513d71c5a100b836494cba949ba51cb7e10966b7fd7b87f4b46af2d4274280b3838f5c651658a5b8e6b22af0746bda0be8abf61d8ded958cb0400e95fda3c7e612ac84c946845685095e6784747be8dbfe504005ed70cda9f8c20c9f77c8c481434dafeee85c39d05818a4bb78a60f1cd1c9b9e09b428eb0ea6c39de8700fa15a6be167138014c4a5bdacc65,gx-no-cache=1457438245656 HTTP/1.1" 200 29
186.103.159.44 - - [08/Mar/2016:08:57:26 -0300] "POST /cormun/servlet/solicitudot?gx-no-cache=1457438245716 HTTP/1.1" 200 1127
186.103.159.44 - - [08/Mar/2016:08:57:27 -0300] "GET /cormun/static/menuarrow.gif HTTP/1.1" 404 1015
200.112.233.47 - - [08/Mar/2016:08:57:28 -0300] "GET /cormun/servlet/trsolicitudot? HTTP/1.1" 200 7542
186.103.159.182 - - [08/Mar/2016:08:57:28 -0300] "POST /cormun/servlet/trvisualizadoreventos?bae8f2a59dfb28876750640987428184,,gx-no-cache=1457438276518 HTTP/1.1" 200 3283
200.112.233.47 - - [08/Mar/2016:08:57:30 -0300] "GET /cormun//static/Resources/PXToolsGridUpdate.png HTTP/1.1" 304 -
200.112.233.47 - - [08/Mar/2016:08:57:30 -0300] "GET /cormun//static/Resources/PXToolsGridDelete.png HTTP/1.1" 304 -
200.112.233.47 - - [08/Mar/2016:08:57:30 -0300] "GET /cormun//static/Resources/PXToolsRemoveAllAction.png HTTP/1.1" 304 -
200.112.233.47 - - [08/Mar/2016:08:57:30 -0300] "GET /cormun//static/Resources/PXToolsActionView.png HTTP/1.1" 304 -
200.112.233.47 - - [08/Mar/2016:08:57:31 -0300] "GET /cormun//static/Resources/PXTools/ActionInsert.png HTTP/1.1" 304 -
186.103.159.182 - - [08/Mar/2016:08:57:32 -0300] "POST /cormun/servlet/trvisualizadoreventos?bae8f2a59dfb28876750640987428184,,gx-no-cache=1457438280559 HTTP/1.1" 200 3281
186.103.159.182 - - [08/Mar/2016:08:57:33 -0300] "GET /cormun/servlet/trvisualizadoreventos?ba3d7bdd4094ae2de87d8ba1af0f06d2824604223fcfce0d2929edb02f190d636e61d64831237028a4cf7b950a55c7a9ed3a4919eecdc17bd9a04a2e8204e22c061e56b359c8b298b269ad42e5e7eba03cd7c4da5e30aabb610ee722fd7b797e8490c99a6fb517c2be57386bad1c971c4b4319b0b13a9f94cbde101bbaabe9eb7bfd550d9b832c68e8cbffd391dd687a9705c15079921dae47312f2c94e7f738fcef038d49d14b900158a1f8c396590d34ccf52d45e5b9ec9437bec6668c805e,gx-no-cache=1457438280960 HTTP/1.1" 200 573
186.103.159.182 - - [08/Mar/2016:08:57:34 -0300] "POST /cormun/servlet/trvisualizadoreventos?bae8f2a59dfb28876750640987428184,,gx-no-cache=1457438281737 HTTP/1.1" 200 3281
200.112.233.47 - - [08/Mar/2016:08:57:34 -0300] "GET /cormun/servlet/solicitudot?INS,0,0, HTTP/1.1" 200 11440
186.103.159.182 - - [08/Mar/2016:08:57:37 -0300] "POST /cormun/servlet/trvisualizadoreventos?bae8f2a59dfb28876750640987428184,,gx-no-cache=1457438285543 HTTP/1.1" 200 3283
186.103.159.182 - - [08/Mar/2016:08:57:38 -0300] "GET /cormun/servlet/trvisualizadoreventos?ba3d7bdd4094ae2de87d8ba1af0f06d2f49550d4fdf6a1902a62bcc6df423fb33dfed0113e6c9b11e6edff344f5cc6f8ed3a4919eecdc17bd9a04a2e8204e22c061e56b359c8b298b269ad42e5e7eba03cd7c4da5e30aabb610ee722fd7b797e8490c99a6fb517c2be57386bad1c971c4b4319b0b13a9f94cbde101bbaabe9eb7bfd550d9b832c68e8cbffd391dd687a9705c15079921dae47312f2c94e7f738fcef038d49d14b900158a1f8c396590d34ccf52d45e5b9ec9437bec6668c805e,gx-no-cache=1457438285976 HTTP/1.1" 200 575
186.103.159.182 - - [08/Mar/2016:08:57:38 -0300] "POST /cormun/servlet/trvisualizadoreventos?bae8f2a59dfb28876750640987428184,,gx-no-cache=1457438286167 HTTP/1.1" 200 3283
186.103.159.182 - - [08/Mar/2016:08:57:40 -0300] "POST /cormun/servlet/trvisualizadoreventos?bae8f2a59dfb28876750640987428184,,gx-no-cache=1457438287740 HTTP/1.1" 200 3284
186.103.159.182 - - [08/Mar/2016:08:57:40 -0300] "GET /cormun/servlet/trvisualizadoreventos?ba3d7bdd4094ae2de87d8ba1af0f06d21efaa9f215a41712444079d13b3b29ce57582706047c537ca7da2c5e600e395fed3a4919eecdc17bd9a04a2e8204e22c061e56b359c8b298b269ad42e5e7eba03cd7c4da5e30aabb610ee722fd7b797e8490c99a6fb517c2be57386bad1c971c4b4319b0b13a9f94cbde101bbaabe9eb7bfd550d9b832c68e8cbffd391dd687a9705c15079921dae47312f2c94e7f738fcef038d49d14b900158a1f8c396590d34ccf52d45e5b9ec9437bec6668c805e,gx-no-cache=1457438288146 HTTP/1.1" 200 576
186.103.159.182 - - [08/Mar/2016:08:57:41 -0300] "POST /cormun/servlet/trvisualizadoreventos?bae8f2a59dfb28876750640987428184,,gx-no-cache=1457438289453 HTTP/1.1" 200 3284
186.103.159.182 - - [08/Mar/2016:08:57:44 -0300] "POST /cormun/servlet/trvisualizadoreventos?bae8f2a59dfb28876750640987428184,,gx-no-cache=1457438291908 HTTP/1.1" 200 3283
186.103.159.182 - - [08/Mar/2016:08:57:44 -0300] "GET /cormun/servlet/trvisualizadoreventos?ba3d7bdd4094ae2de87d8ba1af0f06d21efaa9f215a41712444079d13b3b29ceec5805530da826b65ff44406594da3caed3a4919eecdc17bd9a04a2e8204e22c061e56b359c8b298b269ad42e5e7eba03cd7c4da5e30aabb610ee722fd7b797e8490c99a6fb517c2be57386bad1c971c4b4319b0b13a9f94cbde101bbaabe9eb7bfd550d9b832c68e8cbffd391dd687a9705c15079921dae47312f2c94e7f738fcef038d49d14b900158a1f8c396590d34ccf52d45e5b9ec9437bec6668c805e,gx-no-cache=1457438292312 HTTP/1.1" 200 574
186.103.159.182 - - [08/Mar/2016:08:57:50 -0300] "GET /cormun/servlet/trvisualizadoreventos? HTTP/1.1" 200 5925
186.103.159.182 - - [08/Mar/2016:08:57:52 -0300] "GET /cormun/servlet/trvisualizadoreventos? HTTP/1.1" 200 5925
186.103.159.182 - - [08/Mar/2016:08:57:55 -0300] "POST /cormun/servlet/trvisualizadoreventos?bae8f2a59dfb28876750640987428184,,gx-no-cache=1457438302820 HTTP/1.1" 200 3283
186.103.159.182 - - [08/Mar/2016:08:57:55 -0300] "POST /cormun/servlet/trvisualizadoreventos?bae8f2a59dfb28876750640987428184,,gx-no-cache=1457438303105 HTTP/1.1" 200 3283
186.103.159.182 - - [08/Mar/2016:08:57:55 -0300] "POST /cormun/servlet/trvisualizadoreventos?bae8f2a59dfb28876750640987428184,,gx-no-cache=1457438303299 HTTP/1.1" 200 3283
186.103.159.182 - - [08/Mar/2016:08:57:55 -0300] "POST /cormun/servlet/trvisualizadoreventos?bae8f2a59dfb28876750640987428184,,gx-no-cache=1457438303484 HTTP/1.1" 200 3283
186.103.159.182 - - [08/Mar/2016:08:57:58 -0300] "POST /cormun/servlet/trvisualizadoreventos?bae8f2a59dfb28876750640987428184,,gx-no-cache=1457438306303 HTTP/1.1" 200 3282
186.103.159.182 - - [08/Mar/2016:08:57:59 -0300] "GET /cormun/servlet/trvisualizadoreventos?ba3d7bdd4094ae2de87d8ba1af0f06d2824604223fcfce0d2929edb02f190d636e61d64831237028a4cf7b950a55c7a9ed3a4919eecdc17bd9a04a2e8204e22c061e56b359c8b298b269ad42e5e7eba03cd7c4da5e30aabb610ee722fd7b797e8490c99a6fb517c2be57386bad1c971c4b4319b0b13a9f94cbde101bbaabe9eb7bfd550d9b832c68e8cbffd391dd687a9705c15079921dae47312f2c94e7f738fcef038d49d14b900158a1f8c396590d34ccf52d45e5b9ec9437bec6668c805e,gx-no-cache=1457438306738 HTTP/1.1" 200 573
200.112.233.47 - - [08/Mar/2016:08:58:00 -0300] "POST /cormun/servlet/solicitudot?gx-no-cache=1457438310734 HTTP/1.1" 200 2755
186.103.159.182 - - [08/Mar/2016:08:58:00 -0300] "POST /cormun/servlet/trvisualizadoreventos?bae8f2a59dfb28876750640987428184,,gx-no-cache=1457438308116 HTTP/1.1" 200 3282
200.112.233.47 - - [08/Mar/2016:08:58:00 -0300] "POST /cormun/servlet/solicitudot?f8c99b820ba733162a16b5ad1d47f97e,INS,0,0,,gx-no-cache=1457438311093 HTTP/1.1" 200 8368
186.103.159.182 - - [08/Mar/2016:08:58:01 -0300] "POST /cormun/servlet/trvisualizadoreventos?bae8f2a59dfb28876750640987428184,,gx-no-cache=1457438309539 HTTP/1.1" 200 3282
186.103.159.182 - - [08/Mar/2016:08:58:03 -0300] "POST /cormun/servlet/trvisualizadoreventos?bae8f2a59dfb28876750640987428184,,gx-no-cache=1457438310981 HTTP/1.1" 200 3282
200.112.233.47 - - [08/Mar/2016:08:58:03 -0300] "GET /cormun/servlet/solicitudot?d55f9b885febc5e1b4b340143f81975b49610ba0756a49d2c317407df972d13b09924db550412fa6491b15aa8bfa8e37,gx-no-cache=1457438314171 HTTP/1.1" 200 30
200.112.233.47 - - [08/Mar/2016:08:58:03 -0300] "POST /cormun/servlet/solicitudot?gx-no-cache=1457438314250 HTTP/1.1" 200 30
200.112.233.47 - - [08/Mar/2016:08:58:04 -0300] "POST /cormun/servlet/solicitudot?gx-no-cache=1457438314328 HTTP/1.1" 200 33
200.112.233.47 - - [08/Mar/2016:08:58:04 -0300] "POST /cormun/servlet/solicitudot?gx-no-cache=1457438314421 HTTP/1.1" 200 1171
200.112.233.47 - - [08/Mar/2016:08:58:04 -0300] "GET /cormun/servlet/solicitudot?d55f9b885febc5e1b4b340143f81975b2ff345738406db017075799bd9dab83ad104df516a3177d8f2047a24997794d44587414b661a12ebdf0749f6ba2d3995684f8511948386a9f1261b4608ee71140e56e24cc6dae1db2501374f49afc20e10300f56d751e3d49a8ed1cfa3d19074ad5c1180476100c8a3507530ca4f7c66ef9882c705e58f776f642a4e6fbd3767,gx-no-cache=1457438314578 HTTP/1.1" 200 38
186.103.159.182 - - [08/Mar/2016:08:58:05 -0300] "POST /cormun/servlet/trvisualizadoreventos?bae8f2a59dfb28876750640987428184,,gx-no-cache=1457438312601 HTTP/1.1" 200 3282
186.103.159.182 - - [08/Mar/2016:08:58:07 -0300] "POST /cormun/servlet/trvisualizadoreventos?bae8f2a59dfb28876750640987428184,,gx-no-cache=1457438314700 HTTP/1.1" 200 3282
186.103.159.182 - - [08/Mar/2016:08:58:08 -0300] "POST /cormun/servlet/trvisualizadoreventos?bae8f2a59dfb28876750640987428184,,gx-no-cache=1457438316055 HTTP/1.1" 200 3282
186.103.159.182 - - [08/Mar/2016:08:58:11 -0300] "POST /cormun/servlet/trvisualizadoreventos?bae8f2a59dfb28876750640987428184,,gx-no-cache=1457438319104 HTTP/1.1" 200 3284
186.103.159.182 - - [08/Mar/2016:08:58:11 -0300] "GET /cormun/servlet/trvisualizadoreventos?ba3d7bdd4094ae2de87d8ba1af0f06d216013aa7b4411395bcce955d57de2d92296a791bec5a13cf380c2ce029c528f4ed3a4919eecdc17bd9a04a2e8204e22c061e56b359c8b298b269ad42e5e7eba03cd7c4da5e30aabb610ee722fd7b797e8490c99a6fb517c2be57386bad1c971c4b4319b0b13a9f94cbde101bbaabe9eb7bfd550d9b832c68e8cbffd391dd687a9705c15079921dae47312f2c94e7f738fcef038d49d14b900158a1f8c396590d34ccf52d45e5b9ec9437bec6668c805e,gx-no-cache=1457438319510 HTTP/1.1" 200 575
186.103.159.182 - - [08/Mar/2016:08:58:12 -0300] "POST /cormun/servlet/trvisualizadoreventos?bae8f2a59dfb28876750640987428184,,gx-no-cache=1457438320320 HTTP/1.1" 200 3284
200.112.233.47 - - [08/Mar/2016:08:58:13 -0300] "GET /cormun/servlet/solicitudot?d55f9b885febc5e1b4b340143f81975ba3047beeeae9d723d3a00da4a846052a9922fb4c0f74b05628845a9543c39885ef053cca3b7dc450362566499b97b4709387a861ea2a26cc069cafc373df2708c5b167cd934179a8a82581bc6edbc9f94e1497e4c6bc43133a633f568eaa153e71db48e762c817d308672bcc01c2a61bbb49d9215c72e02142ab846c8a40e9e0e044c4c361f43b055d6bda952ca59483,gx-no-cache=1457438324203 HTTP/1.1" 200 29
200.112.233.47 - - [08/Mar/2016:08:58:14 -0300] "POST /cormun/servlet/solicitudot?gx-no-cache=1457438324343 HTTP/1.1" 200 1128
186.103.159.182 - - [08/Mar/2016:08:58:14 -0300] "POST /cormun/servlet/trvisualizadoreventos?bae8f2a59dfb28876750640987428184,,gx-no-cache=1457438321676 HTTP/1.1" 200 3284
186.103.159.182 - - [08/Mar/2016:08:58:16 -0300] "POST /cormun/servlet/trvisualizadoreventos?bae8f2a59dfb28876750640987428184,,gx-no-cache=1457438323741 HTTP/1.1" 200 3284
186.103.159.182 - - [08/Mar/2016:08:58:16 -0300] "GET /cormun/servlet/trvisualizadoreventos?ba3d7bdd4094ae2de87d8ba1af0f06d2f49550d4fdf6a1902a62bcc6df423fb33dfed0113e6c9b11e6edff344f5cc6f8ed3a4919eecdc17bd9a04a2e8204e22c061e56b359c8b298b269ad42e5e7eba03cd7c4da5e30aabb610ee722fd7b797e8490c99a6fb517c2be57386bad1c971c4b4319b0b13a9f94cbde101bbaabe9eb7bfd550d9b832c68e8cbffd391dd687a9705c15079921dae47312f2c94e7f738fcef038d49d14b900158a1f8c396590d34ccf52d45e5b9ec9437bec6668c805e,gx-no-cache=1457438324168 HTTP/1.1" 200 575
186.103.159.182 - - [08/Mar/2016:08:58:17 -0300] "POST /cormun/servlet/trvisualizadoreventos?bae8f2a59dfb28876750640987428184,,gx-no-cache=1457438324837 HTTP/1.1" 200 3284
186.103.159.182 - - [08/Mar/2016:08:58:17 -0300] "POST /cormun/servlet/trvisualizadoreventos?bae8f2a59dfb28876750640987428184,,gx-no-cache=1457438325374 HTTP/1.1" 200 3284
186.103.159.182 - - [08/Mar/2016:08:58:19 -0300] "POST /cormun/servlet/trvisualizadoreventos?bae8f2a59dfb28876750640987428184,,gx-no-cache=1457438326720 HTTP/1.1" 200 3284
200.112.233.47 - - [08/Mar/2016:08:58:19 -0300] "GET /cormun/servlet/solicitudot?d55f9b885febc5e1b4b340143f81975b54fe939e53d3241a091dcd631b49ed1de85743c46490201610771b0ce2a88855e2b18d7514f5c5dc275c677425d95eb56effa32644fb197e4f9348e7d2ee2f4bdb79cbf038035e07d73b08301dd4d9db222eef16111322b1bbb5c6a5506b0ff0b6fed92cde9de2f79621c2761434bde6bbe686847f52de8fe9e561bc05da0a01b96dfbfb4d59551b89c55a9a22d5ff64,gx-no-cache=1457438329921 HTTP/1.1" 200 30
186.103.159.182 - - [08/Mar/2016:08:58:21 -0300] "POST /cormun/servlet/trvisualizadoreventos?bae8f2a59dfb28876750640987428184,,gx-no-cache=1457438329205 HTTP/1.1" 200 3284
186.103.159.182 - - [08/Mar/2016:08:58:21 -0300] "GET /cormun/servlet/trvisualizadoreventos?ba3d7bdd4094ae2de87d8ba1af0f06d21ad409e336a01f26c59ae788804165332b7d6dc10380ca0ce47d450901d562beed3a4919eecdc17bd9a04a2e8204e22c061e56b359c8b298b269ad42e5e7eba03cd7c4da5e30aabb610ee722fd7b797e8490c99a6fb517c2be57386bad1c971c4b4319b0b13a9f94cbde101bbaabe9eb7bfd550d9b832c68e8cbffd391dd687a9705c15079921dae47312f2c94e7f738fcef038d49d14b900158a1f8c396590d34ccf52d45e5b9ec9437bec6668c805e,gx-no-cache=1457438329614 HTTP/1.1" 200 575
186.103.159.182 - - [08/Mar/2016:08:58:23 -0300] "POST /cormun/servlet/trvisualizadoreventos?bae8f2a59dfb28876750640987428184,,gx-no-cache=1457438330680 HTTP/1.1" 200 3284
186.103.159.182 - - [08/Mar/2016:08:58:27 -0300] "POST /cormun/servlet/trvisualizadoreventos?bae8f2a59dfb28876750640987428184,,gx-no-cache=1457438335055 HTTP/1.1" 200 3282
186.103.159.182 - - [08/Mar/2016:08:58:27 -0300] "GET /cormun/servlet/trvisualizadoreventos?ba3d7bdd4094ae2de87d8ba1af0f06d2824604223fcfce0d2929edb02f190d636e61d64831237028a4cf7b950a55c7a9ed3a4919eecdc17bd9a04a2e8204e22c061e56b359c8b298b269ad42e5e7eba03cd7c4da5e30aabb610ee722fd7b797e8490c99a6fb517c2be57386bad1c971c4b4319b0b13a9f94cbde101bbaabe9eb7bfd550d9b832c68e8cbffd391dd687a9705c15079921dae47312f2c94e7f738fcef038d49d14b900158a1f8c396590d34ccf52d45e5b9ec9437bec6668c805e,gx-no-cache=1457438335476 HTTP/1.1" 200 573
186.103.159.182 - - [08/Mar/2016:08:58:28 -0300] "POST /cormun/servlet/trvisualizadoreventos?bae8f2a59dfb28876750640987428184,,gx-no-cache=1457438336021 HTTP/1.1" 200 3282
186.103.159.182 - - [08/Mar/2016:08:58:31 -0300] "POST /cormun/servlet/trvisualizadoreventos?bae8f2a59dfb28876750640987428184,,gx-no-cache=1457438339211 HTTP/1.1" 200 3283
186.103.159.182 - - [08/Mar/2016:08:58:31 -0300] "GET /cormun/servlet/trvisualizadoreventos?ba3d7bdd4094ae2de87d8ba1af0f06d21efaa9f215a41712444079d13b3b29ceec5805530da826b65ff44406594da3caed3a4919eecdc17bd9a04a2e8204e22c061e56b359c8b298b269ad42e5e7eba03cd7c4da5e30aabb610ee722fd7b797e8490c99a6fb517c2be57386bad1c971c4b4319b0b13a9f94cbde101bbaabe9eb7bfd550d9b832c68e8cbffd391dd687a9705c15079921dae47312f2c94e7f738fcef038d49d14b900158a1f8c396590d34ccf52d45e5b9ec9437bec6668c805e,gx-no-cache=1457438339618 HTTP/1.1" 200 574
186.103.159.182 - - [08/Mar/2016:08:58:33 -0300] "POST /cormun/servlet/trvisualizadoreventos?bae8f2a59dfb28876750640987428184,,gx-no-cache=1457438340843 HTTP/1.1" 200 3283
200.112.233.47 - - [08/Mar/2016:08:58:46 -0300] "GET /cormun/servlet/solicitudot?d55f9b885febc5e1b4b340143f81975b54fe939e53d3241a091dcd631b49ed1d28748be827bdd959f324432d845a6c7cbbe8b159dce5bc0e2d6f8696bf55e6ad3b72e255d8b5fea1b0429964688a0d1e01c6ca64245dda2e2509fdc1046b9eebedf69c55301105ed65459a4822794a5b22556b602eb1281e17a8f61eca556b5cfda47af1fe90793bdd1a04c40b1b7ff1464aa99905721f3efce120dfdd97c7d6da7d8c3b9122778ca8804f2f17c060b9,gx-no-cache=1457438353906 HTTP/1.1" 200 30
200.112.233.47 - - [08/Mar/2016:08:58:46 -0300] "POST /cormun/servlet/solicitudot?f8c99b820ba733162a16b5ad1d47f97e,INS,0,0,,gx-no-cache=1457438356984 HTTP/1.1" 200 93
200.112.233.47 - - [08/Mar/2016:08:58:46 -0300] "GET /cormun/servlet/hpexe_return? HTTP/1.1" 200 994
200.112.233.47 - - [08/Mar/2016:08:58:47 -0300] "GET /cormun/servlet/trsolicitudot HTTP/1.1" 200 7876
186.103.159.182 - - [08/Mar/2016:08:58:54 -0300] "POST /cormun/servlet/trvisualizadoreventos?bae8f2a59dfb28876750640987428184,,gx-no-cache=1457438361840 HTTP/1.1" 200 3282
186.103.159.182 - - [08/Mar/2016:08:58:54 -0300] "GET /cormun/servlet/trvisualizadoreventos?ba3d7bdd4094ae2de87d8ba1af0f06d2824604223fcfce0d2929edb02f190d636e61d64831237028a4cf7b950a55c7a9ed3a4919eecdc17bd9a04a2e8204e22c061e56b359c8b298b269ad42e5e7eba03cd7c4da5e30aabb610ee722fd7b797e8490c99a6fb517c2be57386bad1c971c4b4319b0b13a9f94cbde101bbaabe9eb7bfd550d9b832c68e8cbffd391dd687a9705c15079921dae47312f2c94e7f738fcef038d49d14b900158a1f8c396590d34ccf52d45e5b9ec9437bec6668c805e,gx-no-cache=1457438362379 HTTP/1.1" 200 573
186.103.159.182 - - [08/Mar/2016:08:58:57 -0300] "POST /cormun/servlet/trvisualizadoreventos?bae8f2a59dfb28876750640987428184,,gx-no-cache=1457438365200 HTTP/1.1" 200 3283
