186.103.157.42 - - [08/Mar/2016:09:59:06 -0300] "GET /cormun/static/gxcfg.js?20151120044395 HTTP/1.1" 304 -
186.103.157.42 - - [08/Mar/2016:09:59:06 -0300] "GET /cormun/static/hpexe_link.js?20151120044398 HTTP/1.1" 304 -
186.103.157.42 - - [08/Mar/2016:09:59:06 -0300] "GET /cormun/servlet/trautorizarsolicitud HTTP/1.1" 200 5988
186.103.157.42 - - [08/Mar/2016:09:59:07 -0300] "GET /cormun/servlet/trautorizarsolicitud HTTP/1.1" 200 5987
186.103.157.42 - - [08/Mar/2016:09:59:10 -0300] "GET /cormun/static/menuarrow.gif HTTP/1.1" 404 1015
186.103.157.42 - - [08/Mar/2016:09:59:37 -0300] "GET /cormun/servlet/trautorizarsolicitud? HTTP/1.1" 200 5987
186.103.157.42 - - [08/Mar/2016:09:59:38 -0300] "GET /cormun/servlet/trautorizarsolicitud? HTTP/1.1" 200 5987
186.103.157.42 - - [08/Mar/2016:09:59:40 -0300] "GET /cormun/servlet/trsolicitudot? HTTP/1.1" 200 6209
186.103.157.42 - - [08/Mar/2016:09:59:40 -0300] "GET /cormun/static/Resources/Spanish/PXTools.css?18502099 HTTP/1.1" 304 -
186.103.157.42 - - [08/Mar/2016:09:59:40 -0300] "GET /cormun/static/gxcfg.js?201631185636 HTTP/1.1" 304 -
186.103.157.42 - - [08/Mar/2016:09:59:40 -0300] "GET /cormun/static/trsolicitudot.js?2016311856838 HTTP/1.1" 304 -
186.103.157.42 - - [08/Mar/2016:09:59:41 -0300] "GET /cormun/servlet/trsolicitudot? HTTP/1.1" 200 6209
186.103.157.42 - - [08/Mar/2016:09:59:44 -0300] "GET /cormun/servlet/solicitudot?INS,0,0, HTTP/1.1" 200 11476
186.103.157.42 - - [08/Mar/2016:09:59:44 -0300] "GET /cormun/static/Resources/Spanish/PXTools.css?1944839 HTTP/1.1" 304 -
186.103.157.42 - - [08/Mar/2016:09:59:44 -0300] "GET /cormun/static/gxcfg.js?20163219435133 HTTP/1.1" 304 -
186.103.157.42 - - [08/Mar/2016:09:59:44 -0300] "GET /cormun/static/solicitudot.js?20163219435183 HTTP/1.1" 304 -
186.103.157.42 - - [08/Mar/2016:09:59:45 -0300] "GET /cormun/servlet/solicitudot?INS,0,0, HTTP/1.1" 200 11481
186.103.157.42 - - [08/Mar/2016:09:59:54 -0300] "POST /cormun/servlet/solicitudot?gx-no-cache=1457442022089 HTTP/1.1" 200 2787
186.103.157.42 - - [08/Mar/2016:09:59:54 -0300] "POST /cormun/servlet/solicitudot?4e4e07a881f0a051a7466a7f30c0cf4c,INS,0,0,,gx-no-cache=1457442022230 HTTP/1.1" 200 8423
186.103.157.42 - - [08/Mar/2016:10:00:01 -0300] "GET /cormun/servlet/solicitudot?92190c7880b50c322ef930461251bfc95931d2f678c270697d50996925c876211bea441ffc7119f6e26f1ffc7a13152d,gx-no-cache=1457442028910 HTTP/1.1" 200 30
186.103.157.42 - - [08/Mar/2016:10:00:01 -0300] "POST /cormun/servlet/solicitudot?gx-no-cache=1457442028968 HTTP/1.1" 200 30
186.103.157.42 - - [08/Mar/2016:10:00:07 -0300] "POST /cormun/servlet/solicitudot?gx-no-cache=1457442034582 HTTP/1.1" 200 30
186.103.157.42 - - [08/Mar/2016:10:00:11 -0300] "GET /cormun/static/Resources/resize.gif HTTP/1.1" 200 77
186.103.157.42 - - [08/Mar/2016:10:00:11 -0300] "GET /cormun/servlet/prcontratosol?9037430,,,,,MD,,gxPopupLevel%3D0%3B HTTP/1.1" 200 5762
186.103.157.42 - - [08/Mar/2016:10:00:11 -0300] "GET /cormun/static/gxcfg.js?2016141247819 HTTP/1.1" 200 953
186.103.157.42 - - [08/Mar/2016:10:00:12 -0300] "GET /cormun/static/prcontratosol.js?2016141247993 HTTP/1.1" 200 13528
186.103.157.42 - - [08/Mar/2016:10:00:12 -0300] "GET /cormun/static/menusearch.js?20163219454787 HTTP/1.1" 200 1424
186.103.157.42 - - [08/Mar/2016:10:00:12 -0300] "GET /cormun/static/hmpwkw011.js?20163117201773 HTTP/1.1" 200 1968
186.103.157.42 - - [08/Mar/2016:10:00:12 -0300] "GET /cormun/static/Resources/Spanish/PXTools.css?1423257 HTTP/1.1" 200 89042
186.103.157.42 - - [08/Mar/2016:10:00:21 -0300] "POST /cormun/servlet/solicitudot?gx-no-cache=1457442049180 HTTP/1.1" 200 1170
186.103.157.42 - - [08/Mar/2016:10:00:21 -0300] "GET /cormun/servlet/solicitudot?92190c7880b50c322ef930461251bfc91215176315d29b49f82d64d451fa4e0c8efb11b357ab0ed1b0ef155a3f63929345769c4548fef885f4fde95fe64e8106b845e74c36ef99374375d585bd0ad1ce1815738c78be759d3ca2a277396d06708efbf5d01de13ddec1b97c4832f755d561a7f75558d855046111751161d30eebf6fe87dab19b0c3ee257e71c74af5d47,gx-no-cache=1457442049278 HTTP/1.1" 200 38
186.103.157.42 - - [08/Mar/2016:10:00:21 -0300] "GET /cormun/servlet/solicitudot?92190c7880b50c322ef930461251bfc9d5d3d6e28c77634bd9a21629e9b5ea77f4603ecc23688607efc0551200b8dc57d0962f0e1abc625d062702df1fdeb835ce7920053d32d021892babc3907893ce5c858a42ff7993c25967256c70d4fb59dccbe9b053af16db00fb81d4377f4286c06d0d952582292ee711079874ef28f63a366c630d4fe166494abcd8128e0579ded9cfc395e4f493ecb1bc86f8d511a6,gx-no-cache=1457442049316 HTTP/1.1" 200 29
186.103.157.42 - - [08/Mar/2016:10:00:21 -0300] "POST /cormun/servlet/solicitudot?gx-no-cache=1457442049345 HTTP/1.1" 200 1127
186.103.159.44 - - [08/Mar/2016:10:00:22 -0300] "GET /cormun/servlet/solicitudot?INS,0,0, HTTP/1.1" 200 11078
186.103.159.44 - - [08/Mar/2016:10:00:23 -0300] "GET /cormun/servlet/hlogin HTTP/1.1" 200 1746
186.103.157.42 - - [08/Mar/2016:10:00:36 -0300] "POST /cormun/servlet/solicitudot?gx-no-cache=1457442064080 HTTP/1.1" 200 1170
186.103.157.42 - - [08/Mar/2016:10:00:36 -0300] "GET /cormun/servlet/solicitudot?92190c7880b50c322ef930461251bfc91215176315d29b49f82d64d451fa4e0c8efb11b357ab0ed1b0ef155a3f63929345769c4548fef885f4fde95fe64e8106b845e74c36ef99374375d585bd0ad1ce1815738c78be759d3ca2a277396d06708efbf5d01de13ddec1b97c4832f755d561a7f75558d855046111751161d30eebf2f5b7f1a03f5162213afce3a5adda8342e8d8c7343c9ea2eb4271e1a25e01f3,gx-no-cache=1457442064156 HTTP/1.1" 200 41
186.103.159.44 - - [08/Mar/2016:10:00:43 -0300] "GET /cormun/servlet/hhome HTTP/1.1" 200 3436
186.103.159.44 - - [08/Mar/2016:10:01:02 -0300] "POST /cormun/servlet/hlogin?9e690ced84a19e592233b287554e1c63,gx-no-cache=1457442060811 HTTP/1.1" 200 90
186.103.159.44 - - [08/Mar/2016:10:01:02 -0300] "GET /cormun/servlet/hpexe_link HTTP/1.1" 200 966
186.103.159.44 - - [08/Mar/2016:10:01:02 -0300] "GET /cormun/servlet/solicitudot?INS,0,0, HTTP/1.1" 200 11282
186.103.157.42 - - [08/Mar/2016:10:01:52 -0300] "POST /cormun/servlet/solicitudot?gx-no-cache=1457442140066 HTTP/1.1" 200 1127
186.103.157.42 - - [08/Mar/2016:10:03:23 -0300] "GET /cormun/servlet/solicitudot?92190c7880b50c322ef930461251bfc95309569534982bf08a16b3bf2b73545fbe47b392223ff043163b4c29ad6e4ee847f8eb2620ca98e546c19a2938e18261d2207500bc921409e4a3982c115b72c73607d3f66602913c9d8bfba9c97cc9748a65c0d103bf2f52591a1ef18572739f632c9ee3b4a94c1b6a23c3e6381f4651d3be68e367fadf4958561f9a3340e421ffa1574026e35f256a3bb998e11b857acde7bade15195b56c5b4d07082c67724,gx-no-cache=1457442231341 HTTP/1.1" 200 30
186.103.157.42 - - [08/Mar/2016:10:04:07 -0300] "GET /cormun/servlet/solicitudot?92190c7880b50c322ef930461251bfc95309569534982bf08a16b3bf2b73545fbe47b392223ff043163b4c29ad6e4ee847f8eb2620ca98e546c19a2938e18261d2207500bc921409e4a3982c115b72c73607d3f66602913c9d8bfba9c97cc9748a65c0d103bf2f52591a1ef18572739f632c9ee3b4a94c1b6a23c3e6381f4651d3be68e367fadf4958561f9a3340e421ffa1574026e35f256a3bb998e11b857acde7bade15195b56c5b4d07082c67724,gx-no-cache=1457442275306 HTTP/1.1" 200 30
186.103.157.42 - - [08/Mar/2016:10:04:26 -0300] "POST /cormun/servlet/solicitudot?4e4e07a881f0a051a7466a7f30c0cf4c,INS,0,0,,gx-no-cache=1457442293953 HTTP/1.1" 200 93
186.103.157.42 - - [08/Mar/2016:10:04:26 -0300] "GET /cormun/servlet/hpexe_return? HTTP/1.1" 200 1008
186.103.157.42 - - [08/Mar/2016:10:04:26 -0300] "GET /cormun/static/gxcfg.js?2015111312145050 HTTP/1.1" 304 -
186.103.157.42 - - [08/Mar/2016:10:04:26 -0300] "GET /cormun/static/hpexe_return.js?2015111312145056 HTTP/1.1" 304 -
186.103.157.42 - - [08/Mar/2016:10:04:26 -0300] "GET /cormun/static/Resources/Spanish/PXTools.css?12112540 HTTP/1.1" 304 -
186.103.157.42 - - [08/Mar/2016:10:04:26 -0300] "GET /cormun/servlet/trsolicitudot HTTP/1.1" 200 7530
186.103.157.42 - - [08/Mar/2016:10:04:27 -0300] "GET /cormun/servlet/trsolicitudot HTTP/1.1" 200 7526
186.103.157.42 - - [08/Mar/2016:10:04:33 -0300] "POST /cormun/servlet/trsolicitudot?4e4e07a881f0a051a7466a7f30c0cf4c,gx-no-cache=1457442301368 HTTP/1.1" 200 4955
186.103.157.42 - - [08/Mar/2016:10:04:34 -0300] "POST /cormun/servlet/trsolicitudot?4e4e07a881f0a051a7466a7f30c0cf4c,gx-no-cache=1457442301530 HTTP/1.1" 200 4955
186.103.157.42 - - [08/Mar/2016:10:04:34 -0300] "POST /cormun/servlet/trsolicitudot?4e4e07a881f0a051a7466a7f30c0cf4c,gx-no-cache=1457442301674 HTTP/1.1" 200 4954
186.103.157.42 - - [08/Mar/2016:10:04:34 -0300] "POST /cormun/servlet/trsolicitudot?4e4e07a881f0a051a7466a7f30c0cf4c,gx-no-cache=1457442301814 HTTP/1.1" 200 4954
186.103.157.42 - - [08/Mar/2016:10:04:34 -0300] "POST /cormun/servlet/trsolicitudot?4e4e07a881f0a051a7466a7f30c0cf4c,gx-no-cache=1457442301987 HTTP/1.1" 200 4955
186.103.157.42 - - [08/Mar/2016:10:04:34 -0300] "POST /cormun/servlet/trsolicitudot?4e4e07a881f0a051a7466a7f30c0cf4c,gx-no-cache=1457442302131 HTTP/1.1" 200 4954
186.103.157.42 - - [08/Mar/2016:10:04:34 -0300] "POST /cormun/servlet/trsolicitudot?4e4e07a881f0a051a7466a7f30c0cf4c,gx-no-cache=1457442302288 HTTP/1.1" 200 4955
186.103.157.42 - - [08/Mar/2016:10:04:35 -0300] "POST /cormun/servlet/trsolicitudot?4e4e07a881f0a051a7466a7f30c0cf4c,gx-no-cache=1457442302576 HTTP/1.1" 200 3647
186.103.157.42 - - [08/Mar/2016:10:04:35 -0300] "GET /cormun/static/Shared/jqueryui/images/ui-bg_highlight-soft_100_c6c2c8_1x100.png HTTP/1.1" 404 1117
186.103.157.42 - - [08/Mar/2016:10:04:35 -0300] "GET /cormun/static/Shared/jqueryui/images/ui-icons_82798d_256x240.png HTTP/1.1" 404 1089
186.103.157.42 - - [08/Mar/2016:10:04:35 -0300] "GET /cormun/static/Shared/jqueryui/images/ui-bg_flat_55_fafafa_40x100.png HTTP/1.1" 404 1097
186.103.157.42 - - [08/Mar/2016:10:04:35 -0300] "GET /cormun/static/Shared/jqueryui/images/ui-icons_8d78a5_256x240.png HTTP/1.1" 404 1089
186.103.157.42 - - [08/Mar/2016:10:04:35 -0300] "POST /cormun/servlet/trsolicitudot?4e4e07a881f0a051a7466a7f30c0cf4c,gx-no-cache=1457442302773 HTTP/1.1" 200 3481
186.103.157.42 - - [08/Mar/2016:10:04:38 -0300] "GET /cormun/servlet/trautorizarsolicitud? HTTP/1.1" 200 7351
186.103.157.42 - - [08/Mar/2016:10:04:38 -0300] "GET /cormun/servlet/trautorizarsolicitud? HTTP/1.1" 200 7351
186.103.157.42 - - [08/Mar/2016:10:04:44 -0300] "POST /cormun/servlet/trautorizarsolicitud?4e4e07a881f0a051a7466a7f30c0cf4c,,gx-no-cache=1457442311435 HTTP/1.1" 200 4712
186.103.157.42 - - [08/Mar/2016:10:04:44 -0300] "POST /cormun/servlet/trautorizarsolicitud?4e4e07a881f0a051a7466a7f30c0cf4c,,gx-no-cache=1457442311609 HTTP/1.1" 200 4711
186.103.157.42 - - [08/Mar/2016:10:04:44 -0300] "POST /cormun/servlet/trautorizarsolicitud?4e4e07a881f0a051a7466a7f30c0cf4c,,gx-no-cache=1457442311739 HTTP/1.1" 200 4711
186.103.157.42 - - [08/Mar/2016:10:04:44 -0300] "POST /cormun/servlet/trautorizarsolicitud?4e4e07a881f0a051a7466a7f30c0cf4c,,gx-no-cache=1457442311910 HTTP/1.1" 200 4711
186.103.157.42 - - [08/Mar/2016:10:04:44 -0300] "POST /cormun/servlet/trautorizarsolicitud?4e4e07a881f0a051a7466a7f30c0cf4c,,gx-no-cache=1457442312059 HTTP/1.1" 200 4711
186.103.157.42 - - [08/Mar/2016:10:04:44 -0300] "POST /cormun/servlet/trautorizarsolicitud?4e4e07a881f0a051a7466a7f30c0cf4c,,gx-no-cache=1457442312215 HTTP/1.1" 200 4712
186.103.157.42 - - [08/Mar/2016:10:04:44 -0300] "POST /cormun/servlet/trautorizarsolicitud?4e4e07a881f0a051a7466a7f30c0cf4c,,gx-no-cache=1457442312354 HTTP/1.1" 200 4711
186.103.157.42 - - [08/Mar/2016:10:04:45 -0300] "POST /cormun/servlet/trautorizarsolicitud?4e4e07a881f0a051a7466a7f30c0cf4c,,gx-no-cache=1457442312504 HTTP/1.1" 200 3352
186.103.157.42 - - [08/Mar/2016:10:04:45 -0300] "POST /cormun/servlet/trautorizarsolicitud?4e4e07a881f0a051a7466a7f30c0cf4c,,gx-no-cache=1457442312666 HTTP/1.1" 200 3192
186.103.157.42 - - [08/Mar/2016:10:04:52 -0300] "GET /cormun/servlet/trvisualizadoreventos? HTTP/1.1" 200 5968
186.103.157.42 - - [08/Mar/2016:10:04:52 -0300] "GET /cormun/static/gxcfg.js?2016251828014 HTTP/1.1" 304 -
186.103.157.42 - - [08/Mar/2016:10:04:52 -0300] "GET /cormun/static/trvisualizadoreventos.js?2016251828276 HTTP/1.1" 304 -
186.103.157.42 - - [08/Mar/2016:10:04:52 -0300] "GET /cormun/static/Resources/Spanish/PXTools.css?17554516 HTTP/1.1" 304 -
186.103.157.42 - - [08/Mar/2016:10:04:53 -0300] "GET /cormun/servlet/trvisualizadoreventos? HTTP/1.1" 200 5968
186.103.159.44 - - [08/Mar/2016:10:04:54 -0300] "POST /cormun/servlet/solicitudot?gx-no-cache=1457442293001 HTTP/1.1" 200 2668
186.103.159.44 - - [08/Mar/2016:10:04:54 -0300] "POST /cormun/servlet/solicitudot?9e690ced84a19e592233b287554e1c63,INS,0,0,,gx-no-cache=1457442293240 HTTP/1.1" 200 7996
186.103.159.44 - - [08/Mar/2016:10:04:54 -0300] "GET /cormun/servlet/solicitudot?4d89dd848e95c3bc8d02b3840846f67d2212fa775f85b26d217d98de0fc63c7abe6dbad993c70dd105d8cb7254e709e6,gx-no-cache=1457442293688 HTTP/1.1" 200 111
186.103.159.44 - - [08/Mar/2016:10:04:54 -0300] "GET /cormun/static/Shared/jqueryui/images/ui-icons_ebccce_256x240.png HTTP/1.1" 404 1089
186.103.159.44 - - [08/Mar/2016:10:04:54 -0300] "GET /cormun/static/Shared/jqueryui/images/ui-bg_flat_55_994d53_40x100.png HTTP/1.1" 404 1097
186.103.159.44 - - [08/Mar/2016:10:04:54 -0300] "GET /cormun/static/Shared/jqueryui/images/ui-bg_highlight-soft_100_c6c2c8_1x100.png HTTP/1.1" 404 1117
186.103.159.44 - - [08/Mar/2016:10:04:54 -0300] "GET /cormun/static/Shared/jqueryui/images/ui-icons_82798d_256x240.png HTTP/1.1" 404 1089
186.103.157.42 - - [08/Mar/2016:10:04:55 -0300] "GET /cormun/static/menuarrow.gif HTTP/1.1" 404 1015
186.103.157.42 - - [08/Mar/2016:10:04:59 -0300] "GET /cormun/servlet/trvisualizadoreventos?c30de753138f83718d2ad6b5f7ca0de5ddfcb68f7110480a1da5d5536be1f4eb0be482826211050b0b595cc6686e5bfca9e0e89563391c1e650ddbea84ed4254339aceae80e96f6804189823171add2e88744b9131a992f268cd03d94909f4c3887ace5b1b38fa2d30f44e6f6db8bdf26562c7d0d7a53664ad77135e4dd2b1f25df134ab296c399b84bfab4999dea7e241e418e24b00e6473a19406fafbba24638863a9a9cf29204a06f807c19e7b133a8d94076478fdcf4f9355f7d6e5de467,gx-no-cache=1457442326824 HTTP/1.1" 200 570
186.103.157.42 - - [08/Mar/2016:10:05:02 -0300] "GET /cormun/servlet/trautorizarsolicitud? HTTP/1.1" 200 5987
186.103.157.42 - - [08/Mar/2016:10:05:03 -0300] "GET /cormun/servlet/trautorizarsolicitud? HTTP/1.1" 200 5987
186.103.159.44 - - [08/Mar/2016:10:05:05 -0300] "GET /cormun/servlet/solicitudot?4d89dd848e95c3bc8d02b3840846f67dbc6b3db6f41c5a26125f916dcdb7dcce44aedaa325442908237b086c1a29a152,gx-no-cache=1457442303981 HTTP/1.1" 200 30
186.103.157.42 - - [08/Mar/2016:10:05:13 -0300] "POST /cormun/servlet/trautorizarsolicitud?4e4e07a881f0a051a7466a7f30c0cf4c,,gx-no-cache=1457442341188 HTTP/1.1" 200 3225
186.103.157.42 - - [08/Mar/2016:10:05:13 -0300] "POST /cormun/servlet/trautorizarsolicitud?4e4e07a881f0a051a7466a7f30c0cf4c,,gx-no-cache=1457442341407 HTTP/1.1" 200 3225
186.103.157.42 - - [08/Mar/2016:10:05:14 -0300] "POST /cormun/servlet/trautorizarsolicitud?4e4e07a881f0a051a7466a7f30c0cf4c,,gx-no-cache=1457442341528 HTTP/1.1" 200 3225
186.103.157.42 - - [08/Mar/2016:10:05:14 -0300] "POST /cormun/servlet/trautorizarsolicitud?4e4e07a881f0a051a7466a7f30c0cf4c,,gx-no-cache=1457442341678 HTTP/1.1" 200 3225
186.103.157.42 - - [08/Mar/2016:10:05:16 -0300] "POST /cormun/servlet/trautorizarsolicitud?4e4e07a881f0a051a7466a7f30c0cf4c,,gx-no-cache=1457442344029 HTTP/1.1" 200 5729
186.103.157.42 - - [08/Mar/2016:10:05:16 -0300] "GET /cormun/servlet/trautorizarsolicitud?c30de753138f83718d2ad6b5f7ca0de54f7764175a4a3502f144efe8485e44a3f51d45d4941de10d1c8c4d1e72f2fc0de29d33281dd06363023182ccf71342405c3a29da4b40bbd6fbb4025050eb664ba5b8ede67d8d38b245f3cf5a4c989e68,gx-no-cache=1457442344441 HTTP/1.1" 200 3427
186.103.159.44 - - [08/Mar/2016:10:06:33 -0300] "POST /cormun/servlet/solicitudot?gx-no-cache=1457442392084 HTTP/1.1" 200 30
186.103.159.44 - - [08/Mar/2016:10:06:36 -0300] "POST /cormun/servlet/solicitudot?gx-no-cache=1457442395557 HTTP/1.1" 200 122
186.103.159.44 - - [08/Mar/2016:10:06:36 -0300] "GET /cormun/static/Shared/jqueryui/images/ui-icons_8d78a5_256x240.png HTTP/1.1" 404 1089
186.103.159.44 - - [08/Mar/2016:10:06:36 -0300] "GET /cormun/static/Shared/jqueryui/images/ui-bg_flat_55_fafafa_40x100.png HTTP/1.1" 404 1097
186.103.159.44 - - [08/Mar/2016:10:07:00 -0300] "POST /cormun/servlet/solicitudot?gx-no-cache=1457442417817 HTTP/1.1" 200 1168
186.103.159.44 - - [08/Mar/2016:10:07:00 -0300] "GET /cormun/static/menuarrow.gif HTTP/1.1" 404 1015
186.103.159.44 - - [08/Mar/2016:10:08:14 -0300] "GET /cormun/servlet/solicitudot?4d89dd848e95c3bc8d02b3840846f67db50d63e25950b2b3853c47c8f906296e5d34f1a385acff69d3191a189c513f8a22bf38870c1aacc066e6932dc3f1e4ca0419b696506426c34ca2920886483aa1aa43deda3adc0828ed10ce8133cd3246dec5c51c0114cf13b952bfd85f740f02e7400f90e0497aff90e3b10ba8f5ea31cf7b14561403e96d67d24f1faeafb26bab128fee0fd4ed12b313f2d4ad35ebbf,gx-no-cache=1457442493866 HTTP/1.1" 200 38
186.103.159.44 - - [08/Mar/2016:10:08:53 -0300] "GET /cormun/servlet/solicitudot?4d89dd848e95c3bc8d02b3840846f67df18f43b461b400fb31c50ad07c06dfc9bff9ab53c24f97d939bee2919bf0ecddc29c384f05471784568495ddf0a57369d281762f2844f19907dbf49bd6b6abaf6b2f6b2a110c128ed2a56b9f7a97bb183cfd8e2800a08b28d00127dbc8496f6a,gx-no-cache=1457442531988 HTTP/1.1" 200 29
186.103.159.44 - - [08/Mar/2016:10:08:53 -0300] "POST /cormun/servlet/solicitudot?gx-no-cache=1457442532042 HTTP/1.1" 200 1127
192.168.10.89 - - [08/Mar/2016:10:10:19 -0300] "GET /cormun/servlet/hhome HTTP/1.1" 200 3222
192.168.10.89 - - [08/Mar/2016:10:10:19 -0300] "GET /cormun/servlet/hlogin HTTP/1.1" 200 1727
186.103.159.44 - - [08/Mar/2016:10:10:50 -0300] "GET /cormun/servlet/solicitudot?4d89dd848e95c3bc8d02b3840846f67dc4901873c3fe4cad3067719253b39b737e3a850b66249412ee67508a0eea07811d9995910762d1331f661ab158490413116b7ad647739ca78ea7aa406705e52452af2136f01c31dd8524de9dc819e9791981ffcc520c8205500d91f7750a4d123457dd18b449d61219ec483ab0dbd403f28a06d770729b746f5903e98976093f09f6bce34c1c13a6ada5d45bdecafb3c8b37ef5f002b64c79be6d71e322ac8e2d96e98a1e984d5262996a2d38de04c8a,gx-no-cache=1457442649114 HTTP/1.1" 200 30
186.103.159.44 - - [08/Mar/2016:10:10:59 -0300] "POST /cormun/servlet/solicitudot?9e690ced84a19e592233b287554e1c63,INS,0,0,,gx-no-cache=1457442658514 HTTP/1.1" 200 93
186.103.159.44 - - [08/Mar/2016:10:10:59 -0300] "GET /cormun/servlet/hpexe_return? HTTP/1.1" 200 1010
186.103.159.44 - - [08/Mar/2016:10:11:00 -0300] "GET /cormun/servlet/hhome HTTP/1.1" 200 3445
186.103.159.44 - - [08/Mar/2016:10:11:12 -0300] "GET /cormun/servlet/trsolicitudot? HTTP/1.1" 200 7546
192.168.10.89 - - [08/Mar/2016:10:11:35 -0300] "POST /cormun/servlet/hlogin?5390d84ec5c1202515774578c7c734e0,gx-no-cache=1457442446227 HTTP/1.1" 200 441
192.168.10.89 - - [08/Mar/2016:10:11:48 -0300] "POST /cormun/servlet/hlogin?5390d84ec5c1202515774578c7c734e0,gx-no-cache=1457442458503 HTTP/1.1" 200 442
192.168.10.89 - - [08/Mar/2016:10:11:52 -0300] "POST /cormun/servlet/hlogin?5390d84ec5c1202515774578c7c734e0,gx-no-cache=1457442462776 HTTP/1.1" 200 90
192.168.10.89 - - [08/Mar/2016:10:11:52 -0300] "GET /cormun/servlet/hpexe_link HTTP/1.1" 200 949
192.168.10.89 - - [08/Mar/2016:10:11:52 -0300] "GET /cormun/servlet/hhome HTTP/1.1" 200 3461
192.168.10.89 - - [08/Mar/2016:10:11:57 -0300] "GET /cormun/servlet/trsolicitudot? HTTP/1.1" 200 6222
192.168.10.89 - - [08/Mar/2016:10:12:00 -0300] "GET /cormun/static/menuarrow.gif HTTP/1.1" 404 1015
192.168.10.89 - - [08/Mar/2016:10:12:03 -0300] "POST /cormun/servlet/trsolicitudot?5390d84ec5c1202515774578c7c734e0,,gx-no-cache=1457442474268 HTTP/1.1" 200 4930
192.168.10.89 - - [08/Mar/2016:10:12:04 -0300] "POST /cormun/servlet/trsolicitudot?5390d84ec5c1202515774578c7c734e0,,gx-no-cache=1457442474561 HTTP/1.1" 200 4930
192.168.10.89 - - [08/Mar/2016:10:12:04 -0300] "POST /cormun/servlet/trsolicitudot?5390d84ec5c1202515774578c7c734e0,,gx-no-cache=1457442474889 HTTP/1.1" 200 4930
192.168.10.89 - - [08/Mar/2016:10:12:04 -0300] "POST /cormun/servlet/trsolicitudot?5390d84ec5c1202515774578c7c734e0,,gx-no-cache=1457442475241 HTTP/1.1" 200 4930
192.168.10.89 - - [08/Mar/2016:10:12:05 -0300] "POST /cormun/servlet/trsolicitudot?5390d84ec5c1202515774578c7c734e0,,gx-no-cache=1457442475620 HTTP/1.1" 200 4931
192.168.10.89 - - [08/Mar/2016:10:12:05 -0300] "POST /cormun/servlet/trsolicitudot?5390d84ec5c1202515774578c7c734e0,,gx-no-cache=1457442476043 HTTP/1.1" 200 4930
192.168.10.89 - - [08/Mar/2016:10:12:06 -0300] "POST /cormun/servlet/trsolicitudot?5390d84ec5c1202515774578c7c734e0,,gx-no-cache=1457442476525 HTTP/1.1" 200 4931
192.168.10.89 - - [08/Mar/2016:10:12:08 -0300] "POST /cormun/servlet/trsolicitudot?5390d84ec5c1202515774578c7c734e0,,gx-no-cache=1457442477040 HTTP/1.1" 200 4930
192.168.10.89 - - [08/Mar/2016:10:12:28 -0300] "GET /cormun/servlet/solicitudot?INS,0,0, HTTP/1.1" 200 11472
192.168.10.89 - - [08/Mar/2016:10:12:34 -0300] "POST /cormun/servlet/solicitudot?gx-no-cache=1457442505156 HTTP/1.1" 200 2668
192.168.10.89 - - [08/Mar/2016:10:12:34 -0300] "POST /cormun/servlet/solicitudot?5390d84ec5c1202515774578c7c734e0,INS,0,0,,gx-no-cache=1457442505295 HTTP/1.1" 200 8286
192.168.10.89 - - [08/Mar/2016:10:12:35 -0300] "GET /cormun/servlet/solicitudot?b89f4ad78ad1c1a0e03dfaacddb4f07d26a1e0bc08701b512ed3713a509915e3c1662292f95aab457b8fc9bdf175e911,gx-no-cache=1457442506145 HTTP/1.1" 200 30
186.78.49.6 - - [08/Mar/2016:10:12:43 -0300] "GET /cormun/servlet/hlogin HTTP/1.1" 200 1719
186.78.49.6 - - [08/Mar/2016:10:12:43 -0300] "GET /cormun/static/Resources/Spanish/PXTools.css?005343 HTTP/1.1" 304 -
186.78.49.6 - - [08/Mar/2016:10:12:43 -0300] "GET /cormun/static/gxcfg.js?20151120045111 HTTP/1.1" 304 -
186.78.49.6 - - [08/Mar/2016:10:12:43 -0300] "GET /cormun/static/messages.spa.js?85251 HTTP/1.1" 304 -
186.78.49.6 - - [08/Mar/2016:10:12:43 -0300] "GET /cormun/static/hlogin.js?20151120045126 HTTP/1.1" 304 -
186.103.159.44 - - [08/Mar/2016:10:13:07 -0300] "POST /cormun/servlet/trsolicitudot?9e690ced84a19e592233b287554e1c63,,gx-no-cache=1457442786186 HTTP/1.1" 200 4943
186.103.159.44 - - [08/Mar/2016:10:13:07 -0300] "POST /cormun/servlet/trsolicitudot?9e690ced84a19e592233b287554e1c63,,gx-no-cache=1457442786648 HTTP/1.1" 200 4943
186.103.159.44 - - [08/Mar/2016:10:13:08 -0300] "POST /cormun/servlet/trsolicitudot?9e690ced84a19e592233b287554e1c63,,gx-no-cache=1457442787189 HTTP/1.1" 200 4943
186.103.159.44 - - [08/Mar/2016:10:13:08 -0300] "POST /cormun/servlet/trsolicitudot?9e690ced84a19e592233b287554e1c63,,gx-no-cache=1457442787692 HTTP/1.1" 200 4942
186.103.159.44 - - [08/Mar/2016:10:13:09 -0300] "POST /cormun/servlet/trsolicitudot?9e690ced84a19e592233b287554e1c63,,gx-no-cache=1457442788290 HTTP/1.1" 200 4944
186.103.159.44 - - [08/Mar/2016:10:13:10 -0300] "POST /cormun/servlet/trsolicitudot?9e690ced84a19e592233b287554e1c63,,gx-no-cache=1457442788916 HTTP/1.1" 200 4942
186.103.159.44 - - [08/Mar/2016:10:13:10 -0300] "POST /cormun/servlet/trsolicitudot?9e690ced84a19e592233b287554e1c63,,gx-no-cache=1457442789644 HTTP/1.1" 200 4944
186.103.159.44 - - [08/Mar/2016:10:13:15 -0300] "POST /cormun/servlet/trsolicitudot?9e690ced84a19e592233b287554e1c63,,gx-no-cache=1457442790472 HTTP/1.1" 200 105
186.103.159.44 - - [08/Mar/2016:10:13:16 -0300] "GET /cormun/servlet/trsolicitudadjuntos?2016,727, HTTP/1.1" 200 5385
186.103.159.44 - - [08/Mar/2016:10:13:25 -0300] "GET /cormun/servlet/solicitudotadjuntos?INS,2016,727,,1, HTTP/1.1" 200 5474
186.103.159.44 - - [08/Mar/2016:10:13:25 -0300] "HEAD /cormun/static/about:blank HTTP/1.1" 404 -
186.103.159.44 - - [08/Mar/2016:10:13:27 -0300] "GET /cormun/servlet/solicitudotadjuntos?4d89dd848e95c3bc8d02b3840846f67dd55289f76fce07949ac3040304037efc5464824c701cb8e6059ad1012546d1fc,gx-no-cache=1457442806087 HTTP/1.1" 200 30
186.103.159.44 - - [08/Mar/2016:10:13:27 -0300] "POST /cormun/servlet/solicitudotadjuntos?9e690ced84a19e592233b287554e1c63,INS,2016,727,,1,,gx-no-cache=1457442806677 HTTP/1.1" 200 3329
186.103.159.44 - - [08/Mar/2016:10:13:30 -0300] "POST /cormun/servlet/solicitudotadjuntos?gx-no-cache=1457442809621 HTTP/1.1" 200 26
186.78.49.6 - - [08/Mar/2016:10:13:46 -0300] "POST /cormun/servlet/hlogin?3a7bd874e16bbfce98159dd5bb3ab5b1,gx-no-cache=1457442854918 HTTP/1.1" 200 90
186.78.49.6 - - [08/Mar/2016:10:13:46 -0300] "GET /cormun/servlet/hpexe_link HTTP/1.1" 200 949
186.78.49.6 - - [08/Mar/2016:10:13:46 -0300] "GET /cormun/static/gxcfg.js?20151120044395 HTTP/1.1" 304 -
186.78.49.6 - - [08/Mar/2016:10:13:46 -0300] "GET /cormun/static/hpexe_link.js?20151120044398 HTTP/1.1" 304 -
186.78.49.6 - - [08/Mar/2016:10:13:46 -0300] "GET /cormun/servlet/hhome HTTP/1.1" 200 3461
186.78.49.6 - - [08/Mar/2016:10:13:47 -0300] "GET /cormun/static/Resources/Spanish/PXTools.css?10515224 HTTP/1.1" 304 -
186.78.49.6 - - [08/Mar/2016:10:13:47 -0300] "GET /cormun/static/gxcfg.js?2015112210564248 HTTP/1.1" 304 -
186.78.49.6 - - [08/Mar/2016:10:13:47 -0300] "GET /cormun/static/hhome.js?2015112210564255 HTTP/1.1" 304 -
186.78.49.6 - - [08/Mar/2016:10:13:47 -0300] "GET /cormun/static/hwchdr01.js?20162241650484 HTTP/1.1" 304 -
186.78.49.6 - - [08/Mar/2016:10:13:47 -0300] "GET /cormun/static/hpexe_recentlink.js?2015111312121342 HTTP/1.1" 304 -
186.78.49.6 - - [08/Mar/2016:10:13:47 -0300] "GET /cormun/static/hpexe_scripts.js?20151120014546 HTTP/1.1" 304 -
186.78.49.6 - - [08/Mar/2016:10:13:47 -0300] "GET /cormun/static/hpexe_messagecontroller.js?2015112210524422 HTTP/1.1" 304 -
186.78.49.6 - - [08/Mar/2016:10:13:47 -0300] "GET /cormun/static/hpexe_messagepopupcomponent.js?20163219454551 HTTP/1.1" 304 -
186.78.49.6 - - [08/Mar/2016:10:13:47 -0300] "GET /cormun/static/hpexe_messagegenexuscomponent.js?20151120014314 HTTP/1.1" 304 -
186.78.49.6 - - [08/Mar/2016:10:13:47 -0300] "GET /cormun/static/cmcontrolpreferences.js?20151120014525 HTTP/1.1" 304 -
186.78.49.6 - - [08/Mar/2016:10:13:47 -0300] "GET /cormun/static/hmpwkw03.js?2016311993330 HTTP/1.1" 304 -
186.78.49.6 - - [08/Mar/2016:10:13:49 -0300] "GET /cormun/servlet/hhome HTTP/1.1" 200 3458
192.168.10.89 - - [08/Mar/2016:10:13:50 -0300] "POST /cormun/servlet/solicitudot?gx-no-cache=1457442580487 HTTP/1.1" 200 30
192.168.10.89 - - [08/Mar/2016:10:13:52 -0300] "POST /cormun/servlet/solicitudot?gx-no-cache=1457442582937 HTTP/1.1" 200 30
186.78.49.6 - - [08/Mar/2016:10:13:53 -0300] "GET /cormun/servlet/trsolicitudot? HTTP/1.1" 200 6223
186.78.49.6 - - [08/Mar/2016:10:13:53 -0300] "GET /cormun/static/Resources/Spanish/PXTools.css?18502099 HTTP/1.1" 304 -
186.78.49.6 - - [08/Mar/2016:10:13:53 -0300] "GET /cormun/static/gxcfg.js?201631185636 HTTP/1.1" 304 -
186.78.49.6 - - [08/Mar/2016:10:13:53 -0300] "GET /cormun/static/trsolicitudot.js?2016311856838 HTTP/1.1" 304 -
192.168.10.89 - - [08/Mar/2016:10:13:55 -0300] "POST /cormun/servlet/solicitudot?gx-no-cache=1457442585526 HTTP/1.1" 200 452
192.168.10.89 - - [08/Mar/2016:10:13:55 -0300] "GET /cormun/servlet/solicitudot?b89f4ad78ad1c1a0e03dfaacddb4f07dad99ca98047f8557b2c353e05d3a00fa7e0306119896a302855ff5e78d6931d8ef613a097f8ebf13f64acb8e507d6720cc031ec92284ab5e7f7b9bbffbae56a70f03c4fde5257e25759ff29e2c2c55657602ef38cccc126de624a10abb01a2afd6bec01c0a6d7d15468a8ff57d36f168a19a4026faa82d484bfed17091ab5720,gx-no-cache=1457442585558 HTTP/1.1" 200 38
186.78.49.6 - - [08/Mar/2016:10:13:55 -0300] "GET /cormun/servlet/trsolicitudot? HTTP/1.1" 200 6223
186.103.159.44 - - [08/Mar/2016:10:13:59 -0300] "GET /cormun/servlet/solicitudotadjuntos?4d89dd848e95c3bc8d02b3840846f67ddefca8a475c724894f92553427f73261,gx-no-cache=1457442838899 HTTP/1.1" 200 30
186.103.159.44 - - [08/Mar/2016:10:14:00 -0300] "GET /cormun/servlet/solicitudotadjuntos?4d89dd848e95c3bc8d02b3840846f67ddefca8a475c724894f92553427f73261,gx-no-cache=1457442838937 HTTP/1.1" 200 30
186.103.159.44 - - [08/Mar/2016:10:14:00 -0300] "POST /cormun/servlet/solicitudotadjuntos?9e690ced84a19e592233b287554e1c63,INS,2016,727,,1, HTTP/1.1" 200 116
186.103.159.44 - - [08/Mar/2016:10:14:00 -0300] "GET /cormun/servlet/hpexe_return? HTTP/1.1" 200 1028
186.103.159.44 - - [08/Mar/2016:10:14:00 -0300] "GET /cormun/servlet/trsolicitudadjuntos?2016,727, HTTP/1.1" 200 7298
186.103.159.44 - - [08/Mar/2016:10:14:04 -0300] "GET /cormun/servlet/solicitudotadjuntos?INS,2016,727,,1, HTTP/1.1" 200 5474
186.103.159.44 - - [08/Mar/2016:10:14:04 -0300] "HEAD /cormun/static/about:blank HTTP/1.1" 404 -
186.103.159.44 - - [08/Mar/2016:10:14:05 -0300] "GET /cormun/servlet/solicitudotadjuntos?4d89dd848e95c3bc8d02b3840846f67dd55289f76fce07949ac3040304037efc5464824c701cb8e6059ad1012546d1fc,gx-no-cache=1457442844912 HTTP/1.1" 200 30
186.103.159.44 - - [08/Mar/2016:10:14:06 -0300] "POST /cormun/servlet/solicitudotadjuntos?9e690ced84a19e592233b287554e1c63,INS,2016,727,,1,,gx-no-cache=1457442844953 HTTP/1.1" 200 3329
186.103.159.44 - - [08/Mar/2016:10:14:07 -0300] "POST /cormun/servlet/solicitudotadjuntos?gx-no-cache=1457442846883 HTTP/1.1" 200 26
186.103.159.44 - - [08/Mar/2016:10:14:17 -0300] "GET /cormun/servlet/solicitudotadjuntos?4d89dd848e95c3bc8d02b3840846f67ddefca8a475c724894f92553427f73261,gx-no-cache=1457442856476 HTTP/1.1" 200 30
186.103.159.44 - - [08/Mar/2016:10:14:17 -0300] "GET /cormun/servlet/solicitudotadjuntos?4d89dd848e95c3bc8d02b3840846f67ddefca8a475c724894f92553427f73261,gx-no-cache=1457442856512 HTTP/1.1" 200 30
186.103.159.44 - - [08/Mar/2016:10:14:17 -0300] "POST /cormun/servlet/solicitudotadjuntos?9e690ced84a19e592233b287554e1c63,INS,2016,727,,1, HTTP/1.1" 200 116
186.103.159.44 - - [08/Mar/2016:10:14:17 -0300] "GET /cormun/servlet/hpexe_return? HTTP/1.1" 200 1028
186.103.159.44 - - [08/Mar/2016:10:14:18 -0300] "GET /cormun/servlet/trsolicitudadjuntos?2016,727, HTTP/1.1" 200 7474
186.103.159.44 - - [08/Mar/2016:10:14:23 -0300] "GET /cormun/servlet/solicitudotadjuntos?INS,2016,727,,1, HTTP/1.1" 200 5473
186.103.159.44 - - [08/Mar/2016:10:14:24 -0300] "HEAD /cormun/static/about:blank HTTP/1.1" 404 -
186.103.159.44 - - [08/Mar/2016:10:14:25 -0300] "GET /cormun/servlet/solicitudotadjuntos?4d89dd848e95c3bc8d02b3840846f67dd55289f76fce07949ac3040304037efc5464824c701cb8e6059ad1012546d1fc,gx-no-cache=1457442864315 HTTP/1.1" 200 30
186.103.159.44 - - [08/Mar/2016:10:14:25 -0300] "POST /cormun/servlet/solicitudotadjuntos?9e690ced84a19e592233b287554e1c63,INS,2016,727,,1,,gx-no-cache=1457442864353 HTTP/1.1" 200 3329
186.103.159.44 - - [08/Mar/2016:10:14:28 -0300] "POST /cormun/servlet/solicitudotadjuntos?gx-no-cache=1457442867101 HTTP/1.1" 200 26
186.78.49.6 - - [08/Mar/2016:10:14:33 -0300] "GET /cormun/servlet/trsolicitudot? HTTP/1.1" 200 6223
192.168.10.89 - - [08/Mar/2016:10:14:35 -0300] "GET /cormun/servlet/solicitudot?b89f4ad78ad1c1a0e03dfaacddb4f07d303a88496d3f4c585c86dd917d057c39732a754fada5a626f97105b0f4554366004191f1ada8d11feb7f2bc2753fa2eca57925172875a0ecb97bae840881e0db32773c68de6413bf0388b053dd98758eddfb5cf4093231e922b6d32a633bd094,gx-no-cache=1457442626208 HTTP/1.1" 200 29
186.78.49.6 - - [08/Mar/2016:10:14:35 -0300] "GET /cormun/servlet/trsolicitudot? HTTP/1.1" 200 6223
186.103.159.44 - - [08/Mar/2016:10:14:37 -0300] "GET /cormun/servlet/solicitudotadjuntos?4d89dd848e95c3bc8d02b3840846f67ddefca8a475c724894f92553427f73261,gx-no-cache=1457442876030 HTTP/1.1" 200 30
186.103.159.44 - - [08/Mar/2016:10:14:37 -0300] "GET /cormun/servlet/solicitudotadjuntos?4d89dd848e95c3bc8d02b3840846f67ddefca8a475c724894f92553427f73261,gx-no-cache=1457442876085 HTTP/1.1" 200 30
192.168.10.89 - - [08/Mar/2016:10:14:37 -0300] "POST /cormun/servlet/solicitudot?gx-no-cache=1457442627783 HTTP/1.1" 200 1128
186.103.159.44 - - [08/Mar/2016:10:14:37 -0300] "POST /cormun/servlet/solicitudotadjuntos?9e690ced84a19e592233b287554e1c63,INS,2016,727,,1, HTTP/1.1" 200 116
186.103.159.44 - - [08/Mar/2016:10:14:37 -0300] "GET /cormun/servlet/hpexe_return? HTTP/1.1" 200 1028
186.103.159.44 - - [08/Mar/2016:10:14:38 -0300] "GET /cormun/servlet/trsolicitudadjuntos?2016,727, HTTP/1.1" 200 7625
186.78.49.6 - - [08/Mar/2016:10:14:38 -0300] "GET /cormun/servlet/solicitudot?INS,0,0, HTTP/1.1" 200 11480
186.78.49.6 - - [08/Mar/2016:10:14:39 -0300] "GET /cormun/static/Resources/Spanish/PXTools.css?1944839 HTTP/1.1" 304 -
186.78.49.6 - - [08/Mar/2016:10:14:39 -0300] "GET /cormun/static/gxcfg.js?20163219435133 HTTP/1.1" 304 -
186.78.49.6 - - [08/Mar/2016:10:14:39 -0300] "GET /cormun/static/solicitudot.js?20163219435183 HTTP/1.1" 304 -
186.78.49.6 - - [08/Mar/2016:10:14:41 -0300] "GET /cormun/servlet/solicitudot?INS,0,0, HTTP/1.1" 200 11485
186.103.159.44 - - [08/Mar/2016:10:14:43 -0300] "GET /cormun/servlet/solicitudotadjuntos?INS,2016,727,,1, HTTP/1.1" 200 5473
186.103.159.44 - - [08/Mar/2016:10:14:43 -0300] "HEAD /cormun/static/about:blank HTTP/1.1" 404 -
186.103.159.44 - - [08/Mar/2016:10:14:44 -0300] "GET /cormun/servlet/solicitudotadjuntos?4d89dd848e95c3bc8d02b3840846f67dd55289f76fce07949ac3040304037efc5464824c701cb8e6059ad1012546d1fc,gx-no-cache=1457442883483 HTTP/1.1" 200 30
186.103.159.44 - - [08/Mar/2016:10:14:44 -0300] "POST /cormun/servlet/solicitudotadjuntos?9e690ced84a19e592233b287554e1c63,INS,2016,727,,1,,gx-no-cache=1457442883548 HTTP/1.1" 200 3329
186.103.159.44 - - [08/Mar/2016:10:14:46 -0300] "POST /cormun/servlet/solicitudotadjuntos?gx-no-cache=1457442885812 HTTP/1.1" 200 26
192.168.10.89 - - [08/Mar/2016:10:14:52 -0300] "GET /cormun/servlet/solicitudot?b89f4ad78ad1c1a0e03dfaacddb4f07da1f2920ba42129c138d2c2a0b33d5d0de2fd7e6072fccd8fbca01f39b0635c8ced75139bf59a50bc62bd3f9cff476bb1173e984cbc6932f85b89f5137986d4cb3dbea13fa79a42e6018fdb8f95020334ae236abd43306ec6e3d8c8c65f540f8b0863d6a1e8e8b65f6301caf08c0de13091129c9c1f5f0380e37697d6d26221ac605da81fdac6ec8dd9929266360d43c289f339d78dd6e93c1915a427c93de7c7,gx-no-cache=1457442642861 HTTP/1.1" 200 30
192.168.10.89 - - [08/Mar/2016:10:14:57 -0300] "POST /cormun/servlet/solicitudot?5390d84ec5c1202515774578c7c734e0,INS,0,0,,gx-no-cache=1457442648025 HTTP/1.1" 200 93
192.168.10.89 - - [08/Mar/2016:10:14:57 -0300] "GET /cormun/servlet/hpexe_return? HTTP/1.1" 200 1005
192.168.10.89 - - [08/Mar/2016:10:14:58 -0300] "GET /cormun/servlet/trsolicitudot? HTTP/1.1" 200 7891
192.168.10.89 - - [08/Mar/2016:10:15:01 -0300] "POST /cormun/servlet/trsolicitudot?5390d84ec5c1202515774578c7c734e0,,gx-no-cache=1457442652034 HTTP/1.1" 200 5308
192.168.10.89 - - [08/Mar/2016:10:15:01 -0300] "POST /cormun/servlet/trsolicitudot?5390d84ec5c1202515774578c7c734e0,,gx-no-cache=1457442652354 HTTP/1.1" 200 5308
192.168.10.89 - - [08/Mar/2016:10:15:02 -0300] "POST /cormun/servlet/trsolicitudot?5390d84ec5c1202515774578c7c734e0,,gx-no-cache=1457442652679 HTTP/1.1" 200 5308
192.168.10.89 - - [08/Mar/2016:10:15:02 -0300] "POST /cormun/servlet/trsolicitudot?5390d84ec5c1202515774578c7c734e0,,gx-no-cache=1457442653053 HTTP/1.1" 200 5307
192.168.10.89 - - [08/Mar/2016:10:15:03 -0300] "POST /cormun/servlet/trsolicitudot?5390d84ec5c1202515774578c7c734e0,,gx-no-cache=1457442653487 HTTP/1.1" 200 5308
192.168.10.89 - - [08/Mar/2016:10:15:03 -0300] "POST /cormun/servlet/trsolicitudot?5390d84ec5c1202515774578c7c734e0,,gx-no-cache=1457442653978 HTTP/1.1" 200 5308
192.168.10.89 - - [08/Mar/2016:10:15:04 -0300] "POST /cormun/servlet/trsolicitudot?5390d84ec5c1202515774578c7c734e0,,gx-no-cache=1457442654518 HTTP/1.1" 200 5307
186.103.159.44 - - [08/Mar/2016:10:15:06 -0300] "GET /cormun/servlet/solicitudotadjuntos?4d89dd848e95c3bc8d02b3840846f67ddefca8a475c724894f92553427f73261,gx-no-cache=1457442904941 HTTP/1.1" 200 30
186.103.159.44 - - [08/Mar/2016:10:15:06 -0300] "GET /cormun/servlet/solicitudotadjuntos?4d89dd848e95c3bc8d02b3840846f67ddefca8a475c724894f92553427f73261,gx-no-cache=1457442904974 HTTP/1.1" 200 30
186.103.159.44 - - [08/Mar/2016:10:15:06 -0300] "POST /cormun/servlet/solicitudotadjuntos?9e690ced84a19e592233b287554e1c63,INS,2016,727,,1, HTTP/1.1" 200 116
186.103.159.44 - - [08/Mar/2016:10:15:06 -0300] "GET /cormun/servlet/hpexe_return? HTTP/1.1" 200 1028
186.103.159.44 - - [08/Mar/2016:10:15:06 -0300] "GET /cormun/servlet/trsolicitudadjuntos?2016,727, HTTP/1.1" 200 7744
192.168.10.89 - - [08/Mar/2016:10:15:07 -0300] "POST /cormun/servlet/trsolicitudot?5390d84ec5c1202515774578c7c734e0,,gx-no-cache=1457442655105 HTTP/1.1" 200 105
192.168.10.89 - - [08/Mar/2016:10:15:07 -0300] "GET /cormun/servlet/solicitudot?UPD,2016,728, HTTP/1.1" 200 12701
192.168.10.89 - - [08/Mar/2016:10:15:08 -0300] "POST /cormun/servlet/solicitudot?gx-no-cache=1457442659045 HTTP/1.1" 200 2747
186.78.49.6 - - [08/Mar/2016:10:15:08 -0300] "GET /cormun/servlet/prfichaempleado?,MD,,gxPopupLevel%3D0%3B HTTP/1.1" 200 7912
192.168.10.89 - - [08/Mar/2016:10:15:08 -0300] "POST /cormun/servlet/solicitudot?5390d84ec5c1202515774578c7c734e0,UPD,2016,728,,gx-no-cache=1457442659216 HTTP/1.1" 200 9058
186.78.49.6 - - [08/Mar/2016:10:15:08 -0300] "GET /cormun/static/Resources/Spanish/PXTools.css?16184758 HTTP/1.1" 304 -
186.78.49.6 - - [08/Mar/2016:10:15:08 -0300] "GET /cormun/static/scaMessage/css/jquery-ui.css?104140 HTTP/1.1" 404 1045
186.78.49.6 - - [08/Mar/2016:10:15:08 -0300] "GET /cormun/static/gxcfg.js?201511151625694 HTTP/1.1" 304 -
186.78.49.6 - - [08/Mar/2016:10:15:08 -0300] "GET /cormun/static/prfichaempleado.js?201511151625857 HTTP/1.1" 304 -
192.168.10.89 - - [08/Mar/2016:10:15:09 -0300] "GET /cormun/servlet/solicitudot?b89f4ad78ad1c1a0e03dfaacddb4f07d26a1e0bc08701b512ed3713a509915e3d0f2df583abfb3ea5ce6504028e4736e,gx-no-cache=1457442659432 HTTP/1.1" 200 30
186.78.49.6 - - [08/Mar/2016:10:15:09 -0300] "GET /cormun/static/menusearch.js?20163219454787 HTTP/1.1" 304 -
186.78.49.6 - - [08/Mar/2016:10:15:09 -0300] "GET /cormun/static/hmpwkw01.js?201511211495945 HTTP/1.1" 304 -
192.168.10.89 - - [08/Mar/2016:10:15:09 -0300] "POST /cormun/servlet/solicitudot?gx-no-cache=1457442659503 HTTP/1.1" 200 30
192.168.10.89 - - [08/Mar/2016:10:15:09 -0300] "POST /cormun/servlet/solicitudot?gx-no-cache=1457442659521 HTTP/1.1" 200 30
192.168.10.89 - - [08/Mar/2016:10:15:09 -0300] "POST /cormun/servlet/solicitudot?gx-no-cache=1457442659558 HTTP/1.1" 200 1166
192.168.10.89 - - [08/Mar/2016:10:15:09 -0300] "GET /cormun/servlet/solicitudot?b89f4ad78ad1c1a0e03dfaacddb4f07dad99ca98047f8557b2c353e05d3a00fa7e0306119896a302855ff5e78d6931d8ef613a097f8ebf13f64acb8e507d6720cc031ec92284ab5e7f7b9bbffbae56a70f03c4fde5257e25759ff29e2c2c55657602ef38cccc126de624a10abb01a2afd6bec01c0a6d7d15468a8ff57d36f168eae2f4a017c9283fe760da3346430c1ae3c6d933e71cc8aae774a0add6e0ceb1,gx-no-cache=1457442659590 HTTP/1.1" 200 41
192.168.10.89 - - [08/Mar/2016:10:15:12 -0300] "GET /cormun/servlet/solicitudot?b89f4ad78ad1c1a0e03dfaacddb4f07dbe483a532cfe162e6004c123b9e1fafa1c346336a8b7c295447c52a2138665437730ed541b7bb2ecc7a24c40d0670808e36ff572bfb3fee3ebfddc5b9466218bda7291624ee6513e228a10e4adae1fa35abf666aa4f7809b8581e3aa6fff02cac43c74f2f7a4a9ff8c00ad0ad6e3f53e0b9b3304ea49ecbee5258b29e5a167682139f3cf9edb4e56beda72235fab65c8,gx-no-cache=1457442662706 HTTP/1.1" 200 30
186.103.159.44 - - [08/Mar/2016:10:15:14 -0300] "GET /cormun/servlet/solicitudotadjuntos?INS,2016,727,,1, HTTP/1.1" 200 5473
192.168.10.89 - - [08/Mar/2016:10:15:15 -0300] "POST /cormun/servlet/solicitudot?gx-no-cache=1457442665435 HTTP/1.1" 200 1128
192.168.10.89 - - [08/Mar/2016:10:15:15 -0300] "GET /cormun/servlet/solicitudot?b89f4ad78ad1c1a0e03dfaacddb4f07da1f2920ba42129c138d2c2a0b33d5d0de2fd7e6072fccd8fbca01f39b0635c8ced75139bf59a50bc62bd3f9cff476bb1173e984cbc6932f85b89f5137986d4cb3dbea13fa79a42e6018fdb8f95020334ae236abd43306ec6e3d8c8c65f540f8b0863d6a1e8e8b65f6301caf08c0de13091129c9c1f5f0380e37697d6d26221ac605da81fdac6ec8dd9929266360d43c289f339d78dd6e93c1915a427c93de7c7,gx-no-cache=1457442665486 HTTP/1.1" 200 30
186.103.159.44 - - [08/Mar/2016:10:15:15 -0300] "HEAD /cormun/static/about:blank HTTP/1.1" 404 -
192.168.10.89 - - [08/Mar/2016:10:15:15 -0300] "POST /cormun/servlet/solicitudot?5390d84ec5c1202515774578c7c734e0,UPD,2016,728,,gx-no-cache=1457442665514 HTTP/1.1" 200 93
192.168.10.89 - - [08/Mar/2016:10:15:15 -0300] "GET /cormun/servlet/hpexe_return? HTTP/1.1" 200 1011
192.168.10.89 - - [08/Mar/2016:10:15:15 -0300] "GET /cormun/servlet/trsolicitudot? HTTP/1.1" 200 7883
186.103.159.44 - - [08/Mar/2016:10:15:16 -0300] "GET /cormun/servlet/solicitudotadjuntos?4d89dd848e95c3bc8d02b3840846f67dd55289f76fce07949ac3040304037efc5464824c701cb8e6059ad1012546d1fc,gx-no-cache=1457442915295 HTTP/1.1" 200 30
186.103.159.44 - - [08/Mar/2016:10:15:16 -0300] "POST /cormun/servlet/solicitudotadjuntos?9e690ced84a19e592233b287554e1c63,INS,2016,727,,1,,gx-no-cache=1457442915333 HTTP/1.1" 200 3328
186.103.159.44 - - [08/Mar/2016:10:15:18 -0300] "POST /cormun/servlet/solicitudotadjuntos?gx-no-cache=1457442917611 HTTP/1.1" 200 26
186.103.159.44 - - [08/Mar/2016:10:15:25 -0300] "GET /cormun/servlet/solicitudotadjuntos?4d89dd848e95c3bc8d02b3840846f67ddefca8a475c724894f92553427f73261,gx-no-cache=1457442923919 HTTP/1.1" 200 30
186.103.159.44 - - [08/Mar/2016:10:15:25 -0300] "GET /cormun/servlet/solicitudotadjuntos?4d89dd848e95c3bc8d02b3840846f67ddefca8a475c724894f92553427f73261,gx-no-cache=1457442923986 HTTP/1.1" 200 30
186.103.159.44 - - [08/Mar/2016:10:15:25 -0300] "POST /cormun/servlet/solicitudotadjuntos?9e690ced84a19e592233b287554e1c63,INS,2016,727,,1, HTTP/1.1" 200 116
186.103.159.44 - - [08/Mar/2016:10:15:25 -0300] "GET /cormun/servlet/hpexe_return? HTTP/1.1" 200 1028
186.103.159.44 - - [08/Mar/2016:10:15:26 -0300] "GET /cormun/servlet/trsolicitudadjuntos?2016,727, HTTP/1.1" 200 7883
186.78.49.6 - - [08/Mar/2016:10:15:26 -0300] "GET /cormun/servlet/prfichaempleado?fcd28740da643c4c9a3d42826991c73f2c6c2cf1570603f5b1051ffeaa0b6a4f56014c761c5293021e523f99d30c42ce86ac9a7131410cdc9e958a46c7c12775450b5311815e8687bff05067252e57dc,gx-no-cache=1457442954733 HTTP/1.1" 200 464
186.103.159.44 - - [08/Mar/2016:10:15:29 -0300] "GET /cormun/servlet/solicitudotadjuntos?INS,2016,727,,1, HTTP/1.1" 200 5473
186.103.159.44 - - [08/Mar/2016:10:15:29 -0300] "HEAD /cormun/static/about:blank HTTP/1.1" 404 -
186.103.159.44 - - [08/Mar/2016:10:15:30 -0300] "GET /cormun/servlet/solicitudotadjuntos?4d89dd848e95c3bc8d02b3840846f67dd55289f76fce07949ac3040304037efc5464824c701cb8e6059ad1012546d1fc,gx-no-cache=1457442929777 HTTP/1.1" 200 30
186.103.159.44 - - [08/Mar/2016:10:15:30 -0300] "POST /cormun/servlet/solicitudotadjuntos?9e690ced84a19e592233b287554e1c63,INS,2016,727,,1,,gx-no-cache=1457442929813 HTTP/1.1" 200 3328
186.78.49.6 - - [08/Mar/2016:10:15:31 -0300] "GET /cormun/servlet/prfichaempleado?fcd28740da643c4c9a3d42826991c73f761eb94e52ee769a763b245441a2ae851fb6beab323c4e10b7058ba72746c3604b37728cb487c580f132a19059bd0f234eb01d60671cdd94524c923621bd849e,gx-no-cache=1457442960005 HTTP/1.1" 200 464
186.103.159.44 - - [08/Mar/2016:10:15:33 -0300] "POST /cormun/servlet/solicitudotadjuntos?gx-no-cache=1457442931970 HTTP/1.1" 200 26
186.78.49.6 - - [08/Mar/2016:10:15:33 -0300] "POST /cormun/servlet/prfichaempleado?3a7bd874e16bbfce98159dd5bb3ab5b1,,MD,,gxPopupLevel%3D0%3B,gx-no-cache=1457442962359 HTTP/1.1" 200 2876
186.103.159.44 - - [08/Mar/2016:10:15:38 -0300] "GET /cormun/servlet/solicitudotadjuntos?4d89dd848e95c3bc8d02b3840846f67ddefca8a475c724894f92553427f73261,gx-no-cache=1457442937315 HTTP/1.1" 200 30
186.103.159.44 - - [08/Mar/2016:10:15:38 -0300] "GET /cormun/servlet/solicitudotadjuntos?4d89dd848e95c3bc8d02b3840846f67ddefca8a475c724894f92553427f73261,gx-no-cache=1457442937355 HTTP/1.1" 200 30
186.103.159.44 - - [08/Mar/2016:10:15:38 -0300] "POST /cormun/servlet/solicitudotadjuntos?9e690ced84a19e592233b287554e1c63,INS,2016,727,,1, HTTP/1.1" 200 116
186.103.159.44 - - [08/Mar/2016:10:15:38 -0300] "GET /cormun/servlet/hpexe_return? HTTP/1.1" 200 1028
186.103.159.44 - - [08/Mar/2016:10:15:39 -0300] "GET /cormun/servlet/trsolicitudadjuntos?2016,727, HTTP/1.1" 200 7984
186.78.49.6 - - [08/Mar/2016:10:15:42 -0300] "POST /cormun/servlet/solicitudot?gx-no-cache=1457442971106 HTTP/1.1" 200 2779
186.103.159.44 - - [08/Mar/2016:10:15:42 -0300] "GET /cormun/servlet/solicitudotadjuntos?INS,2016,727,,2, HTTP/1.1" 200 5473
186.103.159.44 - - [08/Mar/2016:10:15:43 -0300] "HEAD /cormun/static/about:blank HTTP/1.1" 404 -
186.78.49.6 - - [08/Mar/2016:10:15:43 -0300] "POST /cormun/servlet/solicitudot?3a7bd874e16bbfce98159dd5bb3ab5b1,INS,0,0,,gx-no-cache=1457442971569 HTTP/1.1" 200 8412
186.103.159.44 - - [08/Mar/2016:10:15:44 -0300] "GET /cormun/servlet/solicitudotadjuntos?4d89dd848e95c3bc8d02b3840846f67dd55289f76fce07949ac3040304037efc5464824c701cb8e6059ad1012546d1fc,gx-no-cache=1457442943377 HTTP/1.1" 200 30
186.103.159.44 - - [08/Mar/2016:10:15:44 -0300] "POST /cormun/servlet/solicitudotadjuntos?9e690ced84a19e592233b287554e1c63,INS,2016,727,,2,,gx-no-cache=1457442943453 HTTP/1.1" 200 3541
186.103.159.44 - - [08/Mar/2016:10:15:48 -0300] "POST /cormun/servlet/solicitudotadjuntos?gx-no-cache=1457442947324 HTTP/1.1" 200 26
186.103.159.44 - - [08/Mar/2016:10:15:53 -0300] "GET /cormun/servlet/solicitudotadjuntos?4d89dd848e95c3bc8d02b3840846f67ddefca8a475c724894f92553427f73261,gx-no-cache=1457442952373 HTTP/1.1" 200 30
186.103.159.44 - - [08/Mar/2016:10:15:53 -0300] "GET /cormun/servlet/solicitudotadjuntos?4d89dd848e95c3bc8d02b3840846f67ddefca8a475c724894f92553427f73261,gx-no-cache=1457442952412 HTTP/1.1" 200 30
186.78.49.6 - - [08/Mar/2016:10:15:53 -0300] "GET /cormun/servlet/solicitudot?32dc1964ebbffffc0ca916e5f755dcb036db1230caec9523affe331b4949153921c01927d4f36928fafa55bb9e8f7c56,gx-no-cache=1457442982126 HTTP/1.1" 200 30
186.103.159.44 - - [08/Mar/2016:10:15:53 -0300] "POST /cormun/servlet/solicitudotadjuntos?9e690ced84a19e592233b287554e1c63,INS,2016,727,,2, HTTP/1.1" 200 116
186.103.159.44 - - [08/Mar/2016:10:15:53 -0300] "GET /cormun/servlet/hpexe_return? HTTP/1.1" 200 1028
186.78.49.6 - - [08/Mar/2016:10:15:53 -0300] "POST /cormun/servlet/solicitudot?gx-no-cache=1457442982271 HTTP/1.1" 200 30
186.103.159.44 - - [08/Mar/2016:10:15:54 -0300] "GET /cormun/servlet/trsolicitudadjuntos?2016,727, HTTP/1.1" 200 8236
192.168.10.89 - - [08/Mar/2016:10:15:56 -0300] "POST /cormun/servlet/trsolicitudot?5390d84ec5c1202515774578c7c734e0,,gx-no-cache=1457442706647 HTTP/1.1" 200 5299
192.168.10.89 - - [08/Mar/2016:10:15:56 -0300] "POST /cormun/servlet/trsolicitudot?5390d84ec5c1202515774578c7c734e0,,gx-no-cache=1457442706908 HTTP/1.1" 200 5299
192.168.10.89 - - [08/Mar/2016:10:15:56 -0300] "POST /cormun/servlet/trsolicitudot?5390d84ec5c1202515774578c7c734e0,,gx-no-cache=1457442707241 HTTP/1.1" 200 5298
192.168.10.89 - - [08/Mar/2016:10:15:57 -0300] "POST /cormun/servlet/trsolicitudot?5390d84ec5c1202515774578c7c734e0,,gx-no-cache=1457442707618 HTTP/1.1" 200 5298
192.168.10.89 - - [08/Mar/2016:10:15:57 -0300] "POST /cormun/servlet/trsolicitudot?5390d84ec5c1202515774578c7c734e0,,gx-no-cache=1457442708062 HTTP/1.1" 200 5299
192.168.10.89 - - [08/Mar/2016:10:15:58 -0300] "POST /cormun/servlet/trsolicitudot?5390d84ec5c1202515774578c7c734e0,,gx-no-cache=1457442708548 HTTP/1.1" 200 5300
186.103.159.44 - - [08/Mar/2016:10:15:58 -0300] "GET /cormun/servlet/hpexe_return? HTTP/1.1" 200 1025
192.168.10.89 - - [08/Mar/2016:10:15:58 -0300] "POST /cormun/servlet/trsolicitudot?5390d84ec5c1202515774578c7c734e0,,gx-no-cache=1457442709086 HTTP/1.1" 200 5299
186.103.159.44 - - [08/Mar/2016:10:15:58 -0300] "GET /cormun/servlet/trsolicitudot? HTTP/1.1" 200 7549
192.168.10.89 - - [08/Mar/2016:10:16:01 -0300] "POST /cormun/servlet/trsolicitudot?5390d84ec5c1202515774578c7c734e0,,gx-no-cache=1457442709705 HTTP/1.1" 200 106
192.168.10.89 - - [08/Mar/2016:10:16:02 -0300] "GET /cormun/servlet/trsolicitudadjuntos?2016,728, HTTP/1.1" 200 5400
192.168.10.89 - - [08/Mar/2016:10:16:02 -0300] "GET /cormun/static/Resources/Spanish/PXTools.css?171692 HTTP/1.1" 304 -
192.168.10.89 - - [08/Mar/2016:10:16:02 -0300] "GET /cormun/static/gxcfg.js?2016311731090 HTTP/1.1" 304 -
192.168.10.89 - - [08/Mar/2016:10:16:02 -0300] "GET /cormun/static/trsolicitudadjuntos.js?2016311731342 HTTP/1.1" 304 -
186.78.49.6 - - [08/Mar/2016:10:16:02 -0300] "POST /cormun/servlet/solicitudot?gx-no-cache=1457442991309 HTTP/1.1" 200 33
186.78.49.6 - - [08/Mar/2016:10:16:02 -0300] "POST /cormun/servlet/solicitudot?gx-no-cache=1457442991427 HTTP/1.1" 200 1171
186.78.49.6 - - [08/Mar/2016:10:16:03 -0300] "GET /cormun/servlet/solicitudot?32dc1964ebbffffc0ca916e5f755dcb0bf86f16449ed38b2b9c601def5d0fc6fef2ebad7a25f16f9a2e9a318a898045db69033460eda5fc8b1c9302cccbadc70caf52e311d3ccc4e52d47d4f51849e895c82391b4145e552ad0ad8086dce8dd15b276941fe72994a4c0ab0fbf2e20179906589c492cde7110a1e10304a6b5c750a7a9f89385d533a2e1dd315f7778383,gx-no-cache=1457442991591 HTTP/1.1" 200 38
192.168.10.89 - - [08/Mar/2016:10:16:14 -0300] "GET /cormun/servlet/solicitudotadjuntos?INS,2016,728,,1, HTTP/1.1" 200 5488
192.168.10.89 - - [08/Mar/2016:10:16:14 -0300] "GET /cormun/static/gxcfg.js?2016311984045 HTTP/1.1" 304 -
192.168.10.89 - - [08/Mar/2016:10:16:14 -0300] "GET /cormun/static/solicitudotadjuntos.js?2016311984068 HTTP/1.1" 304 -
192.168.10.89 - - [08/Mar/2016:10:16:14 -0300] "HEAD /cormun/static/about:blank HTTP/1.1" 404 -
192.168.10.89 - - [08/Mar/2016:10:16:15 -0300] "GET /cormun/servlet/solicitudotadjuntos?b89f4ad78ad1c1a0e03dfaacddb4f07d9bec22dc11ddc44a6770811fb5df2ecfe3c6d933e71cc8aae774a0add6e0ceb1,gx-no-cache=1457442725602 HTTP/1.1" 200 30
192.168.10.89 - - [08/Mar/2016:10:16:15 -0300] "POST /cormun/servlet/solicitudotadjuntos?5390d84ec5c1202515774578c7c734e0,INS,2016,728,,1,,gx-no-cache=1457442725629 HTTP/1.1" 200 3371
192.168.10.89 - - [08/Mar/2016:10:16:20 -0300] "POST /cormun/servlet/solicitudotadjuntos?gx-no-cache=1457442731159 HTTP/1.1" 200 26
186.103.159.44 - - [08/Mar/2016:10:16:27 -0300] "POST /cormun/servlet/trsolicitudot?9e690ced84a19e592233b287554e1c63,,gx-no-cache=1457442985905 HTTP/1.1" 200 4948
186.103.159.44 - - [08/Mar/2016:10:16:27 -0300] "POST /cormun/servlet/trsolicitudot?9e690ced84a19e592233b287554e1c63,,gx-no-cache=1457442986276 HTTP/1.1" 200 4947
186.103.159.44 - - [08/Mar/2016:10:16:27 -0300] "POST /cormun/servlet/trsolicitudot?9e690ced84a19e592233b287554e1c63,,gx-no-cache=1457442986738 HTTP/1.1" 200 4947
186.103.159.44 - - [08/Mar/2016:10:16:28 -0300] "POST /cormun/servlet/trsolicitudot?9e690ced84a19e592233b287554e1c63,,gx-no-cache=1457442987217 HTTP/1.1" 200 4947
186.103.159.44 - - [08/Mar/2016:10:16:28 -0300] "POST /cormun/servlet/trsolicitudot?9e690ced84a19e592233b287554e1c63,,gx-no-cache=1457442987805 HTTP/1.1" 200 4947
