186.103.159.44 - - [08/Mar/2016:09:17:33 -0300] "GET /cormun/servlet/trsolicitudadjuntos?2016,718, HTTP/1.1" 200 7892
186.103.159.44 - - [08/Mar/2016:09:17:46 -0300] "GET /cormun/servlet/solicitudotadjuntos?INS,2016,718,,1, HTTP/1.1" 200 5466
186.103.159.44 - - [08/Mar/2016:09:17:46 -0300] "HEAD /cormun/static/about:blank HTTP/1.1" 404 -
186.103.159.44 - - [08/Mar/2016:09:17:47 -0300] "GET /cormun/servlet/solicitudotadjuntos?672cacd0767d5b309f8838dd7f5a950def4e95900ccad74d925143c6bd5fc4315641e067243d208ceaf755f0d6e94092,gx-no-cache=1457439466584 HTTP/1.1" 200 30
186.103.159.44 - - [08/Mar/2016:09:17:48 -0300] "POST /cormun/servlet/solicitudotadjuntos?0db7ee3fa9095855809c6c1a519e56c1,INS,2016,718,,1,,gx-no-cache=1457439466637 HTTP/1.1" 200 3353
186.103.159.44 - - [08/Mar/2016:09:17:50 -0300] "POST /cormun/servlet/solicitudotadjuntos?gx-no-cache=1457439469891 HTTP/1.1" 200 26
186.103.159.44 - - [08/Mar/2016:09:17:56 -0300] "GET /cormun/servlet/solicitudotadjuntos?672cacd0767d5b309f8838dd7f5a950d60e7d129099be96ee16f0111b4c5433f,gx-no-cache=1457439475572 HTTP/1.1" 200 30
186.103.159.44 - - [08/Mar/2016:09:17:56 -0300] "GET /cormun/servlet/solicitudotadjuntos?672cacd0767d5b309f8838dd7f5a950d60e7d129099be96ee16f0111b4c5433f,gx-no-cache=1457439475610 HTTP/1.1" 200 30
186.103.159.44 - - [08/Mar/2016:09:18:06 -0300] "POST /cormun/servlet/solicitudotadjuntos?0db7ee3fa9095855809c6c1a519e56c1,INS,2016,718,,1, HTTP/1.1" 200 116
186.103.159.44 - - [08/Mar/2016:09:18:06 -0300] "GET /cormun/servlet/hpexe_return? HTTP/1.1" 200 1022
186.103.159.44 - - [08/Mar/2016:09:18:07 -0300] "GET /cormun/servlet/trsolicitudadjuntos?2016,718, HTTP/1.1" 200 8009
186.103.159.44 - - [08/Mar/2016:09:18:11 -0300] "GET /cormun/servlet/solicitudotadjuntos?INS,2016,718,,2, HTTP/1.1" 200 5465
186.103.159.44 - - [08/Mar/2016:09:18:12 -0300] "HEAD /cormun/static/about:blank HTTP/1.1" 404 -
186.103.159.44 - - [08/Mar/2016:09:18:13 -0300] "GET /cormun/servlet/solicitudotadjuntos?672cacd0767d5b309f8838dd7f5a950def4e95900ccad74d925143c6bd5fc4315641e067243d208ceaf755f0d6e94092,gx-no-cache=1457439492268 HTTP/1.1" 200 30
186.103.159.44 - - [08/Mar/2016:09:18:13 -0300] "POST /cormun/servlet/solicitudotadjuntos?0db7ee3fa9095855809c6c1a519e56c1,INS,2016,718,,2,,gx-no-cache=1457439492312 HTTP/1.1" 200 3498
186.103.159.44 - - [08/Mar/2016:09:18:17 -0300] "POST /cormun/servlet/solicitudotadjuntos?gx-no-cache=1457439496324 HTTP/1.1" 200 26
186.103.159.44 - - [08/Mar/2016:09:18:27 -0300] "GET /cormun/servlet/solicitudotadjuntos?672cacd0767d5b309f8838dd7f5a950d60e7d129099be96ee16f0111b4c5433f,gx-no-cache=1457439506309 HTTP/1.1" 200 30
186.103.159.44 - - [08/Mar/2016:09:18:27 -0300] "GET /cormun/servlet/solicitudotadjuntos?672cacd0767d5b309f8838dd7f5a950d60e7d129099be96ee16f0111b4c5433f,gx-no-cache=1457439506358 HTTP/1.1" 200 30
186.103.159.44 - - [08/Mar/2016:09:18:27 -0300] "POST /cormun/servlet/solicitudotadjuntos?0db7ee3fa9095855809c6c1a519e56c1,INS,2016,718,,2, HTTP/1.1" 200 116
186.103.159.44 - - [08/Mar/2016:09:18:27 -0300] "GET /cormun/servlet/hpexe_return? HTTP/1.1" 200 1022
186.103.159.44 - - [08/Mar/2016:09:18:28 -0300] "GET /cormun/servlet/trsolicitudadjuntos?2016,718, HTTP/1.1" 200 8287
186.103.159.44 - - [08/Mar/2016:09:18:40 -0300] "GET /cormun/servlet/hpexe_return? HTTP/1.1" 200 1041
186.103.159.44 - - [08/Mar/2016:09:18:40 -0300] "GET /cormun/servlet/trsolicitudot?gx-no-cache=1457438234320 HTTP/1.1" 200 7549
186.103.159.44 - - [08/Mar/2016:09:18:46 -0300] "POST /cormun/servlet/trsolicitudot?0db7ee3fa9095855809c6c1a519e56c1,gx-no-cache=1457438234320,gx-no-cache=1457439525004 HTTP/1.1" 200 4958
186.103.159.44 - - [08/Mar/2016:09:18:46 -0300] "POST /cormun/servlet/trsolicitudot?0db7ee3fa9095855809c6c1a519e56c1,gx-no-cache=1457438234320,gx-no-cache=1457439525348 HTTP/1.1" 200 4958
186.103.159.44 - - [08/Mar/2016:09:18:46 -0300] "POST /cormun/servlet/trsolicitudot?0db7ee3fa9095855809c6c1a519e56c1,gx-no-cache=1457438234320,gx-no-cache=1457439525798 HTTP/1.1" 200 4958
186.103.159.44 - - [08/Mar/2016:09:18:48 -0300] "POST /cormun/servlet/trsolicitudot?0db7ee3fa9095855809c6c1a519e56c1,gx-no-cache=1457438234320,gx-no-cache=1457439526285 HTTP/1.1" 200 4958
186.103.159.44 - - [08/Mar/2016:09:18:49 -0300] "POST /cormun/servlet/trsolicitudot?0db7ee3fa9095855809c6c1a519e56c1,gx-no-cache=1457438234320,gx-no-cache=1457439528118 HTTP/1.1" 200 4958
186.103.159.44 - - [08/Mar/2016:09:18:49 -0300] "POST /cormun/servlet/trsolicitudot?0db7ee3fa9095855809c6c1a519e56c1,gx-no-cache=1457438234320,gx-no-cache=1457439528794 HTTP/1.1" 200 4958
186.103.159.44 - - [08/Mar/2016:09:18:50 -0300] "POST /cormun/servlet/trsolicitudot?0db7ee3fa9095855809c6c1a519e56c1,gx-no-cache=1457438234320,gx-no-cache=1457439529548 HTTP/1.1" 200 4958
186.103.159.44 - - [08/Mar/2016:09:18:55 -0300] "POST /cormun/servlet/trsolicitudot?0db7ee3fa9095855809c6c1a519e56c1,gx-no-cache=1457438234320,gx-no-cache=1457439530340 HTTP/1.1" 200 3643
186.103.159.44 - - [08/Mar/2016:09:18:59 -0300] "POST /cormun/servlet/trsolicitudot?0db7ee3fa9095855809c6c1a519e56c1,gx-no-cache=1457438234320,gx-no-cache=1457439538064 HTTP/1.1" 200 3460
186.103.159.44 - - [08/Mar/2016:09:18:59 -0300] "GET /cormun/static/Shared/jqueryui/images/ui-icons_8d78a5_256x240.png HTTP/1.1" 404 1089
186.103.159.44 - - [08/Mar/2016:09:18:59 -0300] "GET /cormun/static/Shared/jqueryui/images/ui-bg_flat_55_fafafa_40x100.png HTTP/1.1" 404 1097
186.103.159.44 - - [08/Mar/2016:09:18:59 -0300] "GET /cormun/static/Shared/jqueryui/images/ui-bg_highlight-soft_100_c6c2c8_1x100.png HTTP/1.1" 404 1117
186.103.159.44 - - [08/Mar/2016:09:18:59 -0300] "GET /cormun/static/Shared/jqueryui/images/ui-icons_82798d_256x240.png HTTP/1.1" 404 1089
186.103.159.44 - - [08/Mar/2016:09:19:03 -0300] "GET /cormun/servlet/solicitudot?INS,0,0, HTTP/1.1" 200 11471
186.103.159.44 - - [08/Mar/2016:09:19:18 -0300] "POST /cormun/servlet/solicitudot?gx-no-cache=1457439556939 HTTP/1.1" 200 2784
186.103.159.44 - - [08/Mar/2016:09:19:18 -0300] "POST /cormun/servlet/solicitudot?0db7ee3fa9095855809c6c1a519e56c1,INS,0,0,,gx-no-cache=1457439557114 HTTP/1.1" 200 8431
186.103.159.44 - - [08/Mar/2016:09:19:18 -0300] "GET /cormun/servlet/solicitudot?672cacd0767d5b309f8838dd7f5a950dc69fee668c39c9f6c72e54c1fc98f6a6db0aa1ec415edcefad3adf1d0104dd2e,gx-no-cache=1457439557521 HTTP/1.1" 200 30
186.103.159.44 - - [08/Mar/2016:09:19:23 -0300] "POST /cormun/servlet/solicitudot?gx-no-cache=1457439562461 HTTP/1.1" 200 30
186.103.159.44 - - [08/Mar/2016:09:19:26 -0300] "POST /cormun/servlet/solicitudot?gx-no-cache=1457439565709 HTTP/1.1" 200 30
186.103.159.44 - - [08/Mar/2016:09:20:12 -0300] "POST /cormun/servlet/solicitudot?gx-no-cache=1457439611079 HTTP/1.1" 200 1169
186.103.159.44 - - [08/Mar/2016:09:20:12 -0300] "GET /cormun/static/menuarrow.gif HTTP/1.1" 404 1015
186.103.159.44 - - [08/Mar/2016:09:20:29 -0300] "GET /cormun/servlet/solicitudot?672cacd0767d5b309f8838dd7f5a950dbc5f687c705ff40226c68ad34cdee47400a22cc54f8636f1cd7cb80a3a301b9c2fa358cfbca45a8c6e07def10e0db629e33292418a1580721e3e488f4301d1b432baa26ae7ea2800a51ecf7a11ae051b163e207081893808722dbb7c5a4da97ac4375844c311c287490cc5dee9fb661983e15cae43c1287eeebf7359430fb5ad50475c38d86546ebf78cad4ad322562a,gx-no-cache=1457439628893 HTTP/1.1" 200 38
191.112.63.77 - - [08/Mar/2016:09:20:46 -0300] "GET /cormun/servlet/hlogin HTTP/1.1" 200 1726
186.103.159.44 - - [08/Mar/2016:09:20:53 -0300] "GET /cormun/servlet/solicitudot?672cacd0767d5b309f8838dd7f5a950d3671e53e62333b79ce172acdfc07827c5c71e78d65a4175cc1837c6ebd98ab89dcf198b0ec10f302c08693b29b97a1a58fe761cf566892c4aea0b49224a2776d16f44901505c441013e64e7de42363012266828679c7cdb90200e3f565872248c66c242529ba0df49ebb103aabfdf66aaa0802db78a82a45e70b37136b7af9cc6b01ddde04a43ab1cc5c966e375c8236,gx-no-cache=1457439649590 HTTP/1.1" 200 29
186.103.159.44 - - [08/Mar/2016:09:20:53 -0300] "POST /cormun/servlet/solicitudot?gx-no-cache=1457439652710 HTTP/1.1" 200 1127
186.103.159.44 - - [08/Mar/2016:09:21:09 -0300] "GET /cormun/servlet/solicitudot?672cacd0767d5b309f8838dd7f5a950d89c00cdbea2661c0bd49ef13d166e2c14968528b59fc8609dad2a1f95ac8850f83243eea84c554391053bce75eedb5141940ac92fff1c429116240bf9862f4973be62e845df591e827e13465b42a4a30958aaef9e950a141c2a449612673122f975eb3e3ac49ac1c2d51637a780f5555f5f650e561570996a2e37d1b3a1f19177cde57d2f1fcddd342158c0d7c12e647b9dbe3d15753624b81a9d2df060004fffece9a0ac1671d1fe92385305b6779a4,gx-no-cache=1457439668853 HTTP/1.1" 200 30
186.103.159.44 - - [08/Mar/2016:09:21:26 -0300] "POST /cormun/servlet/solicitudot?0db7ee3fa9095855809c6c1a519e56c1,INS,0,0,,gx-no-cache=1457439685275 HTTP/1.1" 200 9413
186.103.159.44 - - [08/Mar/2016:09:21:27 -0300] "GET /cormun/static/Shared/jqueryui/images/ui-icons_ebccce_256x240.png HTTP/1.1" 404 1089
186.103.159.44 - - [08/Mar/2016:09:21:27 -0300] "GET /cormun/static/Shared/jqueryui/images/ui-icons_82798d_256x240.png HTTP/1.1" 404 1089
186.103.159.44 - - [08/Mar/2016:09:21:27 -0300] "GET /cormun/static/Shared/jqueryui/images/ui-bg_flat_55_994d53_40x100.png HTTP/1.1" 404 1097
186.103.159.44 - - [08/Mar/2016:09:21:27 -0300] "GET /cormun/static/Shared/jqueryui/images/ui-bg_highlight-soft_100_c6c2c8_1x100.png HTTP/1.1" 404 1117
186.103.159.204 - - [08/Mar/2016:09:21:40 -0300] "GET /cormun/static/menuarrow.gif HTTP/1.1" 404 1015
186.103.159.204 - - [08/Mar/2016:09:22:06 -0300] "GET /cormun/servlet/solicitudot?f9f962fbf01d9310caedb2b68388949557445f5059153553477aac8d0c01d247c4dcdc20f34f8d6ec41b675cfc2577cc466bde22257d9c78b241f1b193683c8ce683cc130604b3bf7e21bfae8defcf57f1e13eb3e9c44bce94ae7be2f4625e9114fb75c1eda2cd361887a1eb4cbb49ae9d8bd008ada1af2287d07a0ac0273383121d03e0298f736bef5d564e68de72a5cedb012c222372e53c14d860cd71f0279331be2deb43fbcbf2cffe86d1b148f1,gx-no-cache=1457439747317 HTTP/1.1" 200 30
192.168.10.89 - - [08/Mar/2016:09:22:16 -0300] "GET /cormun/servlet/hhome HTTP/1.1" 200 3223
192.168.10.89 - - [08/Mar/2016:09:22:16 -0300] "GET /cormun/static/Resources/Spanish/PXTools.css?10515224 HTTP/1.1" 304 -
192.168.10.89 - - [08/Mar/2016:09:22:16 -0300] "GET /cormun/static/Shared/jqueryui/jquery-ui.min.css?1345370 HTTP/1.1" 304 -
192.168.10.89 - - [08/Mar/2016:09:22:16 -0300] "GET /cormun/static/gxcfg.js?2015112210564248 HTTP/1.1" 304 -
192.168.10.89 - - [08/Mar/2016:09:22:17 -0300] "GET /cormun/static/messages.spa.js?85251 HTTP/1.1" 304 -
192.168.10.89 - - [08/Mar/2016:09:22:17 -0300] "GET /cormun/static/hhome.js?2015112210564255 HTTP/1.1" 304 -
192.168.10.89 - - [08/Mar/2016:09:22:17 -0300] "GET /cormun/static/hwchdr01.js?20162241650484 HTTP/1.1" 304 -
192.168.10.89 - - [08/Mar/2016:09:22:17 -0300] "GET /cormun/static/hpexe_recentlink.js?2015111312121342 HTTP/1.1" 304 -
192.168.10.89 - - [08/Mar/2016:09:22:17 -0300] "GET /cormun/static/hpexe_scripts.js?20151120014546 HTTP/1.1" 304 -
192.168.10.89 - - [08/Mar/2016:09:22:17 -0300] "GET /cormun/static/hpexe_messagecontroller.js?2015112210524422 HTTP/1.1" 304 -
192.168.10.89 - - [08/Mar/2016:09:22:17 -0300] "GET /cormun/static/hpexe_messagepopupcomponent.js?20163219454551 HTTP/1.1" 304 -
192.168.10.89 - - [08/Mar/2016:09:22:17 -0300] "GET /cormun/static/hpexe_messagegenexuscomponent.js?20151120014314 HTTP/1.1" 304 -
192.168.10.89 - - [08/Mar/2016:09:22:17 -0300] "GET /cormun/static/cmcontrolpreferences.js?20151120014525 HTTP/1.1" 304 -
192.168.10.89 - - [08/Mar/2016:09:22:17 -0300] "GET /cormun/static/hmpwkw03.js?2016311993330 HTTP/1.1" 304 -
192.168.10.89 - - [08/Mar/2016:09:22:17 -0300] "GET /cormun/servlet/hlogin HTTP/1.1" 200 1729
192.168.10.89 - - [08/Mar/2016:09:22:17 -0300] "GET /cormun/static/Resources/Spanish/PXTools.css?005343 HTTP/1.1" 304 -
192.168.10.89 - - [08/Mar/2016:09:22:17 -0300] "GET /cormun/static/gxcfg.js?20151120045111 HTTP/1.1" 304 -
192.168.10.89 - - [08/Mar/2016:09:22:17 -0300] "GET /cormun/static/hlogin.js?20151120045126 HTTP/1.1" 304 -
186.103.159.204 - - [08/Mar/2016:09:22:24 -0300] "POST /cormun/servlet/solicitudot?6662a19fac05bee8cd22017e90018831,INS,0,0,,gx-no-cache=1457439765519 HTTP/1.1" 200 93
186.103.159.204 - - [08/Mar/2016:09:22:24 -0300] "GET /cormun/servlet/hpexe_return? HTTP/1.1" 200 1004
186.103.159.204 - - [08/Mar/2016:09:22:24 -0300] "GET /cormun/static/Resources/Spanish/PXTools.css?12112540 HTTP/1.1" 304 -
186.103.159.204 - - [08/Mar/2016:09:22:24 -0300] "GET /cormun/static/gxcfg.js?2015111312145050 HTTP/1.1" 304 -
186.103.159.204 - - [08/Mar/2016:09:22:24 -0300] "GET /cormun/static/hpexe_return.js?2015111312145056 HTTP/1.1" 304 -
186.103.159.204 - - [08/Mar/2016:09:22:25 -0300] "GET /cormun/servlet/trsolicitudot HTTP/1.1" 200 8428
186.103.159.204 - - [08/Mar/2016:09:22:26 -0300] "GET /cormun/servlet/trsolicitudot HTTP/1.1" 200 8423
192.168.10.89 - - [08/Mar/2016:09:22:30 -0300] "POST /cormun/servlet/hlogin?4cbd11f5a8b391357855dbdcdd1713e4,gx-no-cache=1457439500709 HTTP/1.1" 200 90
192.168.10.89 - - [08/Mar/2016:09:22:30 -0300] "GET /cormun/servlet/hpexe_link HTTP/1.1" 200 948
192.168.10.89 - - [08/Mar/2016:09:22:30 -0300] "GET /cormun/static/gxcfg.js?20151120044395 HTTP/1.1" 304 -
192.168.10.89 - - [08/Mar/2016:09:22:30 -0300] "GET /cormun/static/hpexe_link.js?20151120044398 HTTP/1.1" 304 -
192.168.10.89 - - [08/Mar/2016:09:22:30 -0300] "GET /cormun/servlet/hhome HTTP/1.1" 200 3438
192.168.10.89 - - [08/Mar/2016:09:22:34 -0300] "GET /cormun/servlet/trsolicitudot? HTTP/1.1" 200 8479
192.168.10.89 - - [08/Mar/2016:09:22:34 -0300] "GET /cormun/static/Resources/Spanish/PXTools.css?18502099 HTTP/1.1" 304 -
192.168.10.89 - - [08/Mar/2016:09:22:34 -0300] "GET /cormun/static/gxcfg.js?201631185636 HTTP/1.1" 304 -
192.168.10.89 - - [08/Mar/2016:09:22:34 -0300] "GET /cormun/static/trsolicitudot.js?2016311856838 HTTP/1.1" 304 -
192.168.10.89 - - [08/Mar/2016:09:22:41 -0300] "POST /cormun/servlet/trsolicitudot?4cbd11f5a8b391357855dbdcdd1713e4,,gx-no-cache=1457439512170 HTTP/1.1" 200 5940
192.168.10.89 - - [08/Mar/2016:09:22:42 -0300] "POST /cormun/servlet/trsolicitudot?4cbd11f5a8b391357855dbdcdd1713e4,,gx-no-cache=1457439512514 HTTP/1.1" 200 5940
192.168.10.89 - - [08/Mar/2016:09:22:42 -0300] "POST /cormun/servlet/trsolicitudot?4cbd11f5a8b391357855dbdcdd1713e4,,gx-no-cache=1457439512909 HTTP/1.1" 200 5940
192.168.10.89 - - [08/Mar/2016:09:22:42 -0300] "POST /cormun/servlet/trsolicitudot?4cbd11f5a8b391357855dbdcdd1713e4,,gx-no-cache=1457439513346 HTTP/1.1" 200 5940
192.168.10.89 - - [08/Mar/2016:09:22:43 -0300] "POST /cormun/servlet/trsolicitudot?4cbd11f5a8b391357855dbdcdd1713e4,,gx-no-cache=1457439513862 HTTP/1.1" 200 5940
192.168.10.89 - - [08/Mar/2016:09:22:44 -0300] "POST /cormun/servlet/trsolicitudot?4cbd11f5a8b391357855dbdcdd1713e4,,gx-no-cache=1457439514438 HTTP/1.1" 200 5940
186.103.159.204 - - [08/Mar/2016:09:22:44 -0300] "POST /cormun/servlet/trsolicitudot?6662a19fac05bee8cd22017e90018831,gx-no-cache=1457439785148 HTTP/1.1" 200 5729
192.168.10.89 - - [08/Mar/2016:09:22:44 -0300] "POST /cormun/servlet/trsolicitudot?4cbd11f5a8b391357855dbdcdd1713e4,,gx-no-cache=1457439515054 HTTP/1.1" 200 5940
186.103.159.204 - - [08/Mar/2016:09:22:44 -0300] "POST /cormun/servlet/trsolicitudot?6662a19fac05bee8cd22017e90018831,gx-no-cache=1457439785398 HTTP/1.1" 200 5729
186.103.159.204 - - [08/Mar/2016:09:22:44 -0300] "POST /cormun/servlet/trsolicitudot?6662a19fac05bee8cd22017e90018831,gx-no-cache=1457439785626 HTTP/1.1" 200 5729
186.103.159.204 - - [08/Mar/2016:09:22:45 -0300] "POST /cormun/servlet/trsolicitudot?6662a19fac05bee8cd22017e90018831,gx-no-cache=1457439785837 HTTP/1.1" 200 5728
186.103.159.204 - - [08/Mar/2016:09:22:45 -0300] "POST /cormun/servlet/trsolicitudot?6662a19fac05bee8cd22017e90018831,gx-no-cache=1457439786083 HTTP/1.1" 200 5728
186.103.159.204 - - [08/Mar/2016:09:22:45 -0300] "POST /cormun/servlet/trsolicitudot?6662a19fac05bee8cd22017e90018831,gx-no-cache=1457439786302 HTTP/1.1" 200 5729
186.103.159.204 - - [08/Mar/2016:09:22:45 -0300] "POST /cormun/servlet/trsolicitudot?6662a19fac05bee8cd22017e90018831,gx-no-cache=1457439786549 HTTP/1.1" 200 5728
186.103.159.204 - - [08/Mar/2016:09:22:46 -0300] "POST /cormun/servlet/trsolicitudot?6662a19fac05bee8cd22017e90018831,gx-no-cache=1457439786795 HTTP/1.1" 200 104
186.103.159.204 - - [08/Mar/2016:09:22:46 -0300] "GET /cormun/servlet/solicitudot?UPD,2016,531, HTTP/1.1" 200 12759
186.103.159.204 - - [08/Mar/2016:09:22:47 -0300] "GET /cormun/servlet/solicitudot?UPD,2016,531, HTTP/1.1" 200 12768
186.103.159.204 - - [08/Mar/2016:09:22:47 -0300] "POST /cormun/servlet/solicitudot?gx-no-cache=1457439788340 HTTP/1.1" 200 2776
186.103.159.204 - - [08/Mar/2016:09:22:47 -0300] "POST /cormun/servlet/solicitudot?6662a19fac05bee8cd22017e90018831,UPD,2016,531,,gx-no-cache=1457439788548 HTTP/1.1" 200 9126
186.78.50.182 - - [08/Mar/2016:09:22:47 -0300] "GET /cormun/servlet/hlogin HTTP/1.1" 200 1716
186.103.159.204 - - [08/Mar/2016:09:22:48 -0300] "GET /cormun/servlet/solicitudot?f9f962fbf01d9310caedb2b683889495ce1709977656bbc29cd48d33843cde1442ed0d3b2885f26c045f17d905e7067c,gx-no-cache=1457439788734 HTTP/1.1" 200 30
186.103.159.204 - - [08/Mar/2016:09:22:48 -0300] "POST /cormun/servlet/solicitudot?gx-no-cache=1457439788808 HTTP/1.1" 200 30
186.103.159.204 - - [08/Mar/2016:09:22:48 -0300] "POST /cormun/servlet/solicitudot?gx-no-cache=1457439788844 HTTP/1.1" 200 33
186.78.50.182 - - [08/Mar/2016:09:22:48 -0300] "GET /cormun/static/Resources/Spanish/PXTools.css?005343 HTTP/1.1" 304 -
186.78.50.182 - - [08/Mar/2016:09:22:48 -0300] "GET /cormun/static/gxtimezone.js?85251 HTTP/1.1" 304 -
186.103.159.204 - - [08/Mar/2016:09:22:48 -0300] "POST /cormun/servlet/solicitudot?gx-no-cache=1457439788922 HTTP/1.1" 200 1171
186.78.50.182 - - [08/Mar/2016:09:22:48 -0300] "GET /cormun/static/gxgral.js?85251 HTTP/1.1" 304 -
186.78.50.182 - - [08/Mar/2016:09:22:48 -0300] "GET /cormun/static/gxcfg.js?20151120045111 HTTP/1.1" 304 -
186.78.50.182 - - [08/Mar/2016:09:22:48 -0300] "GET /cormun/static/Resources/ComunLogin.png HTTP/1.1" 304 -
186.78.50.182 - - [08/Mar/2016:09:22:48 -0300] "GET /cormun/static/messages.spa.js?85251 HTTP/1.1" 304 -
186.103.159.204 - - [08/Mar/2016:09:22:48 -0300] "GET /cormun/servlet/solicitudot?f9f962fbf01d9310caedb2b6838894957102615527664366752d7db959aba364eb8e9d781f21860311d08ddb0b5f46acb115e77449e0518a27cee60796aec1743288b6ca0ef5767df0a1b41d9f85d5f2664192c5c57c6eced51fce1d9826ab4bd6761df27565246a9a008bc51010fc207d7fa32e544e5619c51cd2a00c8f1623e5d2a721458bb431ceb70f84a06bc667ebb3e11160eff0304c436fe7c6d49fec,gx-no-cache=1457439789031 HTTP/1.1" 200 41
186.78.50.182 - - [08/Mar/2016:09:22:48 -0300] "GET /cormun/static/hlogin.js?20151120045126 HTTP/1.1" 304 -
186.78.50.182 - - [08/Mar/2016:09:22:48 -0300] "GET /cormun/static/Resources/PXToolsButtonRight21.png HTTP/1.1" 304 -
186.78.50.182 - - [08/Mar/2016:09:22:48 -0300] "GET /cormun/static/Resources/PXToolsLoginBackground.png HTTP/1.1" 304 -
186.78.50.182 - - [08/Mar/2016:09:22:48 -0300] "GET /cormun/static/Resources/PXToolsLoginTop.png HTTP/1.1" 304 -
186.78.50.182 - - [08/Mar/2016:09:22:48 -0300] "GET /cormun/static/Resources/PXToolsButtonLeft21.png HTTP/1.1" 304 -
186.78.50.182 - - [08/Mar/2016:09:22:48 -0300] "GET /cormun/static/Resources/PXToolsButtonBackground2.png HTTP/1.1" 304 -
192.168.10.89 - - [08/Mar/2016:09:22:48 -0300] "POST /cormun/servlet/trsolicitudot?4cbd11f5a8b391357855dbdcdd1713e4,,gx-no-cache=1457439515762 HTTP/1.1" 200 104
192.168.10.89 - - [08/Mar/2016:09:22:48 -0300] "GET /cormun/servlet/solicitudot?UPD,2016,722, HTTP/1.1" 200 12640
192.168.10.89 - - [08/Mar/2016:09:22:48 -0300] "GET /cormun/static/Resources/Spanish/PXTools.css?1944839 HTTP/1.1" 304 -
186.78.50.182 - - [08/Mar/2016:09:22:48 -0300] "GET /cormun/static/Resources/PXToolsLoginBottom.png HTTP/1.1" 304 -
192.168.10.89 - - [08/Mar/2016:09:22:48 -0300] "GET /cormun/static/gxcfg.js?20163219435133 HTTP/1.1" 304 -
186.78.50.182 - - [08/Mar/2016:09:22:48 -0300] "GET /cormun/static/Resources/indicator.gif HTTP/1.1" 304 -
192.168.10.89 - - [08/Mar/2016:09:22:48 -0300] "GET /cormun/static/solicitudot.js?20163219435183 HTTP/1.1" 304 -
192.168.10.89 - - [08/Mar/2016:09:22:49 -0300] "POST /cormun/servlet/solicitudot?gx-no-cache=1457439520420 HTTP/1.1" 200 2749
192.168.10.89 - - [08/Mar/2016:09:22:50 -0300] "POST /cormun/servlet/solicitudot?4cbd11f5a8b391357855dbdcdd1713e4,UPD,2016,722,,gx-no-cache=1457439520595 HTTP/1.1" 200 9044
192.168.10.89 - - [08/Mar/2016:09:22:50 -0300] "GET /cormun/servlet/solicitudot?b75c151e5b8331315d7552df1fd29abcb5b3624dd5a9c3e5032c8ccaf6eec6cdefa39414e87ecc2436df8dcd261c5ee8,gx-no-cache=1457439520805 HTTP/1.1" 200 30
192.168.10.89 - - [08/Mar/2016:09:22:50 -0300] "POST /cormun/servlet/solicitudot?gx-no-cache=1457439520876 HTTP/1.1" 200 30
192.168.10.89 - - [08/Mar/2016:09:22:50 -0300] "POST /cormun/servlet/solicitudot?gx-no-cache=1457439520896 HTTP/1.1" 200 33
192.168.10.89 - - [08/Mar/2016:09:22:50 -0300] "POST /cormun/servlet/solicitudot?gx-no-cache=1457439520933 HTTP/1.1" 200 1171
192.168.10.89 - - [08/Mar/2016:09:22:50 -0300] "GET /cormun/servlet/solicitudot?b75c151e5b8331315d7552df1fd29abc12876568e980395fafcaae5366c17589fd71baf18df400fd8506cc105c0e85cd6e65d1f68a2afe191368b16bb1354cfb49a649f8f17dccc51b5cdcb03a2e87c00f52f85afca50b64ca30f1cd084461f886e480ce80a61accbc336e9bf4ea84ae9c5397afd629996184fb2a2e2e3a24c52e6ff51f801ce88ce66dac844a69191b666ad4513bb94bf60bea00d6fcdcac6f,gx-no-cache=1457439520965 HTTP/1.1" 200 41
192.168.10.89 - - [08/Mar/2016:09:22:56 -0300] "POST /cormun/servlet/solicitudot?gx-no-cache=1457439527399 HTTP/1.1" 200 30
186.103.159.204 - - [08/Mar/2016:09:23:00 -0300] "POST /cormun/servlet/solicitudot?gx-no-cache=1457439801325 HTTP/1.1" 200 122
186.103.159.204 - - [08/Mar/2016:09:23:00 -0300] "GET /cormun/static/Shared/jqueryui/images/ui-bg_highlight-soft_100_c6c2c8_1x100.png HTTP/1.1" 404 1117
186.103.159.204 - - [08/Mar/2016:09:23:00 -0300] "GET /cormun/static/Shared/jqueryui/images/ui-icons_82798d_256x240.png HTTP/1.1" 404 1089
186.103.159.204 - - [08/Mar/2016:09:23:00 -0300] "GET /cormun/static/Shared/jqueryui/images/ui-bg_flat_55_fafafa_40x100.png HTTP/1.1" 404 1097
186.103.159.204 - - [08/Mar/2016:09:23:00 -0300] "GET /cormun/static/Shared/jqueryui/images/ui-icons_8d78a5_256x240.png HTTP/1.1" 404 1089
192.168.10.89 - - [08/Mar/2016:09:23:04 -0300] "GET /cormun/servlet/prcontratosol?8459773,,,,,MD,,gxPopupLevel%3D0%3B HTTP/1.1" 200 5700
192.168.10.89 - - [08/Mar/2016:09:23:04 -0300] "GET /cormun/static/Resources/Spanish/PXTools.css?1423257 HTTP/1.1" 304 -
192.168.10.89 - - [08/Mar/2016:09:23:04 -0300] "GET /cormun/static/gxcfg.js?2016141247819 HTTP/1.1" 304 -
192.168.10.89 - - [08/Mar/2016:09:23:04 -0300] "GET /cormun/static/prcontratosol.js?2016141247993 HTTP/1.1" 304 -
192.168.10.89 - - [08/Mar/2016:09:23:04 -0300] "GET /cormun/static/menusearch.js?20163219454787 HTTP/1.1" 304 -
192.168.10.89 - - [08/Mar/2016:09:23:04 -0300] "GET /cormun/static/hmpwkw011.js?20163117201773 HTTP/1.1" 304 -
200.112.233.47 - - [08/Mar/2016:09:23:06 -0300] "POST /cormun/servlet/trsolicitudot?f8c99b820ba733162a16b5ad1d47f97e,gx-no-cache=1457438582031,gx-no-cache=1457439816234 HTTP/1.1" 200 5938
200.112.233.47 - - [08/Mar/2016:09:23:06 -0300] "POST /cormun/servlet/trsolicitudot?f8c99b820ba733162a16b5ad1d47f97e,gx-no-cache=1457438582031,gx-no-cache=1457439816765 HTTP/1.1" 200 5938
200.112.233.47 - - [08/Mar/2016:09:23:06 -0300] "POST /cormun/servlet/trsolicitudot?f8c99b820ba733162a16b5ad1d47f97e,gx-no-cache=1457438582031,gx-no-cache=1457439817125 HTTP/1.1" 200 5938
200.112.233.47 - - [08/Mar/2016:09:23:07 -0300] "POST /cormun/servlet/trsolicitudot?f8c99b820ba733162a16b5ad1d47f97e,gx-no-cache=1457438582031,gx-no-cache=1457439817515 HTTP/1.1" 200 5938
200.112.233.47 - - [08/Mar/2016:09:23:07 -0300] "POST /cormun/servlet/trsolicitudot?f8c99b820ba733162a16b5ad1d47f97e,gx-no-cache=1457438582031,gx-no-cache=1457439817921 HTTP/1.1" 200 5938
186.103.159.44 - - [08/Mar/2016:09:23:07 -0300] "POST /cormun/servlet/solicitudot?0db7ee3fa9095855809c6c1a519e56c1,INS,0,0,,gx-no-cache=1457439786523 HTTP/1.1" 200 9461
200.112.233.47 - - [08/Mar/2016:09:23:08 -0300] "POST /cormun/servlet/trsolicitudot?f8c99b820ba733162a16b5ad1d47f97e,gx-no-cache=1457438582031,gx-no-cache=1457439818375 HTTP/1.1" 200 5938
200.112.233.47 - - [08/Mar/2016:09:23:08 -0300] "POST /cormun/servlet/trsolicitudot?f8c99b820ba733162a16b5ad1d47f97e,gx-no-cache=1457438582031,gx-no-cache=1457439818781 HTTP/1.1" 200 5938
200.112.233.47 - - [08/Mar/2016:09:23:09 -0300] "POST /cormun/servlet/trsolicitudot?f8c99b820ba733162a16b5ad1d47f97e,gx-no-cache=1457438582031,gx-no-cache=1457439819203 HTTP/1.1" 200 104
200.112.233.47 - - [08/Mar/2016:09:23:10 -0300] "GET /cormun/servlet/solicitudot?UPD,2016,722, HTTP/1.1" 200 12653
192.168.10.89 - - [08/Mar/2016:09:23:12 -0300] "POST /cormun/servlet/solicitudot?gx-no-cache=1457439543455 HTTP/1.1" 200 1171
192.168.10.89 - - [08/Mar/2016:09:23:13 -0300] "GET /cormun/servlet/solicitudot?b75c151e5b8331315d7552df1fd29abc12876568e980395fafcaae5366c17589fd71baf18df400fd8506cc105c0e85cd6e65d1f68a2afe191368b16bb1354cfb49a649f8f17dccc51b5cdcb03a2e87c00f52f85afca50b64ca30f1cd084461f886e480ce80a61accbc336e9bf4ea84ae9c5397afd629996184fb2a2e2e3a24c52e6ff51f801ce88ce66dac844a69191b666ad4513bb94bf60bea00d6fcdcac6f,gx-no-cache=1457439543498 HTTP/1.1" 200 41
192.168.10.89 - - [08/Mar/2016:09:23:13 -0300] "GET /cormun/servlet/solicitudot?b75c151e5b8331315d7552df1fd29abcda51869e1f9bda2de26a7150c423e6961972060cb497ce30841eac2b3352bf5bfb6fa5c08319ff0288844ae265c87c27e866c1d4302050e4c85d5a31d527fa431ab72c861d553e88c579b652b224fdf61dd27deb7264cc76badcb96f0807a7f2,gx-no-cache=1457439543519 HTTP/1.1" 200 29
192.168.10.89 - - [08/Mar/2016:09:23:13 -0300] "POST /cormun/servlet/solicitudot?gx-no-cache=1457439543552 HTTP/1.1" 200 1127
200.112.233.47 - - [08/Mar/2016:09:23:13 -0300] "POST /cormun/servlet/solicitudot?gx-no-cache=1457439824156 HTTP/1.1" 200 2749
200.112.233.47 - - [08/Mar/2016:09:23:14 -0300] "POST /cormun/servlet/solicitudot?f8c99b820ba733162a16b5ad1d47f97e,UPD,2016,722,,gx-no-cache=1457439824421 HTTP/1.1" 200 9061
186.103.159.204 - - [08/Mar/2016:09:23:14 -0300] "POST /cormun/servlet/solicitudot?gx-no-cache=1457439815151 HTTP/1.1" 200 30
200.112.233.47 - - [08/Mar/2016:09:23:14 -0300] "GET /cormun/servlet/solicitudot?d55f9b885febc5e1b4b340143f81975bef8573c0ea655da6fdab3a5c41b25a99364a0c2e74dbdb12e1b593566e12286a,gx-no-cache=1457439824812 HTTP/1.1" 200 30
200.112.233.47 - - [08/Mar/2016:09:23:14 -0300] "POST /cormun/servlet/solicitudot?gx-no-cache=1457439824921 HTTP/1.1" 200 30
200.112.233.47 - - [08/Mar/2016:09:23:14 -0300] "POST /cormun/servlet/solicitudot?gx-no-cache=1457439825015 HTTP/1.1" 200 33
200.112.233.47 - - [08/Mar/2016:09:23:14 -0300] "POST /cormun/servlet/solicitudot?gx-no-cache=1457439825140 HTTP/1.1" 200 1171
200.112.233.47 - - [08/Mar/2016:09:23:14 -0300] "GET /cormun/servlet/solicitudot?d55f9b885febc5e1b4b340143f81975b2ff345738406db017075799bd9dab83ad104df516a3177d8f2047a24997794d44587414b661a12ebdf0749f6ba2d3995684f8511948386a9f1261b4608ee71140e56e24cc6dae1db2501374f49afc20e10300f56d751e3d49a8ed1cfa3d19074ad5c1180476100c8a3507530ca4f7c6631ea29504aa1d06b78497cc0727c2c8910182620df79a5d33f32bce3beb7e510,gx-no-cache=1457439825281 HTTP/1.1" 200 41
186.103.159.204 - - [08/Mar/2016:09:23:20 -0300] "POST /cormun/servlet/solicitudot?gx-no-cache=1457439821525 HTTP/1.1" 200 122
186.103.159.204 - - [08/Mar/2016:09:23:29 -0300] "POST /cormun/servlet/solicitudot?gx-no-cache=1457439829975 HTTP/1.1" 200 33
186.103.159.44 - - [08/Mar/2016:09:23:29 -0300] "GET /cormun/servlet/solicitudot?672cacd0767d5b309f8838dd7f5a950d89c00cdbea2661c0bd49ef13d166e2c14968528b59fc8609dad2a1f95ac8850f88c86fbd789c171d6a0ffa827a5c3d461940ac92fff1c429116240bf9862f4973be62e845df591e827e13465b42a4a30958aaef9e950a141c2a449612673122f975eb3e3ac49ac1c2d51637a780f5555f5f650e561570996a2e37d1b3a1f19177cde57d2f1fcddd342158c0d7c12e647b9dbe3d15753624b81a9d2df060004ff2c5cb8b34de34cc01036048a8122ac21,gx-no-cache=1457439808047 HTTP/1.1" 200 32
186.103.159.44 - - [08/Mar/2016:09:23:29 -0300] "POST /cormun/servlet/solicitudot?0db7ee3fa9095855809c6c1a519e56c1,INS,0,0,,gx-no-cache=1457439808499 HTTP/1.1" 200 93
186.103.159.44 - - [08/Mar/2016:09:23:29 -0300] "GET /cormun/servlet/hpexe_return? HTTP/1.1" 200 1026
186.103.159.44 - - [08/Mar/2016:09:23:30 -0300] "GET /cormun/servlet/trsolicitudot?gx-no-cache=1457438234320 HTTP/1.1" 200 7555
186.103.159.204 - - [08/Mar/2016:09:23:37 -0300] "POST /cormun/servlet/solicitudot?6662a19fac05bee8cd22017e90018831,UPD,2016,531,,gx-no-cache=1457439838248 HTTP/1.1" 200 93
186.103.159.204 - - [08/Mar/2016:09:23:37 -0300] "GET /cormun/servlet/hpexe_return? HTTP/1.1" 200 1032
186.103.159.204 - - [08/Mar/2016:09:23:37 -0300] "GET /cormun/servlet/trsolicitudot?gx-no-cache=1457439786549 HTTP/1.1" 200 8428
186.103.159.204 - - [08/Mar/2016:09:23:38 -0300] "GET /cormun/servlet/trsolicitudot?gx-no-cache=1457439786549 HTTP/1.1" 200 8444
186.103.159.204 - - [08/Mar/2016:09:23:45 -0300] "POST /cormun/servlet/trsolicitudot?6662a19fac05bee8cd22017e90018831,gx-no-cache=1457439786549,gx-no-cache=1457439845900 HTTP/1.1" 200 5728
186.103.159.204 - - [08/Mar/2016:09:23:45 -0300] "POST /cormun/servlet/trsolicitudot?6662a19fac05bee8cd22017e90018831,gx-no-cache=1457439786549,gx-no-cache=1457439846128 HTTP/1.1" 200 5728
186.103.159.204 - - [08/Mar/2016:09:23:45 -0300] "POST /cormun/servlet/trsolicitudot?6662a19fac05bee8cd22017e90018831,gx-no-cache=1457439786549,gx-no-cache=1457439846342 HTTP/1.1" 200 5728
186.103.159.204 - - [08/Mar/2016:09:23:45 -0300] "POST /cormun/servlet/trsolicitudot?6662a19fac05bee8cd22017e90018831,gx-no-cache=1457439786549,gx-no-cache=1457439846583 HTTP/1.1" 200 5728
186.103.159.204 - - [08/Mar/2016:09:23:46 -0300] "POST /cormun/servlet/trsolicitudot?6662a19fac05bee8cd22017e90018831,gx-no-cache=1457439786549,gx-no-cache=1457439846808 HTTP/1.1" 200 5728
186.103.159.204 - - [08/Mar/2016:09:23:46 -0300] "POST /cormun/servlet/trsolicitudot?6662a19fac05bee8cd22017e90018831,gx-no-cache=1457439786549,gx-no-cache=1457439847051 HTTP/1.1" 200 5728
186.103.159.204 - - [08/Mar/2016:09:23:46 -0300] "POST /cormun/servlet/trsolicitudot?6662a19fac05bee8cd22017e90018831,gx-no-cache=1457439786549,gx-no-cache=1457439847302 HTTP/1.1" 200 5728
186.103.159.204 - - [08/Mar/2016:09:23:46 -0300] "POST /cormun/servlet/trsolicitudot?6662a19fac05bee8cd22017e90018831,gx-no-cache=1457439786549,gx-no-cache=1457439847601 HTTP/1.1" 200 104
186.103.159.204 - - [08/Mar/2016:09:23:47 -0300] "GET /cormun/servlet/solicitudot?DLT,2016,531, HTTP/1.1" 200 8513
186.103.159.204 - - [08/Mar/2016:09:23:47 -0300] "GET /cormun/static/Shared/jqueryui/images/ui-bg_highlight-soft_100_c6c2c8_1x100.png HTTP/1.1" 404 1117
186.103.159.204 - - [08/Mar/2016:09:23:47 -0300] "GET /cormun/static/Shared/jqueryui/images/ui-bg_flat_55_fafafa_40x100.png HTTP/1.1" 404 1097
186.103.159.204 - - [08/Mar/2016:09:23:47 -0300] "GET /cormun/static/Shared/jqueryui/images/ui-icons_8d78a5_256x240.png HTTP/1.1" 404 1089
186.103.159.204 - - [08/Mar/2016:09:23:47 -0300] "GET /cormun/static/Shared/jqueryui/images/ui-icons_82798d_256x240.png HTTP/1.1" 404 1089
186.103.159.204 - - [08/Mar/2016:09:23:47 -0300] "GET /cormun/servlet/solicitudot?DLT,2016,531, HTTP/1.1" 200 8497
186.103.159.44 - - [08/Mar/2016:09:23:54 -0300] "POST /cormun/servlet/trsolicitudot?0db7ee3fa9095855809c6c1a519e56c1,gx-no-cache=1457438234320,gx-no-cache=1457439833149 HTTP/1.1" 200 4963
186.103.159.44 - - [08/Mar/2016:09:23:55 -0300] "POST /cormun/servlet/trsolicitudot?0db7ee3fa9095855809c6c1a519e56c1,gx-no-cache=1457438234320,gx-no-cache=1457439833862 HTTP/1.1" 200 4963
186.103.159.204 - - [08/Mar/2016:09:23:56 -0300] "POST /cormun/servlet/solicitudot?6662a19fac05bee8cd22017e90018831,DLT,2016,531,,gx-no-cache=1457439857693 HTTP/1.1" 200 93
186.103.159.204 - - [08/Mar/2016:09:23:56 -0300] "GET /cormun/servlet/hpexe_return? HTTP/1.1" 200 1032
186.103.159.44 - - [08/Mar/2016:09:23:57 -0300] "POST /cormun/servlet/trsolicitudot?0db7ee3fa9095855809c6c1a519e56c1,gx-no-cache=1457438234320,gx-no-cache=1457439834670 HTTP/1.1" 200 4963
186.103.159.204 - - [08/Mar/2016:09:23:57 -0300] "GET /cormun/servlet/trsolicitudot?gx-no-cache=1457439786549 HTTP/1.1" 200 8428
186.103.159.44 - - [08/Mar/2016:09:23:57 -0300] "POST /cormun/servlet/trsolicitudot?0db7ee3fa9095855809c6c1a519e56c1,gx-no-cache=1457438234320,gx-no-cache=1457439836448 HTTP/1.1" 200 4963
186.103.159.204 - - [08/Mar/2016:09:23:58 -0300] "GET /cormun/servlet/trsolicitudot?gx-no-cache=1457439786549 HTTP/1.1" 200 8444
186.103.159.44 - - [08/Mar/2016:09:23:58 -0300] "POST /cormun/servlet/trsolicitudot?0db7ee3fa9095855809c6c1a519e56c1,gx-no-cache=1457438234320,gx-no-cache=1457439837008 HTTP/1.1" 200 4963
186.103.159.44 - - [08/Mar/2016:09:24:00 -0300] "POST /cormun/servlet/trsolicitudot?0db7ee3fa9095855809c6c1a519e56c1,gx-no-cache=1457438234320,gx-no-cache=1457439839224 HTTP/1.1" 200 4963
186.103.159.44 - - [08/Mar/2016:09:24:01 -0300] "POST /cormun/servlet/trsolicitudot?0db7ee3fa9095855809c6c1a519e56c1,gx-no-cache=1457438234320,gx-no-cache=1457439839941 HTTP/1.1" 200 4963
186.103.159.44 - - [08/Mar/2016:09:24:02 -0300] "GET /cormun/servlet/hlogin HTTP/1.1" 200 1716
186.103.159.44 - - [08/Mar/2016:09:24:02 -0300] "GET /cormun/static/Resources/Spanish/PXTools.css?005343 HTTP/1.1" 304 -
186.103.159.44 - - [08/Mar/2016:09:24:02 -0300] "GET /cormun/static/gxtimezone.js?85251 HTTP/1.1" 304 -
186.103.159.44 - - [08/Mar/2016:09:24:02 -0300] "GET /cormun/static/gxgral.js?85251 HTTP/1.1" 304 -
186.103.159.44 - - [08/Mar/2016:09:24:02 -0300] "GET /cormun/static/gxcfg.js?20151120045111 HTTP/1.1" 304 -
186.103.159.44 - - [08/Mar/2016:09:24:02 -0300] "GET /cormun/static/Resources/ComunLogin.png HTTP/1.1" 304 -
186.103.159.44 - - [08/Mar/2016:09:24:02 -0300] "GET /cormun/static/messages.spa.js?85251 HTTP/1.1" 304 -
186.103.159.44 - - [08/Mar/2016:09:24:02 -0300] "GET /cormun/static/hlogin.js?20151120045126 HTTP/1.1" 304 -
186.103.159.204 - - [08/Mar/2016:09:24:04 -0300] "POST /cormun/servlet/trsolicitudot?6662a19fac05bee8cd22017e90018831,gx-no-cache=1457439786549,gx-no-cache=1457439864893 HTTP/1.1" 200 5728
186.103.159.204 - - [08/Mar/2016:09:24:04 -0300] "POST /cormun/servlet/trsolicitudot?6662a19fac05bee8cd22017e90018831,gx-no-cache=1457439786549,gx-no-cache=1457439865125 HTTP/1.1" 200 5728
186.103.159.44 - - [08/Mar/2016:09:24:04 -0300] "GET /cormun/static/Resources/indicator.gif HTTP/1.1" 304 -
186.103.159.204 - - [08/Mar/2016:09:24:04 -0300] "POST /cormun/servlet/trsolicitudot?6662a19fac05bee8cd22017e90018831,gx-no-cache=1457439786549,gx-no-cache=1457439865343 HTTP/1.1" 200 5728
186.103.159.204 - - [08/Mar/2016:09:24:04 -0300] "POST /cormun/servlet/trsolicitudot?6662a19fac05bee8cd22017e90018831,gx-no-cache=1457439786549,gx-no-cache=1457439865569 HTTP/1.1" 200 5728
186.103.159.204 - - [08/Mar/2016:09:24:05 -0300] "POST /cormun/servlet/trsolicitudot?6662a19fac05bee8cd22017e90018831,gx-no-cache=1457439786549,gx-no-cache=1457439865820 HTTP/1.1" 200 5728
186.103.159.204 - - [08/Mar/2016:09:24:05 -0300] "POST /cormun/servlet/trsolicitudot?6662a19fac05bee8cd22017e90018831,gx-no-cache=1457439786549,gx-no-cache=1457439866040 HTTP/1.1" 200 5728
186.103.159.204 - - [08/Mar/2016:09:24:05 -0300] "POST /cormun/servlet/trsolicitudot?6662a19fac05bee8cd22017e90018831,gx-no-cache=1457439786549,gx-no-cache=1457439866265 HTTP/1.1" 200 5728
186.103.159.204 - - [08/Mar/2016:09:24:05 -0300] "POST /cormun/servlet/trsolicitudot?6662a19fac05bee8cd22017e90018831,gx-no-cache=1457439786549,gx-no-cache=1457439866528 HTTP/1.1" 200 104
186.103.159.204 - - [08/Mar/2016:09:24:05 -0300] "GET /cormun/servlet/solicitudot?UPD,2016,531, HTTP/1.1" 200 12782
186.103.159.44 - - [08/Mar/2016:09:24:06 -0300] "POST /cormun/servlet/trsolicitudot?0db7ee3fa9095855809c6c1a519e56c1,gx-no-cache=1457438234320,gx-no-cache=1457439840788 HTTP/1.1" 200 4981
200.112.233.47 - - [08/Mar/2016:09:24:06 -0300] "POST /cormun/servlet/solicitudot?gx-no-cache=1457439876718 HTTP/1.1" 200 33
200.112.233.47 - - [08/Mar/2016:09:24:06 -0300] "POST /cormun/servlet/solicitudot?gx-no-cache=1457439876843 HTTP/1.1" 200 1171
200.112.233.47 - - [08/Mar/2016:09:24:06 -0300] "GET /cormun/servlet/solicitudot?d55f9b885febc5e1b4b340143f81975b2ff345738406db017075799bd9dab83ad104df516a3177d8f2047a24997794d44587414b661a12ebdf0749f6ba2d3995684f8511948386a9f1261b4608ee71140e56e24cc6dae1db2501374f49afc20e10300f56d751e3d49a8ed1cfa3d19074ad5c1180476100c8a3507530ca4f7c6631ea29504aa1d06b78497cc0727c2c8910182620df79a5d33f32bce3beb7e510,gx-no-cache=1457439877000 HTTP/1.1" 200 41
186.103.159.204 - - [08/Mar/2016:09:24:06 -0300] "GET /cormun/servlet/solicitudot?UPD,2016,531, HTTP/1.1" 200 12768
186.103.159.44 - - [08/Mar/2016:09:24:07 -0300] "GET /cormun/static/Shared/jqueryui/images/ui-icons_8d78a5_256x240.png HTTP/1.1" 404 1089
186.103.159.44 - - [08/Mar/2016:09:24:07 -0300] "GET /cormun/static/Shared/jqueryui/images/ui-bg_flat_55_fafafa_40x100.png HTTP/1.1" 404 1097
186.103.159.44 - - [08/Mar/2016:09:24:07 -0300] "GET /cormun/static/Shared/jqueryui/images/ui-icons_82798d_256x240.png HTTP/1.1" 404 1089
186.103.159.44 - - [08/Mar/2016:09:24:07 -0300] "GET /cormun/static/Shared/jqueryui/images/ui-bg_highlight-soft_100_c6c2c8_1x100.png HTTP/1.1" 404 1117
186.103.159.204 - - [08/Mar/2016:09:24:07 -0300] "POST /cormun/servlet/solicitudot?gx-no-cache=1457439868024 HTTP/1.1" 200 2776
186.103.159.204 - - [08/Mar/2016:09:24:07 -0300] "POST /cormun/servlet/solicitudot?6662a19fac05bee8cd22017e90018831,UPD,2016,531,,gx-no-cache=1457439868171 HTTP/1.1" 200 9148
186.103.159.204 - - [08/Mar/2016:09:24:07 -0300] "GET /cormun/servlet/solicitudot?f9f962fbf01d9310caedb2b683889495ce1709977656bbc29cd48d33843cde1442ed0d3b2885f26c045f17d905e7067c,gx-no-cache=1457439868356 HTTP/1.1" 200 30
186.103.159.204 - - [08/Mar/2016:09:24:07 -0300] "POST /cormun/servlet/solicitudot?gx-no-cache=1457439868407 HTTP/1.1" 200 30
186.103.159.204 - - [08/Mar/2016:09:24:07 -0300] "POST /cormun/servlet/solicitudot?gx-no-cache=1457439868442 HTTP/1.1" 200 33
186.103.159.204 - - [08/Mar/2016:09:24:07 -0300] "POST /cormun/servlet/solicitudot?gx-no-cache=1457439868513 HTTP/1.1" 200 1171
186.103.159.204 - - [08/Mar/2016:09:24:07 -0300] "GET /cormun/servlet/solicitudot?f9f962fbf01d9310caedb2b6838894957102615527664366752d7db959aba364eb8e9d781f21860311d08ddb0b5f46acb115e77449e0518a27cee60796aec1743288b6ca0ef5767df0a1b41d9f85d5f2664192c5c57c6eced51fce1d9826ab4bd6761df27565246a9a008bc51010fc207d7fa32e544e5619c51cd2a00c8f1623e5d2a721458bb431ceb70f84a06bc667ebb3e11160eff0304c436fe7c6d49fec,gx-no-cache=1457439868642 HTTP/1.1" 200 41
192.168.10.89 - - [08/Mar/2016:09:24:17 -0300] "GET /cormun/servlet/solicitudot?b75c151e5b8331315d7552df1fd29abcc1e6737ebb600fde27765ee63ddf42b75893a68dbd864ceffeeb455fdb69905e240ffc01fee3ab895087d0ceddcae58d549caf169fb4c4a6a244d5cb3ef21404bd79742a48145e8af540284f58a4f8cf24f5f416918bd4fcbe801b16ea63fa024e47759b2c33f1094bfa068038f72c32faa7b177772dfdcec205b0e0f2580562aab0c394f83fba5b88942971ec9b19a8ad4baf7e5283be3db3c7f1d0f79b6af2,gx-no-cache=1457439607907 HTTP/1.1" 200 30
192.168.10.89 - - [08/Mar/2016:09:24:19 -0300] "POST /cormun/servlet/solicitudot?4cbd11f5a8b391357855dbdcdd1713e4,UPD,2016,722,,gx-no-cache=1457439609782 HTTP/1.1" 200 93
192.168.10.89 - - [08/Mar/2016:09:24:19 -0300] "GET /cormun/servlet/hpexe_return? HTTP/1.1" 200 1010
192.168.10.89 - - [08/Mar/2016:09:24:19 -0300] "GET /cormun/static/Resources/Spanish/PXTools.css?12112540 HTTP/1.1" 304 -
192.168.10.89 - - [08/Mar/2016:09:24:19 -0300] "GET /cormun/static/gxcfg.js?2015111312145050 HTTP/1.1" 304 -
192.168.10.89 - - [08/Mar/2016:09:24:19 -0300] "GET /cormun/static/hpexe_return.js?2015111312145056 HTTP/1.1" 304 -
192.168.10.89 - - [08/Mar/2016:09:24:19 -0300] "GET /cormun/servlet/trsolicitudot? HTTP/1.1" 200 8483
186.103.159.44 - - [08/Mar/2016:09:24:20 -0300] "POST /cormun/servlet/hlogin?566b6c903ccaeeb5b3bca203475148ec,gx-no-cache=1457439916202 HTTP/1.1" 200 424
186.103.159.204 - - [08/Mar/2016:09:24:20 -0300] "POST /cormun/servlet/solicitudot?gx-no-cache=1457439881339 HTTP/1.1" 200 122
186.103.159.204 - - [08/Mar/2016:09:24:20 -0300] "GET /cormun/static/Shared/jqueryui/images/ui-bg_highlight-soft_100_c6c2c8_1x100.png HTTP/1.1" 404 1117
186.103.159.204 - - [08/Mar/2016:09:24:21 -0300] "GET /cormun/static/Shared/jqueryui/images/ui-icons_82798d_256x240.png HTTP/1.1" 404 1089
186.103.159.204 - - [08/Mar/2016:09:24:21 -0300] "GET /cormun/static/Shared/jqueryui/images/ui-bg_flat_55_fafafa_40x100.png HTTP/1.1" 404 1097
186.103.159.204 - - [08/Mar/2016:09:24:21 -0300] "GET /cormun/static/Shared/jqueryui/images/ui-icons_8d78a5_256x240.png HTTP/1.1" 404 1089
200.112.233.47 - - [08/Mar/2016:09:24:26 -0300] "POST /cormun/servlet/solicitudot?f8c99b820ba733162a16b5ad1d47f97e,UPD,2016,722,,gx-no-cache=1457439897046 HTTP/1.1" 200 93
200.112.233.47 - - [08/Mar/2016:09:24:26 -0300] "GET /cormun/servlet/hpexe_return? HTTP/1.1" 200 1019
200.112.233.47 - - [08/Mar/2016:09:24:27 -0300] "GET /cormun/servlet/trsolicitudot?gx-no-cache=1457438582031 HTTP/1.1" 200 8480
192.168.10.89 - - [08/Mar/2016:09:24:28 -0300] "POST /cormun/servlet/trsolicitudot?4cbd11f5a8b391357855dbdcdd1713e4,,gx-no-cache=1457439618784 HTTP/1.1" 200 5951
192.168.10.89 - - [08/Mar/2016:09:24:28 -0300] "POST /cormun/servlet/trsolicitudot?4cbd11f5a8b391357855dbdcdd1713e4,,gx-no-cache=1457439619117 HTTP/1.1" 200 5950
192.168.10.89 - - [08/Mar/2016:09:24:29 -0300] "POST /cormun/servlet/trsolicitudot?4cbd11f5a8b391357855dbdcdd1713e4,,gx-no-cache=1457439619512 HTTP/1.1" 200 5951
192.168.10.89 - - [08/Mar/2016:09:24:29 -0300] "POST /cormun/servlet/trsolicitudot?4cbd11f5a8b391357855dbdcdd1713e4,,gx-no-cache=1457439619961 HTTP/1.1" 200 5950
192.168.10.89 - - [08/Mar/2016:09:24:30 -0300] "POST /cormun/servlet/trsolicitudot?4cbd11f5a8b391357855dbdcdd1713e4,,gx-no-cache=1457439620446 HTTP/1.1" 200 5950
186.103.159.204 - - [08/Mar/2016:09:24:30 -0300] "POST /cormun/servlet/solicitudot?gx-no-cache=1457439890977 HTTP/1.1" 200 1171
192.168.10.89 - - [08/Mar/2016:09:24:30 -0300] "POST /cormun/servlet/trsolicitudot?4cbd11f5a8b391357855dbdcdd1713e4,,gx-no-cache=1457439621016 HTTP/1.1" 200 5948
192.168.10.89 - - [08/Mar/2016:09:24:31 -0300] "POST /cormun/servlet/trsolicitudot?4cbd11f5a8b391357855dbdcdd1713e4,,gx-no-cache=1457439621635 HTTP/1.1" 200 5951
186.103.159.44 - - [08/Mar/2016:09:24:31 -0300] "POST /cormun/servlet/hlogin?566b6c903ccaeeb5b3bca203475148ec,gx-no-cache=1457439927389 HTTP/1.1" 200 90
186.103.159.44 - - [08/Mar/2016:09:24:31 -0300] "GET /cormun/servlet/hpexe_link HTTP/1.1" 200 949
186.103.159.44 - - [08/Mar/2016:09:24:31 -0300] "GET /cormun/static/gxcfg.js?20151120044395 HTTP/1.1" 304 -
186.103.159.44 - - [08/Mar/2016:09:24:32 -0300] "GET /cormun/static/hpexe_link.js?20151120044398 HTTP/1.1" 304 -
186.103.159.44 - - [08/Mar/2016:09:24:32 -0300] "GET /cormun/servlet/hhome HTTP/1.1" 200 3436
186.103.159.44 - - [08/Mar/2016:09:24:32 -0300] "GET /cormun/static/Resources/Spanish/PXTools.css?10515224 HTTP/1.1" 304 -
186.103.159.44 - - [08/Mar/2016:09:24:32 -0300] "GET /cormun/static/gxcfg.js?2015112210564248 HTTP/1.1" 304 -
186.103.159.44 - - [08/Mar/2016:09:24:33 -0300] "GET /cormun/static/hhome.js?2015112210564255 HTTP/1.1" 304 -
186.103.159.44 - - [08/Mar/2016:09:24:33 -0300] "GET /cormun/static/hwchdr01.js?20162241650484 HTTP/1.1" 304 -
186.103.159.44 - - [08/Mar/2016:09:24:33 -0300] "GET /cormun/static/hpexe_recentlink.js?2015111312121342 HTTP/1.1" 304 -
186.103.159.44 - - [08/Mar/2016:09:24:33 -0300] "GET /cormun/static/hpexe_scripts.js?20151120014546 HTTP/1.1" 304 -
186.103.159.44 - - [08/Mar/2016:09:24:33 -0300] "GET /cormun/static/hpexe_messagecontroller.js?2015112210524422 HTTP/1.1" 304 -
186.103.159.44 - - [08/Mar/2016:09:24:33 -0300] "GET /cormun/static/hpexe_messagepopupcomponent.js?20163219454551 HTTP/1.1" 304 -
186.103.159.44 - - [08/Mar/2016:09:24:34 -0300] "GET /cormun/static/hpexe_messagegenexuscomponent.js?20151120014314 HTTP/1.1" 304 -
186.103.159.44 - - [08/Mar/2016:09:24:34 -0300] "GET /cormun/static/cmcontrolpreferences.js?20151120014525 HTTP/1.1" 304 -
186.103.159.44 - - [08/Mar/2016:09:24:34 -0300] "GET /cormun/static/hmpwkw03.js?2016311993330 HTTP/1.1" 304 -
192.168.10.89 - - [08/Mar/2016:09:24:35 -0300] "POST /cormun/servlet/trsolicitudot?4cbd11f5a8b391357855dbdcdd1713e4,,gx-no-cache=1457439622350 HTTP/1.1" 200 104
192.168.10.89 - - [08/Mar/2016:09:24:35 -0300] "GET /cormun/servlet/solicitudot?UPD,2016,721, HTTP/1.1" 200 12671
192.168.10.89 - - [08/Mar/2016:09:24:36 -0300] "POST /cormun/servlet/solicitudot?gx-no-cache=1457439627043 HTTP/1.1" 200 2760
192.168.10.89 - - [08/Mar/2016:09:24:36 -0300] "POST /cormun/servlet/solicitudot?4cbd11f5a8b391357855dbdcdd1713e4,UPD,2016,721,,gx-no-cache=1457439627219 HTTP/1.1" 200 9061
192.168.10.89 - - [08/Mar/2016:09:24:36 -0300] "GET /cormun/servlet/solicitudot?b75c151e5b8331315d7552df1fd29abc03ef3095e29ef23bd80e260a66e4ce764771ea35fbf38840b9502fa9dc9a8745,gx-no-cache=1457439627457 HTTP/1.1" 200 30
192.168.10.89 - - [08/Mar/2016:09:24:37 -0300] "POST /cormun/servlet/solicitudot?gx-no-cache=1457439627525 HTTP/1.1" 200 30
192.168.10.89 - - [08/Mar/2016:09:24:37 -0300] "POST /cormun/servlet/solicitudot?gx-no-cache=1457439627543 HTTP/1.1" 200 33
192.168.10.89 - - [08/Mar/2016:09:24:37 -0300] "POST /cormun/servlet/solicitudot?gx-no-cache=1457439627578 HTTP/1.1" 200 1170
192.168.10.89 - - [08/Mar/2016:09:24:37 -0300] "GET /cormun/servlet/solicitudot?b75c151e5b8331315d7552df1fd29abc12876568e980395fafcaae5366c17589fd71baf18df400fd8506cc105c0e85cd6e65d1f68a2afe191368b16bb1354cfb49a649f8f17dccc51b5cdcb03a2e87c00f52f85afca50b64ca30f1cd084461f886e480ce80a61accbc336e9bf4ea84ae9c5397afd629996184fb2a2e2e3a24c52e6ff51f801ce88ce66dac844a69191b666ad4513bb94bf60bea00d6fcdcac6f,gx-no-cache=1457439627611 HTTP/1.1" 200 41
192.168.10.89 - - [08/Mar/2016:09:24:41 -0300] "POST /cormun/servlet/solicitudot?gx-no-cache=1457439632375 HTTP/1.1" 200 30
192.168.10.89 - - [08/Mar/2016:09:24:43 -0300] "GET /cormun/servlet/prcontratosol?15995538,,,,,MD,,gxPopupLevel%3D0%3B HTTP/1.1" 200 5781
192.168.10.89 - - [08/Mar/2016:09:24:48 -0300] "POST /cormun/servlet/solicitudot?gx-no-cache=1457439639134 HTTP/1.1" 200 1170
192.168.10.89 - - [08/Mar/2016:09:24:48 -0300] "GET /cormun/servlet/solicitudot?b75c151e5b8331315d7552df1fd29abc12876568e980395fafcaae5366c17589fd71baf18df400fd8506cc105c0e85cd6e65d1f68a2afe191368b16bb1354cfb49a649f8f17dccc51b5cdcb03a2e87c00f52f85afca50b64ca30f1cd084461f886e480ce80a61accbc336e9bf4ea84ae9c5397afd629996184fb2a2e2e3a24c52e6ff51f801ce88ce66dac844a69191b666ad4513bb94bf60bea00d6fcdcac6f,gx-no-cache=1457439639169 HTTP/1.1" 200 41
192.168.10.89 - - [08/Mar/2016:09:24:48 -0300] "GET /cormun/servlet/solicitudot?b75c151e5b8331315d7552df1fd29abcda51869e1f9bda2de26a7150c423e6961972060cb497ce30841eac2b3352bf5bfb6fa5c08319ff0288844ae265c87c27e866c1d4302050e4c85d5a31d527fa431ab72c861d553e88c579b652b224fdf61dd27deb7264cc76badcb96f0807a7f2,gx-no-cache=1457439639190 HTTP/1.1" 200 29
192.168.10.89 - - [08/Mar/2016:09:24:48 -0300] "POST /cormun/servlet/solicitudot?gx-no-cache=1457439639210 HTTP/1.1" 200 1127
200.112.233.47 - - [08/Mar/2016:09:24:55 -0300] "POST /cormun/servlet/trsolicitudot?f8c99b820ba733162a16b5ad1d47f97e,gx-no-cache=1457438582031,gx-no-cache=1457439926046 HTTP/1.1" 200 5945
200.112.233.47 - - [08/Mar/2016:09:24:56 -0300] "POST /cormun/servlet/trsolicitudot?f8c99b820ba733162a16b5ad1d47f97e,gx-no-cache=1457438582031,gx-no-cache=1457439926625 HTTP/1.1" 200 5945
200.112.233.47 - - [08/Mar/2016:09:24:56 -0300] "POST /cormun/servlet/trsolicitudot?f8c99b820ba733162a16b5ad1d47f97e,gx-no-cache=1457438582031,gx-no-cache=1457439927062 HTTP/1.1" 200 5945
200.112.233.47 - - [08/Mar/2016:09:24:57 -0300] "POST /cormun/servlet/trsolicitudot?f8c99b820ba733162a16b5ad1d47f97e,gx-no-cache=1457438582031,gx-no-cache=1457439927437 HTTP/1.1" 200 5945
200.112.233.47 - - [08/Mar/2016:09:24:57 -0300] "POST /cormun/servlet/trsolicitudot?f8c99b820ba733162a16b5ad1d47f97e,gx-no-cache=1457438582031,gx-no-cache=1457439927875 HTTP/1.1" 200 5945
200.112.233.47 - - [08/Mar/2016:09:24:58 -0300] "POST /cormun/servlet/trsolicitudot?f8c99b820ba733162a16b5ad1d47f97e,gx-no-cache=1457438582031,gx-no-cache=1457439928328 HTTP/1.1" 200 5945
200.112.233.47 - - [08/Mar/2016:09:24:58 -0300] "POST /cormun/servlet/trsolicitudot?f8c99b820ba733162a16b5ad1d47f97e,gx-no-cache=1457438582031,gx-no-cache=1457439928843 HTTP/1.1" 200 5945
192.168.10.89 - - [08/Mar/2016:09:25:00 -0300] "GET /cormun/servlet/solicitudot?b75c151e5b8331315d7552df1fd29abc472d2ed5753a4d54ff0880be174f859f0d2b0d475fb134f8115d056090ebfb85bb2435c3365b864893c77d5f9258abd0d8b7ef25641684393138261556581b0927bcdb4110bde9d08349abccd40c3643a43f6f2a0aa463f4e79d7f5b6e3e914e4a6a1ddba3669105f73b2b1f0dd8d547cd862f5ea10cb9ccdceae20dc433418b1f89559a4f4d6c955a9cc8445c3eea31314d6fb52dcc6f74d4bd92c0251b0a68,gx-no-cache=1457439651010 HTTP/1.1" 200 30
192.168.10.89 - - [08/Mar/2016:09:25:00 -0300] "POST /cormun/servlet/solicitudot?4cbd11f5a8b391357855dbdcdd1713e4,UPD,2016,721,,gx-no-cache=1457439651054 HTTP/1.1" 200 93
192.168.10.89 - - [08/Mar/2016:09:25:00 -0300] "GET /cormun/servlet/hpexe_return? HTTP/1.1" 200 1010
192.168.10.89 - - [08/Mar/2016:09:25:01 -0300] "GET /cormun/servlet/trsolicitudot? HTTP/1.1" 200 8480
200.112.233.47 - - [08/Mar/2016:09:25:02 -0300] "POST /cormun/servlet/trsolicitudot?f8c99b820ba733162a16b5ad1d47f97e,gx-no-cache=1457438582031,gx-no-cache=1457439929359 HTTP/1.1" 200 104
200.112.233.47 - - [08/Mar/2016:09:25:02 -0300] "GET /cormun/servlet/solicitudot?UPD,2016,721, HTTP/1.1" 200 12697
200.112.233.47 - - [08/Mar/2016:09:25:04 -0300] "POST /cormun/servlet/solicitudot?gx-no-cache=1457439935234 HTTP/1.1" 200 2760
200.112.233.47 - - [08/Mar/2016:09:25:05 -0300] "POST /cormun/servlet/solicitudot?f8c99b820ba733162a16b5ad1d47f97e,UPD,2016,721,,gx-no-cache=1457439935515 HTTP/1.1" 200 9086
200.112.233.47 - - [08/Mar/2016:09:25:05 -0300] "GET /cormun/servlet/solicitudot?d55f9b885febc5e1b4b340143f81975b632454c22c3207cf447f9b68628a1e1260a0ea83d3823952eae92442355c675f,gx-no-cache=1457439935921 HTTP/1.1" 200 30
