186.103.157.246 - - [08/Mar/2016:11:19:46 -0300] "GET /cormun/static/Shared/jqueryui/images/ui-icons_8d78a5_256x240.png HTTP/1.1" 404 1089
186.103.157.246 - - [08/Mar/2016:11:19:46 -0300] "GET /cormun/static/Shared/jqueryui/images/ui-bg_flat_55_fafafa_40x100.png HTTP/1.1" 404 1097
186.103.157.246 - - [08/Mar/2016:11:19:46 -0300] "POST /cormun/servlet/trsolicitudot?c8128997cfd523b3e95ace2375db9884,,gx-no-cache=1457446818121 HTTP/1.1" 200 5563
186.78.50.182 - - [08/Mar/2016:11:23:22 -0300] "POST /cormun/servlet/solicitudot?gx-no-cache=1457447023223 HTTP/1.1" 440 972
186.78.50.182 - - [08/Mar/2016:11:23:24 -0300] "POST /cormun/servlet/solicitudot?adb0698bf292f601be0839b647edf9fd,INS,0,0,,gx-no-cache=1457447025877 HTTP/1.1" 440 972
186.78.50.182 - - [08/Mar/2016:11:23:25 -0300] "GET /cormun/servlet/solicitudot?INS,0,0, HTTP/1.1" 200 11048
186.78.50.182 - - [08/Mar/2016:11:23:26 -0300] "GET /cormun/servlet/solicitudot?b58b39f6f749ce1707b480f5e96d0232908fcdefa8ce554aa101afeb14f7e59f,gx-no-cache=1457447027135 HTTP/1.1" 440 972
186.78.50.182 - - [08/Mar/2016:11:23:26 -0300] "GET /cormun/servlet/solicitudot?INS,0,0, HTTP/1.1" 200 11048
186.78.50.182 - - [08/Mar/2016:11:23:28 -0300] "GET /cormun/servlet/hlogin HTTP/1.1" 200 1734
186.78.50.182 - - [08/Mar/2016:11:23:42 -0300] "POST /cormun/servlet/hlogin?50ed792a8560df606fa5d63995f99b8c,gx-no-cache=1457447043038 HTTP/1.1" 200 90
186.78.50.182 - - [08/Mar/2016:11:23:42 -0300] "GET /cormun/servlet/hpexe_link HTTP/1.1" 200 956
186.78.50.182 - - [08/Mar/2016:11:23:42 -0300] "GET /cormun/servlet/solicitudot?INS,0,0, HTTP/1.1" 200 11316
186.78.50.182 - - [08/Mar/2016:11:23:46 -0300] "POST /cormun/servlet/solicitudot?gx-no-cache=1457447046832 HTTP/1.1" 200 2668
186.78.50.182 - - [08/Mar/2016:11:23:46 -0300] "POST /cormun/servlet/solicitudot?50ed792a8560df606fa5d63995f99b8c,INS,0,0,,gx-no-cache=1457447047128 HTTP/1.1" 200 8004
186.78.50.182 - - [08/Mar/2016:11:23:46 -0300] "GET /cormun/servlet/solicitudot?424e0e71b3fa4bab1db991a1ed6dd8c2c028532fe6c8f7510dca0b44a9ed2e18,gx-no-cache=1457447047512 HTTP/1.1" 200 111
186.78.50.182 - - [08/Mar/2016:11:23:46 -0300] "GET /cormun/static/Shared/jqueryui/images/ui-icons_ebccce_256x240.png HTTP/1.1" 404 1089
186.78.50.182 - - [08/Mar/2016:11:23:46 -0300] "GET /cormun/static/Shared/jqueryui/images/ui-bg_flat_55_994d53_40x100.png HTTP/1.1" 404 1097
186.78.50.182 - - [08/Mar/2016:11:23:46 -0300] "GET /cormun/static/Shared/jqueryui/images/ui-icons_82798d_256x240.png HTTP/1.1" 404 1089
186.78.50.182 - - [08/Mar/2016:11:23:46 -0300] "GET /cormun/static/Shared/jqueryui/images/ui-bg_highlight-soft_100_c6c2c8_1x100.png HTTP/1.1" 404 1117
186.78.50.182 - - [08/Mar/2016:11:25:00 -0300] "POST /cormun/servlet/solicitudot?gx-no-cache=1457447121070 HTTP/1.1" 200 2668
186.78.50.182 - - [08/Mar/2016:11:25:00 -0300] "POST /cormun/servlet/solicitudot?50ed792a8560df606fa5d63995f99b8c,INS,0,0,,gx-no-cache=1457447121423 HTTP/1.1" 200 8054
186.103.157.246 - - [08/Mar/2016:11:25:12 -0300] "GET /cormun/servlet/hlogin HTTP/1.1" 200 1714
186.78.50.182 - - [08/Mar/2016:11:25:24 -0300] "POST /cormun/servlet/solicitudot?gx-no-cache=1457447145292 HTTP/1.1" 200 2670
186.78.50.182 - - [08/Mar/2016:11:25:25 -0300] "POST /cormun/servlet/solicitudot?50ed792a8560df606fa5d63995f99b8c,INS,0,0,,gx-no-cache=1457447145693 HTTP/1.1" 200 8107
186.103.157.246 - - [08/Mar/2016:11:25:41 -0300] "POST /cormun/servlet/hlogin?92c91d6d2fd0cddb1a7bffb1f30fe6b3,gx-no-cache=1457447202034 HTTP/1.1" 200 423
186.103.157.246 - - [08/Mar/2016:11:25:58 -0300] "POST /cormun/servlet/hlogin?92c91d6d2fd0cddb1a7bffb1f30fe6b3,gx-no-cache=1457447218362 HTTP/1.1" 200 423
186.78.50.182 - - [08/Mar/2016:11:26:17 -0300] "POST /cormun/servlet/solicitudot?gx-no-cache=1457447197645 HTTP/1.1" 200 2670
186.78.50.182 - - [08/Mar/2016:11:26:17 -0300] "POST /cormun/servlet/solicitudot?50ed792a8560df606fa5d63995f99b8c,INS,0,0,,gx-no-cache=1457447198173 HTTP/1.1" 200 8161
186.78.50.182 - - [08/Mar/2016:11:26:17 -0300] "GET /cormun/servlet/solicitudot?424e0e71b3fa4bab1db991a1ed6dd8c24c676c241533193ab7a983478e3c745e9211aea45ed3e000aed5aa23e0636cd8,gx-no-cache=1457447198647 HTTP/1.1" 200 30
186.103.157.246 - - [08/Mar/2016:11:26:19 -0300] "POST /cormun/servlet/hlogin?92c91d6d2fd0cddb1a7bffb1f30fe6b3,gx-no-cache=1457447239849 HTTP/1.1" 200 423
186.103.157.246 - - [08/Mar/2016:11:26:43 -0300] "POST /cormun/servlet/hlogin?92c91d6d2fd0cddb1a7bffb1f30fe6b3,gx-no-cache=1457447264088 HTTP/1.1" 200 90
186.103.157.246 - - [08/Mar/2016:11:26:43 -0300] "GET /cormun/servlet/hpexe_link HTTP/1.1" 200 944
186.103.157.246 - - [08/Mar/2016:11:26:44 -0300] "GET /cormun/servlet/hhome HTTP/1.1" 200 3407
186.103.157.246 - - [08/Mar/2016:11:26:52 -0300] "GET /cormun/servlet/trautorizarsolicitud? HTTP/1.1" 200 6109
186.103.157.246 - - [08/Mar/2016:11:27:04 -0300] "GET /cormun/static/menuarrow.gif HTTP/1.1" 404 1015
186.103.157.246 - - [08/Mar/2016:11:27:12 -0300] "POST /cormun/servlet/trautorizarsolicitud?92c91d6d2fd0cddb1a7bffb1f30fe6b3,,gx-no-cache=1457447292599 HTTP/1.1" 200 5437
186.103.157.246 - - [08/Mar/2016:11:27:12 -0300] "GET /cormun//static/Resources/PXToolsRemoveAllAction.png HTTP/1.1" 200 3558
186.103.157.246 - - [08/Mar/2016:11:27:12 -0300] "GET /cormun//static/Resources/PXToolsGridDelete.png HTTP/1.1" 200 357
186.103.157.246 - - [08/Mar/2016:11:27:12 -0300] "GET /cormun//static/Resources/PXToolsActionView.png HTTP/1.1" 200 2995
186.103.157.246 - - [08/Mar/2016:11:27:12 -0300] "GET /cormun//static/Resources/PXToolsGridUpdate.png HTTP/1.1" 200 2984
186.103.157.246 - - [08/Mar/2016:11:27:12 -0300] "GET /cormun//static/Resources/PXTools/ActionInsert.png HTTP/1.1" 200 1482
186.103.157.246 - - [08/Mar/2016:11:27:13 -0300] "POST /cormun/servlet/trautorizarsolicitud?92c91d6d2fd0cddb1a7bffb1f30fe6b3,,gx-no-cache=1457447293293 HTTP/1.1" 200 5436
186.103.157.246 - - [08/Mar/2016:11:28:01 -0300] "POST /cormun/servlet/trautorizarsolicitud?92c91d6d2fd0cddb1a7bffb1f30fe6b3,,gx-no-cache=1457447341224 HTTP/1.1" 200 5434
186.103.157.246 - - [08/Mar/2016:11:28:01 -0300] "POST /cormun/servlet/trautorizarsolicitud?92c91d6d2fd0cddb1a7bffb1f30fe6b3,,gx-no-cache=1457447341757 HTTP/1.1" 200 5433
186.103.157.246 - - [08/Mar/2016:11:28:02 -0300] "POST /cormun/servlet/trautorizarsolicitud?92c91d6d2fd0cddb1a7bffb1f30fe6b3,,gx-no-cache=1457447342450 HTTP/1.1" 200 5433
186.103.157.246 - - [08/Mar/2016:11:28:02 -0300] "POST /cormun/servlet/trautorizarsolicitud?92c91d6d2fd0cddb1a7bffb1f30fe6b3,,gx-no-cache=1457447343161 HTTP/1.1" 200 5433
186.103.157.246 - - [08/Mar/2016:11:28:03 -0300] "POST /cormun/servlet/trautorizarsolicitud?92c91d6d2fd0cddb1a7bffb1f30fe6b3,,gx-no-cache=1457447343865 HTTP/1.1" 200 5433
186.103.157.246 - - [08/Mar/2016:11:28:07 -0300] "POST /cormun/servlet/trautorizarsolicitud?92c91d6d2fd0cddb1a7bffb1f30fe6b3,,gx-no-cache=1457447344948 HTTP/1.1" 200 5207
186.103.157.246 - - [08/Mar/2016:11:28:08 -0300] "POST /cormun/servlet/trautorizarsolicitud?92c91d6d2fd0cddb1a7bffb1f30fe6b3,,gx-no-cache=1457447348769 HTTP/1.1" 200 5152
186.103.157.246 - - [08/Mar/2016:11:28:09 -0300] "GET /cormun/static/Shared/jqueryui/images/ui-bg_highlight-soft_100_c6c2c8_1x100.png HTTP/1.1" 404 1117
186.103.157.246 - - [08/Mar/2016:11:28:09 -0300] "GET /cormun/static/Shared/jqueryui/images/ui-icons_82798d_256x240.png HTTP/1.1" 404 1089
186.103.157.246 - - [08/Mar/2016:11:28:09 -0300] "GET /cormun/static/Shared/jqueryui/images/ui-bg_flat_55_fafafa_40x100.png HTTP/1.1" 404 1097
186.103.157.246 - - [08/Mar/2016:11:28:09 -0300] "GET /cormun/static/Shared/jqueryui/images/ui-icons_8d78a5_256x240.png HTTP/1.1" 404 1089
186.103.157.246 - - [08/Mar/2016:11:28:10 -0300] "POST /cormun/servlet/trautorizarsolicitud?92c91d6d2fd0cddb1a7bffb1f30fe6b3,,gx-no-cache=1457447350900 HTTP/1.1" 200 5175
186.103.157.246 - - [08/Mar/2016:11:28:11 -0300] "POST /cormun/servlet/trautorizarsolicitud?92c91d6d2fd0cddb1a7bffb1f30fe6b3,,gx-no-cache=1457447351749 HTTP/1.1" 200 5174
186.103.157.246 - - [08/Mar/2016:11:28:12 -0300] "POST /cormun/servlet/trautorizarsolicitud?92c91d6d2fd0cddb1a7bffb1f30fe6b3,,gx-no-cache=1457447352731 HTTP/1.1" 200 5174
186.103.157.246 - - [08/Mar/2016:11:28:13 -0300] "POST /cormun/servlet/trautorizarsolicitud?92c91d6d2fd0cddb1a7bffb1f30fe6b3,,gx-no-cache=1457447353774 HTTP/1.1" 200 5175
186.103.157.246 - - [08/Mar/2016:11:28:23 -0300] "POST /cormun/servlet/trautorizarsolicitud?92c91d6d2fd0cddb1a7bffb1f30fe6b3,,gx-no-cache=1457447364042 HTTP/1.1" 200 4934
186.103.157.246 - - [08/Mar/2016:11:28:25 -0300] "POST /cormun/servlet/trautorizarsolicitud?92c91d6d2fd0cddb1a7bffb1f30fe6b3,,gx-no-cache=1457447365527 HTTP/1.1" 200 4879
186.103.157.246 - - [08/Mar/2016:11:28:29 -0300] "POST /cormun/servlet/trautorizarsolicitud?92c91d6d2fd0cddb1a7bffb1f30fe6b3,,gx-no-cache=1457447369594 HTTP/1.1" 200 3593
186.103.157.246 - - [08/Mar/2016:11:28:30 -0300] "POST /cormun/servlet/trautorizarsolicitud?92c91d6d2fd0cddb1a7bffb1f30fe6b3,,gx-no-cache=1457447370964 HTTP/1.1" 200 3441
186.103.157.246 - - [08/Mar/2016:11:29:23 -0300] "GET /cormun/static/Shared/jqueryui/images/ui-bg_highlight-soft_100_eae6ea_1x100.png HTTP/1.1" 404 1117
186.103.159.44 - - [08/Mar/2016:11:29:48 -0300] "GET /cormun/servlet/solicitudot?INS,0,0, HTTP/1.1" 200 11054
186.103.159.44 - - [08/Mar/2016:11:29:49 -0300] "GET /cormun/servlet/hlogin HTTP/1.1" 200 1743
186.78.50.182 - - [08/Mar/2016:11:30:10 -0300] "POST /cormun/servlet/solicitudot?gx-no-cache=1457447430898 HTTP/1.1" 200 30
186.103.159.44 - - [08/Mar/2016:11:30:53 -0300] "POST /cormun/servlet/hlogin?a1d39bde8f031b5f4a2edfacfbb3372e,gx-no-cache=1457447452474 HTTP/1.1" 200 90
186.103.159.44 - - [08/Mar/2016:11:30:53 -0300] "GET /cormun/servlet/hpexe_link HTTP/1.1" 200 963
186.103.159.44 - - [08/Mar/2016:11:30:53 -0300] "GET /cormun/servlet/solicitudot?INS,0,0, HTTP/1.1" 200 11279
186.103.159.44 - - [08/Mar/2016:11:31:58 -0300] "POST /cormun/servlet/solicitudot?gx-no-cache=1457447517694 HTTP/1.1" 200 2774
186.103.159.44 - - [08/Mar/2016:11:31:59 -0300] "POST /cormun/servlet/solicitudot?a1d39bde8f031b5f4a2edfacfbb3372e,INS,0,0,,gx-no-cache=1457447517887 HTTP/1.1" 200 8112
186.103.159.44 - - [08/Mar/2016:11:31:59 -0300] "GET /cormun/servlet/solicitudot?82f66255906b47d33bdb12e4cc1b9e855f8059cbb0efd43ab3a2c08e118531b4e54b6f13e2aa5be5c7484f1b887a2240,gx-no-cache=1457447518306 HTTP/1.1" 200 30
186.103.159.44 - - [08/Mar/2016:11:32:12 -0300] "POST /cormun/servlet/solicitudot?gx-no-cache=1457447531688 HTTP/1.1" 200 30
186.103.159.44 - - [08/Mar/2016:11:32:18 -0300] "POST /cormun/servlet/solicitudot?gx-no-cache=1457447537133 HTTP/1.1" 200 30
186.78.50.182 - - [08/Mar/2016:11:32:32 -0300] "POST /cormun/servlet/solicitudot?gx-no-cache=1457447573384 HTTP/1.1" 200 30
186.78.50.182 - - [08/Mar/2016:11:32:35 -0300] "POST /cormun/servlet/solicitudot?gx-no-cache=1457447576282 HTTP/1.1" 200 452
186.78.50.182 - - [08/Mar/2016:11:32:35 -0300] "GET /cormun/servlet/solicitudot?424e0e71b3fa4bab1db991a1ed6dd8c2604a4f612f650d6b051752dbba081b77a3d60d8928e3414acd5f8c86e7212302afb1e849ba215279e39706596964bb48289eac43c0051ff6d1eabb9ee824223e59ca43e538174b16333291b3f125526f99466c85f7478a89c712c7d9b4a518029cefcd180e2da74681c70fb1f0d74c1436b0320af75fe27ad5fea7c7d6311d7f,gx-no-cache=1457447576411 HTTP/1.1" 200 38
186.78.50.182 - - [08/Mar/2016:11:33:57 -0300] "POST /cormun/servlet/solicitudot?gx-no-cache=1457447658579 HTTP/1.1" 200 30
186.78.50.182 - - [08/Mar/2016:11:33:57 -0300] "POST /cormun/servlet/solicitudot?gx-no-cache=1457447658849 HTTP/1.1" 200 452
186.78.50.182 - - [08/Mar/2016:11:33:58 -0300] "GET /cormun/servlet/solicitudot?424e0e71b3fa4bab1db991a1ed6dd8c2604a4f612f650d6b051752dbba081b77a3d60d8928e3414acd5f8c86e7212302afb1e849ba215279e39706596964bb48289eac43c0051ff6d1eabb9ee824223e59ca43e538174b16333291b3f125526f99466c85f7478a89c712c7d9b4a518029cefcd180e2da74681c70fb1f0d74c1436b0320af75fe27ad5fea7c7d6311d7f,gx-no-cache=1457447658976 HTTP/1.1" 200 38
186.78.50.182 - - [08/Mar/2016:11:33:58 -0300] "GET /cormun/servlet/solicitudot?424e0e71b3fa4bab1db991a1ed6dd8c2f5b0983fe0b523200af9a4d703af49be98c56e7c7243765be74c07a4c14da11d9f155016011e69862d2c78bade5cb98ccfb93f3bf407c54b48186482e23e875389b83ec6a4f7ca7a8f144daff06e320be5bb78d90ce8be7ff8e666ce7e8dd98d,gx-no-cache=1457447659043 HTTP/1.1" 200 29
186.78.50.182 - - [08/Mar/2016:11:33:58 -0300] "POST /cormun/servlet/solicitudot?gx-no-cache=1457447659191 HTTP/1.1" 200 404
186.78.50.182 - - [08/Mar/2016:11:34:01 -0300] "GET /cormun/static/menuarrow.gif HTTP/1.1" 404 1015
186.103.159.189 - - [08/Mar/2016:11:34:12 -0300] "GET /cormun/servlet/hlogin HTTP/1.1" 200 1724
186.103.159.189 - - [08/Mar/2016:11:34:12 -0300] "GET /cormun/static/Resources/Spanish/PXTools.css?005343 HTTP/1.1" 304 -
186.103.159.189 - - [08/Mar/2016:11:34:12 -0300] "GET /cormun/static/hlogin.js?20151120045126 HTTP/1.1" 304 -
186.103.159.189 - - [08/Mar/2016:11:34:12 -0300] "GET /cormun/static/messages.spa.js?85251 HTTP/1.1" 304 -
186.103.159.189 - - [08/Mar/2016:11:34:12 -0300] "GET /cormun/static/gxcfg.js?20151120045111 HTTP/1.1" 304 -
186.103.159.189 - - [08/Mar/2016:11:34:13 -0300] "GET /cormun/servlet/hlogin HTTP/1.1" 200 1734
186.103.159.189 - - [08/Mar/2016:11:34:24 -0300] "POST /cormun/servlet/hlogin?958f8778cdf31f428fcd60b0149d391a,gx-no-cache=1457447688429 HTTP/1.1" 200 90
186.103.159.189 - - [08/Mar/2016:11:34:24 -0300] "GET /cormun/servlet/hpexe_link HTTP/1.1" 200 955
186.103.159.189 - - [08/Mar/2016:11:34:24 -0300] "GET /cormun/static/gxcfg.js?20151120044395 HTTP/1.1" 304 -
186.103.159.189 - - [08/Mar/2016:11:34:24 -0300] "GET /cormun/static/hpexe_link.js?20151120044398 HTTP/1.1" 304 -
186.103.159.189 - - [08/Mar/2016:11:34:24 -0300] "GET /cormun/servlet/hhome HTTP/1.1" 200 3435
186.103.159.189 - - [08/Mar/2016:11:34:24 -0300] "GET /cormun/static/Resources/Spanish/PXTools.css?10515224 HTTP/1.1" 304 -
186.103.159.189 - - [08/Mar/2016:11:34:24 -0300] "GET /cormun/static/gxcfg.js?2015112210564248 HTTP/1.1" 304 -
186.103.159.189 - - [08/Mar/2016:11:34:24 -0300] "GET /cormun/static/hwchdr01.js?20162241650484 HTTP/1.1" 304 -
186.103.159.189 - - [08/Mar/2016:11:34:24 -0300] "GET /cormun/static/hhome.js?2015112210564255 HTTP/1.1" 304 -
186.103.159.189 - - [08/Mar/2016:11:34:24 -0300] "GET /cormun/static/hpexe_recentlink.js?2015111312121342 HTTP/1.1" 304 -
186.103.159.189 - - [08/Mar/2016:11:34:24 -0300] "GET /cormun/static/hpexe_messagecontroller.js?2015112210524422 HTTP/1.1" 304 -
186.103.159.189 - - [08/Mar/2016:11:34:24 -0300] "GET /cormun/static/hpexe_scripts.js?20151120014546 HTTP/1.1" 304 -
186.103.159.189 - - [08/Mar/2016:11:34:24 -0300] "GET /cormun/static/hpexe_messagepopupcomponent.js?20163219454551 HTTP/1.1" 304 -
186.103.159.189 - - [08/Mar/2016:11:34:25 -0300] "GET /cormun/static/hpexe_messagegenexuscomponent.js?20151120014314 HTTP/1.1" 304 -
186.103.159.189 - - [08/Mar/2016:11:34:25 -0300] "GET /cormun/static/cmcontrolpreferences.js?20151120014525 HTTP/1.1" 304 -
186.103.159.189 - - [08/Mar/2016:11:34:25 -0300] "GET /cormun/static/hmpwkw03.js?2016311993330 HTTP/1.1" 304 -
186.103.159.189 - - [08/Mar/2016:11:34:27 -0300] "GET /cormun/servlet/hhome HTTP/1.1" 200 3432
186.78.50.182 - - [08/Mar/2016:11:34:33 -0300] "GET /cormun/servlet/solicitudot?424e0e71b3fa4bab1db991a1ed6dd8c2645da7c99cd54b277d294de12eb8aaeed2f271f5d529ae77d7502f5e8b623d80b8cc5c29ac3f24e5f1391e323de0e02113c54142f00516e69fadefab4c35efb0f95ef2b932268b463d72b23dd3076033a3201d0f37ed686741add9ede859242cf05d674113648dd0826d5580064e026bc26fa43d35191541fa90dbb3f8f019ad4ea7eec48de50441a75155d08a0e34bd,gx-no-cache=1457447694719 HTTP/1.1" 200 30
186.103.159.189 - - [08/Mar/2016:11:34:48 -0300] "GET /cormun/servlet/trsolicitudot? HTTP/1.1" 200 6196
186.103.159.189 - - [08/Mar/2016:11:34:48 -0300] "GET /cormun/static/Resources/Spanish/PXTools.css?18502099 HTTP/1.1" 304 -
186.103.159.189 - - [08/Mar/2016:11:34:48 -0300] "GET /cormun/static/gxcfg.js?201631185636 HTTP/1.1" 304 -
186.103.159.189 - - [08/Mar/2016:11:34:48 -0300] "GET /cormun/static/trsolicitudot.js?2016311856838 HTTP/1.1" 304 -
186.103.159.189 - - [08/Mar/2016:11:34:51 -0300] "GET /cormun/servlet/trsolicitudot? HTTP/1.1" 200 6195
186.103.156.211 - - [08/Mar/2016:11:35:05 -0300] "POST /cormun/servlet/solicitudot?42249395b5744c70cd9e93bee28ffc08,INS,0,0,,gx-no-cache=1457447749017 HTTP/1.1" 200 8579
186.103.156.211 - - [08/Mar/2016:11:35:05 -0300] "GET /cormun/static/Shared/jqueryui/images/ui-bg_highlight-soft_100_c6c2c8_1x100.png HTTP/1.1" 404 1117
186.103.156.211 - - [08/Mar/2016:11:35:05 -0300] "GET /cormun/static/Shared/jqueryui/images/ui-icons_82798d_256x240.png HTTP/1.1" 404 1089
186.103.156.211 - - [08/Mar/2016:11:35:05 -0300] "GET /cormun/static/Shared/jqueryui/images/ui-icons_ebccce_256x240.png HTTP/1.1" 404 1089
186.103.156.211 - - [08/Mar/2016:11:35:05 -0300] "GET /cormun/static/Shared/jqueryui/images/ui-bg_flat_55_994d53_40x100.png HTTP/1.1" 404 1097
186.103.159.189 - - [08/Mar/2016:11:35:18 -0300] "POST /cormun/servlet/trsolicitudot?958f8778cdf31f428fcd60b0149d391a,,gx-no-cache=1457447742981 HTTP/1.1" 200 3489
186.103.159.189 - - [08/Mar/2016:11:35:19 -0300] "POST /cormun/servlet/trsolicitudot?958f8778cdf31f428fcd60b0149d391a,,gx-no-cache=1457447743365 HTTP/1.1" 200 3488
186.103.159.189 - - [08/Mar/2016:11:35:19 -0300] "POST /cormun/servlet/trsolicitudot?958f8778cdf31f428fcd60b0149d391a,,gx-no-cache=1457447743625 HTTP/1.1" 200 3487
186.103.159.189 - - [08/Mar/2016:11:35:19 -0300] "POST /cormun/servlet/trsolicitudot?958f8778cdf31f428fcd60b0149d391a,,gx-no-cache=1457447743911 HTTP/1.1" 200 3488
186.103.159.189 - - [08/Mar/2016:11:35:34 -0300] "POST /cormun/servlet/trsolicitudot?958f8778cdf31f428fcd60b0149d391a,,gx-no-cache=1457447758376 HTTP/1.1" 200 5247
186.103.159.189 - - [08/Mar/2016:11:35:34 -0300] "GET /cormun/servlet/trsolicitudot?85e912bd1540079404fb30a414d7b7d415a26be999cef62468eda4044f1852b5dac6cef10ed890a781acfdce6c4a5092fc2fba4e6e589c34a898edb5ed0d7d3634ee8a22cb08921da10fcb799202c592,gx-no-cache=1457447759027 HTTP/1.1" 200 2595
191.112.63.77 - - [08/Mar/2016:11:35:38 -0300] "POST /cormun/servlet/trsolicitudot?25939e7f1997abcddc03a9753871803f,gx-no-cache=1457445217766,gx-no-cache=1457447760064 HTTP/1.1" 200 7640
191.112.63.77 - - [08/Mar/2016:11:35:39 -0300] "POST /cormun/servlet/trsolicitudot?25939e7f1997abcddc03a9753871803f,gx-no-cache=1457445217766,gx-no-cache=1457447761197 HTTP/1.1" 200 7640
191.112.63.77 - - [08/Mar/2016:11:35:40 -0300] "POST /cormun/servlet/trautorizarsolicitud?b6d9199262a93250533ead6ee677639c,gx-no-cache=1457447560618 HTTP/1.1" 440 972
191.112.63.77 - - [08/Mar/2016:11:35:40 -0300] "POST /cormun/servlet/trsolicitudot?25939e7f1997abcddc03a9753871803f,gx-no-cache=1457445217766,gx-no-cache=1457447762439 HTTP/1.1" 200 7640
191.112.63.77 - - [08/Mar/2016:11:35:41 -0300] "POST /cormun/servlet/trsolicitudot?25939e7f1997abcddc03a9753871803f,gx-no-cache=1457445217766,gx-no-cache=1457447763533 HTTP/1.1" 200 7640
191.112.63.77 - - [08/Mar/2016:11:35:42 -0300] "POST /cormun/servlet/trsolicitudot?25939e7f1997abcddc03a9753871803f,gx-no-cache=1457445217766,gx-no-cache=1457447764707 HTTP/1.1" 200 7640
191.112.63.77 - - [08/Mar/2016:11:35:44 -0300] "POST /cormun/servlet/trsolicitudot?25939e7f1997abcddc03a9753871803f,gx-no-cache=1457445217766,gx-no-cache=1457447765889 HTTP/1.1" 200 7640
191.112.63.77 - - [08/Mar/2016:11:35:44 -0300] "GET /cormun/servlet/trautorizarsolicitud HTTP/1.1" 200 5765
191.112.63.77 - - [08/Mar/2016:11:35:45 -0300] "POST /cormun/servlet/trsolicitudot?25939e7f1997abcddc03a9753871803f,gx-no-cache=1457445217766,gx-no-cache=1457447767140 HTTP/1.1" 200 7640
191.112.63.77 - - [08/Mar/2016:11:35:46 -0300] "POST /cormun/servlet/trsolicitudot?25939e7f1997abcddc03a9753871803f,gx-no-cache=1457445217766,gx-no-cache=1457447768498 HTTP/1.1" 200 105
191.112.63.77 - - [08/Mar/2016:11:35:47 -0300] "GET /cormun/servlet/trautorizarsolicitud HTTP/1.1" 200 5765
191.112.63.77 - - [08/Mar/2016:11:35:47 -0300] "GET /cormun/servlet/solicitudot?DLT,2016,709, HTTP/1.1" 200 8455
191.112.63.77 - - [08/Mar/2016:11:35:47 -0300] "GET /cormun/servlet/hlogin HTTP/1.1" 200 1737
191.112.63.77 - - [08/Mar/2016:11:35:50 -0300] "GET /cormun/static/Shared/jqueryui/images/ui-bg_highlight-soft_100_c6c2c8_1x100.png HTTP/1.1" 404 1117
191.112.63.77 - - [08/Mar/2016:11:35:50 -0300] "GET /cormun/static/Shared/jqueryui/images/ui-icons_82798d_256x240.png HTTP/1.1" 404 1089
191.112.63.77 - - [08/Mar/2016:11:35:50 -0300] "GET /cormun/static/Shared/jqueryui/images/ui-bg_flat_55_fafafa_40x100.png HTTP/1.1" 404 1097
191.112.63.77 - - [08/Mar/2016:11:35:50 -0300] "GET /cormun/static/Shared/jqueryui/images/ui-icons_8d78a5_256x240.png HTTP/1.1" 404 1089
191.112.63.77 - - [08/Mar/2016:11:35:50 -0300] "GET /cormun/servlet/solicitudot?DLT,2016,709, HTTP/1.1" 200 8443
191.112.63.77 - - [08/Mar/2016:11:35:52 -0300] "POST /cormun/servlet/solicitudot?25939e7f1997abcddc03a9753871803f,DLT,2016,709,,gx-no-cache=1457447774514 HTTP/1.1" 200 93
191.112.63.77 - - [08/Mar/2016:11:35:52 -0300] "GET /cormun/servlet/hpexe_return? HTTP/1.1" 200 1040
191.112.63.77 - - [08/Mar/2016:11:35:53 -0300] "GET /cormun/servlet/trsolicitudot?gx-no-cache=1457445217766 HTTP/1.1" 200 9897
186.103.159.189 - - [08/Mar/2016:11:35:53 -0300] "GET /cormun/servlet/solicitudot?INS,0,0, HTTP/1.1" 200 11443
186.103.159.189 - - [08/Mar/2016:11:35:53 -0300] "GET /cormun/static/gxcfg.js?20163219435133 HTTP/1.1" 304 -
186.103.159.189 - - [08/Mar/2016:11:35:53 -0300] "GET /cormun/static/Resources/Spanish/PXTools.css?1944839 HTTP/1.1" 304 -
186.103.159.189 - - [08/Mar/2016:11:35:53 -0300] "GET /cormun/static/solicitudot.js?20163219435183 HTTP/1.1" 304 -
191.112.63.77 - - [08/Mar/2016:11:35:55 -0300] "GET /cormun/servlet/trsolicitudot?gx-no-cache=1457445217766 HTTP/1.1" 200 9914
186.103.159.189 - - [08/Mar/2016:11:35:56 -0300] "GET /cormun/servlet/solicitudot?INS,0,0, HTTP/1.1" 200 11448
191.112.95.41 - - [08/Mar/2016:11:36:04 -0300] "GET /cormun/servlet/hlogin HTTP/1.1" 200 1725
191.112.95.41 - - [08/Mar/2016:11:36:04 -0300] "GET /cormun/static/Resources/Spanish/PXTools.css?005343 HTTP/1.1" 304 -
191.112.95.41 - - [08/Mar/2016:11:36:04 -0300] "GET /cormun/static/gxcfg.js?20151120045111 HTTP/1.1" 304 -
191.112.95.41 - - [08/Mar/2016:11:36:04 -0300] "GET /cormun/static/messages.spa.js?85251 HTTP/1.1" 304 -
191.112.95.41 - - [08/Mar/2016:11:36:04 -0300] "GET /cormun/static/hlogin.js?20151120045126 HTTP/1.1" 304 -
191.112.63.77 - - [08/Mar/2016:11:36:05 -0300] "POST /cormun/servlet/trsolicitudot?25939e7f1997abcddc03a9753871803f,gx-no-cache=1457445217766,gx-no-cache=1457447787862 HTTP/1.1" 200 7362
191.112.63.77 - - [08/Mar/2016:11:36:06 -0300] "POST /cormun/servlet/hlogin?ab757eec88814e85fd608bdad648ded8,gx-no-cache=1457447586729 HTTP/1.1" 200 90
191.112.63.77 - - [08/Mar/2016:11:36:06 -0300] "GET /cormun/servlet/hpexe_link HTTP/1.1" 200 960
191.112.63.77 - - [08/Mar/2016:11:36:06 -0300] "GET /cormun/servlet/trautorizarsolicitud HTTP/1.1" 200 6256
191.112.63.77 - - [08/Mar/2016:11:36:07 -0300] "POST /cormun/servlet/trsolicitudot?25939e7f1997abcddc03a9753871803f,gx-no-cache=1457445217766,gx-no-cache=1457447788881 HTTP/1.1" 200 7362
191.112.63.77 - - [08/Mar/2016:11:36:08 -0300] "POST /cormun/servlet/trsolicitudot?25939e7f1997abcddc03a9753871803f,gx-no-cache=1457445217766,gx-no-cache=1457447789875 HTTP/1.1" 200 7362
191.112.63.77 - - [08/Mar/2016:11:36:08 -0300] "GET /cormun/servlet/trautorizarsolicitud HTTP/1.1" 200 6255
191.112.63.77 - - [08/Mar/2016:11:36:09 -0300] "POST /cormun/servlet/trsolicitudot?25939e7f1997abcddc03a9753871803f,gx-no-cache=1457445217766,gx-no-cache=1457447790940 HTTP/1.1" 200 7362
191.112.63.77 - - [08/Mar/2016:11:36:10 -0300] "POST /cormun/servlet/trsolicitudot?25939e7f1997abcddc03a9753871803f,gx-no-cache=1457445217766,gx-no-cache=1457447792014 HTTP/1.1" 200 7362
191.112.95.41 - - [08/Mar/2016:11:36:10 -0300] "POST /cormun/servlet/hlogin?f02d9a7a88ef24b966c1d052f930e290,gx-no-cache=1457447796573 HTTP/1.1" 200 90
191.112.95.41 - - [08/Mar/2016:11:36:10 -0300] "GET /cormun/servlet/hpexe_link HTTP/1.1" 200 951
191.112.95.41 - - [08/Mar/2016:11:36:10 -0300] "GET /cormun/static/gxcfg.js?20151120044395 HTTP/1.1" 304 -
191.112.95.41 - - [08/Mar/2016:11:36:10 -0300] "GET /cormun/static/hpexe_link.js?20151120044398 HTTP/1.1" 304 -
191.112.95.41 - - [08/Mar/2016:11:36:10 -0300] "GET /cormun/servlet/hhome HTTP/1.1" 200 3447
191.112.95.41 - - [08/Mar/2016:11:36:10 -0300] "GET /cormun/static/Resources/Spanish/PXTools.css?10515224 HTTP/1.1" 304 -
191.112.95.41 - - [08/Mar/2016:11:36:10 -0300] "GET /cormun/static/gxcfg.js?2015112210564248 HTTP/1.1" 304 -
191.112.95.41 - - [08/Mar/2016:11:36:10 -0300] "GET /cormun/static/hhome.js?2015112210564255 HTTP/1.1" 304 -
191.112.95.41 - - [08/Mar/2016:11:36:10 -0300] "GET /cormun/static/hwchdr01.js?20162241650484 HTTP/1.1" 304 -
191.112.95.41 - - [08/Mar/2016:11:36:10 -0300] "GET /cormun/static/hpexe_recentlink.js?2015111312121342 HTTP/1.1" 304 -
191.112.95.41 - - [08/Mar/2016:11:36:10 -0300] "GET /cormun/static/hpexe_scripts.js?20151120014546 HTTP/1.1" 304 -
191.112.95.41 - - [08/Mar/2016:11:36:10 -0300] "GET /cormun/static/hpexe_messagecontroller.js?2015112210524422 HTTP/1.1" 304 -
191.112.95.41 - - [08/Mar/2016:11:36:10 -0300] "GET /cormun/static/hpexe_messagegenexuscomponent.js?20151120014314 HTTP/1.1" 304 -
191.112.95.41 - - [08/Mar/2016:11:36:10 -0300] "GET /cormun/static/hpexe_messagepopupcomponent.js?20163219454551 HTTP/1.1" 304 -
191.112.95.41 - - [08/Mar/2016:11:36:10 -0300] "GET /cormun/static/cmcontrolpreferences.js?20151120014525 HTTP/1.1" 304 -
191.112.95.41 - - [08/Mar/2016:11:36:10 -0300] "GET /cormun/static/hmpwkw03.js?2016311993330 HTTP/1.1" 304 -
191.112.95.41 - - [08/Mar/2016:11:36:11 -0300] "GET /cormun/servlet/hhome HTTP/1.1" 200 3443
191.112.63.77 - - [08/Mar/2016:11:36:11 -0300] "POST /cormun/servlet/trsolicitudot?25939e7f1997abcddc03a9753871803f,gx-no-cache=1457445217766,gx-no-cache=1457447793137 HTTP/1.1" 200 7362
191.112.63.77 - - [08/Mar/2016:11:36:12 -0300] "POST /cormun/servlet/trsolicitudot?25939e7f1997abcddc03a9753871803f,gx-no-cache=1457445217766,gx-no-cache=1457447794281 HTTP/1.1" 200 7362
191.112.63.77 - - [08/Mar/2016:11:36:13 -0300] "POST /cormun/servlet/trsolicitudot?25939e7f1997abcddc03a9753871803f,gx-no-cache=1457445217766,gx-no-cache=1457447795488 HTTP/1.1" 200 105
191.112.63.77 - - [08/Mar/2016:11:36:13 -0300] "GET /cormun/static/menuarrow.gif HTTP/1.1" 404 1015
191.112.63.77 - - [08/Mar/2016:11:36:14 -0300] "GET /cormun/servlet/solicitudot?DLT,2016,708, HTTP/1.1" 200 8456
191.112.63.77 - - [08/Mar/2016:11:36:16 -0300] "GET /cormun/servlet/solicitudot?DLT,2016,708, HTTP/1.1" 200 8442
191.112.95.41 - - [08/Mar/2016:11:36:18 -0300] "GET /cormun/servlet/hlogin HTTP/1.1" 200 1725
191.112.63.77 - - [08/Mar/2016:11:36:19 -0300] "POST /cormun/servlet/solicitudot?25939e7f1997abcddc03a9753871803f,DLT,2016,708,,gx-no-cache=1457447801241 HTTP/1.1" 200 93
191.112.63.77 - - [08/Mar/2016:11:36:19 -0300] "GET /cormun/servlet/hpexe_return? HTTP/1.1" 200 1040
186.103.159.189 - - [08/Mar/2016:11:36:19 -0300] "POST /cormun/servlet/solicitudot?gx-no-cache=1457447803887 HTTP/1.1" 200 2668
191.112.63.77 - - [08/Mar/2016:11:36:19 -0300] "GET /cormun/servlet/trsolicitudot?gx-no-cache=1457445217766 HTTP/1.1" 200 9540
186.103.159.189 - - [08/Mar/2016:11:36:20 -0300] "POST /cormun/servlet/solicitudot?958f8778cdf31f428fcd60b0149d391a,INS,0,0,,gx-no-cache=1457447804170 HTTP/1.1" 200 8273
191.112.63.77 - - [08/Mar/2016:11:36:20 -0300] "POST /cormun/servlet/trautorizarsolicitud?ab757eec88814e85fd608bdad648ded8,gx-no-cache=1457447600776 HTTP/1.1" 200 9076
191.112.63.77 - - [08/Mar/2016:11:36:21 -0300] "POST /cormun/servlet/trautorizarsolicitud?ab757eec88814e85fd608bdad648ded8,gx-no-cache=1457447601656 HTTP/1.1" 200 9076
191.112.63.77 - - [08/Mar/2016:11:36:21 -0300] "GET /cormun/servlet/trsolicitudot?gx-no-cache=1457445217766 HTTP/1.1" 200 9557
186.103.159.189 - - [08/Mar/2016:11:36:25 -0300] "GET /cormun/servlet/prfichaempleado?,MD,,gxPopupLevel%3D0%3B HTTP/1.1" 200 7909
186.103.159.189 - - [08/Mar/2016:11:36:26 -0300] "GET /cormun/static/Resources/Spanish/PXTools.css?16184758 HTTP/1.1" 304 -
186.103.159.189 - - [08/Mar/2016:11:36:26 -0300] "GET /cormun/static/scaMessage/css/jquery-ui.css?104140 HTTP/1.1" 404 1045
186.103.159.189 - - [08/Mar/2016:11:36:26 -0300] "GET /cormun/static/gxcfg.js?201511151625694 HTTP/1.1" 304 -
186.103.159.189 - - [08/Mar/2016:11:36:26 -0300] "GET /cormun/static/prfichaempleado.js?201511151625857 HTTP/1.1" 304 -
186.103.159.189 - - [08/Mar/2016:11:36:26 -0300] "GET /cormun/static/menusearch.js?20163219454787 HTTP/1.1" 304 -
186.103.159.189 - - [08/Mar/2016:11:36:26 -0300] "GET /cormun/static/hmpwkw01.js?201511211495945 HTTP/1.1" 304 -
191.112.63.77 - - [08/Mar/2016:11:36:28 -0300] "POST /cormun/servlet/trautorizarsolicitud?ab757eec88814e85fd608bdad648ded8,gx-no-cache=1457447608318 HTTP/1.1" 200 9075
191.112.63.77 - - [08/Mar/2016:11:36:29 -0300] "POST /cormun/servlet/trautorizarsolicitud?ab757eec88814e85fd608bdad648ded8,gx-no-cache=1457447609722 HTTP/1.1" 200 9076
191.112.63.77 - - [08/Mar/2016:11:36:30 -0300] "POST /cormun/servlet/trsolicitudot?25939e7f1997abcddc03a9753871803f,gx-no-cache=1457445217766,gx-no-cache=1457447811914 HTTP/1.1" 200 7063
191.112.63.77 - - [08/Mar/2016:11:36:31 -0300] "POST /cormun/servlet/trsolicitudot?25939e7f1997abcddc03a9753871803f,gx-no-cache=1457445217766,gx-no-cache=1457447812883 HTTP/1.1" 200 7063
191.112.63.77 - - [08/Mar/2016:11:36:31 -0300] "POST /cormun/servlet/trautorizarsolicitud?ab757eec88814e85fd608bdad648ded8,gx-no-cache=1457447611190 HTTP/1.1" 200 9076
191.112.63.77 - - [08/Mar/2016:11:36:31 -0300] "POST /cormun/servlet/trsolicitudot?25939e7f1997abcddc03a9753871803f,gx-no-cache=1457445217766,gx-no-cache=1457447813863 HTTP/1.1" 200 7063
191.112.63.77 - - [08/Mar/2016:11:36:33 -0300] "POST /cormun/servlet/trsolicitudot?25939e7f1997abcddc03a9753871803f,gx-no-cache=1457445217766,gx-no-cache=1457447814854 HTTP/1.1" 200 7063
191.112.63.77 - - [08/Mar/2016:11:36:33 -0300] "POST /cormun/servlet/trautorizarsolicitud?ab757eec88814e85fd608bdad648ded8,gx-no-cache=1457447613011 HTTP/1.1" 200 9076
186.103.159.189 - - [08/Mar/2016:11:36:33 -0300] "GET /cormun/servlet/prfichaempleado?85e912bd1540079404fb30a414d7b7d453e0b3b1c0885bf0851c02fe116305a65fc38bcd3d23427ef9f190d3636e1208af74c0e82d7268769938d2da95e3832c,gx-no-cache=1457447818041 HTTP/1.1" 200 464
191.112.63.77 - - [08/Mar/2016:11:36:34 -0300] "POST /cormun/servlet/trsolicitudot?25939e7f1997abcddc03a9753871803f,gx-no-cache=1457445217766,gx-no-cache=1457447816130 HTTP/1.1" 200 7063
191.112.63.77 - - [08/Mar/2016:11:36:35 -0300] "POST /cormun/servlet/trautorizarsolicitud?ab757eec88814e85fd608bdad648ded8,gx-no-cache=1457447614952 HTTP/1.1" 200 9078
191.112.63.77 - - [08/Mar/2016:11:36:35 -0300] "POST /cormun/servlet/trsolicitudot?25939e7f1997abcddc03a9753871803f,gx-no-cache=1457445217766,gx-no-cache=1457447817189 HTTP/1.1" 200 7063
186.103.159.182 - - [08/Mar/2016:11:36:36 -0300] "GET /cormun/servlet/hlogin HTTP/1.1" 200 1720
186.103.159.182 - - [08/Mar/2016:11:36:36 -0300] "GET /cormun/static/gxtimezone.js?85251 HTTP/1.1" 200 5781
186.103.159.182 - - [08/Mar/2016:11:36:36 -0300] "GET /cormun/static/gxcfg.js?20151120045111 HTTP/1.1" 200 953
186.103.159.182 - - [08/Mar/2016:11:36:36 -0300] "GET /cormun/static/hlogin.js?20151120045126 HTTP/1.1" 200 2136
186.103.159.182 - - [08/Mar/2016:11:36:36 -0300] "GET /cormun/static/messages.spa.js?85251 HTTP/1.1" 200 30736
186.103.159.182 - - [08/Mar/2016:11:36:36 -0300] "GET /cormun/static/Resources/Spanish/PXTools.css?005343 HTTP/1.1" 200 89042
186.103.159.182 - - [08/Mar/2016:11:36:36 -0300] "GET /cormun/static/Resources/ComunLogin.png HTTP/1.1" 200 17326
186.103.159.182 - - [08/Mar/2016:11:36:36 -0300] "GET /cormun/static/gxgral.js?85251 HTTP/1.1" 200 384558
186.103.159.189 - - [08/Mar/2016:11:36:36 -0300] "GET /cormun/servlet/prfichaempleado?85e912bd1540079404fb30a414d7b7d49b286788eb7c5b14f4416cc2b5919e9e484817c97e39f692211ef561fe581e76ec8c51e284908f76fcbe22556b77ed70,gx-no-cache=1457447820765 HTTP/1.1" 200 463
186.103.159.182 - - [08/Mar/2016:11:36:36 -0300] "GET /cormun/static/Resources/PXToolsLoginTop.png HTTP/1.1" 200 1337
186.103.159.182 - - [08/Mar/2016:11:36:36 -0300] "GET /cormun/static/Resources/PXToolsLoginBackground.png HTTP/1.1" 200 1164
186.103.159.182 - - [08/Mar/2016:11:36:36 -0300] "GET /cormun/static/Resources/PXToolsButtonRight21.png HTTP/1.1" 200 1283
186.103.159.182 - - [08/Mar/2016:11:36:36 -0300] "GET /cormun/static/Resources/PXToolsButtonLeft21.png HTTP/1.1" 200 1287
186.103.159.182 - - [08/Mar/2016:11:36:36 -0300] "GET /cormun/static/Resources/PXToolsButtonBackground2.png HTTP/1.1" 200 1181
186.103.159.182 - - [08/Mar/2016:11:36:36 -0300] "GET /cormun/static/Resources/PXToolsLoginBottom.png HTTP/1.1" 200 1389
191.112.63.77 - - [08/Mar/2016:11:36:36 -0300] "POST /cormun/servlet/trsolicitudot?25939e7f1997abcddc03a9753871803f,gx-no-cache=1457445217766,gx-no-cache=1457447818369 HTTP/1.1" 200 7063
186.103.159.182 - - [08/Mar/2016:11:36:37 -0300] "GET /cormun/static/Resources/indicator.gif HTTP/1.1" 200 1553
186.103.159.182 - - [08/Mar/2016:11:36:37 -0300] "GET /cormun/servlet/hlogin HTTP/1.1" 200 1727
191.112.63.77 - - [08/Mar/2016:11:36:37 -0300] "POST /cormun/servlet/trautorizarsolicitud?ab757eec88814e85fd608bdad648ded8,gx-no-cache=1457447616596 HTTP/1.1" 200 8840
191.112.63.77 - - [08/Mar/2016:11:36:37 -0300] "GET /cormun/static/Shared/jqueryui/images/ui-bg_highlight-soft_100_c6c2c8_1x100.png HTTP/1.1" 404 1117
191.112.63.77 - - [08/Mar/2016:11:36:37 -0300] "GET /cormun/static/Shared/jqueryui/images/ui-icons_82798d_256x240.png HTTP/1.1" 404 1089
186.103.159.182 - - [08/Mar/2016:11:36:37 -0300] "GET /favicon.ico HTTP/1.1" 200 21630
186.103.159.189 - - [08/Mar/2016:11:36:37 -0300] "GET /cormun/servlet/prfichaempleado?85e912bd1540079404fb30a414d7b7d4c25b3146210c48618c431bfee6be348c174798c8a8f176926690b79f1d33dd9b082e2fdb331b43c0c055fceed30dd43fc222204bda6bb3d26fc01687b8f55000,gx-no-cache=1457447822074 HTTP/1.1" 200 458
191.112.63.77 - - [08/Mar/2016:11:36:37 -0300] "POST /cormun/servlet/trsolicitudot?25939e7f1997abcddc03a9753871803f,gx-no-cache=1457445217766,gx-no-cache=1457447819865 HTTP/1.1" 200 104
191.112.63.77 - - [08/Mar/2016:11:36:37 -0300] "GET /cormun/static/Shared/jqueryui/images/ui-bg_flat_55_fafafa_40x100.png HTTP/1.1" 404 1097
191.112.63.77 - - [08/Mar/2016:11:36:38 -0300] "GET /cormun/static/Shared/jqueryui/images/ui-icons_8d78a5_256x240.png HTTP/1.1" 404 1089
191.112.63.77 - - [08/Mar/2016:11:36:38 -0300] "GET /cormun/servlet/solicitudot?DLT,2016,701, HTTP/1.1" 200 8455
191.112.63.77 - - [08/Mar/2016:11:36:39 -0300] "POST /cormun/servlet/trautorizarsolicitud?ab757eec88814e85fd608bdad648ded8,gx-no-cache=1457447619137 HTTP/1.1" 200 8783
191.112.63.77 - - [08/Mar/2016:11:36:40 -0300] "GET /cormun/servlet/solicitudot?DLT,2016,701, HTTP/1.1" 200 8443
186.103.159.189 - - [08/Mar/2016:11:36:41 -0300] "GET /cormun/servlet/prfichaempleado?85e912bd1540079404fb30a414d7b7d4c25b3146210c48618c431bfee6be348c53efc532181e48d1809073d53cf1a3f4205c508de11683e3a78167298e74d6238488ad7669f1c852f9716e6b96ee4237,gx-no-cache=1457447825214 HTTP/1.1" 200 435
186.103.159.189 - - [08/Mar/2016:11:36:44 -0300] "POST /cormun/servlet/prfichaempleado?958f8778cdf31f428fcd60b0149d391a,,MD,,gxPopupLevel%3D0%3B,gx-no-cache=1457447828495 HTTP/1.1" 200 2672
191.112.63.77 - - [08/Mar/2016:11:36:45 -0300] "POST /cormun/servlet/trautorizarsolicitud?ab757eec88814e85fd608bdad648ded8,gx-no-cache=1457447625705 HTTP/1.1" 200 8629
186.103.159.189 - - [08/Mar/2016:11:36:47 -0300] "POST /cormun/servlet/prfichaempleado?958f8778cdf31f428fcd60b0149d391a,,MD,,gxPopupLevel%3D0%3B,gx-no-cache=1457447831178 HTTP/1.1" 200 2672
191.112.63.77 - - [08/Mar/2016:11:36:48 -0300] "POST /cormun/servlet/trautorizarsolicitud?ab757eec88814e85fd608bdad648ded8,gx-no-cache=1457447627946 HTTP/1.1" 200 8571
186.103.159.189 - - [08/Mar/2016:11:36:49 -0300] "POST /cormun/servlet/prfichaempleado?958f8778cdf31f428fcd60b0149d391a,,MD,,gxPopupLevel%3D0%3B,gx-no-cache=1457447833143 HTTP/1.1" 200 2672
186.103.159.189 - - [08/Mar/2016:11:36:52 -0300] "POST /cormun/servlet/prfichaempleado?958f8778cdf31f428fcd60b0149d391a,,MD,,gxPopupLevel%3D0%3B,gx-no-cache=1457447836473 HTTP/1.1" 200 2672
186.103.159.189 - - [08/Mar/2016:11:36:53 -0300] "POST /cormun/servlet/prfichaempleado?958f8778cdf31f428fcd60b0149d391a,,MD,,gxPopupLevel%3D0%3B,gx-no-cache=1457447837953 HTTP/1.1" 200 2672
191.112.63.77 - - [08/Mar/2016:11:36:53 -0300] "POST /cormun/servlet/trautorizarsolicitud?ab757eec88814e85fd608bdad648ded8,gx-no-cache=1457447633940 HTTP/1.1" 200 8261
186.103.159.189 - - [08/Mar/2016:11:36:54 -0300] "POST /cormun/servlet/prfichaempleado?958f8778cdf31f428fcd60b0149d391a,,MD,,gxPopupLevel%3D0%3B,gx-no-cache=1457447839125 HTTP/1.1" 200 2673
186.103.159.182 - - [08/Mar/2016:11:36:55 -0300] "POST /cormun/servlet/hlogin?c83df9282a32c9970a681d65ff38799f,gx-no-cache=1457447844512 HTTP/1.1" 200 448
191.112.63.77 - - [08/Mar/2016:11:36:56 -0300] "POST /cormun/servlet/trautorizarsolicitud?ab757eec88814e85fd608bdad648ded8,gx-no-cache=1457447636181 HTTP/1.1" 200 8185
186.103.159.189 - - [08/Mar/2016:11:36:56 -0300] "POST /cormun/servlet/prfichaempleado?958f8778cdf31f428fcd60b0149d391a,,MD,,gxPopupLevel%3D0%3B,gx-no-cache=1457447840392 HTTP/1.1" 200 2673
186.103.159.189 - - [08/Mar/2016:11:37:00 -0300] "GET /cormun/servlet/prfichaempleado?85e912bd1540079404fb30a414d7b7d4c25b3146210c48618c431bfee6be348c10e814d215e300d3fc3dd89c03a8ff016ad168badeabdd085c013cdf5d28a3a1,gx-no-cache=1457447844996 HTTP/1.1" 200 453
191.112.63.77 - - [08/Mar/2016:11:37:02 -0300] "POST /cormun/servlet/trautorizarsolicitud?ab757eec88814e85fd608bdad648ded8,gx-no-cache=1457447642090 HTTP/1.1" 200 7969
186.103.159.189 - - [08/Mar/2016:11:37:02 -0300] "GET /cormun/servlet/prfichaempleado?85e912bd1540079404fb30a414d7b7d4ff0109a1671587d3a4c5ccf3b7ad90508b09a557352fb5acfcd8aa39590a9deb3ce470f76408615e6971e45d601cf177,gx-no-cache=1457447846994 HTTP/1.1" 200 452
191.112.63.77 - - [08/Mar/2016:11:37:04 -0300] "POST /cormun/servlet/trautorizarsolicitud?ab757eec88814e85fd608bdad648ded8,gx-no-cache=1457447644446 HTTP/1.1" 200 7911
186.78.50.182 - - [08/Mar/2016:11:37:12 -0300] "POST /cormun/servlet/solicitudot?gx-no-cache=1457447853645 HTTP/1.1" 200 122
186.78.50.182 - - [08/Mar/2016:11:37:12 -0300] "GET /cormun/static/Shared/jqueryui/images/ui-bg_flat_55_fafafa_40x100.png HTTP/1.1" 404 1097
186.78.50.182 - - [08/Mar/2016:11:37:12 -0300] "GET /cormun/static/Shared/jqueryui/images/ui-icons_8d78a5_256x240.png HTTP/1.1" 404 1089
191.112.63.77 - - [08/Mar/2016:11:37:13 -0300] "POST /cormun/servlet/trautorizarsolicitud?ab757eec88814e85fd608bdad648ded8,gx-no-cache=1457447653119 HTTP/1.1" 200 7732
186.103.159.182 - - [08/Mar/2016:11:37:14 -0300] "POST /cormun/servlet/hlogin?c83df9282a32c9970a681d65ff38799f,gx-no-cache=1457447863442 HTTP/1.1" 200 448
191.112.63.77 - - [08/Mar/2016:11:37:15 -0300] "POST /cormun/servlet/trautorizarsolicitud?ab757eec88814e85fd608bdad648ded8,gx-no-cache=1457447655405 HTTP/1.1" 200 7676
191.112.63.77 - - [08/Mar/2016:11:37:20 -0300] "POST /cormun/servlet/trautorizarsolicitud?ab757eec88814e85fd608bdad648ded8,gx-no-cache=1457447660224 HTTP/1.1" 200 7380
186.78.50.182 - - [08/Mar/2016:11:37:22 -0300] "POST /cormun/servlet/solicitudot?gx-no-cache=1457447863232 HTTP/1.1" 200 30
191.112.63.77 - - [08/Mar/2016:11:37:22 -0300] "POST /cormun/servlet/trautorizarsolicitud?ab757eec88814e85fd608bdad648ded8,gx-no-cache=1457447662424 HTTP/1.1" 200 7321
191.112.63.77 - - [08/Mar/2016:11:37:26 -0300] "POST /cormun/servlet/trautorizarsolicitud?ab757eec88814e85fd608bdad648ded8,gx-no-cache=1457447666643 HTTP/1.1" 200 7115
191.112.63.77 - - [08/Mar/2016:11:37:28 -0300] "POST /cormun/servlet/trautorizarsolicitud?ab757eec88814e85fd608bdad648ded8,gx-no-cache=1457447668795 HTTP/1.1" 200 7061
186.78.50.182 - - [08/Mar/2016:11:37:29 -0300] "POST /cormun/servlet/solicitudot?gx-no-cache=1457447870566 HTTP/1.1" 200 452
186.78.50.182 - - [08/Mar/2016:11:37:29 -0300] "GET /cormun/servlet/solicitudot?424e0e71b3fa4bab1db991a1ed6dd8c2604a4f612f650d6b051752dbba081b77a3d60d8928e3414acd5f8c86e7212302afb1e849ba215279e39706596964bb48289eac43c0051ff6d1eabb9ee824223e59ca43e538174b16333291b3f125526f99466c85f7478a89c712c7d9b4a518029cefcd180e2da74681c70fb1f0d74c1436b0320af75fe27ad5fea7c7d6311d7f,gx-no-cache=1457447870687 HTTP/1.1" 200 38
186.78.50.182 - - [08/Mar/2016:11:37:29 -0300] "POST /cormun/servlet/solicitudot?gx-no-cache=1457447870761 HTTP/1.1" 200 404
186.78.50.182 - - [08/Mar/2016:11:37:29 -0300] "GET /cormun/servlet/solicitudot?424e0e71b3fa4bab1db991a1ed6dd8c2645da7c99cd54b277d294de12eb8aaeed2f271f5d529ae77d7502f5e8b623d80b8cc5c29ac3f24e5f1391e323de0e02113c54142f00516e69fadefab4c35efb0f95ef2b932268b463d72b23dd3076033a3201d0f37ed686741add9ede859242cf05d674113648dd0826d5580064e026bc26fa43d35191541fa90dbb3f8f019ad4ea7eec48de50441a75155d08a0e34bd,gx-no-cache=1457447870860 HTTP/1.1" 200 30
186.78.50.182 - - [08/Mar/2016:11:37:30 -0300] "POST /cormun/servlet/solicitudot?50ed792a8560df606fa5d63995f99b8c,INS,0,0,,gx-no-cache=1457447870943 HTTP/1.1" 200 93
186.78.50.182 - - [08/Mar/2016:11:37:30 -0300] "GET /cormun/servlet/hpexe_return? HTTP/1.1" 200 1001
186.78.50.182 - - [08/Mar/2016:11:37:30 -0300] "GET /cormun/static/Resources/Spanish/PXTools.css?12112540 HTTP/1.1" 304 -
186.78.50.182 - - [08/Mar/2016:11:37:30 -0300] "GET /cormun/static/gxcfg.js?2015111312145050 HTTP/1.1" 304 -
186.78.50.182 - - [08/Mar/2016:11:37:30 -0300] "GET /cormun/static/hpexe_return.js?2015111312145056 HTTP/1.1" 304 -
186.78.50.182 - - [08/Mar/2016:11:37:30 -0300] "GET /cormun/servlet/hhome HTTP/1.1" 200 3480
191.112.63.77 - - [08/Mar/2016:11:37:33 -0300] "POST /cormun/servlet/trautorizarsolicitud?ab757eec88814e85fd608bdad648ded8,gx-no-cache=1457447673504 HTTP/1.1" 200 6781
191.112.63.77 - - [08/Mar/2016:11:37:36 -0300] "POST /cormun/servlet/trautorizarsolicitud?ab757eec88814e85fd608bdad648ded8,gx-no-cache=1457447675567 HTTP/1.1" 200 6726
186.78.50.182 - - [08/Mar/2016:11:37:42 -0300] "GET /cormun/servlet/trautorizarsolicitud? HTTP/1.1" 200 6185
186.78.50.182 - - [08/Mar/2016:11:37:48 -0300] "GET /cormun/servlet/trsolicitudot? HTTP/1.1" 200 7506
186.78.50.182 - - [08/Mar/2016:11:38:08 -0300] "POST /cormun/servlet/trsolicitudot?50ed792a8560df606fa5d63995f99b8c,,gx-no-cache=1457447908979 HTTP/1.1" 200 4897
186.78.50.182 - - [08/Mar/2016:11:38:10 -0300] "POST /cormun/servlet/trsolicitudot?50ed792a8560df606fa5d63995f99b8c,,gx-no-cache=1457447910001 HTTP/1.1" 200 4895
186.78.50.182 - - [08/Mar/2016:11:38:11 -0300] "POST /cormun/servlet/trsolicitudot?50ed792a8560df606fa5d63995f99b8c,,gx-no-cache=1457447912006 HTTP/1.1" 200 4896
186.78.50.182 - - [08/Mar/2016:11:38:13 -0300] "POST /cormun/servlet/trsolicitudot?50ed792a8560df606fa5d63995f99b8c,,gx-no-cache=1457447913559 HTTP/1.1" 200 4897
191.112.63.77 - - [08/Mar/2016:11:38:13 -0300] "POST /cormun/servlet/trautorizarsolicitud?ab757eec88814e85fd608bdad648ded8,gx-no-cache=1457447713440 HTTP/1.1" 200 6511
191.112.63.77 - - [08/Mar/2016:11:38:15 -0300] "POST /cormun/servlet/solicitudot?25939e7f1997abcddc03a9753871803f,DLT,2016,701,,gx-no-cache=1457447917027 HTTP/1.1" 200 93
191.112.63.77 - - [08/Mar/2016:11:38:15 -0300] "POST /cormun/servlet/trautorizarsolicitud?ab757eec88814e85fd608bdad648ded8,gx-no-cache=1457447715460 HTTP/1.1" 200 6456
191.112.63.77 - - [08/Mar/2016:11:38:15 -0300] "GET /cormun/servlet/hpexe_return? HTTP/1.1" 200 1040
191.112.63.77 - - [08/Mar/2016:11:38:16 -0300] "GET /cormun/servlet/trsolicitudot?gx-no-cache=1457445217766 HTTP/1.1" 200 9272
186.78.50.182 - - [08/Mar/2016:11:38:17 -0300] "POST /cormun/servlet/trsolicitudot?50ed792a8560df606fa5d63995f99b8c,,gx-no-cache=1457447917510 HTTP/1.1" 200 4897
191.112.63.77 - - [08/Mar/2016:11:38:18 -0300] "GET /cormun/servlet/trsolicitudot?gx-no-cache=1457445217766 HTTP/1.1" 200 9292
186.78.50.182 - - [08/Mar/2016:11:38:19 -0300] "POST /cormun/servlet/trsolicitudot?50ed792a8560df606fa5d63995f99b8c,,gx-no-cache=1457447919331 HTTP/1.1" 200 4896
186.78.50.182 - - [08/Mar/2016:11:38:20 -0300] "POST /cormun/servlet/trsolicitudot?50ed792a8560df606fa5d63995f99b8c,,gx-no-cache=1457447921207 HTTP/1.1" 200 4897
186.78.50.182 - - [08/Mar/2016:11:38:24 -0300] "POST /cormun/servlet/trsolicitudot?50ed792a8560df606fa5d63995f99b8c,,gx-no-cache=1457447922557 HTTP/1.1" 200 106
186.78.50.182 - - [08/Mar/2016:11:38:24 -0300] "GET /cormun/servlet/trsolicitudadjuntos?2016,733, HTTP/1.1" 200 5414
186.78.50.182 - - [08/Mar/2016:11:38:25 -0300] "GET /cormun/static/Resources/Spanish/PXTools.css?171692 HTTP/1.1" 304 -
186.78.50.182 - - [08/Mar/2016:11:38:26 -0300] "GET /cormun/static/gxcfg.js?2016311731090 HTTP/1.1" 304 -
186.78.50.182 - - [08/Mar/2016:11:38:26 -0300] "GET /cormun/static/trsolicitudadjuntos.js?2016311731342 HTTP/1.1" 304 -
191.112.63.77 - - [08/Mar/2016:11:38:31 -0300] "GET /cormun/servlet/veautorizarsolicitud?2016,643,, HTTP/1.1" 200 7842
191.112.63.77 - - [08/Mar/2016:11:38:32 -0300] "GET /cormun/pexe_scrolldiv.js HTTP/1.1" 404 1009
191.112.63.77 - - [08/Mar/2016:11:38:34 -0300] "GET /cormun/servlet/veautorizarsolicitud?2016,643,, HTTP/1.1" 200 7842
186.78.50.182 - - [08/Mar/2016:11:38:45 -0300] "GET /cormun/servlet/solicitudotadjuntos?INS,2016,733,,1, HTTP/1.1" 200 5503
186.78.50.182 - - [08/Mar/2016:11:38:46 -0300] "GET /cormun/static/gxcfg.js?2016311984045 HTTP/1.1" 304 -
186.78.50.182 - - [08/Mar/2016:11:38:46 -0300] "GET /cormun/static/solicitudotadjuntos.js?2016311984068 HTTP/1.1" 304 -
186.78.50.182 - - [08/Mar/2016:11:38:47 -0300] "HEAD /cormun/static/about:blank HTTP/1.1" 404 -
186.78.50.182 - - [08/Mar/2016:11:38:47 -0300] "GET /cormun/servlet/solicitudotadjuntos?424e0e71b3fa4bab1db991a1ed6dd8c275f6d5b760c3cda7f07c0ac9bf7630cf7355f3ee702d77e652e8e74202cc0d3c,gx-no-cache=1457447948827 HTTP/1.1" 200 30
186.78.50.182 - - [08/Mar/2016:11:38:49 -0300] "POST /cormun/servlet/solicitudotadjuntos?50ed792a8560df606fa5d63995f99b8c,INS,2016,733,,1,,gx-no-cache=1457447949480 HTTP/1.1" 200 3335
186.78.50.182 - - [08/Mar/2016:11:38:52 -0300] "POST /cormun/servlet/solicitudotadjuntos?gx-no-cache=1457447953837 HTTP/1.1" 200 26
186.78.50.182 - - [08/Mar/2016:11:39:04 -0300] "GET /cormun/servlet/solicitudotadjuntos?424e0e71b3fa4bab1db991a1ed6dd8c20e7be77fa89d5400dea71302d12d4e9e,gx-no-cache=1457447965011 HTTP/1.1" 200 30
186.78.50.182 - - [08/Mar/2016:11:39:04 -0300] "GET /cormun/servlet/solicitudotadjuntos?424e0e71b3fa4bab1db991a1ed6dd8c20e7be77fa89d5400dea71302d12d4e9e,gx-no-cache=1457447965619 HTTP/1.1" 200 30
186.78.50.182 - - [08/Mar/2016:11:39:06 -0300] "POST /cormun/servlet/solicitudotadjuntos?50ed792a8560df606fa5d63995f99b8c,INS,2016,733,,1, HTTP/1.1" 200 116
186.78.50.182 - - [08/Mar/2016:11:39:06 -0300] "GET /cormun/servlet/hpexe_return? HTTP/1.1" 200 1019
186.78.50.182 - - [08/Mar/2016:11:39:06 -0300] "GET /cormun/servlet/trsolicitudadjuntos?2016,733, HTTP/1.1" 200 7281
186.78.50.182 - - [08/Mar/2016:11:39:10 -0300] "GET /cormun/servlet/solicitudotadjuntos?INS,2016,733,,1, HTTP/1.1" 200 5503
186.78.50.182 - - [08/Mar/2016:11:39:10 -0300] "HEAD /cormun/static/about:blank HTTP/1.1" 404 -
186.78.50.182 - - [08/Mar/2016:11:39:11 -0300] "GET /cormun/servlet/solicitudotadjuntos?424e0e71b3fa4bab1db991a1ed6dd8c275f6d5b760c3cda7f07c0ac9bf7630cf7355f3ee702d77e652e8e74202cc0d3c,gx-no-cache=1457447972328 HTTP/1.1" 200 30
186.78.50.182 - - [08/Mar/2016:11:39:11 -0300] "POST /cormun/servlet/solicitudotadjuntos?50ed792a8560df606fa5d63995f99b8c,INS,2016,733,,1,,gx-no-cache=1457447972434 HTTP/1.1" 200 3335
186.78.50.182 - - [08/Mar/2016:11:39:14 -0300] "POST /cormun/servlet/solicitudotadjuntos?gx-no-cache=1457447975671 HTTP/1.1" 200 26
186.78.50.182 - - [08/Mar/2016:11:39:22 -0300] "GET /cormun/servlet/solicitudotadjuntos?424e0e71b3fa4bab1db991a1ed6dd8c20e7be77fa89d5400dea71302d12d4e9e,gx-no-cache=1457447983327 HTTP/1.1" 200 30
186.78.50.182 - - [08/Mar/2016:11:39:22 -0300] "GET /cormun/servlet/solicitudotadjuntos?424e0e71b3fa4bab1db991a1ed6dd8c20e7be77fa89d5400dea71302d12d4e9e,gx-no-cache=1457447983413 HTTP/1.1" 200 30
186.78.50.182 - - [08/Mar/2016:11:39:23 -0300] "POST /cormun/servlet/solicitudotadjuntos?50ed792a8560df606fa5d63995f99b8c,INS,2016,733,,1, HTTP/1.1" 200 116
186.78.50.182 - - [08/Mar/2016:11:39:23 -0300] "GET /cormun/servlet/hpexe_return? HTTP/1.1" 200 1019
186.78.50.182 - - [08/Mar/2016:11:39:24 -0300] "GET /cormun/servlet/trsolicitudadjuntos?2016,733, HTTP/1.1" 200 7421
186.78.50.182 - - [08/Mar/2016:11:39:27 -0300] "GET /cormun/servlet/solicitudotadjuntos?INS,2016,733,,1, HTTP/1.1" 200 5503
186.78.50.182 - - [08/Mar/2016:11:39:27 -0300] "HEAD /cormun/static/about:blank HTTP/1.1" 404 -
186.78.50.182 - - [08/Mar/2016:11:39:28 -0300] "GET /cormun/servlet/solicitudotadjuntos?424e0e71b3fa4bab1db991a1ed6dd8c275f6d5b760c3cda7f07c0ac9bf7630cf7355f3ee702d77e652e8e74202cc0d3c,gx-no-cache=1457447989700 HTTP/1.1" 200 30
186.78.50.182 - - [08/Mar/2016:11:39:29 -0300] "POST /cormun/servlet/solicitudotadjuntos?50ed792a8560df606fa5d63995f99b8c,INS,2016,733,,1,,gx-no-cache=1457447989951 HTTP/1.1" 200 3335
186.78.50.182 - - [08/Mar/2016:11:39:33 -0300] "POST /cormun/servlet/solicitudotadjuntos?gx-no-cache=1457447994213 HTTP/1.1" 200 26
186.78.50.182 - - [08/Mar/2016:11:39:39 -0300] "GET /cormun/servlet/solicitudotadjuntos?424e0e71b3fa4bab1db991a1ed6dd8c20e7be77fa89d5400dea71302d12d4e9e,gx-no-cache=1457448000076 HTTP/1.1" 200 30
186.78.50.182 - - [08/Mar/2016:11:39:39 -0300] "GET /cormun/servlet/solicitudotadjuntos?424e0e71b3fa4bab1db991a1ed6dd8c20e7be77fa89d5400dea71302d12d4e9e,gx-no-cache=1457448000158 HTTP/1.1" 200 30
186.78.50.182 - - [08/Mar/2016:11:39:40 -0300] "POST /cormun/servlet/solicitudotadjuntos?50ed792a8560df606fa5d63995f99b8c,INS,2016,733,,1, HTTP/1.1" 200 116
186.78.50.182 - - [08/Mar/2016:11:39:40 -0300] "GET /cormun/servlet/hpexe_return? HTTP/1.1" 200 1019
186.78.50.182 - - [08/Mar/2016:11:39:40 -0300] "GET /cormun/servlet/trsolicitudadjuntos?2016,733, HTTP/1.1" 200 7568
