186.103.159.182 - - [08/Mar/2016:08:58:58 -0300] "GET /cormun/servlet/trvisualizadoreventos?ba3d7bdd4094ae2de87d8ba1af0f06d21efaa9f215a41712444079d13b3b29ceec5805530da826b65ff44406594da3caed3a4919eecdc17bd9a04a2e8204e22c061e56b359c8b298b269ad42e5e7eba03cd7c4da5e30aabb610ee722fd7b797e8490c99a6fb517c2be57386bad1c971c4b4319b0b13a9f94cbde101bbaabe9eb7bfd550d9b832c68e8cbffd391dd687a9705c15079921dae47312f2c94e7f738fcef038d49d14b900158a1f8c396590d34ccf52d45e5b9ec9437bec6668c805e,gx-no-cache=1457438365654 HTTP/1.1" 200 574
200.112.233.47 - - [08/Mar/2016:08:58:59 -0300] "GET /cormun/servlet/solicitudot?INS,0,0, HTTP/1.1" 200 11440
186.103.159.182 - - [08/Mar/2016:08:59:02 -0300] "POST /cormun/servlet/trvisualizadoreventos?bae8f2a59dfb28876750640987428184,,gx-no-cache=1457438369771 HTTP/1.1" 200 3284
186.103.159.182 - - [08/Mar/2016:08:59:02 -0300] "GET /cormun/servlet/trvisualizadoreventos?ba3d7bdd4094ae2de87d8ba1af0f06d216013aa7b4411395bcce955d57de2d92296a791bec5a13cf380c2ce029c528f4ed3a4919eecdc17bd9a04a2e8204e22c061e56b359c8b298b269ad42e5e7eba03cd7c4da5e30aabb610ee722fd7b797e8490c99a6fb517c2be57386bad1c971c4b4319b0b13a9f94cbde101bbaabe9eb7bfd550d9b832c68e8cbffd391dd687a9705c15079921dae47312f2c94e7f738fcef038d49d14b900158a1f8c396590d34ccf52d45e5b9ec9437bec6668c805e,gx-no-cache=1457438370206 HTTP/1.1" 200 575
186.103.159.182 - - [08/Mar/2016:08:59:06 -0300] "POST /cormun/servlet/trvisualizadoreventos?bae8f2a59dfb28876750640987428184,,gx-no-cache=1457438373738 HTTP/1.1" 200 3285
186.103.159.182 - - [08/Mar/2016:08:59:06 -0300] "GET /cormun/servlet/trvisualizadoreventos?ba3d7bdd4094ae2de87d8ba1af0f06d21efaa9f215a41712444079d13b3b29ce57582706047c537ca7da2c5e600e395fed3a4919eecdc17bd9a04a2e8204e22c061e56b359c8b298b269ad42e5e7eba03cd7c4da5e30aabb610ee722fd7b797e8490c99a6fb517c2be57386bad1c971c4b4319b0b13a9f94cbde101bbaabe9eb7bfd550d9b832c68e8cbffd391dd687a9705c15079921dae47312f2c94e7f738fcef038d49d14b900158a1f8c396590d34ccf52d45e5b9ec9437bec6668c805e,gx-no-cache=1457438374168 HTTP/1.1" 200 576
186.103.159.182 - - [08/Mar/2016:08:59:10 -0300] "GET /cormun/servlet/trvisualizadoreventos?ba3d7bdd4094ae2de87d8ba1af0f06d2f49550d4fdf6a1902a62bcc6df423fb33dfed0113e6c9b11e6edff344f5cc6f8ed3a4919eecdc17bd9a04a2e8204e22c061e56b359c8b298b269ad42e5e7eba03cd7c4da5e30aabb610ee722fd7b797e8490c99a6fb517c2be57386bad1c971c4b4319b0b13a9f94cbde101bbaabe9eb7bfd550d9b832c68e8cbffd391dd687a9705c15079921dae47312f2c94e7f738fcef038d49d14b900158a1f8c396590d34ccf52d45e5b9ec9437bec6668c805e,gx-no-cache=1457438378304 HTTP/1.1" 200 576
186.103.159.182 - - [08/Mar/2016:08:59:10 -0300] "POST /cormun/servlet/trvisualizadoreventos?bae8f2a59dfb28876750640987428184,,gx-no-cache=1457438377892 HTTP/1.1" 200 3284
200.112.233.47 - - [08/Mar/2016:08:59:18 -0300] "POST /cormun/servlet/solicitudot?gx-no-cache=1457438388781 HTTP/1.1" 200 2760
200.112.233.47 - - [08/Mar/2016:08:59:18 -0300] "POST /cormun/servlet/solicitudot?f8c99b820ba733162a16b5ad1d47f97e,INS,0,0,,gx-no-cache=1457438389031 HTTP/1.1" 200 8359
200.112.233.47 - - [08/Mar/2016:08:59:21 -0300] "GET /cormun/servlet/solicitudot?d55f9b885febc5e1b4b340143f81975b632454c22c3207cf447f9b68628a1e1209924db550412fa6491b15aa8bfa8e37,gx-no-cache=1457438392062 HTTP/1.1" 200 30
200.112.233.47 - - [08/Mar/2016:08:59:21 -0300] "POST /cormun/servlet/solicitudot?gx-no-cache=1457438392171 HTTP/1.1" 200 30
200.112.233.47 - - [08/Mar/2016:08:59:22 -0300] "POST /cormun/servlet/solicitudot?gx-no-cache=1457438392328 HTTP/1.1" 200 33
200.112.233.47 - - [08/Mar/2016:08:59:22 -0300] "POST /cormun/servlet/solicitudot?gx-no-cache=1457438392453 HTTP/1.1" 200 1170
200.112.233.47 - - [08/Mar/2016:08:59:22 -0300] "GET /cormun/servlet/solicitudot?d55f9b885febc5e1b4b340143f81975b2ff345738406db017075799bd9dab83ad104df516a3177d8f2047a24997794d44587414b661a12ebdf0749f6ba2d3995684f8511948386a9f1261b4608ee71140e56e24cc6dae1db2501374f49afc20e10300f56d751e3d49a8ed1cfa3d19074ad5c1180476100c8a3507530ca4f7c66ef9882c705e58f776f642a4e6fbd3767,gx-no-cache=1457438392625 HTTP/1.1" 200 38
186.103.159.44 - - [08/Mar/2016:08:59:24 -0300] "GET /cormun/servlet/solicitudot?672cacd0767d5b309f8838dd7f5a950d89c00cdbea2661c0bd49ef13d166e2c14d8beef9e4921c014ad69076e1af5e2b20bfa72d929518b6a22a0641a91c0b57a1d822e9dbe79c80d8c99ca0198fe78899be89653b5fb96c3b81080015c2fbc556e6aed5b9948525cc8cb8b9daafc08b5f61b7d20f00ea7329dbec6e5077670f7af2fbf1024fe27f7036ac844cb70237f41c510493a87e875b9752cefe4c3f3e42a959463f91a226821915e95a1cdff139afe590fdd45b542959801b190f6cdd,gx-no-cache=1457438362965 HTTP/1.1" 200 32
200.112.233.47 - - [08/Mar/2016:08:59:27 -0300] "GET /cormun/servlet/solicitudot?d55f9b885febc5e1b4b340143f81975ba3047beeeae9d723d3a00da4a846052a9922fb4c0f74b05628845a9543c39885be7121453ca207b5c6ca56461274c3e3e410999f74e83afbd68f54075388f9f8f72405694e666125ed85d68f5e8d774088ca50ca5c6ff615b2dc07be80b4059e,gx-no-cache=1457438397656 HTTP/1.1" 200 29
200.112.233.47 - - [08/Mar/2016:08:59:27 -0300] "POST /cormun/servlet/solicitudot?gx-no-cache=1457438397765 HTTP/1.1" 200 1127
186.103.159.44 - - [08/Mar/2016:08:59:30 -0300] "POST /cormun/servlet/solicitudot?0db7ee3fa9095855809c6c1a519e56c1,UPD,2016,718,,gx-no-cache=1457438363063 HTTP/1.1" 200 93
186.103.159.44 - - [08/Mar/2016:08:59:30 -0300] "GET /cormun/servlet/hpexe_return? HTTP/1.1" 200 1031
186.103.159.182 - - [08/Mar/2016:08:59:31 -0300] "GET /cormun/servlet/trvisualizadoreventos? HTTP/1.1" 200 5924
186.103.159.44 - - [08/Mar/2016:08:59:31 -0300] "GET /cormun/servlet/trsolicitudot?gx-no-cache=1457438234320 HTTP/1.1" 200 7549
186.103.159.182 - - [08/Mar/2016:08:59:33 -0300] "GET /cormun/servlet/trvisualizadoreventos? HTTP/1.1" 200 5924
200.112.233.47 - - [08/Mar/2016:08:59:35 -0300] "GET /cormun/servlet/solicitudot?d55f9b885febc5e1b4b340143f81975bccf816841c576f0671b416af23f84377b9b79028221ec3da8737abe3fa1dd090bbe8b159dce5bc0e2d6f8696bf55e6ad3b72e255d8b5fea1b0429964688a0d1e01c6ca64245dda2e2509fdc1046b9eebedf69c55301105ed65459a4822794a5b22556b602eb1281e17a8f61eca556b5cfda47af1fe90793bdd1a04c40b1b7ff1464aa99905721f3efce120dfdd97c7d6da7d8c3b9122778ca8804f2f17c060b9,gx-no-cache=1457438405968 HTTP/1.1" 200 30
186.103.159.182 - - [08/Mar/2016:08:59:36 -0300] "GET /cormun/servlet/trsolicitudot? HTTP/1.1" 200 6164
186.103.159.182 - - [08/Mar/2016:08:59:39 -0300] "GET /cormun/servlet/trsolicitudot? HTTP/1.1" 200 6164
186.103.159.44 - - [08/Mar/2016:08:59:42 -0300] "POST /cormun/servlet/trsolicitudot?0db7ee3fa9095855809c6c1a519e56c1,gx-no-cache=1457438234320,gx-no-cache=1457438381335 HTTP/1.1" 200 4958
186.103.159.44 - - [08/Mar/2016:08:59:43 -0300] "POST /cormun/servlet/trsolicitudot?0db7ee3fa9095855809c6c1a519e56c1,gx-no-cache=1457438234320,gx-no-cache=1457438382289 HTTP/1.1" 200 4958
186.103.159.44 - - [08/Mar/2016:08:59:44 -0300] "POST /cormun/servlet/trsolicitudot?0db7ee3fa9095855809c6c1a519e56c1,gx-no-cache=1457438234320,gx-no-cache=1457438382974 HTTP/1.1" 200 4958
186.103.159.44 - - [08/Mar/2016:08:59:45 -0300] "POST /cormun/servlet/trsolicitudot?0db7ee3fa9095855809c6c1a519e56c1,gx-no-cache=1457438234320,gx-no-cache=1457438383863 HTTP/1.1" 200 4958
186.103.159.44 - - [08/Mar/2016:08:59:45 -0300] "POST /cormun/servlet/trsolicitudot?0db7ee3fa9095855809c6c1a519e56c1,gx-no-cache=1457438234320,gx-no-cache=1457438384523 HTTP/1.1" 200 4958
186.103.159.182 - - [08/Mar/2016:08:59:47 -0300] "POST /cormun/servlet/trsolicitudot?bae8f2a59dfb28876750640987428184,,gx-no-cache=1457438414699 HTTP/1.1" 200 3513
200.112.233.47 - - [08/Mar/2016:08:59:56 -0300] "POST /cormun/servlet/solicitudot?f8c99b820ba733162a16b5ad1d47f97e,INS,0,0,,gx-no-cache=1457438424515 HTTP/1.1" 200 93
200.112.233.47 - - [08/Mar/2016:08:59:56 -0300] "GET /cormun/servlet/hpexe_return? HTTP/1.1" 200 994
186.103.159.44 - - [08/Mar/2016:08:59:56 -0300] "POST /cormun/servlet/trsolicitudot?0db7ee3fa9095855809c6c1a519e56c1,gx-no-cache=1457438234320,gx-no-cache=1457438385906 HTTP/1.1" 200 4958
200.112.233.47 - - [08/Mar/2016:08:59:56 -0300] "GET /cormun/servlet/trsolicitudot HTTP/1.1" 200 8176
186.103.159.44 - - [08/Mar/2016:08:59:58 -0300] "POST /cormun/servlet/trsolicitudot?0db7ee3fa9095855809c6c1a519e56c1,gx-no-cache=1457438234320,gx-no-cache=1457438396789 HTTP/1.1" 200 4958
186.103.159.182 - - [08/Mar/2016:09:00:00 -0300] "GET /cormun/servlet/trsolicitudot?ba3d7bdd4094ae2de87d8ba1af0f06d24c9dcbe251eb55c49c963e29c32f7a23e8385033fd3f55080e86fb60b826a03835f433ccce180c3a5614678ea9f08b1690ed4735b01c5efd78f9db8b9b2e1da10d23448d6db3b2967b3428ec6bc38927,gx-no-cache=1457438427727 HTTP/1.1" 200 765
186.103.159.182 - - [08/Mar/2016:09:00:00 -0300] "POST /cormun/servlet/trsolicitudot?bae8f2a59dfb28876750640987428184,,gx-no-cache=1457438427886 HTTP/1.1" 200 3523
186.103.159.44 - - [08/Mar/2016:09:00:02 -0300] "POST /cormun/servlet/trsolicitudot?0db7ee3fa9095855809c6c1a519e56c1,gx-no-cache=1457438234320,gx-no-cache=1457438398062 HTTP/1.1" 200 103
186.103.159.182 - - [08/Mar/2016:09:00:05 -0300] "POST /cormun/servlet/trsolicitudot?bae8f2a59dfb28876750640987428184,,gx-no-cache=1457438433518 HTTP/1.1" 200 3524
186.103.159.182 - - [08/Mar/2016:09:00:06 -0300] "GET /cormun/servlet/trsolicitudot?ba3d7bdd4094ae2de87d8ba1af0f06d24c9dcbe251eb55c49c963e29c32f7a23e8de7f8f136b2928dc8a0bf8e37b635c35f433ccce180c3a5614678ea9f08b1690ed4735b01c5efd78f9db8b9b2e1da10d23448d6db3b2967b3428ec6bc38927,gx-no-cache=1457438433923 HTTP/1.1" 200 776
186.103.159.182 - - [08/Mar/2016:09:00:08 -0300] "POST /cormun/servlet/trsolicitudot?bae8f2a59dfb28876750640987428184,,gx-no-cache=1457438436545 HTTP/1.1" 200 3525
186.103.159.44 - - [08/Mar/2016:09:00:09 -0300] "GET /cormun/SolicitudOT-3127.xls HTTP/1.1" 200 5120
186.103.159.182 - - [08/Mar/2016:09:00:09 -0300] "POST /cormun/servlet/trsolicitudot?bae8f2a59dfb28876750640987428184,,gx-no-cache=1457438436892 HTTP/1.1" 200 3524
186.103.159.182 - - [08/Mar/2016:09:00:09 -0300] "POST /cormun/servlet/trsolicitudot?bae8f2a59dfb28876750640987428184,,gx-no-cache=1457438437139 HTTP/1.1" 200 3525
186.103.159.182 - - [08/Mar/2016:09:00:09 -0300] "POST /cormun/servlet/trsolicitudot?bae8f2a59dfb28876750640987428184,,gx-no-cache=1457438437386 HTTP/1.1" 200 3525
200.112.233.47 - - [08/Mar/2016:09:00:11 -0300] "GET /cormun/servlet/solicitudot?INS,0,0, HTTP/1.1" 200 11439
186.103.159.182 - - [08/Mar/2016:09:00:11 -0300] "GET /cormun/servlet/trsolicitudot?ba3d7bdd4094ae2de87d8ba1af0f06d2db0af5e9a6a7a7e8284b7ed0290ca7fcf05012301c6efd1d9cf59a82faf4d1bd7004384e1bac95dc21c5f44d186990df7edcab166c6374d3e79def3bb7e4a394d6317934831dc73de29a80b4775e94ef,gx-no-cache=1457438439476 HTTP/1.1" 200 776
186.103.159.182 - - [08/Mar/2016:09:00:12 -0300] "POST /cormun/servlet/trsolicitudot?bae8f2a59dfb28876750640987428184,,gx-no-cache=1457438439668 HTTP/1.1" 200 3527
186.103.159.182 - - [08/Mar/2016:09:00:15 -0300] "GET /cormun/servlet/trsolicitudot?ba3d7bdd4094ae2de87d8ba1af0f06d24c9dcbe251eb55c49c963e29c32f7a23804f51d96aa7f15a287f25873438421b223e21a459293500e3605a36239604f6027513bd055462b8b94721d0febbf82416d85626138d8b322c2f027d11972db1f6ddad1ce472b5a1d6b929fee24080d3,gx-no-cache=1457438442744 HTTP/1.1" 200 776
186.103.159.182 - - [08/Mar/2016:09:00:15 -0300] "GET /cormun/servlet/trsolicitudot?ba3d7bdd4094ae2de87d8ba1af0f06d24c9dcbe251eb55c49c963e29c32f7a23b452e1b6fd671c0895aa339435fe1f88687b3b02efee034ccd73261d512091dd5be2b9366acdd09812e14a291ff72c500666ab902ab6a125084ec74b8a44e593,gx-no-cache=1457438443379 HTTP/1.1" 200 776
186.103.159.182 - - [08/Mar/2016:09:00:19 -0300] "GET /cormun/servlet/trvisualizadoreventos? HTTP/1.1" 200 5924
200.112.233.47 - - [08/Mar/2016:09:00:21 -0300] "POST /cormun/servlet/solicitudot?gx-no-cache=1457438451609 HTTP/1.1" 200 2749
186.103.159.182 - - [08/Mar/2016:09:00:21 -0300] "GET /cormun/servlet/trvisualizadoreventos? HTTP/1.1" 200 5924
200.112.233.47 - - [08/Mar/2016:09:00:21 -0300] "POST /cormun/servlet/solicitudot?f8c99b820ba733162a16b5ad1d47f97e,INS,0,0,,gx-no-cache=1457438451859 HTTP/1.1" 200 8351
186.103.159.182 - - [08/Mar/2016:09:00:24 -0300] "POST /cormun/servlet/trvisualizadoreventos?bae8f2a59dfb28876750640987428184,,gx-no-cache=1457438451764 HTTP/1.1" 200 3283
186.103.159.182 - - [08/Mar/2016:09:00:24 -0300] "POST /cormun/servlet/trvisualizadoreventos?bae8f2a59dfb28876750640987428184,,gx-no-cache=1457438452020 HTTP/1.1" 200 3283
186.103.159.182 - - [08/Mar/2016:09:00:24 -0300] "POST /cormun/servlet/trvisualizadoreventos?bae8f2a59dfb28876750640987428184,,gx-no-cache=1457438452203 HTTP/1.1" 200 3283
186.103.159.182 - - [08/Mar/2016:09:00:24 -0300] "POST /cormun/servlet/trvisualizadoreventos?bae8f2a59dfb28876750640987428184,,gx-no-cache=1457438452395 HTTP/1.1" 200 3283
200.112.233.47 - - [08/Mar/2016:09:00:24 -0300] "GET /cormun/servlet/solicitudot?d55f9b885febc5e1b4b340143f81975bef8573c0ea655da6fdab3a5c41b25a993105acabaa1fe2c356c756346dfdcf95,gx-no-cache=1457438455171 HTTP/1.1" 200 30
200.112.233.47 - - [08/Mar/2016:09:00:24 -0300] "POST /cormun/servlet/solicitudot?gx-no-cache=1457438455250 HTTP/1.1" 200 30
186.103.159.182 - - [08/Mar/2016:09:00:25 -0300] "POST /cormun/servlet/trvisualizadoreventos?bae8f2a59dfb28876750640987428184,,gx-no-cache=1457438452594 HTTP/1.1" 200 111
186.103.159.182 - - [08/Mar/2016:09:00:25 -0300] "POST /cormun/servlet/trvisualizadoreventos?bae8f2a59dfb28876750640987428184,,gx-no-cache=1457438452748 HTTP/1.1" 200 3260
186.103.159.182 - - [08/Mar/2016:09:00:25 -0300] "GET /cormun/VisualizadorEventos-1516.xls HTTP/1.1" 200 4096
186.103.159.182 - - [08/Mar/2016:09:00:35 -0300] "GET /cormun/servlet/trvisualizadoreventos? HTTP/1.1" 200 5924
186.103.159.182 - - [08/Mar/2016:09:00:37 -0300] "GET /cormun/servlet/trvisualizadoreventos? HTTP/1.1" 200 5924
186.103.159.182 - - [08/Mar/2016:09:00:39 -0300] "POST /cormun/servlet/trvisualizadoreventos?bae8f2a59dfb28876750640987428184,,gx-no-cache=1457438466819 HTTP/1.1" 200 3284
186.103.159.182 - - [08/Mar/2016:09:00:39 -0300] "POST /cormun/servlet/trvisualizadoreventos?bae8f2a59dfb28876750640987428184,,gx-no-cache=1457438467058 HTTP/1.1" 200 3284
186.103.159.182 - - [08/Mar/2016:09:00:39 -0300] "POST /cormun/servlet/trvisualizadoreventos?bae8f2a59dfb28876750640987428184,,gx-no-cache=1457438467247 HTTP/1.1" 200 3284
186.103.159.182 - - [08/Mar/2016:09:00:39 -0300] "POST /cormun/servlet/trvisualizadoreventos?bae8f2a59dfb28876750640987428184,,gx-no-cache=1457438467426 HTTP/1.1" 200 3284
200.112.233.47 - - [08/Mar/2016:09:00:40 -0300] "POST /cormun/servlet/solicitudot?gx-no-cache=1457438470468 HTTP/1.1" 200 30
186.103.159.182 - - [08/Mar/2016:09:00:42 -0300] "POST /cormun/servlet/trvisualizadoreventos?bae8f2a59dfb28876750640987428184,,gx-no-cache=1457438469700 HTTP/1.1" 200 3283
186.103.159.182 - - [08/Mar/2016:09:00:42 -0300] "GET /cormun/servlet/trvisualizadoreventos?ba3d7bdd4094ae2de87d8ba1af0f06d21efaa9f215a41712444079d13b3b29ceec5805530da826b65ff44406594da3caed3a4919eecdc17bd9a04a2e8204e22c061e56b359c8b298b269ad42e5e7eba03cd7c4da5e30aabb610ee722fd7b797e8490c99a6fb517c2be57386bad1c971c4b4319b0b13a9f94cbde101bbaabe9eb7bfd550d9b832c68e8cbffd391dd687a9705c15079921dae47312f2c94e7f738fcef038d49d14b900158a1f8c396590d34ccf52d45e5b9ec9437bec6668c805e,gx-no-cache=1457438470136 HTTP/1.1" 200 574
186.103.159.182 - - [08/Mar/2016:09:00:44 -0300] "POST /cormun/servlet/trvisualizadoreventos?bae8f2a59dfb28876750640987428184,,gx-no-cache=1457438472283 HTTP/1.1" 200 3284
186.103.159.182 - - [08/Mar/2016:09:00:45 -0300] "GET /cormun/servlet/trvisualizadoreventos?ba3d7bdd4094ae2de87d8ba1af0f06d21ad409e336a01f26c59ae788804165332b7d6dc10380ca0ce47d450901d562beed3a4919eecdc17bd9a04a2e8204e22c061e56b359c8b298b269ad42e5e7eba03cd7c4da5e30aabb610ee722fd7b797e8490c99a6fb517c2be57386bad1c971c4b4319b0b13a9f94cbde101bbaabe9eb7bfd550d9b832c68e8cbffd391dd687a9705c15079921dae47312f2c94e7f738fcef038d49d14b900158a1f8c396590d34ccf52d45e5b9ec9437bec6668c805e,gx-no-cache=1457438472703 HTTP/1.1" 200 575
186.103.159.182 - - [08/Mar/2016:09:00:46 -0300] "POST /cormun/servlet/trvisualizadoreventos?bae8f2a59dfb28876750640987428184,,gx-no-cache=1457438474402 HTTP/1.1" 200 3284
186.103.159.182 - - [08/Mar/2016:09:00:47 -0300] "GET /cormun/servlet/trvisualizadoreventos?ba3d7bdd4094ae2de87d8ba1af0f06d216013aa7b4411395bcce955d57de2d92296a791bec5a13cf380c2ce029c528f4ed3a4919eecdc17bd9a04a2e8204e22c061e56b359c8b298b269ad42e5e7eba03cd7c4da5e30aabb610ee722fd7b797e8490c99a6fb517c2be57386bad1c971c4b4319b0b13a9f94cbde101bbaabe9eb7bfd550d9b832c68e8cbffd391dd687a9705c15079921dae47312f2c94e7f738fcef038d49d14b900158a1f8c396590d34ccf52d45e5b9ec9437bec6668c805e,gx-no-cache=1457438474820 HTTP/1.1" 200 575
200.112.233.47 - - [08/Mar/2016:09:00:47 -0300] "POST /cormun/servlet/solicitudot?gx-no-cache=1457438477468 HTTP/1.1" 200 1171
200.112.233.47 - - [08/Mar/2016:09:00:47 -0300] "GET /cormun/servlet/solicitudot?d55f9b885febc5e1b4b340143f81975b2ff345738406db017075799bd9dab83ad104df516a3177d8f2047a24997794d44587414b661a12ebdf0749f6ba2d3995684f8511948386a9f1261b4608ee71140e56e24cc6dae1db2501374f49afc20e10300f56d751e3d49a8ed1cfa3d19074ad5c1180476100c8a3507530ca4f7c66ef9882c705e58f776f642a4e6fbd3767,gx-no-cache=1457438477640 HTTP/1.1" 200 38
200.112.233.47 - - [08/Mar/2016:09:00:52 -0300] "GET /cormun/servlet/solicitudot?d55f9b885febc5e1b4b340143f81975ba3047beeeae9d723d3a00da4a846052a9922fb4c0f74b05628845a9543c39885be7121453ca207b5c6ca56461274c3e3e410999f74e83afbd68f54075388f9f8f72405694e666125ed85d68f5e8d774088ca50ca5c6ff615b2dc07be80b4059e,gx-no-cache=1457438482328 HTTP/1.1" 200 29
200.112.233.47 - - [08/Mar/2016:09:00:52 -0300] "POST /cormun/servlet/solicitudot?gx-no-cache=1457438482406 HTTP/1.1" 200 1127
186.103.159.44 - - [08/Mar/2016:09:01:03 -0300] "POST /cormun/servlet/trsolicitudot?0db7ee3fa9095855809c6c1a519e56c1,gx-no-cache=1457438234320,gx-no-cache=1457438462172 HTTP/1.1" 200 106
186.103.159.44 - - [08/Mar/2016:09:01:03 -0300] "GET /cormun/servlet/trsolicitudadjuntos?2016,718, HTTP/1.1" 200 5400
186.103.159.44 - - [08/Mar/2016:09:01:04 -0300] "GET /cormun/static/Resources/Spanish/PXTools.css?171692 HTTP/1.1" 304 -
200.112.233.47 - - [08/Mar/2016:09:01:05 -0300] "GET /cormun/servlet/solicitudot?d55f9b885febc5e1b4b340143f81975b34054f6b10b9c42bbdffad02cce3f6760340fa2b7450acd7f6dd2759d745ab76887ea8f97664003a5ecf47b53d6a9dfb791de87ab4e25d60b9d244fdef1fb796f797937eca397af770e7be5d0fde5eea1988cdafd2915e24e40cd03ee8ce6a4d2485b236628bcdeac81ab9da707bcdf0810763ed188e52266ca62f1f7b003aeeb74c00f5fd887210d72afa6fbf83b83a47716fd8d20652fcaa52c48551012b31,gx-no-cache=1457438495468 HTTP/1.1" 200 30
186.103.159.44 - - [08/Mar/2016:09:01:05 -0300] "GET /cormun/static/gxcfg.js?2016311731090 HTTP/1.1" 304 -
186.103.159.44 - - [08/Mar/2016:09:01:06 -0300] "GET /cormun/static/trsolicitudadjuntos.js?2016311731342 HTTP/1.1" 304 -
186.103.159.44 - - [08/Mar/2016:09:01:11 -0300] "GET /cormun/servlet/solicitudotadjuntos?INS,2016,718,,1, HTTP/1.1" 200 5466
200.112.233.47 - - [08/Mar/2016:09:01:14 -0300] "POST /cormun/servlet/solicitudot?f8c99b820ba733162a16b5ad1d47f97e,INS,0,0,,gx-no-cache=1457438504421 HTTP/1.1" 200 9317
200.112.233.47 - - [08/Mar/2016:09:01:14 -0300] "GET /cormun/static/Shared/jqueryui/images/ui-bg_highlight-soft_100_c6c2c8_1x100.png HTTP/1.1" 404 1117
200.112.233.47 - - [08/Mar/2016:09:01:14 -0300] "GET /cormun/static/Shared/jqueryui/images/ui-icons_82798d_256x240.png HTTP/1.1" 404 1089
200.112.233.47 - - [08/Mar/2016:09:01:14 -0300] "GET /cormun/static/Shared/jqueryui/images/ui-bg_flat_55_994d53_40x100.png HTTP/1.1" 404 1097
200.112.233.47 - - [08/Mar/2016:09:01:15 -0300] "GET /cormun/static/Shared/jqueryui/images/ui-icons_ebccce_256x240.png HTTP/1.1" 404 1089
186.103.159.44 - - [08/Mar/2016:09:01:17 -0300] "GET /cormun/static/gxcfg.js?2016311984045 HTTP/1.1" 304 -
186.103.159.44 - - [08/Mar/2016:09:01:17 -0300] "GET /cormun/static/solicitudotadjuntos.js?2016311984068 HTTP/1.1" 304 -
186.103.159.44 - - [08/Mar/2016:09:01:17 -0300] "HEAD /cormun/static/about:blank HTTP/1.1" 404 -
186.103.159.44 - - [08/Mar/2016:09:01:23 -0300] "GET /cormun/servlet/solicitudotadjuntos?672cacd0767d5b309f8838dd7f5a950def4e95900ccad74d925143c6bd5fc4315641e067243d208ceaf755f0d6e94092,gx-no-cache=1457438477581 HTTP/1.1" 200 30
186.103.159.44 - - [08/Mar/2016:09:01:24 -0300] "POST /cormun/servlet/solicitudotadjuntos?0db7ee3fa9095855809c6c1a519e56c1,INS,2016,718,,1,,gx-no-cache=1457438483017 HTTP/1.1" 200 3353
200.112.233.47 - - [08/Mar/2016:09:01:52 -0300] "POST /cormun/servlet/solicitudot?gx-no-cache=1457438543187 HTTP/1.1" 200 30
200.112.233.47 - - [08/Mar/2016:09:01:53 -0300] "POST /cormun/servlet/solicitudot?gx-no-cache=1457438543296 HTTP/1.1" 200 1171
200.112.233.47 - - [08/Mar/2016:09:01:53 -0300] "GET /cormun/servlet/solicitudot?d55f9b885febc5e1b4b340143f81975b2ff345738406db017075799bd9dab83ad104df516a3177d8f2047a24997794d44587414b661a12ebdf0749f6ba2d3995684f8511948386a9f1261b4608ee71140e56e24cc6dae1db2501374f49afc20e10300f56d751e3d49a8ed1cfa3d19074ad5c1180476100c8a3507530ca4f7c6631ea29504aa1d06b78497cc0727c2c8910182620df79a5d33f32bce3beb7e510,gx-no-cache=1457438543484 HTTP/1.1" 200 41
200.112.233.47 - - [08/Mar/2016:09:01:55 -0300] "POST /cormun/servlet/solicitudot?gx-no-cache=1457438543687 HTTP/1.1" 200 1127
200.112.233.47 - - [08/Mar/2016:09:01:55 -0300] "GET /cormun/static/menuarrow.gif HTTP/1.1" 404 1015
186.103.159.182 - - [08/Mar/2016:09:01:59 -0300] "POST /cormun/servlet/trvisualizadoreventos?bae8f2a59dfb28876750640987428184,,gx-no-cache=1457438546697 HTTP/1.1" 200 3283
186.103.159.182 - - [08/Mar/2016:09:01:59 -0300] "GET /cormun/servlet/trvisualizadoreventos?ba3d7bdd4094ae2de87d8ba1af0f06d21efaa9f215a41712444079d13b3b29ceec5805530da826b65ff44406594da3caed3a4919eecdc17bd9a04a2e8204e22c061e56b359c8b298b269ad42e5e7eba03cd7c4da5e30aabb610ee722fd7b797e8490c99a6fb517c2be57386bad1c971c4b4319b0b13a9f94cbde101bbaabe9eb7bfd550d9b832c68e8cbffd391dd687a9705c15079921dae47312f2c94e7f738fcef038d49d14b900158a1f8c396590d34ccf52d45e5b9ec9437bec6668c805e,gx-no-cache=1457438547109 HTTP/1.1" 200 574
186.103.159.182 - - [08/Mar/2016:09:02:01 -0300] "POST /cormun/servlet/trvisualizadoreventos?bae8f2a59dfb28876750640987428184,,gx-no-cache=1457438549198 HTTP/1.1" 200 3283
200.112.233.47 - - [08/Mar/2016:09:02:08 -0300] "GET /cormun/servlet/solicitudot?d55f9b885febc5e1b4b340143f81975b34054f6b10b9c42bbdffad02cce3f6760340fa2b7450acd7f6dd2759d745ab76887ea8f97664003a5ecf47b53d6a9dfb791de87ab4e25d60b9d244fdef1fb796f797937eca397af770e7be5d0fde5eea1988cdafd2915e24e40cd03ee8ce6a4d2485b236628bcdeac81ab9da707bcdf0810763ed188e52266ca62f1f7b003aeeb74c00f5fd887210d72afa6fbf83b83a47716fd8d20652fcaa52c48551012b31,gx-no-cache=1457438559218 HTTP/1.1" 200 30
200.112.233.47 - - [08/Mar/2016:09:02:09 -0300] "POST /cormun/servlet/solicitudot?f8c99b820ba733162a16b5ad1d47f97e,INS,0,0,,gx-no-cache=1457438559328 HTTP/1.1" 200 9367
186.103.159.182 - - [08/Mar/2016:09:02:13 -0300] "POST /cormun/servlet/trvisualizadoreventos?bae8f2a59dfb28876750640987428184,,gx-no-cache=1457438561491 HTTP/1.1" 200 3284
186.103.159.182 - - [08/Mar/2016:09:02:14 -0300] "GET /cormun/servlet/trvisualizadoreventos?ba3d7bdd4094ae2de87d8ba1af0f06d21ad409e336a01f26c59ae788804165332b7d6dc10380ca0ce47d450901d562beed3a4919eecdc17bd9a04a2e8204e22c061e56b359c8b298b269ad42e5e7eba03cd7c4da5e30aabb610ee722fd7b797e8490c99a6fb517c2be57386bad1c971c4b4319b0b13a9f94cbde101bbaabe9eb7bfd550d9b832c68e8cbffd391dd687a9705c15079921dae47312f2c94e7f738fcef038d49d14b900158a1f8c396590d34ccf52d45e5b9ec9437bec6668c805e,gx-no-cache=1457438561897 HTTP/1.1" 200 575
186.103.159.182 - - [08/Mar/2016:09:02:16 -0300] "POST /cormun/servlet/trvisualizadoreventos?bae8f2a59dfb28876750640987428184,,gx-no-cache=1457438564546 HTTP/1.1" 200 3284
186.103.159.182 - - [08/Mar/2016:09:02:17 -0300] "GET /cormun/servlet/trvisualizadoreventos?ba3d7bdd4094ae2de87d8ba1af0f06d216013aa7b4411395bcce955d57de2d92296a791bec5a13cf380c2ce029c528f4ed3a4919eecdc17bd9a04a2e8204e22c061e56b359c8b298b269ad42e5e7eba03cd7c4da5e30aabb610ee722fd7b797e8490c99a6fb517c2be57386bad1c971c4b4319b0b13a9f94cbde101bbaabe9eb7bfd550d9b832c68e8cbffd391dd687a9705c15079921dae47312f2c94e7f738fcef038d49d14b900158a1f8c396590d34ccf52d45e5b9ec9437bec6668c805e,gx-no-cache=1457438564952 HTTP/1.1" 200 575
200.112.233.47 - - [08/Mar/2016:09:02:18 -0300] "POST /cormun/servlet/solicitudot?f8c99b820ba733162a16b5ad1d47f97e,INS,0,0,,gx-no-cache=1457438568375 HTTP/1.1" 200 93
200.112.233.47 - - [08/Mar/2016:09:02:18 -0300] "GET /cormun/servlet/hpexe_return? HTTP/1.1" 200 994
200.112.233.47 - - [08/Mar/2016:09:02:19 -0300] "GET /cormun/servlet/trsolicitudot HTTP/1.1" 200 8176
200.112.233.47 - - [08/Mar/2016:09:02:28 -0300] "POST /cormun/servlet/trsolicitudot?f8c99b820ba733162a16b5ad1d47f97e,gx-no-cache=1457438578875 HTTP/1.1" 200 5636
200.112.233.47 - - [08/Mar/2016:09:02:28 -0300] "POST /cormun/servlet/trsolicitudot?f8c99b820ba733162a16b5ad1d47f97e,gx-no-cache=1457438579218 HTTP/1.1" 200 5634
200.112.233.47 - - [08/Mar/2016:09:02:29 -0300] "POST /cormun/servlet/trsolicitudot?f8c99b820ba733162a16b5ad1d47f97e,gx-no-cache=1457438579578 HTTP/1.1" 200 5636
200.112.233.47 - - [08/Mar/2016:09:02:29 -0300] "POST /cormun/servlet/trsolicitudot?f8c99b820ba733162a16b5ad1d47f97e,gx-no-cache=1457438579937 HTTP/1.1" 200 5636
200.112.233.47 - - [08/Mar/2016:09:02:31 -0300] "POST /cormun/servlet/trsolicitudot?f8c99b820ba733162a16b5ad1d47f97e,gx-no-cache=1457438580312 HTTP/1.1" 200 5635
200.112.233.47 - - [08/Mar/2016:09:02:31 -0300] "POST /cormun/servlet/trsolicitudot?f8c99b820ba733162a16b5ad1d47f97e,gx-no-cache=1457438581640 HTTP/1.1" 200 5635
200.112.233.47 - - [08/Mar/2016:09:02:31 -0300] "POST /cormun/servlet/trsolicitudot?f8c99b820ba733162a16b5ad1d47f97e,gx-no-cache=1457438582031 HTTP/1.1" 200 5634
200.112.233.47 - - [08/Mar/2016:09:02:33 -0300] "POST /cormun/servlet/trsolicitudot?f8c99b820ba733162a16b5ad1d47f97e,gx-no-cache=1457438582468 HTTP/1.1" 200 104
200.112.233.47 - - [08/Mar/2016:09:02:33 -0300] "GET /cormun/servlet/solicitudot?UPD,2016,721, HTTP/1.1" 200 12664
200.112.233.47 - - [08/Mar/2016:09:02:35 -0300] "POST /cormun/servlet/solicitudot?gx-no-cache=1457438586109 HTTP/1.1" 200 2760
200.112.233.47 - - [08/Mar/2016:09:02:36 -0300] "POST /cormun/servlet/solicitudot?f8c99b820ba733162a16b5ad1d47f97e,UPD,2016,721,,gx-no-cache=1457438586359 HTTP/1.1" 200 9056
200.112.233.47 - - [08/Mar/2016:09:02:36 -0300] "GET /cormun/servlet/solicitudot?d55f9b885febc5e1b4b340143f81975b632454c22c3207cf447f9b68628a1e1260a0ea83d3823952eae92442355c675f,gx-no-cache=1457438586718 HTTP/1.1" 200 30
200.112.233.47 - - [08/Mar/2016:09:02:36 -0300] "POST /cormun/servlet/solicitudot?gx-no-cache=1457438586828 HTTP/1.1" 200 30
200.112.233.47 - - [08/Mar/2016:09:02:36 -0300] "POST /cormun/servlet/solicitudot?gx-no-cache=1457438586890 HTTP/1.1" 200 33
200.112.233.47 - - [08/Mar/2016:09:02:36 -0300] "POST /cormun/servlet/solicitudot?gx-no-cache=1457438587015 HTTP/1.1" 200 1170
200.112.233.47 - - [08/Mar/2016:09:02:36 -0300] "GET /cormun/servlet/solicitudot?d55f9b885febc5e1b4b340143f81975b2ff345738406db017075799bd9dab83ad104df516a3177d8f2047a24997794d44587414b661a12ebdf0749f6ba2d3995684f8511948386a9f1261b4608ee71140e56e24cc6dae1db2501374f49afc20e10300f56d751e3d49a8ed1cfa3d19074ad5c1180476100c8a3507530ca4f7c6631ea29504aa1d06b78497cc0727c2c8910182620df79a5d33f32bce3beb7e510,gx-no-cache=1457438587171 HTTP/1.1" 200 41
200.112.233.47 - - [08/Mar/2016:09:02:47 -0300] "POST /cormun/servlet/solicitudot?gx-no-cache=1457438597593 HTTP/1.1" 200 30
200.112.233.47 - - [08/Mar/2016:09:02:49 -0300] "POST /cormun/servlet/solicitudot?gx-no-cache=1457438599921 HTTP/1.1" 200 1170
200.112.233.47 - - [08/Mar/2016:09:02:49 -0300] "GET /cormun/servlet/solicitudot?d55f9b885febc5e1b4b340143f81975b2ff345738406db017075799bd9dab83ad104df516a3177d8f2047a24997794d44587414b661a12ebdf0749f6ba2d3995684f8511948386a9f1261b4608ee71140e56e24cc6dae1db2501374f49afc20e10300f56d751e3d49a8ed1cfa3d19074ad5c1180476100c8a3507530ca4f7c6631ea29504aa1d06b78497cc0727c2c8910182620df79a5d33f32bce3beb7e510,gx-no-cache=1457438600062 HTTP/1.1" 200 41
200.112.233.47 - - [08/Mar/2016:09:02:49 -0300] "GET /cormun/servlet/solicitudot?d55f9b885febc5e1b4b340143f81975bd0b2498851833b3230f49bcae080f823678f9c95f4266c2f0c5b041129240c949382902c628e0747d8803416259a97ca9eaeab3e1e9a9cad18a33685eea04d44fa7371a099d2b1de902262cc0458fe96f9e1fcef3164d9a01f3fff7aaf9b8009,gx-no-cache=1457438600234 HTTP/1.1" 200 29
200.112.233.47 - - [08/Mar/2016:09:02:49 -0300] "POST /cormun/servlet/solicitudot?gx-no-cache=1457438600296 HTTP/1.1" 200 1127
200.112.233.47 - - [08/Mar/2016:09:02:50 -0300] "GET /cormun/servlet/solicitudot?d55f9b885febc5e1b4b340143f81975bccf816841c576f0671b416af23f84377b9b79028221ec3da8737abe3fa1dd090bbe8b159dce5bc0e2d6f8696bf55e6ad3b72e255d8b5fea1b0429964688a0d1e01c6ca64245dda2e2509fdc1046b9eebedf69c55301105ed65459a4822794a5b22556b602eb1281e17a8f61eca556b5cfda47af1fe90793bdd1a04c40b1b7ff1464aa99905721f3efce120dfdd97c7d6da7d8c3b9122778ca8804f2f17c060b9,gx-no-cache=1457438600453 HTTP/1.1" 200 30
200.112.233.47 - - [08/Mar/2016:09:02:50 -0300] "POST /cormun/servlet/solicitudot?f8c99b820ba733162a16b5ad1d47f97e,UPD,2016,721,,gx-no-cache=1457438600531 HTTP/1.1" 200 9359
200.112.233.47 - - [08/Mar/2016:09:02:50 -0300] "GET /cormun/static/Shared/jqueryui/images/ui-bg_highlight-soft_100_c6c2c8_1x100.png HTTP/1.1" 404 1117
200.112.233.47 - - [08/Mar/2016:09:02:50 -0300] "GET /cormun/static/Shared/jqueryui/images/ui-icons_82798d_256x240.png HTTP/1.1" 404 1089
200.112.233.47 - - [08/Mar/2016:09:02:50 -0300] "GET /cormun/static/Shared/jqueryui/images/ui-bg_flat_55_994d53_40x100.png HTTP/1.1" 404 1097
200.112.233.47 - - [08/Mar/2016:09:02:50 -0300] "GET /cormun/static/Shared/jqueryui/images/ui-icons_ebccce_256x240.png HTTP/1.1" 404 1089
200.112.233.47 - - [08/Mar/2016:09:02:59 -0300] "POST /cormun/servlet/solicitudot?f8c99b820ba733162a16b5ad1d47f97e,UPD,2016,721,,gx-no-cache=1457438609250 HTTP/1.1" 200 93
200.112.233.47 - - [08/Mar/2016:09:02:59 -0300] "GET /cormun/servlet/hpexe_return? HTTP/1.1" 200 1019
200.112.233.47 - - [08/Mar/2016:09:02:59 -0300] "GET /cormun/servlet/trsolicitudot?gx-no-cache=1457438582031 HTTP/1.1" 200 8176
200.112.233.47 - - [08/Mar/2016:09:03:10 -0300] "POST /cormun/servlet/trsolicitudot?f8c99b820ba733162a16b5ad1d47f97e,gx-no-cache=1457438582031,gx-no-cache=1457438620390 HTTP/1.1" 200 5634
200.112.233.47 - - [08/Mar/2016:09:03:10 -0300] "POST /cormun/servlet/trsolicitudot?f8c99b820ba733162a16b5ad1d47f97e,gx-no-cache=1457438582031,gx-no-cache=1457438620734 HTTP/1.1" 200 5634
200.112.233.47 - - [08/Mar/2016:09:03:10 -0300] "POST /cormun/servlet/trsolicitudot?f8c99b820ba733162a16b5ad1d47f97e,gx-no-cache=1457438582031,gx-no-cache=1457438621140 HTTP/1.1" 200 5634
200.112.233.47 - - [08/Mar/2016:09:03:11 -0300] "POST /cormun/servlet/trsolicitudot?f8c99b820ba733162a16b5ad1d47f97e,gx-no-cache=1457438582031,gx-no-cache=1457438621546 HTTP/1.1" 200 5634
200.112.233.47 - - [08/Mar/2016:09:03:11 -0300] "POST /cormun/servlet/trsolicitudot?f8c99b820ba733162a16b5ad1d47f97e,gx-no-cache=1457438582031,gx-no-cache=1457438621937 HTTP/1.1" 200 5634
200.112.233.47 - - [08/Mar/2016:09:03:12 -0300] "POST /cormun/servlet/trsolicitudot?f8c99b820ba733162a16b5ad1d47f97e,gx-no-cache=1457438582031,gx-no-cache=1457438622343 HTTP/1.1" 200 5634
200.112.233.47 - - [08/Mar/2016:09:03:12 -0300] "POST /cormun/servlet/trsolicitudot?f8c99b820ba733162a16b5ad1d47f97e,gx-no-cache=1457438582031,gx-no-cache=1457438622781 HTTP/1.1" 200 5634
200.112.233.47 - - [08/Mar/2016:09:03:13 -0300] "POST /cormun/servlet/trsolicitudot?f8c99b820ba733162a16b5ad1d47f97e,gx-no-cache=1457438582031,gx-no-cache=1457438623203 HTTP/1.1" 200 104
200.112.233.47 - - [08/Mar/2016:09:03:13 -0300] "GET /cormun/servlet/solicitudot?UPD,2016,720, HTTP/1.1" 200 12678
200.112.233.47 - - [08/Mar/2016:09:03:16 -0300] "POST /cormun/servlet/solicitudot?gx-no-cache=1457438626406 HTTP/1.1" 200 2755
200.112.233.47 - - [08/Mar/2016:09:03:16 -0300] "POST /cormun/servlet/solicitudot?f8c99b820ba733162a16b5ad1d47f97e,UPD,2016,720,,gx-no-cache=1457438627109 HTTP/1.1" 200 9086
200.112.233.47 - - [08/Mar/2016:09:03:17 -0300] "GET /cormun/servlet/solicitudot?d55f9b885febc5e1b4b340143f81975b49610ba0756a49d2c317407df972d13b60a0ea83d3823952eae92442355c675f,gx-no-cache=1457438627546 HTTP/1.1" 200 30
200.112.233.47 - - [08/Mar/2016:09:03:17 -0300] "POST /cormun/servlet/solicitudot?gx-no-cache=1457438627656 HTTP/1.1" 200 30
200.112.233.47 - - [08/Mar/2016:09:03:17 -0300] "POST /cormun/servlet/solicitudot?gx-no-cache=1457438627796 HTTP/1.1" 200 33
200.112.233.47 - - [08/Mar/2016:09:03:17 -0300] "POST /cormun/servlet/solicitudot?gx-no-cache=1457438627968 HTTP/1.1" 200 1171
200.112.233.47 - - [08/Mar/2016:09:03:17 -0300] "GET /cormun/servlet/solicitudot?d55f9b885febc5e1b4b340143f81975b2ff345738406db017075799bd9dab83ad104df516a3177d8f2047a24997794d44587414b661a12ebdf0749f6ba2d3995684f8511948386a9f1261b4608ee71140e56e24cc6dae1db2501374f49afc20e10300f56d751e3d49a8ed1cfa3d19074ad5c1180476100c8a3507530ca4f7c6631ea29504aa1d06b78497cc0727c2c8910182620df79a5d33f32bce3beb7e510,gx-no-cache=1457438628187 HTTP/1.1" 200 41
200.112.233.47 - - [08/Mar/2016:09:03:18 -0300] "GET /cormun/servlet/solicitudot?d55f9b885febc5e1b4b340143f81975b8ae6f82ea2fa4d2c1608f10e1c84d7ac678f9c95f4266c2f0c5b041129240c947a91d476696229fea34cc9abe292c2a0b0022defe61b149e357f30fe2ad46ec5e6a40c495c2e21629bc79f175851ad3aaa1c8e6f1cf5555f0da76d7402f0592606eb9d003cb051bc0d45b9441b1522bcbae995f711174eef0989caf2ce15403311767765eb25e298488e30692ebd7923,gx-no-cache=1457438628375 HTTP/1.1" 200 29
200.112.233.47 - - [08/Mar/2016:09:03:18 -0300] "POST /cormun/servlet/solicitudot?gx-no-cache=1457438628500 HTTP/1.1" 200 1128
200.112.233.47 - - [08/Mar/2016:09:03:24 -0300] "POST /cormun/servlet/solicitudot?gx-no-cache=1457438634593 HTTP/1.1" 200 30
200.112.233.47 - - [08/Mar/2016:09:03:28 -0300] "POST /cormun/servlet/solicitudot?gx-no-cache=1457438638593 HTTP/1.1" 200 1171
200.112.233.47 - - [08/Mar/2016:09:03:28 -0300] "GET /cormun/servlet/solicitudot?d55f9b885febc5e1b4b340143f81975b2ff345738406db017075799bd9dab83ad104df516a3177d8f2047a24997794d44587414b661a12ebdf0749f6ba2d3995684f8511948386a9f1261b4608ee71140e56e24cc6dae1db2501374f49afc20e10300f56d751e3d49a8ed1cfa3d19074ad5c1180476100c8a3507530ca4f7c6631ea29504aa1d06b78497cc0727c2c8910182620df79a5d33f32bce3beb7e510,gx-no-cache=1457438638765 HTTP/1.1" 200 41
200.112.233.47 - - [08/Mar/2016:09:03:28 -0300] "POST /cormun/servlet/solicitudot?gx-no-cache=1457438638875 HTTP/1.1" 200 1128
200.112.233.47 - - [08/Mar/2016:09:03:28 -0300] "GET /cormun/servlet/solicitudot?d55f9b885febc5e1b4b340143f81975b54fe939e53d3241a091dcd631b49ed1d28748be827bdd959f324432d845a6c7cbbe8b159dce5bc0e2d6f8696bf55e6ad3b72e255d8b5fea1b0429964688a0d1e01c6ca64245dda2e2509fdc1046b9eebedf69c55301105ed65459a4822794a5b22556b602eb1281e17a8f61eca556b5cfda47af1fe90793bdd1a04c40b1b7ff1464aa99905721f3efce120dfdd97c7d6da7d8c3b9122778ca8804f2f17c060b9,gx-no-cache=1457438639156 HTTP/1.1" 200 30
200.112.233.47 - - [08/Mar/2016:09:03:29 -0300] "POST /cormun/servlet/solicitudot?f8c99b820ba733162a16b5ad1d47f97e,UPD,2016,720,,gx-no-cache=1457438639265 HTTP/1.1" 200 93
200.112.233.47 - - [08/Mar/2016:09:03:29 -0300] "GET /cormun/servlet/hpexe_return? HTTP/1.1" 200 1019
200.112.233.47 - - [08/Mar/2016:09:03:29 -0300] "GET /cormun/servlet/trsolicitudot?gx-no-cache=1457438582031 HTTP/1.1" 200 8179
200.112.233.47 - - [08/Mar/2016:09:03:41 -0300] "GET /cormun/servlet/solicitudot?INS,0,0, HTTP/1.1" 200 11462
200.112.233.47 - - [08/Mar/2016:09:03:48 -0300] "POST /cormun/servlet/solicitudot?gx-no-cache=1457438659062 HTTP/1.1" 200 2749
200.112.233.47 - - [08/Mar/2016:09:03:49 -0300] "POST /cormun/servlet/solicitudot?f8c99b820ba733162a16b5ad1d47f97e,INS,0,0,,gx-no-cache=1457438659296 HTTP/1.1" 200 8371
200.112.233.47 - - [08/Mar/2016:09:03:53 -0300] "GET /cormun/servlet/solicitudot?d55f9b885febc5e1b4b340143f81975bef8573c0ea655da6fdab3a5c41b25a993105acabaa1fe2c356c756346dfdcf95,gx-no-cache=1457438663718 HTTP/1.1" 200 30
200.112.233.47 - - [08/Mar/2016:09:03:53 -0300] "POST /cormun/servlet/solicitudot?gx-no-cache=1457438663859 HTTP/1.1" 200 30
200.112.233.47 - - [08/Mar/2016:09:03:53 -0300] "POST /cormun/servlet/solicitudot?gx-no-cache=1457438664000 HTTP/1.1" 200 33
200.112.233.47 - - [08/Mar/2016:09:03:53 -0300] "POST /cormun/servlet/solicitudot?gx-no-cache=1457438664140 HTTP/1.1" 200 1171
200.112.233.47 - - [08/Mar/2016:09:03:53 -0300] "GET /cormun/servlet/solicitudot?d55f9b885febc5e1b4b340143f81975b2ff345738406db017075799bd9dab83ad104df516a3177d8f2047a24997794d44587414b661a12ebdf0749f6ba2d3995684f8511948386a9f1261b4608ee71140e56e24cc6dae1db2501374f49afc20e10300f56d751e3d49a8ed1cfa3d19074ad5c1180476100c8a3507530ca4f7c66ef9882c705e58f776f642a4e6fbd3767,gx-no-cache=1457438664265 HTTP/1.1" 200 38
200.112.233.47 - - [08/Mar/2016:09:03:56 -0300] "GET /cormun/servlet/solicitudot?d55f9b885febc5e1b4b340143f81975ba3047beeeae9d723d3a00da4a846052a9922fb4c0f74b05628845a9543c39885be7121453ca207b5c6ca56461274c3e3e410999f74e83afbd68f54075388f9f8f72405694e666125ed85d68f5e8d774088ca50ca5c6ff615b2dc07be80b4059e,gx-no-cache=1457438667062 HTTP/1.1" 200 29
200.112.233.47 - - [08/Mar/2016:09:03:56 -0300] "POST /cormun/servlet/solicitudot?gx-no-cache=1457438667140 HTTP/1.1" 200 1127
200.112.233.47 - - [08/Mar/2016:09:04:08 -0300] "GET /cormun/servlet/solicitudot?d55f9b885febc5e1b4b340143f81975b34054f6b10b9c42bbdffad02cce3f6760340fa2b7450acd7f6dd2759d745ab76887ea8f97664003a5ecf47b53d6a9dfb791de87ab4e25d60b9d244fdef1fb796f797937eca397af770e7be5d0fde5eea1988cdafd2915e24e40cd03ee8ce6a4d2485b236628bcdeac81ab9da707bcdf0810763ed188e52266ca62f1f7b003aeeb74c00f5fd887210d72afa6fbf83b83a47716fd8d20652fcaa52c48551012b31,gx-no-cache=1457438678546 HTTP/1.1" 200 30
191.112.63.77 - - [08/Mar/2016:09:06:21 -0300] "POST /cormun/servlet/hlogin?f8f6896a6cde16a52d951fa86f6fedfd,gx-no-cache=1457438804056 HTTP/1.1" 440 972
186.103.159.44 - - [08/Mar/2016:09:06:41 -0300] "POST /cormun/servlet/solicitudotadjuntos?gx-no-cache=1457438797438 HTTP/1.1" 200 26
186.103.159.44 - - [08/Mar/2016:09:07:28 -0300] "GET /cormun/servlet/solicitudotadjuntos?672cacd0767d5b309f8838dd7f5a950d60e7d129099be96ee16f0111b4c5433f,gx-no-cache=1457438847027 HTTP/1.1" 200 30
186.103.159.44 - - [08/Mar/2016:09:07:28 -0300] "GET /cormun/servlet/solicitudotadjuntos?672cacd0767d5b309f8838dd7f5a950d60e7d129099be96ee16f0111b4c5433f,gx-no-cache=1457438847074 HTTP/1.1" 200 30
186.103.159.44 - - [08/Mar/2016:09:07:28 -0300] "POST /cormun/servlet/solicitudotadjuntos?0db7ee3fa9095855809c6c1a519e56c1,INS,2016,718,,1, HTTP/1.1" 200 116
186.103.159.44 - - [08/Mar/2016:09:07:28 -0300] "GET /cormun/servlet/hpexe_return? HTTP/1.1" 200 1022
186.103.159.44 - - [08/Mar/2016:09:07:29 -0300] "GET /cormun/servlet/trsolicitudadjuntos?2016,718, HTTP/1.1" 200 7304
186.103.159.44 - - [08/Mar/2016:09:07:36 -0300] "GET /cormun/servlet/solicitudotadjuntos?INS,2016,718,,1, HTTP/1.1" 200 5466
186.103.159.44 - - [08/Mar/2016:09:07:36 -0300] "HEAD /cormun/static/about:blank HTTP/1.1" 404 -
186.103.159.44 - - [08/Mar/2016:09:07:37 -0300] "GET /cormun/servlet/solicitudotadjuntos?672cacd0767d5b309f8838dd7f5a950def4e95900ccad74d925143c6bd5fc4315641e067243d208ceaf755f0d6e94092,gx-no-cache=1457438856680 HTTP/1.1" 200 30
200.112.233.47 - - [08/Mar/2016:09:07:38 -0300] "POST /cormun/servlet/solicitudot?gx-no-cache=1457438888937 HTTP/1.1" 200 30
200.112.233.47 - - [08/Mar/2016:09:07:38 -0300] "POST /cormun/servlet/solicitudot?gx-no-cache=1457438889031 HTTP/1.1" 200 33
200.112.233.47 - - [08/Mar/2016:09:07:38 -0300] "POST /cormun/servlet/solicitudot?gx-no-cache=1457438889140 HTTP/1.1" 200 1171
186.103.159.44 - - [08/Mar/2016:09:07:38 -0300] "POST /cormun/servlet/solicitudotadjuntos?0db7ee3fa9095855809c6c1a519e56c1,INS,2016,718,,1,,gx-no-cache=1457438857519 HTTP/1.1" 200 3354
200.112.233.47 - - [08/Mar/2016:09:07:38 -0300] "GET /cormun/servlet/solicitudot?d55f9b885febc5e1b4b340143f81975b2ff345738406db017075799bd9dab83ad104df516a3177d8f2047a24997794d44587414b661a12ebdf0749f6ba2d3995684f8511948386a9f1261b4608ee71140e56e24cc6dae1db2501374f49afc20e10300f56d751e3d49a8ed1cfa3d19074ad5c1180476100c8a3507530ca4f7c6631ea29504aa1d06b78497cc0727c2c8910182620df79a5d33f32bce3beb7e510,gx-no-cache=1457438889281 HTTP/1.1" 200 41
200.112.233.47 - - [08/Mar/2016:09:07:39 -0300] "POST /cormun/servlet/solicitudot?gx-no-cache=1457438889359 HTTP/1.1" 200 1127
200.112.233.47 - - [08/Mar/2016:09:07:39 -0300] "GET /cormun/servlet/solicitudot?d55f9b885febc5e1b4b340143f81975b34054f6b10b9c42bbdffad02cce3f6760340fa2b7450acd7f6dd2759d745ab76887ea8f97664003a5ecf47b53d6a9dfb791de87ab4e25d60b9d244fdef1fb796f797937eca397af770e7be5d0fde5eea1988cdafd2915e24e40cd03ee8ce6a4d2485b236628bcdeac81ab9da707bcdf0810763ed188e52266ca62f1f7b003aeeb74c00f5fd887210d72afa6fbf83b83a47716fd8d20652fcaa52c48551012b31,gx-no-cache=1457438889484 HTTP/1.1" 200 30
200.112.233.47 - - [08/Mar/2016:09:07:39 -0300] "POST /cormun/servlet/solicitudot?f8c99b820ba733162a16b5ad1d47f97e,INS,0,0,,gx-no-cache=1457438889546 HTTP/1.1" 200 93
200.112.233.47 - - [08/Mar/2016:09:07:39 -0300] "GET /cormun/servlet/hpexe_return? HTTP/1.1" 200 1014
200.112.233.47 - - [08/Mar/2016:09:07:40 -0300] "GET /cormun/servlet/trsolicitudot?gx-no-cache=1457438582031 HTTP/1.1" 200 8478
186.103.159.44 - - [08/Mar/2016:09:07:51 -0300] "POST /cormun/servlet/solicitudotadjuntos?gx-no-cache=1457438870083 HTTP/1.1" 200 26
186.103.159.44 - - [08/Mar/2016:09:07:58 -0300] "GET /cormun/servlet/solicitudotadjuntos?672cacd0767d5b309f8838dd7f5a950d60e7d129099be96ee16f0111b4c5433f,gx-no-cache=1457438877884 HTTP/1.1" 200 30
186.103.159.44 - - [08/Mar/2016:09:08:04 -0300] "GET /cormun/servlet/solicitudotadjuntos?672cacd0767d5b309f8838dd7f5a950d60e7d129099be96ee16f0111b4c5433f,gx-no-cache=1457438881104 HTTP/1.1" 200 30
186.103.159.44 - - [08/Mar/2016:09:08:11 -0300] "POST /cormun/servlet/solicitudotadjuntos?0db7ee3fa9095855809c6c1a519e56c1,INS,2016,718,,1, HTTP/1.1" 200 116
186.103.159.44 - - [08/Mar/2016:09:08:11 -0300] "GET /cormun/servlet/hpexe_return? HTTP/1.1" 200 1022
186.103.159.44 - - [08/Mar/2016:09:08:12 -0300] "GET /cormun/servlet/trsolicitudadjuntos?2016,718, HTTP/1.1" 200 7459
115.231.222.40 - - [08/Mar/2016:09:08:45 -0300] "GET /cgi-bin/common/attr?id=260714&r=0.6775965940879769 HTTP/1.1" 404 999
186.103.159.204 - - [08/Mar/2016:09:12:11 -0300] "POST /cormun/servlet/trsolicitudot?6662a19fac05bee8cd22017e90018831,gx-no-cache=1457439152484 HTTP/1.1" 200 5417
186.103.159.204 - - [08/Mar/2016:09:12:12 -0300] "POST /cormun/servlet/trsolicitudot?6662a19fac05bee8cd22017e90018831,gx-no-cache=1457439152823 HTTP/1.1" 200 5417
186.103.159.204 - - [08/Mar/2016:09:12:12 -0300] "POST /cormun/servlet/trsolicitudot?6662a19fac05bee8cd22017e90018831,gx-no-cache=1457439153080 HTTP/1.1" 200 5417
186.103.159.204 - - [08/Mar/2016:09:12:15 -0300] "GET /cormun/servlet/trsolicitudot? HTTP/1.1" 200 8107
186.103.159.204 - - [08/Mar/2016:09:12:16 -0300] "GET /cormun/servlet/trsolicitudot? HTTP/1.1" 200 8111
186.103.159.204 - - [08/Mar/2016:09:12:16 -0300] "GET /cormun/servlet/trsolicitudot? HTTP/1.1" 200 8111
186.103.159.204 - - [08/Mar/2016:09:12:17 -0300] "GET /cormun/servlet/trsolicitudot? HTTP/1.1" 200 8107
186.103.159.204 - - [08/Mar/2016:09:12:20 -0300] "GET /cormun/servlet/solicitudot?INS,0,0, HTTP/1.1" 200 11509
186.103.159.204 - - [08/Mar/2016:09:12:20 -0300] "GET /cormun/static/Resources/Spanish/PXTools.css?1944839 HTTP/1.1" 304 -
186.103.159.204 - - [08/Mar/2016:09:12:20 -0300] "GET /cormun/static/gxcfg.js?20163219435133 HTTP/1.1" 304 -
186.103.159.204 - - [08/Mar/2016:09:12:20 -0300] "GET /cormun/static/solicitudot.js?20163219435183 HTTP/1.1" 304 -
186.103.159.204 - - [08/Mar/2016:09:12:20 -0300] "GET /cormun/servlet/solicitudot?INS,0,0, HTTP/1.1" 200 11514
186.103.159.204 - - [08/Mar/2016:09:12:46 -0300] "POST /cormun/servlet/solicitudot?gx-no-cache=1457439187483 HTTP/1.1" 200 2668
186.103.159.204 - - [08/Mar/2016:09:12:47 -0300] "POST /cormun/servlet/solicitudot?6662a19fac05bee8cd22017e90018831,INS,0,0,,gx-no-cache=1457439187702 HTTP/1.1" 200 8290
186.103.159.204 - - [08/Mar/2016:09:12:53 -0300] "GET /cormun/servlet/solicitudot?f9f962fbf01d9310caedb2b6838894951fee4c8e73500378a70e74b4b8dc513fe5b9e31bffaddd6df1109cbc6930b46f,gx-no-cache=1457439193880 HTTP/1.1" 200 30
186.103.159.204 - - [08/Mar/2016:09:14:45 -0300] "POST /cormun/servlet/solicitudot?gx-no-cache=1457439305917 HTTP/1.1" 200 30
186.103.159.204 - - [08/Mar/2016:09:14:50 -0300] "POST /cormun/servlet/solicitudot?gx-no-cache=1457439310936 HTTP/1.1" 200 30
186.103.159.204 - - [08/Mar/2016:09:14:53 -0300] "POST /cormun/servlet/solicitudot?gx-no-cache=1457439314130 HTTP/1.1" 200 452
186.103.159.204 - - [08/Mar/2016:09:14:53 -0300] "GET /cormun/servlet/solicitudot?f9f962fbf01d9310caedb2b6838894957102615527664366752d7db959aba364eb8e9d781f21860311d08ddb0b5f46acb115e77449e0518a27cee60796aec1743288b6ca0ef5767df0a1b41d9f85d5f2664192c5c57c6eced51fce1d9826ab4bd6761df27565246a9a008bc51010fc207d7fa32e544e5619c51cd2a00c8f16234bcf4c2375ae48926ca4d77d8b199424,gx-no-cache=1457439314233 HTTP/1.1" 200 38
186.103.159.204 - - [08/Mar/2016:09:15:19 -0300] "GET /cormun/servlet/solicitudot?f9f962fbf01d9310caedb2b683889495146b31b8cb4b1337e5e8cad7212d86db60b5d149e50f2ff08408cfded69a1337bef9b274b26746aeb32362af42f54db10c908263b24f6af255ffd177dc27b47fdb101940ef52a67981f874e7aa9181a39e36be7e4c038cb990a235ae44b48234,gx-no-cache=1457439340603 HTTP/1.1" 200 29
186.103.159.204 - - [08/Mar/2016:09:15:21 -0300] "POST /cormun/servlet/solicitudot?gx-no-cache=1457439342224 HTTP/1.1" 200 1128
186.103.159.44 - - [08/Mar/2016:09:15:56 -0300] "GET /cormun/servlet/solicitudotadjuntos?INS,2016,718,,1, HTTP/1.1" 200 5465
186.103.159.44 - - [08/Mar/2016:09:15:57 -0300] "HEAD /cormun/static/about:blank HTTP/1.1" 404 -
186.103.159.44 - - [08/Mar/2016:09:15:58 -0300] "GET /cormun/servlet/solicitudotadjuntos?672cacd0767d5b309f8838dd7f5a950def4e95900ccad74d925143c6bd5fc4315641e067243d208ceaf755f0d6e94092,gx-no-cache=1457439357445 HTTP/1.1" 200 30
186.103.159.44 - - [08/Mar/2016:09:15:59 -0300] "POST /cormun/servlet/solicitudotadjuntos?0db7ee3fa9095855809c6c1a519e56c1,INS,2016,718,,1,,gx-no-cache=1457439358763 HTTP/1.1" 200 3352
186.103.159.44 - - [08/Mar/2016:09:16:06 -0300] "POST /cormun/servlet/solicitudotadjuntos?gx-no-cache=1457439365075 HTTP/1.1" 200 26
186.103.159.44 - - [08/Mar/2016:09:16:13 -0300] "GET /cormun/servlet/solicitudotadjuntos?672cacd0767d5b309f8838dd7f5a950d60e7d129099be96ee16f0111b4c5433f,gx-no-cache=1457439372524 HTTP/1.1" 200 30
186.103.159.44 - - [08/Mar/2016:09:16:15 -0300] "GET /cormun/servlet/solicitudotadjuntos?672cacd0767d5b309f8838dd7f5a950d60e7d129099be96ee16f0111b4c5433f,gx-no-cache=1457439374557 HTTP/1.1" 200 30
186.103.159.44 - - [08/Mar/2016:09:16:15 -0300] "POST /cormun/servlet/solicitudotadjuntos?0db7ee3fa9095855809c6c1a519e56c1,INS,2016,718,,1, HTTP/1.1" 200 116
186.103.159.44 - - [08/Mar/2016:09:16:15 -0300] "GET /cormun/servlet/hpexe_return? HTTP/1.1" 200 1022
186.103.159.44 - - [08/Mar/2016:09:16:16 -0300] "GET /cormun/servlet/trsolicitudadjuntos?2016,718, HTTP/1.1" 200 7630
186.103.159.44 - - [08/Mar/2016:09:16:22 -0300] "GET /cormun/servlet/solicitudotadjuntos?INS,2016,718,,1, HTTP/1.1" 200 5466
186.103.159.44 - - [08/Mar/2016:09:16:23 -0300] "HEAD /cormun/static/about:blank HTTP/1.1" 404 -
186.103.159.44 - - [08/Mar/2016:09:16:24 -0300] "GET /cormun/servlet/solicitudotadjuntos?672cacd0767d5b309f8838dd7f5a950def4e95900ccad74d925143c6bd5fc4315641e067243d208ceaf755f0d6e94092,gx-no-cache=1457439383397 HTTP/1.1" 200 30
186.103.159.44 - - [08/Mar/2016:09:16:24 -0300] "POST /cormun/servlet/solicitudotadjuntos?0db7ee3fa9095855809c6c1a519e56c1,INS,2016,718,,1,,gx-no-cache=1457439383444 HTTP/1.1" 200 3353
186.103.159.44 - - [08/Mar/2016:09:16:29 -0300] "POST /cormun/servlet/solicitudotadjuntos?gx-no-cache=1457439388219 HTTP/1.1" 200 26
186.103.159.44 - - [08/Mar/2016:09:16:45 -0300] "GET /cormun/servlet/solicitudotadjuntos?672cacd0767d5b309f8838dd7f5a950d60e7d129099be96ee16f0111b4c5433f,gx-no-cache=1457439404812 HTTP/1.1" 200 30
186.103.159.44 - - [08/Mar/2016:09:16:45 -0300] "GET /cormun/servlet/solicitudotadjuntos?672cacd0767d5b309f8838dd7f5a950d60e7d129099be96ee16f0111b4c5433f,gx-no-cache=1457439404851 HTTP/1.1" 200 30
186.103.159.44 - - [08/Mar/2016:09:16:46 -0300] "POST /cormun/servlet/solicitudotadjuntos?0db7ee3fa9095855809c6c1a519e56c1,INS,2016,718,,1, HTTP/1.1" 200 116
186.103.159.44 - - [08/Mar/2016:09:16:46 -0300] "GET /cormun/servlet/hpexe_return? HTTP/1.1" 200 1022
186.103.159.44 - - [08/Mar/2016:09:16:46 -0300] "GET /cormun/servlet/trsolicitudadjuntos?2016,718, HTTP/1.1" 200 7748
186.103.159.44 - - [08/Mar/2016:09:17:05 -0300] "GET /cormun/servlet/solicitudotadjuntos?INS,2016,718,,1, HTTP/1.1" 200 5466
186.103.159.44 - - [08/Mar/2016:09:17:05 -0300] "HEAD /cormun/static/about:blank HTTP/1.1" 404 -
186.103.159.44 - - [08/Mar/2016:09:17:07 -0300] "GET /cormun/servlet/solicitudotadjuntos?672cacd0767d5b309f8838dd7f5a950def4e95900ccad74d925143c6bd5fc4315641e067243d208ceaf755f0d6e94092,gx-no-cache=1457439426106 HTTP/1.1" 200 30
186.103.159.44 - - [08/Mar/2016:09:17:07 -0300] "POST /cormun/servlet/solicitudotadjuntos?0db7ee3fa9095855809c6c1a519e56c1,INS,2016,718,,1,,gx-no-cache=1457439426449 HTTP/1.1" 200 3353
186.103.159.44 - - [08/Mar/2016:09:17:10 -0300] "POST /cormun/servlet/solicitudotadjuntos?gx-no-cache=1457439429459 HTTP/1.1" 200 26
186.103.159.44 - - [08/Mar/2016:09:17:32 -0300] "GET /cormun/servlet/solicitudotadjuntos?672cacd0767d5b309f8838dd7f5a950d60e7d129099be96ee16f0111b4c5433f,gx-no-cache=1457439451916 HTTP/1.1" 200 30
186.103.159.44 - - [08/Mar/2016:09:17:32 -0300] "GET /cormun/servlet/solicitudotadjuntos?672cacd0767d5b309f8838dd7f5a950d60e7d129099be96ee16f0111b4c5433f,gx-no-cache=1457439451960 HTTP/1.1" 200 30
186.103.159.44 - - [08/Mar/2016:09:17:33 -0300] "POST /cormun/servlet/solicitudotadjuntos?0db7ee3fa9095855809c6c1a519e56c1,INS,2016,718,,1, HTTP/1.1" 200 116
186.103.159.44 - - [08/Mar/2016:09:17:33 -0300] "GET /cormun/servlet/hpexe_return? HTTP/1.1" 200 1022
