186.103.159.189 - - [04/Mar/2016:11:49:59 -0300] "POST /cormun/servlet/solicitudot?3f05a12279fed320fdf13c2c3864915c,DLT,2016,601,,gx-no-cache=1457103025876 HTTP/1.1" 200 93
186.103.159.189 - - [04/Mar/2016:11:49:59 -0300] "GET /cormun/servlet/hpexe_return? HTTP/1.1" 200 1028
186.103.159.189 - - [04/Mar/2016:11:49:59 -0300] "GET /cormun/servlet/trsolicitudot?gx-no-cache=1457102999783 HTTP/1.1" 200 7799
186.103.159.189 - - [04/Mar/2016:11:50:01 -0300] "GET /cormun/servlet/trsolicitudot?gx-no-cache=1457102999783 HTTP/1.1" 200 7815
186.103.159.189 - - [04/Mar/2016:11:50:05 -0300] "POST /cormun/servlet/trsolicitudot?3f05a12279fed320fdf13c2c3864915c,gx-no-cache=1457102999783,gx-no-cache=1457103032440 HTTP/1.1" 200 5237
186.103.159.189 - - [04/Mar/2016:11:50:06 -0300] "POST /cormun/servlet/trsolicitudot?3f05a12279fed320fdf13c2c3864915c,gx-no-cache=1457102999783,gx-no-cache=1457103032871 HTTP/1.1" 200 5237
186.103.159.189 - - [04/Mar/2016:11:50:06 -0300] "POST /cormun/servlet/trsolicitudot?3f05a12279fed320fdf13c2c3864915c,gx-no-cache=1457102999783,gx-no-cache=1457103033233 HTTP/1.1" 200 5237
186.103.159.189 - - [04/Mar/2016:11:50:07 -0300] "POST /cormun/servlet/trsolicitudot?3f05a12279fed320fdf13c2c3864915c,gx-no-cache=1457102999783,gx-no-cache=1457103033586 HTTP/1.1" 200 5237
186.103.159.189 - - [04/Mar/2016:11:50:07 -0300] "POST /cormun/servlet/trsolicitudot?3f05a12279fed320fdf13c2c3864915c,gx-no-cache=1457102999783,gx-no-cache=1457103033964 HTTP/1.1" 200 5237
186.103.159.189 - - [04/Mar/2016:11:50:07 -0300] "POST /cormun/servlet/trsolicitudot?3f05a12279fed320fdf13c2c3864915c,gx-no-cache=1457102999783,gx-no-cache=1457103034378 HTTP/1.1" 200 5237
186.103.159.189 - - [04/Mar/2016:11:50:08 -0300] "POST /cormun/servlet/trsolicitudot?3f05a12279fed320fdf13c2c3864915c,gx-no-cache=1457102999783,gx-no-cache=1457103034767 HTTP/1.1" 200 5237
186.103.159.189 - - [04/Mar/2016:11:50:08 -0300] "POST /cormun/servlet/trsolicitudot?3f05a12279fed320fdf13c2c3864915c,gx-no-cache=1457102999783,gx-no-cache=1457103035227 HTTP/1.1" 200 106
186.103.159.189 - - [04/Mar/2016:11:50:08 -0300] "GET /cormun/servlet/trsolicitudadjuntos?2016,518, HTTP/1.1" 200 5370
186.103.159.189 - - [04/Mar/2016:11:50:09 -0300] "GET /cormun/static/Resources/Spanish/PXTools.css?171692 HTTP/1.1" 304 -
186.103.159.189 - - [04/Mar/2016:11:50:09 -0300] "GET /cormun/static/gxcfg.js?2016311731090 HTTP/1.1" 304 -
186.103.159.189 - - [04/Mar/2016:11:50:09 -0300] "GET /cormun/static/trsolicitudadjuntos.js?2016311731342 HTTP/1.1" 304 -
186.103.159.189 - - [04/Mar/2016:11:50:10 -0300] "GET /cormun/servlet/trsolicitudadjuntos?2016,518, HTTP/1.1" 200 5351
186.103.159.189 - - [04/Mar/2016:11:50:19 -0300] "GET /cormun/servlet/solicitudotadjuntos?INS,2016,518,,1, HTTP/1.1" 200 5441
186.103.159.189 - - [04/Mar/2016:11:50:19 -0300] "GET /cormun/static/gxcfg.js?2016311984045 HTTP/1.1" 304 -
186.103.159.189 - - [04/Mar/2016:11:50:19 -0300] "GET /cormun/static/solicitudotadjuntos.js?2016311984068 HTTP/1.1" 304 -
186.103.159.189 - - [04/Mar/2016:11:50:19 -0300] "GET /cormun/static/about:blank HTTP/1.1" 404 1011
186.103.159.189 - - [04/Mar/2016:11:50:21 -0300] "GET /cormun/servlet/solicitudotadjuntos?INS,2016,518,,1, HTTP/1.1" 200 5435
186.103.159.189 - - [04/Mar/2016:11:50:21 -0300] "GET /cormun/servlet/solicitudotadjuntos?7c4f5895db82bfafc7ecc326e7563a26d601bc0b58cc1c472008cf83eaf2b9837ad66371f567c547c09634d795675053,gx-no-cache=1457103048507 HTTP/1.1" 200 30
186.103.159.189 - - [04/Mar/2016:11:50:22 -0300] "POST /cormun/servlet/solicitudotadjuntos?3f05a12279fed320fdf13c2c3864915c,INS,2016,518,,1,,gx-no-cache=1457103048581 HTTP/1.1" 200 3315
186.103.159.189 - - [04/Mar/2016:11:50:27 -0300] "POST /cormun/servlet/solicitudotadjuntos?gx-no-cache=1457103054470 HTTP/1.1" 200 26
186.103.240.224 - - [04/Mar/2016:11:50:32 -0300] "POST /cormun/servlet/solicitudot?gx-no-cache=1457103056528 HTTP/1.1" 200 30
186.103.240.224 - - [04/Mar/2016:11:50:36 -0300] "POST /cormun/servlet/solicitudot?gx-no-cache=1457103059919 HTTP/1.1" 200 1158
186.103.240.224 - - [04/Mar/2016:11:50:36 -0300] "GET /cormun/servlet/solicitudot?0383bd634d5d781fc75668c38a471120fe724adf3f7cd186a7a26fff8e0b4458ec605b03747fe286ef8405051001641df766bfa748cfed51a2fe437dcd60c64d11d7debcaa4aa097d3bb4eecd7859ac4557ca1fbde44069b11620673e3e3f529561c5695bf4c027101ab7a574a8470b0c2caa446fcc2b08925d46e7ab30ad06692833914a20bac8c810db9d0097a2e65bbfd97f802b1e7a2fcfe332c85394d99,gx-no-cache=1457103060185 HTTP/1.1" 200 41
186.103.240.224 - - [04/Mar/2016:11:50:39 -0300] "GET /cormun/servlet/solicitudot?0383bd634d5d781fc75668c38a47112053cddceca0e4607909df93baf6caa8b273c05d909fdcb38258c36e03bb981bab69df558ed7935e86a36c7ffb032dc34d0e6061cc37be3acfaf6ae9505a44d8be68f272d30978f2112133b01dc2f5970659a5eb6122ef43d0eed6fa187079d0d60b614e8385cd6f5a707946eee8a9d4e636480ce8093723033266785a37fdc3c2ed693d4a623d3ec55391bf65bbb908bc673fa958d97d779320c7cb9a56fd784a447f3854ece035e26b56e8ed3af7e484420300e8a4b6afe6cbba917ea841f4d7,gx-no-cache=1457103063264 HTTP/1.1" 200 30
186.103.240.224 - - [04/Mar/2016:11:50:43 -0300] "POST /cormun/servlet/solicitudot?gx-no-cache=1457103066995 HTTP/1.1" 200 1116
186.103.240.224 - - [04/Mar/2016:11:50:43 -0300] "GET /cormun/static/menuarrow.gif HTTP/1.1" 404 1015
186.103.159.189 - - [04/Mar/2016:11:50:47 -0300] "GET /cormun/servlet/solicitudotadjuntos?7c4f5895db82bfafc7ecc326e7563a26212ce803000098bf9486cb8f9991ddae,gx-no-cache=1457103074257 HTTP/1.1" 200 30
186.103.159.189 - - [04/Mar/2016:11:50:47 -0300] "GET /cormun/servlet/solicitudotadjuntos?7c4f5895db82bfafc7ecc326e7563a26212ce803000098bf9486cb8f9991ddae,gx-no-cache=1457103074305 HTTP/1.1" 200 30
186.103.159.189 - - [04/Mar/2016:11:50:48 -0300] "POST /cormun/servlet/solicitudotadjuntos?3f05a12279fed320fdf13c2c3864915c,INS,2016,518,,1, HTTP/1.1" 200 116
186.103.240.224 - - [04/Mar/2016:11:50:48 -0300] "GET /cormun/servlet/solicitudot?0383bd634d5d781fc75668c38a4711201fedbc1d9bbe4f8246869d1bfbfa391fc358c114b3cf29773a571e641066e24153e3b43b8f10f7d90da1abc7a6bcc73fdaeccf1f259885a962833d5d32526b2d04319ac10f6a81db5539202c3506686f732be52d4c1573c0b56049717a1286500b94700c0d1cae6b28a59080de4a97b6805ee4ddd64d24f951153934ec4cf471bb1be45e85a0e6eac317e798f16658a34e26e53ab59dd2db9f543fb192192ffc,gx-no-cache=1457103072064 HTTP/1.1" 200 30
186.103.159.189 - - [04/Mar/2016:11:50:48 -0300] "GET /cormun/servlet/hpexe_return? HTTP/1.1" 200 1021
186.103.240.224 - - [04/Mar/2016:11:50:48 -0300] "POST /cormun/servlet/solicitudot?2df4b8ed7e6b7fcf9c02b1bf31371bd7,UPD,2016,574,,gx-no-cache=1457103072229 HTTP/1.1" 200 93
186.103.240.224 - - [04/Mar/2016:11:50:48 -0300] "GET /cormun/servlet/hpexe_return? HTTP/1.1" 200 1029
186.103.159.189 - - [04/Mar/2016:11:50:48 -0300] "GET /cormun/servlet/trsolicitudadjuntos?2016,518, HTTP/1.1" 200 7235
186.103.240.224 - - [04/Mar/2016:11:50:49 -0300] "GET /cormun/servlet/trsolicitudot?gx-no-cache=1457101716046 HTTP/1.1" 200 8964
115.231.222.40 - - [04/Mar/2016:11:50:49 -0300] "GET /cgi-bin/common/attr?id=260714&r=0.3914029191178672 HTTP/1.1" 404 999
186.103.159.189 - - [04/Mar/2016:11:50:50 -0300] "GET /cormun/servlet/trsolicitudadjuntos?2016,518, HTTP/1.1" 200 7233
186.103.240.224 - - [04/Mar/2016:11:50:51 -0300] "GET /cormun/servlet/trsolicitudot?gx-no-cache=1457101716046 HTTP/1.1" 200 8981
186.103.159.189 - - [04/Mar/2016:11:50:53 -0300] "GET /cormun/servlet/solicitudotadjuntos?INS,2016,518,,1, HTTP/1.1" 200 5441
186.103.159.189 - - [04/Mar/2016:11:50:53 -0300] "GET /cormun/static/about:blank HTTP/1.1" 404 1011
186.103.159.189 - - [04/Mar/2016:11:50:54 -0300] "GET /cormun/servlet/solicitudotadjuntos?INS,2016,518,,1, HTTP/1.1" 200 5435
186.103.159.189 - - [04/Mar/2016:11:50:55 -0300] "GET /cormun/servlet/solicitudotadjuntos?7c4f5895db82bfafc7ecc326e7563a26d601bc0b58cc1c472008cf83eaf2b9837ad66371f567c547c09634d795675053,gx-no-cache=1457103082028 HTTP/1.1" 200 30
186.103.159.189 - - [04/Mar/2016:11:50:55 -0300] "POST /cormun/servlet/solicitudotadjuntos?3f05a12279fed320fdf13c2c3864915c,INS,2016,518,,1,,gx-no-cache=1457103082096 HTTP/1.1" 200 3315
186.103.240.224 - - [04/Mar/2016:11:50:58 -0300] "POST /cormun/servlet/trsolicitudot?2df4b8ed7e6b7fcf9c02b1bf31371bd7,gx-no-cache=1457101716046,gx-no-cache=1457103081813 HTTP/1.1" 200 6390
186.103.240.224 - - [04/Mar/2016:11:50:59 -0300] "POST /cormun/servlet/trsolicitudot?2df4b8ed7e6b7fcf9c02b1bf31371bd7,gx-no-cache=1457101716046,gx-no-cache=1457103082886 HTTP/1.1" 200 6390
186.103.240.224 - - [04/Mar/2016:11:51:00 -0300] "POST /cormun/servlet/trsolicitudot?2df4b8ed7e6b7fcf9c02b1bf31371bd7,gx-no-cache=1457101716046,gx-no-cache=1457103083734 HTTP/1.1" 200 6390
186.103.159.189 - - [04/Mar/2016:11:51:00 -0300] "POST /cormun/servlet/solicitudotadjuntos?gx-no-cache=1457103086994 HTTP/1.1" 200 26
186.103.240.224 - - [04/Mar/2016:11:51:01 -0300] "POST /cormun/servlet/trsolicitudot?2df4b8ed7e6b7fcf9c02b1bf31371bd7,gx-no-cache=1457101716046,gx-no-cache=1457103084593 HTTP/1.1" 200 6390
186.103.240.224 - - [04/Mar/2016:11:51:02 -0300] "POST /cormun/servlet/trsolicitudot?2df4b8ed7e6b7fcf9c02b1bf31371bd7,gx-no-cache=1457101716046,gx-no-cache=1457103085542 HTTP/1.1" 200 6390
186.103.240.224 - - [04/Mar/2016:11:51:02 -0300] "POST /cormun/servlet/trsolicitudot?2df4b8ed7e6b7fcf9c02b1bf31371bd7,gx-no-cache=1457101716046,gx-no-cache=1457103086438 HTTP/1.1" 200 6390
186.103.240.224 - - [04/Mar/2016:11:51:03 -0300] "POST /cormun/servlet/trsolicitudot?2df4b8ed7e6b7fcf9c02b1bf31371bd7,gx-no-cache=1457101716046,gx-no-cache=1457103087363 HTTP/1.1" 200 6390
186.103.240.224 - - [04/Mar/2016:11:51:04 -0300] "POST /cormun/servlet/trsolicitudot?2df4b8ed7e6b7fcf9c02b1bf31371bd7,gx-no-cache=1457101716046,gx-no-cache=1457103088378 HTTP/1.1" 200 6125
186.103.240.224 - - [04/Mar/2016:11:51:06 -0300] "POST /cormun/servlet/trsolicitudot?2df4b8ed7e6b7fcf9c02b1bf31371bd7,gx-no-cache=1457101716046,gx-no-cache=1457103089577 HTTP/1.1" 200 6066
186.103.159.189 - - [04/Mar/2016:11:51:06 -0300] "GET /cormun/servlet/solicitudotadjuntos?7c4f5895db82bfafc7ecc326e7563a26212ce803000098bf9486cb8f9991ddae,gx-no-cache=1457103092930 HTTP/1.1" 200 30
186.103.159.189 - - [04/Mar/2016:11:51:06 -0300] "GET /cormun/servlet/solicitudotadjuntos?7c4f5895db82bfafc7ecc326e7563a26212ce803000098bf9486cb8f9991ddae,gx-no-cache=1457103093009 HTTP/1.1" 200 30
186.103.159.189 - - [04/Mar/2016:11:51:07 -0300] "POST /cormun/servlet/solicitudotadjuntos?3f05a12279fed320fdf13c2c3864915c,INS,2016,518,,1, HTTP/1.1" 200 116
186.103.159.189 - - [04/Mar/2016:11:51:07 -0300] "GET /cormun/servlet/hpexe_return? HTTP/1.1" 200 1021
186.103.159.189 - - [04/Mar/2016:11:51:07 -0300] "GET /cormun/servlet/trsolicitudadjuntos?2016,518, HTTP/1.1" 200 7390
186.103.159.189 - - [04/Mar/2016:11:51:09 -0300] "GET /cormun/servlet/trsolicitudadjuntos?2016,518, HTTP/1.1" 200 7389
186.103.159.189 - - [04/Mar/2016:11:51:14 -0300] "GET /cormun/servlet/solicitudotadjuntos?INS,2016,518,,1, HTTP/1.1" 200 5441
186.103.159.189 - - [04/Mar/2016:11:51:14 -0300] "GET /cormun/static/about:blank HTTP/1.1" 404 1011
186.103.159.189 - - [04/Mar/2016:11:51:16 -0300] "GET /cormun/servlet/solicitudotadjuntos?INS,2016,518,,1, HTTP/1.1" 200 5435
186.103.159.189 - - [04/Mar/2016:11:51:16 -0300] "GET /cormun/servlet/solicitudotadjuntos?7c4f5895db82bfafc7ecc326e7563a26d601bc0b58cc1c472008cf83eaf2b9837ad66371f567c547c09634d795675053,gx-no-cache=1457103103235 HTTP/1.1" 200 30
186.103.159.189 - - [04/Mar/2016:11:51:16 -0300] "POST /cormun/servlet/solicitudotadjuntos?3f05a12279fed320fdf13c2c3864915c,INS,2016,518,,1,,gx-no-cache=1457103103322 HTTP/1.1" 200 3316
186.103.159.189 - - [04/Mar/2016:11:51:20 -0300] "POST /cormun/servlet/solicitudotadjuntos?gx-no-cache=1457103106873 HTTP/1.1" 200 26
186.103.156.24 - - [04/Mar/2016:11:51:28 -0300] "GET /cormun/servlet/trsolicitudot? HTTP/1.1" 200 6224
186.103.156.24 - - [04/Mar/2016:11:51:30 -0300] "GET /cormun/servlet/trsolicitudot? HTTP/1.1" 200 6235
186.103.156.24 - - [04/Mar/2016:11:51:33 -0300] "GET /cormun/servlet/solicitudot?INS,0,0, HTTP/1.1" 200 11486
186.103.156.24 - - [04/Mar/2016:11:51:34 -0300] "GET /cormun/servlet/solicitudot?INS,0,0, HTTP/1.1" 200 11491
186.103.156.24 - - [04/Mar/2016:11:51:41 -0300] "POST /cormun/servlet/solicitudot?gx-no-cache=1457103443703 HTTP/1.1" 200 2668
186.103.156.24 - - [04/Mar/2016:11:51:41 -0300] "POST /cormun/servlet/solicitudot?69006fc50a4d9d0a7b1c336f664109a8,INS,0,0,,gx-no-cache=1457103444580 HTTP/1.1" 200 8282
186.103.156.24 - - [04/Mar/2016:11:51:42 -0300] "GET /cormun/servlet/solicitudot?9356721d1d51900ba62f44f5fa4c999e3aa6a36d993d9049e6f2a22397da4ecd,gx-no-cache=1457103444779 HTTP/1.1" 200 111
186.103.156.24 - - [04/Mar/2016:11:51:42 -0300] "GET /cormun/static/Shared/jqueryui/images/ui-bg_highlight-soft_100_c6c2c8_1x100.png HTTP/1.1" 404 1117
186.103.156.24 - - [04/Mar/2016:11:51:42 -0300] "GET /cormun/static/Shared/jqueryui/images/ui-icons_82798d_256x240.png HTTP/1.1" 404 1089
186.103.156.24 - - [04/Mar/2016:11:51:42 -0300] "GET /cormun/static/Shared/jqueryui/images/ui-icons_ebccce_256x240.png HTTP/1.1" 404 1089
186.103.156.24 - - [04/Mar/2016:11:51:42 -0300] "GET /cormun/static/Shared/jqueryui/images/ui-bg_flat_55_994d53_40x100.png HTTP/1.1" 404 1097
186.67.172.234 - - [04/Mar/2016:11:51:47 -0300] "POST /cormun/servlet/solicitudot?gx-no-cache=1457103158343 HTTP/1.1" 200 2668
186.67.172.234 - - [04/Mar/2016:11:51:47 -0300] "POST /cormun/servlet/solicitudot?a01bc39df05f5bdbb4e3d7e06520e9ea,INS,0,0,,gx-no-cache=1457103158645 HTTP/1.1" 200 8266
186.67.172.234 - - [04/Mar/2016:11:51:51 -0300] "GET /cormun/servlet/solicitudot?692b27914b9b8e12d189e91da0b18b201b10f14df7e65cab5ed0524037cc9d30c6cf2e6e1fa6d039463918a7328db22b,gx-no-cache=1457103162824 HTTP/1.1" 200 30
186.103.156.24 - - [04/Mar/2016:11:52:00 -0300] "GET /cormun/servlet/prfichaempleado?,MD,,gxPopupLevel%3D0%3B HTTP/1.1" 200 7922
186.103.156.24 - - [04/Mar/2016:11:52:00 -0300] "GET /cormun/static/scaMessage/css/jquery-ui.css?104140 HTTP/1.1" 404 1045
186.103.240.224 - - [04/Mar/2016:11:52:08 -0300] "POST /cormun/servlet/trsolicitudot?2df4b8ed7e6b7fcf9c02b1bf31371bd7,gx-no-cache=1457101716046,gx-no-cache=1457103151905 HTTP/1.1" 200 105
186.103.240.224 - - [04/Mar/2016:11:52:08 -0300] "GET /cormun/servlet/solicitudot?UPD,2016,573, HTTP/1.1" 200 12650
186.103.240.224 - - [04/Mar/2016:11:52:11 -0300] "GET /cormun/servlet/solicitudot?UPD,2016,573, HTTP/1.1" 200 12637
186.103.156.24 - - [04/Mar/2016:11:52:12 -0300] "POST /cormun/servlet/solicitudot?gx-no-cache=1457103477868 HTTP/1.1" 200 2769
186.103.240.224 - - [04/Mar/2016:11:52:12 -0300] "POST /cormun/servlet/solicitudot?gx-no-cache=1457103155823 HTTP/1.1" 200 2781
186.103.156.24 - - [04/Mar/2016:11:52:12 -0300] "POST /cormun/servlet/solicitudot?69006fc50a4d9d0a7b1c336f664109a8,INS,0,0,,gx-no-cache=1457103478082 HTTP/1.1" 200 8486
186.103.156.24 - - [04/Mar/2016:11:52:12 -0300] "GET /cormun/servlet/solicitudot?9356721d1d51900ba62f44f5fa4c999ef232b2b56d41e6846e330af9eddb8dc4a3d786cd38fed593c9b10bd366f8cf20,gx-no-cache=1457103478377 HTTP/1.1" 200 30
186.103.240.224 - - [04/Mar/2016:11:52:12 -0300] "POST /cormun/servlet/solicitudot?2df4b8ed7e6b7fcf9c02b1bf31371bd7,UPD,2016,573,,gx-no-cache=1457103156338 HTTP/1.1" 200 9091
186.103.240.224 - - [04/Mar/2016:11:52:13 -0300] "GET /cormun/servlet/solicitudot?0383bd634d5d781fc75668c38a471120e063fe6774f0187b9f0d0c3bb8643ff2c14a4caf1e9e68aa3e21e8492bc47823,gx-no-cache=1457103156937 HTTP/1.1" 200 30
186.103.240.224 - - [04/Mar/2016:11:52:13 -0300] "POST /cormun/servlet/solicitudot?gx-no-cache=1457103157106 HTTP/1.1" 200 30
186.103.240.224 - - [04/Mar/2016:11:52:13 -0300] "POST /cormun/servlet/solicitudot?gx-no-cache=1457103157180 HTTP/1.1" 200 33
186.103.240.224 - - [04/Mar/2016:11:52:13 -0300] "POST /cormun/servlet/solicitudot?gx-no-cache=1457103157307 HTTP/1.1" 200 1157
186.103.240.224 - - [04/Mar/2016:11:52:13 -0300] "GET /cormun/servlet/solicitudot?0383bd634d5d781fc75668c38a471120fe724adf3f7cd186a7a26fff8e0b4458ec605b03747fe286ef8405051001641df766bfa748cfed51a2fe437dcd60c64d11d7debcaa4aa097d3bb4eecd7859ac4557ca1fbde44069b11620673e3e3f529561c5695bf4c027101ab7a574a8470b0c2caa446fcc2b08925d46e7ab30ad06692833914a20bac8c810db9d0097a2e65bbfd97f802b1e7a2fcfe332c85394d99,gx-no-cache=1457103157515 HTTP/1.1" 200 41
186.103.156.24 - - [04/Mar/2016:11:52:19 -0300] "POST /cormun/servlet/solicitudot?gx-no-cache=1457103486808 HTTP/1.1" 200 30
186.103.156.24 - - [04/Mar/2016:11:52:22 -0300] "POST /cormun/servlet/solicitudot?gx-no-cache=1457103490232 HTTP/1.1" 200 30
186.103.157.98 - - [04/Mar/2016:11:52:24 -0300] "GET /cormun/servlet/solicitudot?INS,0,0, HTTP/1.1" 200 11479
186.103.157.98 - - [04/Mar/2016:11:52:25 -0300] "GET /cormun/servlet/solicitudot?INS,0,0, HTTP/1.1" 200 11463
186.103.159.189 - - [04/Mar/2016:11:52:39 -0300] "GET /cormun/servlet/solicitudotadjuntos?7c4f5895db82bfafc7ecc326e7563a26212ce803000098bf9486cb8f9991ddae,gx-no-cache=1457103185979 HTTP/1.1" 200 30
186.103.159.189 - - [04/Mar/2016:11:52:39 -0300] "GET /cormun/servlet/solicitudotadjuntos?7c4f5895db82bfafc7ecc326e7563a26212ce803000098bf9486cb8f9991ddae,gx-no-cache=1457103186035 HTTP/1.1" 200 30
186.103.159.189 - - [04/Mar/2016:11:52:39 -0300] "POST /cormun/servlet/solicitudotadjuntos?3f05a12279fed320fdf13c2c3864915c,INS,2016,518,,1, HTTP/1.1" 200 116
186.103.159.189 - - [04/Mar/2016:11:52:40 -0300] "GET /cormun/servlet/hpexe_return? HTTP/1.1" 200 1021
186.103.159.189 - - [04/Mar/2016:11:52:40 -0300] "GET /cormun/servlet/trsolicitudadjuntos?2016,518, HTTP/1.1" 200 7559
186.103.159.189 - - [04/Mar/2016:11:52:43 -0300] "GET /cormun/servlet/trsolicitudadjuntos?2016,518, HTTP/1.1" 200 7555
186.103.159.189 - - [04/Mar/2016:11:52:46 -0300] "GET /cormun/servlet/solicitudotadjuntos?INS,2016,518,,1, HTTP/1.1" 200 5440
186.103.159.189 - - [04/Mar/2016:11:52:46 -0300] "GET /cormun/static/about:blank HTTP/1.1" 404 1011
186.103.159.189 - - [04/Mar/2016:11:52:48 -0300] "GET /cormun/servlet/solicitudotadjuntos?INS,2016,518,,1, HTTP/1.1" 200 5434
186.103.159.189 - - [04/Mar/2016:11:52:48 -0300] "GET /cormun/servlet/solicitudotadjuntos?7c4f5895db82bfafc7ecc326e7563a26d601bc0b58cc1c472008cf83eaf2b9837ad66371f567c547c09634d795675053,gx-no-cache=1457103195546 HTTP/1.1" 200 30
186.103.159.189 - - [04/Mar/2016:11:52:49 -0300] "POST /cormun/servlet/solicitudotadjuntos?3f05a12279fed320fdf13c2c3864915c,INS,2016,518,,1,,gx-no-cache=1457103195637 HTTP/1.1" 200 3314
186.103.240.224 - - [04/Mar/2016:11:52:56 -0300] "POST /cormun/servlet/solicitudot?gx-no-cache=1457103200489 HTTP/1.1" 200 30
186.103.240.224 - - [04/Mar/2016:11:53:04 -0300] "POST /cormun/servlet/solicitudot?gx-no-cache=1457103207863 HTTP/1.1" 200 1157
186.103.240.224 - - [04/Mar/2016:11:53:04 -0300] "GET /cormun/servlet/solicitudot?0383bd634d5d781fc75668c38a471120fe724adf3f7cd186a7a26fff8e0b4458ec605b03747fe286ef8405051001641df766bfa748cfed51a2fe437dcd60c64d11d7debcaa4aa097d3bb4eecd7859ac4557ca1fbde44069b11620673e3e3f529561c5695bf4c027101ab7a574a8470b0c2caa446fcc2b08925d46e7ab30ad06692833914a20bac8c810db9d0097a2e65bbfd97f802b1e7a2fcfe332c85394d99,gx-no-cache=1457103208100 HTTP/1.1" 200 41
186.103.240.224 - - [04/Mar/2016:11:53:04 -0300] "GET /cormun/servlet/solicitudot?0383bd634d5d781fc75668c38a471120ee2d13b2f72be4be02c6acc9a37f19d373c05d909fdcb38258c36e03bb981bab69df558ed7935e86a36c7ffb032dc34d0e6061cc37be3acfaf6ae9505a44d8be68f272d30978f2112133b01dc2f5970659a5eb6122ef43d0eed6fa187079d0d60b614e8385cd6f5a707946eee8a9d4e636480ce8093723033266785a37fdc3c2ed693d4a623d3ec55391bf65bbb908bc673fa958d97d779320c7cb9a56fd784a447f3854ece035e26b56e8ed3af7e484420300e8a4b6afe6cbba917ea841f4d7,gx-no-cache=1457103208202 HTTP/1.1" 200 29
186.103.240.224 - - [04/Mar/2016:11:53:04 -0300] "POST /cormun/servlet/solicitudot?gx-no-cache=1457103208304 HTTP/1.1" 200 1116
186.103.240.224 - - [04/Mar/2016:11:53:06 -0300] "POST /cormun/servlet/solicitudot?gx-no-cache=1457103210199 HTTP/1.1" 200 30
186.103.240.224 - - [04/Mar/2016:11:53:06 -0300] "POST /cormun/servlet/solicitudot?gx-no-cache=1457103210310 HTTP/1.1" 200 1157
186.103.240.224 - - [04/Mar/2016:11:53:06 -0300] "GET /cormun/servlet/solicitudot?0383bd634d5d781fc75668c38a471120fe724adf3f7cd186a7a26fff8e0b4458ec605b03747fe286ef8405051001641df766bfa748cfed51a2fe437dcd60c64d11d7debcaa4aa097d3bb4eecd7859ac4557ca1fbde44069b11620673e3e3f529561c5695bf4c027101ab7a574a8470b0c2caa446fcc2b08925d46e7ab30ad06692833914a20bac8c810db9d0097a2e65bbfd97f802b1e7a2fcfe332c85394d99,gx-no-cache=1457103210516 HTTP/1.1" 200 41
186.103.240.224 - - [04/Mar/2016:11:53:06 -0300] "POST /cormun/servlet/solicitudot?gx-no-cache=1457103210595 HTTP/1.1" 200 1116
186.103.240.224 - - [04/Mar/2016:11:53:17 -0300] "GET /cormun/servlet/prcontratosol?14331834,,,,,MD,,gxPopupLevel%3D0%3B HTTP/1.1" 200 5750
186.103.240.224 - - [04/Mar/2016:11:53:25 -0300] "POST /cormun/servlet/solicitudot?gx-no-cache=1457103228875 HTTP/1.1" 200 1157
186.103.240.224 - - [04/Mar/2016:11:53:25 -0300] "GET /cormun/servlet/solicitudot?0383bd634d5d781fc75668c38a471120fe724adf3f7cd186a7a26fff8e0b4458ec605b03747fe286ef8405051001641df766bfa748cfed51a2fe437dcd60c64d11d7debcaa4aa097d3bb4eecd7859ac4557ca1fbde44069b11620673e3e3f529561c5695bf4c027101ab7a574a8470b0c2caa446fcc2b08925d46e7ab30ad06692833914a20bac8c810db9d0097a2e65bbfd97f802b1e7a2fcfe332c85394d99,gx-no-cache=1457103229079 HTTP/1.1" 200 41
186.103.240.224 - - [04/Mar/2016:11:53:25 -0300] "POST /cormun/servlet/solicitudot?gx-no-cache=1457103229161 HTTP/1.1" 200 1116
186.103.240.224 - - [04/Mar/2016:11:53:31 -0300] "GET /cormun/servlet/solicitudot?0383bd634d5d781fc75668c38a471120072c59fc6a6adfe456ae46596a40eb68802f6a370130b43a730d04ab33deb7f2cb373884d7e5e041a386bfe3b2f22fa11ed31180ad634ec81c3479ecc0757363291e13ea39c293f3410f46a3130a60f970c48cc97cebdfdf0bdb1ec72c3934657c5f2d58a19a2d216e8087cd852e718644962343c030dd59132a437097530f36c166aca71bfdc791422a437a898033c6dd79358cc59f9609b4f637f941e45827,gx-no-cache=1457103235358 HTTP/1.1" 200 30
186.103.240.224 - - [04/Mar/2016:11:53:31 -0300] "POST /cormun/servlet/solicitudot?2df4b8ed7e6b7fcf9c02b1bf31371bd7,UPD,2016,573,,gx-no-cache=1457103235449 HTTP/1.1" 200 93
186.103.240.224 - - [04/Mar/2016:11:53:32 -0300] "GET /cormun/servlet/hpexe_return? HTTP/1.1" 200 1029
186.103.240.224 - - [04/Mar/2016:11:53:32 -0300] "GET /cormun/servlet/trsolicitudot?gx-no-cache=1457101716046 HTTP/1.1" 200 8681
186.103.240.224 - - [04/Mar/2016:11:53:34 -0300] "GET /cormun/servlet/trsolicitudot?gx-no-cache=1457101716046 HTTP/1.1" 200 8697
186.103.240.224 - - [04/Mar/2016:11:54:04 -0300] "POST /cormun/servlet/trsolicitudot?2df4b8ed7e6b7fcf9c02b1bf31371bd7,gx-no-cache=1457101716046,gx-no-cache=1457103267868 HTTP/1.1" 200 6092
186.103.240.224 - - [04/Mar/2016:11:54:05 -0300] "POST /cormun/servlet/trsolicitudot?2df4b8ed7e6b7fcf9c02b1bf31371bd7,gx-no-cache=1457101716046,gx-no-cache=1457103268775 HTTP/1.1" 200 6092
186.103.240.224 - - [04/Mar/2016:11:54:06 -0300] "POST /cormun/servlet/trsolicitudot?2df4b8ed7e6b7fcf9c02b1bf31371bd7,gx-no-cache=1457101716046,gx-no-cache=1457103269545 HTTP/1.1" 200 6092
186.103.240.224 - - [04/Mar/2016:11:54:06 -0300] "POST /cormun/servlet/trsolicitudot?2df4b8ed7e6b7fcf9c02b1bf31371bd7,gx-no-cache=1457101716046,gx-no-cache=1457103270369 HTTP/1.1" 200 6092
186.103.240.224 - - [04/Mar/2016:11:54:07 -0300] "POST /cormun/servlet/trsolicitudot?2df4b8ed7e6b7fcf9c02b1bf31371bd7,gx-no-cache=1457101716046,gx-no-cache=1457103271190 HTTP/1.1" 200 6092
186.103.240.224 - - [04/Mar/2016:11:54:08 -0300] "POST /cormun/servlet/trsolicitudot?2df4b8ed7e6b7fcf9c02b1bf31371bd7,gx-no-cache=1457101716046,gx-no-cache=1457103272055 HTTP/1.1" 200 6092
186.103.240.224 - - [04/Mar/2016:11:54:09 -0300] "POST /cormun/servlet/trsolicitudot?2df4b8ed7e6b7fcf9c02b1bf31371bd7,gx-no-cache=1457101716046,gx-no-cache=1457103272942 HTTP/1.1" 200 6092
186.103.240.224 - - [04/Mar/2016:11:54:10 -0300] "POST /cormun/servlet/trsolicitudot?2df4b8ed7e6b7fcf9c02b1bf31371bd7,gx-no-cache=1457101716046,gx-no-cache=1457103273833 HTTP/1.1" 200 5795
186.103.240.224 - - [04/Mar/2016:11:54:10 -0300] "GET /cormun/static/Shared/jqueryui/images/ui-bg_highlight-soft_100_c6c2c8_1x100.png HTTP/1.1" 404 1117
186.103.240.224 - - [04/Mar/2016:11:54:10 -0300] "GET /cormun/static/Shared/jqueryui/images/ui-icons_82798d_256x240.png HTTP/1.1" 404 1089
186.103.240.224 - - [04/Mar/2016:11:54:10 -0300] "GET /cormun/static/Shared/jqueryui/images/ui-icons_8d78a5_256x240.png HTTP/1.1" 404 1089
186.103.240.224 - - [04/Mar/2016:11:54:10 -0300] "GET /cormun/static/Shared/jqueryui/images/ui-bg_flat_55_fafafa_40x100.png HTTP/1.1" 404 1097
186.103.240.224 - - [04/Mar/2016:11:54:11 -0300] "POST /cormun/servlet/trsolicitudot?2df4b8ed7e6b7fcf9c02b1bf31371bd7,gx-no-cache=1457101716046,gx-no-cache=1457103274948 HTTP/1.1" 200 5736
186.103.240.224 - - [04/Mar/2016:11:54:16 -0300] "POST /cormun/servlet/trsolicitudot?2df4b8ed7e6b7fcf9c02b1bf31371bd7,gx-no-cache=1457101716046,gx-no-cache=1457103280475 HTTP/1.1" 200 105
186.103.240.224 - - [04/Mar/2016:11:54:17 -0300] "GET /cormun/servlet/solicitudot?UPD,2016,569, HTTP/1.1" 200 12622
186.103.240.224 - - [04/Mar/2016:11:54:19 -0300] "GET /cormun/servlet/solicitudot?UPD,2016,569, HTTP/1.1" 200 12609
186.103.240.224 - - [04/Mar/2016:11:54:19 -0300] "POST /cormun/servlet/solicitudot?gx-no-cache=1457103283537 HTTP/1.1" 200 2767
186.103.240.224 - - [04/Mar/2016:11:54:20 -0300] "POST /cormun/servlet/solicitudot?2df4b8ed7e6b7fcf9c02b1bf31371bd7,UPD,2016,569,,gx-no-cache=1457103284006 HTTP/1.1" 200 9079
186.103.240.224 - - [04/Mar/2016:11:54:20 -0300] "GET /cormun/servlet/solicitudot?0383bd634d5d781fc75668c38a4711203d46bad3552190a5d1698a64e612a053f69b870f0e2d5d454bb9faf281402b00,gx-no-cache=1457103284588 HTTP/1.1" 200 30
186.103.240.224 - - [04/Mar/2016:11:54:20 -0300] "POST /cormun/servlet/solicitudot?gx-no-cache=1457103284742 HTTP/1.1" 200 30
186.103.240.224 - - [04/Mar/2016:11:54:21 -0300] "POST /cormun/servlet/solicitudot?gx-no-cache=1457103284868 HTTP/1.1" 200 33
186.103.240.224 - - [04/Mar/2016:11:54:21 -0300] "POST /cormun/servlet/solicitudot?gx-no-cache=1457103285038 HTTP/1.1" 200 1157
186.103.240.224 - - [04/Mar/2016:11:54:21 -0300] "GET /cormun/servlet/solicitudot?0383bd634d5d781fc75668c38a471120fe724adf3f7cd186a7a26fff8e0b4458ec605b03747fe286ef8405051001641df766bfa748cfed51a2fe437dcd60c64d11d7debcaa4aa097d3bb4eecd7859ac4557ca1fbde44069b11620673e3e3f529561c5695bf4c027101ab7a574a8470b0c2caa446fcc2b08925d46e7ab30ad06692833914a20bac8c810db9d0097a2e65bbfd97f802b1e7a2fcfe332c85394d99,gx-no-cache=1457103285260 HTTP/1.1" 200 41
186.67.172.234 - - [04/Mar/2016:11:54:29 -0300] "POST /cormun/servlet/solicitudot?gx-no-cache=1457103321136 HTTP/1.1" 200 30
186.103.240.224 - - [04/Mar/2016:11:54:33 -0300] "POST /cormun/servlet/solicitudot?gx-no-cache=1457103296940 HTTP/1.1" 200 30
186.103.240.224 - - [04/Mar/2016:11:54:34 -0300] "GET /cormun/servlet/prcontratosol?7097476,,,,,MD,,gxPopupLevel%3D0%3B HTTP/1.1" 200 5670
186.67.172.234 - - [04/Mar/2016:11:54:36 -0300] "POST /cormun/servlet/solicitudot?gx-no-cache=1457103327856 HTTP/1.1" 200 30
186.103.240.224 - - [04/Mar/2016:11:54:40 -0300] "POST /cormun/servlet/solicitudot?gx-no-cache=1457103304680 HTTP/1.1" 200 1157
186.103.240.224 - - [04/Mar/2016:11:54:41 -0300] "GET /cormun/servlet/solicitudot?0383bd634d5d781fc75668c38a471120fe724adf3f7cd186a7a26fff8e0b4458ec605b03747fe286ef8405051001641df766bfa748cfed51a2fe437dcd60c64d11d7debcaa4aa097d3bb4eecd7859ac4557ca1fbde44069b11620673e3e3f529561c5695bf4c027101ab7a574a8470b0c2caa446fcc2b08925d46e7ab30ad06692833914a20bac8c810db9d0097a2e65bbfd97f802b1e7a2fcfe332c85394d99,gx-no-cache=1457103304918 HTTP/1.1" 200 41
186.103.240.224 - - [04/Mar/2016:11:54:41 -0300] "GET /cormun/servlet/solicitudot?0383bd634d5d781fc75668c38a471120ee2d13b2f72be4be02c6acc9a37f19d373c05d909fdcb38258c36e03bb981bab69df558ed7935e86a36c7ffb032dc34d0e6061cc37be3acfaf6ae9505a44d8be68f272d30978f2112133b01dc2f5970659a5eb6122ef43d0eed6fa187079d0d60b614e8385cd6f5a707946eee8a9d4e636480ce8093723033266785a37fdc3c2ed693d4a623d3ec55391bf65bbb908bc673fa958d97d779320c7cb9a56fd784a447f3854ece035e26b56e8ed3af7e484420300e8a4b6afe6cbba917ea841f4d7,gx-no-cache=1457103305000 HTTP/1.1" 200 29
186.103.240.224 - - [04/Mar/2016:11:54:41 -0300] "POST /cormun/servlet/solicitudot?gx-no-cache=1457103305080 HTTP/1.1" 200 1116
186.103.240.224 - - [04/Mar/2016:11:54:45 -0300] "GET /cormun/static/menuarrow.gif HTTP/1.1" 404 1015
186.67.172.234 - - [04/Mar/2016:11:55:03 -0300] "POST /cormun/servlet/solicitudot?gx-no-cache=1457103354834 HTTP/1.1" 200 452
186.67.172.234 - - [04/Mar/2016:11:55:03 -0300] "GET /cormun/servlet/solicitudot?692b27914b9b8e12d189e91da0b18b201b66e3e8268d051a774844bb5e969e5c142d87e9077397da52556e69a3cc1dcfd22cca3bf8f855a1f390099bb00abbc4ff685cd3b49f38a29542dcabe5c3c24ce494c5e6ac92d1584b511f78227267767bdc7345191963ed647f72c4ca84dd827760f185715c9babae2c1a912da8cb83c6b4e97b011721748ca80ccbed6fe2ef,gx-no-cache=1457103354895 HTTP/1.1" 200 38
186.103.156.24 - - [04/Mar/2016:11:55:18 -0300] "POST /cormun/servlet/solicitudot?gx-no-cache=1457103686742 HTTP/1.1" 200 1158
186.103.156.24 - - [04/Mar/2016:11:55:18 -0300] "GET /cormun/servlet/solicitudot?9356721d1d51900ba62f44f5fa4c999edc4b20e3cb2136ffc5f58fd3b8ff78500cee027eafed9868db1e76b6d96cf6cb5cd4a3aa561be284f3ef03c7d80c393fe418e5904c29b1073e18eed4ed4366495b237847653c5ea8566264a4f527fa9c327a4859f5b039c371ed5c198f1310cd76c03e447b49ceff33f0bcd2437ba33fdd1de30894bfc73dc4771ac12584c847,gx-no-cache=1457103686823 HTTP/1.1" 200 38
186.103.156.24 - - [04/Mar/2016:11:55:21 -0300] "GET /cormun/servlet/solicitudot?9356721d1d51900ba62f44f5fa4c999e67d8515070177d70ada22e71bd3c6dcad4b704a7972110696453fe3b1ea94d95d92bbf7845f9d8428f4d3c6623174f41fadc76ceb403e2981debd51e1935890ef99b23a8e2a573ab4bd45125db5a9e4764e9b8d68ea32566e39224caec3bd6453c6c47c20af033f0fb682353366d7265d82142b376735a78c0a481a10c7971256974f010c6b02fa29a315da113560950a055cbbe75a57d12b625caf70e15e11d9d9400214284b3b57f3fa230ab3072b56229286471731552f2b66aa35de64317,gx-no-cache=1457103690883 HTTP/1.1" 200 29
186.103.156.24 - - [04/Mar/2016:11:55:27 -0300] "POST /cormun/servlet/solicitudot?gx-no-cache=1457103696942 HTTP/1.1" 200 1116
186.103.156.24 - - [04/Mar/2016:11:55:27 -0300] "GET /cormun/static/menuarrow.gif HTTP/1.1" 404 1015
186.103.240.224 - - [04/Mar/2016:11:55:31 -0300] "GET /cormun/servlet/solicitudot?0383bd634d5d781fc75668c38a471120f8bbb29052c1168943ea53a75b1b1440a805d32bbc18fd1db0e9098d063ba6cc3da13203b17d9966a20adf245fa5d708eb2e57e6df3e75eca3db4c3a012d9d5cf3449ac0c75df72bb63e431f3d677cd3a942737790f68f2796c7fb77c38d79c20b614e8385cd6f5a707946eee8a9d4e65592ee06191100fbf0d608425ba39099bd9a700c4cd1040ab7443411095a39ee8d1da84b9223647db33762a7049d0a4b,gx-no-cache=1457103355579 HTTP/1.1" 200 30
186.103.240.224 - - [04/Mar/2016:11:55:32 -0300] "POST /cormun/servlet/solicitudot?2df4b8ed7e6b7fcf9c02b1bf31371bd7,UPD,2016,569,,gx-no-cache=1457103355713 HTTP/1.1" 200 93
186.103.240.224 - - [04/Mar/2016:11:55:32 -0300] "GET /cormun/servlet/hpexe_return? HTTP/1.1" 200 1029
186.103.240.224 - - [04/Mar/2016:11:55:32 -0300] "GET /cormun/servlet/trsolicitudot?gx-no-cache=1457101716046 HTTP/1.1" 200 8368
186.103.240.224 - - [04/Mar/2016:11:55:35 -0300] "GET /cormun/servlet/trsolicitudot?gx-no-cache=1457101716046 HTTP/1.1" 200 8385
186.103.240.224 - - [04/Mar/2016:11:55:40 -0300] "POST /cormun/servlet/trsolicitudot?2df4b8ed7e6b7fcf9c02b1bf31371bd7,gx-no-cache=1457101716046,gx-no-cache=1457103363826 HTTP/1.1" 200 5764
186.103.240.224 - - [04/Mar/2016:11:55:41 -0300] "POST /cormun/servlet/trsolicitudot?2df4b8ed7e6b7fcf9c02b1bf31371bd7,gx-no-cache=1457101716046,gx-no-cache=1457103364596 HTTP/1.1" 200 5764
186.103.156.24 - - [04/Mar/2016:11:55:41 -0300] "GET /cormun/servlet/solicitudot?9356721d1d51900ba62f44f5fa4c999e07033952f38236d64d79ce162565070c6f28f2225e0d87292b13b400f70f78bd89111464e99f72dd05833494a1f713ec8d438257bd9a09febdad2c60838dafd7410ff257be29c7a3a229a0f3576ca1d76ca2af3072043325bac6015f9240fb560bff26fd399255d4dffc572f498ce6501e797bd5e37be8a97d7f386ea4b3343cee2371f46daa12e7fa27d510c0ec6346b1e09df4367e34f9090f51853fab3e96,gx-no-cache=1457103713533 HTTP/1.1" 200 30
186.103.240.224 - - [04/Mar/2016:11:55:41 -0300] "POST /cormun/servlet/trsolicitudot?2df4b8ed7e6b7fcf9c02b1bf31371bd7,gx-no-cache=1457101716046,gx-no-cache=1457103365284 HTTP/1.1" 200 5764
186.103.240.224 - - [04/Mar/2016:11:55:42 -0300] "POST /cormun/servlet/trsolicitudot?2df4b8ed7e6b7fcf9c02b1bf31371bd7,gx-no-cache=1457101716046,gx-no-cache=1457103366010 HTTP/1.1" 200 5764
186.103.240.224 - - [04/Mar/2016:11:55:43 -0300] "POST /cormun/servlet/trsolicitudot?2df4b8ed7e6b7fcf9c02b1bf31371bd7,gx-no-cache=1457101716046,gx-no-cache=1457103366735 HTTP/1.1" 200 5764
186.103.240.224 - - [04/Mar/2016:11:55:44 -0300] "POST /cormun/servlet/trsolicitudot?2df4b8ed7e6b7fcf9c02b1bf31371bd7,gx-no-cache=1457101716046,gx-no-cache=1457103367539 HTTP/1.1" 200 5764
186.103.159.189 - - [04/Mar/2016:11:55:44 -0300] "POST /cormun/servlet/solicitudotadjuntos?gx-no-cache=1457103370717 HTTP/1.1" 200 26
186.103.240.224 - - [04/Mar/2016:11:55:44 -0300] "POST /cormun/servlet/trsolicitudot?2df4b8ed7e6b7fcf9c02b1bf31371bd7,gx-no-cache=1457101716046,gx-no-cache=1457103368351 HTTP/1.1" 200 5764
186.103.240.224 - - [04/Mar/2016:11:55:45 -0300] "POST /cormun/servlet/trsolicitudot?2df4b8ed7e6b7fcf9c02b1bf31371bd7,gx-no-cache=1457101716046,gx-no-cache=1457103369162 HTTP/1.1" 200 5555
186.103.240.224 - - [04/Mar/2016:11:55:45 -0300] "GET /cormun/static/Shared/jqueryui/images/ui-bg_highlight-soft_100_c6c2c8_1x100.png HTTP/1.1" 404 1117
186.103.240.224 - - [04/Mar/2016:11:55:45 -0300] "GET /cormun/static/Shared/jqueryui/images/ui-icons_82798d_256x240.png HTTP/1.1" 404 1089
186.103.240.224 - - [04/Mar/2016:11:55:46 -0300] "GET /cormun/static/Shared/jqueryui/images/ui-bg_flat_55_fafafa_40x100.png HTTP/1.1" 404 1097
186.103.240.224 - - [04/Mar/2016:11:55:46 -0300] "GET /cormun/static/Shared/jqueryui/images/ui-icons_8d78a5_256x240.png HTTP/1.1" 404 1089
186.103.240.224 - - [04/Mar/2016:11:55:46 -0300] "POST /cormun/servlet/trsolicitudot?2df4b8ed7e6b7fcf9c02b1bf31371bd7,gx-no-cache=1457101716046,gx-no-cache=1457103370146 HTTP/1.1" 200 5497
186.103.159.189 - - [04/Mar/2016:11:55:55 -0300] "GET /cormun/servlet/solicitudotadjuntos?7c4f5895db82bfafc7ecc326e7563a26212ce803000098bf9486cb8f9991ddae,gx-no-cache=1457103382132 HTTP/1.1" 200 30
186.103.159.189 - - [04/Mar/2016:11:55:55 -0300] "GET /cormun/servlet/solicitudotadjuntos?7c4f5895db82bfafc7ecc326e7563a26212ce803000098bf9486cb8f9991ddae,gx-no-cache=1457103382170 HTTP/1.1" 200 30
186.103.159.189 - - [04/Mar/2016:11:55:56 -0300] "POST /cormun/servlet/solicitudotadjuntos?3f05a12279fed320fdf13c2c3864915c,INS,2016,518,,1, HTTP/1.1" 200 116
186.103.159.189 - - [04/Mar/2016:11:55:56 -0300] "GET /cormun/servlet/hpexe_return? HTTP/1.1" 200 1021
186.103.159.189 - - [04/Mar/2016:11:55:56 -0300] "GET /cormun/servlet/trsolicitudadjuntos?2016,518, HTTP/1.1" 200 7684
186.103.159.189 - - [04/Mar/2016:11:55:59 -0300] "GET /cormun/servlet/trsolicitudadjuntos?2016,518, HTTP/1.1" 200 7681
186.103.159.189 - - [04/Mar/2016:11:56:02 -0300] "GET /cormun/servlet/solicitudotadjuntos?INS,2016,518,,1, HTTP/1.1" 200 5441
186.103.159.189 - - [04/Mar/2016:11:56:04 -0300] "GET /cormun/static/about:blank HTTP/1.1" 404 1011
186.103.159.189 - - [04/Mar/2016:11:56:04 -0300] "GET /cormun/servlet/solicitudotadjuntos?INS,2016,518,,1, HTTP/1.1" 200 5435
186.103.159.189 - - [04/Mar/2016:11:56:04 -0300] "GET /cormun/servlet/solicitudotadjuntos?7c4f5895db82bfafc7ecc326e7563a26d601bc0b58cc1c472008cf83eaf2b9837ad66371f567c547c09634d795675053,gx-no-cache=1457103391556 HTTP/1.1" 200 30
186.103.159.189 - - [04/Mar/2016:11:56:05 -0300] "POST /cormun/servlet/solicitudotadjuntos?3f05a12279fed320fdf13c2c3864915c,INS,2016,518,,1,,gx-no-cache=1457103391641 HTTP/1.1" 200 3315
186.103.159.189 - - [04/Mar/2016:11:56:11 -0300] "POST /cormun/servlet/solicitudotadjuntos?gx-no-cache=1457103398365 HTTP/1.1" 200 26
186.67.172.234 - - [04/Mar/2016:11:56:19 -0300] "GET /cormun/servlet/solicitudot?692b27914b9b8e12d189e91da0b18b2095e1141738a052225ef916577d0ae3d3f11900a9bc9dc91ffb31e6586ce25d2226df4aeabd8812fe008b3fd40b273d631d1f1a5b9ea8aa5c6712336b71f5c10987937f7b6cf21733e7ab53e9049dd08d863f657716b999d977396f7e41c2d14f,gx-no-cache=1457103431016 HTTP/1.1" 200 29
186.67.172.234 - - [04/Mar/2016:11:56:21 -0300] "POST /cormun/servlet/solicitudot?gx-no-cache=1457103432712 HTTP/1.1" 200 1116
186.103.159.189 - - [04/Mar/2016:11:56:22 -0300] "GET /cormun/servlet/solicitudotadjuntos?7c4f5895db82bfafc7ecc326e7563a26212ce803000098bf9486cb8f9991ddae,gx-no-cache=1457103408645 HTTP/1.1" 200 30
186.103.159.189 - - [04/Mar/2016:11:56:22 -0300] "GET /cormun/servlet/solicitudotadjuntos?7c4f5895db82bfafc7ecc326e7563a26212ce803000098bf9486cb8f9991ddae,gx-no-cache=1457103408683 HTTP/1.1" 200 30
186.103.159.189 - - [04/Mar/2016:11:56:22 -0300] "POST /cormun/servlet/solicitudotadjuntos?3f05a12279fed320fdf13c2c3864915c,INS,2016,518,,1, HTTP/1.1" 200 116
186.103.159.189 - - [04/Mar/2016:11:56:22 -0300] "GET /cormun/servlet/hpexe_return? HTTP/1.1" 200 1021
186.103.159.189 - - [04/Mar/2016:11:56:23 -0300] "GET /cormun/servlet/trsolicitudadjuntos?2016,518, HTTP/1.1" 200 7816
186.103.159.189 - - [04/Mar/2016:11:56:25 -0300] "GET /cormun/servlet/trsolicitudadjuntos?2016,518, HTTP/1.1" 200 7815
186.103.159.189 - - [04/Mar/2016:11:56:28 -0300] "GET /cormun/servlet/solicitudotadjuntos?INS,2016,518,,1, HTTP/1.1" 200 5441
186.103.159.189 - - [04/Mar/2016:11:56:28 -0300] "GET /cormun/static/about:blank HTTP/1.1" 404 1011
186.103.159.189 - - [04/Mar/2016:11:56:30 -0300] "GET /cormun/servlet/solicitudotadjuntos?INS,2016,518,,1, HTTP/1.1" 200 5435
186.103.159.189 - - [04/Mar/2016:11:56:30 -0300] "GET /cormun/servlet/solicitudotadjuntos?7c4f5895db82bfafc7ecc326e7563a26d601bc0b58cc1c472008cf83eaf2b9837ad66371f567c547c09634d795675053,gx-no-cache=1457103417499 HTTP/1.1" 200 30
186.103.159.189 - - [04/Mar/2016:11:56:31 -0300] "POST /cormun/servlet/solicitudotadjuntos?3f05a12279fed320fdf13c2c3864915c,INS,2016,518,,1,,gx-no-cache=1457103417577 HTTP/1.1" 200 3315
186.103.159.189 - - [04/Mar/2016:11:56:35 -0300] "POST /cormun/servlet/solicitudotadjuntos?gx-no-cache=1457103421665 HTTP/1.1" 200 26
186.103.159.189 - - [04/Mar/2016:11:56:47 -0300] "GET /cormun/servlet/solicitudotadjuntos?7c4f5895db82bfafc7ecc326e7563a26212ce803000098bf9486cb8f9991ddae,gx-no-cache=1457103433965 HTTP/1.1" 200 30
186.103.159.189 - - [04/Mar/2016:11:56:47 -0300] "GET /cormun/servlet/solicitudotadjuntos?7c4f5895db82bfafc7ecc326e7563a26212ce803000098bf9486cb8f9991ddae,gx-no-cache=1457103434000 HTTP/1.1" 200 30
186.103.159.189 - - [04/Mar/2016:11:56:48 -0300] "POST /cormun/servlet/solicitudotadjuntos?3f05a12279fed320fdf13c2c3864915c,INS,2016,518,,1, HTTP/1.1" 200 116
186.103.159.189 - - [04/Mar/2016:11:56:48 -0300] "GET /cormun/servlet/hpexe_return? HTTP/1.1" 200 1021
186.103.159.189 - - [04/Mar/2016:11:56:48 -0300] "GET /cormun/servlet/trsolicitudadjuntos?2016,518, HTTP/1.1" 200 7926
186.103.159.189 - - [04/Mar/2016:11:56:50 -0300] "GET /cormun/servlet/trsolicitudadjuntos?2016,518, HTTP/1.1" 200 7924
186.103.159.189 - - [04/Mar/2016:11:56:55 -0300] "GET /cormun/servlet/solicitudotadjuntos?INS,2016,518,,2, HTTP/1.1" 200 5441
186.103.159.189 - - [04/Mar/2016:11:56:55 -0300] "GET /cormun/static/about:blank HTTP/1.1" 404 1011
186.103.159.189 - - [04/Mar/2016:11:56:57 -0300] "GET /cormun/servlet/solicitudotadjuntos?INS,2016,518,,2, HTTP/1.1" 200 5435
186.103.159.189 - - [04/Mar/2016:11:56:57 -0300] "GET /cormun/servlet/solicitudotadjuntos?7c4f5895db82bfafc7ecc326e7563a26d601bc0b58cc1c472008cf83eaf2b9837ad66371f567c547c09634d795675053,gx-no-cache=1457103444088 HTTP/1.1" 200 30
186.103.159.189 - - [04/Mar/2016:11:56:57 -0300] "POST /cormun/servlet/solicitudotadjuntos?3f05a12279fed320fdf13c2c3864915c,INS,2016,518,,2,,gx-no-cache=1457103444165 HTTP/1.1" 200 3529
186.103.159.189 - - [04/Mar/2016:11:57:01 -0300] "POST /cormun/servlet/solicitudotadjuntos?gx-no-cache=1457103448416 HTTP/1.1" 200 26
186.103.159.189 - - [04/Mar/2016:11:57:11 -0300] "GET /cormun/servlet/solicitudotadjuntos?7c4f5895db82bfafc7ecc326e7563a26212ce803000098bf9486cb8f9991ddae,gx-no-cache=1457103458047 HTTP/1.1" 200 30
186.103.159.189 - - [04/Mar/2016:11:57:11 -0300] "GET /cormun/servlet/solicitudotadjuntos?7c4f5895db82bfafc7ecc326e7563a26212ce803000098bf9486cb8f9991ddae,gx-no-cache=1457103458081 HTTP/1.1" 200 30
186.103.156.24 - - [04/Mar/2016:11:57:11 -0300] "POST /cormun/servlet/solicitudot?69006fc50a4d9d0a7b1c336f664109a8,INS,0,0,,gx-no-cache=1457103813530 HTTP/1.1" 200 93
186.103.159.189 - - [04/Mar/2016:11:57:11 -0300] "POST /cormun/servlet/solicitudotadjuntos?3f05a12279fed320fdf13c2c3864915c,INS,2016,518,,2, HTTP/1.1" 200 116
186.103.159.189 - - [04/Mar/2016:11:57:11 -0300] "GET /cormun/servlet/hpexe_return? HTTP/1.1" 200 1021
186.103.159.189 - - [04/Mar/2016:11:57:12 -0300] "GET /cormun/servlet/trsolicitudadjuntos?2016,518, HTTP/1.1" 200 8161
186.103.156.24 - - [04/Mar/2016:11:57:12 -0300] "GET /cormun/servlet/hpexe_return? HTTP/1.1" 200 1007
186.103.156.24 - - [04/Mar/2016:11:57:13 -0300] "GET /cormun/servlet/trsolicitudot HTTP/1.1" 200 6238
186.103.156.24 - - [04/Mar/2016:11:57:14 -0300] "GET /cormun/servlet/trsolicitudot HTTP/1.1" 200 6235
186.103.159.189 - - [04/Mar/2016:11:57:14 -0300] "GET /cormun/servlet/trsolicitudadjuntos?2016,518, HTTP/1.1" 200 8159
186.103.159.189 - - [04/Mar/2016:11:57:23 -0300] "GET /cormun/servlet/trsolicitudot? HTTP/1.1" 200 7801
186.103.159.189 - - [04/Mar/2016:11:57:25 -0300] "GET /cormun/servlet/trsolicitudot? HTTP/1.1" 200 7795
186.103.156.24 - - [04/Mar/2016:11:57:36 -0300] "GET /cormun/servlet/trautorizarsolicitud? HTTP/1.1" 200 6187
186.103.156.24 - - [04/Mar/2016:11:57:36 -0300] "GET /cormun/servlet/trautorizarsolicitud? HTTP/1.1" 200 6187
186.103.156.24 - - [04/Mar/2016:11:57:45 -0300] "POST /cormun/servlet/trautorizarsolicitud?69006fc50a4d9d0a7b1c336f664109a8,,gx-no-cache=1457103853096 HTTP/1.1" 200 3478
186.103.156.24 - - [04/Mar/2016:11:57:46 -0300] "POST /cormun/servlet/trautorizarsolicitud?69006fc50a4d9d0a7b1c336f664109a8,,gx-no-cache=1457103853278 HTTP/1.1" 200 3479
186.103.156.24 - - [04/Mar/2016:11:57:46 -0300] "POST /cormun/servlet/trautorizarsolicitud?69006fc50a4d9d0a7b1c336f664109a8,,gx-no-cache=1457103853415 HTTP/1.1" 200 3479
186.103.156.24 - - [04/Mar/2016:11:57:46 -0300] "POST /cormun/servlet/trautorizarsolicitud?69006fc50a4d9d0a7b1c336f664109a8,,gx-no-cache=1457103853557 HTTP/1.1" 200 3478
186.103.156.24 - - [04/Mar/2016:11:57:46 -0300] "POST /cormun/servlet/trautorizarsolicitud?69006fc50a4d9d0a7b1c336f664109a8,,gx-no-cache=1457103853701 HTTP/1.1" 200 3478
186.103.156.24 - - [04/Mar/2016:11:57:47 -0300] "POST /cormun/servlet/trautorizarsolicitud?69006fc50a4d9d0a7b1c336f664109a8,,gx-no-cache=1457103853855 HTTP/1.1" 200 3478
186.103.156.24 - - [04/Mar/2016:11:57:47 -0300] "POST /cormun/servlet/trautorizarsolicitud?69006fc50a4d9d0a7b1c336f664109a8,,gx-no-cache=1457103854498 HTTP/1.1" 200 3479
186.103.156.24 - - [04/Mar/2016:11:57:47 -0300] "POST /cormun/servlet/trautorizarsolicitud?69006fc50a4d9d0a7b1c336f664109a8,,gx-no-cache=1457103854689 HTTP/1.1" 200 3479
186.103.156.24 - - [04/Mar/2016:11:57:49 -0300] "POST /cormun/servlet/trautorizarsolicitud?69006fc50a4d9d0a7b1c336f664109a8,,gx-no-cache=1457103856682 HTTP/1.1" 200 3478
186.103.156.24 - - [04/Mar/2016:11:57:53 -0300] "POST /cormun/servlet/trautorizarsolicitud?69006fc50a4d9d0a7b1c336f664109a8,,gx-no-cache=1457103861317 HTTP/1.1" 200 3478
186.103.156.24 - - [04/Mar/2016:11:57:57 -0300] "POST /cormun/servlet/trautorizarsolicitud?69006fc50a4d9d0a7b1c336f664109a8,,gx-no-cache=1457103866251 HTTP/1.1" 200 90
186.103.156.24 - - [04/Mar/2016:11:57:57 -0300] "GET /cormun/servlet/hpexe_link HTTP/1.1" 200 963
186.103.156.24 - - [04/Mar/2016:11:57:58 -0300] "GET /cormun/servlet/trsolicitudot HTTP/1.1" 200 6236
186.103.156.24 - - [04/Mar/2016:11:57:59 -0300] "GET /cormun/servlet/trsolicitudot HTTP/1.1" 200 6235
186.103.156.24 - - [04/Mar/2016:11:58:03 -0300] "GET /cormun/servlet/solicitudot?INS,0,0, HTTP/1.1" 200 11486
186.103.156.24 - - [04/Mar/2016:11:58:04 -0300] "GET /cormun/servlet/solicitudot?INS,0,0, HTTP/1.1" 200 11491
186.103.156.24 - - [04/Mar/2016:11:58:06 -0300] "GET /cormun/servlet/prfichaempleado?,MD,,gxPopupLevel%3D0%3B HTTP/1.1" 200 7922
186.103.156.24 - - [04/Mar/2016:11:58:06 -0300] "GET /cormun/static/scaMessage/css/jquery-ui.css?104140 HTTP/1.1" 404 1045
186.103.240.224 - - [04/Mar/2016:11:58:10 -0300] "POST /cormun/servlet/trsolicitudot?2df4b8ed7e6b7fcf9c02b1bf31371bd7,gx-no-cache=1457101716046,gx-no-cache=1457103513947 HTTP/1.1" 200 105
186.103.240.224 - - [04/Mar/2016:11:58:10 -0300] "GET /cormun/servlet/solicitudot?UPD,2016,567, HTTP/1.1" 200 12609
186.103.156.24 - - [04/Mar/2016:11:58:13 -0300] "GET /cormun/servlet/prfichaempleado?57ed849d12b7d22b7f0d4e5679f71a832f6344dceaae67292860be5605a7e662fcfc7154f9c3971821021a3b0916d64d3955a7c06c1ea9c44152669cb6b5c963,gx-no-cache=1457103882862 HTTP/1.1" 200 465
186.103.240.224 - - [04/Mar/2016:11:58:13 -0300] "GET /cormun/servlet/solicitudot?UPD,2016,567, HTTP/1.1" 200 12597
186.103.240.224 - - [04/Mar/2016:11:58:14 -0300] "POST /cormun/servlet/solicitudot?gx-no-cache=1457103517692 HTTP/1.1" 200 2767
186.103.240.224 - - [04/Mar/2016:11:58:14 -0300] "POST /cormun/servlet/solicitudot?2df4b8ed7e6b7fcf9c02b1bf31371bd7,UPD,2016,567,,gx-no-cache=1457103518246 HTTP/1.1" 200 9069
186.103.156.24 - - [04/Mar/2016:11:58:14 -0300] "GET /cormun/servlet/prfichaempleado?57ed849d12b7d22b7f0d4e5679f71a830dcda81cda2d7dbcaeacf8237635b72888671914b4f781424804a1fe617e0c35c12e6c839608a76931e4d723e6de6918a3d786cd38fed593c9b10bd366f8cf20,gx-no-cache=1457103884593 HTTP/1.1" 200 466
186.103.240.224 - - [04/Mar/2016:11:58:15 -0300] "GET /cormun/servlet/solicitudot?0383bd634d5d781fc75668c38a4711203d46bad3552190a5d1698a64e612a053f69b870f0e2d5d454bb9faf281402b00,gx-no-cache=1457103519021 HTTP/1.1" 200 30
186.103.240.224 - - [04/Mar/2016:11:58:15 -0300] "POST /cormun/servlet/solicitudot?gx-no-cache=1457103519178 HTTP/1.1" 200 30
186.103.240.224 - - [04/Mar/2016:11:58:15 -0300] "POST /cormun/servlet/solicitudot?gx-no-cache=1457103519284 HTTP/1.1" 200 33
186.103.240.224 - - [04/Mar/2016:11:58:15 -0300] "POST /cormun/servlet/solicitudot?gx-no-cache=1457103519433 HTTP/1.1" 200 1157
186.103.240.224 - - [04/Mar/2016:11:58:15 -0300] "GET /cormun/servlet/solicitudot?0383bd634d5d781fc75668c38a471120fe724adf3f7cd186a7a26fff8e0b4458ec605b03747fe286ef8405051001641df766bfa748cfed51a2fe437dcd60c64d11d7debcaa4aa097d3bb4eecd7859ac4557ca1fbde44069b11620673e3e3f529561c5695bf4c027101ab7a574a8470b0c2caa446fcc2b08925d46e7ab30ad06692833914a20bac8c810db9d0097a2e65bbfd97f802b1e7a2fcfe332c85394d99,gx-no-cache=1457103519675 HTTP/1.1" 200 41
186.103.156.24 - - [04/Mar/2016:11:58:16 -0300] "POST /cormun/servlet/prfichaempleado?69006fc50a4d9d0a7b1c336f664109a8,,MD,,gxPopupLevel%3D0%3B,gx-no-cache=1457103886911 HTTP/1.1" 200 5172
186.103.156.24 - - [04/Mar/2016:11:58:33 -0300] "GET /cormun/servlet/prfichaempleado?57ed849d12b7d22b7f0d4e5679f71a830dcda81cda2d7dbcaeacf8237635b728678a9527c8b79d87e922277a6697e0de0e174f8cc15ceaa40d8064e92d5c7693a508cb73738964d3b1b99ebd74968a9c,gx-no-cache=1457103905821 HTTP/1.1" 200 469
186.103.156.24 - - [04/Mar/2016:11:58:35 -0300] "GET /cormun/servlet/prfichaempleado?57ed849d12b7d22b7f0d4e5679f71a830dcda81cda2d7dbcaeacf8237635b72856661b748ca6261d2fedb636d1ef5b7de4d9b19c27f7273098f7a6d273793eb155ddcec5c9265003b286895816e74a6e,gx-no-cache=1457103907294 HTTP/1.1" 200 472
186.103.156.24 - - [04/Mar/2016:11:58:37 -0300] "POST /cormun/servlet/prfichaempleado?69006fc50a4d9d0a7b1c336f664109a8,,MD,,gxPopupLevel%3D0%3B,gx-no-cache=1457103909462 HTTP/1.1" 200 2993
186.103.156.24 - - [04/Mar/2016:11:58:57 -0300] "POST /cormun/servlet/solicitudot?gx-no-cache=1457103931665 HTTP/1.1" 200 2778
186.103.156.24 - - [04/Mar/2016:11:58:58 -0300] "POST /cormun/servlet/solicitudot?69006fc50a4d9d0a7b1c336f664109a8,INS,0,0,,gx-no-cache=1457103932337 HTTP/1.1" 200 8424
186.103.156.24 - - [04/Mar/2016:11:58:58 -0300] "GET /cormun/servlet/solicitudot?9356721d1d51900ba62f44f5fa4c999e9a78609dd89046af4937f66ba1f5a366a3d786cd38fed593c9b10bd366f8cf20,gx-no-cache=1457103932720 HTTP/1.1" 200 30
186.103.156.24 - - [04/Mar/2016:11:58:58 -0300] "POST /cormun/servlet/solicitudot?gx-no-cache=1457103932814 HTTP/1.1" 200 30
186.67.172.234 - - [04/Mar/2016:11:59:05 -0300] "GET /cormun/servlet/solicitudot?692b27914b9b8e12d189e91da0b18b20fd4c8324d3ca128212a62f03ac147d49f605eea5b89899e8d247839e128d746c7d5f82fb60febf85cb26560d4f691df54bc213003006d53ee95c59071cea2e935b1c82eab2c6b790443251973dbce4e14979398fdd5480078ace712f5a224b4ce44260fb58e6a31280cb7a5ab74de984a12dbb610006ada3147008e9c6656e7c530512ea0d62df1d8aa839beb8fbdbde05307efca8aa40899eb94ccf19425ae1,gx-no-cache=1457103597133 HTTP/1.1" 200 30
186.103.156.24 - - [04/Mar/2016:11:59:09 -0300] "POST /cormun/servlet/solicitudot?gx-no-cache=1457103944827 HTTP/1.1" 200 30
186.103.156.24 - - [04/Mar/2016:11:59:14 -0300] "POST /cormun/servlet/solicitudot?gx-no-cache=1457103950827 HTTP/1.1" 200 1158
186.103.156.24 - - [04/Mar/2016:11:59:14 -0300] "GET /cormun/servlet/solicitudot?9356721d1d51900ba62f44f5fa4c999edc4b20e3cb2136ffc5f58fd3b8ff78500cee027eafed9868db1e76b6d96cf6cb5cd4a3aa561be284f3ef03c7d80c393fe418e5904c29b1073e18eed4ed4366495b237847653c5ea8566264a4f527fa9c327a4859f5b039c371ed5c198f1310cd76c03e447b49ceff33f0bcd2437ba33fdd1de30894bfc73dc4771ac12584c847,gx-no-cache=1457103950894 HTTP/1.1" 200 38
186.103.156.24 - - [04/Mar/2016:11:59:21 -0300] "GET /cormun/servlet/solicitudot?9356721d1d51900ba62f44f5fa4c999e67d8515070177d70ada22e71bd3c6dcad4b704a7972110696453fe3b1ea94d95bf19f6d542b36f3a5fca88f231eaf14bfadc76ceb403e2981debd51e1935890ef99b23a8e2a573ab4bd45125db5a9e4764e9b8d68ea32566e39224caec3bd6453c6c47c20af033f0fb682353366d7265d82142b376735a78c0a481a10c7971256974f010c6b02fa29a315da113560950a055cbbe75a57d12b625caf70e15e11d9d9400214284b3b57f3fa230ab3072b56229286471731552f2b66aa35de64317,gx-no-cache=1457103958718 HTTP/1.1" 200 29
