186.103.159.187 - - [04/Mar/2016:13:01:59 -0300] "GET /cormun//static/Resources/PXToolsActionView.png HTTP/1.1" 200 2995
186.103.159.187 - - [04/Mar/2016:13:01:59 -0300] "GET /cormun//static/Resources/PXToolsGridUpdate.png HTTP/1.1" 200 2984
186.103.159.187 - - [04/Mar/2016:13:01:59 -0300] "GET /cormun//static/Resources/PXTools/ActionInsert.png HTTP/1.1" 200 1482
186.103.159.187 - - [04/Mar/2016:13:01:59 -0300] "GET /cormun/servlet/trsolicitudot HTTP/1.1" 200 7462
186.103.159.187 - - [04/Mar/2016:13:02:05 -0300] "POST /cormun/servlet/trsolicitudot?21a62f649fed7362142ae896ece8325f,gx-no-cache=1457111088613 HTTP/1.1" 200 4915
186.103.159.187 - - [04/Mar/2016:13:02:05 -0300] "POST /cormun/servlet/trsolicitudot?21a62f649fed7362142ae896ece8325f,gx-no-cache=1457111088828 HTTP/1.1" 200 4916
186.103.159.187 - - [04/Mar/2016:13:02:06 -0300] "POST /cormun/servlet/trsolicitudot?21a62f649fed7362142ae896ece8325f,gx-no-cache=1457111089029 HTTP/1.1" 200 4915
186.103.159.187 - - [04/Mar/2016:13:02:06 -0300] "POST /cormun/servlet/trsolicitudot?21a62f649fed7362142ae896ece8325f,gx-no-cache=1457111089226 HTTP/1.1" 200 4915
186.103.159.187 - - [04/Mar/2016:13:02:06 -0300] "POST /cormun/servlet/trsolicitudot?21a62f649fed7362142ae896ece8325f,gx-no-cache=1457111089447 HTTP/1.1" 200 4915
186.103.159.187 - - [04/Mar/2016:13:02:06 -0300] "POST /cormun/servlet/trsolicitudot?21a62f649fed7362142ae896ece8325f,gx-no-cache=1457111089678 HTTP/1.1" 200 4915
186.103.159.187 - - [04/Mar/2016:13:02:07 -0300] "POST /cormun/servlet/trsolicitudot?21a62f649fed7362142ae896ece8325f,gx-no-cache=1457111089951 HTTP/1.1" 200 4915
186.103.159.187 - - [04/Mar/2016:13:02:07 -0300] "POST /cormun/servlet/trsolicitudot?21a62f649fed7362142ae896ece8325f,gx-no-cache=1457111090179 HTTP/1.1" 200 104
186.103.159.187 - - [04/Mar/2016:13:02:07 -0300] "GET /cormun/servlet/solicitudot?UPD,2016,609, HTTP/1.1" 200 12619
186.103.159.187 - - [04/Mar/2016:13:02:08 -0300] "GET /cormun/servlet/solicitudot?UPD,2016,609, HTTP/1.1" 200 12627
186.103.159.187 - - [04/Mar/2016:13:02:08 -0300] "POST /cormun/servlet/solicitudot?gx-no-cache=1457111091903 HTTP/1.1" 200 2765
186.103.159.187 - - [04/Mar/2016:13:02:09 -0300] "POST /cormun/servlet/solicitudot?21a62f649fed7362142ae896ece8325f,UPD,2016,609,,gx-no-cache=1457111092060 HTTP/1.1" 200 9059
186.103.159.187 - - [04/Mar/2016:13:02:09 -0300] "GET /cormun/servlet/solicitudot?c3c5d095048a0ab2615d99238cc8afc5eb1826dae09e42c149544198ca297589a6dc8f62b984ae4c97e2dbd67946fb96,gx-no-cache=1457111092277 HTTP/1.1" 200 30
186.103.159.187 - - [04/Mar/2016:13:02:09 -0300] "POST /cormun/servlet/solicitudot?gx-no-cache=1457111092334 HTTP/1.1" 200 30
186.103.159.187 - - [04/Mar/2016:13:02:09 -0300] "POST /cormun/servlet/solicitudot?gx-no-cache=1457111092382 HTTP/1.1" 200 30
186.103.159.187 - - [04/Mar/2016:13:02:09 -0300] "POST /cormun/servlet/solicitudot?gx-no-cache=1457111092438 HTTP/1.1" 200 1156
186.103.159.187 - - [04/Mar/2016:13:02:09 -0300] "GET /cormun/servlet/solicitudot?c3c5d095048a0ab2615d99238cc8afc5ea356a1669fd3519a6d307983e8a63703f5e58a76cf14044af3c06d7085f3c83f932243bc26b67e58f02bd08ef8f387277c2cad552a70e8fd7c07489050f9d0f4fa7081ae79e5dcbdf1826f019ae8c283a04c6e459cc7dea97a4ba302ad1eff03ae0a87ac7ce2f9b628234613fc838e676cc00a68abed98ff3aef10d931e35bf019e27751e7b0fea7f40e7fb9f61ef7d,gx-no-cache=1457111092557 HTTP/1.1" 200 41
186.103.159.187 - - [04/Mar/2016:13:02:27 -0300] "GET /cormun/servlet/solicitudot?c3c5d095048a0ab2615d99238cc8afc592f9a26ba3bfe0185f57fbd615fd585ba1ff3addf5ded8ce3cd7b4def091ff27045725d6d1d7e969a56433fe0839c33bebf517bce35ea9baf517b1cafc8c191eebc65aab873c0e6066d1f540159c6b6650f526d57686989401220d6de385902d150a0269c3cc30bcb84b01993253ab466145a1befa8850de9d58f410e79c0a1c5227c05f5f24d7e78bc5be0310e357e1,gx-no-cache=1457111110817 HTTP/1.1" 200 29
186.103.159.187 - - [04/Mar/2016:13:02:27 -0300] "POST /cormun/servlet/solicitudot?gx-no-cache=1457111110879 HTTP/1.1" 200 1115
191.112.101.245 - - [04/Mar/2016:13:03:17 -0300] "GET /cormun/servlet/trautorizarsolicitud? HTTP/1.1" 200 7104
191.112.101.245 - - [04/Mar/2016:13:03:17 -0300] "GET /cormun/static/Resources/Spanish/PXTools.css?19444614 HTTP/1.1" 200 89042
191.112.101.245 - - [04/Mar/2016:13:03:17 -0300] "GET /cormun/static/gxcfg.js?20163219504791 HTTP/1.1" 200 953
191.112.101.245 - - [04/Mar/2016:13:03:19 -0300] "GET /cormun/static/messages.spa.js?85251 HTTP/1.1" 200 30736
191.112.101.245 - - [04/Mar/2016:13:03:19 -0300] "GET /cormun/static/trautorizarsolicitud.js?20163219505323 HTTP/1.1" 200 45302
191.112.101.245 - - [04/Mar/2016:13:03:19 -0300] "GET /cormun/static/hwchdr01.js?20162241650484 HTTP/1.1" 200 1183
191.112.101.245 - - [04/Mar/2016:13:03:19 -0300] "GET /cormun/static/hpexe_recentlink.js?2015111312121342 HTTP/1.1" 200 2144
191.112.101.245 - - [04/Mar/2016:13:03:19 -0300] "GET /cormun/static/hpexe_scripts.js?20151120014546 HTTP/1.1" 200 1544
191.112.101.245 - - [04/Mar/2016:13:03:19 -0300] "GET /cormun/static/hpexe_messagecontroller.js?2015112210524422 HTTP/1.1" 200 870
191.112.101.245 - - [04/Mar/2016:13:03:20 -0300] "GET /cormun/static/hpexe_messagepopupcomponent.js?20163219454551 HTTP/1.1" 200 605
191.112.101.245 - - [04/Mar/2016:13:03:20 -0300] "GET /cormun/static/hpexe_messagegenexuscomponent.js?20151120014314 HTTP/1.1" 200 587
191.112.101.245 - - [04/Mar/2016:13:03:20 -0300] "GET /cormun/static/cmcontrolpreferences.js?20151120014525 HTTP/1.1" 200 1375
191.112.101.245 - - [04/Mar/2016:13:03:20 -0300] "GET /cormun/static/hmpwkw03.js?2016311993330 HTTP/1.1" 200 3898
191.112.101.245 - - [04/Mar/2016:13:03:21 -0300] "GET /cormun/servlet/trautorizarsolicitud? HTTP/1.1" 200 7115
191.112.101.245 - - [04/Mar/2016:13:03:22 -0300] "GET /cormun/servlet/hlogin HTTP/1.1" 200 1739
191.112.101.245 - - [04/Mar/2016:13:03:22 -0300] "GET /cormun/static/gxcfg.js?20151120045111 HTTP/1.1" 200 953
191.112.101.245 - - [04/Mar/2016:13:03:22 -0300] "GET /cormun/static/hlogin.js?20151120045126 HTTP/1.1" 200 2136
191.112.101.245 - - [04/Mar/2016:13:03:23 -0300] "GET /cormun/static/Resources/Spanish/PXTools.css?005343 HTTP/1.1" 200 89042
191.112.101.245 - - [04/Mar/2016:13:03:38 -0300] "POST /cormun/servlet/hlogin?b31988eee3bd382e7536918b140c61e9,gx-no-cache=1457107241795 HTTP/1.1" 200 90
191.112.101.245 - - [04/Mar/2016:13:03:38 -0300] "GET /cormun/servlet/hpexe_link HTTP/1.1" 200 960
191.112.101.245 - - [04/Mar/2016:13:03:38 -0300] "GET /cormun/static/gxcfg.js?20151120044395 HTTP/1.1" 200 953
191.112.101.245 - - [04/Mar/2016:13:03:38 -0300] "GET /cormun/static/hpexe_link.js?20151120044398 HTTP/1.1" 200 625
191.112.101.245 - - [04/Mar/2016:13:03:38 -0300] "GET /cormun/servlet/trautorizarsolicitud HTTP/1.1" 200 7934
191.112.101.245 - - [04/Mar/2016:13:03:40 -0300] "GET /cormun/servlet/trautorizarsolicitud HTTP/1.1" 200 7933
191.112.101.245 - - [04/Mar/2016:13:03:49 -0300] "GET /cormun/servlet/trautorizarsolicitud? HTTP/1.1" 200 7933
191.112.101.245 - - [04/Mar/2016:13:03:51 -0300] "GET /cormun/servlet/trautorizarsolicitud? HTTP/1.1" 200 7933
191.112.101.245 - - [04/Mar/2016:13:04:25 -0300] "POST /cormun/servlet/trautorizarsolicitud?b31988eee3bd382e7536918b140c61e9,,gx-no-cache=1457107288554 HTTP/1.1" 200 5340
191.112.101.245 - - [04/Mar/2016:13:04:26 -0300] "POST /cormun/servlet/trautorizarsolicitud?b31988eee3bd382e7536918b140c61e9,,gx-no-cache=1457107289189 HTTP/1.1" 200 5340
191.112.101.245 - - [04/Mar/2016:13:04:26 -0300] "POST /cormun/servlet/trautorizarsolicitud?b31988eee3bd382e7536918b140c61e9,,gx-no-cache=1457107289734 HTTP/1.1" 200 5340
191.112.101.245 - - [04/Mar/2016:13:04:27 -0300] "POST /cormun/servlet/trautorizarsolicitud?b31988eee3bd382e7536918b140c61e9,,gx-no-cache=1457107290294 HTTP/1.1" 200 5340
191.112.101.245 - - [04/Mar/2016:13:04:27 -0300] "POST /cormun/servlet/trautorizarsolicitud?b31988eee3bd382e7536918b140c61e9,,gx-no-cache=1457107290859 HTTP/1.1" 200 5340
191.112.101.245 - - [04/Mar/2016:13:04:28 -0300] "POST /cormun/servlet/trautorizarsolicitud?b31988eee3bd382e7536918b140c61e9,,gx-no-cache=1457107291465 HTTP/1.1" 200 5340
191.112.101.245 - - [04/Mar/2016:13:04:28 -0300] "POST /cormun/servlet/trautorizarsolicitud?b31988eee3bd382e7536918b140c61e9,,gx-no-cache=1457107292057 HTTP/1.1" 200 5340
191.112.101.245 - - [04/Mar/2016:13:04:29 -0300] "POST /cormun/servlet/trautorizarsolicitud?b31988eee3bd382e7536918b140c61e9,,gx-no-cache=1457107292676 HTTP/1.1" 200 106
191.112.101.245 - - [04/Mar/2016:13:04:29 -0300] "GET /cormun/servlet/trsolicitudadjuntos?2016,598, HTTP/1.1" 200 5611
191.112.101.245 - - [04/Mar/2016:13:04:29 -0300] "GET /cormun/static/gxcfg.js?2016311731090 HTTP/1.1" 200 953
191.112.101.245 - - [04/Mar/2016:13:04:29 -0300] "GET /cormun/static/Resources/Spanish/PXTools.css?171692 HTTP/1.1" 200 89042
191.112.101.245 - - [04/Mar/2016:13:04:29 -0300] "GET /cormun/static/trsolicitudadjuntos.js?2016311731342 HTTP/1.1" 200 17275
191.112.101.245 - - [04/Mar/2016:13:04:30 -0300] "GET /cormun/static/Resources/PXToolsGridNew.png HTTP/1.1" 200 2949
191.112.101.245 - - [04/Mar/2016:13:04:31 -0300] "GET /cormun/servlet/trsolicitudadjuntos?2016,598, HTTP/1.1" 200 5611
191.112.101.245 - - [04/Mar/2016:13:04:33 -0300] "POST /cormun/servlet/acontrolpreferencessavestate?None,MCACERES,true HTTP/1.1" 200 35
191.112.101.245 - - [04/Mar/2016:13:04:46 -0300] "GET /cormun/servlet/trautorizarsolicitud? HTTP/1.1" 200 7938
191.112.101.245 - - [04/Mar/2016:13:04:48 -0300] "GET /cormun/servlet/trautorizarsolicitud? HTTP/1.1" 200 7938
191.112.101.245 - - [04/Mar/2016:13:04:54 -0300] "GET /cormun/servlet/veautorizarsolicitud?2016,598,, HTTP/1.1" 200 7867
191.112.101.245 - - [04/Mar/2016:13:04:54 -0300] "GET /cormun/static/gxcfg.js?20163117315759 HTTP/1.1" 200 953
191.112.101.245 - - [04/Mar/2016:13:04:54 -0300] "GET /cormun/pexe_scrolldiv.js HTTP/1.1" 404 1009
191.112.101.245 - - [04/Mar/2016:13:04:54 -0300] "GET /cormun/static/veautorizarsolicitud.js?20163117315822 HTTP/1.1" 200 6140
191.112.101.245 - - [04/Mar/2016:13:04:54 -0300] "GET /cormun/static/hwcviewtabs.js?20151120014372 HTTP/1.1" 200 1074
191.112.101.245 - - [04/Mar/2016:13:04:54 -0300] "GET /cormun/static/hpexe_tabsview.js?20151120014350 HTTP/1.1" 200 1661
191.112.101.245 - - [04/Mar/2016:13:04:55 -0300] "GET /cormun/static/tbautorizarsolicitud01.js?20163117314344 HTTP/1.1" 200 27022
191.112.101.245 - - [04/Mar/2016:13:04:56 -0300] "GET /cormun/servlet/veautorizarsolicitud?2016,598,, HTTP/1.1" 200 7866
191.112.101.245 - - [04/Mar/2016:13:05:23 -0300] "GET /cormun/servlet/trautorizarsolicitud? HTTP/1.1" 200 7938
191.112.101.245 - - [04/Mar/2016:13:05:25 -0300] "GET /cormun/servlet/trautorizarsolicitud? HTTP/1.1" 200 7938
186.103.159.187 - - [04/Mar/2016:13:07:16 -0300] "GET /cormun/servlet/solicitudot?c3c5d095048a0ab2615d99238cc8afc5f6b78a65fbc3b21a52cefa32589d3a43135d11f3ec8b84441583c9d1dd9ed9757209d374a0be67332f173db8c93df7918fe3bdf7bace2e0cdb39686e615b85d12f73d28d80b6562044009fbc09df509d99c0400fd70337ab54fa8db35f3b43ee009d5f341a490a803660bc6745bcd5c216a0f5c2463759f456a2603ea6387bef83ba6f3ee0857c9c794dc44606534766e33ea502b3d8beceff35611a632c3c86,gx-no-cache=1457111399318 HTTP/1.1" 200 32
186.103.156.24 - - [04/Mar/2016:13:07:28 -0300] "POST /cormun/servlet/trsolicitudot?69006fc50a4d9d0a7b1c336f664109a8,,gx-no-cache=1457107686723 HTTP/1.1" 440 972
186.103.156.24 - - [04/Mar/2016:13:07:32 -0300] "POST /cormun/servlet/trsolicitudot?69006fc50a4d9d0a7b1c336f664109a8,,gx-no-cache=1457107690281 HTTP/1.1" 440 972
186.103.156.24 - - [04/Mar/2016:13:07:34 -0300] "POST /cormun/servlet/trsolicitudot?69006fc50a4d9d0a7b1c336f664109a8,,gx-no-cache=1457107692346 HTTP/1.1" 440 972
186.103.156.24 - - [04/Mar/2016:13:07:39 -0300] "POST /cormun/servlet/trsolicitudot?69006fc50a4d9d0a7b1c336f664109a8,,gx-no-cache=1457107697502 HTTP/1.1" 440 972
186.103.156.24 - - [04/Mar/2016:13:07:42 -0300] "GET /cormun/servlet/trsolicitudot? HTTP/1.1" 200 7793
186.103.156.24 - - [04/Mar/2016:13:07:43 -0300] "GET /cormun/servlet/trsolicitudot? HTTP/1.1" 200 7793
186.103.159.187 - - [04/Mar/2016:13:07:51 -0300] "GET /cormun/servlet/solicitudot?c3c5d095048a0ab2615d99238cc8afc5f6b78a65fbc3b21a52cefa32589d3a43135d11f3ec8b84441583c9d1dd9ed9757209d374a0be67332f173db8c93df7918fe3bdf7bace2e0cdb39686e615b85d12f73d28d80b6562044009fbc09df509d99c0400fd70337ab54fa8db35f3b43ee009d5f341a490a803660bc6745bcd5c216a0f5c2463759f456a2603ea6387bef83ba6f3ee0857c9c794dc44606534766e33ea502b3d8beceff35611a632c3c86,gx-no-cache=1457111434290 HTTP/1.1" 200 32
186.103.156.24 - - [04/Mar/2016:13:07:58 -0300] "GET /cormun/servlet/vesolicitudot?2016,602,, HTTP/1.1" 200 7656
186.103.156.24 - - [04/Mar/2016:13:07:58 -0300] "GET /cormun/static/gxcfg.js?20163117275080 HTTP/1.1" 200 953
186.103.156.24 - - [04/Mar/2016:13:07:58 -0300] "GET /cormun/pexe_scrolldiv.js HTTP/1.1" 404 1009
186.103.156.24 - - [04/Mar/2016:13:07:58 -0300] "GET /cormun/static/vesolicitudot.js?20163117275148 HTTP/1.1" 200 6091
186.103.156.24 - - [04/Mar/2016:13:07:58 -0300] "GET /cormun/static/hwcviewtabs.js?20151120014372 HTTP/1.1" 200 1074
186.103.156.24 - - [04/Mar/2016:13:07:58 -0300] "GET /cormun/static/hpexe_tabsview.js?20151120014350 HTTP/1.1" 200 1661
186.103.156.24 - - [04/Mar/2016:13:07:58 -0300] "GET /cormun/static/Resources/Spanish/PXTools.css?171692 HTTP/1.1" 200 89042
186.103.156.24 - - [04/Mar/2016:13:07:58 -0300] "GET /cormun/static/tbsolicitudot01.js?20163117273399 HTTP/1.1" 200 27008
186.103.156.24 - - [04/Mar/2016:13:07:59 -0300] "GET /cormun/servlet/vesolicitudot?2016,602,, HTTP/1.1" 200 7656
186.103.156.24 - - [04/Mar/2016:13:08:06 -0300] "POST /cormun/servlet/vesolicitudot?8ad76bf172baddd1f9db476d9d2f9693,2016,602,,,gx-no-cache=1457107727062 HTTP/1.1" 200 93
186.103.156.24 - - [04/Mar/2016:13:08:06 -0300] "GET /cormun/servlet/hpexe_return? HTTP/1.1" 200 1010
186.103.156.24 - - [04/Mar/2016:13:08:06 -0300] "GET /cormun/servlet/trsolicitudot HTTP/1.1" 200 7797
186.103.156.24 - - [04/Mar/2016:13:08:07 -0300] "GET /cormun/servlet/trsolicitudot HTTP/1.1" 200 7793
186.103.159.187 - - [04/Mar/2016:13:08:10 -0300] "POST /cormun/servlet/solicitudot?21a62f649fed7362142ae896ece8325f,UPD,2016,609,,gx-no-cache=1457111452914 HTTP/1.1" 200 93
186.103.159.187 - - [04/Mar/2016:13:08:10 -0300] "GET /cormun/servlet/hpexe_return? HTTP/1.1" 200 1034
186.103.159.187 - - [04/Mar/2016:13:08:10 -0300] "GET /cormun/servlet/trsolicitudot?gx-no-cache=1457111089951 HTTP/1.1" 200 7464
186.103.159.187 - - [04/Mar/2016:13:08:11 -0300] "GET /cormun/servlet/trsolicitudot?gx-no-cache=1457111089951 HTTP/1.1" 200 7481
186.103.156.24 - - [04/Mar/2016:13:08:13 -0300] "POST /cormun/servlet/trsolicitudot?8ad76bf172baddd1f9db476d9d2f9693,gx-no-cache=1457107734570 HTTP/1.1" 200 5220
186.103.156.24 - - [04/Mar/2016:13:08:13 -0300] "POST /cormun/servlet/trsolicitudot?8ad76bf172baddd1f9db476d9d2f9693,gx-no-cache=1457107734803 HTTP/1.1" 200 5221
186.103.156.24 - - [04/Mar/2016:13:08:13 -0300] "POST /cormun/servlet/trsolicitudot?8ad76bf172baddd1f9db476d9d2f9693,gx-no-cache=1457107734995 HTTP/1.1" 200 5221
186.103.159.187 - - [04/Mar/2016:13:08:14 -0300] "GET /cormun/servlet/solicitudot?INS,0,0, HTTP/1.1" 200 11440
186.103.156.24 - - [04/Mar/2016:13:08:14 -0300] "POST /cormun/servlet/trsolicitudot?8ad76bf172baddd1f9db476d9d2f9693,gx-no-cache=1457107735185 HTTP/1.1" 200 5221
186.103.156.24 - - [04/Mar/2016:13:08:14 -0300] "POST /cormun/servlet/trsolicitudot?8ad76bf172baddd1f9db476d9d2f9693,gx-no-cache=1457107735379 HTTP/1.1" 200 5221
186.103.156.24 - - [04/Mar/2016:13:08:14 -0300] "POST /cormun/servlet/trsolicitudot?8ad76bf172baddd1f9db476d9d2f9693,gx-no-cache=1457107735572 HTTP/1.1" 200 5221
186.103.156.24 - - [04/Mar/2016:13:08:14 -0300] "POST /cormun/servlet/trsolicitudot?8ad76bf172baddd1f9db476d9d2f9693,gx-no-cache=1457107735796 HTTP/1.1" 200 5221
186.103.156.24 - - [04/Mar/2016:13:08:14 -0300] "POST /cormun/servlet/trsolicitudot?8ad76bf172baddd1f9db476d9d2f9693,gx-no-cache=1457107736015 HTTP/1.1" 200 4982
186.103.156.24 - - [04/Mar/2016:13:08:15 -0300] "GET /cormun/static/Shared/jqueryui/images/ui-bg_highlight-soft_100_c6c2c8_1x100.png HTTP/1.1" 404 1117
186.103.156.24 - - [04/Mar/2016:13:08:15 -0300] "GET /cormun/static/Shared/jqueryui/images/ui-icons_82798d_256x240.png HTTP/1.1" 404 1089
186.103.156.24 - - [04/Mar/2016:13:08:15 -0300] "GET /cormun/static/Shared/jqueryui/images/ui-bg_flat_55_fafafa_40x100.png HTTP/1.1" 404 1097
186.103.156.24 - - [04/Mar/2016:13:08:15 -0300] "GET /cormun/static/Shared/jqueryui/images/ui-icons_8d78a5_256x240.png HTTP/1.1" 404 1089
186.103.159.187 - - [04/Mar/2016:13:08:15 -0300] "GET /cormun/servlet/solicitudot?INS,0,0, HTTP/1.1" 200 11423
186.103.156.24 - - [04/Mar/2016:13:08:15 -0300] "POST /cormun/servlet/trsolicitudot?8ad76bf172baddd1f9db476d9d2f9693,gx-no-cache=1457107736310 HTTP/1.1" 200 4923
186.103.159.187 - - [04/Mar/2016:13:08:18 -0300] "GET /cormun/servlet/prfichaempleado?,MD,,gxPopupLevel%3D0%3B HTTP/1.1" 200 7871
186.103.159.187 - - [04/Mar/2016:13:08:18 -0300] "GET /cormun/static/scaMessage/css/jquery-ui.css?104140 HTTP/1.1" 404 1045
186.103.156.24 - - [04/Mar/2016:13:08:19 -0300] "GET /cormun/servlet/vesolicitudot?2016,600,, HTTP/1.1" 200 7633
186.103.156.24 - - [04/Mar/2016:13:08:19 -0300] "GET /cormun/pexe_scrolldiv.js HTTP/1.1" 404 1009
186.103.156.24 - - [04/Mar/2016:13:08:20 -0300] "GET /cormun/servlet/vesolicitudot?2016,600,, HTTP/1.1" 200 7634
186.103.156.24 - - [04/Mar/2016:13:08:23 -0300] "POST /cormun/servlet/vesolicitudot?8ad76bf172baddd1f9db476d9d2f9693,2016,600,,,gx-no-cache=1457107745182 HTTP/1.1" 200 93
186.103.156.24 - - [04/Mar/2016:13:08:23 -0300] "GET /cormun/servlet/hpexe_return? HTTP/1.1" 200 1031
186.103.156.24 - - [04/Mar/2016:13:08:23 -0300] "GET /cormun/servlet/trsolicitudot?gx-no-cache=1457107736310 HTTP/1.1" 200 7535
186.103.159.187 - - [04/Mar/2016:13:08:23 -0300] "GET /cormun/servlet/prfichaempleado?027e53f733ee5503284f5858601ffbd03100559e349b1a6ea64c717a40e5f4e9f26e2d66a49f10fac12b4daa21a0996374172d31451c7874820fac929b87eb2148da360f218459e9e094ecd7bf5942a0,gx-no-cache=1457111466612 HTTP/1.1" 200 457
186.103.156.24 - - [04/Mar/2016:13:08:24 -0300] "GET /cormun/servlet/trsolicitudot?gx-no-cache=1457107736310 HTTP/1.1" 200 7552
186.103.159.187 - - [04/Mar/2016:13:08:27 -0300] "GET /cormun/servlet/prfichaempleado?027e53f733ee5503284f5858601ffbd03100559e349b1a6ea64c717a40e5f4e995312129f1df8f56d7d4130de7e8d0fbb0f6ce9ab70bf58b94d9a8492f1f70612cfe9d4cc41a5898f04e7d1ef22f9337,gx-no-cache=1457111470034 HTTP/1.1" 200 465
186.103.159.187 - - [04/Mar/2016:13:08:28 -0300] "POST /cormun/servlet/prfichaempleado?21a62f649fed7362142ae896ece8325f,,MD,,gxPopupLevel%3D0%3B,gx-no-cache=1457111471312 HTTP/1.1" 200 2829
186.103.156.24 - - [04/Mar/2016:13:08:28 -0300] "POST /cormun/servlet/trsolicitudot?8ad76bf172baddd1f9db476d9d2f9693,gx-no-cache=1457107736310,gx-no-cache=1457107751067 HTTP/1.1" 200 4947
186.103.156.24 - - [04/Mar/2016:13:08:29 -0300] "POST /cormun/servlet/trsolicitudot?8ad76bf172baddd1f9db476d9d2f9693,gx-no-cache=1457107736310,gx-no-cache=1457107751273 HTTP/1.1" 200 4947
186.103.156.24 - - [04/Mar/2016:13:08:29 -0300] "POST /cormun/servlet/trsolicitudot?8ad76bf172baddd1f9db476d9d2f9693,gx-no-cache=1457107736310,gx-no-cache=1457107751989 HTTP/1.1" 200 4947
186.103.156.24 - - [04/Mar/2016:13:08:29 -0300] "POST /cormun/servlet/trsolicitudot?8ad76bf172baddd1f9db476d9d2f9693,gx-no-cache=1457107736310,gx-no-cache=1457107752237 HTTP/1.1" 200 4947
186.103.156.24 - - [04/Mar/2016:13:08:30 -0300] "POST /cormun/servlet/trsolicitudot?8ad76bf172baddd1f9db476d9d2f9693,gx-no-cache=1457107736310,gx-no-cache=1457107752434 HTTP/1.1" 200 4947
186.103.156.24 - - [04/Mar/2016:13:08:30 -0300] "POST /cormun/servlet/trsolicitudot?8ad76bf172baddd1f9db476d9d2f9693,gx-no-cache=1457107736310,gx-no-cache=1457107752900 HTTP/1.1" 200 4947
186.103.156.24 - - [04/Mar/2016:13:08:30 -0300] "POST /cormun/servlet/trsolicitudot?8ad76bf172baddd1f9db476d9d2f9693,gx-no-cache=1457107736310,gx-no-cache=1457107753220 HTTP/1.1" 200 4947
186.103.156.24 - - [04/Mar/2016:13:08:31 -0300] "POST /cormun/servlet/trsolicitudot?8ad76bf172baddd1f9db476d9d2f9693,gx-no-cache=1457107736310,gx-no-cache=1457107753442 HTTP/1.1" 200 104
186.103.156.24 - - [04/Mar/2016:13:08:31 -0300] "GET /cormun/servlet/solicitudot?DLT,2016,600, HTTP/1.1" 200 8343
186.103.156.24 - - [04/Mar/2016:13:08:32 -0300] "GET /cormun/servlet/solicitudot?DLT,2016,600, HTTP/1.1" 200 8331
186.103.159.187 - - [04/Mar/2016:13:08:34 -0300] "POST /cormun/servlet/solicitudot?gx-no-cache=1457111476940 HTTP/1.1" 200 2765
186.103.159.187 - - [04/Mar/2016:13:08:34 -0300] "POST /cormun/servlet/solicitudot?21a62f649fed7362142ae896ece8325f,INS,0,0,,gx-no-cache=1457111477163 HTTP/1.1" 200 8419
186.103.159.187 - - [04/Mar/2016:13:08:34 -0300] "GET /cormun/servlet/solicitudot?c3c5d095048a0ab2615d99238cc8afc5eb1826dae09e42c149544198ca2975895b8acbb43dccf5372e492f107396d5a8,gx-no-cache=1457111477464 HTTP/1.1" 200 30
186.103.159.187 - - [04/Mar/2016:13:08:34 -0300] "POST /cormun/servlet/solicitudot?gx-no-cache=1457111477599 HTTP/1.1" 200 30
186.103.159.187 - - [04/Mar/2016:13:08:36 -0300] "POST /cormun/servlet/solicitudot?gx-no-cache=1457111479240 HTTP/1.1" 200 30
186.103.156.24 - - [04/Mar/2016:13:08:36 -0300] "POST /cormun/servlet/solicitudot?8ad76bf172baddd1f9db476d9d2f9693,DLT,2016,600,,gx-no-cache=1457107759814 HTTP/1.1" 200 93
186.103.156.24 - - [04/Mar/2016:13:08:37 -0300] "GET /cormun/servlet/hpexe_return? HTTP/1.1" 200 1012
186.103.156.24 - - [04/Mar/2016:13:08:37 -0300] "GET /cormun/servlet/hhome HTTP/1.1" 200 3476
186.103.156.24 - - [04/Mar/2016:13:08:38 -0300] "GET /cormun/servlet/hhome HTTP/1.1" 200 3470
186.103.159.187 - - [04/Mar/2016:13:08:43 -0300] "GET /cormun/servlet/prcontratosol?12962041,,,,,MD,,gxPopupLevel%3D0%3B HTTP/1.1" 200 5733
186.103.156.24 - - [04/Mar/2016:13:08:44 -0300] "GET /cormun/servlet/trsolicitudot? HTTP/1.1" 200 6235
186.103.156.24 - - [04/Mar/2016:13:08:45 -0300] "GET /cormun/servlet/trsolicitudot? HTTP/1.1" 200 6234
191.112.101.245 - - [04/Mar/2016:13:08:50 -0300] "GET /cormun/servlet/veautorizarsolicitud?2016,597,, HTTP/1.1" 200 7828
191.112.101.245 - - [04/Mar/2016:13:08:51 -0300] "GET /cormun/pexe_scrolldiv.js HTTP/1.1" 404 1009
191.112.101.245 - - [04/Mar/2016:13:08:53 -0300] "GET /cormun/servlet/veautorizarsolicitud?2016,597,, HTTP/1.1" 200 7826
186.103.159.187 - - [04/Mar/2016:13:08:57 -0300] "POST /cormun/servlet/solicitudot?gx-no-cache=1457111500923 HTTP/1.1" 200 1156
186.103.159.187 - - [04/Mar/2016:13:08:58 -0300] "GET /cormun/servlet/solicitudot?c3c5d095048a0ab2615d99238cc8afc5ea356a1669fd3519a6d307983e8a63703f5e58a76cf14044af3c06d7085f3c83f932243bc26b67e58f02bd08ef8f387277c2cad552a70e8fd7c07489050f9d0f4fa7081ae79e5dcbdf1826f019ae8c283a04c6e459cc7dea97a4ba302ad1eff03ae0a87ac7ce2f9b628234613fc838e68e539fb73053f72af55613a15d1ea08c,gx-no-cache=1457111501145 HTTP/1.1" 200 38
186.103.159.187 - - [04/Mar/2016:13:08:58 -0300] "GET /cormun/servlet/solicitudot?c3c5d095048a0ab2615d99238cc8afc5ad1b035a02ef23b3e567de01c48a135f6517482020db003e85eab5b749cc0ad91c0d799b683f151cdd75de00509411002bbe9a58ddac933b20a3ed8fcd513d8f053169c8cace3460e1344ddead634361d2896e8c8f79e34bc6c178855d284810482d0a136035a7223f4d6bf97ec198ff7318191a945217430ad9177c0ffdfc1f654727f979705f47633bd909535771a3,gx-no-cache=1457111501258 HTTP/1.1" 200 29
186.103.159.187 - - [04/Mar/2016:13:08:58 -0300] "POST /cormun/servlet/solicitudot?gx-no-cache=1457111501334 HTTP/1.1" 200 1115
186.103.159.187 - - [04/Mar/2016:13:09:08 -0300] "GET /cormun/static/menuarrow.gif HTTP/1.1" 404 1015
186.103.156.24 - - [04/Mar/2016:13:09:28 -0300] "GET /cormun/servlet/solicitudot?INS,0,0, HTTP/1.1" 200 11486
186.103.156.24 - - [04/Mar/2016:13:09:29 -0300] "GET /cormun/servlet/solicitudot?INS,0,0, HTTP/1.1" 200 11491
186.103.156.24 - - [04/Mar/2016:13:09:33 -0300] "GET /cormun/servlet/prfichaempleado?,MD,,gxPopupLevel%3D0%3B HTTP/1.1" 200 7922
186.103.156.24 - - [04/Mar/2016:13:09:33 -0300] "GET /cormun/static/scaMessage/css/jquery-ui.css?104140 HTTP/1.1" 404 1045
186.103.159.187 - - [04/Mar/2016:13:09:34 -0300] "GET /cormun/servlet/solicitudot?c3c5d095048a0ab2615d99238cc8afc5f6b78a65fbc3b21a52cefa32589d3a43272eb2892573701a7343371f79c8ffa813e9f4425c2991d915a326f13eed77b0a47f6e6be50a7ebb08e2c37e6e2f38b4c5145806ebe9840576989e4c02ff8726c5d6c03ee88e5daba3a8d05961c9b48a67d6c3fbfa94bfef7607f8133a466629e71dc0eb467227167d468dd18afc6ad5b769db212b098189062e729f9e5393027ce228d68dd84622f7752a995dc040f6,gx-no-cache=1457111537492 HTTP/1.1" 200 30
186.103.156.24 - - [04/Mar/2016:13:09:37 -0300] "GET /cormun/servlet/prfichaempleado?421033aa41565804d593216d016fbb30568c5d52e0bfe9ad90a2119f4b1ae1cba05f289debce00b21cbd8266be5058bedba8636f27099d7ec23856eb1af6e7e8,gx-no-cache=1457107826959 HTTP/1.1" 200 464
186.103.156.24 - - [04/Mar/2016:13:09:37 -0300] "GET /cormun/servlet/prfichaempleado?421033aa41565804d593216d016fbb30e840a7f354bb061713e875ebc6bc3f59d92865624858c05dd8bae180f4c96cd2310e655ae3b914ad5a461c879af7ee2d,gx-no-cache=1457107827474 HTTP/1.1" 200 464
186.103.156.24 - - [04/Mar/2016:13:09:40 -0300] "GET /cormun/servlet/prfichaempleado?421033aa41565804d593216d016fbb3058b5ee84b401673bf67d30675a4ba87cc1f66f20a10a614ba419ada7a31cf02dd6fde937f12e9843936dc3d6f41cd20734b4c6110c281708b4b3e4f833c3eb15,gx-no-cache=1457107830409 HTTP/1.1" 200 464
186.103.156.24 - - [04/Mar/2016:13:09:41 -0300] "GET /cormun/servlet/prfichaempleado?421033aa41565804d593216d016fbb30d8d60ccc32c3d1c0b7be85802d1b3bf8047800fe008040e5ecad760c90d99602e55b9f06110f7bfdb556f5cb7530c18ca678c2e93df14bc9da99454636eda6b8,gx-no-cache=1457107831117 HTTP/1.1" 200 466
186.103.156.24 - - [04/Mar/2016:13:09:43 -0300] "GET /cormun/servlet/prfichaempleado?421033aa41565804d593216d016fbb30d8d60ccc32c3d1c0b7be85802d1b3bf8c5cd68117c34479f3e5a5ff57f37fc82c424dc15622b1e2b62a301bbb4f2d2e031a00b243c723e22b575c19e11fb1f05,gx-no-cache=1457107833968 HTTP/1.1" 200 457
186.103.156.24 - - [04/Mar/2016:13:09:45 -0300] "GET /cormun/servlet/prfichaempleado?421033aa41565804d593216d016fbb30d8d60ccc32c3d1c0b7be85802d1b3bf81a5d3262b9a8ad737a90d6c71c4b120927125f28b2b05daf8e471a6f2532fddaca01eec9f9b6291235c743ab075989ca,gx-no-cache=1457107835367 HTTP/1.1" 200 471
186.103.159.187 - - [04/Mar/2016:13:09:45 -0300] "POST /cormun/servlet/solicitudot?21a62f649fed7362142ae896ece8325f,INS,0,0,,gx-no-cache=1457111548026 HTTP/1.1" 200 9348
186.103.159.187 - - [04/Mar/2016:13:09:45 -0300] "GET /cormun/static/Shared/jqueryui/images/ui-bg_highlight-soft_100_c6c2c8_1x100.png HTTP/1.1" 404 1117
186.103.159.187 - - [04/Mar/2016:13:09:45 -0300] "GET /cormun/static/Shared/jqueryui/images/ui-icons_82798d_256x240.png HTTP/1.1" 404 1089
186.103.159.187 - - [04/Mar/2016:13:09:45 -0300] "GET /cormun/static/Shared/jqueryui/images/ui-bg_flat_55_994d53_40x100.png HTTP/1.1" 404 1097
186.103.159.187 - - [04/Mar/2016:13:09:45 -0300] "GET /cormun/static/Shared/jqueryui/images/ui-icons_ebccce_256x240.png HTTP/1.1" 404 1089
186.103.156.24 - - [04/Mar/2016:13:09:46 -0300] "GET /cormun/servlet/prfichaempleado?421033aa41565804d593216d016fbb30d8d60ccc32c3d1c0b7be85802d1b3bf8b679a17f588e8233c0ae3b21c16530976b040b696bee7baaacb5b625de06000a550d4166ec1f6121682627da25997115,gx-no-cache=1457107836469 HTTP/1.1" 200 472
186.103.156.24 - - [04/Mar/2016:13:09:49 -0300] "POST /cormun/servlet/prfichaempleado?8ad76bf172baddd1f9db476d9d2f9693,,MD,,gxPopupLevel%3D0%3B,gx-no-cache=1457107839733 HTTP/1.1" 200 2992
186.103.156.24 - - [04/Mar/2016:13:10:02 -0300] "POST /cormun/servlet/solicitudot?gx-no-cache=1457107854585 HTTP/1.1" 200 2778
186.103.156.24 - - [04/Mar/2016:13:10:02 -0300] "POST /cormun/servlet/solicitudot?8ad76bf172baddd1f9db476d9d2f9693,INS,0,0,,gx-no-cache=1457107854742 HTTP/1.1" 200 8426
186.103.159.187 - - [04/Mar/2016:13:10:10 -0300] "POST /cormun/servlet/solicitudot?21a62f649fed7362142ae896ece8325f,INS,0,0,,gx-no-cache=1457111573083 HTTP/1.1" 200 93
186.103.159.187 - - [04/Mar/2016:13:10:10 -0300] "GET /cormun/servlet/hpexe_return? HTTP/1.1" 200 1029
186.103.159.187 - - [04/Mar/2016:13:10:10 -0300] "GET /cormun/servlet/trsolicitudot?gx-no-cache=1457111089951 HTTP/1.1" 200 7464
186.103.156.24 - - [04/Mar/2016:13:10:11 -0300] "GET /cormun/servlet/solicitudot?45974405dabe23550ac3571a7c4dea095557f6d9f8d4d3b1da42b8219917f979fe3661b1d336c63315317c02e8e4849e,gx-no-cache=1457107865044 HTTP/1.1" 200 30
186.103.156.24 - - [04/Mar/2016:13:10:11 -0300] "POST /cormun/servlet/solicitudot?gx-no-cache=1457107865125 HTTP/1.1" 200 30
186.103.159.187 - - [04/Mar/2016:13:10:11 -0300] "GET /cormun/servlet/trsolicitudot?gx-no-cache=1457111089951 HTTP/1.1" 200 7481
186.103.159.187 - - [04/Mar/2016:13:10:16 -0300] "GET /cormun/servlet/solicitudot?INS,0,0, HTTP/1.1" 200 11438
186.103.159.187 - - [04/Mar/2016:13:10:17 -0300] "GET /cormun/servlet/solicitudot?INS,0,0, HTTP/1.1" 200 11421
186.103.159.187 - - [04/Mar/2016:13:10:19 -0300] "GET /cormun/servlet/prfichaempleado?,MD,,gxPopupLevel%3D0%3B HTTP/1.1" 200 7871
186.103.159.187 - - [04/Mar/2016:13:10:19 -0300] "GET /cormun/static/scaMessage/css/jquery-ui.css?104140 HTTP/1.1" 404 1045
186.103.159.187 - - [04/Mar/2016:13:10:24 -0300] "GET /cormun/servlet/prfichaempleado?027e53f733ee5503284f5858601ffbd0b22e63dc633bc2a799b6d575f74d8e8db819787ec138f3ec893d323eb59e3da8d9e313758ba4bc52621be371d66a0617a6dc8f62b984ae4c97e2dbd67946fb96,gx-no-cache=1457111587979 HTTP/1.1" 200 463
186.103.159.187 - - [04/Mar/2016:13:10:28 -0300] "GET /cormun/servlet/prfichaempleado?027e53f733ee5503284f5858601ffbd0b22e63dc633bc2a799b6d575f74d8e8dc1194555306289d62283dc76743571bad41c7ec66ec7b7edb3c2a9cdb0e5ed013da794e3813191c8da0679fdf5beaede,gx-no-cache=1457111591207 HTTP/1.1" 200 464
186.103.159.187 - - [04/Mar/2016:13:10:29 -0300] "POST /cormun/servlet/prfichaempleado?21a62f649fed7362142ae896ece8325f,,MD,,gxPopupLevel%3D0%3B,gx-no-cache=1457111592683 HTTP/1.1" 200 2824
186.103.156.24 - - [04/Mar/2016:13:10:31 -0300] "POST /cormun/servlet/solicitudot?gx-no-cache=1457107887312 HTTP/1.1" 200 30
186.103.159.187 - - [04/Mar/2016:13:10:33 -0300] "POST /cormun/servlet/solicitudot?gx-no-cache=1457111596024 HTTP/1.1" 200 2767
186.103.159.187 - - [04/Mar/2016:13:10:33 -0300] "POST /cormun/servlet/solicitudot?21a62f649fed7362142ae896ece8325f,INS,0,0,,gx-no-cache=1457111596235 HTTP/1.1" 200 8410
186.103.159.187 - - [04/Mar/2016:13:10:33 -0300] "GET /cormun/servlet/solicitudot?c3c5d095048a0ab2615d99238cc8afc59f1b91ce540a32d75404ce7c2c3aea625b8acbb43dccf5372e492f107396d5a8,gx-no-cache=1457111596463 HTTP/1.1" 200 30
186.103.159.187 - - [04/Mar/2016:13:10:33 -0300] "POST /cormun/servlet/solicitudot?gx-no-cache=1457111596530 HTTP/1.1" 200 30
186.103.159.187 - - [04/Mar/2016:13:10:34 -0300] "POST /cormun/servlet/solicitudot?gx-no-cache=1457111597870 HTTP/1.1" 200 122
186.103.159.187 - - [04/Mar/2016:13:10:34 -0300] "GET /cormun/static/Shared/jqueryui/images/ui-bg_highlight-soft_100_c6c2c8_1x100.png HTTP/1.1" 404 1117
186.103.159.187 - - [04/Mar/2016:13:10:34 -0300] "GET /cormun/static/Shared/jqueryui/images/ui-icons_82798d_256x240.png HTTP/1.1" 404 1089
186.103.159.187 - - [04/Mar/2016:13:10:34 -0300] "GET /cormun/static/Shared/jqueryui/images/ui-bg_flat_55_fafafa_40x100.png HTTP/1.1" 404 1097
186.103.159.187 - - [04/Mar/2016:13:10:34 -0300] "GET /cormun/static/Shared/jqueryui/images/ui-icons_8d78a5_256x240.png HTTP/1.1" 404 1089
186.103.156.24 - - [04/Mar/2016:13:10:43 -0300] "POST /cormun/servlet/solicitudot?gx-no-cache=1457107901302 HTTP/1.1" 200 1158
186.103.156.24 - - [04/Mar/2016:13:10:43 -0300] "GET /cormun/servlet/solicitudot?45974405dabe23550ac3571a7c4dea09f3802dde9b541fa100936433e2ee3cc9babdd49b8a659fab2559c053d48da7e8a203cbeaf3ae451d09582536f9780d1794c94ece8016571023b77f5bc5725a05d14a2de4ccb3d5e9eb70cdaad4c6413142ab0349f48b57664a362aebbcf68f9e6b7f332c77a01fab74aa47ce1c3876b05410bad75206e3f9368156261ec1bc84,gx-no-cache=1457107901354 HTTP/1.1" 200 38
186.103.156.24 - - [04/Mar/2016:13:10:47 -0300] "GET /cormun/servlet/solicitudot?45974405dabe23550ac3571a7c4dea098ca7baef5b913afcb7a460019663b81586a53a6dca1cd8f9b0e1a170d7a9785451df638965bf418b024b595f95661ea80bdbbc6be17a5e5f8f43aeb37b26869d3cad489d52513d66c4f630ba2506055d1c15cf8d3d0f7b6aa5ad4b0d41dbd3e9465cf827af7927187a34d0cd6acd8ab6f708fdffca425cc2a1c1c688f25ba3f2d231d16341194ad8cc526cdbaa4275470f962a1dee11159cb0991418b4f6f4618ab4bf5065641df2405244a5e03e0a89403ee3316e4f9215108b865eac78f5dd,gx-no-cache=1457107905912 HTTP/1.1" 200 29
186.103.156.24 - - [04/Mar/2016:13:10:51 -0300] "POST /cormun/servlet/solicitudot?gx-no-cache=1457107909588 HTTP/1.1" 200 1116
186.103.159.187 - - [04/Mar/2016:13:10:55 -0300] "POST /cormun/servlet/solicitudot?gx-no-cache=1457111618636 HTTP/1.1" 200 30
186.103.159.187 - - [04/Mar/2016:13:11:01 -0300] "POST /cormun/servlet/solicitudot?gx-no-cache=1457111624325 HTTP/1.1" 200 122
186.103.159.187 - - [04/Mar/2016:13:11:23 -0300] "POST /cormun/servlet/solicitudot?gx-no-cache=1457111646467 HTTP/1.1" 200 33
186.103.156.24 - - [04/Mar/2016:13:11:28 -0300] "GET /cormun/static/menuarrow.gif HTTP/1.1" 404 1015
186.103.159.187 - - [04/Mar/2016:13:11:31 -0300] "POST /cormun/servlet/solicitudot?21a62f649fed7362142ae896ece8325f,INS,0,0,,gx-no-cache=1457111654536 HTTP/1.1" 200 93
186.103.159.187 - - [04/Mar/2016:13:11:31 -0300] "GET /cormun/servlet/hpexe_return? HTTP/1.1" 200 1029
186.103.159.187 - - [04/Mar/2016:13:11:31 -0300] "GET /cormun/servlet/trsolicitudot?gx-no-cache=1457111089951 HTTP/1.1" 200 7464
186.103.159.187 - - [04/Mar/2016:13:11:33 -0300] "GET /cormun/servlet/trsolicitudot?gx-no-cache=1457111089951 HTTP/1.1" 200 7481
186.103.159.187 - - [04/Mar/2016:13:11:40 -0300] "GET /cormun/servlet/hhome HTTP/1.1" 200 3420
186.103.159.187 - - [04/Mar/2016:13:11:41 -0300] "GET /cormun/servlet/hhome HTTP/1.1" 200 3397
186.103.159.187 - - [04/Mar/2016:13:11:45 -0300] "GET /cormun/servlet/hhome HTTP/1.1" 200 3397
186.103.159.187 - - [04/Mar/2016:13:11:46 -0300] "GET /cormun/servlet/hhome HTTP/1.1" 200 3397
186.103.156.24 - - [04/Mar/2016:13:11:50 -0300] "GET /cormun/servlet/solicitudot?45974405dabe23550ac3571a7c4dea0912e85880750e00b4fc08158a35df1e270fb15ffcff821e30f0e67b8ddc3aaad0803d8e959aa884c73cb7710a2caf82af741cc16460b09e7b925def924652ef93763908ce0bfcacf67a3dbbf881ac5e33c57967a0fd248d7b38511933c65e39c0b9eb5e2d1236b03111e79f63ddbb61ce11473fbfae1ddd6c928dd974a0e2a3ff41c934cfbb997e9812b19ee3f0bfb8e87af51a7bfbe53c7db00a413a977e4e52,gx-no-cache=1457107977068 HTTP/1.1" 200 30
186.103.159.189 - - [04/Mar/2016:13:12:24 -0300] "GET /cormun/servlet/hlogin HTTP/1.1" 200 1710
186.103.159.189 - - [04/Mar/2016:13:12:24 -0300] "GET /cormun/static/Resources/Spanish/PXTools.css?005343 HTTP/1.1" 304 -
186.103.159.189 - - [04/Mar/2016:13:12:24 -0300] "GET /cormun/static/gxcfg.js?20151120045111 HTTP/1.1" 304 -
186.103.159.189 - - [04/Mar/2016:13:12:24 -0300] "GET /cormun/static/messages.spa.js?85251 HTTP/1.1" 304 -
186.103.159.189 - - [04/Mar/2016:13:12:24 -0300] "GET /cormun/static/hlogin.js?20151120045126 HTTP/1.1" 304 -
186.103.159.189 - - [04/Mar/2016:13:12:24 -0300] "GET /cormun/servlet/hlogin HTTP/1.1" 200 1721
186.103.159.189 - - [04/Mar/2016:13:12:25 -0300] "GET /favicon.ico HTTP/1.1" 200 21630
186.103.159.189 - - [04/Mar/2016:13:12:26 -0300] "POST /cormun/servlet/hlogin?276c30f5aa69386cfab90d7f4d2c5da5,gx-no-cache=1457111730754 HTTP/1.1" 200 90
186.103.159.189 - - [04/Mar/2016:13:12:26 -0300] "GET /cormun/servlet/hpexe_link HTTP/1.1" 200 943
186.103.159.189 - - [04/Mar/2016:13:12:26 -0300] "GET /cormun/static/hpexe_link.js?20151120044398 HTTP/1.1" 304 -
186.103.159.189 - - [04/Mar/2016:13:12:26 -0300] "GET /cormun/static/gxcfg.js?20151120044395 HTTP/1.1" 304 -
186.103.159.189 - - [04/Mar/2016:13:12:26 -0300] "GET /cormun/servlet/hhome HTTP/1.1" 200 3461
186.103.159.189 - - [04/Mar/2016:13:12:26 -0300] "GET /cormun/static/gxcfg.js?2015112210564248 HTTP/1.1" 304 -
186.103.159.189 - - [04/Mar/2016:13:12:26 -0300] "GET /cormun/static/hhome.js?2015112210564255 HTTP/1.1" 304 -
186.103.159.189 - - [04/Mar/2016:13:12:26 -0300] "GET /cormun/static/Resources/Spanish/PXTools.css?10515224 HTTP/1.1" 304 -
186.103.159.189 - - [04/Mar/2016:13:12:26 -0300] "GET /cormun/static/hwchdr01.js?20162241650484 HTTP/1.1" 304 -
186.103.159.189 - - [04/Mar/2016:13:12:26 -0300] "GET /cormun/static/hpexe_recentlink.js?2015111312121342 HTTP/1.1" 304 -
186.103.159.189 - - [04/Mar/2016:13:12:26 -0300] "GET /cormun/static/hpexe_scripts.js?20151120014546 HTTP/1.1" 304 -
186.103.159.189 - - [04/Mar/2016:13:12:26 -0300] "GET /cormun/static/hpexe_messagecontroller.js?2015112210524422 HTTP/1.1" 304 -
186.103.159.189 - - [04/Mar/2016:13:12:26 -0300] "GET /cormun/static/hpexe_messagepopupcomponent.js?20163219454551 HTTP/1.1" 304 -
186.103.159.189 - - [04/Mar/2016:13:12:26 -0300] "GET /cormun/static/hpexe_messagegenexuscomponent.js?20151120014314 HTTP/1.1" 304 -
186.103.159.189 - - [04/Mar/2016:13:12:26 -0300] "GET /cormun/static/cmcontrolpreferences.js?20151120014525 HTTP/1.1" 304 -
186.103.159.189 - - [04/Mar/2016:13:12:26 -0300] "GET /cormun/static/hmpwkw03.js?2016311993330 HTTP/1.1" 304 -
186.103.159.189 - - [04/Mar/2016:13:12:27 -0300] "GET /cormun/servlet/hhome HTTP/1.1" 200 3457
186.103.159.189 - - [04/Mar/2016:13:12:34 -0300] "GET /cormun/servlet/trautorizarsolicitud? HTTP/1.1" 200 7438
186.103.159.189 - - [04/Mar/2016:13:12:34 -0300] "GET /cormun/static/Resources/Spanish/PXTools.css?19444614 HTTP/1.1" 304 -
186.103.159.189 - - [04/Mar/2016:13:12:34 -0300] "GET /cormun/static/gxcfg.js?20163219504791 HTTP/1.1" 304 -
186.103.159.189 - - [04/Mar/2016:13:12:34 -0300] "GET /cormun/static/trautorizarsolicitud.js?20163219505323 HTTP/1.1" 304 -
186.103.159.189 - - [04/Mar/2016:13:12:35 -0300] "GET /cormun/servlet/trautorizarsolicitud? HTTP/1.1" 200 7437
186.103.159.187 - - [04/Mar/2016:13:12:37 -0300] "GET /cormun/servlet/hlogin HTTP/1.1" 200 1715
186.103.159.189 - - [04/Mar/2016:13:12:48 -0300] "POST /cormun/servlet/trautorizarsolicitud?276c30f5aa69386cfab90d7f4d2c5da5,,gx-no-cache=1457111753067 HTTP/1.1" 200 4860
186.103.159.189 - - [04/Mar/2016:13:12:48 -0300] "POST /cormun/servlet/trautorizarsolicitud?276c30f5aa69386cfab90d7f4d2c5da5,,gx-no-cache=1457111753230 HTTP/1.1" 200 4859
186.103.159.189 - - [04/Mar/2016:13:12:49 -0300] "POST /cormun/servlet/trautorizarsolicitud?276c30f5aa69386cfab90d7f4d2c5da5,,gx-no-cache=1457111753372 HTTP/1.1" 200 4859
186.103.159.189 - - [04/Mar/2016:13:12:49 -0300] "POST /cormun/servlet/trautorizarsolicitud?276c30f5aa69386cfab90d7f4d2c5da5,,gx-no-cache=1457111753516 HTTP/1.1" 200 4858
186.103.159.189 - - [04/Mar/2016:13:12:49 -0300] "POST /cormun/servlet/trautorizarsolicitud?276c30f5aa69386cfab90d7f4d2c5da5,,gx-no-cache=1457111753665 HTTP/1.1" 200 4860
186.103.159.189 - - [04/Mar/2016:13:12:49 -0300] "POST /cormun/servlet/trautorizarsolicitud?276c30f5aa69386cfab90d7f4d2c5da5,,gx-no-cache=1457111753832 HTTP/1.1" 200 4859
186.103.159.189 - - [04/Mar/2016:13:12:49 -0300] "POST /cormun/servlet/trautorizarsolicitud?276c30f5aa69386cfab90d7f4d2c5da5,,gx-no-cache=1457111753983 HTTP/1.1" 200 4860
186.103.159.189 - - [04/Mar/2016:13:12:49 -0300] "POST /cormun/servlet/trautorizarsolicitud?276c30f5aa69386cfab90d7f4d2c5da5,,gx-no-cache=1457111754159 HTTP/1.1" 200 105
186.103.159.189 - - [04/Mar/2016:13:12:50 -0300] "GET /cormun/servlet/trsolicitudadjuntos?2016,604, HTTP/1.1" 200 8115
186.103.159.189 - - [04/Mar/2016:13:12:50 -0300] "GET /cormun/static/gxcfg.js?2016311731090 HTTP/1.1" 200 953
186.103.159.189 - - [04/Mar/2016:13:12:50 -0300] "GET /cormun/static/trsolicitudadjuntos.js?2016311731342 HTTP/1.1" 200 17275
186.103.159.189 - - [04/Mar/2016:13:12:50 -0300] "GET /cormun/static/Resources/Spanish/PXTools.css?171692 HTTP/1.1" 200 89042
186.103.159.189 - - [04/Mar/2016:13:12:50 -0300] "GET /cormun//static/Resources/PXToolsActionDisabled.gif HTTP/1.1" 200 53
186.103.159.189 - - [04/Mar/2016:13:12:51 -0300] "GET /cormun/servlet/trsolicitudadjuntos?2016,604, HTTP/1.1" 200 8123
186.103.159.189 - - [04/Mar/2016:13:13:01 -0300] "POST /cormun/servlet/trsolicitudadjuntos?276c30f5aa69386cfab90d7f4d2c5da5,2016,604,,gx-no-cache=1457111766234 HTTP/1.1" 200 90
186.103.159.189 - - [04/Mar/2016:13:13:02 -0300] "GET /cormun/servlet/hpexe_link HTTP/1.1" 200 967
186.103.159.189 - - [04/Mar/2016:13:13:02 -0300] "GET /cormun/servlet/trautorizarsolicitud? HTTP/1.1" 200 7438
186.103.159.189 - - [04/Mar/2016:13:13:02 -0300] "GET /cormun/servlet/trautorizarsolicitud? HTTP/1.1" 200 7437
186.67.172.234 - - [04/Mar/2016:13:13:08 -0300] "POST /cormun/servlet/solicitudot?gx-no-cache=1457108039939 HTTP/1.1" 440 972
186.67.172.234 - - [04/Mar/2016:13:13:11 -0300] "POST /cormun/servlet/solicitudot?167e06ebc9fe61c19a274713721a4ff4,INS,0,0,,gx-no-cache=1457108043116 HTTP/1.1" 440 972
186.103.159.187 - - [04/Mar/2016:13:13:12 -0300] "POST /cormun/servlet/hlogin?8ae34c488392d5bec3e353b37e8c29f3,gx-no-cache=1457111755897 HTTP/1.1" 200 90
186.103.159.187 - - [04/Mar/2016:13:13:12 -0300] "GET /cormun/servlet/hpexe_link HTTP/1.1" 200 947
186.103.159.187 - - [04/Mar/2016:13:13:13 -0300] "GET /cormun/servlet/hhome HTTP/1.1" 200 3444
186.103.159.189 - - [04/Mar/2016:13:13:13 -0300] "POST /cormun/servlet/trautorizarsolicitud?276c30f5aa69386cfab90d7f4d2c5da5,,gx-no-cache=1457111777649 HTTP/1.1" 200 4861
186.103.159.189 - - [04/Mar/2016:13:13:13 -0300] "POST /cormun/servlet/trautorizarsolicitud?276c30f5aa69386cfab90d7f4d2c5da5,,gx-no-cache=1457111777809 HTTP/1.1" 200 4860
186.103.159.189 - - [04/Mar/2016:13:13:13 -0300] "POST /cormun/servlet/trautorizarsolicitud?276c30f5aa69386cfab90d7f4d2c5da5,,gx-no-cache=1457111777948 HTTP/1.1" 200 4861
186.103.159.189 - - [04/Mar/2016:13:13:13 -0300] "POST /cormun/servlet/trautorizarsolicitud?276c30f5aa69386cfab90d7f4d2c5da5,,gx-no-cache=1457111778124 HTTP/1.1" 200 4861
186.103.159.189 - - [04/Mar/2016:13:13:14 -0300] "POST /cormun/servlet/trautorizarsolicitud?276c30f5aa69386cfab90d7f4d2c5da5,,gx-no-cache=1457111778277 HTTP/1.1" 200 4861
186.103.159.187 - - [04/Mar/2016:13:13:14 -0300] "GET /cormun/servlet/hhome HTTP/1.1" 200 3441
186.103.159.189 - - [04/Mar/2016:13:13:14 -0300] "POST /cormun/servlet/trautorizarsolicitud?276c30f5aa69386cfab90d7f4d2c5da5,,gx-no-cache=1457111778423 HTTP/1.1" 200 4862
186.103.159.189 - - [04/Mar/2016:13:13:14 -0300] "POST /cormun/servlet/trautorizarsolicitud?276c30f5aa69386cfab90d7f4d2c5da5,,gx-no-cache=1457111778605 HTTP/1.1" 200 4861
186.103.159.189 - - [04/Mar/2016:13:13:14 -0300] "POST /cormun/servlet/trautorizarsolicitud?276c30f5aa69386cfab90d7f4d2c5da5,,gx-no-cache=1457111778758 HTTP/1.1" 200 3584
186.103.159.189 - - [04/Mar/2016:13:13:14 -0300] "GET /cormun/static/Shared/jqueryui/images/ui-bg_highlight-soft_100_c6c2c8_1x100.png HTTP/1.1" 404 1117
186.103.159.189 - - [04/Mar/2016:13:13:14 -0300] "GET /cormun/static/Shared/jqueryui/images/ui-icons_82798d_256x240.png HTTP/1.1" 404 1089
186.103.159.189 - - [04/Mar/2016:13:13:14 -0300] "GET /cormun/static/Shared/jqueryui/images/ui-bg_flat_55_fafafa_40x100.png HTTP/1.1" 404 1097
186.103.159.189 - - [04/Mar/2016:13:13:14 -0300] "GET /cormun/static/Shared/jqueryui/images/ui-icons_8d78a5_256x240.png HTTP/1.1" 404 1089
186.103.159.189 - - [04/Mar/2016:13:13:14 -0300] "POST /cormun/servlet/trautorizarsolicitud?276c30f5aa69386cfab90d7f4d2c5da5,,gx-no-cache=1457111778955 HTTP/1.1" 200 3440
186.67.172.234 - - [04/Mar/2016:13:13:15 -0300] "GET /cormun/servlet/solicitudot?INS,0,0, HTTP/1.1" 200 11062
186.67.172.234 - - [04/Mar/2016:13:13:16 -0300] "GET /cormun/servlet/hlogin HTTP/1.1" 200 1743
186.67.172.234 - - [04/Mar/2016:13:13:16 -0300] "GET /cormun/servlet/solicitudot?INS,0,0, HTTP/1.1" 200 11062
186.103.159.187 - - [04/Mar/2016:13:13:18 -0300] "GET /cormun/servlet/trautorizarsolicitud? HTTP/1.1" 200 6152
186.67.172.234 - - [04/Mar/2016:13:13:18 -0300] "POST /cormun/servlet/hlogin?0b195e6273d1dbcbba0692820d1b6489,gx-no-cache=1457108049481 HTTP/1.1" 200 90
186.67.172.234 - - [04/Mar/2016:13:13:18 -0300] "GET /cormun/servlet/hpexe_link HTTP/1.1" 200 965
186.103.159.187 - - [04/Mar/2016:13:13:18 -0300] "GET /cormun/static/gxcfg.js?20163219504791 HTTP/1.1" 200 953
186.103.159.187 - - [04/Mar/2016:13:13:18 -0300] "GET /cormun/static/trautorizarsolicitud.js?20163219505323 HTTP/1.1" 200 45302
186.103.159.187 - - [04/Mar/2016:13:13:18 -0300] "GET /cormun/static/Resources/Spanish/PXTools.css?19444614 HTTP/1.1" 200 89042
186.67.172.234 - - [04/Mar/2016:13:13:18 -0300] "GET /cormun/servlet/solicitudot?INS,0,0, HTTP/1.1" 200 11262
186.67.172.234 - - [04/Mar/2016:13:13:18 -0300] "GET /cormun/servlet/solicitudot?INS,0,0, HTTP/1.1" 200 11266
186.103.156.24 - - [04/Mar/2016:13:13:19 -0300] "POST /cormun/servlet/solicitudot?8ad76bf172baddd1f9db476d9d2f9693,INS,0,0,,gx-no-cache=1457108075969 HTTP/1.1" 200 93
186.103.156.24 - - [04/Mar/2016:13:13:19 -0300] "GET /cormun/servlet/hpexe_return? HTTP/1.1" 200 1008
186.103.159.187 - - [04/Mar/2016:13:13:19 -0300] "GET /cormun/servlet/trautorizarsolicitud? HTTP/1.1" 200 6152
186.103.156.24 - - [04/Mar/2016:13:13:19 -0300] "GET /cormun/servlet/trsolicitudot HTTP/1.1" 200 7544
186.103.156.24 - - [04/Mar/2016:13:13:20 -0300] "GET /cormun/servlet/trsolicitudot HTTP/1.1" 200 7540
186.103.159.187 - - [04/Mar/2016:13:13:24 -0300] "POST /cormun/servlet/trautorizarsolicitud?8ae34c488392d5bec3e353b37e8c29f3,,gx-no-cache=1457111767690 HTTP/1.1" 200 3464
186.103.159.187 - - [04/Mar/2016:13:13:24 -0300] "POST /cormun/servlet/trautorizarsolicitud?8ae34c488392d5bec3e353b37e8c29f3,,gx-no-cache=1457111767904 HTTP/1.1" 200 3463
186.103.159.187 - - [04/Mar/2016:13:13:25 -0300] "POST /cormun/servlet/trautorizarsolicitud?8ae34c488392d5bec3e353b37e8c29f3,,gx-no-cache=1457111768086 HTTP/1.1" 200 3464
186.103.159.187 - - [04/Mar/2016:13:13:25 -0300] "POST /cormun/servlet/trautorizarsolicitud?8ae34c488392d5bec3e353b37e8c29f3,,gx-no-cache=1457111768281 HTTP/1.1" 200 3464
186.103.159.187 - - [04/Mar/2016:13:13:31 -0300] "POST /cormun/servlet/trautorizarsolicitud?8ae34c488392d5bec3e353b37e8c29f3,,gx-no-cache=1457111774439 HTTP/1.1" 200 3464
186.103.156.24 - - [04/Mar/2016:13:13:31 -0300] "POST /cormun/servlet/trsolicitudot?8ad76bf172baddd1f9db476d9d2f9693,gx-no-cache=1457108090003 HTTP/1.1" 200 4950
186.103.156.24 - - [04/Mar/2016:13:13:31 -0300] "POST /cormun/servlet/trsolicitudot?8ad76bf172baddd1f9db476d9d2f9693,gx-no-cache=1457108090201 HTTP/1.1" 200 4949
186.103.159.187 - - [04/Mar/2016:13:13:31 -0300] "GET /cormun/servlet/trautorizarsolicitud?6f9f9f09bbece9b97108f0076b025adff847b2baefad142fc1345f377c525c61850aa4616cbb7a431116eaa5433d98d65cd741fbf7093df8c748a9be716e0b9a375efcbb752beb1b6188d86e4e52f14a06d04ba2a4daeb7aace848df4ff61d80,gx-no-cache=1457111774852 HTTP/1.1" 200 753
186.103.156.24 - - [04/Mar/2016:13:13:31 -0300] "POST /cormun/servlet/trsolicitudot?8ad76bf172baddd1f9db476d9d2f9693,gx-no-cache=1457108090358 HTTP/1.1" 200 4950
186.103.156.24 - - [04/Mar/2016:13:13:32 -0300] "POST /cormun/servlet/trsolicitudot?8ad76bf172baddd1f9db476d9d2f9693,gx-no-cache=1457108090520 HTTP/1.1" 200 4950
186.103.156.24 - - [04/Mar/2016:13:13:32 -0300] "POST /cormun/servlet/trsolicitudot?8ad76bf172baddd1f9db476d9d2f9693,gx-no-cache=1457108090689 HTTP/1.1" 200 4950
186.103.156.24 - - [04/Mar/2016:13:13:32 -0300] "POST /cormun/servlet/trsolicitudot?8ad76bf172baddd1f9db476d9d2f9693,gx-no-cache=1457108090859 HTTP/1.1" 200 4950
186.103.156.24 - - [04/Mar/2016:13:13:33 -0300] "POST /cormun/servlet/trsolicitudot?8ad76bf172baddd1f9db476d9d2f9693,gx-no-cache=1457108091053 HTTP/1.1" 200 4950
186.103.156.24 - - [04/Mar/2016:13:13:33 -0300] "POST /cormun/servlet/trsolicitudot?8ad76bf172baddd1f9db476d9d2f9693,gx-no-cache=1457108091854 HTTP/1.1" 200 3630
186.103.156.24 - - [04/Mar/2016:13:13:33 -0300] "POST /cormun/servlet/trsolicitudot?8ad76bf172baddd1f9db476d9d2f9693,gx-no-cache=1457108092182 HTTP/1.1" 200 3480
186.103.159.187 - - [04/Mar/2016:13:13:37 -0300] "POST /cormun/servlet/trautorizarsolicitud?8ae34c488392d5bec3e353b37e8c29f3,,gx-no-cache=1457111780088 HTTP/1.1" 200 4894
186.67.172.234 - - [04/Mar/2016:13:13:37 -0300] "POST /cormun/servlet/solicitudot?gx-no-cache=1457108068558 HTTP/1.1" 200 2765
186.103.159.187 - - [04/Mar/2016:13:13:37 -0300] "GET /cormun/servlet/trautorizarsolicitud?6f9f9f09bbece9b97108f0076b025adfc1e0e56ccebdd87e7087ae35a69d9c15850aa4616cbb7a431116eaa5433d98d65cd741fbf7093df8c748a9be716e0b9a375efcbb752beb1b6188d86e4e52f14a06d04ba2a4daeb7aace848df4ff61d80,gx-no-cache=1457111780494 HTTP/1.1" 200 2205
186.67.172.234 - - [04/Mar/2016:13:13:37 -0300] "POST /cormun/servlet/solicitudot?0b195e6273d1dbcbba0692820d1b6489,INS,0,0,,gx-no-cache=1457108068719 HTTP/1.1" 200 8120
186.103.156.24 - - [04/Mar/2016:13:13:43 -0300] "GET /cormun/servlet/solicitudot?INS,0,0, HTTP/1.1" 200 11486
186.103.156.24 - - [04/Mar/2016:13:13:45 -0300] "GET /cormun/servlet/solicitudot?INS,0,0, HTTP/1.1" 200 11490
186.67.172.234 - - [04/Mar/2016:13:13:46 -0300] "GET /cormun/servlet/solicitudot?6b300f3026b246fe66fca30277fcb3e8bcb93fb8c2e2002fafb0c2fd9c5ab6992c97b82f6c33cf268382e33193d5b251,gx-no-cache=1457108077628 HTTP/1.1" 200 30
186.67.172.234 - - [04/Mar/2016:13:13:46 -0300] "POST /cormun/servlet/solicitudot?gx-no-cache=1457108077709 HTTP/1.1" 200 30
186.67.172.234 - - [04/Mar/2016:13:13:49 -0300] "POST /cormun/servlet/solicitudot?gx-no-cache=1457108080462 HTTP/1.1" 200 30
186.103.159.187 - - [04/Mar/2016:13:13:54 -0300] "POST /cormun/servlet/trautorizarsolicitud?8ae34c488392d5bec3e353b37e8c29f3,,gx-no-cache=1457111797196 HTTP/1.1" 200 4894
186.103.159.187 - - [04/Mar/2016:13:13:54 -0300] "POST /cormun/servlet/trautorizarsolicitud?8ae34c488392d5bec3e353b37e8c29f3,,gx-no-cache=1457111797430 HTTP/1.1" 200 4893
186.103.159.187 - - [04/Mar/2016:13:13:54 -0300] "POST /cormun/servlet/trautorizarsolicitud?8ae34c488392d5bec3e353b37e8c29f3,,gx-no-cache=1457111797683 HTTP/1.1" 200 4894
186.103.159.187 - - [04/Mar/2016:13:13:55 -0300] "POST /cormun/servlet/trautorizarsolicitud?8ae34c488392d5bec3e353b37e8c29f3,,gx-no-cache=1457111798023 HTTP/1.1" 200 4907
186.67.172.234 - - [04/Mar/2016:13:13:55 -0300] "POST /cormun/servlet/solicitudot?gx-no-cache=1457108086641 HTTP/1.1" 200 1158
