186.67.172.234 - - [04/Mar/2016:13:13:55 -0300] "GET /cormun/servlet/solicitudot?6b300f3026b246fe66fca30277fcb3e898474033c6b0d3d8a29c758d42d67cfba2e84826938f7b28a2379c97f2cad8d50c96a14a5861daf3732f6f1f162edd936906ca199e89500f7095b45737026fa7c7294c1b9154f8fc174cd4d2839648fafa25903518497cbcac8d5b84178a2e26e07ca1118f532ea457c2e5be403188c1cc06eef59c86038f0d33342b8b35590b,gx-no-cache=1457108086683 HTTP/1.1" 200 38
186.103.159.187 - - [04/Mar/2016:13:13:55 -0300] "GET /cormun/static/Shared/jqueryui/images/ui-bg_highlight-soft_100_c6c2c8_1x100.png HTTP/1.1" 404 1117
186.103.159.187 - - [04/Mar/2016:13:13:55 -0300] "GET /cormun/static/Shared/jqueryui/images/ui-icons_82798d_256x240.png HTTP/1.1" 404 1089
186.103.159.187 - - [04/Mar/2016:13:13:55 -0300] "GET /cormun/static/Shared/jqueryui/images/ui-bg_flat_55_fafafa_40x100.png HTTP/1.1" 404 1097
186.103.159.187 - - [04/Mar/2016:13:13:55 -0300] "GET /cormun/static/Shared/jqueryui/images/ui-icons_8d78a5_256x240.png HTTP/1.1" 404 1089
186.67.172.234 - - [04/Mar/2016:13:14:02 -0300] "GET /cormun/servlet/solicitudot?6b300f3026b246fe66fca30277fcb3e8f8e5aa4abe7dcaa565b840f1e392cd027460934d5aea24aa8bd58feab9df6dcdbc64b2ecb65af39b9514957397d0a685f230388d0d601995774e191e1bfe7453f1b9f406998ea44bc4849dd52d66c6879d7bb72cce6ff056e5d017bc8eaea00519c84c91df17b947c1b21313205edbc6266fa985ebc29d9153e7c02a3248147405f3fe05fe6d758d73ddf788ca6d51ac5a26db6e44f2a59395ef6ad9206a2638ec33654ee576db775f7651c285411b319e06cda329aa82fc9027f84ff99629e6,gx-no-cache=1457108093537 HTTP/1.1" 200 29
186.67.172.234 - - [04/Mar/2016:13:14:02 -0300] "POST /cormun/servlet/solicitudot?gx-no-cache=1457108093594 HTTP/1.1" 200 1116
186.103.156.24 - - [04/Mar/2016:13:14:11 -0300] "POST /cormun/servlet/solicitudot?gx-no-cache=1457108134129 HTTP/1.1" 200 2754
186.103.156.24 - - [04/Mar/2016:13:14:11 -0300] "POST /cormun/servlet/solicitudot?8ad76bf172baddd1f9db476d9d2f9693,INS,0,0,,gx-no-cache=1457108134297 HTTP/1.1" 200 8414
186.103.156.24 - - [04/Mar/2016:13:14:18 -0300] "GET /cormun/servlet/solicitudot?45974405dabe23550ac3571a7c4dea09200534fce014be5b5d31b9864ef9e5e5fe3661b1d336c63315317c02e8e4849e,gx-no-cache=1457108142681 HTTP/1.1" 200 30
186.103.156.24 - - [04/Mar/2016:13:14:18 -0300] "POST /cormun/servlet/solicitudot?gx-no-cache=1457108142718 HTTP/1.1" 200 30
186.103.156.24 - - [04/Mar/2016:13:14:21 -0300] "POST /cormun/servlet/solicitudot?gx-no-cache=1457108145778 HTTP/1.1" 200 30
186.103.156.24 - - [04/Mar/2016:13:14:25 -0300] "POST /cormun/servlet/solicitudot?gx-no-cache=1457108149819 HTTP/1.1" 200 1157
186.103.156.24 - - [04/Mar/2016:13:14:25 -0300] "GET /cormun/servlet/solicitudot?45974405dabe23550ac3571a7c4dea09f3802dde9b541fa100936433e2ee3cc9babdd49b8a659fab2559c053d48da7e8a203cbeaf3ae451d09582536f9780d1794c94ece8016571023b77f5bc5725a05d14a2de4ccb3d5e9eb70cdaad4c6413142ab0349f48b57664a362aebbcf68f9e6b7f332c77a01fab74aa47ce1c3876b05410bad75206e3f9368156261ec1bc84,gx-no-cache=1457108149895 HTTP/1.1" 200 38
186.103.159.187 - - [04/Mar/2016:13:14:27 -0300] "POST /cormun/servlet/trautorizarsolicitud?8ae34c488392d5bec3e353b37e8c29f3,,gx-no-cache=1457111830345 HTTP/1.1" 200 3465
186.103.159.187 - - [04/Mar/2016:13:14:27 -0300] "GET /cormun/servlet/trautorizarsolicitud?6f9f9f09bbece9b97108f0076b025adff847b2baefad142fc1345f377c525c61e52748d0767dcf4488da80e98030354e5cd741fbf7093df8c748a9be716e0b9a2a00f3eeb9015040cdbf2e46c0fe2dfb2b852b26ce0fbfa68a331a2fcdebbcb458a0be1a6190b2b6257b076de1c7492c,gx-no-cache=1457111830755 HTTP/1.1" 200 766
186.103.156.24 - - [04/Mar/2016:13:14:29 -0300] "GET /cormun/servlet/solicitudot?45974405dabe23550ac3571a7c4dea098ca7baef5b913afcb7a460019663b81586a53a6dca1cd8f9b0e1a170d7a9785451df638965bf418b024b595f95661ea80bdbbc6be17a5e5f8f43aeb37b26869d3cad489d52513d66c4f630ba2506055d1c15cf8d3d0f7b6aa5ad4b0d41dbd3e9465cf827af7927187a34d0cd6acd8ab6f708fdffca425cc2a1c1c688f25ba3f2d231d16341194ad8cc526cdbaa4275470f962a1dee11159cb0991418b4f6f4618ab4bf5065641df2405244a5e03e0a89403ee3316e4f9215108b865eac78f5dd,gx-no-cache=1457108154928 HTTP/1.1" 200 29
186.67.172.234 - - [04/Mar/2016:13:14:33 -0300] "GET /cormun/servlet/solicitudot?6b300f3026b246fe66fca30277fcb3e822c99655ce4be53e93bd7ca00a0e215a69f2fb3a779a452ccb4a45a3b76a4e6e720ae65d76f4733dbc4c73284e6944657ef596796463a3f8cdb14d794615eef99af2435aa4bd1b0231530a721e01337f48c4e4e96862051d30000eafa48eb804ecf9c80ee16164be2dc364a7472eb6958f0fcf56ad4be2eb61e9335cabb6ee42f85f9b75cece7f5bb886f1c4cf80370d139e7b6eff5d36c450e8caab96964e3d,gx-no-cache=1457108125201 HTTP/1.1" 200 30
186.103.159.187 - - [04/Mar/2016:13:14:34 -0300] "POST /cormun/servlet/trautorizarsolicitud?8ae34c488392d5bec3e353b37e8c29f3,,gx-no-cache=1457111837111 HTTP/1.1" 200 3462
186.103.159.187 - - [04/Mar/2016:13:14:34 -0300] "GET /cormun/servlet/trautorizarsolicitud?6f9f9f09bbece9b97108f0076b025adf8c43cfeed421f909330b94bc0e04750f850aa4616cbb7a431116eaa5433d98d65cd741fbf7093df8c748a9be716e0b9a2a00f3eeb9015040cdbf2e46c0fe2dfb2f5d919a70903adc1be1a7c961c75e3126fe6a13b2279ed2dacf33fc78a00984,gx-no-cache=1457111837524 HTTP/1.1" 200 765
186.103.156.24 - - [04/Mar/2016:13:14:35 -0300] "POST /cormun/servlet/solicitudot?gx-no-cache=1457108161415 HTTP/1.1" 200 1115
186.103.156.24 - - [04/Mar/2016:13:14:46 -0300] "GET /cormun/servlet/solicitudot?45974405dabe23550ac3571a7c4dea095ae17558ec6954f2ddcb9d294d8edc409c527e0b3c4983605541b25eb6a338f9803d8e959aa884c73cb7710a2caf82af741cc16460b09e7b925def924652ef93763908ce0bfcacf67a3dbbf881ac5e33c57967a0fd248d7b38511933c65e39c0b9eb5e2d1236b03111e79f63ddbb61ce11473fbfae1ddd6c928dd974a0e2a3ff41c934cfbb997e9812b19ee3f0bfb8e87af51a7bfbe53c7db00a413a977e4e52,gx-no-cache=1457108173896 HTTP/1.1" 200 30
186.67.172.234 - - [04/Mar/2016:13:14:47 -0300] "POST /cormun/servlet/solicitudot?0b195e6273d1dbcbba0692820d1b6489,INS,0,0,,gx-no-cache=1457108138449 HTTP/1.1" 200 93
186.67.172.234 - - [04/Mar/2016:13:14:47 -0300] "GET /cormun/servlet/hpexe_return? HTTP/1.1" 200 1010
186.67.172.234 - - [04/Mar/2016:13:14:47 -0300] "GET /cormun/servlet/hhome HTTP/1.1" 200 3429
186.67.172.234 - - [04/Mar/2016:13:14:47 -0300] "GET /cormun/servlet/hhome HTTP/1.1" 200 3423
186.67.172.234 - - [04/Mar/2016:13:14:56 -0300] "GET /cormun/servlet/trsolicitudot? HTTP/1.1" 200 7488
186.67.172.234 - - [04/Mar/2016:13:14:57 -0300] "GET /cormun/servlet/trsolicitudot? HTTP/1.1" 200 7487
186.103.159.187 - - [04/Mar/2016:13:14:57 -0300] "POST /cormun/servlet/trautorizarsolicitud?8ae34c488392d5bec3e353b37e8c29f3,,gx-no-cache=1457111860602 HTTP/1.1" 200 7654
186.103.159.187 - - [04/Mar/2016:13:14:58 -0300] "POST /cormun/servlet/trautorizarsolicitud?8ae34c488392d5bec3e353b37e8c29f3,,gx-no-cache=1457111861454 HTTP/1.1" 200 7653
186.103.159.187 - - [04/Mar/2016:13:14:59 -0300] "POST /cormun/servlet/trautorizarsolicitud?8ae34c488392d5bec3e353b37e8c29f3,,gx-no-cache=1457111862407 HTTP/1.1" 200 7654
186.103.159.187 - - [04/Mar/2016:13:15:00 -0300] "POST /cormun/servlet/trautorizarsolicitud?8ae34c488392d5bec3e353b37e8c29f3,,gx-no-cache=1457111863401 HTTP/1.1" 200 7653
186.103.159.187 - - [04/Mar/2016:13:15:01 -0300] "POST /cormun/servlet/trautorizarsolicitud?8ae34c488392d5bec3e353b37e8c29f3,,gx-no-cache=1457111864434 HTTP/1.1" 200 7654
186.103.159.187 - - [04/Mar/2016:13:15:02 -0300] "POST /cormun/servlet/trautorizarsolicitud?8ae34c488392d5bec3e353b37e8c29f3,,gx-no-cache=1457111865500 HTTP/1.1" 200 7655
186.67.172.234 - - [04/Mar/2016:13:15:02 -0300] "POST /cormun/servlet/trsolicitudot?0b195e6273d1dbcbba0692820d1b6489,,gx-no-cache=1457108153992 HTTP/1.1" 200 4913
186.67.172.234 - - [04/Mar/2016:13:15:03 -0300] "POST /cormun/servlet/trsolicitudot?0b195e6273d1dbcbba0692820d1b6489,,gx-no-cache=1457108154147 HTTP/1.1" 200 4914
186.67.172.234 - - [04/Mar/2016:13:15:03 -0300] "POST /cormun/servlet/trsolicitudot?0b195e6273d1dbcbba0692820d1b6489,,gx-no-cache=1457108154651 HTTP/1.1" 200 4913
186.67.172.234 - - [04/Mar/2016:13:15:03 -0300] "POST /cormun/servlet/trsolicitudot?0b195e6273d1dbcbba0692820d1b6489,,gx-no-cache=1457108154838 HTTP/1.1" 200 4914
186.103.159.187 - - [04/Mar/2016:13:15:03 -0300] "POST /cormun/servlet/trautorizarsolicitud?8ae34c488392d5bec3e353b37e8c29f3,,gx-no-cache=1457111866574 HTTP/1.1" 200 7654
186.67.172.234 - - [04/Mar/2016:13:15:04 -0300] "POST /cormun/servlet/trsolicitudot?0b195e6273d1dbcbba0692820d1b6489,,gx-no-cache=1457108155016 HTTP/1.1" 200 4912
186.67.172.234 - - [04/Mar/2016:13:15:04 -0300] "POST /cormun/servlet/trsolicitudot?0b195e6273d1dbcbba0692820d1b6489,,gx-no-cache=1457108155522 HTTP/1.1" 200 4915
186.67.172.234 - - [04/Mar/2016:13:15:04 -0300] "POST /cormun/servlet/trsolicitudot?0b195e6273d1dbcbba0692820d1b6489,,gx-no-cache=1457108155684 HTTP/1.1" 200 4915
186.103.159.187 - - [04/Mar/2016:13:15:04 -0300] "POST /cormun/servlet/trautorizarsolicitud?8ae34c488392d5bec3e353b37e8c29f3,,gx-no-cache=1457111867717 HTTP/1.1" 200 7654
186.67.172.234 - - [04/Mar/2016:13:15:05 -0300] "POST /cormun/servlet/trsolicitudot?0b195e6273d1dbcbba0692820d1b6489,,gx-no-cache=1457108156319 HTTP/1.1" 200 3593
186.67.172.234 - - [04/Mar/2016:13:15:05 -0300] "POST /cormun/servlet/trsolicitudot?0b195e6273d1dbcbba0692820d1b6489,,gx-no-cache=1457108156604 HTTP/1.1" 200 3447
186.103.159.187 - - [04/Mar/2016:13:15:13 -0300] "POST /cormun/servlet/trautorizarsolicitud?8ae34c488392d5bec3e353b37e8c29f3,,gx-no-cache=1457111876584 HTTP/1.1" 200 4903
186.103.159.187 - - [04/Mar/2016:13:15:13 -0300] "GET /cormun/servlet/trautorizarsolicitud?6f9f9f09bbece9b97108f0076b025adff847b2baefad142fc1345f377c525c61423fd6579da8607f21c4c4d5115e9ee95ebb18affd6f48cf24daa15cef71355668b5e809e3eab69310d47886b5babc0e8c88dae950fab5795515cb4c6074a19252c777ad606e3285bd502b969a034501,gx-no-cache=1457111876999 HTTP/1.1" 200 2214
186.103.156.24 - - [04/Mar/2016:13:15:23 -0300] "POST /cormun/servlet/solicitudot?8ad76bf172baddd1f9db476d9d2f9693,INS,0,0,,gx-no-cache=1457108215736 HTTP/1.1" 200 93
186.103.156.24 - - [04/Mar/2016:13:15:23 -0300] "GET /cormun/servlet/hpexe_return? HTTP/1.1" 200 1028
186.103.156.24 - - [04/Mar/2016:13:15:24 -0300] "GET /cormun/servlet/trsolicitudot?gx-no-cache=1457108092182 HTTP/1.1" 200 7547
186.103.156.24 - - [04/Mar/2016:13:15:25 -0300] "GET /cormun/servlet/trsolicitudot?gx-no-cache=1457108092182 HTTP/1.1" 200 7564
186.103.159.187 - - [04/Mar/2016:13:15:27 -0300] "POST /cormun/servlet/trautorizarsolicitud?8ae34c488392d5bec3e353b37e8c29f3,,gx-no-cache=1457111890579 HTTP/1.1" 200 4902
186.103.159.187 - - [04/Mar/2016:13:15:28 -0300] "POST /cormun/servlet/trautorizarsolicitud?8ae34c488392d5bec3e353b37e8c29f3,,gx-no-cache=1457111890974 HTTP/1.1" 200 4903
186.103.159.187 - - [04/Mar/2016:13:15:28 -0300] "POST /cormun/servlet/trautorizarsolicitud?8ae34c488392d5bec3e353b37e8c29f3,,gx-no-cache=1457111891427 HTTP/1.1" 200 4902
186.103.159.187 - - [04/Mar/2016:13:15:28 -0300] "POST /cormun/servlet/trautorizarsolicitud?8ae34c488392d5bec3e353b37e8c29f3,,gx-no-cache=1457111891851 HTTP/1.1" 200 4914
186.103.156.24 - - [04/Mar/2016:13:15:33 -0300] "POST /cormun/servlet/trsolicitudot?8ad76bf172baddd1f9db476d9d2f9693,gx-no-cache=1457108092182,gx-no-cache=1457108225998 HTTP/1.1" 200 4957
186.103.156.24 - - [04/Mar/2016:13:15:33 -0300] "POST /cormun/servlet/trsolicitudot?8ad76bf172baddd1f9db476d9d2f9693,gx-no-cache=1457108092182,gx-no-cache=1457108226165 HTTP/1.1" 200 4957
186.103.156.24 - - [04/Mar/2016:13:15:33 -0300] "POST /cormun/servlet/trsolicitudot?8ad76bf172baddd1f9db476d9d2f9693,gx-no-cache=1457108092182,gx-no-cache=1457108226327 HTTP/1.1" 200 4957
186.103.156.24 - - [04/Mar/2016:13:15:33 -0300] "POST /cormun/servlet/trsolicitudot?8ad76bf172baddd1f9db476d9d2f9693,gx-no-cache=1457108092182,gx-no-cache=1457108226501 HTTP/1.1" 200 4957
186.103.156.24 - - [04/Mar/2016:13:15:33 -0300] "POST /cormun/servlet/trsolicitudot?8ad76bf172baddd1f9db476d9d2f9693,gx-no-cache=1457108092182,gx-no-cache=1457108226687 HTTP/1.1" 200 4957
186.103.156.24 - - [04/Mar/2016:13:15:34 -0300] "POST /cormun/servlet/trsolicitudot?8ad76bf172baddd1f9db476d9d2f9693,gx-no-cache=1457108092182,gx-no-cache=1457108226882 HTTP/1.1" 200 4957
186.103.156.24 - - [04/Mar/2016:13:15:34 -0300] "POST /cormun/servlet/trsolicitudot?8ad76bf172baddd1f9db476d9d2f9693,gx-no-cache=1457108092182,gx-no-cache=1457108227078 HTTP/1.1" 200 4957
186.103.156.24 - - [04/Mar/2016:13:15:35 -0300] "POST /cormun/servlet/trsolicitudot?8ad76bf172baddd1f9db476d9d2f9693,gx-no-cache=1457108092182,gx-no-cache=1457108227910 HTTP/1.1" 200 3635
186.103.156.24 - - [04/Mar/2016:13:15:35 -0300] "POST /cormun/servlet/trsolicitudot?8ad76bf172baddd1f9db476d9d2f9693,gx-no-cache=1457108092182,gx-no-cache=1457108228246 HTTP/1.1" 200 3480
186.67.172.234 - - [04/Mar/2016:13:15:35 -0300] "GET /cormun/servlet/hlogin HTTP/1.1" 200 1725
186.78.35.158 - - [04/Mar/2016:13:15:36 -0300] "GET /cormun/servlet/hlogin HTTP/1.1" 200 1721
186.78.35.158 - - [04/Mar/2016:13:15:36 -0300] "GET /cormun/static/Resources/Spanish/PXTools.css?005343 HTTP/1.1" 304 -
186.78.35.158 - - [04/Mar/2016:13:15:36 -0300] "GET /cormun/static/gxcfg.js?20151120045111 HTTP/1.1" 304 -
186.78.35.158 - - [04/Mar/2016:13:15:37 -0300] "GET /cormun/static/messages.spa.js?85251 HTTP/1.1" 304 -
186.78.35.158 - - [04/Mar/2016:13:15:37 -0300] "GET /cormun/static/hlogin.js?20151120045126 HTTP/1.1" 304 -
186.67.172.234 - - [04/Mar/2016:13:15:41 -0300] "POST /cormun/servlet/hlogin?0b195e6273d1dbcbba0692820d1b6489,gx-no-cache=1457108192658 HTTP/1.1" 200 90
186.67.172.234 - - [04/Mar/2016:13:15:41 -0300] "GET /cormun/servlet/hpexe_link HTTP/1.1" 200 953
186.67.172.234 - - [04/Mar/2016:13:15:41 -0300] "GET /cormun/servlet/hhome HTTP/1.1" 200 3445
186.67.172.234 - - [04/Mar/2016:13:15:42 -0300] "GET /cormun/servlet/hhome HTTP/1.1" 200 3442
186.67.172.234 - - [04/Mar/2016:13:15:46 -0300] "GET /cormun/servlet/trautorizarsolicitud? HTTP/1.1" 200 7780
186.67.172.234 - - [04/Mar/2016:13:15:46 -0300] "GET /cormun/servlet/trautorizarsolicitud? HTTP/1.1" 200 7778
186.103.156.24 - - [04/Mar/2016:13:15:47 -0300] "GET /cormun/servlet/solicitudot?INS,0,0, HTTP/1.1" 200 11508
186.103.156.24 - - [04/Mar/2016:13:15:48 -0300] "GET /cormun/servlet/solicitudot?INS,0,0, HTTP/1.1" 200 11490
186.103.159.187 - - [04/Mar/2016:13:15:48 -0300] "GET /cormun/servlet/trsolicitudot? HTTP/1.1" 200 7497
186.103.159.187 - - [04/Mar/2016:13:15:49 -0300] "GET /cormun/servlet/trsolicitudot? HTTP/1.1" 200 7497
186.67.172.234 - - [04/Mar/2016:13:16:01 -0300] "POST /cormun/servlet/trautorizarsolicitud?0b195e6273d1dbcbba0692820d1b6489,,gx-no-cache=1457108212257 HTTP/1.1" 200 5257
186.67.172.234 - - [04/Mar/2016:13:16:01 -0300] "POST /cormun/servlet/trautorizarsolicitud?0b195e6273d1dbcbba0692820d1b6489,,gx-no-cache=1457108213192 HTTP/1.1" 200 5257
186.67.172.234 - - [04/Mar/2016:13:16:02 -0300] "POST /cormun/servlet/trautorizarsolicitud?0b195e6273d1dbcbba0692820d1b6489,,gx-no-cache=1457108213364 HTTP/1.1" 200 5257
186.67.172.234 - - [04/Mar/2016:13:16:02 -0300] "POST /cormun/servlet/trautorizarsolicitud?0b195e6273d1dbcbba0692820d1b6489,,gx-no-cache=1457108213656 HTTP/1.1" 200 5257
186.67.172.234 - - [04/Mar/2016:13:16:02 -0300] "POST /cormun/servlet/trautorizarsolicitud?0b195e6273d1dbcbba0692820d1b6489,,gx-no-cache=1457108213965 HTTP/1.1" 200 5257
186.67.172.234 - - [04/Mar/2016:13:16:02 -0300] "POST /cormun/servlet/trautorizarsolicitud?0b195e6273d1dbcbba0692820d1b6489,,gx-no-cache=1457108214212 HTTP/1.1" 200 5257
186.67.172.234 - - [04/Mar/2016:13:16:03 -0300] "POST /cormun/servlet/trautorizarsolicitud?0b195e6273d1dbcbba0692820d1b6489,,gx-no-cache=1457108214447 HTTP/1.1" 200 5257
186.103.159.187 - - [04/Mar/2016:13:16:03 -0300] "POST /cormun/servlet/trsolicitudot?8ae34c488392d5bec3e353b37e8c29f3,,gx-no-cache=1457111926624 HTTP/1.1" 200 4930
186.67.172.234 - - [04/Mar/2016:13:16:03 -0300] "POST /cormun/servlet/trautorizarsolicitud?0b195e6273d1dbcbba0692820d1b6489,,gx-no-cache=1457108215135 HTTP/1.1" 200 4947
186.67.172.234 - - [04/Mar/2016:13:16:03 -0300] "GET /cormun/static/Shared/jqueryui/images/ui-bg_highlight-soft_100_c6c2c8_1x100.png HTTP/1.1" 404 1117
186.67.172.234 - - [04/Mar/2016:13:16:03 -0300] "GET /cormun/static/Shared/jqueryui/images/ui-icons_82798d_256x240.png HTTP/1.1" 404 1089
186.67.172.234 - - [04/Mar/2016:13:16:03 -0300] "GET /cormun/static/Shared/jqueryui/images/ui-bg_flat_55_fafafa_40x100.png HTTP/1.1" 404 1097
186.67.172.234 - - [04/Mar/2016:13:16:03 -0300] "GET /cormun/static/Shared/jqueryui/images/ui-icons_8d78a5_256x240.png HTTP/1.1" 404 1089
186.103.159.187 - - [04/Mar/2016:13:16:03 -0300] "POST /cormun/servlet/trsolicitudot?8ae34c488392d5bec3e353b37e8c29f3,,gx-no-cache=1457111926855 HTTP/1.1" 200 4930
186.67.172.234 - - [04/Mar/2016:13:16:04 -0300] "POST /cormun/servlet/trautorizarsolicitud?0b195e6273d1dbcbba0692820d1b6489,,gx-no-cache=1457108215327 HTTP/1.1" 200 4892
186.103.159.187 - - [04/Mar/2016:13:16:04 -0300] "POST /cormun/servlet/trsolicitudot?8ae34c488392d5bec3e353b37e8c29f3,,gx-no-cache=1457111927087 HTTP/1.1" 200 4929
186.103.159.187 - - [04/Mar/2016:13:16:04 -0300] "POST /cormun/servlet/trsolicitudot?8ae34c488392d5bec3e353b37e8c29f3,,gx-no-cache=1457111927328 HTTP/1.1" 200 4929
186.103.159.187 - - [04/Mar/2016:13:16:04 -0300] "POST /cormun/servlet/trsolicitudot?8ae34c488392d5bec3e353b37e8c29f3,,gx-no-cache=1457111927546 HTTP/1.1" 200 4929
186.103.159.187 - - [04/Mar/2016:13:16:05 -0300] "POST /cormun/servlet/trsolicitudot?8ae34c488392d5bec3e353b37e8c29f3,,gx-no-cache=1457111928008 HTTP/1.1" 200 4929
186.103.159.187 - - [04/Mar/2016:13:16:05 -0300] "POST /cormun/servlet/trsolicitudot?8ae34c488392d5bec3e353b37e8c29f3,,gx-no-cache=1457111928294 HTTP/1.1" 200 4930
186.103.159.187 - - [04/Mar/2016:13:16:06 -0300] "POST /cormun/servlet/trsolicitudot?8ae34c488392d5bec3e353b37e8c29f3,,gx-no-cache=1457111928597 HTTP/1.1" 200 3622
186.103.159.187 - - [04/Mar/2016:13:16:06 -0300] "GET /cormun/static/Shared/jqueryui/images/ui-bg_highlight-soft_100_c6c2c8_1x100.png HTTP/1.1" 404 1117
186.103.159.187 - - [04/Mar/2016:13:16:06 -0300] "GET /cormun/static/Shared/jqueryui/images/ui-icons_82798d_256x240.png HTTP/1.1" 404 1089
186.103.159.187 - - [04/Mar/2016:13:16:06 -0300] "GET /cormun/static/Shared/jqueryui/images/ui-bg_flat_55_fafafa_40x100.png HTTP/1.1" 404 1097
186.103.159.187 - - [04/Mar/2016:13:16:06 -0300] "GET /cormun/static/Shared/jqueryui/images/ui-icons_8d78a5_256x240.png HTTP/1.1" 404 1089
186.103.159.187 - - [04/Mar/2016:13:16:06 -0300] "POST /cormun/servlet/trsolicitudot?8ae34c488392d5bec3e353b37e8c29f3,,gx-no-cache=1457111929236 HTTP/1.1" 200 3474
186.103.156.24 - - [04/Mar/2016:13:16:08 -0300] "POST /cormun/servlet/solicitudot?gx-no-cache=1457108265410 HTTP/1.1" 200 2720
186.103.156.24 - - [04/Mar/2016:13:16:08 -0300] "POST /cormun/servlet/solicitudot?8ad76bf172baddd1f9db476d9d2f9693,INS,0,0,,gx-no-cache=1457108265733 HTTP/1.1" 200 8399
186.103.156.24 - - [04/Mar/2016:13:16:09 -0300] "GET /cormun/servlet/solicitudot?45974405dabe23550ac3571a7c4dea09868e09c95b058cc8aa0dc18fe70e2c7efe3661b1d336c63315317c02e8e4849e,gx-no-cache=1457108265993 HTTP/1.1" 200 30
186.67.172.234 - - [04/Mar/2016:13:16:11 -0300] "POST /cormun/servlet/trautorizarsolicitud?0b195e6273d1dbcbba0692820d1b6489,,gx-no-cache=1457108222493 HTTP/1.1" 200 3591
186.67.172.234 - - [04/Mar/2016:13:16:11 -0300] "POST /cormun/servlet/trautorizarsolicitud?0b195e6273d1dbcbba0692820d1b6489,,gx-no-cache=1457108222720 HTTP/1.1" 200 3450
186.78.35.158 - - [04/Mar/2016:13:16:12 -0300] "POST /cormun/servlet/hlogin?37735f30a621eb107f6066bd60d246a8,gx-no-cache=1457108202761 HTTP/1.1" 200 90
186.78.35.158 - - [04/Mar/2016:13:16:12 -0300] "GET /cormun/servlet/hpexe_link HTTP/1.1" 200 950
186.103.156.24 - - [04/Mar/2016:13:16:12 -0300] "POST /cormun/servlet/solicitudot?gx-no-cache=1457108269653 HTTP/1.1" 200 30
186.78.35.158 - - [04/Mar/2016:13:16:12 -0300] "GET /cormun/static/gxcfg.js?20151120044395 HTTP/1.1" 304 -
186.78.35.158 - - [04/Mar/2016:13:16:12 -0300] "GET /cormun/static/hpexe_link.js?20151120044398 HTTP/1.1" 304 -
186.78.35.158 - - [04/Mar/2016:13:16:12 -0300] "GET /cormun/servlet/hhome HTTP/1.1" 200 3464
186.78.35.158 - - [04/Mar/2016:13:16:12 -0300] "GET /cormun/static/Resources/Spanish/PXTools.css?10515224 HTTP/1.1" 304 -
186.78.35.158 - - [04/Mar/2016:13:16:13 -0300] "GET /cormun/static/gxcfg.js?2015112210564248 HTTP/1.1" 304 -
186.78.35.158 - - [04/Mar/2016:13:16:13 -0300] "GET /cormun/static/hhome.js?2015112210564255 HTTP/1.1" 304 -
186.78.35.158 - - [04/Mar/2016:13:16:13 -0300] "GET /cormun/static/hwchdr01.js?20162241650484 HTTP/1.1" 304 -
186.78.35.158 - - [04/Mar/2016:13:16:13 -0300] "GET /cormun/static/hpexe_recentlink.js?2015111312121342 HTTP/1.1" 304 -
186.78.35.158 - - [04/Mar/2016:13:16:13 -0300] "GET /cormun/static/hpexe_messagecontroller.js?2015112210524422 HTTP/1.1" 304 -
186.78.35.158 - - [04/Mar/2016:13:16:13 -0300] "GET /cormun/static/hpexe_messagepopupcomponent.js?20163219454551 HTTP/1.1" 304 -
186.78.35.158 - - [04/Mar/2016:13:16:13 -0300] "GET /cormun/static/hpexe_scripts.js?20151120014546 HTTP/1.1" 304 -
186.78.35.158 - - [04/Mar/2016:13:16:13 -0300] "GET /cormun/static/hpexe_messagegenexuscomponent.js?20151120014314 HTTP/1.1" 304 -
186.78.35.158 - - [04/Mar/2016:13:16:13 -0300] "GET /cormun/static/cmcontrolpreferences.js?20151120014525 HTTP/1.1" 304 -
186.78.35.158 - - [04/Mar/2016:13:16:13 -0300] "GET /cormun/static/hmpwkw03.js?2016311993330 HTTP/1.1" 304 -
186.103.156.24 - - [04/Mar/2016:13:16:14 -0300] "POST /cormun/servlet/solicitudot?gx-no-cache=1457108271673 HTTP/1.1" 200 30
186.78.35.158 - - [04/Mar/2016:13:16:15 -0300] "GET /cormun/servlet/hhome HTTP/1.1" 200 3460
186.103.156.24 - - [04/Mar/2016:13:16:23 -0300] "POST /cormun/servlet/solicitudot?gx-no-cache=1457108282359 HTTP/1.1" 200 1157
186.103.156.24 - - [04/Mar/2016:13:16:23 -0300] "GET /cormun/servlet/solicitudot?45974405dabe23550ac3571a7c4dea09f3802dde9b541fa100936433e2ee3cc9babdd49b8a659fab2559c053d48da7e8a203cbeaf3ae451d09582536f9780d1794c94ece8016571023b77f5bc5725a05d14a2de4ccb3d5e9eb70cdaad4c6413142ab0349f48b57664a362aebbcf68f9e6b7f332c77a01fab74aa47ce1c3876b05410bad75206e3f9368156261ec1bc84,gx-no-cache=1457108282446 HTTP/1.1" 200 38
186.103.156.24 - - [04/Mar/2016:13:16:26 -0300] "GET /cormun/servlet/solicitudot?45974405dabe23550ac3571a7c4dea098ca7baef5b913afcb7a460019663b81586a53a6dca1cd8f9b0e1a170d7a9785451df638965bf418b024b595f95661ea80bdbbc6be17a5e5f8f43aeb37b26869d3cad489d52513d66c4f630ba2506055d1c15cf8d3d0f7b6aa5ad4b0d41dbd3e9465cf827af7927187a34d0cd6acd8ab6f708fdffca425cc2a1c1c688f25ba3f2d231d16341194ad8cc526cdbaa4275470f962a1dee11159cb0991418b4f6f4618ab4bf5065641df2405244a5e03e0a89403ee3316e4f9215108b865eac78f5dd,gx-no-cache=1457108285416 HTTP/1.1" 200 29
186.103.156.24 - - [04/Mar/2016:13:16:28 -0300] "POST /cormun/servlet/solicitudot?gx-no-cache=1457108288355 HTTP/1.1" 200 1115
186.103.156.24 - - [04/Mar/2016:13:16:41 -0300] "GET /cormun/servlet/solicitudot?45974405dabe23550ac3571a7c4dea09ac61831950e2ab1e03826a6da9c4588edf86c9774438cb3d80a964b0cbac380b803d8e959aa884c73cb7710a2caf82af741cc16460b09e7b925def924652ef93763908ce0bfcacf67a3dbbf881ac5e33c57967a0fd248d7b38511933c65e39c0b9eb5e2d1236b03111e79f63ddbb61ce11473fbfae1ddd6c928dd974a0e2a3ff41c934cfbb997e9812b19ee3f0bfb8e87af51a7bfbe53c7db00a413a977e4e52,gx-no-cache=1457108302749 HTTP/1.1" 200 30
186.103.156.24 - - [04/Mar/2016:13:17:15 -0300] "POST /cormun/servlet/solicitudot?8ad76bf172baddd1f9db476d9d2f9693,INS,0,0,,gx-no-cache=1457108340001 HTTP/1.1" 200 93
186.103.156.24 - - [04/Mar/2016:13:17:16 -0300] "GET /cormun/servlet/hpexe_return? HTTP/1.1" 200 1028
186.103.156.24 - - [04/Mar/2016:13:17:16 -0300] "GET /cormun/servlet/trsolicitudot?gx-no-cache=1457108092182 HTTP/1.1" 200 7516
186.103.156.24 - - [04/Mar/2016:13:17:17 -0300] "GET /cormun/servlet/trsolicitudot?gx-no-cache=1457108092182 HTTP/1.1" 200 7532
186.103.156.24 - - [04/Mar/2016:13:17:19 -0300] "POST /cormun/servlet/trsolicitudot?8ad76bf172baddd1f9db476d9d2f9693,gx-no-cache=1457108092182,gx-no-cache=1457108345133 HTTP/1.1" 200 4929
186.103.156.24 - - [04/Mar/2016:13:17:20 -0300] "POST /cormun/servlet/trsolicitudot?8ad76bf172baddd1f9db476d9d2f9693,gx-no-cache=1457108092182,gx-no-cache=1457108345327 HTTP/1.1" 200 4929
186.103.156.24 - - [04/Mar/2016:13:17:20 -0300] "POST /cormun/servlet/trsolicitudot?8ad76bf172baddd1f9db476d9d2f9693,gx-no-cache=1457108092182,gx-no-cache=1457108345495 HTTP/1.1" 200 4929
186.103.156.24 - - [04/Mar/2016:13:17:20 -0300] "POST /cormun/servlet/trsolicitudot?8ad76bf172baddd1f9db476d9d2f9693,gx-no-cache=1457108092182,gx-no-cache=1457108345688 HTTP/1.1" 200 4929
186.103.156.24 - - [04/Mar/2016:13:17:20 -0300] "POST /cormun/servlet/trsolicitudot?8ad76bf172baddd1f9db476d9d2f9693,gx-no-cache=1457108092182,gx-no-cache=1457108345861 HTTP/1.1" 200 4929
186.103.156.24 - - [04/Mar/2016:13:17:20 -0300] "POST /cormun/servlet/trsolicitudot?8ad76bf172baddd1f9db476d9d2f9693,gx-no-cache=1457108092182,gx-no-cache=1457108346030 HTTP/1.1" 200 4929
186.103.156.24 - - [04/Mar/2016:13:17:21 -0300] "POST /cormun/servlet/trsolicitudot?8ad76bf172baddd1f9db476d9d2f9693,gx-no-cache=1457108092182,gx-no-cache=1457108346218 HTTP/1.1" 200 4929
186.103.156.24 - - [04/Mar/2016:13:17:21 -0300] "POST /cormun/servlet/trsolicitudot?8ad76bf172baddd1f9db476d9d2f9693,gx-no-cache=1457108092182,gx-no-cache=1457108346464 HTTP/1.1" 200 3615
186.103.156.24 - - [04/Mar/2016:13:17:21 -0300] "POST /cormun/servlet/trsolicitudot?8ad76bf172baddd1f9db476d9d2f9693,gx-no-cache=1457108092182,gx-no-cache=1457108346716 HTTP/1.1" 200 3480
186.78.35.158 - - [04/Mar/2016:13:18:32 -0300] "GET /cormun/servlet/trsolicitudot? HTTP/1.1" 200 6226
186.78.35.158 - - [04/Mar/2016:13:18:32 -0300] "GET /cormun/static/Resources/Spanish/PXTools.css?18502099 HTTP/1.1" 304 -
186.78.35.158 - - [04/Mar/2016:13:18:32 -0300] "GET /cormun/static/gxcfg.js?201631185636 HTTP/1.1" 304 -
186.78.35.158 - - [04/Mar/2016:13:18:32 -0300] "GET /cormun/static/trsolicitudot.js?2016311856838 HTTP/1.1" 304 -
186.78.35.158 - - [04/Mar/2016:13:18:34 -0300] "GET /cormun/servlet/trsolicitudot? HTTP/1.1" 200 6226
186.103.156.24 - - [04/Mar/2016:13:18:36 -0300] "GET /cormun/servlet/solicitudot?INS,0,0, HTTP/1.1" 200 11508
186.103.156.24 - - [04/Mar/2016:13:18:37 -0300] "GET /cormun/servlet/solicitudot?INS,0,0, HTTP/1.1" 200 11490
186.78.35.158 - - [04/Mar/2016:13:18:38 -0300] "GET /cormun/servlet/solicitudot?INS,0,0, HTTP/1.1" 200 11482
186.78.35.158 - - [04/Mar/2016:13:18:38 -0300] "GET /cormun/static/gxcfg.js?20163219435133 HTTP/1.1" 304 -
186.78.35.158 - - [04/Mar/2016:13:18:38 -0300] "GET /cormun/static/Resources/Spanish/PXTools.css?1944839 HTTP/1.1" 304 -
186.78.35.158 - - [04/Mar/2016:13:18:38 -0300] "GET /cormun/static/solicitudot.js?20163219435183 HTTP/1.1" 304 -
186.78.35.158 - - [04/Mar/2016:13:18:40 -0300] "GET /cormun/servlet/solicitudot?INS,0,0, HTTP/1.1" 200 11486
186.103.156.24 - - [04/Mar/2016:13:18:55 -0300] "POST /cormun/servlet/solicitudot?gx-no-cache=1457108451335 HTTP/1.1" 200 2776
186.103.156.24 - - [04/Mar/2016:13:18:55 -0300] "POST /cormun/servlet/solicitudot?8ad76bf172baddd1f9db476d9d2f9693,INS,0,0,,gx-no-cache=1457108451524 HTTP/1.1" 200 8454
186.103.156.24 - - [04/Mar/2016:13:18:55 -0300] "GET /cormun/servlet/solicitudot?45974405dabe23550ac3571a7c4dea094e8825d6841bcbe21203e0c5c802821cfe3661b1d336c63315317c02e8e4849e,gx-no-cache=1457108451781 HTTP/1.1" 200 30
186.103.156.24 - - [04/Mar/2016:13:18:58 -0300] "POST /cormun/servlet/solicitudot?gx-no-cache=1457108455346 HTTP/1.1" 200 30
186.103.156.24 - - [04/Mar/2016:13:19:00 -0300] "POST /cormun/servlet/solicitudot?gx-no-cache=1457108456860 HTTP/1.1" 200 30
186.103.156.24 - - [04/Mar/2016:13:19:05 -0300] "POST /cormun/servlet/solicitudot?gx-no-cache=1457108463280 HTTP/1.1" 200 1158
186.103.156.24 - - [04/Mar/2016:13:19:05 -0300] "GET /cormun/servlet/solicitudot?45974405dabe23550ac3571a7c4dea09f3802dde9b541fa100936433e2ee3cc9babdd49b8a659fab2559c053d48da7e8a203cbeaf3ae451d09582536f9780d1794c94ece8016571023b77f5bc5725a05d14a2de4ccb3d5e9eb70cdaad4c6413142ab0349f48b57664a362aebbcf68f9e6b7f332c77a01fab74aa47ce1c3876b05410bad75206e3f9368156261ec1bc84,gx-no-cache=1457108463326 HTTP/1.1" 200 38
186.78.35.158 - - [04/Mar/2016:13:19:08 -0300] "POST /cormun/servlet/solicitudot?gx-no-cache=1457108378974 HTTP/1.1" 200 2781
186.78.35.158 - - [04/Mar/2016:13:19:09 -0300] "POST /cormun/servlet/solicitudot?37735f30a621eb107f6066bd60d246a8,INS,0,0,,gx-no-cache=1457108379878 HTTP/1.1" 200 8429
192.168.10.89 - - [04/Mar/2016:13:19:10 -0300] "POST /cormun/servlet/hlogin?eda2f7d508dbcf53490a883dad9ec3d6,gx-no-cache=1457108102088 HTTP/1.1" 440 972
192.168.10.89 - - [04/Mar/2016:13:19:11 -0300] "GET /cormun/servlet/hlogin HTTP/1.1" 200 1732
186.103.156.24 - - [04/Mar/2016:13:19:11 -0300] "GET /cormun/servlet/solicitudot?45974405dabe23550ac3571a7c4dea098ca7baef5b913afcb7a460019663b81586a53a6dca1cd8f9b0e1a170d7a9785451df638965bf418b024b595f95661ea80bdbbc6be17a5e5f8f43aeb37b26869d3cad489d52513d66c4f630ba2506055d1c15cf8d3d0f7b6aa5ad4b0d41dbd3e9465cf827af7927187a34d0cd6acd8ab6f708fdffca425cc2a1c1c688f25ba3f2d231d16341194ad8cc526cdbaa4275470f962a1dee11159cb0991418b4f6f4618ab4bf5065641df2405244a5e03e0a89403ee3316e4f9215108b865eac78f5dd,gx-no-cache=1457108469748 HTTP/1.1" 200 29
186.103.156.24 - - [04/Mar/2016:13:19:13 -0300] "POST /cormun/servlet/solicitudot?gx-no-cache=1457108471915 HTTP/1.1" 200 1116
192.168.10.89 - - [04/Mar/2016:13:19:19 -0300] "POST /cormun/servlet/hlogin?8a63a57d31446661566c8511ae052777,gx-no-cache=1457108111059 HTTP/1.1" 200 445
186.103.156.24 - - [04/Mar/2016:13:19:22 -0300] "GET /cormun/servlet/solicitudot?45974405dabe23550ac3571a7c4dea0936318f8a4e8810f65b6c65431e77abcb60bc41699e1157301f37ec691a42547a803d8e959aa884c73cb7710a2caf82af741cc16460b09e7b925def924652ef93763908ce0bfcacf67a3dbbf881ac5e33c57967a0fd248d7b38511933c65e39c0b9eb5e2d1236b03111e79f63ddbb61ce11473fbfae1ddd6c928dd974a0e2a3ff41c934cfbb997e9812b19ee3f0bfb8e87af51a7bfbe53c7db00a413a977e4e52,gx-no-cache=1457108481884 HTTP/1.1" 200 30
192.168.10.89 - - [04/Mar/2016:13:19:24 -0300] "POST /cormun/servlet/hlogin?8a63a57d31446661566c8511ae052777,gx-no-cache=1457108116397 HTTP/1.1" 200 90
192.168.10.89 - - [04/Mar/2016:13:19:24 -0300] "GET /cormun/servlet/hpexe_link HTTP/1.1" 200 954
192.168.10.89 - - [04/Mar/2016:13:19:24 -0300] "GET /cormun/servlet/hhome HTTP/1.1" 200 3429
192.168.10.89 - - [04/Mar/2016:13:19:29 -0300] "GET /cormun/servlet/trvisualizadoreventos? HTTP/1.1" 200 5946
192.168.10.89 - - [04/Mar/2016:13:19:29 -0300] "GET /cormun/static/gxcfg.js?2016251828014 HTTP/1.1" 200 953
192.168.10.89 - - [04/Mar/2016:13:19:30 -0300] "GET /cormun/static/trvisualizadoreventos.js?2016251828276 HTTP/1.1" 200 19096
186.103.156.24 - - [04/Mar/2016:13:19:55 -0300] "POST /cormun/servlet/solicitudot?8ad76bf172baddd1f9db476d9d2f9693,INS,0,0,,gx-no-cache=1457108519615 HTTP/1.1" 200 93
186.103.156.24 - - [04/Mar/2016:13:19:55 -0300] "GET /cormun/servlet/hpexe_return? HTTP/1.1" 200 1028
186.103.156.24 - - [04/Mar/2016:13:19:56 -0300] "GET /cormun/servlet/trsolicitudot?gx-no-cache=1457108092182 HTTP/1.1" 200 7538
186.103.156.24 - - [04/Mar/2016:13:19:57 -0300] "GET /cormun/servlet/trsolicitudot?gx-no-cache=1457108092182 HTTP/1.1" 200 7554
186.103.156.24 - - [04/Mar/2016:13:19:59 -0300] "POST /cormun/servlet/trsolicitudot?8ad76bf172baddd1f9db476d9d2f9693,gx-no-cache=1457108092182,gx-no-cache=1457108522954 HTTP/1.1" 200 4950
186.103.156.24 - - [04/Mar/2016:13:19:59 -0300] "POST /cormun/servlet/trsolicitudot?8ad76bf172baddd1f9db476d9d2f9693,gx-no-cache=1457108092182,gx-no-cache=1457108523143 HTTP/1.1" 200 4950
186.103.156.24 - - [04/Mar/2016:13:19:59 -0300] "POST /cormun/servlet/trsolicitudot?8ad76bf172baddd1f9db476d9d2f9693,gx-no-cache=1457108092182,gx-no-cache=1457108523300 HTTP/1.1" 200 4950
186.103.156.24 - - [04/Mar/2016:13:19:59 -0300] "POST /cormun/servlet/trsolicitudot?8ad76bf172baddd1f9db476d9d2f9693,gx-no-cache=1457108092182,gx-no-cache=1457108523461 HTTP/1.1" 200 4950
186.103.156.24 - - [04/Mar/2016:13:19:59 -0300] "POST /cormun/servlet/trsolicitudot?8ad76bf172baddd1f9db476d9d2f9693,gx-no-cache=1457108092182,gx-no-cache=1457108523648 HTTP/1.1" 200 4950
192.168.10.89 - - [04/Mar/2016:13:19:59 -0300] "POST /cormun/servlet/trvisualizadoreventos?8a63a57d31446661566c8511ae052777,,gx-no-cache=1457108151712 HTTP/1.1" 200 3228
186.103.156.24 - - [04/Mar/2016:13:20:00 -0300] "POST /cormun/servlet/trsolicitudot?8ad76bf172baddd1f9db476d9d2f9693,gx-no-cache=1457108092182,gx-no-cache=1457108523898 HTTP/1.1" 200 4950
192.168.10.89 - - [04/Mar/2016:13:20:00 -0300] "POST /cormun/servlet/trvisualizadoreventos?8a63a57d31446661566c8511ae052777,,gx-no-cache=1457108151966 HTTP/1.1" 200 3228
186.103.156.24 - - [04/Mar/2016:13:20:00 -0300] "POST /cormun/servlet/trsolicitudot?8ad76bf172baddd1f9db476d9d2f9693,gx-no-cache=1457108092182,gx-no-cache=1457108524112 HTTP/1.1" 200 4950
192.168.10.89 - - [04/Mar/2016:13:20:00 -0300] "POST /cormun/servlet/trvisualizadoreventos?8a63a57d31446661566c8511ae052777,,gx-no-cache=1457108152211 HTTP/1.1" 200 3228
186.103.156.24 - - [04/Mar/2016:13:20:00 -0300] "POST /cormun/servlet/trsolicitudot?8ad76bf172baddd1f9db476d9d2f9693,gx-no-cache=1457108092182,gx-no-cache=1457108524356 HTTP/1.1" 200 3628
192.168.10.89 - - [04/Mar/2016:13:20:00 -0300] "POST /cormun/servlet/trvisualizadoreventos?8a63a57d31446661566c8511ae052777,,gx-no-cache=1457108152485 HTTP/1.1" 200 3228
186.103.156.24 - - [04/Mar/2016:13:20:00 -0300] "POST /cormun/servlet/trsolicitudot?8ad76bf172baddd1f9db476d9d2f9693,gx-no-cache=1457108092182,gx-no-cache=1457108524606 HTTP/1.1" 200 3480
192.168.10.89 - - [04/Mar/2016:13:20:03 -0300] "POST /cormun/servlet/trvisualizadoreventos?8a63a57d31446661566c8511ae052777,,gx-no-cache=1457108155697 HTTP/1.1" 200 3782
192.168.10.89 - - [04/Mar/2016:13:20:04 -0300] "GET /cormun/servlet/trvisualizadoreventos?8d39370d7a49751877c8d36176ab97ec1bb1ebdc7d4717df7a31b7adcc832e40c4d19adfcaa90175e9c77fcd25934ebc6844ce016227c105eb8e2b72563685955a366c84619744e8246b766556ccc2e9c34515b9ef0d31b6e2869bca720a086fe5f8568b176ccfcf439729782b2d68f97040b9352f4811516c20e1a33621d3a20cf6d33fd13d6ff717963beb452438ca4a20f63068472a859d29846c8803b4adb63240d9816055ce44e2f5c3251c08ca701383852ed1fb1bd6f331edcc8a974b,gx-no-cache=1457108156259 HTTP/1.1" 200 1192
192.168.10.89 - - [04/Mar/2016:13:20:11 -0300] "GET /cormun/servlet/trsolicitudot? HTTP/1.1" 200 6191
192.168.10.89 - - [04/Mar/2016:13:20:15 -0300] "POST /cormun/servlet/trsolicitudot?8a63a57d31446661566c8511ae052777,,gx-no-cache=1457108167752 HTTP/1.1" 200 3472
192.168.10.89 - - [04/Mar/2016:13:20:16 -0300] "POST /cormun/servlet/trsolicitudot?8a63a57d31446661566c8511ae052777,,gx-no-cache=1457108167974 HTTP/1.1" 200 3472
192.168.10.89 - - [04/Mar/2016:13:20:16 -0300] "POST /cormun/servlet/trsolicitudot?8a63a57d31446661566c8511ae052777,,gx-no-cache=1457108168239 HTTP/1.1" 200 3472
192.168.10.89 - - [04/Mar/2016:13:20:16 -0300] "POST /cormun/servlet/trsolicitudot?8a63a57d31446661566c8511ae052777,,gx-no-cache=1457108168539 HTTP/1.1" 200 3472
192.168.10.89 - - [04/Mar/2016:13:20:21 -0300] "POST /cormun/servlet/trsolicitudot?8a63a57d31446661566c8511ae052777,,gx-no-cache=1457108173236 HTTP/1.1" 200 3475
192.168.10.89 - - [04/Mar/2016:13:20:21 -0300] "GET /cormun/servlet/trsolicitudot?8d39370d7a49751877c8d36176ab97ec9c8e8d42d6f52815622e3a620e52a28734f8990f0d35e4f195940bfe49de4cf06f8417caffdd54a3ddcf0c01c27f3eb5c93b88d422e0179d9659c8118f480197,gx-no-cache=1457108173858 HTTP/1.1" 200 764
192.168.10.89 - - [04/Mar/2016:13:20:23 -0300] "GET /cormun/static/menuarrow.gif HTTP/1.1" 404 1015
191.112.101.245 - - [04/Mar/2016:13:20:26 -0300] "GET /cormun/servlet/solicitudot?INS,0,0, HTTP/1.1" 200 11070
191.112.101.245 - - [04/Mar/2016:13:20:26 -0300] "GET /cormun/static/Resources/Spanish/PXTools.css?1944839 HTTP/1.1" 304 -
191.112.101.245 - - [04/Mar/2016:13:20:26 -0300] "GET /cormun/static/gxcfg.js?20163219435133 HTTP/1.1" 304 -
191.112.101.245 - - [04/Mar/2016:13:20:26 -0300] "GET /cormun/static/messages.spa.js?85251 HTTP/1.1" 304 -
191.112.101.245 - - [04/Mar/2016:13:20:26 -0300] "GET /cormun/static/solicitudot.js?20163219435183 HTTP/1.1" 304 -
191.112.101.245 - - [04/Mar/2016:13:20:26 -0300] "GET /cormun/static/hwchdr01.js?20162241650484 HTTP/1.1" 304 -
191.112.101.245 - - [04/Mar/2016:13:20:26 -0300] "GET /cormun/static/hpexe_recentlink.js?2015111312121342 HTTP/1.1" 304 -
191.112.101.245 - - [04/Mar/2016:13:20:26 -0300] "GET /cormun/static/hpexe_scripts.js?20151120014546 HTTP/1.1" 304 -
191.112.101.245 - - [04/Mar/2016:13:20:27 -0300] "GET /cormun/static/hpexe_messagecontroller.js?2015112210524422 HTTP/1.1" 304 -
191.112.101.245 - - [04/Mar/2016:13:20:27 -0300] "GET /cormun/static/hpexe_messagepopupcomponent.js?20163219454551 HTTP/1.1" 304 -
191.112.101.245 - - [04/Mar/2016:13:20:27 -0300] "GET /cormun/static/hpexe_messagegenexuscomponent.js?20151120014314 HTTP/1.1" 304 -
191.112.101.245 - - [04/Mar/2016:13:20:27 -0300] "GET /cormun/static/cmcontrolpreferences.js?20151120014525 HTTP/1.1" 304 -
191.112.101.245 - - [04/Mar/2016:13:20:27 -0300] "GET /cormun/static/hmpwkw03.js?2016311993330 HTTP/1.1" 304 -
192.168.10.89 - - [04/Mar/2016:13:20:27 -0300] "POST /cormun/servlet/trsolicitudot?8a63a57d31446661566c8511ae052777,,gx-no-cache=1457108179189 HTTP/1.1" 200 7120
192.168.10.89 - - [04/Mar/2016:13:20:28 -0300] "POST /cormun/servlet/trsolicitudot?8a63a57d31446661566c8511ae052777,,gx-no-cache=1457108180062 HTTP/1.1" 200 7120
192.168.10.89 - - [04/Mar/2016:13:20:29 -0300] "POST /cormun/servlet/trsolicitudot?8a63a57d31446661566c8511ae052777,,gx-no-cache=1457108181097 HTTP/1.1" 200 7120
191.112.101.245 - - [04/Mar/2016:13:20:29 -0300] "GET /cormun/servlet/solicitudot?INS,0,0, HTTP/1.1" 200 11053
191.112.101.245 - - [04/Mar/2016:13:20:29 -0300] "GET /cormun/servlet/hlogin HTTP/1.1" 200 1739
191.112.101.245 - - [04/Mar/2016:13:20:29 -0300] "GET /cormun/static/Resources/Spanish/PXTools.css?005343 HTTP/1.1" 304 -
191.112.101.245 - - [04/Mar/2016:13:20:29 -0300] "GET /cormun/static/gxcfg.js?20151120045111 HTTP/1.1" 304 -
191.112.101.245 - - [04/Mar/2016:13:20:29 -0300] "GET /cormun/static/hlogin.js?20151120045126 HTTP/1.1" 304 -
192.168.10.89 - - [04/Mar/2016:13:20:30 -0300] "POST /cormun/servlet/trsolicitudot?8a63a57d31446661566c8511ae052777,,gx-no-cache=1457108182197 HTTP/1.1" 200 7119
192.168.10.89 - - [04/Mar/2016:13:20:31 -0300] "POST /cormun/servlet/trsolicitudot?8a63a57d31446661566c8511ae052777,,gx-no-cache=1457108183380 HTTP/1.1" 200 7120
192.168.10.89 - - [04/Mar/2016:13:20:32 -0300] "POST /cormun/servlet/trsolicitudot?8a63a57d31446661566c8511ae052777,,gx-no-cache=1457108184604 HTTP/1.1" 200 7119
192.168.10.89 - - [04/Mar/2016:13:20:34 -0300] "POST /cormun/servlet/trsolicitudot?8a63a57d31446661566c8511ae052777,,gx-no-cache=1457108185896 HTTP/1.1" 200 7120
191.112.101.245 - - [04/Mar/2016:13:20:36 -0300] "POST /cormun/servlet/hlogin?a0dc2b135aa472a0cb63a0826182af89,gx-no-cache=1457108461829 HTTP/1.1" 200 90
191.112.101.245 - - [04/Mar/2016:13:20:36 -0300] "GET /cormun/servlet/hpexe_link HTTP/1.1" 200 962
191.112.101.245 - - [04/Mar/2016:13:20:37 -0300] "GET /cormun/static/gxcfg.js?20151120044395 HTTP/1.1" 304 -
191.112.101.245 - - [04/Mar/2016:13:20:37 -0300] "GET /cormun/static/hpexe_link.js?20151120044398 HTTP/1.1" 304 -
191.112.101.245 - - [04/Mar/2016:13:20:37 -0300] "GET /cormun/servlet/solicitudot?INS,0,0, HTTP/1.1" 200 11284
191.112.101.245 - - [04/Mar/2016:13:20:39 -0300] "GET /cormun/servlet/solicitudot?INS,0,0, HTTP/1.1" 200 11288
192.168.10.89 - - [04/Mar/2016:13:20:43 -0300] "POST /cormun/servlet/trsolicitudot?8a63a57d31446661566c8511ae052777,,gx-no-cache=1457108187370 HTTP/1.1" 200 7120
186.78.35.158 - - [04/Mar/2016:13:20:44 -0300] "GET /cormun/servlet/solicitudot?8d12c937b02bc6582033cfd8369f65939eb65b9096378d609c080169a5195829d5b9ac4eff031c2d6c5163a113f24718,gx-no-cache=1457108475070 HTTP/1.1" 200 30
186.78.35.158 - - [04/Mar/2016:13:20:44 -0300] "POST /cormun/servlet/solicitudot?gx-no-cache=1457108475385 HTTP/1.1" 200 30
186.78.35.158 - - [04/Mar/2016:13:20:45 -0300] "POST /cormun/servlet/solicitudot?gx-no-cache=1457108475521 HTTP/1.1" 200 33
186.78.35.158 - - [04/Mar/2016:13:20:45 -0300] "POST /cormun/servlet/solicitudot?gx-no-cache=1457108475870 HTTP/1.1" 200 1157
186.78.35.158 - - [04/Mar/2016:13:20:45 -0300] "GET /cormun/servlet/solicitudot?8d12c937b02bc6582033cfd8369f6593f6dcf2b9100fcad93bc991b2dca70a391905b6492386c6e27872cb6df16bdafc412e37708b54e4e9c47311cd7cc0e0e923e54fa26817430eb85fdd63b0a2d1ce994695435fe27a501d012499cfba19e5d6b265979474f4f6db3c8370df68fbd7be75753f76fc14b382579c4f3dca3dc1c8cc2c5a38303d9ea795ebd24fbccbd4,gx-no-cache=1457108476061 HTTP/1.1" 200 38
192.168.10.89 - - [04/Mar/2016:13:20:49 -0300] "POST /cormun/servlet/trsolicitudot?8a63a57d31446661566c8511ae052777,,gx-no-cache=1457108201809 HTTP/1.1" 200 106
191.112.101.245 - - [04/Mar/2016:13:20:50 -0300] "POST /cormun/servlet/solicitudot?a0dc2b135aa472a0cb63a0826182af89,INS,0,0,,gx-no-cache=1457108474951 HTTP/1.1" 200 93
192.168.10.89 - - [04/Mar/2016:13:20:50 -0300] "GET /cormun/servlet/trsolicitudadjuntos?2016,243, HTTP/1.1" 200 7818
191.112.101.245 - - [04/Mar/2016:13:20:50 -0300] "GET /cormun/servlet/hpexe_return? HTTP/1.1" 200 1008
191.112.101.245 - - [04/Mar/2016:13:20:50 -0300] "GET /cormun/static/Resources/Spanish/PXTools.css?12112540 HTTP/1.1" 304 -
191.112.101.245 - - [04/Mar/2016:13:20:50 -0300] "GET /cormun/static/gxcfg.js?2015111312145050 HTTP/1.1" 304 -
191.112.101.245 - - [04/Mar/2016:13:20:50 -0300] "GET /cormun/static/hpexe_return.js?2015111312145056 HTTP/1.1" 304 -
191.112.101.245 - - [04/Mar/2016:13:20:50 -0300] "GET /cormun/servlet/hhome HTTP/1.1" 200 3449
192.168.10.89 - - [04/Mar/2016:13:20:50 -0300] "GET /cormun//static/Resources/PXToolsActionDisabled.gif HTTP/1.1" 200 53
191.112.101.245 - - [04/Mar/2016:13:20:51 -0300] "GET /cormun/static/Resources/Spanish/PXTools.css?10515224 HTTP/1.1" 304 -
191.112.101.245 - - [04/Mar/2016:13:20:51 -0300] "GET /cormun/static/gxcfg.js?2015112210564248 HTTP/1.1" 304 -
191.112.101.245 - - [04/Mar/2016:13:20:51 -0300] "GET /cormun/static/hhome.js?2015112210564255 HTTP/1.1" 304 -
186.78.35.158 - - [04/Mar/2016:13:20:52 -0300] "GET /cormun/servlet/solicitudot?8d12c937b02bc6582033cfd8369f6593c7b4aa6e575a03719d16e27a850183b9ae7f93b51f0f14054dcf9cacd77e289e3fc2bcea01c53e364ba26f536de4c46800e55ef39ab7b4d745b98d59841e65f5888d8ee44d479092f5cff396b06bdcb73982053307dfb0cd2cf80c854913ed122a7a0452d9f7720237d96c2041153b81dde3318841d8ac25d179c0d99070f7f1596a53f1e28d56ef1e63d271170f9938,gx-no-cache=1457108482740 HTTP/1.1" 200 29
191.112.101.245 - - [04/Mar/2016:13:20:52 -0300] "GET /cormun/servlet/hhome HTTP/1.1" 200 3443
192.168.10.89 - - [04/Mar/2016:13:20:56 -0300] "GET /cormun/PublicTempStorage/cotizaciones6001009.pdf HTTP/1.1" 200 103700
191.112.101.245 - - [04/Mar/2016:13:21:01 -0300] "GET /cormun/servlet/trsolicitudot? HTTP/1.1" 200 7455
191.112.101.245 - - [04/Mar/2016:13:21:02 -0300] "GET /cormun/static/Resources/Spanish/PXTools.css?18502099 HTTP/1.1" 304 -
191.112.101.245 - - [04/Mar/2016:13:21:02 -0300] "GET /cormun/static/gxcfg.js?201631185636 HTTP/1.1" 304 -
191.112.101.245 - - [04/Mar/2016:13:21:02 -0300] "GET /cormun/static/trsolicitudot.js?2016311856838 HTTP/1.1" 304 -
191.112.101.245 - - [04/Mar/2016:13:21:03 -0300] "GET /cormun/servlet/trsolicitudot? HTTP/1.1" 200 7455
191.112.101.245 - - [04/Mar/2016:13:21:09 -0300] "GET /cormun/servlet/vesolicitudot?2016,615,, HTTP/1.1" 200 7495
191.112.101.245 - - [04/Mar/2016:13:21:09 -0300] "GET /cormun/static/Resources/Spanish/PXTools.css?171692 HTTP/1.1" 304 -
191.112.101.245 - - [04/Mar/2016:13:21:09 -0300] "GET /cormun/static/gxcfg.js?20163117275080 HTTP/1.1" 304 -
191.112.101.245 - - [04/Mar/2016:13:21:09 -0300] "GET /cormun/pexe_scrolldiv.js HTTP/1.1" 404 1009
191.112.101.245 - - [04/Mar/2016:13:21:10 -0300] "GET /cormun/static/vesolicitudot.js?20163117275148 HTTP/1.1" 304 -
191.112.101.245 - - [04/Mar/2016:13:21:10 -0300] "GET /cormun/static/hwcviewtabs.js?20151120014372 HTTP/1.1" 304 -
191.112.101.245 - - [04/Mar/2016:13:21:10 -0300] "GET /cormun/static/hpexe_tabsview.js?20151120014350 HTTP/1.1" 304 -
191.112.101.245 - - [04/Mar/2016:13:21:10 -0300] "GET /cormun/static/tbsolicitudot01.js?20163117273399 HTTP/1.1" 304 -
192.168.10.89 - - [04/Mar/2016:13:21:10 -0300] "GET /cormun/servlet/trsolicitudadjuntos?2016,243, HTTP/1.1" 200 7818
191.112.101.245 - - [04/Mar/2016:13:21:12 -0300] "GET /cormun/servlet/vesolicitudot?2016,615,, HTTP/1.1" 200 7493
191.112.101.245 - - [04/Mar/2016:13:21:21 -0300] "GET /cormun/servlet/trsolicitudot? HTTP/1.1" 200 7455
191.112.101.245 - - [04/Mar/2016:13:21:23 -0300] "GET /cormun/servlet/trsolicitudot? HTTP/1.1" 200 7455
191.112.101.245 - - [04/Mar/2016:13:21:41 -0300] "GET /cormun/servlet/vesolicitudot?2016,615,, HTTP/1.1" 200 7495
191.112.101.245 - - [04/Mar/2016:13:21:41 -0300] "GET /cormun/pexe_scrolldiv.js HTTP/1.1" 404 1009
191.112.101.245 - - [04/Mar/2016:13:21:43 -0300] "GET /cormun/servlet/vesolicitudot?2016,615,, HTTP/1.1" 200 7493
192.168.10.89 - - [04/Mar/2016:13:21:47 -0300] "GET /cormun/PublicTempStorage/certificado_de_afiliacion3150059.pdf HTTP/1.1" 200 56790
191.112.101.245 - - [04/Mar/2016:13:21:53 -0300] "POST /cormun/servlet/vesolicitudot?a0dc2b135aa472a0cb63a0826182af89,2016,615,,,gx-no-cache=1457108538882 HTTP/1.1" 200 93
191.112.101.245 - - [04/Mar/2016:13:21:53 -0300] "GET /cormun/servlet/hpexe_return? HTTP/1.1" 200 1010
191.112.101.245 - - [04/Mar/2016:13:21:54 -0300] "GET /cormun/servlet/trsolicitudot HTTP/1.1" 200 7459
191.112.101.245 - - [04/Mar/2016:13:21:56 -0300] "GET /cormun/servlet/trsolicitudot HTTP/1.1" 200 7455
191.112.101.245 - - [04/Mar/2016:13:21:59 -0300] "POST /cormun/servlet/trsolicitudot?a0dc2b135aa472a0cb63a0826182af89,gx-no-cache=1457108544341 HTTP/1.1" 200 4868
191.112.101.245 - - [04/Mar/2016:13:21:59 -0300] "POST /cormun/servlet/trsolicitudot?a0dc2b135aa472a0cb63a0826182af89,gx-no-cache=1457108544885 HTTP/1.1" 200 4869
191.112.101.245 - - [04/Mar/2016:13:22:00 -0300] "POST /cormun/servlet/trsolicitudot?a0dc2b135aa472a0cb63a0826182af89,gx-no-cache=1457108545415 HTTP/1.1" 200 4872
191.112.101.245 - - [04/Mar/2016:13:22:00 -0300] "POST /cormun/servlet/trsolicitudot?a0dc2b135aa472a0cb63a0826182af89,gx-no-cache=1457108545956 HTTP/1.1" 200 4870
191.112.101.245 - - [04/Mar/2016:13:22:01 -0300] "POST /cormun/servlet/trsolicitudot?a0dc2b135aa472a0cb63a0826182af89,gx-no-cache=1457108546515 HTTP/1.1" 200 4871
191.112.101.245 - - [04/Mar/2016:13:22:02 -0300] "POST /cormun/servlet/trsolicitudot?a0dc2b135aa472a0cb63a0826182af89,gx-no-cache=1457108547105 HTTP/1.1" 200 4869
191.112.101.245 - - [04/Mar/2016:13:22:02 -0300] "POST /cormun/servlet/trsolicitudot?a0dc2b135aa472a0cb63a0826182af89,gx-no-cache=1457108547762 HTTP/1.1" 200 4870
191.112.101.245 - - [04/Mar/2016:13:22:03 -0300] "POST /cormun/servlet/trsolicitudot?a0dc2b135aa472a0cb63a0826182af89,gx-no-cache=1457108548361 HTTP/1.1" 200 104
191.112.101.245 - - [04/Mar/2016:13:22:03 -0300] "GET /cormun/servlet/solicitudot?UPD,2016,615, HTTP/1.1" 200 12637
191.112.101.245 - - [04/Mar/2016:13:22:06 -0300] "GET /cormun/servlet/solicitudot?UPD,2016,615, HTTP/1.1" 200 12646
191.112.101.245 - - [04/Mar/2016:13:22:06 -0300] "POST /cormun/servlet/solicitudot?gx-no-cache=1457108551798 HTTP/1.1" 200 2778
191.112.101.245 - - [04/Mar/2016:13:22:07 -0300] "POST /cormun/servlet/solicitudot?a0dc2b135aa472a0cb63a0826182af89,UPD,2016,615,,gx-no-cache=1457108552263 HTTP/1.1" 200 9016
191.112.101.245 - - [04/Mar/2016:13:22:07 -0300] "GET /cormun/servlet/solicitudot?28434770a214d012668cd9a916774d4f6b46ad858c1706c6ac1f0df3e3b7fd2bee5b19dafef0585401a08e51bc1185fb,gx-no-cache=1457108552845 HTTP/1.1" 200 30
191.112.101.245 - - [04/Mar/2016:13:22:07 -0300] "POST /cormun/servlet/solicitudot?gx-no-cache=1457108552973 HTTP/1.1" 200 30
191.112.101.245 - - [04/Mar/2016:13:22:07 -0300] "POST /cormun/servlet/solicitudot?gx-no-cache=1457108553081 HTTP/1.1" 200 33
191.112.101.245 - - [04/Mar/2016:13:22:08 -0300] "POST /cormun/servlet/solicitudot?gx-no-cache=1457108553222 HTTP/1.1" 200 1158
191.112.101.245 - - [04/Mar/2016:13:22:08 -0300] "GET /cormun/servlet/solicitudot?28434770a214d012668cd9a916774d4f97b8188b2537ff8ee2acc59de7af9118301ca0f2325e5907fdb0341db836d3e395148ab6cdfa7920f0351a039fbbcedc197b715331d90b7ebd4ca77b22d71636a6baa4185db1b199d344d2f40692989d45e9d10b0c09ddd73a11236f7d853a721411c08f69a59fa800d45d7311585ce625a8e2b8877ec41e1a121151487c321d,gx-no-cache=1457108553450 HTTP/1.1" 200 38
191.112.101.245 - - [04/Mar/2016:13:22:24 -0300] "POST /cormun/servlet/solicitudot?gx-no-cache=1457108569694 HTTP/1.1" 200 30
186.78.35.158 - - [04/Mar/2016:13:22:24 -0300] "POST /cormun/servlet/solicitudot?gx-no-cache=1457108575644 HTTP/1.1" 200 30
191.112.101.245 - - [04/Mar/2016:13:22:26 -0300] "GET /cormun/servlet/prsolicitudot?17502420,,,,,MD,,gxPopupLevel%3D0%3B HTTP/1.1" 200 5626
191.112.101.245 - - [04/Mar/2016:13:22:30 -0300] "POST /cormun/servlet/solicitudot?gx-no-cache=1457108575814 HTTP/1.1" 200 1158
191.112.101.245 - - [04/Mar/2016:13:22:30 -0300] "GET /cormun/servlet/solicitudot?28434770a214d012668cd9a916774d4f97b8188b2537ff8ee2acc59de7af9118301ca0f2325e5907fdb0341db836d3e395148ab6cdfa7920f0351a039fbbcedc197b715331d90b7ebd4ca77b22d71636a6baa4185db1b199d344d2f40692989d45e9d10b0c09ddd73a11236f7d853a721411c08f69a59fa800d45d7311585ce625a8e2b8877ec41e1a121151487c321d,gx-no-cache=1457108576040 HTTP/1.1" 200 38
191.112.101.245 - - [04/Mar/2016:13:22:30 -0300] "GET /cormun/servlet/solicitudot?28434770a214d012668cd9a916774d4fea1a02ec1cda85c5e704ca7793cdc93baae3fb3c8c09e52c0691aa60776afd037fa0b0e014006204b57a10ef1fd89a3817a5a1549694b8c95397c756444aa159f52637adb11cefab942ffe37dc9f40319db856177c532ab2f6262f6c95894bec,gx-no-cache=1457108576135 HTTP/1.1" 200 30
191.112.101.245 - - [04/Mar/2016:13:22:31 -0300] "POST /cormun/servlet/solicitudot?gx-no-cache=1457108576231 HTTP/1.1" 200 1115
