186.103.248.189 - - [04/Mar/2016:09:46:02 -0300] "POST /cormun/servlet/solicitudotadjuntos?301a0ef6794a2b126aee7d2de0c5c481,INS,2016,571,,1,,gx-no-cache=1457095590194 HTTP/1.1" 200 3322
191.112.104.108 - - [04/Mar/2016:09:46:04 -0300] "GET /cormun/servlet/solicitudot?b45c46adfaf7115fee39215409dfa1a6ab430fad0666c68f404b93ea8189bd2877aa2280849861f08235227af5f228c8,gx-no-cache=1457095588203 HTTP/1.1" 200 30
186.103.159.44 - - [04/Mar/2016:09:46:06 -0300] "GET /cormun/servlet/trsolicitudot? HTTP/1.1" 200 6175
186.78.61.61 - - [04/Mar/2016:09:46:10 -0300] "GET /cormun/servlet/trautorizarsolicitud? HTTP/1.1" 200 6201
186.103.159.44 - - [04/Mar/2016:09:46:10 -0300] "GET /cormun/servlet/solicitudot?INS,0,0, HTTP/1.1" 200 11424
186.78.61.61 - - [04/Mar/2016:09:46:19 -0300] "GET /cormun/servlet/trvisualizadoreventos? HTTP/1.1" 200 5974
186.78.61.61 - - [04/Mar/2016:09:46:19 -0300] "GET /cormun/static/gxcfg.js?2016251828014 HTTP/1.1" 304 -
186.78.61.61 - - [04/Mar/2016:09:46:19 -0300] "GET /cormun/static/trvisualizadoreventos.js?2016251828276 HTTP/1.1" 304 -
186.103.248.189 - - [04/Mar/2016:09:46:27 -0300] "POST /cormun/servlet/solicitudotadjuntos?gx-no-cache=1457095615100 HTTP/1.1" 200 26
186.78.61.61 - - [04/Mar/2016:09:46:34 -0300] "GET /cormun/servlet/trsolicitudot? HTTP/1.1" 200 6255
186.103.159.44 - - [04/Mar/2016:09:46:37 -0300] "POST /cormun/servlet/solicitudot?gx-no-cache=1457095603788 HTTP/1.1" 200 2785
186.103.159.44 - - [04/Mar/2016:09:46:38 -0300] "POST /cormun/servlet/solicitudot?7a067c42d78a90d22e66ca5a11c77c27,INS,0,0,,gx-no-cache=1457095604892 HTTP/1.1" 200 8408
186.103.159.44 - - [04/Mar/2016:09:46:44 -0300] "GET /cormun/servlet/solicitudot?fa05f6754cb1eb65350a26ae55bd43d8d0f15c9dc151c74a882f0349e7476be5e2f2b0c63c554d1475976972f8549d68,gx-no-cache=1457095610945 HTTP/1.1" 200 30
186.103.159.44 - - [04/Mar/2016:09:46:44 -0300] "POST /cormun/servlet/solicitudot?gx-no-cache=1457095611010 HTTP/1.1" 200 30
186.103.248.189 - - [04/Mar/2016:09:46:44 -0300] "GET /cormun/servlet/solicitudotadjuntos?9bb05a1f2c201dd99fd75e26f666897801dab4bb1dbf9dcae35ae2c4a2872cd3,gx-no-cache=1457095632608 HTTP/1.1" 200 30
186.103.248.189 - - [04/Mar/2016:09:46:44 -0300] "GET /cormun/servlet/solicitudotadjuntos?9bb05a1f2c201dd99fd75e26f666897801dab4bb1dbf9dcae35ae2c4a2872cd3,gx-no-cache=1457095632665 HTTP/1.1" 200 30
186.78.61.61 - - [04/Mar/2016:09:46:46 -0300] "GET /cormun/servlet/solicitudot?INS,0,0, HTTP/1.1" 200 11470
186.103.248.189 - - [04/Mar/2016:09:46:49 -0300] "POST /cormun/servlet/solicitudotadjuntos?301a0ef6794a2b126aee7d2de0c5c481,INS,2016,571,,1, HTTP/1.1" 200 116
186.103.248.189 - - [04/Mar/2016:09:46:49 -0300] "GET /cormun/servlet/hpexe_return? HTTP/1.1" 200 1026
186.103.248.189 - - [04/Mar/2016:09:46:49 -0300] "GET /cormun/servlet/trsolicitudadjuntos?2016,571, HTTP/1.1" 200 7436
186.103.248.189 - - [04/Mar/2016:09:46:50 -0300] "GET /cormun/servlet/trsolicitudadjuntos?2016,571, HTTP/1.1" 200 7432
186.78.61.61 - - [04/Mar/2016:09:46:54 -0300] "POST /cormun/servlet/solicitudot?gx-no-cache=1457095639551 HTTP/1.1" 200 2668
186.78.61.61 - - [04/Mar/2016:09:46:54 -0300] "POST /cormun/servlet/solicitudot?4f3f4cffd7af97f0b2fb580362f65197,INS,0,0,,gx-no-cache=1457095640792 HTTP/1.1" 200 8290
186.78.61.61 - - [04/Mar/2016:09:46:55 -0300] "GET /cormun/servlet/solicitudot?e08f7129f59525d8c7c5002322002e0c979393966b08ffe141dcc3a7ff4338eb,gx-no-cache=1457095641181 HTTP/1.1" 200 111
186.78.61.61 - - [04/Mar/2016:09:46:55 -0300] "POST /cormun/servlet/solicitudot?gx-no-cache=1457095641761 HTTP/1.1" 200 120
186.103.248.189 - - [04/Mar/2016:09:46:55 -0300] "GET /cormun/servlet/solicitudotadjuntos?INS,2016,571,,1, HTTP/1.1" 200 5474
186.78.61.61 - - [04/Mar/2016:09:46:56 -0300] "POST /cormun/servlet/solicitudot?gx-no-cache=1457095642185 HTTP/1.1" 200 33
186.103.248.189 - - [04/Mar/2016:09:46:56 -0300] "GET /cormun/static/about:blank HTTP/1.1" 404 1011
186.78.61.61 - - [04/Mar/2016:09:46:56 -0300] "POST /cormun/servlet/solicitudot?gx-no-cache=1457095642287 HTTP/1.1" 200 452
186.78.61.61 - - [04/Mar/2016:09:46:56 -0300] "GET /cormun/servlet/solicitudot?e08f7129f59525d8c7c5002322002e0cf8f8a979cee9ab5df34ab0657c46c23c207b41f6894bdd6be440cc9c70bbdc4ccbcb2b2e51da9c0012a4f11f99096293936b37a3dff3925ba869c2b5a453b8d577e27f58c3e3a5ccbcac6c374915f1095dea5d1e6907206167c1ad43fb5915e6c26aa3d52306da711676053deea39948ac822fc324b4566d089212d8e68c2065,gx-no-cache=1457095642790 HTTP/1.1" 200 38
186.103.248.189 - - [04/Mar/2016:09:46:56 -0300] "GET /cormun/servlet/solicitudotadjuntos?INS,2016,571,,1, HTTP/1.1" 200 5468
186.78.61.61 - - [04/Mar/2016:09:46:57 -0300] "GET /cormun/static/Shared/jqueryui/images/ui-icons_82798d_256x240.png HTTP/1.1" 404 1089
186.78.61.61 - - [04/Mar/2016:09:46:57 -0300] "GET /cormun/static/Shared/jqueryui/images/ui-bg_highlight-soft_100_c6c2c8_1x100.png HTTP/1.1" 404 1117
186.78.61.61 - - [04/Mar/2016:09:46:57 -0300] "GET /cormun/static/Shared/jqueryui/images/ui-icons_ebccce_256x240.png HTTP/1.1" 404 1089
186.78.61.61 - - [04/Mar/2016:09:46:57 -0300] "GET /cormun/static/Shared/jqueryui/images/ui-bg_flat_55_994d53_40x100.png HTTP/1.1" 404 1097
186.103.248.189 - - [04/Mar/2016:09:46:57 -0300] "GET /cormun/servlet/solicitudotadjuntos?9bb05a1f2c201dd99fd75e26f666897851fe74f823485b96ed0180d3a9a04a173fc093a32984f58de8e412e9cf94fe6a,gx-no-cache=1457095645491 HTTP/1.1" 200 30
186.103.248.189 - - [04/Mar/2016:09:46:57 -0300] "POST /cormun/servlet/solicitudotadjuntos?301a0ef6794a2b126aee7d2de0c5c481,INS,2016,571,,1,,gx-no-cache=1457095645592 HTTP/1.1" 200 3323
186.103.159.44 - - [04/Mar/2016:09:47:00 -0300] "POST /cormun/servlet/solicitudot?gx-no-cache=1457095627476 HTTP/1.1" 200 122
186.103.159.44 - - [04/Mar/2016:09:47:00 -0300] "GET /cormun/static/Shared/jqueryui/images/ui-bg_highlight-soft_100_c6c2c8_1x100.png HTTP/1.1" 404 1117
186.103.159.44 - - [04/Mar/2016:09:47:00 -0300] "GET /cormun/static/Shared/jqueryui/images/ui-icons_82798d_256x240.png HTTP/1.1" 404 1089
186.103.159.44 - - [04/Mar/2016:09:47:00 -0300] "GET /cormun/static/Shared/jqueryui/images/ui-bg_flat_55_fafafa_40x100.png HTTP/1.1" 404 1097
186.103.159.44 - - [04/Mar/2016:09:47:00 -0300] "GET /cormun/static/Shared/jqueryui/images/ui-icons_8d78a5_256x240.png HTTP/1.1" 404 1089
186.103.248.189 - - [04/Mar/2016:09:47:01 -0300] "POST /cormun/servlet/solicitudotadjuntos?gx-no-cache=1457095649358 HTTP/1.1" 200 26
186.103.248.189 - - [04/Mar/2016:09:47:08 -0300] "GET /cormun/servlet/solicitudotadjuntos?9bb05a1f2c201dd99fd75e26f666897801dab4bb1dbf9dcae35ae2c4a2872cd3,gx-no-cache=1457095656419 HTTP/1.1" 200 30
186.103.248.189 - - [04/Mar/2016:09:47:08 -0300] "GET /cormun/servlet/solicitudotadjuntos?9bb05a1f2c201dd99fd75e26f666897801dab4bb1dbf9dcae35ae2c4a2872cd3,gx-no-cache=1457095656528 HTTP/1.1" 200 30
186.103.248.189 - - [04/Mar/2016:09:47:12 -0300] "POST /cormun/servlet/solicitudotadjuntos?301a0ef6794a2b126aee7d2de0c5c481,INS,2016,571,,1, HTTP/1.1" 200 116
186.103.248.189 - - [04/Mar/2016:09:47:13 -0300] "GET /cormun/servlet/hpexe_return? HTTP/1.1" 200 1026
186.103.248.189 - - [04/Mar/2016:09:47:13 -0300] "GET /cormun/servlet/trsolicitudadjuntos?2016,571, HTTP/1.1" 200 7590
186.103.248.189 - - [04/Mar/2016:09:47:14 -0300] "GET /cormun/servlet/trsolicitudadjuntos?2016,571, HTTP/1.1" 200 7587
186.103.248.189 - - [04/Mar/2016:09:47:17 -0300] "GET /cormun/servlet/solicitudotadjuntos?INS,2016,571,,1, HTTP/1.1" 200 5474
186.103.248.189 - - [04/Mar/2016:09:47:17 -0300] "GET /cormun/static/about:blank HTTP/1.1" 404 1011
186.103.248.189 - - [04/Mar/2016:09:47:18 -0300] "GET /cormun/servlet/solicitudotadjuntos?INS,2016,571,,1, HTTP/1.1" 200 5468
186.103.248.189 - - [04/Mar/2016:09:47:18 -0300] "GET /cormun/servlet/solicitudotadjuntos?9bb05a1f2c201dd99fd75e26f666897851fe74f823485b96ed0180d3a9a04a173fc093a32984f58de8e412e9cf94fe6a,gx-no-cache=1457095666888 HTTP/1.1" 200 30
186.103.248.189 - - [04/Mar/2016:09:47:19 -0300] "POST /cormun/servlet/solicitudotadjuntos?301a0ef6794a2b126aee7d2de0c5c481,INS,2016,571,,1,,gx-no-cache=1457095666982 HTTP/1.1" 200 3323
186.103.248.189 - - [04/Mar/2016:09:47:27 -0300] "POST /cormun/servlet/solicitudotadjuntos?gx-no-cache=1457095675307 HTTP/1.1" 200 26
186.103.248.189 - - [04/Mar/2016:09:47:29 -0300] "GET /cormun/servlet/solicitudotadjuntos?9bb05a1f2c201dd99fd75e26f666897801dab4bb1dbf9dcae35ae2c4a2872cd3,gx-no-cache=1457095677498 HTTP/1.1" 200 30
186.103.248.189 - - [04/Mar/2016:09:47:29 -0300] "GET /cormun/servlet/solicitudotadjuntos?9bb05a1f2c201dd99fd75e26f666897801dab4bb1dbf9dcae35ae2c4a2872cd3,gx-no-cache=1457095677568 HTTP/1.1" 200 30
186.103.248.189 - - [04/Mar/2016:09:47:29 -0300] "POST /cormun/servlet/solicitudotadjuntos?301a0ef6794a2b126aee7d2de0c5c481,INS,2016,571,,1,,gx-no-cache=1457095677632 HTTP/1.1" 200 93
186.103.248.189 - - [04/Mar/2016:09:47:29 -0300] "GET /cormun/servlet/hpexe_return? HTTP/1.1" 200 1026
186.103.248.189 - - [04/Mar/2016:09:47:30 -0300] "GET /cormun/servlet/trsolicitudadjuntos?2016,571, HTTP/1.1" 200 7652
186.103.248.189 - - [04/Mar/2016:09:47:30 -0300] "GET /cormun/servlet/trsolicitudadjuntos?2016,571, HTTP/1.1" 200 7652
186.103.248.189 - - [04/Mar/2016:09:47:40 -0300] "GET /cormun/servlet/solicitudotadjuntos?DLT,2016,571,CERTIF4,0, HTTP/1.1" 200 5375
186.103.248.189 - - [04/Mar/2016:09:47:40 -0300] "GET /cormun/static/about:blank HTTP/1.1" 404 1011
186.103.248.189 - - [04/Mar/2016:09:47:40 -0300] "GET /cormun/static/Shared/jqueryui/images/ui-bg_highlight-soft_100_c6c2c8_1x100.png HTTP/1.1" 404 1117
186.103.248.189 - - [04/Mar/2016:09:47:40 -0300] "GET /cormun/static/Shared/jqueryui/images/ui-icons_82798d_256x240.png HTTP/1.1" 404 1089
186.103.248.189 - - [04/Mar/2016:09:47:40 -0300] "GET /cormun/static/Shared/jqueryui/images/ui-icons_8d78a5_256x240.png HTTP/1.1" 404 1089
186.103.248.189 - - [04/Mar/2016:09:47:40 -0300] "GET /cormun/static/Shared/jqueryui/images/ui-bg_flat_55_fafafa_40x100.png HTTP/1.1" 404 1097
186.103.248.189 - - [04/Mar/2016:09:47:40 -0300] "GET /cormun/servlet/solicitudotadjuntos?DLT,2016,571,CERTIF4,0, HTTP/1.1" 200 5369
186.103.248.189 - - [04/Mar/2016:09:47:46 -0300] "POST /cormun/servlet/solicitudotadjuntos?301a0ef6794a2b126aee7d2de0c5c481,DLT,2016,571,CERTIF4,0,,gx-no-cache=1457095694411 HTTP/1.1" 200 93
186.103.248.189 - - [04/Mar/2016:09:47:46 -0300] "GET /cormun/servlet/hpexe_return? HTTP/1.1" 200 1032
186.103.248.189 - - [04/Mar/2016:09:47:46 -0300] "GET /cormun/servlet/trsolicitudadjuntos?2016,571, HTTP/1.1" 200 7653
186.103.248.189 - - [04/Mar/2016:09:47:47 -0300] "GET /cormun/servlet/trsolicitudadjuntos?2016,571, HTTP/1.1" 200 7652
191.112.104.108 - - [04/Mar/2016:09:47:50 -0300] "POST /cormun/servlet/solicitudot?gx-no-cache=1457095694356 HTTP/1.1" 200 120
191.112.104.108 - - [04/Mar/2016:09:47:50 -0300] "POST /cormun/servlet/solicitudot?gx-no-cache=1457095694615 HTTP/1.1" 200 33
191.112.104.108 - - [04/Mar/2016:09:47:50 -0300] "POST /cormun/servlet/solicitudot?gx-no-cache=1457095694819 HTTP/1.1" 200 452
191.112.104.108 - - [04/Mar/2016:09:47:51 -0300] "GET /cormun/servlet/solicitudot?b45c46adfaf7115fee39215409dfa1a6969043cf3fc29cc56d6f2366aa991322531ed909a9a7e0d64ab6209c9e0899c1eb4602436abc66f7cebaf7577078ef1614fd3f42511980155bf954f55fecf196a633124049a022f857a8d62615d8a5bbdbf6b939cd3a025b77074de1cd578e0efa47e5bf234c9af1fd38bb3c3f658525831a6e647362b6e91f15dd0c85a8d0ed,gx-no-cache=1457095695038 HTTP/1.1" 200 38
186.103.248.189 - - [04/Mar/2016:09:47:54 -0300] "GET /cormun/servlet/solicitudotadjuntos?DLT,2016,571,CERTIF4,0, HTTP/1.1" 200 5375
186.103.248.189 - - [04/Mar/2016:09:47:54 -0300] "GET /cormun/static/about:blank HTTP/1.1" 404 1011
186.103.248.189 - - [04/Mar/2016:09:47:54 -0300] "GET /cormun/servlet/solicitudotadjuntos?DLT,2016,571,CERTIF4,0, HTTP/1.1" 200 5369
186.103.248.189 - - [04/Mar/2016:09:47:57 -0300] "POST /cormun/servlet/solicitudotadjuntos?301a0ef6794a2b126aee7d2de0c5c481,DLT,2016,571,CERTIF4,0,,gx-no-cache=1457095704903 HTTP/1.1" 200 93
186.103.248.189 - - [04/Mar/2016:09:47:57 -0300] "GET /cormun/servlet/hpexe_return? HTTP/1.1" 200 1032
186.103.248.189 - - [04/Mar/2016:09:47:57 -0300] "GET /cormun/servlet/trsolicitudadjuntos?2016,571, HTTP/1.1" 200 7591
186.103.248.189 - - [04/Mar/2016:09:47:58 -0300] "GET /cormun/servlet/trsolicitudadjuntos?2016,571, HTTP/1.1" 200 7585
186.103.248.189 - - [04/Mar/2016:09:48:00 -0300] "GET /cormun/servlet/solicitudotadjuntos?INS,2016,571,,1, HTTP/1.1" 200 5474
186.103.248.189 - - [04/Mar/2016:09:48:00 -0300] "GET /cormun/static/about:blank HTTP/1.1" 404 1011
186.103.248.189 - - [04/Mar/2016:09:48:01 -0300] "GET /cormun/servlet/solicitudotadjuntos?INS,2016,571,,1, HTTP/1.1" 200 5468
186.103.248.189 - - [04/Mar/2016:09:48:01 -0300] "GET /cormun/servlet/solicitudotadjuntos?9bb05a1f2c201dd99fd75e26f666897851fe74f823485b96ed0180d3a9a04a173fc093a32984f58de8e412e9cf94fe6a,gx-no-cache=1457095709908 HTTP/1.1" 200 30
186.103.248.189 - - [04/Mar/2016:09:48:02 -0300] "POST /cormun/servlet/solicitudotadjuntos?301a0ef6794a2b126aee7d2de0c5c481,INS,2016,571,,1,,gx-no-cache=1457095710066 HTTP/1.1" 200 3323
186.103.248.189 - - [04/Mar/2016:09:48:05 -0300] "POST /cormun/servlet/solicitudotadjuntos?gx-no-cache=1457095713524 HTTP/1.1" 200 26
186.103.248.189 - - [04/Mar/2016:09:48:16 -0300] "GET /cormun/servlet/solicitudotadjuntos?9bb05a1f2c201dd99fd75e26f666897801dab4bb1dbf9dcae35ae2c4a2872cd3,gx-no-cache=1457095724475 HTTP/1.1" 200 30
186.103.248.189 - - [04/Mar/2016:09:48:16 -0300] "GET /cormun/servlet/solicitudotadjuntos?9bb05a1f2c201dd99fd75e26f666897801dab4bb1dbf9dcae35ae2c4a2872cd3,gx-no-cache=1457095724535 HTTP/1.1" 200 30
186.103.248.189 - - [04/Mar/2016:09:48:24 -0300] "POST /cormun/servlet/solicitudotadjuntos?301a0ef6794a2b126aee7d2de0c5c481,INS,2016,571,,1, HTTP/1.1" 200 116
186.103.248.189 - - [04/Mar/2016:09:48:24 -0300] "GET /cormun/servlet/hpexe_return? HTTP/1.1" 200 1026
186.103.248.189 - - [04/Mar/2016:09:48:25 -0300] "GET /cormun/servlet/trsolicitudadjuntos?2016,571, HTTP/1.1" 200 7710
186.103.248.189 - - [04/Mar/2016:09:48:26 -0300] "GET /cormun/servlet/trsolicitudadjuntos?2016,571, HTTP/1.1" 200 7709
186.103.248.189 - - [04/Mar/2016:09:48:31 -0300] "GET /cormun/servlet/solicitudotadjuntos?INS,2016,571,,1, HTTP/1.1" 200 5474
186.103.248.189 - - [04/Mar/2016:09:48:31 -0300] "GET /cormun/static/about:blank HTTP/1.1" 404 1011
186.103.248.189 - - [04/Mar/2016:09:48:31 -0300] "GET /cormun/servlet/solicitudotadjuntos?INS,2016,571,,1, HTTP/1.1" 200 5468
186.103.248.189 - - [04/Mar/2016:09:48:32 -0300] "GET /cormun/servlet/solicitudotadjuntos?9bb05a1f2c201dd99fd75e26f666897851fe74f823485b96ed0180d3a9a04a173fc093a32984f58de8e412e9cf94fe6a,gx-no-cache=1457095740387 HTTP/1.1" 200 30
186.103.248.189 - - [04/Mar/2016:09:48:32 -0300] "POST /cormun/servlet/solicitudotadjuntos?301a0ef6794a2b126aee7d2de0c5c481,INS,2016,571,,1,,gx-no-cache=1457095740490 HTTP/1.1" 200 3323
186.103.248.189 - - [04/Mar/2016:09:48:36 -0300] "POST /cormun/servlet/solicitudotadjuntos?gx-no-cache=1457095744850 HTTP/1.1" 200 26
186.103.248.189 - - [04/Mar/2016:09:48:44 -0300] "GET /cormun/servlet/solicitudotadjuntos?9bb05a1f2c201dd99fd75e26f666897801dab4bb1dbf9dcae35ae2c4a2872cd3,gx-no-cache=1457095752379 HTTP/1.1" 200 30
186.103.248.189 - - [04/Mar/2016:09:48:44 -0300] "GET /cormun/servlet/solicitudotadjuntos?9bb05a1f2c201dd99fd75e26f666897801dab4bb1dbf9dcae35ae2c4a2872cd3,gx-no-cache=1457095752442 HTTP/1.1" 200 30
186.103.248.189 - - [04/Mar/2016:09:48:52 -0300] "POST /cormun/servlet/solicitudotadjuntos?301a0ef6794a2b126aee7d2de0c5c481,INS,2016,571,,1, HTTP/1.1" 200 116
186.103.248.189 - - [04/Mar/2016:09:48:52 -0300] "GET /cormun/servlet/hpexe_return? HTTP/1.1" 200 1026
186.103.248.189 - - [04/Mar/2016:09:48:52 -0300] "GET /cormun/servlet/trsolicitudadjuntos?2016,571, HTTP/1.1" 200 7844
186.103.248.189 - - [04/Mar/2016:09:48:53 -0300] "GET /cormun/servlet/trsolicitudadjuntos?2016,571, HTTP/1.1" 200 7840
186.103.248.189 - - [04/Mar/2016:09:48:58 -0300] "GET /cormun/servlet/solicitudotadjuntos?INS,2016,571,,1, HTTP/1.1" 200 5474
186.103.248.189 - - [04/Mar/2016:09:48:58 -0300] "GET /cormun/static/about:blank HTTP/1.1" 404 1011
186.103.248.189 - - [04/Mar/2016:09:48:59 -0300] "GET /cormun/servlet/solicitudotadjuntos?INS,2016,571,,1, HTTP/1.1" 200 5468
186.103.248.189 - - [04/Mar/2016:09:48:59 -0300] "GET /cormun/servlet/solicitudotadjuntos?9bb05a1f2c201dd99fd75e26f666897851fe74f823485b96ed0180d3a9a04a173fc093a32984f58de8e412e9cf94fe6a,gx-no-cache=1457095767627 HTTP/1.1" 200 30
186.103.248.189 - - [04/Mar/2016:09:48:59 -0300] "POST /cormun/servlet/solicitudotadjuntos?301a0ef6794a2b126aee7d2de0c5c481,INS,2016,571,,1,,gx-no-cache=1457095767755 HTTP/1.1" 200 3323
186.103.248.189 - - [04/Mar/2016:09:49:04 -0300] "POST /cormun/servlet/solicitudotadjuntos?gx-no-cache=1457095772804 HTTP/1.1" 200 26
186.103.248.189 - - [04/Mar/2016:09:49:13 -0300] "GET /cormun/servlet/solicitudotadjuntos?9bb05a1f2c201dd99fd75e26f666897801dab4bb1dbf9dcae35ae2c4a2872cd3,gx-no-cache=1457095781317 HTTP/1.1" 200 30
186.103.248.189 - - [04/Mar/2016:09:49:13 -0300] "GET /cormun/servlet/solicitudotadjuntos?9bb05a1f2c201dd99fd75e26f666897801dab4bb1dbf9dcae35ae2c4a2872cd3,gx-no-cache=1457095781402 HTTP/1.1" 200 30
186.103.248.189 - - [04/Mar/2016:09:49:18 -0300] "POST /cormun/servlet/solicitudotadjuntos?301a0ef6794a2b126aee7d2de0c5c481,INS,2016,571,,1, HTTP/1.1" 200 116
186.103.248.189 - - [04/Mar/2016:09:49:18 -0300] "GET /cormun/servlet/hpexe_return? HTTP/1.1" 200 1026
186.103.248.189 - - [04/Mar/2016:09:49:18 -0300] "GET /cormun/servlet/trsolicitudadjuntos?2016,571, HTTP/1.1" 200 7956
186.103.248.189 - - [04/Mar/2016:09:49:20 -0300] "GET /cormun/servlet/trsolicitudadjuntos?2016,571, HTTP/1.1" 200 7956
191.112.104.108 - - [04/Mar/2016:09:49:26 -0300] "POST /cormun/servlet/solicitudot?gx-no-cache=1457095789442 HTTP/1.1" 200 30
186.103.248.189 - - [04/Mar/2016:09:49:34 -0300] "POST /cormun/servlet/trsolicitudadjuntos?301a0ef6794a2b126aee7d2de0c5c481,2016,571,,gx-no-cache=1457095802381 HTTP/1.1" 200 90
186.103.248.189 - - [04/Mar/2016:09:49:34 -0300] "GET /cormun/servlet/hpexe_link HTTP/1.1" 200 989
186.103.248.189 - - [04/Mar/2016:09:49:34 -0300] "GET /cormun/servlet/trsolicitudot?gx-no-cache=1457095543838 HTTP/1.1" 200 7543
186.103.248.189 - - [04/Mar/2016:09:49:35 -0300] "GET /cormun/servlet/trsolicitudot?gx-no-cache=1457095543838 HTTP/1.1" 200 7564
191.112.104.108 - - [04/Mar/2016:09:49:46 -0300] "POST /cormun/servlet/solicitudot?gx-no-cache=1457095810540 HTTP/1.1" 200 30
186.103.248.189 - - [04/Mar/2016:09:49:53 -0300] "POST /cormun/servlet/trsolicitudot?301a0ef6794a2b126aee7d2de0c5c481,gx-no-cache=1457095543838,gx-no-cache=1457095821713 HTTP/1.1" 200 4947
186.103.248.189 - - [04/Mar/2016:09:49:54 -0300] "POST /cormun/servlet/trsolicitudot?301a0ef6794a2b126aee7d2de0c5c481,gx-no-cache=1457095543838,gx-no-cache=1457095822089 HTTP/1.1" 200 4947
186.103.248.189 - - [04/Mar/2016:09:49:54 -0300] "POST /cormun/servlet/trsolicitudot?301a0ef6794a2b126aee7d2de0c5c481,gx-no-cache=1457095543838,gx-no-cache=1457095822485 HTTP/1.1" 200 4947
186.103.248.189 - - [04/Mar/2016:09:49:55 -0300] "POST /cormun/servlet/trsolicitudot?301a0ef6794a2b126aee7d2de0c5c481,gx-no-cache=1457095543838,gx-no-cache=1457095822837 HTTP/1.1" 200 4947
186.103.248.189 - - [04/Mar/2016:09:49:55 -0300] "POST /cormun/servlet/trsolicitudot?301a0ef6794a2b126aee7d2de0c5c481,gx-no-cache=1457095543838,gx-no-cache=1457095823198 HTTP/1.1" 200 4947
186.103.248.189 - - [04/Mar/2016:09:49:55 -0300] "POST /cormun/servlet/trsolicitudot?301a0ef6794a2b126aee7d2de0c5c481,gx-no-cache=1457095543838,gx-no-cache=1457095823558 HTTP/1.1" 200 4947
186.103.248.189 - - [04/Mar/2016:09:49:56 -0300] "POST /cormun/servlet/trsolicitudot?301a0ef6794a2b126aee7d2de0c5c481,gx-no-cache=1457095543838,gx-no-cache=1457095823946 HTTP/1.1" 200 4947
186.103.248.189 - - [04/Mar/2016:09:49:56 -0300] "POST /cormun/servlet/trsolicitudot?301a0ef6794a2b126aee7d2de0c5c481,gx-no-cache=1457095543838,gx-no-cache=1457095824354 HTTP/1.1" 200 3653
186.103.248.189 - - [04/Mar/2016:09:49:56 -0300] "GET /cormun/static/Shared/jqueryui/images/ui-bg_highlight-soft_100_c6c2c8_1x100.png HTTP/1.1" 404 1117
186.103.248.189 - - [04/Mar/2016:09:49:56 -0300] "GET /cormun/static/Shared/jqueryui/images/ui-icons_82798d_256x240.png HTTP/1.1" 404 1089
186.103.248.189 - - [04/Mar/2016:09:49:56 -0300] "GET /cormun/static/Shared/jqueryui/images/ui-bg_flat_55_fafafa_40x100.png HTTP/1.1" 404 1097
186.103.248.189 - - [04/Mar/2016:09:49:56 -0300] "GET /cormun/static/Shared/jqueryui/images/ui-icons_8d78a5_256x240.png HTTP/1.1" 404 1089
186.103.248.189 - - [04/Mar/2016:09:49:56 -0300] "POST /cormun/servlet/trsolicitudot?301a0ef6794a2b126aee7d2de0c5c481,gx-no-cache=1457095543838,gx-no-cache=1457095824819 HTTP/1.1" 200 3461
191.112.104.108 - - [04/Mar/2016:09:49:58 -0300] "POST /cormun/servlet/solicitudot?gx-no-cache=1457095822024 HTTP/1.1" 200 452
191.112.104.108 - - [04/Mar/2016:09:49:58 -0300] "GET /cormun/servlet/solicitudot?b45c46adfaf7115fee39215409dfa1a6969043cf3fc29cc56d6f2366aa991322531ed909a9a7e0d64ab6209c9e0899c1eb4602436abc66f7cebaf7577078ef1614fd3f42511980155bf954f55fecf196a633124049a022f857a8d62615d8a5bbdbf6b939cd3a025b77074de1cd578e0efa47e5bf234c9af1fd38bb3c3f658525831a6e647362b6e91f15dd0c85a8d0ed,gx-no-cache=1457095822463 HTTP/1.1" 200 38
191.112.104.108 - - [04/Mar/2016:09:50:20 -0300] "GET /cormun/servlet/solicitudot?b45c46adfaf7115fee39215409dfa1a6b01cbb3cb85588d14ea12be7a33c73ac32a0a9792d14f742c868ff8fd509cb1afbd913a12b196c06fd2800638197d1e27288ed8b5321d39d5c5311703f204b00614f03f35d5665169b7b68f139ba3b335fcf81d44f9352068bf75e016a6c80a5,gx-no-cache=1457095844414 HTTP/1.1" 200 29
191.112.104.108 - - [04/Mar/2016:09:50:23 -0300] "POST /cormun/servlet/solicitudot?gx-no-cache=1457095846805 HTTP/1.1" 200 1116
186.103.159.44 - - [04/Mar/2016:09:50:24 -0300] "POST /cormun/servlet/solicitudot?gx-no-cache=1457095831389 HTTP/1.1" 200 1156
186.103.159.44 - - [04/Mar/2016:09:50:24 -0300] "GET /cormun/static/menuarrow.gif HTTP/1.1" 404 1015
186.103.248.189 - - [04/Mar/2016:09:50:25 -0300] "GET /cormun/servlet/hlogin HTTP/1.1" 200 1759
186.103.159.44 - - [04/Mar/2016:09:50:28 -0300] "GET /cormun/servlet/solicitudot?fa05f6754cb1eb65350a26ae55bd43d8cd60b0e0b74dacf3ae745209ed55babe4ab1e18de601e8991274f695c273db692aae52e53f54c3fd61e9cd3a27d385df5ae83205c09c66a8a7b3643248ea784a422375ec4d61d95b7167c6ac890063c73b4b92325e777c1f75a7bc1d159ca27751fd77e0c7dd5ae4a5d04ec62c3da4ad311a938d16e9fa24e61c33da34b188b57513f5cbefc6d9947c8e999dbb01e16c,gx-no-cache=1457095835727 HTTP/1.1" 200 38
186.103.248.189 - - [04/Mar/2016:09:50:43 -0300] "POST /cormun/servlet/hlogin?301a0ef6794a2b126aee7d2de0c5c481,gx-no-cache=1457095871207 HTTP/1.1" 200 90
186.103.248.189 - - [04/Mar/2016:09:50:43 -0300] "GET /cormun/servlet/hpexe_link HTTP/1.1" 200 951
186.103.248.189 - - [04/Mar/2016:09:50:43 -0300] "GET /cormun/servlet/hhome HTTP/1.1" 200 3449
186.103.248.189 - - [04/Mar/2016:09:50:44 -0300] "GET /cormun/servlet/hhome HTTP/1.1" 200 3447
186.103.159.44 - - [04/Mar/2016:09:50:45 -0300] "GET /cormun/servlet/solicitudot?fa05f6754cb1eb65350a26ae55bd43d8e6da0753358db40c1fcf76406d93f02b593c872285ef5d244a5122e0414045fed7f79ddaa7af1e65035e91fd08869ff44455d58d7a51becb4ce751b4cc2ecd5ea27053667470d84fe860c3fa590322e7adb59ea09327969a4bcfb56d54e3f604c0ee336bb2e31444a7c01505968e82e694a0d99da4429f2b1a54c55f3de09090e9eedf42db5d4e158d2b2fc7f0150e18,gx-no-cache=1457095852025 HTTP/1.1" 200 29
186.103.159.44 - - [04/Mar/2016:09:50:45 -0300] "POST /cormun/servlet/solicitudot?gx-no-cache=1457095852105 HTTP/1.1" 200 1116
186.103.248.189 - - [04/Mar/2016:09:50:47 -0300] "GET /cormun/servlet/trautorizarsolicitud? HTTP/1.1" 200 7497
186.103.248.189 - - [04/Mar/2016:09:50:48 -0300] "GET /cormun/static/gxcfg.js?20163219504791 HTTP/1.1" 200 953
186.103.248.189 - - [04/Mar/2016:09:50:48 -0300] "GET /cormun/static/trautorizarsolicitud.js?20163219505323 HTTP/1.1" 200 45302
186.103.248.189 - - [04/Mar/2016:09:50:48 -0300] "GET /cormun/static/Resources/Spanish/PXTools.css?19444614 HTTP/1.1" 200 89042
186.103.248.189 - - [04/Mar/2016:09:50:49 -0300] "GET /cormun/servlet/trautorizarsolicitud? HTTP/1.1" 200 7496
186.103.159.44 - - [04/Mar/2016:09:50:59 -0300] "GET /cormun/servlet/solicitudot?fa05f6754cb1eb65350a26ae55bd43d8b9b804f6ae59060849964d05dfd24fef9b8fb5c3d91fc35368542cbb61d200608e8abc1526a088f003215e558f9fcbee9db0b90b6d9392f86743b1f810e1e38f6d029906779800c600f42c311c17b2d2ab209f58cbe3451c88ec81aa53c85eddcecb4d4c8fd2195cd6d9491eadc1caadf501b5972990707ecc8911dff14f5184c9587414c898df4dad6453b84e108ef08715c5fa6baca73c53f9a5cadde2d12723655acb71a2258611379df2824a955a,gx-no-cache=1457095866779 HTTP/1.1" 200 30
186.103.248.189 - - [04/Mar/2016:09:51:07 -0300] "GET /cormun/servlet/veautorizarsolicitud?2016,571,, HTTP/1.1" 200 7564
186.103.248.189 - - [04/Mar/2016:09:51:07 -0300] "GET /cormun/static/gxcfg.js?20163117315759 HTTP/1.1" 200 953
186.103.248.189 - - [04/Mar/2016:09:51:07 -0300] "GET /cormun/pexe_scrolldiv.js HTTP/1.1" 404 1009
186.103.248.189 - - [04/Mar/2016:09:51:07 -0300] "GET /cormun/static/veautorizarsolicitud.js?20163117315822 HTTP/1.1" 200 6140
186.103.248.189 - - [04/Mar/2016:09:51:07 -0300] "GET /cormun/static/hwcviewtabs.js?20151120014372 HTTP/1.1" 200 1074
186.103.248.189 - - [04/Mar/2016:09:51:07 -0300] "GET /cormun/static/hpexe_tabsview.js?20151120014350 HTTP/1.1" 200 1661
186.103.248.189 - - [04/Mar/2016:09:51:07 -0300] "GET /cormun/static/tbautorizarsolicitud01.js?20163117314344 HTTP/1.1" 200 27022
186.103.248.189 - - [04/Mar/2016:09:51:08 -0300] "GET /cormun/servlet/veautorizarsolicitud?2016,571,, HTTP/1.1" 200 7564
186.103.248.189 - - [04/Mar/2016:09:51:11 -0300] "GET /cormun/servlet/veautorizarsolicitud?2016,571,,SolicitudOTLog HTTP/1.1" 200 7598
186.103.248.189 - - [04/Mar/2016:09:51:11 -0300] "GET /cormun/pexe_scrolldiv.js HTTP/1.1" 404 1009
186.103.248.189 - - [04/Mar/2016:09:51:11 -0300] "GET /cormun/static/tbautorizarsolicitud03.js?20163117313579 HTTP/1.1" 200 12400
186.103.248.189 - - [04/Mar/2016:09:51:12 -0300] "GET /cormun/servlet/veautorizarsolicitud?2016,571,,SolicitudOTLog HTTP/1.1" 200 7598
186.103.248.189 - - [04/Mar/2016:09:51:13 -0300] "POST /cormun/servlet/acontrolpreferencessavestate?None,GFAUNDEZ,true HTTP/1.1" 200 35
186.103.248.189 - - [04/Mar/2016:09:51:20 -0300] "GET /cormun/servlet/veautorizarsolicitud?2016,571,,SolicitudOTAdjuntos HTTP/1.1" 200 8981
186.103.248.189 - - [04/Mar/2016:09:51:20 -0300] "GET /cormun/pexe_scrolldiv.js HTTP/1.1" 404 1009
186.103.248.189 - - [04/Mar/2016:09:51:20 -0300] "GET /cormun/static/tbautorizarsolicitud02.js?20163117313928 HTTP/1.1" 200 13822
186.103.248.189 - - [04/Mar/2016:09:51:21 -0300] "GET /cormun/servlet/veautorizarsolicitud?2016,571,,SolicitudOTAdjuntos HTTP/1.1" 200 8980
186.103.248.189 - - [04/Mar/2016:09:51:22 -0300] "POST /cormun/servlet/acontrolpreferencessavestate?None,GFAUNDEZ,true HTTP/1.1" 200 35
186.103.248.189 - - [04/Mar/2016:09:51:24 -0300] "GET /cormun/servlet/veautorizarsolicitud?2016,571,,General HTTP/1.1" 200 7575
186.103.248.189 - - [04/Mar/2016:09:51:24 -0300] "GET /cormun/pexe_scrolldiv.js HTTP/1.1" 404 1009
186.103.248.189 - - [04/Mar/2016:09:51:25 -0300] "GET /cormun/servlet/veautorizarsolicitud?2016,571,,General HTTP/1.1" 200 7575
186.103.159.44 - - [04/Mar/2016:09:51:37 -0300] "POST /cormun/servlet/solicitudot?7a067c42d78a90d22e66ca5a11c77c27,INS,0,0,,gx-no-cache=1457095904187 HTTP/1.1" 200 93
186.103.159.44 - - [04/Mar/2016:09:51:37 -0300] "GET /cormun/servlet/hpexe_return? HTTP/1.1" 200 1007
186.103.159.44 - - [04/Mar/2016:09:51:37 -0300] "GET /cormun/static/Resources/Spanish/PXTools.css?12112540 HTTP/1.1" 304 -
186.103.159.44 - - [04/Mar/2016:09:51:37 -0300] "GET /cormun/static/gxcfg.js?2015111312145050 HTTP/1.1" 304 -
186.103.159.44 - - [04/Mar/2016:09:51:37 -0300] "GET /cormun/static/hpexe_return.js?2015111312145056 HTTP/1.1" 304 -
186.103.159.44 - - [04/Mar/2016:09:51:38 -0300] "GET /cormun/servlet/trsolicitudot HTTP/1.1" 200 7529
186.103.248.189 - - [04/Mar/2016:09:51:40 -0300] "POST /cormun/servlet/veautorizarsolicitud?301a0ef6794a2b126aee7d2de0c5c481,2016,571,,General,gx-no-cache=1457095927865 HTTP/1.1" 200 93
186.103.248.189 - - [04/Mar/2016:09:51:40 -0300] "GET /cormun/servlet/hpexe_return? HTTP/1.1" 200 1021
186.103.248.189 - - [04/Mar/2016:09:51:40 -0300] "GET /cormun/servlet/trautorizarsolicitud HTTP/1.1" 200 7508
186.103.248.189 - - [04/Mar/2016:09:51:41 -0300] "GET /cormun/servlet/trautorizarsolicitud HTTP/1.1" 200 7505
186.103.248.189 - - [04/Mar/2016:09:51:46 -0300] "POST /cormun/servlet/trautorizarsolicitud?301a0ef6794a2b126aee7d2de0c5c481,gx-no-cache=1457095933843 HTTP/1.1" 200 4936
186.103.248.189 - - [04/Mar/2016:09:51:46 -0300] "POST /cormun/servlet/trautorizarsolicitud?301a0ef6794a2b126aee7d2de0c5c481,gx-no-cache=1457095934243 HTTP/1.1" 200 4936
186.103.248.189 - - [04/Mar/2016:09:51:46 -0300] "POST /cormun/servlet/trautorizarsolicitud?301a0ef6794a2b126aee7d2de0c5c481,gx-no-cache=1457095934623 HTTP/1.1" 200 4937
186.103.248.189 - - [04/Mar/2016:09:51:47 -0300] "POST /cormun/servlet/trautorizarsolicitud?301a0ef6794a2b126aee7d2de0c5c481,gx-no-cache=1457095935021 HTTP/1.1" 200 4936
186.103.248.189 - - [04/Mar/2016:09:51:47 -0300] "POST /cormun/servlet/trautorizarsolicitud?301a0ef6794a2b126aee7d2de0c5c481,gx-no-cache=1457095935475 HTTP/1.1" 200 4936
186.103.248.189 - - [04/Mar/2016:09:51:48 -0300] "POST /cormun/servlet/trautorizarsolicitud?301a0ef6794a2b126aee7d2de0c5c481,gx-no-cache=1457095935903 HTTP/1.1" 200 4936
186.103.248.189 - - [04/Mar/2016:09:51:48 -0300] "POST /cormun/servlet/trautorizarsolicitud?301a0ef6794a2b126aee7d2de0c5c481,gx-no-cache=1457095936302 HTTP/1.1" 200 4936
186.103.248.189 - - [04/Mar/2016:09:51:48 -0300] "POST /cormun/servlet/trautorizarsolicitud?301a0ef6794a2b126aee7d2de0c5c481,gx-no-cache=1457095936765 HTTP/1.1" 200 3640
186.103.248.189 - - [04/Mar/2016:09:51:49 -0300] "GET /cormun/static/Shared/jqueryui/images/ui-bg_highlight-soft_100_c6c2c8_1x100.png HTTP/1.1" 404 1117
186.103.248.189 - - [04/Mar/2016:09:51:49 -0300] "GET /cormun/static/Shared/jqueryui/images/ui-bg_flat_55_fafafa_40x100.png HTTP/1.1" 404 1097
186.103.248.189 - - [04/Mar/2016:09:51:49 -0300] "GET /cormun/static/Shared/jqueryui/images/ui-icons_8d78a5_256x240.png HTTP/1.1" 404 1089
186.103.248.189 - - [04/Mar/2016:09:51:49 -0300] "GET /cormun/static/Shared/jqueryui/images/ui-icons_82798d_256x240.png HTTP/1.1" 404 1089
186.103.248.189 - - [04/Mar/2016:09:51:49 -0300] "POST /cormun/servlet/trautorizarsolicitud?301a0ef6794a2b126aee7d2de0c5c481,gx-no-cache=1457095937178 HTTP/1.1" 200 3451
186.103.248.189 - - [04/Mar/2016:09:51:56 -0300] "GET /cormun/servlet/trvisualizadoreventos? HTTP/1.1" 200 5971
186.103.248.189 - - [04/Mar/2016:09:51:56 -0300] "GET /cormun/static/gxcfg.js?2016251828014 HTTP/1.1" 200 953
186.103.248.189 - - [04/Mar/2016:09:51:56 -0300] "GET /cormun/static/trvisualizadoreventos.js?2016251828276 HTTP/1.1" 200 19096
186.103.248.189 - - [04/Mar/2016:09:51:57 -0300] "GET /cormun/servlet/trvisualizadoreventos? HTTP/1.1" 200 5971
186.103.248.189 - - [04/Mar/2016:09:52:00 -0300] "POST /cormun/servlet/trvisualizadoreventos?301a0ef6794a2b126aee7d2de0c5c481,,gx-no-cache=1457095948138 HTTP/1.1" 200 3267
186.103.248.189 - - [04/Mar/2016:09:52:00 -0300] "POST /cormun/servlet/trvisualizadoreventos?301a0ef6794a2b126aee7d2de0c5c481,,gx-no-cache=1457095948539 HTTP/1.1" 200 3267
186.103.248.189 - - [04/Mar/2016:09:52:01 -0300] "POST /cormun/servlet/trvisualizadoreventos?301a0ef6794a2b126aee7d2de0c5c481,,gx-no-cache=1457095948913 HTTP/1.1" 200 3267
186.103.248.189 - - [04/Mar/2016:09:52:01 -0300] "POST /cormun/servlet/trvisualizadoreventos?301a0ef6794a2b126aee7d2de0c5c481,,gx-no-cache=1457095949259 HTTP/1.1" 200 3267
186.103.248.189 - - [04/Mar/2016:09:52:03 -0300] "POST /cormun/servlet/trvisualizadoreventos?301a0ef6794a2b126aee7d2de0c5c481,,gx-no-cache=1457095951331 HTTP/1.1" 200 3569
186.103.248.189 - - [04/Mar/2016:09:52:03 -0300] "GET /cormun/servlet/trvisualizadoreventos?cae4358f98ce66b9afb81267921c7cccb1439850f9b4ab9ad1af7e07e31bf06b9f71cd619a24c0be6d8fa61aad58428db5607c71ca5c2819f3a84f6cd1a0ece63f8ddc3239712d93d93654f471d703f86022e44c962390bd0904af6e3b3c6f4aac0539577623c9bbc09261c0b4a5c00fbaeff9335440bba298918354bfdfefbb590dfce08f1fa8bfef9451db885aa98bcf11c04498db04c9f0e5a157a5fbc91d5e835c53c1ae6869d03d2fac13b6cf053fb37e4e64dace1da5eb0e0e4fe738ad,gx-no-cache=1457095951749 HTTP/1.1" 200 905
186.103.248.189 - - [04/Mar/2016:09:52:12 -0300] "GET /cormun/static/menuarrow.gif HTTP/1.1" 404 1015
186.103.248.189 - - [04/Mar/2016:09:52:15 -0300] "GET /cormun/servlet/trvisualizadoreventos?cae4358f98ce66b9afb81267921c7cccb1439850f9b4ab9ad1af7e07e31bf06b508c39b6fd4966c63ff9cb05406b001ab5607c71ca5c2819f3a84f6cd1a0ece63f8ddc3239712d93d93654f471d703f86022e44c962390bd0904af6e3b3c6f4aac0539577623c9bbc09261c0b4a5c00fbaeff9335440bba298918354bfdfefbb590dfce08f1fa8bfef9451db885aa98bcf11c04498db04c9f0e5a157a5fbc91d5e835c53c1ae6869d03d2fac13b6cf051504256c2fa00afcae799abcc4d0f83b,gx-no-cache=1457095963719 HTTP/1.1" 200 909
186.103.248.189 - - [04/Mar/2016:09:52:17 -0300] "POST /cormun/servlet/trvisualizadoreventos?301a0ef6794a2b126aee7d2de0c5c481,,gx-no-cache=1457095965551 HTTP/1.1" 200 3703
186.103.248.189 - - [04/Mar/2016:09:52:18 -0300] "POST /cormun/servlet/trvisualizadoreventos?301a0ef6794a2b126aee7d2de0c5c481,,gx-no-cache=1457095965907 HTTP/1.1" 200 3703
186.103.248.189 - - [04/Mar/2016:09:52:18 -0300] "POST /cormun/servlet/trvisualizadoreventos?301a0ef6794a2b126aee7d2de0c5c481,,gx-no-cache=1457095966283 HTTP/1.1" 200 3703
186.103.248.189 - - [04/Mar/2016:09:52:18 -0300] "POST /cormun/servlet/trvisualizadoreventos?301a0ef6794a2b126aee7d2de0c5c481,,gx-no-cache=1457095966652 HTTP/1.1" 200 3703
186.103.248.189 - - [04/Mar/2016:09:52:19 -0300] "POST /cormun/servlet/trvisualizadoreventos?301a0ef6794a2b126aee7d2de0c5c481,,gx-no-cache=1457095967439 HTTP/1.1" 200 3703
186.103.248.189 - - [04/Mar/2016:09:52:31 -0300] "POST /cormun/servlet/trvisualizadoreventos?301a0ef6794a2b126aee7d2de0c5c481,,gx-no-cache=1457095979488 HTTP/1.1" 200 3272
186.103.248.189 - - [04/Mar/2016:09:52:31 -0300] "GET /cormun/servlet/trvisualizadoreventos?cae4358f98ce66b9afb81267921c7ccce2d277e431523b1240e8817620d968f985d68981a97938810ca2bfaed075d72ab5607c71ca5c2819f3a84f6cd1a0ece63f8ddc3239712d93d93654f471d703f86022e44c962390bd0904af6e3b3c6f4aac0539577623c9bbc09261c0b4a5c00fbaeff9335440bba298918354bfdfefbb590dfce08f1fa8bfef9451db885aa98bcf11c04498db04c9f0e5a157a5fbc91d5e835c53c1ae6869d03d2fac13b6cf051504256c2fa00afcae799abcc4d0f83b,gx-no-cache=1457095979904 HTTP/1.1" 200 570
104.219.238.10 - - [04/Mar/2016:09:52:33 -0300] "GET / HTTP/1.0" 200 11197
186.103.248.189 - - [04/Mar/2016:09:52:34 -0300] "POST /cormun/servlet/trvisualizadoreventos?301a0ef6794a2b126aee7d2de0c5c481,,gx-no-cache=1457095982395 HTTP/1.1" 200 3762
186.103.248.189 - - [04/Mar/2016:09:52:34 -0300] "GET /cormun/servlet/trvisualizadoreventos?cae4358f98ce66b9afb81267921c7ccc4f1eedf2d997a7bd6372c34740f7216e9f71cd619a24c0be6d8fa61aad58428db5607c71ca5c2819f3a84f6cd1a0ece63f8ddc3239712d93d93654f471d703f86022e44c962390bd0904af6e3b3c6f4aac0539577623c9bbc09261c0b4a5c00fbaeff9335440bba298918354bfdfefbb590dfce08f1fa8bfef9451db885aa98bcf11c04498db04c9f0e5a157a5fbc91d5e835c53c1ae6869d03d2fac13b6cf051504256c2fa00afcae799abcc4d0f83b,gx-no-cache=1457095982805 HTTP/1.1" 200 1118
191.112.104.108 - - [04/Mar/2016:09:52:44 -0300] "GET /cormun/servlet/solicitudot?b45c46adfaf7115fee39215409dfa1a6f4c15fb193859d70927b7fb191c13ba0322a760f47d838140fc2a2056301d0e431255e089c7cc6f8fa6260a888998ab809f8458031b0b91037c1bb7cc1b98a2371b6369fde718dd4c520bf150e99fec3329a4dc2d93845aa861b958c6eba3c1c767eecf7221e796e95aaf8815c49e1de37aa4f2fcd6b1f80cc89a4bacace637bf3b1132350c64f283cb3d0adbb091192a5bf60c493f9dc426d7f217f24f88bac,gx-no-cache=1457095988388 HTTP/1.1" 200 30
186.103.248.189 - - [04/Mar/2016:09:52:52 -0300] "POST /cormun/servlet/trvisualizadoreventos?301a0ef6794a2b126aee7d2de0c5c481,,gx-no-cache=1457096000221 HTTP/1.1" 200 3274
186.103.248.189 - - [04/Mar/2016:09:52:52 -0300] "GET /cormun/servlet/trvisualizadoreventos?cae4358f98ce66b9afb81267921c7ccc98ca1ea138eb4425edf0041412c70adfa43285f54e09fa7f1d7c223f3f716af6b5607c71ca5c2819f3a84f6cd1a0ece63f8ddc3239712d93d93654f471d703f86022e44c962390bd0904af6e3b3c6f4aac0539577623c9bbc09261c0b4a5c00fbaeff9335440bba298918354bfdfefbb590dfce08f1fa8bfef9451db885aa98bcf11c04498db04c9f0e5a157a5fbc91d5e835c53c1ae6869d03d2fac13b6cf053b90c7ebc840968e6bed4dfe38cae213,gx-no-cache=1457096000627 HTTP/1.1" 200 573
186.103.248.189 - - [04/Mar/2016:09:52:57 -0300] "POST /cormun/servlet/trvisualizadoreventos?301a0ef6794a2b126aee7d2de0c5c481,,gx-no-cache=1457096005114 HTTP/1.1" 200 3703
186.103.248.189 - - [04/Mar/2016:09:52:57 -0300] "GET /cormun/servlet/trvisualizadoreventos?cae4358f98ce66b9afb81267921c7cccb1439850f9b4ab9ad1af7e07e31bf06b9f71cd619a24c0be6d8fa61aad58428db5607c71ca5c2819f3a84f6cd1a0ece63f8ddc3239712d93d93654f471d703f86022e44c962390bd0904af6e3b3c6f4aac0539577623c9bbc09261c0b4a5c00fbaeff9335440bba298918354bfdfefbb590dfce08f1fa8bfef9451db885aa98bcf11c04498db04c9f0e5a157a5fbc91d5e835c53c1ae6869d03d2fac13b6cf053b90c7ebc840968e6bed4dfe38cae213,gx-no-cache=1457096005540 HTTP/1.1" 200 1048
191.112.104.108 - - [04/Mar/2016:09:52:58 -0300] "POST /cormun/servlet/solicitudot?53548a419b0abf4d0b0647874261c9ad,INS,0,0,,gx-no-cache=1457096001619 HTTP/1.1" 200 9023
186.103.248.189 - - [04/Mar/2016:09:53:04 -0300] "GET /cormun/servlet/hlogin HTTP/1.1" 200 1741
186.78.61.61 - - [04/Mar/2016:09:54:23 -0300] "POST /cormun/servlet/solicitudot?4f3f4cffd7af97f0b2fb580362f65197,INS,0,0,,gx-no-cache=1457096088784 HTTP/1.1" 200 93
186.78.61.61 - - [04/Mar/2016:09:54:24 -0300] "GET /cormun/servlet/hpexe_return? HTTP/1.1" 200 1013
186.78.61.61 - - [04/Mar/2016:09:54:24 -0300] "GET /cormun/servlet/trsolicitudot HTTP/1.1" 200 6258
186.103.159.44 - - [04/Mar/2016:09:57:49 -0300] "GET /cormun/servlet/solicitudot?INS,0,0, HTTP/1.1" 200 11424
186.103.159.44 - - [04/Mar/2016:09:58:05 -0300] "POST /cormun/servlet/solicitudot?gx-no-cache=1457096291842 HTTP/1.1" 200 2785
186.103.159.44 - - [04/Mar/2016:09:58:05 -0300] "POST /cormun/servlet/solicitudot?7a067c42d78a90d22e66ca5a11c77c27,INS,0,0,,gx-no-cache=1457096292052 HTTP/1.1" 200 8409
186.103.159.44 - - [04/Mar/2016:09:58:09 -0300] "GET /cormun/servlet/solicitudot?fa05f6754cb1eb65350a26ae55bd43d8d0f15c9dc151c74a882f0349e7476be5e2f2b0c63c554d1475976972f8549d68,gx-no-cache=1457096296462 HTTP/1.1" 200 30
186.103.159.44 - - [04/Mar/2016:09:58:09 -0300] "POST /cormun/servlet/solicitudot?gx-no-cache=1457096296512 HTTP/1.1" 200 30
186.103.159.44 - - [04/Mar/2016:09:58:12 -0300] "POST /cormun/servlet/solicitudot?gx-no-cache=1457096299530 HTTP/1.1" 200 30
186.103.159.44 - - [04/Mar/2016:09:58:21 -0300] "GET /cormun/servlet/prsolicitudot?15991868,,,,,MD,,gxPopupLevel%3D0%3B HTTP/1.1" 200 5363
186.103.159.44 - - [04/Mar/2016:09:58:21 -0300] "GET /cormun/static/gxcfg.js?20163117275193 HTTP/1.1" 200 953
186.103.159.44 - - [04/Mar/2016:09:58:21 -0300] "GET /cormun/static/Resources/Spanish/PXTools.css?171692 HTTP/1.1" 304 -
186.103.159.44 - - [04/Mar/2016:09:58:22 -0300] "GET /cormun/static/hmpwkw011.js?20163117201773 HTTP/1.1" 200 1968
186.103.159.44 - - [04/Mar/2016:09:58:22 -0300] "GET /cormun/static/prsolicitudot.js?20163117275348 HTTP/1.1" 200 12356
186.103.159.44 - - [04/Mar/2016:09:58:27 -0300] "POST /cormun/servlet/solicitudot?gx-no-cache=1457096313927 HTTP/1.1" 200 1158
186.103.159.44 - - [04/Mar/2016:09:58:27 -0300] "GET /cormun/servlet/solicitudot?fa05f6754cb1eb65350a26ae55bd43d8cd60b0e0b74dacf3ae745209ed55babe4ab1e18de601e8991274f695c273db692aae52e53f54c3fd61e9cd3a27d385df5ae83205c09c66a8a7b3643248ea784a422375ec4d61d95b7167c6ac890063c73b4b92325e777c1f75a7bc1d159ca27751fd77e0c7dd5ae4a5d04ec62c3da4ade6385270b895443e8d4a4d4b20f524bd,gx-no-cache=1457096314035 HTTP/1.1" 200 38
186.103.159.44 - - [04/Mar/2016:09:58:27 -0300] "GET /cormun/servlet/solicitudot?fa05f6754cb1eb65350a26ae55bd43d8e6da0753358db40c1fcf76406d93f02b593c872285ef5d244a5122e0414045fed7f79ddaa7af1e65035e91fd08869ff44455d58d7a51becb4ce751b4cc2ecd5ea27053667470d84fe860c3fa590322e7adb59ea09327969a4bcfb56d54e3f604c0ee336bb2e31444a7c01505968e82e694a0d99da4429f2b1a54c55f3de09090e9eedf42db5d4e158d2b2fc7f0150e18,gx-no-cache=1457096314078 HTTP/1.1" 200 29
186.103.159.44 - - [04/Mar/2016:09:58:27 -0300] "POST /cormun/servlet/solicitudot?gx-no-cache=1457096314119 HTTP/1.1" 200 1116
186.103.159.44 - - [04/Mar/2016:09:58:29 -0300] "GET /cormun/servlet/prcontratosol?15991868,,,,,MD,,gxPopupLevel%3D0%3B HTTP/1.1" 200 5670
186.103.159.44 - - [04/Mar/2016:09:58:29 -0300] "GET /cormun/static/gxcfg.js?2016141247819 HTTP/1.1" 200 953
186.103.159.44 - - [04/Mar/2016:09:58:29 -0300] "GET /cormun/static/Resources/Spanish/PXTools.css?1423257 HTTP/1.1" 200 89042
186.103.159.44 - - [04/Mar/2016:09:58:29 -0300] "GET /cormun/static/prcontratosol.js?2016141247993 HTTP/1.1" 200 13528
186.103.159.44 - - [04/Mar/2016:09:58:36 -0300] "GET /cormun/servlet/prpersonalsolicitud?15991868,,,,,MD,,gxPopupLevel%3D0%3B HTTP/1.1" 200 5373
186.103.159.44 - - [04/Mar/2016:09:58:36 -0300] "GET /cormun/static/gxcfg.js?20163117361395 HTTP/1.1" 200 953
186.103.159.44 - - [04/Mar/2016:09:58:37 -0300] "GET /cormun/static/prpersonalsolicitud.js?20163117361535 HTTP/1.1" 200 13246
186.103.159.44 - - [04/Mar/2016:09:58:39 -0300] "POST /cormun/servlet/acontrolpreferencessavestate?None,CE-28,true HTTP/1.1" 200 35
191.112.104.108 - - [04/Mar/2016:09:58:51 -0300] "POST /cormun/servlet/solicitudot?53548a419b0abf4d0b0647874261c9ad,INS,0,0,,gx-no-cache=1457096354568 HTTP/1.1" 200 93
191.112.104.108 - - [04/Mar/2016:09:58:51 -0300] "GET /cormun/servlet/hpexe_return? HTTP/1.1" 200 1013
191.112.104.108 - - [04/Mar/2016:09:58:51 -0300] "GET /cormun/servlet/hhome HTTP/1.1" 200 3413
191.112.104.108 - - [04/Mar/2016:09:58:53 -0300] "GET /cormun/servlet/hhome HTTP/1.1" 200 3407
191.112.104.108 - - [04/Mar/2016:09:59:02 -0300] "GET /cormun/servlet/trsolicitudot? HTTP/1.1" 200 8495
191.112.104.108 - - [04/Mar/2016:09:59:05 -0300] "GET /cormun/servlet/trsolicitudot? HTTP/1.1" 200 8493
191.112.104.108 - - [04/Mar/2016:09:59:08 -0300] "GET /cormun/servlet/solicitudot?INS,0,0, HTTP/1.1" 200 11409
186.103.159.44 - - [04/Mar/2016:09:59:09 -0300] "GET /cormun/servlet/trsolicitudot HTTP/1.1" 200 7541
191.112.104.108 - - [04/Mar/2016:09:59:10 -0300] "GET /cormun/servlet/solicitudot?INS,0,0, HTTP/1.1" 200 11413
186.103.159.44 - - [04/Mar/2016:09:59:17 -0300] "GET /cormun/servlet/solicitudot?INS,0,0, HTTP/1.1" 200 11432
186.103.159.44 - - [04/Mar/2016:09:59:36 -0300] "POST /cormun/servlet/solicitudot?gx-no-cache=1457096383752 HTTP/1.1" 200 2785
186.103.159.44 - - [04/Mar/2016:09:59:37 -0300] "POST /cormun/servlet/solicitudot?7a067c42d78a90d22e66ca5a11c77c27,INS,0,0,,gx-no-cache=1457096383929 HTTP/1.1" 200 8409
186.103.159.44 - - [04/Mar/2016:09:59:37 -0300] "GET /cormun/servlet/solicitudot?fa05f6754cb1eb65350a26ae55bd43d8d0f15c9dc151c74a882f0349e7476be5e2f2b0c63c554d1475976972f8549d68,gx-no-cache=1457096384436 HTTP/1.1" 200 30
191.112.104.108 - - [04/Mar/2016:09:59:39 -0300] "POST /cormun/servlet/solicitudot?gx-no-cache=1457096402517 HTTP/1.1" 200 2781
191.112.104.108 - - [04/Mar/2016:09:59:40 -0300] "POST /cormun/servlet/solicitudot?53548a419b0abf4d0b0647874261c9ad,INS,0,0,,gx-no-cache=1457096403838 HTTP/1.1" 200 8410
186.103.159.44 - - [04/Mar/2016:09:59:41 -0300] "POST /cormun/servlet/solicitudot?gx-no-cache=1457096388155 HTTP/1.1" 200 30
186.103.159.44 - - [04/Mar/2016:09:59:44 -0300] "POST /cormun/servlet/solicitudot?gx-no-cache=1457096391150 HTTP/1.1" 200 122
186.103.159.44 - - [04/Mar/2016:09:59:44 -0300] "GET /cormun/static/Shared/jqueryui/images/ui-icons_8d78a5_256x240.png HTTP/1.1" 404 1089
186.103.159.44 - - [04/Mar/2016:09:59:44 -0300] "GET /cormun/static/Shared/jqueryui/images/ui-bg_flat_55_fafafa_40x100.png HTTP/1.1" 404 1097
186.103.159.44 - - [04/Mar/2016:09:59:44 -0300] "GET /cormun/static/Shared/jqueryui/images/ui-bg_highlight-soft_100_c6c2c8_1x100.png HTTP/1.1" 404 1117
186.103.159.44 - - [04/Mar/2016:09:59:44 -0300] "GET /cormun/static/Shared/jqueryui/images/ui-icons_82798d_256x240.png HTTP/1.1" 404 1089
191.112.104.108 - - [04/Mar/2016:09:59:48 -0300] "GET /cormun/servlet/solicitudot?b45c46adfaf7115fee39215409dfa1a6018e7de100fb14bfad03c063578cd07277aa2280849861f08235227af5f228c8,gx-no-cache=1457096412263 HTTP/1.1" 200 30
191.112.104.108 - - [04/Mar/2016:09:59:48 -0300] "POST /cormun/servlet/solicitudot?gx-no-cache=1457096412441 HTTP/1.1" 200 30
191.112.104.108 - - [04/Mar/2016:09:59:48 -0300] "POST /cormun/servlet/solicitudot?gx-no-cache=1457096412649 HTTP/1.1" 200 33
191.112.104.108 - - [04/Mar/2016:09:59:49 -0300] "POST /cormun/servlet/solicitudot?gx-no-cache=1457096412991 HTTP/1.1" 200 1157
191.112.104.108 - - [04/Mar/2016:09:59:49 -0300] "GET /cormun/servlet/solicitudot?b45c46adfaf7115fee39215409dfa1a6969043cf3fc29cc56d6f2366aa991322531ed909a9a7e0d64ab6209c9e0899c1eb4602436abc66f7cebaf7577078ef1614fd3f42511980155bf954f55fecf196a633124049a022f857a8d62615d8a5bbdbf6b939cd3a025b77074de1cd578e0efa47e5bf234c9af1fd38bb3c3f658525831a6e647362b6e91f15dd0c85a8d0ed,gx-no-cache=1457096413297 HTTP/1.1" 200 38
191.112.104.108 - - [04/Mar/2016:09:59:55 -0300] "GET /cormun/servlet/solicitudot?b45c46adfaf7115fee39215409dfa1a6b01cbb3cb85588d14ea12be7a33c73ac32a0a9792d14f742c868ff8fd509cb1a3c87e22e3c2a350cd3ed26239a64b550bcdb38423415ed4dbcc70b1ffefebc4994b5caf69d3efcdedd2f1276846ce2e40c4632b24154a6e74d937eef366906fab45ab16c42a312ec3340761411b7ffc5310adebee24c4c41e93418c1497f8d7f33594bbc8f8c7483d54299094228b5a131217ad089c8726c1a18acda7a9208cd3d65095aae906b5d1853d9be3a40849db58f7221ca2d6da9c542ebffe6c5c07d,gx-no-cache=1457096419657 HTTP/1.1" 200 29
186.103.159.44 - - [04/Mar/2016:09:59:56 -0300] "POST /cormun/servlet/solicitudot?gx-no-cache=1457096403525 HTTP/1.1" 200 30
191.112.104.108 - - [04/Mar/2016:10:00:02 -0300] "POST /cormun/servlet/solicitudot?gx-no-cache=1457096426179 HTTP/1.1" 200 1116
191.112.104.108 - - [04/Mar/2016:10:00:17 -0300] "GET /cormun/servlet/solicitudot?b45c46adfaf7115fee39215409dfa1a6dfe49204f96889169a33e803ff2147b9b02854d45b891148376d98f8cdbffd7a31255e089c7cc6f8fa6260a888998ab809f8458031b0b91037c1bb7cc1b98a2371b6369fde718dd4c520bf150e99fec3329a4dc2d93845aa861b958c6eba3c1c767eecf7221e796e95aaf8815c49e1de37aa4f2fcd6b1f80cc89a4bacace637b6486ce3b3e7790f6b47dd7452ef5bc1b8f7d09467f903584231a31d54eb65a4e,gx-no-cache=1457096441804 HTTP/1.1" 200 30
191.112.104.108 - - [04/Mar/2016:10:00:29 -0300] "POST /cormun/servlet/solicitudot?53548a419b0abf4d0b0647874261c9ad,INS,0,0,,gx-no-cache=1457096452765 HTTP/1.1" 200 93
191.112.104.108 - - [04/Mar/2016:10:00:29 -0300] "GET /cormun/servlet/hpexe_return? HTTP/1.1" 200 1013
186.103.159.44 - - [04/Mar/2016:10:00:29 -0300] "POST /cormun/servlet/solicitudot?gx-no-cache=1457096436516 HTTP/1.1" 200 30
191.112.104.108 - - [04/Mar/2016:10:00:29 -0300] "GET /cormun/servlet/trsolicitudot HTTP/1.1" 200 8811
191.112.104.108 - - [04/Mar/2016:10:00:32 -0300] "GET /cormun/servlet/trsolicitudot HTTP/1.1" 200 8807
191.112.104.108 - - [04/Mar/2016:10:00:50 -0300] "GET /cormun/servlet/solicitudot?INS,0,0, HTTP/1.1" 200 11407
191.112.104.108 - - [04/Mar/2016:10:00:52 -0300] "GET /cormun/servlet/solicitudot?INS,0,0, HTTP/1.1" 200 11412
191.112.104.108 - - [04/Mar/2016:10:01:15 -0300] "POST /cormun/servlet/solicitudot?gx-no-cache=1457096498798 HTTP/1.1" 200 2787
191.112.104.108 - - [04/Mar/2016:10:01:16 -0300] "POST /cormun/servlet/solicitudot?53548a419b0abf4d0b0647874261c9ad,INS,0,0,,gx-no-cache=1457096499721 HTTP/1.1" 200 8411
191.112.104.108 - - [04/Mar/2016:10:01:23 -0300] "GET /cormun/servlet/solicitudot?b45c46adfaf7115fee39215409dfa1a6a398458e981694a54f546b6acd43970377aa2280849861f08235227af5f228c8,gx-no-cache=1457096507855 HTTP/1.1" 200 30
191.112.104.108 - - [04/Mar/2016:10:01:24 -0300] "POST /cormun/servlet/solicitudot?gx-no-cache=1457096507981 HTTP/1.1" 200 30
191.112.104.108 - - [04/Mar/2016:10:01:24 -0300] "POST /cormun/servlet/solicitudot?gx-no-cache=1457096508178 HTTP/1.1" 200 33
191.112.104.108 - - [04/Mar/2016:10:01:24 -0300] "POST /cormun/servlet/solicitudot?gx-no-cache=1457096508421 HTTP/1.1" 200 1158
191.112.104.108 - - [04/Mar/2016:10:01:25 -0300] "GET /cormun/servlet/solicitudot?b45c46adfaf7115fee39215409dfa1a6969043cf3fc29cc56d6f2366aa991322531ed909a9a7e0d64ab6209c9e0899c1eb4602436abc66f7cebaf7577078ef1614fd3f42511980155bf954f55fecf196a633124049a022f857a8d62615d8a5bbdbf6b939cd3a025b77074de1cd578e0efa47e5bf234c9af1fd38bb3c3f658525831a6e647362b6e91f15dd0c85a8d0ed,gx-no-cache=1457096508638 HTTP/1.1" 200 38
191.112.104.108 - - [04/Mar/2016:10:01:40 -0300] "GET /cormun/servlet/solicitudot?b45c46adfaf7115fee39215409dfa1a6b01cbb3cb85588d14ea12be7a33c73ac32a0a9792d14f742c868ff8fd509cb1a35d30a79303276235ef0a72b8fa5b906bcdb38423415ed4dbcc70b1ffefebc4994b5caf69d3efcdedd2f1276846ce2e40c4632b24154a6e74d937eef366906fab45ab16c42a312ec3340761411b7ffc5310adebee24c4c41e93418c1497f8d7f33594bbc8f8c7483d54299094228b5a131217ad089c8726c1a18acda7a9208cd3d65095aae906b5d1853d9be3a40849db58f7221ca2d6da9c542ebffe6c5c07d,gx-no-cache=1457096524846 HTTP/1.1" 200 29
191.112.104.108 - - [04/Mar/2016:10:01:41 -0300] "POST /cormun/servlet/solicitudot?gx-no-cache=1457096525206 HTTP/1.1" 200 1116
191.112.104.108 - - [04/Mar/2016:10:01:57 -0300] "GET /cormun/servlet/solicitudot?b45c46adfaf7115fee39215409dfa1a631fbc9222877e059a7e0356b03ebf28683bd1435dfd287b1a58cc6d9cfbbbe3331255e089c7cc6f8fa6260a888998ab809f8458031b0b91037c1bb7cc1b98a2371b6369fde718dd4c520bf150e99fec3329a4dc2d93845aa861b958c6eba3c1c767eecf7221e796e95aaf8815c49e1de37aa4f2fcd6b1f80cc89a4bacace637b6486ce3b3e7790f6b47dd7452ef5bc1b8f7d09467f903584231a31d54eb65a4e,gx-no-cache=1457096541619 HTTP/1.1" 200 30
191.112.104.108 - - [04/Mar/2016:10:02:06 -0300] "POST /cormun/servlet/solicitudot?53548a419b0abf4d0b0647874261c9ad,INS,0,0,,gx-no-cache=1457096550185 HTTP/1.1" 200 93
191.112.104.108 - - [04/Mar/2016:10:02:06 -0300] "GET /cormun/servlet/hpexe_return? HTTP/1.1" 200 1013
