186.103.156.24 - - [04/Mar/2016:11:24:02 -0300] "GET /cormun/servlet/trsolicitudot? HTTP/1.1" 200 6061
186.103.156.24 - - [04/Mar/2016:11:24:03 -0300] "GET /cormun/servlet/trsolicitudot? HTTP/1.1" 200 6061
186.103.156.24 - - [04/Mar/2016:11:24:09 -0300] "POST /cormun/servlet/trsolicitudot?69006fc50a4d9d0a7b1c336f664109a8,,gx-no-cache=1457101589635 HTTP/1.1" 200 3241
186.103.156.24 - - [04/Mar/2016:11:24:09 -0300] "POST /cormun/servlet/trsolicitudot?69006fc50a4d9d0a7b1c336f664109a8,,gx-no-cache=1457101589793 HTTP/1.1" 200 3240
186.103.156.24 - - [04/Mar/2016:11:24:09 -0300] "POST /cormun/servlet/trsolicitudot?69006fc50a4d9d0a7b1c336f664109a8,,gx-no-cache=1457101589930 HTTP/1.1" 200 3240
186.103.156.24 - - [04/Mar/2016:11:24:11 -0300] "GET /cormun/servlet/trsolicitudot?57ed849d12b7d22b7f0d4e5679f71a83fdb59e912e4b5af2d8a323500a8d2e76d9e219aabf725ec51fb6a136b52aeb965ca2d55bcf67ed5d3324e46c9f6db87cf4d5a5232c20c952c0ed146fdf646e9e,gx-no-cache=1457101592141 HTTP/1.1" 200 760
186.103.156.24 - - [04/Mar/2016:11:24:12 -0300] "GET /cormun/servlet/trsolicitudot?57ed849d12b7d22b7f0d4e5679f71a83131ef6e32c1939152208b74b5540652a23acad4808c7e378c03c9adf16ad2f138c6dc2e5b976543ed0ac290e021cfec1ea2ff0c11caffd6eac8548929fc15cad96006e3aefac72a2d1433c49493ed425,gx-no-cache=1457101593757 HTTP/1.1" 200 760
186.103.156.24 - - [04/Mar/2016:11:24:13 -0300] "GET /cormun/servlet/trsolicitudot?57ed849d12b7d22b7f0d4e5679f71a83131ef6e32c1939152208b74b5540652aaeee399eb325360c7fefaa242d359c74c6eac9851ab69046ef47770d968a544fb82c93e1ee3b2f54d437b0ddfa3c907a0ccbb863b0f51b41cf5170a2b319ace9,gx-no-cache=1457101594429 HTTP/1.1" 200 760
186.103.156.24 - - [04/Mar/2016:11:24:15 -0300] "POST /cormun/servlet/trsolicitudot?69006fc50a4d9d0a7b1c336f664109a8,,gx-no-cache=1457101596678 HTTP/1.1" 200 3250
192.168.10.98 - - [04/Mar/2016:11:24:15 -0300] "POST /cormun/servlet/trsolicitudot?e03e5b14903f058cc218f9221dee9415,,gx-no-cache=1457101207934 HTTP/1.1" 200 3498
192.168.10.98 - - [04/Mar/2016:11:24:16 -0300] "GET /cormun/servlet/trsolicitudot?b4d676a7add3a786bf19a88b5f1fb829eeb34d6ad40e5307f78958f09cfefff6402be951deb55ef4f11058c193fa7f4111cbd6d1e3bcb3c629d58684247826581c52de3f7fd832373bbc5ea423f00f837415641d85a50ab028d2024641a10ecd,gx-no-cache=1457101208332 HTTP/1.1" 200 776
192.168.10.98 - - [04/Mar/2016:11:24:19 -0300] "POST /cormun/servlet/trsolicitudot?e03e5b14903f058cc218f9221dee9415,,gx-no-cache=1457101211676 HTTP/1.1" 200 3498
192.168.10.98 - - [04/Mar/2016:11:24:20 -0300] "GET /cormun/servlet/trsolicitudot?b4d676a7add3a786bf19a88b5f1fb8294754007fe34a236a61069442d6eebcd614bf580abb4fb0b5bf7046dc64930d9b11cbd6d1e3bcb3c629d58684247826580282aad1ce6653843220b7ed1776e6b671ebcc5f94cdbe3cd6782974dc98f636,gx-no-cache=1457101212092 HTTP/1.1" 200 778
192.168.10.98 - - [04/Mar/2016:11:24:22 -0300] "POST /cormun/servlet/trsolicitudot?e03e5b14903f058cc218f9221dee9415,,gx-no-cache=1457101214244 HTTP/1.1" 200 3499
192.168.10.98 - - [04/Mar/2016:11:24:22 -0300] "GET /cormun/servlet/trsolicitudot?b4d676a7add3a786bf19a88b5f1fb829fc01215396f12e6b95938219f9e7a25414bf580abb4fb0b5bf7046dc64930d9b11cbd6d1e3bcb3c629d58684247826580282aad1ce6653843220b7ed1776e6b671ebcc5f94cdbe3cd6782974dc98f636,gx-no-cache=1457101214650 HTTP/1.1" 200 778
192.168.10.98 - - [04/Mar/2016:11:24:24 -0300] "POST /cormun/servlet/trsolicitudot?e03e5b14903f058cc218f9221dee9415,,gx-no-cache=1457101216703 HTTP/1.1" 200 3499
192.168.10.98 - - [04/Mar/2016:11:24:25 -0300] "GET /cormun/servlet/trsolicitudot?b4d676a7add3a786bf19a88b5f1fb829091112f122fe22cf684f6e09d143707314bf580abb4fb0b5bf7046dc64930d9b11cbd6d1e3bcb3c629d58684247826580282aad1ce6653843220b7ed1776e6b671ebcc5f94cdbe3cd6782974dc98f636,gx-no-cache=1457101217102 HTTP/1.1" 200 777
192.168.10.98 - - [04/Mar/2016:11:24:28 -0300] "POST /cormun/servlet/trsolicitudot?e03e5b14903f058cc218f9221dee9415,,gx-no-cache=1457101220058 HTTP/1.1" 200 7336
192.168.10.98 - - [04/Mar/2016:11:24:28 -0300] "GET /cormun/servlet/trsolicitudot?b4d676a7add3a786bf19a88b5f1fb829ed36faf64b2ace0751de3f3a0079b6b914bf580abb4fb0b5bf7046dc64930d9b11cbd6d1e3bcb3c629d58684247826580282aad1ce6653843220b7ed1776e6b671ebcc5f94cdbe3cd6782974dc98f636,gx-no-cache=1457101220796 HTTP/1.1" 200 4959
186.103.156.24 - - [04/Mar/2016:11:24:32 -0300] "GET /cormun/servlet/trsolicitudot?57ed849d12b7d22b7f0d4e5679f71a83131ef6e32c1939152208b74b5540652a985afbe3200cc9c513258e1423437805dbb2c56e05eaca1087016558b2de6f4a8913401e504ebe042c7e45097781feb49a8a357649601410ac80e93eef26cc17,gx-no-cache=1457101616421 HTTP/1.1" 200 765
192.168.10.98 - - [04/Mar/2016:11:24:33 -0300] "POST /cormun/servlet/trsolicitudot?e03e5b14903f058cc218f9221dee9415,,gx-no-cache=1457101225213 HTTP/1.1" 200 3495
192.168.10.98 - - [04/Mar/2016:11:24:33 -0300] "GET /cormun/servlet/trsolicitudot?b4d676a7add3a786bf19a88b5f1fb8296965564d9a4fd304e26acabc691c6692402be951deb55ef4f11058c193fa7f4111cbd6d1e3bcb3c629d58684247826581c52de3f7fd832373bbc5ea423f00f837415641d85a50ab028d2024641a10ecd,gx-no-cache=1457101225612 HTTP/1.1" 200 774
186.103.156.24 - - [04/Mar/2016:11:24:33 -0300] "GET /cormun/servlet/trsolicitudot?57ed849d12b7d22b7f0d4e5679f71a83131ef6e32c1939152208b74b5540652aeabc29afd11f2745737421d47821ebcf400cb552e208f3b9e6b12365e39e2791863e4a396b71b2e4761339a5d7eceb3554d124c5b015add9e26d02c9977f0725,gx-no-cache=1457101617246 HTTP/1.1" 200 765
186.103.156.24 - - [04/Mar/2016:11:24:34 -0300] "GET /cormun/servlet/trsolicitudot?57ed849d12b7d22b7f0d4e5679f71a83131ef6e32c1939152208b74b5540652ad6dfc9f2747b022f1e4c79fb831fbfd4bc6dd32468346383e0c94f53102f4bdc69d4c2b1b230bc95892957051cd8a405c05b5f7d748a2a9f8d64eeb3a45a7e16,gx-no-cache=1457101618028 HTTP/1.1" 200 765
186.103.156.24 - - [04/Mar/2016:11:24:34 -0300] "GET /cormun/servlet/trsolicitudot?57ed849d12b7d22b7f0d4e5679f71a83131ef6e32c1939152208b74b5540652ac95305b3772e2ef545b385e64cb2790128348036adb9aa7392375afd1d026a787a38b72bdef1a12853b1ab93a597068626834caaab6428d6618eb38af9734b24,gx-no-cache=1457101618711 HTTP/1.1" 200 765
186.103.156.24 - - [04/Mar/2016:11:24:35 -0300] "GET /cormun/servlet/trsolicitudot?57ed849d12b7d22b7f0d4e5679f71a83131ef6e32c1939152208b74b5540652a3503f246a43009f1558c787d37d7dba5b4d128ebb0625de89f373e8f1bad356127ea948e1c4d1e7be3031a360abeb70e351101fbf00abed0e413b64126d5389b,gx-no-cache=1457101619274 HTTP/1.1" 200 765
192.168.10.98 - - [04/Mar/2016:11:24:35 -0300] "POST /cormun/servlet/trsolicitudot?e03e5b14903f058cc218f9221dee9415,,gx-no-cache=1457101227373 HTTP/1.1" 200 3496
192.168.10.98 - - [04/Mar/2016:11:24:35 -0300] "GET /cormun/servlet/trsolicitudot?b4d676a7add3a786bf19a88b5f1fb82948a474e71fbfb768cf3db13b91bebc2f14bf580abb4fb0b5bf7046dc64930d9b11cbd6d1e3bcb3c629d58684247826580282aad1ce6653843220b7ed1776e6b671ebcc5f94cdbe3cd6782974dc98f636,gx-no-cache=1457101227771 HTTP/1.1" 200 775
200.111.191.210 - - [04/Mar/2016:11:24:36 -0300] "POST /cormun/servlet/solicitudot?gx-no-cache=1457101484646 HTTP/1.1" 200 1157
200.111.191.210 - - [04/Mar/2016:11:24:36 -0300] "GET /cormun/servlet/solicitudot?a637dcea409d5fa5f149b24089cbdc9e21f7fed8c03e4015c3d967898806e8427026027ab64e955a130a47de9d4cf760b4e2ffa8c290e61b4dd528b3b70ef5f8f90490ae97697acf81358fcb5c448d1d8b3f062b57c68188c0552e711db8f119d5bdcede3887f4cd5d2924bac618f73f07a7b6221d7cdf4a12ad109a9b9877e4787d3f35c7b5ef60cb57c159412fa2ec,gx-no-cache=1457101484702 HTTP/1.1" 200 38
192.168.10.98 - - [04/Mar/2016:11:24:37 -0300] "POST /cormun/servlet/trsolicitudot?e03e5b14903f058cc218f9221dee9415,,gx-no-cache=1457101229500 HTTP/1.1" 200 3495
192.168.10.98 - - [04/Mar/2016:11:24:37 -0300] "GET /cormun/servlet/trsolicitudot?b4d676a7add3a786bf19a88b5f1fb8296965564d9a4fd304e26acabc691c669214bf580abb4fb0b5bf7046dc64930d9b11cbd6d1e3bcb3c629d58684247826580282aad1ce6653843220b7ed1776e6b671ebcc5f94cdbe3cd6782974dc98f636,gx-no-cache=1457101229901 HTTP/1.1" 200 774
191.112.101.245 - - [04/Mar/2016:11:24:42 -0300] "POST /cormun/servlet/vesolicitudot?428d7be0fbe5204dc772c6c5d6b23893,2016,597,,,gx-no-cache=1457101507932 HTTP/1.1" 200 93
191.112.101.245 - - [04/Mar/2016:11:24:42 -0300] "GET /cormun/servlet/hpexe_return? HTTP/1.1" 200 1010
191.112.101.245 - - [04/Mar/2016:11:24:43 -0300] "GET /cormun/servlet/trsolicitudot HTTP/1.1" 200 7334
192.168.10.98 - - [04/Mar/2016:11:24:44 -0300] "GET /cormun/servlet/solicitudot?INS,0,0, HTTP/1.1" 200 11425
192.168.10.98 - - [04/Mar/2016:11:24:45 -0300] "GET /cormun/servlet/solicitudot?INS,0,0, HTTP/1.1" 200 11430
191.112.101.245 - - [04/Mar/2016:11:24:46 -0300] "GET /cormun/servlet/trsolicitudot HTTP/1.1" 200 7330
186.103.156.24 - - [04/Mar/2016:11:24:48 -0300] "POST /cormun/servlet/trsolicitudot?69006fc50a4d9d0a7b1c336f664109a8,,gx-no-cache=1457101633531 HTTP/1.1" 200 3251
186.103.156.24 - - [04/Mar/2016:11:24:49 -0300] "GET /cormun/servlet/trsolicitudot?57ed849d12b7d22b7f0d4e5679f71a83c45004856d8fbb0079eaa06acc2727f8f041a86b7845b45fe8f75a19f4f6abc08c6dc2e5b976543ed0ac290e021cfec1ea2ff0c11caffd6eac8548929fc15cad96006e3aefac72a2d1433c49493ed425,gx-no-cache=1457101635142 HTTP/1.1" 200 769
192.168.10.98 - - [04/Mar/2016:11:24:49 -0300] "GET /cormun/servlet/prfichaempleado?,MD,,gxPopupLevel%3D0%3B HTTP/1.1" 200 7873
192.168.10.98 - - [04/Mar/2016:11:24:49 -0300] "GET /cormun/static/scaMessage/css/jquery-ui.css?104140 HTTP/1.1" 404 1045
192.168.10.98 - - [04/Mar/2016:11:24:51 -0300] "POST /cormun/servlet/acontrolpreferencessavestate?None,PRIOS,true HTTP/1.1" 200 35
186.103.156.24 - - [04/Mar/2016:11:24:54 -0300] "GET /cormun/servlet/trautorizarsolicitud? HTTP/1.1" 200 6187
186.103.156.24 - - [04/Mar/2016:11:24:54 -0300] "GET /cormun/static/gxcfg.js?20163219504791 HTTP/1.1" 200 953
192.168.10.98 - - [04/Mar/2016:11:24:54 -0300] "GET /cormun/servlet/prfichaempleado?b4d676a7add3a786bf19a88b5f1fb829f03fe47893768aa952db5bcb6fc83c977fbea52f631fb1393a6de153c20e831e2eb4d8e6e31afdfcb3756cfa66636233,gx-no-cache=1457101246539 HTTP/1.1" 200 464
186.103.156.24 - - [04/Mar/2016:11:24:54 -0300] "GET /cormun/static/Resources/Spanish/PXTools.css?19444614 HTTP/1.1" 200 89042
186.103.156.24 - - [04/Mar/2016:11:24:54 -0300] "GET /cormun/static/trautorizarsolicitud.js?20163219505323 HTTP/1.1" 200 45302
186.103.156.24 - - [04/Mar/2016:11:24:55 -0300] "GET /cormun/servlet/trautorizarsolicitud? HTTP/1.1" 200 6187
192.168.10.98 - - [04/Mar/2016:11:24:55 -0300] "GET /cormun/servlet/prfichaempleado?b4d676a7add3a786bf19a88b5f1fb82971096362146a09b88d2739ebf1051d178ae7b5ec72b520b3ed54535f4c9080f83d9cbe0ca10b0343e6aa6349672d7c85bc33c2066881283f73636f4df5033b5d,gx-no-cache=1457101247340 HTTP/1.1" 200 432
192.168.10.98 - - [04/Mar/2016:11:24:58 -0300] "GET /cormun/servlet/prfichaempleado?b4d676a7add3a786bf19a88b5f1fb829f03fe47893768aa952db5bcb6fc83c977fbea52f631fb1393a6de153c20e831e27dba17eec7e7d85f7644d8ac1c8595d,gx-no-cache=1457101250604 HTTP/1.1" 200 458
186.103.156.24 - - [04/Mar/2016:11:24:59 -0300] "POST /cormun/servlet/trautorizarsolicitud?69006fc50a4d9d0a7b1c336f664109a8,,gx-no-cache=1457101645839 HTTP/1.1" 200 3478
186.103.156.24 - - [04/Mar/2016:11:24:59 -0300] "POST /cormun/servlet/trautorizarsolicitud?69006fc50a4d9d0a7b1c336f664109a8,,gx-no-cache=1457101646030 HTTP/1.1" 200 3477
186.103.156.24 - - [04/Mar/2016:11:24:59 -0300] "POST /cormun/servlet/trautorizarsolicitud?69006fc50a4d9d0a7b1c336f664109a8,,gx-no-cache=1457101646167 HTTP/1.1" 200 3478
186.103.156.24 - - [04/Mar/2016:11:24:59 -0300] "POST /cormun/servlet/trautorizarsolicitud?69006fc50a4d9d0a7b1c336f664109a8,,gx-no-cache=1457101646305 HTTP/1.1" 200 3477
186.103.156.24 - - [04/Mar/2016:11:24:59 -0300] "POST /cormun/servlet/trautorizarsolicitud?69006fc50a4d9d0a7b1c336f664109a8,,gx-no-cache=1457101646446 HTTP/1.1" 200 3478
186.103.156.24 - - [04/Mar/2016:11:24:59 -0300] "POST /cormun/servlet/trautorizarsolicitud?69006fc50a4d9d0a7b1c336f664109a8,,gx-no-cache=1457101646592 HTTP/1.1" 200 3477
186.103.156.24 - - [04/Mar/2016:11:25:00 -0300] "POST /cormun/servlet/trautorizarsolicitud?69006fc50a4d9d0a7b1c336f664109a8,,gx-no-cache=1457101646741 HTTP/1.1" 200 3478
186.103.156.24 - - [04/Mar/2016:11:25:00 -0300] "POST /cormun/servlet/trautorizarsolicitud?69006fc50a4d9d0a7b1c336f664109a8,,gx-no-cache=1457101646895 HTTP/1.1" 200 3478
191.112.101.245 - - [04/Mar/2016:11:25:00 -0300] "GET /cormun/servlet/vesolicitudot?2016,597,, HTTP/1.1" 200 7494
192.168.10.98 - - [04/Mar/2016:11:25:00 -0300] "GET /cormun/servlet/prfichaempleado?b4d676a7add3a786bf19a88b5f1fb82932de8752cda3cdb2e11355a3bd7518a2826f2de49843dbbcb279e1ef5d3c69d6aa0fb38cca9d3b990a6a7c55fc20d75df716eaf5c1967d5d0f0d7bba360ce360,gx-no-cache=1457101252514 HTTP/1.1" 200 464
191.112.101.245 - - [04/Mar/2016:11:25:00 -0300] "GET /cormun/pexe_scrolldiv.js HTTP/1.1" 404 1009
192.168.10.98 - - [04/Mar/2016:11:25:00 -0300] "GET /cormun/servlet/prfichaempleado?b4d676a7add3a786bf19a88b5f1fb82932de8752cda3cdb2e11355a3bd7518a217f78c99674e4016f9df3830332ea580035b6fa5643b8008465ae4993c8519f12e6b64bad23127340e2cafe6245a8e8b,gx-no-cache=1457101252992 HTTP/1.1" 200 464
191.112.101.245 - - [04/Mar/2016:11:25:02 -0300] "GET /cormun/servlet/vesolicitudot?2016,597,, HTTP/1.1" 200 7494
192.168.10.98 - - [04/Mar/2016:11:25:04 -0300] "GET /cormun/servlet/prfichaempleado?b4d676a7add3a786bf19a88b5f1fb82932de8752cda3cdb2e11355a3bd7518a2a6b00b5ef13e0e08da3275c244e20968f3fe1e154a1f933e7f7351f7f083e3d2bc342d2af1984629583095bc16a4e72c,gx-no-cache=1457101256202 HTTP/1.1" 200 466
186.103.156.24 - - [04/Mar/2016:11:25:04 -0300] "GET /cormun/servlet/hhome HTTP/1.1" 200 3474
186.103.156.24 - - [04/Mar/2016:11:25:04 -0300] "GET /cormun/static/gxcfg.js?2015112210564248 HTTP/1.1" 200 953
186.103.156.24 - - [04/Mar/2016:11:25:04 -0300] "GET /cormun/static/hhome.js?2015112210564255 HTTP/1.1" 200 777
186.103.156.24 - - [04/Mar/2016:11:25:04 -0300] "GET /cormun/static/Resources/Spanish/PXTools.css?10515224 HTTP/1.1" 200 89042
186.103.156.24 - - [04/Mar/2016:11:25:05 -0300] "GET /cormun/servlet/hhome HTTP/1.1" 200 3471
192.168.10.98 - - [04/Mar/2016:11:25:07 -0300] "POST /cormun/servlet/prfichaempleado?e03e5b14903f058cc218f9221dee9415,,MD,,gxPopupLevel%3D0%3B,gx-no-cache=1457101259368 HTTP/1.1" 200 2833
186.103.156.24 - - [04/Mar/2016:11:25:09 -0300] "GET /cormun/servlet/trsolicitudot? HTTP/1.1" 200 6252
186.103.156.24 - - [04/Mar/2016:11:25:10 -0300] "GET /cormun/servlet/trsolicitudot? HTTP/1.1" 200 6251
192.168.10.98 - - [04/Mar/2016:11:25:11 -0300] "POST /cormun/servlet/solicitudot?gx-no-cache=1457101263367 HTTP/1.1" 200 2776
192.168.10.98 - - [04/Mar/2016:11:25:11 -0300] "POST /cormun/servlet/solicitudot?e03e5b14903f058cc218f9221dee9415,INS,0,0,,gx-no-cache=1457101263531 HTTP/1.1" 200 8418
191.112.101.245 - - [04/Mar/2016:11:25:13 -0300] "POST /cormun/servlet/vesolicitudot?428d7be0fbe5204dc772c6c5d6b23893,2016,597,,,gx-no-cache=1457101538909 HTTP/1.1" 200 93
191.112.101.245 - - [04/Mar/2016:11:25:13 -0300] "GET /cormun/servlet/hpexe_return? HTTP/1.1" 200 1010
191.112.101.245 - - [04/Mar/2016:11:25:14 -0300] "GET /cormun/servlet/trsolicitudot HTTP/1.1" 200 7334
191.112.101.245 - - [04/Mar/2016:11:25:16 -0300] "GET /cormun/servlet/trsolicitudot HTTP/1.1" 200 7330
191.112.101.245 - - [04/Mar/2016:11:25:18 -0300] "POST /cormun/servlet/trsolicitudot?428d7be0fbe5204dc772c6c5d6b23893,gx-no-cache=1457101543968 HTTP/1.1" 200 4664
186.103.156.24 - - [04/Mar/2016:11:25:19 -0300] "POST /cormun/servlet/trsolicitudot?69006fc50a4d9d0a7b1c336f664109a8,,gx-no-cache=1457101668384 HTTP/1.1" 200 3514
191.112.101.245 - - [04/Mar/2016:11:25:19 -0300] "POST /cormun/servlet/trsolicitudot?428d7be0fbe5204dc772c6c5d6b23893,gx-no-cache=1457101544534 HTTP/1.1" 200 4663
191.112.101.245 - - [04/Mar/2016:11:25:20 -0300] "POST /cormun/servlet/trsolicitudot?428d7be0fbe5204dc772c6c5d6b23893,gx-no-cache=1457101545062 HTTP/1.1" 200 4663
186.103.156.24 - - [04/Mar/2016:11:25:20 -0300] "POST /cormun/servlet/trsolicitudot?69006fc50a4d9d0a7b1c336f664109a8,,gx-no-cache=1457101668534 HTTP/1.1" 200 3514
186.103.156.24 - - [04/Mar/2016:11:25:20 -0300] "POST /cormun/servlet/trsolicitudot?69006fc50a4d9d0a7b1c336f664109a8,,gx-no-cache=1457101669295 HTTP/1.1" 200 3515
186.103.156.24 - - [04/Mar/2016:11:25:20 -0300] "POST /cormun/servlet/trsolicitudot?69006fc50a4d9d0a7b1c336f664109a8,,gx-no-cache=1457101669476 HTTP/1.1" 200 3514
191.112.101.245 - - [04/Mar/2016:11:25:20 -0300] "POST /cormun/servlet/trsolicitudot?428d7be0fbe5204dc772c6c5d6b23893,gx-no-cache=1457101545603 HTTP/1.1" 200 4663
191.112.101.245 - - [04/Mar/2016:11:25:21 -0300] "POST /cormun/servlet/trsolicitudot?428d7be0fbe5204dc772c6c5d6b23893,gx-no-cache=1457101546161 HTTP/1.1" 200 4664
191.112.101.245 - - [04/Mar/2016:11:25:21 -0300] "POST /cormun/servlet/trsolicitudot?428d7be0fbe5204dc772c6c5d6b23893,gx-no-cache=1457101546752 HTTP/1.1" 200 4664
191.112.101.245 - - [04/Mar/2016:11:25:22 -0300] "POST /cormun/servlet/trsolicitudot?428d7be0fbe5204dc772c6c5d6b23893,gx-no-cache=1457101547372 HTTP/1.1" 200 4663
191.112.101.245 - - [04/Mar/2016:11:25:22 -0300] "POST /cormun/servlet/trsolicitudot?428d7be0fbe5204dc772c6c5d6b23893,gx-no-cache=1457101547970 HTTP/1.1" 200 105
191.112.101.245 - - [04/Mar/2016:11:25:23 -0300] "GET /cormun/servlet/solicitudot?UPD,2016,597, HTTP/1.1" 200 12637
186.103.156.24 - - [04/Mar/2016:11:25:23 -0300] "GET /cormun/servlet/trsolicitudot?57ed849d12b7d22b7f0d4e5679f71a83c45004856d8fbb0079eaa06acc2727f8f041a86b7845b45fe8f75a19f4f6abc08c6dc2e5b976543ed0ac290e021cfec1ea2ff0c11caffd6eac8548929fc15cad96006e3aefac72a2d1433c49493ed425,gx-no-cache=1457101673446 HTTP/1.1" 200 769
186.103.156.24 - - [04/Mar/2016:11:25:24 -0300] "POST /cormun/servlet/trsolicitudot?69006fc50a4d9d0a7b1c336f664109a8,,gx-no-cache=1457101673981 HTTP/1.1" 200 3508
186.103.156.24 - - [04/Mar/2016:11:25:25 -0300] "GET /cormun/servlet/trsolicitudot?57ed849d12b7d22b7f0d4e5679f71a830f1e8ac72a2bbdf4adb2f1a7b4755034ede8d54c60b0ab37d28a87371f7a8ba5dbe53e1b3b7f05237d02ea0a2ceec66cdaeeb1f43265d7150e63d9b2fc2df951,gx-no-cache=1457101674843 HTTP/1.1" 200 765
192.168.10.98 - - [04/Mar/2016:11:25:25 -0300] "GET /cormun/servlet/solicitudot?a64f1319e970778e21f9600c5542d98b2b0505d0757914f6954ea7f3dbf903c2f716eaf5c1967d5d0f0d7bba360ce360,gx-no-cache=1457101277260 HTTP/1.1" 200 30
192.168.10.98 - - [04/Mar/2016:11:25:25 -0300] "POST /cormun/servlet/solicitudot?gx-no-cache=1457101277308 HTTP/1.1" 200 30
191.112.101.245 - - [04/Mar/2016:11:25:25 -0300] "GET /cormun/servlet/solicitudot?UPD,2016,597, HTTP/1.1" 200 12646
191.112.101.245 - - [04/Mar/2016:11:25:26 -0300] "POST /cormun/servlet/solicitudot?gx-no-cache=1457101551468 HTTP/1.1" 200 2778
191.112.101.245 - - [04/Mar/2016:11:25:26 -0300] "POST /cormun/servlet/solicitudot?428d7be0fbe5204dc772c6c5d6b23893,UPD,2016,597,,gx-no-cache=1457101551938 HTTP/1.1" 200 9018
186.103.156.24 - - [04/Mar/2016:11:25:27 -0300] "POST /cormun/servlet/trsolicitudot?69006fc50a4d9d0a7b1c336f664109a8,,gx-no-cache=1457101677220 HTTP/1.1" 200 3502
191.112.101.245 - - [04/Mar/2016:11:25:27 -0300] "GET /cormun/servlet/solicitudot?52b00dd4caec65c356e44f0f47c57a89813878b064c0cf61d9aa58c2e5200b994582b249a8eb658c03d88f1e831cb8e0,gx-no-cache=1457101552573 HTTP/1.1" 200 30
191.112.101.245 - - [04/Mar/2016:11:25:27 -0300] "POST /cormun/servlet/solicitudot?gx-no-cache=1457101552718 HTTP/1.1" 200 30
191.112.101.245 - - [04/Mar/2016:11:25:27 -0300] "POST /cormun/servlet/solicitudot?gx-no-cache=1457101552841 HTTP/1.1" 200 33
186.103.156.24 - - [04/Mar/2016:11:25:27 -0300] "GET /cormun/servlet/trsolicitudot?57ed849d12b7d22b7f0d4e5679f71a8333accc66e8da02cf4cc5be1bb20be579ede8d54c60b0ab37d28a87371f7a8ba5dbe53e1b3b7f05237d02ea0a2ceec66cdaeeb1f43265d7150e63d9b2fc2df951,gx-no-cache=1457101677622 HTTP/1.1" 200 761
191.112.101.245 - - [04/Mar/2016:11:25:27 -0300] "POST /cormun/servlet/solicitudot?gx-no-cache=1457101553018 HTTP/1.1" 200 1158
191.112.101.245 - - [04/Mar/2016:11:25:27 -0300] "GET /cormun/servlet/solicitudot?52b00dd4caec65c356e44f0f47c57a89df1efe7882a03e1485ef3aef08cbb3abfe0360ec4e26fd98e3d0d0edf15ac56e41d89a6b0a7a0b8bfaa0763fab8fc6868d944a8a6436012fb5cf6177d82fd095e83a193fe6841c6a8fd6b51ac8e0b67ef68fc28b493dd09ce1fa85feca597f8c7d3af8196856b0f912a2ceeb726eb8b10cc69145431cb5cea7870d22328b33dd,gx-no-cache=1457101553239 HTTP/1.1" 200 38
186.103.240.224 - - [04/Mar/2016:11:25:28 -0300] "GET /cormun/servlet/trsolicitudot? HTTP/1.1" 200 5814
186.103.240.224 - - [04/Mar/2016:11:25:28 -0300] "GET /cormun/static/Shared/ext/resources/css/ext-all.css?215870 HTTP/1.1" 304 -
186.103.240.224 - - [04/Mar/2016:11:25:28 -0300] "GET /cormun/static/gxui/gxui-all.css?120300 HTTP/1.1" 304 -
186.103.240.224 - - [04/Mar/2016:11:25:28 -0300] "GET /cormun/static/calendar-system.css?85620 HTTP/1.1" 304 -
186.103.240.224 - - [04/Mar/2016:11:25:28 -0300] "GET /cormun/static/Resources/Spanish/PXTools.css?18502099 HTTP/1.1" 304 -
186.103.240.224 - - [04/Mar/2016:11:25:28 -0300] "GET /cormun/static/Shared/jqueryui/jquery-ui.min.css?1345370 HTTP/1.1" 304 -
186.103.240.224 - - [04/Mar/2016:11:25:28 -0300] "GET /cormun/static/SmoothNavMenu/resources/ddsmoothmenu.css?1112540 HTTP/1.1" 304 -
186.103.240.224 - - [04/Mar/2016:11:25:28 -0300] "GET /cormun/static/SmoothNavMenu/resources/ddsmoothmenu-v.css?1112540 HTTP/1.1" 304 -
186.103.240.224 - - [04/Mar/2016:11:25:28 -0300] "GET /cormun/static/scaMessage/css/jquery.pnotify.default.css?1816380 HTTP/1.1" 304 -
186.103.240.224 - - [04/Mar/2016:11:25:28 -0300] "GET /cormun/static/gxtimezone.js?85251 HTTP/1.1" 304 -
186.103.240.224 - - [04/Mar/2016:11:25:28 -0300] "GET /cormun/static/gxgral.js?85251 HTTP/1.1" 304 -
186.103.240.224 - - [04/Mar/2016:11:25:28 -0300] "GET /cormun/static/gxcfg.js?201631185636 HTTP/1.1" 304 -
186.103.240.224 - - [04/Mar/2016:11:25:28 -0300] "GET /cormun/static/calendar.js?85251 HTTP/1.1" 304 -
186.103.240.224 - - [04/Mar/2016:11:25:28 -0300] "GET /cormun/static/calendar-setup.js?85251 HTTP/1.1" 304 -
186.103.240.224 - - [04/Mar/2016:11:25:28 -0300] "GET /cormun/static/calendar-es.js?85251 HTTP/1.1" 304 -
186.103.240.224 - - [04/Mar/2016:11:25:28 -0300] "GET /cormun/static/Shared/ext/ext-all.js HTTP/1.1" 304 -
186.103.240.224 - - [04/Mar/2016:11:25:28 -0300] "GET /cormun/static/gxui/gxui-all.js HTTP/1.1" 304 -
186.103.240.224 - - [04/Mar/2016:11:25:28 -0300] "GET /cormun/static/RunJS/RunJS.js HTTP/1.1" 304 -
186.103.240.224 - - [04/Mar/2016:11:25:28 -0300] "GET /cormun/static/PXToolsJavascripts/pexe_autoreload.js HTTP/1.1" 304 -
186.103.240.224 - - [04/Mar/2016:11:25:28 -0300] "GET /cormun/static/PXToolsJavascripts/pexe_cookies.js HTTP/1.1" 304 -
186.103.240.224 - - [04/Mar/2016:11:25:28 -0300] "GET /cormun/static/PXToolsJavascripts/pexe_windows.js HTTP/1.1" 304 -
186.103.240.224 - - [04/Mar/2016:11:25:28 -0300] "GET /cormun/static/PXToolsJavascripts/pexe_grid.js HTTP/1.1" 304 -
186.103.240.224 - - [04/Mar/2016:11:25:29 -0300] "GET /cormun/static/PXToolsJavascripts/pexe_griddivfix.js HTTP/1.1" 304 -
186.103.240.224 - - [04/Mar/2016:11:25:29 -0300] "GET /cormun/static/PXToolsJavascripts/pexe_link.js HTTP/1.1" 304 -
186.103.240.224 - - [04/Mar/2016:11:25:29 -0300] "GET /cormun/static/PXToolsJavascripts/pexe_menudivfix.js HTTP/1.1" 304 -
186.103.240.224 - - [04/Mar/2016:11:25:29 -0300] "GET /cormun/static/PXToolsJavascripts/pexe_menus.js HTTP/1.1" 304 -
186.103.240.224 - - [04/Mar/2016:11:25:29 -0300] "GET /cormun/static/PXToolsJavascripts/pexe_layers.js HTTP/1.1" 304 -
186.103.240.224 - - [04/Mar/2016:11:25:29 -0300] "GET /cormun/static/PXToolsJavascripts/pexe_oav.js HTTP/1.1" 304 -
186.103.240.224 - - [04/Mar/2016:11:25:29 -0300] "GET /cormun/static/PXToolsJavascripts/pexe_oavdivfix.js HTTP/1.1" 304 -
186.103.240.224 - - [04/Mar/2016:11:25:29 -0300] "GET /cormun/static/PXToolsJavascripts/pexe_picture.js HTTP/1.1" 304 -
186.103.240.224 - - [04/Mar/2016:11:25:29 -0300] "GET /cormun/static/PXToolsJavascripts/pexe_popup.js HTTP/1.1" 304 -
186.103.240.224 - - [04/Mar/2016:11:25:29 -0300] "GET /cormun/static/PXToolsJavascripts/pexe_scrolldiv.js HTTP/1.1" 304 -
186.103.240.224 - - [04/Mar/2016:11:25:29 -0300] "GET /cormun/static/PXToolsJavascripts/pexe_tabdivfix.js HTTP/1.1" 304 -
186.103.240.224 - - [04/Mar/2016:11:25:29 -0300] "GET /cormun/static/PXToolsJavascripts/pexe_tabs.js HTTP/1.1" 304 -
186.103.240.224 - - [04/Mar/2016:11:25:29 -0300] "GET /cormun/static/PXToolsJavascripts/pexe_upload.js HTTP/1.1" 304 -
186.103.240.224 - - [04/Mar/2016:11:25:29 -0300] "GET /cormun/static/PXToolsJavascripts/PXToolsJavascriptsRender.js HTTP/1.1" 304 -
186.103.240.224 - - [04/Mar/2016:11:25:29 -0300] "GET /cormun/static/Shared/ext/locale/ext-lang-en.js HTTP/1.1" 304 -
186.103.240.224 - - [04/Mar/2016:11:25:29 -0300] "GET /cormun/static/messages.spa.js?85251 HTTP/1.1" 304 -
186.103.240.224 - - [04/Mar/2016:11:25:29 -0300] "GET /cormun/static/gxdec.js?85251 HTTP/1.1" 304 -
186.103.240.224 - - [04/Mar/2016:11:25:29 -0300] "GET /cormun/static/trsolicitudot.js?2016311856838 HTTP/1.1" 304 -
186.103.240.224 - - [04/Mar/2016:11:25:29 -0300] "GET /cormun/static/hwchdr01.js?20162241650484 HTTP/1.1" 304 -
186.103.240.224 - - [04/Mar/2016:11:25:29 -0300] "GET /cormun/static/hpexe_recentlink.js?2015111312121342 HTTP/1.1" 304 -
186.103.240.224 - - [04/Mar/2016:11:25:29 -0300] "GET /cormun/static/hpexe_scripts.js?20151120014546 HTTP/1.1" 304 -
186.103.240.224 - - [04/Mar/2016:11:25:29 -0300] "GET /cormun/static/hpexe_messagecontroller.js?2015112210524422 HTTP/1.1" 304 -
186.103.240.224 - - [04/Mar/2016:11:25:29 -0300] "GET /cormun/static/hpexe_messagepopupcomponent.js?20163219454551 HTTP/1.1" 304 -
186.103.240.224 - - [04/Mar/2016:11:25:29 -0300] "GET /cormun/static/hpexe_messagegenexuscomponent.js?20151120014314 HTTP/1.1" 304 -
186.103.240.224 - - [04/Mar/2016:11:25:29 -0300] "GET /cormun/static/cmcontrolpreferences.js?20151120014525 HTTP/1.1" 304 -
186.103.240.224 - - [04/Mar/2016:11:25:29 -0300] "GET /cormun/static/Shared/jquery/jquery-1.4.2.min.js HTTP/1.1" 304 -
186.103.240.224 - - [04/Mar/2016:11:25:29 -0300] "GET /cormun/static/Shared/jquery/jquery-1.10.2.min.js HTTP/1.1" 304 -
186.103.240.224 - - [04/Mar/2016:11:25:29 -0300] "GET /cormun/static/Shared/jqueryui/jquery-ui.min.js HTTP/1.1" 304 -
186.103.240.224 - - [04/Mar/2016:11:25:29 -0300] "GET /cormun/static/SmoothNavMenu/resources/ddsmoothmenu.js HTTP/1.1" 304 -
186.103.240.224 - - [04/Mar/2016:11:25:29 -0300] "GET /cormun/static/SmoothNavMenu/resources/SmoothNavMenuRender.js HTTP/1.1" 304 -
186.103.240.224 - - [04/Mar/2016:11:25:29 -0300] "GET /cormun/static/scaMessage/js/jquery.pnotify.min.js HTTP/1.1" 304 -
186.103.240.224 - - [04/Mar/2016:11:25:29 -0300] "GET /cormun/static/scaMessage/scaMessageRender.js HTTP/1.1" 304 -
186.103.240.224 - - [04/Mar/2016:11:25:29 -0300] "GET /cormun/static/hmpwkw03.js?2016311993330 HTTP/1.1" 304 -
186.103.240.224 - - [04/Mar/2016:11:25:29 -0300] "GET /cormun/static/Resources/PXToolsHeaderActionsLeft.png HTTP/1.1" 304 -
186.103.240.224 - - [04/Mar/2016:11:25:29 -0300] "GET /cormun/static/Resources/PXToolsHeaderLogin.png HTTP/1.1" 304 -
186.103.240.224 - - [04/Mar/2016:11:25:29 -0300] "GET /cormun/static/Resources/PXToolsHeaderPreferences.png HTTP/1.1" 304 -
186.103.240.224 - - [04/Mar/2016:11:25:29 -0300] "GET /cormun/static/Resources/PXToolsHeaderSecurity.png HTTP/1.1" 304 -
186.103.240.224 - - [04/Mar/2016:11:25:29 -0300] "GET /cormun/static/Resources/PXToolsHeaderHome.png HTTP/1.1" 304 -
186.103.240.224 - - [04/Mar/2016:11:25:29 -0300] "GET /cormun/static/Resources/PXToolsHeaderActionsRight.png HTTP/1.1" 304 -
186.103.240.224 - - [04/Mar/2016:11:25:29 -0300] "GET /cormun/static/Resources/PXTools/calendar.png HTTP/1.1" 304 -
186.103.240.224 - - [04/Mar/2016:11:25:29 -0300] "GET /cormun/static/Resources/logo4.png HTTP/1.1" 304 -
186.103.240.224 - - [04/Mar/2016:11:25:29 -0300] "GET /cormun/static/Resources/PXToolsDataSearch.png HTTP/1.1" 304 -
186.103.240.224 - - [04/Mar/2016:11:25:29 -0300] "GET /cormun/static/Resources/PXToolsGridFirst.gif HTTP/1.1" 304 -
186.103.240.224 - - [04/Mar/2016:11:25:29 -0300] "GET /cormun/static/Resources/PXToolsGridPrevious.gif HTTP/1.1" 304 -
186.103.240.224 - - [04/Mar/2016:11:25:29 -0300] "GET /cormun/static/Resources/PXToolsGridNext.gif HTTP/1.1" 304 -
186.103.240.224 - - [04/Mar/2016:11:25:29 -0300] "GET /cormun/static/Resources/PXToolsGridLast.gif HTTP/1.1" 304 -
186.103.240.224 - - [04/Mar/2016:11:25:29 -0300] "GET /cormun/static/Resources/PXToolsActionExcel.png HTTP/1.1" 304 -
186.103.240.224 - - [04/Mar/2016:11:25:29 -0300] "GET /cormun/static/Resources/PXToolsGridNew.png HTTP/1.1" 304 -
186.103.240.224 - - [04/Mar/2016:11:25:30 -0300] "GET /cormun/static/Resources/PXToolsFooterBackground2.png HTTP/1.1" 304 -
186.103.240.224 - - [04/Mar/2016:11:25:30 -0300] "GET /cormun/static/Resources/PXToolsHeaderActionsBackground.png HTTP/1.1" 304 -
186.103.240.224 - - [04/Mar/2016:11:25:31 -0300] "GET /cormun/static/Resources/indicator.gif HTTP/1.1" 304 -
186.103.240.224 - - [04/Mar/2016:11:25:31 -0300] "GET /cormun/static/Resources/asc.gif HTTP/1.1" 304 -
186.103.240.224 - - [04/Mar/2016:11:25:31 -0300] "GET /cormun/static/Resources/desc.gif HTTP/1.1" 304 -
186.103.240.224 - - [04/Mar/2016:11:25:31 -0300] "GET /cormun/servlet/trsolicitudot? HTTP/1.1" 200 5813
186.103.240.224 - - [04/Mar/2016:11:25:31 -0300] "GET /cormun/servlet/hlogin HTTP/1.1" 200 1733
191.112.101.245 - - [04/Mar/2016:11:25:34 -0300] "POST /cormun/servlet/solicitudot?gx-no-cache=1457101559468 HTTP/1.1" 200 30
186.103.156.24 - - [04/Mar/2016:11:25:34 -0300] "POST /cormun/servlet/trsolicitudot?69006fc50a4d9d0a7b1c336f664109a8,,gx-no-cache=1457101685176 HTTP/1.1" 200 3502
191.112.101.245 - - [04/Mar/2016:11:25:37 -0300] "GET /cormun/servlet/prsolicitudot?17502420,,,,,MD,,gxPopupLevel%3D0%3B HTTP/1.1" 200 5624
191.112.101.245 - - [04/Mar/2016:11:25:37 -0300] "GET /cormun/static/gxcfg.js?20163117275193 HTTP/1.1" 304 -
191.112.101.245 - - [04/Mar/2016:11:25:37 -0300] "GET /cormun/static/prsolicitudot.js?20163117275348 HTTP/1.1" 304 -
191.112.101.245 - - [04/Mar/2016:11:25:37 -0300] "GET /cormun/static/menusearch.js?20163219454787 HTTP/1.1" 304 -
191.112.101.245 - - [04/Mar/2016:11:25:37 -0300] "GET /cormun/static/hmpwkw011.js?20163117201773 HTTP/1.1" 304 -
186.103.156.24 - - [04/Mar/2016:11:25:40 -0300] "POST /cormun/servlet/trsolicitudot?69006fc50a4d9d0a7b1c336f664109a8,,gx-no-cache=1457101692420 HTTP/1.1" 200 3503
186.103.156.24 - - [04/Mar/2016:11:25:41 -0300] "GET /cormun/servlet/trsolicitudot?57ed849d12b7d22b7f0d4e5679f71a83636df7dd8a0bcbe50e335dec4b9dcf36ede8d54c60b0ab37d28a87371f7a8ba5dbe53e1b3b7f05237d02ea0a2ceec66cdaeeb1f43265d7150e63d9b2fc2df951,gx-no-cache=1457101692836 HTTP/1.1" 200 762
191.112.101.245 - - [04/Mar/2016:11:25:42 -0300] "POST /cormun/servlet/solicitudot?gx-no-cache=1457101568028 HTTP/1.1" 200 1158
191.112.101.245 - - [04/Mar/2016:11:25:42 -0300] "GET /cormun/servlet/solicitudot?52b00dd4caec65c356e44f0f47c57a89df1efe7882a03e1485ef3aef08cbb3abfe0360ec4e26fd98e3d0d0edf15ac56e41d89a6b0a7a0b8bfaa0763fab8fc6868d944a8a6436012fb5cf6177d82fd095e83a193fe6841c6a8fd6b51ac8e0b67ef68fc28b493dd09ce1fa85feca597f8c7d3af8196856b0f912a2ceeb726eb8b10cc69145431cb5cea7870d22328b33dd,gx-no-cache=1457101568254 HTTP/1.1" 200 38
191.112.101.245 - - [04/Mar/2016:11:25:43 -0300] "GET /cormun/servlet/solicitudot?52b00dd4caec65c356e44f0f47c57a89ebaf24d01b9ba63aa18ba7aaac6b083789d0c0528cc38463616b58497bc68e866cb57cdae39fad39d66def9a086a2ffd7ad75d6c8574edf9e24f9e90cd9e95e3253311f9823f6a9a7b2581fa44539f8894b6379a56fd35eb30d252c39e91eddd,gx-no-cache=1457101568358 HTTP/1.1" 200 30
191.112.101.245 - - [04/Mar/2016:11:25:43 -0300] "POST /cormun/servlet/solicitudot?gx-no-cache=1457101568452 HTTP/1.1" 200 1115
186.103.156.24 - - [04/Mar/2016:11:25:43 -0300] "POST /cormun/servlet/trsolicitudot?69006fc50a4d9d0a7b1c336f664109a8,,gx-no-cache=1457101695385 HTTP/1.1" 200 3503
186.103.156.24 - - [04/Mar/2016:11:25:43 -0300] "POST /cormun/servlet/trsolicitudot?69006fc50a4d9d0a7b1c336f664109a8,,gx-no-cache=1457101695596 HTTP/1.1" 200 3503
186.103.156.24 - - [04/Mar/2016:11:25:43 -0300] "POST /cormun/servlet/trsolicitudot?69006fc50a4d9d0a7b1c336f664109a8,,gx-no-cache=1457101695798 HTTP/1.1" 200 103
186.103.156.24 - - [04/Mar/2016:11:25:43 -0300] "POST /cormun/servlet/trsolicitudot?69006fc50a4d9d0a7b1c336f664109a8,,gx-no-cache=1457101695905 HTTP/1.1" 200 3481
186.103.156.24 - - [04/Mar/2016:11:25:44 -0300] "GET /cormun/SolicitudOT-3336.xls HTTP/1.1" 200 4608
186.103.156.24 - - [04/Mar/2016:11:25:44 -0300] "GET /cormun/servlet/solicitudot?INS,0,0, HTTP/1.1" 200 11486
186.103.156.24 - - [04/Mar/2016:11:25:45 -0300] "GET /cormun/static/gxcfg.js?20163219435133 HTTP/1.1" 200 953
186.103.156.24 - - [04/Mar/2016:11:25:45 -0300] "GET /cormun/static/Resources/Spanish/PXTools.css?1944839 HTTP/1.1" 200 89042
186.103.156.24 - - [04/Mar/2016:11:25:45 -0300] "GET /cormun/static/solicitudot.js?20163219435183 HTTP/1.1" 200 44151
186.103.156.24 - - [04/Mar/2016:11:25:45 -0300] "GET /cormun/servlet/solicitudot?INS,0,0, HTTP/1.1" 200 11490
186.103.156.24 - - [04/Mar/2016:11:25:51 -0300] "GET /cormun/servlet/trsolicitudot? HTTP/1.1" 200 6235
186.103.156.24 - - [04/Mar/2016:11:25:52 -0300] "GET /cormun/servlet/trsolicitudot? HTTP/1.1" 200 6235
186.103.156.24 - - [04/Mar/2016:11:25:55 -0300] "GET /cormun/servlet/trsolicitudot? HTTP/1.1" 200 6235
186.103.156.24 - - [04/Mar/2016:11:25:56 -0300] "GET /cormun/servlet/trsolicitudot? HTTP/1.1" 200 6235
186.103.156.24 - - [04/Mar/2016:11:25:58 -0300] "GET /cormun/servlet/solicitudot?INS,0,0, HTTP/1.1" 200 11486
186.103.156.24 - - [04/Mar/2016:11:25:59 -0300] "GET /cormun/servlet/solicitudot?INS,0,0, HTTP/1.1" 200 11490
191.112.101.245 - - [04/Mar/2016:11:26:04 -0300] "GET /cormun/servlet/solicitudot?52b00dd4caec65c356e44f0f47c57a891341925ac6cb030400923725b3a0093c622c59b1e9b14a07666439693f8a9c73ad35d7d6374de3eb3ef5b0185d9d3dc931ede6e2fbb2db9ce4e870f86e634470f74df68faf0a56172457ecca47e0b5d3b6d73c10a3c93ec8a83dc546b04e4df55a51f460933b50c7f5c381cf7d8532b8d1c680139207eb2f3d629a4f8dc55ec9d0a2bcc85360346afa8567edb78b0d3af0a995d136e0120955ea9a2a96772bff,gx-no-cache=1457101590001 HTTP/1.1" 200 30
186.103.156.24 - - [04/Mar/2016:11:26:04 -0300] "POST /cormun/servlet/solicitudot?gx-no-cache=1457101718401 HTTP/1.1" 200 2668
186.103.156.24 - - [04/Mar/2016:11:26:05 -0300] "POST /cormun/servlet/solicitudot?69006fc50a4d9d0a7b1c336f664109a8,INS,0,0,,gx-no-cache=1457101718511 HTTP/1.1" 200 8281
186.103.156.24 - - [04/Mar/2016:11:26:05 -0300] "GET /cormun/servlet/solicitudot?9356721d1d51900ba62f44f5fa4c999e3aa6a36d993d9049e6f2a22397da4ecd,gx-no-cache=1457101718707 HTTP/1.1" 200 111
186.103.156.24 - - [04/Mar/2016:11:26:05 -0300] "GET /cormun/static/Shared/jqueryui/images/ui-icons_ebccce_256x240.png HTTP/1.1" 404 1089
186.103.156.24 - - [04/Mar/2016:11:26:05 -0300] "GET /cormun/static/Shared/jqueryui/images/ui-icons_82798d_256x240.png HTTP/1.1" 404 1089
186.103.156.24 - - [04/Mar/2016:11:26:05 -0300] "GET /cormun/static/Shared/jqueryui/images/ui-bg_flat_55_994d53_40x100.png HTTP/1.1" 404 1097
186.103.156.24 - - [04/Mar/2016:11:26:05 -0300] "GET /cormun/static/Shared/jqueryui/images/ui-bg_highlight-soft_100_c6c2c8_1x100.png HTTP/1.1" 404 1117
191.112.101.245 - - [04/Mar/2016:11:26:11 -0300] "POST /cormun/servlet/solicitudot?428d7be0fbe5204dc772c6c5d6b23893,UPD,2016,597,,gx-no-cache=1457101596496 HTTP/1.1" 200 93
191.112.101.245 - - [04/Mar/2016:11:26:11 -0300] "GET /cormun/servlet/hpexe_return? HTTP/1.1" 200 1033
191.112.101.245 - - [04/Mar/2016:11:26:12 -0300] "GET /cormun/servlet/trsolicitudot?gx-no-cache=1457101547372 HTTP/1.1" 200 7371
191.112.101.245 - - [04/Mar/2016:11:26:15 -0300] "GET /cormun/servlet/trsolicitudot?gx-no-cache=1457101547372 HTTP/1.1" 200 7389
191.112.101.245 - - [04/Mar/2016:11:26:18 -0300] "POST /cormun/servlet/trsolicitudot?428d7be0fbe5204dc772c6c5d6b23893,gx-no-cache=1457101547372,gx-no-cache=1457101604021 HTTP/1.1" 200 4698
191.112.101.245 - - [04/Mar/2016:11:26:19 -0300] "POST /cormun/servlet/trsolicitudot?428d7be0fbe5204dc772c6c5d6b23893,gx-no-cache=1457101547372,gx-no-cache=1457101604562 HTTP/1.1" 200 4698
191.112.101.245 - - [04/Mar/2016:11:26:20 -0300] "POST /cormun/servlet/trsolicitudot?428d7be0fbe5204dc772c6c5d6b23893,gx-no-cache=1457101547372,gx-no-cache=1457101605080 HTTP/1.1" 200 4698
191.112.101.245 - - [04/Mar/2016:11:26:20 -0300] "POST /cormun/servlet/trsolicitudot?428d7be0fbe5204dc772c6c5d6b23893,gx-no-cache=1457101547372,gx-no-cache=1457101605694 HTTP/1.1" 200 4698
191.112.101.245 - - [04/Mar/2016:11:26:21 -0300] "POST /cormun/servlet/trsolicitudot?428d7be0fbe5204dc772c6c5d6b23893,gx-no-cache=1457101547372,gx-no-cache=1457101606235 HTTP/1.1" 200 4698
191.112.101.245 - - [04/Mar/2016:11:26:21 -0300] "POST /cormun/servlet/trsolicitudot?428d7be0fbe5204dc772c6c5d6b23893,gx-no-cache=1457101547372,gx-no-cache=1457101606827 HTTP/1.1" 200 4698
191.112.101.245 - - [04/Mar/2016:11:26:22 -0300] "POST /cormun/servlet/trsolicitudot?428d7be0fbe5204dc772c6c5d6b23893,gx-no-cache=1457101547372,gx-no-cache=1457101607423 HTTP/1.1" 200 4698
191.112.101.245 - - [04/Mar/2016:11:26:23 -0300] "POST /cormun/servlet/trsolicitudot?428d7be0fbe5204dc772c6c5d6b23893,gx-no-cache=1457101547372,gx-no-cache=1457101608036 HTTP/1.1" 200 3375
191.112.101.245 - - [04/Mar/2016:11:26:23 -0300] "GET /cormun/static/Shared/jqueryui/images/ui-bg_highlight-soft_100_c6c2c8_1x100.png HTTP/1.1" 404 1117
191.112.101.245 - - [04/Mar/2016:11:26:23 -0300] "GET /cormun/static/Shared/jqueryui/images/ui-icons_82798d_256x240.png HTTP/1.1" 404 1089
191.112.101.245 - - [04/Mar/2016:11:26:23 -0300] "GET /cormun/static/Shared/jqueryui/images/ui-bg_flat_55_fafafa_40x100.png HTTP/1.1" 404 1097
191.112.101.245 - - [04/Mar/2016:11:26:23 -0300] "GET /cormun/static/Shared/jqueryui/images/ui-icons_8d78a5_256x240.png HTTP/1.1" 404 1089
191.112.101.245 - - [04/Mar/2016:11:26:23 -0300] "POST /cormun/servlet/trsolicitudot?428d7be0fbe5204dc772c6c5d6b23893,gx-no-cache=1457101547372,gx-no-cache=1457101608853 HTTP/1.1" 200 3222
186.103.156.24 - - [04/Mar/2016:11:26:26 -0300] "GET /cormun/servlet/prfichaempleado?,MD,,gxPopupLevel%3D0%3B HTTP/1.1" 200 7922
186.103.156.24 - - [04/Mar/2016:11:26:26 -0300] "GET /cormun/static/hmpwkw01.js?201511211495945 HTTP/1.1" 200 2037
186.103.156.24 - - [04/Mar/2016:11:26:26 -0300] "GET /cormun/static/menusearch.js?20163219454787 HTTP/1.1" 200 1424
186.103.156.24 - - [04/Mar/2016:11:26:26 -0300] "GET /cormun/static/gxcfg.js?201511151625694 HTTP/1.1" 200 953
186.103.156.24 - - [04/Mar/2016:11:26:26 -0300] "GET /cormun/static/scaMessage/css/jquery-ui.css?104140 HTTP/1.1" 404 1045
186.103.156.24 - - [04/Mar/2016:11:26:26 -0300] "GET /cormun/static/Resources/Spanish/PXTools.css?16184758 HTTP/1.1" 200 89042
186.103.240.224 - - [04/Mar/2016:11:26:28 -0300] "POST /cormun/servlet/hlogin?2df4b8ed7e6b7fcf9c02b1bf31371bd7,gx-no-cache=1457101612202 HTTP/1.1" 200 445
186.103.156.24 - - [04/Mar/2016:11:26:29 -0300] "GET /cormun/static/prfichaempleado.js?201511151625857 HTTP/1.1" 200 14240
186.103.156.24 - - [04/Mar/2016:11:26:42 -0300] "POST /cormun/servlet/solicitudot?gx-no-cache=1457101759474 HTTP/1.1" 200 2769
186.103.156.24 - - [04/Mar/2016:11:26:42 -0300] "POST /cormun/servlet/solicitudot?69006fc50a4d9d0a7b1c336f664109a8,INS,0,0,,gx-no-cache=1457101759830 HTTP/1.1" 200 8486
186.103.156.24 - - [04/Mar/2016:11:26:42 -0300] "GET /cormun/servlet/solicitudot?9356721d1d51900ba62f44f5fa4c999ef232b2b56d41e6846e330af9eddb8dc4a3d786cd38fed593c9b10bd366f8cf20,gx-no-cache=1457101760093 HTTP/1.1" 200 30
186.103.156.24 - - [04/Mar/2016:11:26:47 -0300] "POST /cormun/servlet/solicitudot?gx-no-cache=1457101765983 HTTP/1.1" 200 30
186.103.156.24 - - [04/Mar/2016:11:26:50 -0300] "POST /cormun/servlet/solicitudot?gx-no-cache=1457101769495 HTTP/1.1" 200 30
186.103.156.24 - - [04/Mar/2016:11:26:56 -0300] "POST /cormun/servlet/solicitudot?gx-no-cache=1457101776033 HTTP/1.1" 200 1158
186.103.156.24 - - [04/Mar/2016:11:26:56 -0300] "GET /cormun/servlet/solicitudot?9356721d1d51900ba62f44f5fa4c999edc4b20e3cb2136ffc5f58fd3b8ff78500cee027eafed9868db1e76b6d96cf6cb5cd4a3aa561be284f3ef03c7d80c393fe418e5904c29b1073e18eed4ed4366495b237847653c5ea8566264a4f527fa9c327a4859f5b039c371ed5c198f1310cd76c03e447b49ceff33f0bcd2437ba33fdd1de30894bfc73dc4771ac12584c847,gx-no-cache=1457101776110 HTTP/1.1" 200 38
186.103.156.24 - - [04/Mar/2016:11:27:07 -0300] "GET /cormun/servlet/solicitudot?9356721d1d51900ba62f44f5fa4c999e67d8515070177d70ada22e71bd3c6dcad4b704a7972110696453fe3b1ea94d95d92bbf7845f9d8428f4d3c6623174f41fadc76ceb403e2981debd51e1935890ef99b23a8e2a573ab4bd45125db5a9e4764e9b8d68ea32566e39224caec3bd6453c6c47c20af033f0fb682353366d7265d82142b376735a78c0a481a10c7971256974f010c6b02fa29a315da113560950a055cbbe75a57d12b625caf70e15e11d9d9400214284b3b57f3fa230ab3072b56229286471731552f2b66aa35de64317,gx-no-cache=1457101788210 HTTP/1.1" 200 29
186.103.156.24 - - [04/Mar/2016:11:27:11 -0300] "POST /cormun/servlet/solicitudot?gx-no-cache=1457101792572 HTTP/1.1" 200 1116
186.103.156.24 - - [04/Mar/2016:11:27:13 -0300] "GET /cormun/static/menuarrow.gif HTTP/1.1" 404 1015
192.168.10.98 - - [04/Mar/2016:11:27:30 -0300] "POST /cormun/servlet/solicitudot?gx-no-cache=1457101402178 HTTP/1.1" 200 30
186.103.240.224 - - [04/Mar/2016:11:27:33 -0300] "POST /cormun/servlet/hlogin?2df4b8ed7e6b7fcf9c02b1bf31371bd7,gx-no-cache=1457101677480 HTTP/1.1" 200 90
186.103.240.224 - - [04/Mar/2016:11:27:33 -0300] "GET /cormun/servlet/hpexe_link HTTP/1.1" 200 952
186.103.240.224 - - [04/Mar/2016:11:27:34 -0300] "GET /cormun/servlet/trsolicitudot HTTP/1.1" 200 11754
186.103.240.224 - - [04/Mar/2016:11:27:36 -0300] "GET /cormun/servlet/trsolicitudot HTTP/1.1" 200 11752
192.168.10.98 - - [04/Mar/2016:11:27:36 -0300] "POST /cormun/servlet/solicitudot?gx-no-cache=1457101408725 HTTP/1.1" 200 30
186.103.156.24 - - [04/Mar/2016:11:27:39 -0300] "GET /cormun/servlet/solicitudot?9356721d1d51900ba62f44f5fa4c999e07033952f38236d64d79ce162565070c6f28f2225e0d87292b13b400f70f78bd89111464e99f72dd05833494a1f713ec8d438257bd9a09febdad2c60838dafd7410ff257be29c7a3a229a0f3576ca1d76ca2af3072043325bac6015f9240fb560bff26fd399255d4dffc572f498ce6501e797bd5e37be8a97d7f386ea4b3343cee2371f46daa12e7fa27d510c0ec6346b1e09df4367e34f9090f51853fab3e96,gx-no-cache=1457101823977 HTTP/1.1" 200 30
192.168.10.98 - - [04/Mar/2016:11:27:54 -0300] "POST /cormun/servlet/solicitudot?gx-no-cache=1457101427017 HTTP/1.1" 200 30
192.168.10.98 - - [04/Mar/2016:11:28:01 -0300] "GET /cormun/servlet/prcontratosol?13912826,,,,,MD,,gxPopupLevel%3D0%3B HTTP/1.1" 200 5665
192.168.10.98 - - [04/Mar/2016:11:28:03 -0300] "POST /cormun/servlet/acontrolpreferencessavestate?None,PRIOS,true HTTP/1.1" 200 35
186.103.240.224 - - [04/Mar/2016:11:28:03 -0300] "POST /cormun/servlet/trsolicitudot?2df4b8ed7e6b7fcf9c02b1bf31371bd7,gx-no-cache=1457101706509 HTTP/1.1" 200 9297
191.112.101.245 - - [04/Mar/2016:11:28:04 -0300] "GET /cormun/servlet/solicitudot?INS,0,0, HTTP/1.1" 200 11481
186.103.240.224 - - [04/Mar/2016:11:28:04 -0300] "POST /cormun/servlet/trsolicitudot?2df4b8ed7e6b7fcf9c02b1bf31371bd7,gx-no-cache=1457101708045 HTTP/1.1" 200 9297
186.103.240.224 - - [04/Mar/2016:11:28:06 -0300] "POST /cormun/servlet/trsolicitudot?2df4b8ed7e6b7fcf9c02b1bf31371bd7,gx-no-cache=1457101709517 HTTP/1.1" 200 9297
191.112.101.245 - - [04/Mar/2016:11:28:07 -0300] "GET /cormun/servlet/solicitudot?INS,0,0, HTTP/1.1" 200 11464
186.103.240.224 - - [04/Mar/2016:11:28:07 -0300] "POST /cormun/servlet/trsolicitudot?2df4b8ed7e6b7fcf9c02b1bf31371bd7,gx-no-cache=1457101711057 HTTP/1.1" 200 9297
186.103.240.224 - - [04/Mar/2016:11:28:09 -0300] "POST /cormun/servlet/trsolicitudot?2df4b8ed7e6b7fcf9c02b1bf31371bd7,gx-no-cache=1457101712645 HTTP/1.1" 200 9297
186.103.240.224 - - [04/Mar/2016:11:28:11 -0300] "POST /cormun/servlet/trsolicitudot?2df4b8ed7e6b7fcf9c02b1bf31371bd7,gx-no-cache=1457101714323 HTTP/1.1" 200 9298
186.103.240.224 - - [04/Mar/2016:11:28:12 -0300] "POST /cormun/servlet/trsolicitudot?2df4b8ed7e6b7fcf9c02b1bf31371bd7,gx-no-cache=1457101716046 HTTP/1.1" 200 9297
191.112.101.245 - - [04/Mar/2016:11:28:12 -0300] "POST /cormun/servlet/solicitudot?gx-no-cache=1457101718032 HTTP/1.1" 200 2793
191.112.101.245 - - [04/Mar/2016:11:28:13 -0300] "POST /cormun/servlet/solicitudot?428d7be0fbe5204dc772c6c5d6b23893,INS,0,0,,gx-no-cache=1457101718519 HTTP/1.1" 200 8414
186.103.240.224 - - [04/Mar/2016:11:28:14 -0300] "POST /cormun/servlet/trsolicitudot?2df4b8ed7e6b7fcf9c02b1bf31371bd7,gx-no-cache=1457101717862 HTTP/1.1" 200 105
186.103.240.224 - - [04/Mar/2016:11:28:14 -0300] "GET /cormun/servlet/solicitudot?DLT,2016,595, HTTP/1.1" 200 8395
186.103.240.224 - - [04/Mar/2016:11:28:17 -0300] "GET /cormun/static/Shared/jqueryui/images/ui-bg_highlight-soft_100_c6c2c8_1x100.png HTTP/1.1" 404 1117
186.103.240.224 - - [04/Mar/2016:11:28:17 -0300] "GET /cormun/static/Shared/jqueryui/images/ui-icons_82798d_256x240.png HTTP/1.1" 404 1089
186.103.240.224 - - [04/Mar/2016:11:28:17 -0300] "GET /cormun/static/Shared/jqueryui/images/ui-bg_flat_55_fafafa_40x100.png HTTP/1.1" 404 1097
186.103.240.224 - - [04/Mar/2016:11:28:17 -0300] "GET /cormun/static/Shared/jqueryui/images/ui-icons_8d78a5_256x240.png HTTP/1.1" 404 1089
186.103.240.224 - - [04/Mar/2016:11:28:17 -0300] "GET /cormun/servlet/solicitudot?DLT,2016,595, HTTP/1.1" 200 8404
186.103.240.224 - - [04/Mar/2016:11:28:28 -0300] "POST /cormun/servlet/solicitudot?2df4b8ed7e6b7fcf9c02b1bf31371bd7,DLT,2016,595,,gx-no-cache=1457101732022 HTTP/1.1" 200 93
186.103.240.224 - - [04/Mar/2016:11:28:28 -0300] "GET /cormun/servlet/hpexe_return? HTTP/1.1" 200 1029
186.103.240.224 - - [04/Mar/2016:11:28:29 -0300] "GET /cormun/servlet/trsolicitudot?gx-no-cache=1457101716046 HTTP/1.1" 200 11391
186.103.240.224 - - [04/Mar/2016:11:28:31 -0300] "GET /cormun/servlet/trsolicitudot?gx-no-cache=1457101716046 HTTP/1.1" 200 11409
191.112.101.245 - - [04/Mar/2016:11:28:42 -0300] "GET /cormun/servlet/solicitudot?52b00dd4caec65c356e44f0f47c57a897cbe16dbf1cad0773a9918661f5db092c503f0b1ec236f6b25df7f6539f38428,gx-no-cache=1457101747686 HTTP/1.1" 200 30
191.112.101.245 - - [04/Mar/2016:11:28:42 -0300] "POST /cormun/servlet/solicitudot?gx-no-cache=1457101747836 HTTP/1.1" 200 30
186.103.240.224 - - [04/Mar/2016:11:28:42 -0300] "POST /cormun/servlet/trsolicitudot?2df4b8ed7e6b7fcf9c02b1bf31371bd7,gx-no-cache=1457101716046,gx-no-cache=1457101746113 HTTP/1.1" 200 8911
191.112.101.245 - - [04/Mar/2016:11:28:44 -0300] "POST /cormun/servlet/solicitudot?gx-no-cache=1457101749325 HTTP/1.1" 200 30
186.103.240.224 - - [04/Mar/2016:11:28:44 -0300] "POST /cormun/servlet/trsolicitudot?2df4b8ed7e6b7fcf9c02b1bf31371bd7,gx-no-cache=1457101716046,gx-no-cache=1457101747563 HTTP/1.1" 200 8911
186.103.240.224 - - [04/Mar/2016:11:28:46 -0300] "POST /cormun/servlet/trsolicitudot?2df4b8ed7e6b7fcf9c02b1bf31371bd7,gx-no-cache=1457101716046,gx-no-cache=1457101749229 HTTP/1.1" 200 8911
186.103.240.224 - - [04/Mar/2016:11:28:47 -0300] "POST /cormun/servlet/trsolicitudot?2df4b8ed7e6b7fcf9c02b1bf31371bd7,gx-no-cache=1457101716046,gx-no-cache=1457101750770 HTTP/1.1" 200 8911
186.103.240.224 - - [04/Mar/2016:11:28:49 -0300] "POST /cormun/servlet/trsolicitudot?2df4b8ed7e6b7fcf9c02b1bf31371bd7,gx-no-cache=1457101716046,gx-no-cache=1457101752281 HTTP/1.1" 200 8911
186.103.240.224 - - [04/Mar/2016:11:28:50 -0300] "POST /cormun/servlet/trsolicitudot?2df4b8ed7e6b7fcf9c02b1bf31371bd7,gx-no-cache=1457101716046,gx-no-cache=1457101753884 HTTP/1.1" 200 8911
186.103.240.224 - - [04/Mar/2016:11:28:52 -0300] "POST /cormun/servlet/trsolicitudot?2df4b8ed7e6b7fcf9c02b1bf31371bd7,gx-no-cache=1457101716046,gx-no-cache=1457101755498 HTTP/1.1" 200 8911
186.103.240.224 - - [04/Mar/2016:11:28:53 -0300] "POST /cormun/servlet/trsolicitudot?2df4b8ed7e6b7fcf9c02b1bf31371bd7,gx-no-cache=1457101716046,gx-no-cache=1457101757201 HTTP/1.1" 200 105
186.103.240.224 - - [04/Mar/2016:11:28:54 -0300] "GET /cormun/servlet/solicitudot?UPD,2016,588, HTTP/1.1" 200 12650
186.103.240.224 - - [04/Mar/2016:11:28:56 -0300] "GET /cormun/servlet/solicitudot?UPD,2016,588, HTTP/1.1" 200 12637
186.103.240.224 - - [04/Mar/2016:11:28:56 -0300] "POST /cormun/servlet/solicitudot?gx-no-cache=1457101760542 HTTP/1.1" 200 2775
186.103.240.224 - - [04/Mar/2016:11:28:57 -0300] "POST /cormun/servlet/solicitudot?2df4b8ed7e6b7fcf9c02b1bf31371bd7,UPD,2016,588,,gx-no-cache=1457101760990 HTTP/1.1" 200 9100
186.103.240.224 - - [04/Mar/2016:11:28:57 -0300] "GET /cormun/servlet/solicitudot?0383bd634d5d781fc75668c38a4711202b0e41b2057a898dc5e66b29f9684f5ac14a4caf1e9e68aa3e21e8492bc47823,gx-no-cache=1457101761548 HTTP/1.1" 200 30
186.103.240.224 - - [04/Mar/2016:11:28:57 -0300] "POST /cormun/servlet/solicitudot?gx-no-cache=1457101761684 HTTP/1.1" 200 30
186.103.240.224 - - [04/Mar/2016:11:28:57 -0300] "POST /cormun/servlet/solicitudot?gx-no-cache=1457101761768 HTTP/1.1" 200 33
186.103.240.224 - - [04/Mar/2016:11:28:58 -0300] "POST /cormun/servlet/solicitudot?gx-no-cache=1457101761901 HTTP/1.1" 200 1157
186.103.240.224 - - [04/Mar/2016:11:28:58 -0300] "GET /cormun/servlet/solicitudot?0383bd634d5d781fc75668c38a471120fe724adf3f7cd186a7a26fff8e0b4458ec605b03747fe286ef8405051001641df766bfa748cfed51a2fe437dcd60c64d11d7debcaa4aa097d3bb4eecd7859ac4557ca1fbde44069b11620673e3e3f529561c5695bf4c027101ab7a574a8470b0c2caa446fcc2b08925d46e7ab30ad06692833914a20bac8c810db9d0097a2e65bbfd97f802b1e7a2fcfe332c85394d99,gx-no-cache=1457101762113 HTTP/1.1" 200 41
186.103.240.224 - - [04/Mar/2016:11:29:08 -0300] "POST /cormun/servlet/solicitudot?gx-no-cache=1457101772524 HTTP/1.1" 200 30
186.103.240.224 - - [04/Mar/2016:11:29:11 -0300] "GET /cormun/servlet/prcontratosol?15017995,,,,,MD,,gxPopupLevel%3D0%3B HTTP/1.1" 200 5737
186.103.240.224 - - [04/Mar/2016:11:29:11 -0300] "GET /cormun/static/gxcfg.js?2016141247819 HTTP/1.1" 200 953
186.103.240.224 - - [04/Mar/2016:11:29:11 -0300] "GET /cormun/static/Resources/Spanish/PXTools.css?1423257 HTTP/1.1" 200 89042
186.103.240.224 - - [04/Mar/2016:11:29:11 -0300] "GET /cormun/static/prcontratosol.js?2016141247993 HTTP/1.1" 200 13528
186.103.240.224 - - [04/Mar/2016:11:29:11 -0300] "GET /cormun/static/hmpwkw011.js?20163117201773 HTTP/1.1" 304 -
186.103.240.224 - - [04/Mar/2016:11:29:14 -0300] "POST /cormun/servlet/acontrolpreferencessavestate?None,CA-36,true HTTP/1.1" 200 35
