191.112.104.108 - - [04/Mar/2016:10:13:17 -0300] "POST /cormun/servlet/trsolicitudot?a435462c377d6d9730db456272b4f890,gx-no-cache=1457097260509 HTTP/1.1" 200 8039
192.168.10.98 - - [04/Mar/2016:10:13:17 -0300] "GET /cormun/servlet/solicitudot?INS,0,0, HTTP/1.1" 200 11459
186.103.159.44 - - [04/Mar/2016:10:13:18 -0300] "GET /cormun/servlet/solicitudot?fa05f6754cb1eb65350a26ae55bd43d8e6da0753358db40c1fcf76406d93f02b593c872285ef5d244a5122e0414045fed7f79ddaa7af1e65035e91fd08869ff44455d58d7a51becb4ce751b4cc2ecd5ea27053667470d84fe860c3fa590322e7adb59ea09327969a4bcfb56d54e3f604c0ee336bb2e31444a7c01505968e82e694a0d99da4429f2b1a54c55f3de09090e9eedf42db5d4e158d2b2fc7f0150e18,gx-no-cache=1457097205189 HTTP/1.1" 200 29
186.103.159.44 - - [04/Mar/2016:10:13:18 -0300] "POST /cormun/servlet/solicitudot?gx-no-cache=1457097205239 HTTP/1.1" 200 1116
191.112.104.108 - - [04/Mar/2016:10:13:18 -0300] "POST /cormun/servlet/trsolicitudot?a435462c377d6d9730db456272b4f890,gx-no-cache=1457097261722 HTTP/1.1" 200 8039
192.168.10.98 - - [04/Mar/2016:10:13:18 -0300] "GET /cormun/servlet/solicitudot?INS,0,0, HTTP/1.1" 200 11464
191.112.104.108 - - [04/Mar/2016:10:13:19 -0300] "POST /cormun/servlet/trsolicitudot?a435462c377d6d9730db456272b4f890,gx-no-cache=1457097262898 HTTP/1.1" 200 8039
191.112.104.108 - - [04/Mar/2016:10:13:20 -0300] "POST /cormun/servlet/trsolicitudot?a435462c377d6d9730db456272b4f890,gx-no-cache=1457097264097 HTTP/1.1" 200 8038
191.112.104.108 - - [04/Mar/2016:10:13:22 -0300] "POST /cormun/servlet/trsolicitudot?a435462c377d6d9730db456272b4f890,gx-no-cache=1457097265325 HTTP/1.1" 200 8040
191.112.104.108 - - [04/Mar/2016:10:13:22 -0300] "GET /cormun/servlet/trsolicitudot HTTP/1.1" 200 10658
191.112.104.108 - - [04/Mar/2016:10:13:23 -0300] "GET /cormun/static/Shared/ext/resources/css/ext-all.css?215870 HTTP/1.1" 304 -
191.112.104.108 - - [04/Mar/2016:10:13:23 -0300] "GET /cormun/static/gxui/gxui-all.css?120300 HTTP/1.1" 304 -
191.112.104.108 - - [04/Mar/2016:10:13:23 -0300] "GET /cormun/static/calendar-system.css?85620 HTTP/1.1" 304 -
191.112.104.108 - - [04/Mar/2016:10:13:23 -0300] "GET /cormun/static/Resources/Spanish/PXTools.css?18502099 HTTP/1.1" 304 -
191.112.104.108 - - [04/Mar/2016:10:13:23 -0300] "GET /cormun/static/Shared/jqueryui/jquery-ui.min.css?1345370 HTTP/1.1" 304 -
191.112.104.108 - - [04/Mar/2016:10:13:23 -0300] "GET /cormun/static/SmoothNavMenu/resources/ddsmoothmenu.css?1112540 HTTP/1.1" 304 -
191.112.104.108 - - [04/Mar/2016:10:13:23 -0300] "GET /cormun/static/SmoothNavMenu/resources/ddsmoothmenu-v.css?1112540 HTTP/1.1" 304 -
191.112.104.108 - - [04/Mar/2016:10:13:23 -0300] "GET /cormun/static/scaMessage/css/jquery.pnotify.default.css?1816380 HTTP/1.1" 304 -
191.112.104.108 - - [04/Mar/2016:10:13:23 -0300] "GET /cormun/static/gxtimezone.js?85251 HTTP/1.1" 304 -
191.112.104.108 - - [04/Mar/2016:10:13:23 -0300] "GET /cormun/static/gxgral.js?85251 HTTP/1.1" 304 -
191.112.104.108 - - [04/Mar/2016:10:13:23 -0300] "GET /cormun/static/gxcfg.js?201631185636 HTTP/1.1" 304 -
191.112.104.108 - - [04/Mar/2016:10:13:23 -0300] "GET /cormun/static/calendar.js?85251 HTTP/1.1" 304 -
191.112.104.108 - - [04/Mar/2016:10:13:23 -0300] "GET /cormun/static/calendar-setup.js?85251 HTTP/1.1" 304 -
191.112.104.108 - - [04/Mar/2016:10:13:23 -0300] "GET /cormun/static/calendar-es.js?85251 HTTP/1.1" 304 -
191.112.104.108 - - [04/Mar/2016:10:13:23 -0300] "GET /cormun/static/Shared/ext/ext-all.js HTTP/1.1" 304 -
191.112.104.108 - - [04/Mar/2016:10:13:23 -0300] "GET /cormun/static/gxui/gxui-all.js HTTP/1.1" 304 -
191.112.104.108 - - [04/Mar/2016:10:13:23 -0300] "GET /cormun/static/RunJS/RunJS.js HTTP/1.1" 304 -
191.112.104.108 - - [04/Mar/2016:10:13:23 -0300] "GET /cormun/static/PXToolsJavascripts/pexe_autoreload.js HTTP/1.1" 304 -
191.112.104.108 - - [04/Mar/2016:10:13:23 -0300] "GET /cormun/static/PXToolsJavascripts/pexe_cookies.js HTTP/1.1" 304 -
191.112.104.108 - - [04/Mar/2016:10:13:23 -0300] "GET /cormun/static/PXToolsJavascripts/pexe_windows.js HTTP/1.1" 304 -
191.112.104.108 - - [04/Mar/2016:10:13:23 -0300] "GET /cormun/static/PXToolsJavascripts/pexe_grid.js HTTP/1.1" 304 -
191.112.104.108 - - [04/Mar/2016:10:13:23 -0300] "GET /cormun/static/PXToolsJavascripts/pexe_griddivfix.js HTTP/1.1" 304 -
191.112.104.108 - - [04/Mar/2016:10:13:23 -0300] "GET /cormun/static/PXToolsJavascripts/pexe_link.js HTTP/1.1" 304 -
191.112.104.108 - - [04/Mar/2016:10:13:23 -0300] "GET /cormun/static/PXToolsJavascripts/pexe_menudivfix.js HTTP/1.1" 304 -
191.112.104.108 - - [04/Mar/2016:10:13:23 -0300] "GET /cormun/static/PXToolsJavascripts/pexe_menus.js HTTP/1.1" 304 -
191.112.104.108 - - [04/Mar/2016:10:13:23 -0300] "GET /cormun/static/PXToolsJavascripts/pexe_layers.js HTTP/1.1" 304 -
191.112.104.108 - - [04/Mar/2016:10:13:23 -0300] "GET /cormun/static/PXToolsJavascripts/pexe_oav.js HTTP/1.1" 304 -
191.112.104.108 - - [04/Mar/2016:10:13:23 -0300] "GET /cormun/static/PXToolsJavascripts/pexe_oavdivfix.js HTTP/1.1" 304 -
191.112.104.108 - - [04/Mar/2016:10:13:23 -0300] "GET /cormun/static/PXToolsJavascripts/pexe_picture.js HTTP/1.1" 304 -
191.112.104.108 - - [04/Mar/2016:10:13:23 -0300] "GET /cormun/static/PXToolsJavascripts/pexe_popup.js HTTP/1.1" 304 -
191.112.104.108 - - [04/Mar/2016:10:13:23 -0300] "GET /cormun/static/PXToolsJavascripts/pexe_scrolldiv.js HTTP/1.1" 304 -
191.112.104.108 - - [04/Mar/2016:10:13:23 -0300] "GET /cormun/static/PXToolsJavascripts/pexe_tabdivfix.js HTTP/1.1" 304 -
191.112.104.108 - - [04/Mar/2016:10:13:23 -0300] "GET /cormun/static/PXToolsJavascripts/pexe_tabs.js HTTP/1.1" 304 -
191.112.104.108 - - [04/Mar/2016:10:13:23 -0300] "GET /cormun/static/PXToolsJavascripts/pexe_upload.js HTTP/1.1" 304 -
191.112.104.108 - - [04/Mar/2016:10:13:23 -0300] "GET /cormun/static/PXToolsJavascripts/PXToolsJavascriptsRender.js HTTP/1.1" 304 -
191.112.104.108 - - [04/Mar/2016:10:13:23 -0300] "GET /cormun/static/Shared/ext/locale/ext-lang-en.js HTTP/1.1" 304 -
191.112.104.108 - - [04/Mar/2016:10:13:23 -0300] "GET /cormun/static/messages.spa.js?85251 HTTP/1.1" 304 -
191.112.104.108 - - [04/Mar/2016:10:13:23 -0300] "GET /cormun/static/gxdec.js?85251 HTTP/1.1" 304 -
191.112.104.108 - - [04/Mar/2016:10:13:23 -0300] "GET /cormun/static/trsolicitudot.js?2016311856838 HTTP/1.1" 304 -
191.112.104.108 - - [04/Mar/2016:10:13:23 -0300] "GET /cormun/static/hwchdr01.js?20162241650484 HTTP/1.1" 304 -
191.112.104.108 - - [04/Mar/2016:10:13:23 -0300] "GET /cormun/static/hpexe_recentlink.js?2015111312121342 HTTP/1.1" 304 -
191.112.104.108 - - [04/Mar/2016:10:13:23 -0300] "GET /cormun/static/hpexe_scripts.js?20151120014546 HTTP/1.1" 304 -
191.112.104.108 - - [04/Mar/2016:10:13:23 -0300] "GET /cormun/static/hpexe_messagecontroller.js?2015112210524422 HTTP/1.1" 304 -
191.112.104.108 - - [04/Mar/2016:10:13:23 -0300] "GET /cormun/static/hpexe_messagepopupcomponent.js?20163219454551 HTTP/1.1" 304 -
191.112.104.108 - - [04/Mar/2016:10:13:23 -0300] "GET /cormun/static/hpexe_messagegenexuscomponent.js?20151120014314 HTTP/1.1" 304 -
191.112.104.108 - - [04/Mar/2016:10:13:23 -0300] "GET /cormun/static/cmcontrolpreferences.js?20151120014525 HTTP/1.1" 304 -
191.112.104.108 - - [04/Mar/2016:10:13:23 -0300] "GET /cormun/static/Shared/jquery/jquery-1.4.2.min.js HTTP/1.1" 304 -
191.112.104.108 - - [04/Mar/2016:10:13:23 -0300] "GET /cormun/static/Shared/jquery/jquery-1.10.2.min.js HTTP/1.1" 304 -
191.112.104.108 - - [04/Mar/2016:10:13:23 -0300] "GET /cormun/static/Shared/jqueryui/jquery-ui.min.js HTTP/1.1" 304 -
191.112.104.108 - - [04/Mar/2016:10:13:23 -0300] "GET /cormun/static/SmoothNavMenu/resources/ddsmoothmenu.js HTTP/1.1" 304 -
191.112.104.108 - - [04/Mar/2016:10:13:23 -0300] "GET /cormun/static/SmoothNavMenu/resources/SmoothNavMenuRender.js HTTP/1.1" 304 -
191.112.104.108 - - [04/Mar/2016:10:13:23 -0300] "GET /cormun/static/scaMessage/js/jquery.pnotify.min.js HTTP/1.1" 304 -
191.112.104.108 - - [04/Mar/2016:10:13:23 -0300] "GET /cormun/static/scaMessage/scaMessageRender.js HTTP/1.1" 304 -
191.112.104.108 - - [04/Mar/2016:10:13:23 -0300] "GET /cormun/static/hmpwkw03.js?2016311993330 HTTP/1.1" 304 -
191.112.104.108 - - [04/Mar/2016:10:13:23 -0300] "GET /cormun/static/Resources/PXToolsHeaderActionsLeft.png HTTP/1.1" 304 -
191.112.104.108 - - [04/Mar/2016:10:13:23 -0300] "GET /cormun/static/Resources/PXToolsHeaderHome.png HTTP/1.1" 304 -
191.112.104.108 - - [04/Mar/2016:10:13:23 -0300] "GET /cormun/static/Resources/PXToolsHeaderLogin.png HTTP/1.1" 304 -
191.112.104.108 - - [04/Mar/2016:10:13:24 -0300] "GET /cormun/static/Resources/PXToolsHeaderPreferences.png HTTP/1.1" 304 -
191.112.104.108 - - [04/Mar/2016:10:13:24 -0300] "GET /cormun/static/Resources/PXToolsHeaderSecurity.png HTTP/1.1" 304 -
191.112.104.108 - - [04/Mar/2016:10:13:24 -0300] "GET /cormun/static/Resources/PXToolsHeaderActionsRight.png HTTP/1.1" 304 -
191.112.104.108 - - [04/Mar/2016:10:13:24 -0300] "GET /cormun/static/Resources/PXToolsFooterBackground2.png HTTP/1.1" 304 -
191.112.104.108 - - [04/Mar/2016:10:13:24 -0300] "GET /cormun/static/Resources/PXToolsHeaderActionsBackground.png HTTP/1.1" 304 -
191.112.104.108 - - [04/Mar/2016:10:13:24 -0300] "GET /cormun/static/Resources/PXToolsGridLast.gif HTTP/1.1" 304 -
191.112.104.108 - - [04/Mar/2016:10:13:24 -0300] "GET /cormun/static/Resources/PXToolsGridNext.gif HTTP/1.1" 304 -
191.112.104.108 - - [04/Mar/2016:10:13:24 -0300] "GET /cormun/static/Resources/PXToolsGridNew.png HTTP/1.1" 304 -
191.112.104.108 - - [04/Mar/2016:10:13:24 -0300] "GET /cormun/static/Resources/PXToolsGridFirst.gif HTTP/1.1" 304 -
191.112.104.108 - - [04/Mar/2016:10:13:24 -0300] "GET /cormun/static/Resources/PXToolsGridPrevious.gif HTTP/1.1" 304 -
191.112.104.108 - - [04/Mar/2016:10:13:24 -0300] "GET /cormun/servlet/trsolicitudot HTTP/1.1" 200 10656
191.112.104.108 - - [04/Mar/2016:10:13:24 -0300] "GET /cormun/static/Resources/PXToolsActionExcel.png HTTP/1.1" 304 -
191.112.104.108 - - [04/Mar/2016:10:13:24 -0300] "GET /cormun//static/Resources/PXToolsActionView.png HTTP/1.1" 304 -
191.112.104.108 - - [04/Mar/2016:10:13:24 -0300] "GET /cormun//static/Resources/PXToolsGridUpdate.png HTTP/1.1" 304 -
191.112.104.108 - - [04/Mar/2016:10:13:24 -0300] "GET /cormun//static/Resources/PXToolsGridDelete.png HTTP/1.1" 304 -
191.112.104.108 - - [04/Mar/2016:10:13:24 -0300] "GET /cormun//static/Resources/PXToolsRemoveAllAction.png HTTP/1.1" 304 -
191.112.104.108 - - [04/Mar/2016:10:13:24 -0300] "GET /cormun//static/Resources/PXTools/ActionInsert.png HTTP/1.1" 304 -
191.112.104.108 - - [04/Mar/2016:10:13:24 -0300] "GET /cormun/static/SmoothNavMenu/resources/images/down.gif HTTP/1.1" 304 -
191.112.104.108 - - [04/Mar/2016:10:13:24 -0300] "GET /cormun/static/Resources/PXToolsDataSearch.png HTTP/1.1" 304 -
191.112.104.108 - - [04/Mar/2016:10:13:24 -0300] "GET /cormun/static/Resources/PXTools/calendar.png HTTP/1.1" 304 -
191.112.104.108 - - [04/Mar/2016:10:13:24 -0300] "GET /cormun/static/Resources/logo4.png HTTP/1.1" 304 -
191.112.104.108 - - [04/Mar/2016:10:13:24 -0300] "GET /cormun/static/Resources/indicator.gif HTTP/1.1" 304 -
191.112.104.108 - - [04/Mar/2016:10:13:24 -0300] "GET /cormun/static/Resources/asc.gif HTTP/1.1" 304 -
191.112.104.108 - - [04/Mar/2016:10:13:24 -0300] "GET /cormun/static/Resources/desc.gif HTTP/1.1" 304 -
191.112.104.108 - - [04/Mar/2016:10:13:24 -0300] "GET /favicon.ico HTTP/1.1" 200 21630
186.103.159.44 - - [04/Mar/2016:10:13:25 -0300] "GET /cormun/servlet/solicitudot?fa05f6754cb1eb65350a26ae55bd43d8b9b804f6ae59060849964d05dfd24fefed768dbc7633c46f0975f4e31b2a8202a023963f00e10cb240899343d04b6363e9dbd7fb10dd4ecfb4f290baac8f6cca05f8cb4c528fc681b9305127373d5e277c1863d7aa0d02da0a045cd36b38a5c19302c90b229f27f8e4418f0165e573c24661ab22f97d428e2c7182ec7532c4e39d0cb91ad57920e682ca1c20af30af26abd98877e13596515122d346537aafcce900b20e1e384b617001427f57a62855,gx-no-cache=1457097212172 HTTP/1.1" 200 30
191.112.104.108 - - [04/Mar/2016:10:13:30 -0300] "POST /cormun/servlet/trsolicitudot?a435462c377d6d9730db456272b4f890,gx-no-cache=1457097274045 HTTP/1.1" 200 8039
191.112.104.108 - - [04/Mar/2016:10:13:31 -0300] "POST /cormun/servlet/trsolicitudot?a435462c377d6d9730db456272b4f890,gx-no-cache=1457097274887 HTTP/1.1" 200 8039
191.112.104.108 - - [04/Mar/2016:10:13:32 -0300] "POST /cormun/servlet/trsolicitudot?a435462c377d6d9730db456272b4f890,gx-no-cache=1457097275705 HTTP/1.1" 200 8039
191.112.104.108 - - [04/Mar/2016:10:13:33 -0300] "POST /cormun/servlet/trsolicitudot?a435462c377d6d9730db456272b4f890,gx-no-cache=1457097276538 HTTP/1.1" 200 8039
191.112.104.108 - - [04/Mar/2016:10:13:34 -0300] "POST /cormun/servlet/trsolicitudot?a435462c377d6d9730db456272b4f890,gx-no-cache=1457097277391 HTTP/1.1" 200 8039
186.103.159.44 - - [04/Mar/2016:10:13:34 -0300] "POST /cormun/servlet/solicitudot?7a067c42d78a90d22e66ca5a11c77c27,INS,0,0,,gx-no-cache=1457097221332 HTTP/1.1" 200 93
186.103.159.44 - - [04/Mar/2016:10:13:34 -0300] "GET /cormun/servlet/hpexe_return? HTTP/1.1" 200 1007
191.112.104.108 - - [04/Mar/2016:10:13:35 -0300] "POST /cormun/servlet/trsolicitudot?a435462c377d6d9730db456272b4f890,gx-no-cache=1457097278241 HTTP/1.1" 200 8039
186.103.159.44 - - [04/Mar/2016:10:13:35 -0300] "GET /cormun/servlet/hpexe_return? HTTP/1.1" 200 1000
186.103.159.44 - - [04/Mar/2016:10:13:35 -0300] "GET /cormun/servlet/trsolicitudot HTTP/1.1" 200 8077
191.112.104.108 - - [04/Mar/2016:10:13:35 -0300] "POST /cormun/servlet/trsolicitudot?a435462c377d6d9730db456272b4f890,gx-no-cache=1457097279060 HTTP/1.1" 200 8039
191.112.104.108 - - [04/Mar/2016:10:13:36 -0300] "POST /cormun/servlet/trsolicitudot?a435462c377d6d9730db456272b4f890,gx-no-cache=1457097279887 HTTP/1.1" 200 8315
186.103.159.44 - - [04/Mar/2016:10:13:40 -0300] "POST /cormun/servlet/trsolicitudot?7a067c42d78a90d22e66ca5a11c77c27,gx-no-cache=1457097227051 HTTP/1.1" 200 5522
186.103.159.44 - - [04/Mar/2016:10:13:40 -0300] "POST /cormun/servlet/trsolicitudot?7a067c42d78a90d22e66ca5a11c77c27,gx-no-cache=1457097227475 HTTP/1.1" 200 5522
186.103.159.44 - - [04/Mar/2016:10:13:41 -0300] "POST /cormun/servlet/trsolicitudot?7a067c42d78a90d22e66ca5a11c77c27,gx-no-cache=1457097227965 HTTP/1.1" 200 5522
186.103.159.44 - - [04/Mar/2016:10:13:41 -0300] "POST /cormun/servlet/trsolicitudot?7a067c42d78a90d22e66ca5a11c77c27,gx-no-cache=1457097228611 HTTP/1.1" 200 5521
186.103.159.44 - - [04/Mar/2016:10:13:42 -0300] "POST /cormun/servlet/trsolicitudot?7a067c42d78a90d22e66ca5a11c77c27,gx-no-cache=1457097229332 HTTP/1.1" 200 5522
186.103.159.44 - - [04/Mar/2016:10:13:43 -0300] "POST /cormun/servlet/trsolicitudot?7a067c42d78a90d22e66ca5a11c77c27,gx-no-cache=1457097230138 HTTP/1.1" 200 5522
186.103.159.44 - - [04/Mar/2016:10:13:44 -0300] "POST /cormun/servlet/trsolicitudot?7a067c42d78a90d22e66ca5a11c77c27,gx-no-cache=1457097231012 HTTP/1.1" 200 5522
192.168.10.98 - - [04/Mar/2016:10:13:48 -0300] "POST /cormun/servlet/solicitudot?e03e5b14903f058cc218f9221dee9415,INS,0,0,,gx-no-cache=1457096980557 HTTP/1.1" 200 8646
192.168.10.98 - - [04/Mar/2016:10:13:48 -0300] "GET /cormun/static/Shared/jqueryui/images/ui-icons_82798d_256x240.png HTTP/1.1" 404 1089
192.168.10.98 - - [04/Mar/2016:10:13:48 -0300] "GET /cormun/static/Shared/jqueryui/images/ui-bg_flat_55_994d53_40x100.png HTTP/1.1" 404 1097
192.168.10.98 - - [04/Mar/2016:10:13:48 -0300] "GET /cormun/static/Shared/jqueryui/images/ui-bg_highlight-soft_100_c6c2c8_1x100.png HTTP/1.1" 404 1117
192.168.10.98 - - [04/Mar/2016:10:13:48 -0300] "GET /cormun/static/Shared/jqueryui/images/ui-icons_ebccce_256x240.png HTTP/1.1" 404 1089
186.103.159.44 - - [04/Mar/2016:10:13:50 -0300] "POST /cormun/servlet/trsolicitudot?7a067c42d78a90d22e66ca5a11c77c27,gx-no-cache=1457097232010 HTTP/1.1" 200 5295
186.103.159.44 - - [04/Mar/2016:10:13:51 -0300] "POST /cormun/servlet/trsolicitudot?7a067c42d78a90d22e66ca5a11c77c27,gx-no-cache=1457097238637 HTTP/1.1" 200 5237
192.168.10.98 - - [04/Mar/2016:10:13:52 -0300] "GET /cormun/servlet/trsolicitudot? HTTP/1.1" 200 6214
186.103.159.44 - - [04/Mar/2016:10:13:52 -0300] "GET /cormun/static/Shared/jqueryui/images/ui-icons_8d78a5_256x240.png HTTP/1.1" 404 1089
186.103.159.44 - - [04/Mar/2016:10:13:52 -0300] "GET /cormun/static/Shared/jqueryui/images/ui-icons_82798d_256x240.png HTTP/1.1" 404 1089
186.103.159.44 - - [04/Mar/2016:10:13:52 -0300] "GET /cormun/static/Shared/jqueryui/images/ui-bg_flat_55_fafafa_40x100.png HTTP/1.1" 404 1097
186.103.159.44 - - [04/Mar/2016:10:13:52 -0300] "GET /cormun/static/Shared/jqueryui/images/ui-bg_highlight-soft_100_c6c2c8_1x100.png HTTP/1.1" 404 1117
192.168.10.98 - - [04/Mar/2016:10:13:53 -0300] "GET /cormun/servlet/trsolicitudot? HTTP/1.1" 200 6213
186.103.159.44 - - [04/Mar/2016:10:13:56 -0300] "POST /cormun/servlet/trsolicitudot?7a067c42d78a90d22e66ca5a11c77c27,gx-no-cache=1457097242933 HTTP/1.1" 200 4994
192.168.10.98 - - [04/Mar/2016:10:13:56 -0300] "GET /cormun/servlet/solicitudot?INS,0,0, HTTP/1.1" 200 11459
186.103.159.44 - - [04/Mar/2016:10:13:57 -0300] "POST /cormun/servlet/trsolicitudot?7a067c42d78a90d22e66ca5a11c77c27,gx-no-cache=1457097244084 HTTP/1.1" 200 4938
192.168.10.98 - - [04/Mar/2016:10:13:57 -0300] "GET /cormun/servlet/solicitudot?INS,0,0, HTTP/1.1" 200 11464
186.103.159.44 - - [04/Mar/2016:10:14:01 -0300] "POST /cormun/servlet/trsolicitudot?7a067c42d78a90d22e66ca5a11c77c27,gx-no-cache=1457097248349 HTTP/1.1" 200 3650
186.103.159.44 - - [04/Mar/2016:10:14:02 -0300] "POST /cormun/servlet/trsolicitudot?7a067c42d78a90d22e66ca5a11c77c27,gx-no-cache=1457097249383 HTTP/1.1" 200 3463
192.168.10.98 - - [04/Mar/2016:10:14:03 -0300] "POST /cormun/servlet/solicitudot?gx-no-cache=1457096995720 HTTP/1.1" 200 2776
192.168.10.98 - - [04/Mar/2016:10:14:03 -0300] "POST /cormun/servlet/solicitudot?e03e5b14903f058cc218f9221dee9415,INS,0,0,,gx-no-cache=1457096995893 HTTP/1.1" 200 8407
192.168.10.98 - - [04/Mar/2016:10:14:04 -0300] "GET /cormun/servlet/solicitudot?a64f1319e970778e21f9600c5542d98b6efad043f301ad134dd9065fdcbf79fff716eaf5c1967d5d0f0d7bba360ce360,gx-no-cache=1457096996085 HTTP/1.1" 200 30
192.168.10.98 - - [04/Mar/2016:10:14:04 -0300] "POST /cormun/servlet/solicitudot?gx-no-cache=1457096996172 HTTP/1.1" 200 120
192.168.10.98 - - [04/Mar/2016:10:14:04 -0300] "GET /cormun/static/Shared/jqueryui/images/ui-bg_highlight-soft_100_c6c2c8_1x100.png HTTP/1.1" 404 1117
192.168.10.98 - - [04/Mar/2016:10:14:04 -0300] "GET /cormun/static/Shared/jqueryui/images/ui-icons_82798d_256x240.png HTTP/1.1" 404 1089
192.168.10.98 - - [04/Mar/2016:10:14:04 -0300] "GET /cormun/static/Shared/jqueryui/images/ui-bg_flat_55_994d53_40x100.png HTTP/1.1" 404 1097
192.168.10.98 - - [04/Mar/2016:10:14:04 -0300] "GET /cormun/static/Shared/jqueryui/images/ui-icons_ebccce_256x240.png HTTP/1.1" 404 1089
191.112.104.108 - - [04/Mar/2016:10:14:29 -0300] "POST /cormun/servlet/trsolicitudot?53548a419b0abf4d0b0647874261c9ad,gx-no-cache=1457097291994 HTTP/1.1" 200 8319
191.112.104.108 - - [04/Mar/2016:10:14:30 -0300] "POST /cormun/servlet/trsolicitudot?53548a419b0abf4d0b0647874261c9ad,gx-no-cache=1457097293747 HTTP/1.1" 200 8319
191.112.104.108 - - [04/Mar/2016:10:14:31 -0300] "POST /cormun/servlet/trsolicitudot?53548a419b0abf4d0b0647874261c9ad,gx-no-cache=1457097294976 HTTP/1.1" 200 8319
191.112.104.108 - - [04/Mar/2016:10:14:32 -0300] "POST /cormun/servlet/trsolicitudot?53548a419b0abf4d0b0647874261c9ad,gx-no-cache=1457097296287 HTTP/1.1" 200 8319
192.168.10.98 - - [04/Mar/2016:10:14:33 -0300] "POST /cormun/servlet/solicitudot?gx-no-cache=1457097025536 HTTP/1.1" 200 30
191.112.104.108 - - [04/Mar/2016:10:14:34 -0300] "POST /cormun/servlet/trsolicitudot?53548a419b0abf4d0b0647874261c9ad,gx-no-cache=1457097297643 HTTP/1.1" 200 8319
186.103.159.44 - - [04/Mar/2016:10:14:34 -0300] "GET /cormun/servlet/solicitudot?INS,0,0, HTTP/1.1" 200 11430
191.112.104.108 - - [04/Mar/2016:10:14:35 -0300] "POST /cormun/servlet/trsolicitudot?53548a419b0abf4d0b0647874261c9ad,gx-no-cache=1457097299070 HTTP/1.1" 200 8319
191.112.104.108 - - [04/Mar/2016:10:14:36 -0300] "POST /cormun/servlet/trsolicitudot?a435462c377d6d9730db456272b4f890,gx-no-cache=1457097338789 HTTP/1.1" 200 8039
191.112.104.108 - - [04/Mar/2016:10:14:37 -0300] "POST /cormun/servlet/trsolicitudot?53548a419b0abf4d0b0647874261c9ad,gx-no-cache=1457097300552 HTTP/1.1" 200 8319
191.112.104.108 - - [04/Mar/2016:10:14:38 -0300] "POST /cormun/servlet/trsolicitudot?a435462c377d6d9730db456272b4f890,gx-no-cache=1457097341417 HTTP/1.1" 200 8039
191.112.104.108 - - [04/Mar/2016:10:14:38 -0300] "POST /cormun/servlet/trsolicitudot?53548a419b0abf4d0b0647874261c9ad,gx-no-cache=1457097302109 HTTP/1.1" 200 104
191.112.104.108 - - [04/Mar/2016:10:14:38 -0300] "GET /cormun/servlet/solicitudot?DLT,2016,581, HTTP/1.1" 200 8388
191.112.104.108 - - [04/Mar/2016:10:14:39 -0300] "POST /cormun/servlet/trsolicitudot?a435462c377d6d9730db456272b4f890,gx-no-cache=1457097342735 HTTP/1.1" 200 8040
191.112.104.108 - - [04/Mar/2016:10:14:40 -0300] "POST /cormun/servlet/trsolicitudot?a435462c377d6d9730db456272b4f890,gx-no-cache=1457097343876 HTTP/1.1" 200 8039
191.112.104.108 - - [04/Mar/2016:10:14:41 -0300] "GET /cormun/static/Shared/jqueryui/images/ui-bg_flat_55_fafafa_40x100.png HTTP/1.1" 404 1097
191.112.104.108 - - [04/Mar/2016:10:14:42 -0300] "GET /cormun/static/Shared/jqueryui/images/ui-icons_8d78a5_256x240.png HTTP/1.1" 404 1089
191.112.104.108 - - [04/Mar/2016:10:14:42 -0300] "POST /cormun/servlet/trsolicitudot?a435462c377d6d9730db456272b4f890,gx-no-cache=1457097345102 HTTP/1.1" 200 8039
191.112.104.108 - - [04/Mar/2016:10:14:42 -0300] "GET /cormun/servlet/solicitudot?DLT,2016,581, HTTP/1.1" 200 8397
191.112.104.108 - - [04/Mar/2016:10:14:43 -0300] "POST /cormun/servlet/trsolicitudot?a435462c377d6d9730db456272b4f890,gx-no-cache=1457097346272 HTTP/1.1" 200 8039
191.112.104.108 - - [04/Mar/2016:10:14:44 -0300] "POST /cormun/servlet/trsolicitudot?a435462c377d6d9730db456272b4f890,gx-no-cache=1457097347498 HTTP/1.1" 200 8039
191.112.104.108 - - [04/Mar/2016:10:14:46 -0300] "POST /cormun/servlet/trsolicitudot?a435462c377d6d9730db456272b4f890,gx-no-cache=1457097348800 HTTP/1.1" 200 8315
191.112.104.108 - - [04/Mar/2016:10:14:55 -0300] "POST /cormun/servlet/solicitudot?53548a419b0abf4d0b0647874261c9ad,DLT,2016,581,,gx-no-cache=1457097318925 HTTP/1.1" 200 93
191.112.104.108 - - [04/Mar/2016:10:14:55 -0300] "GET /cormun/servlet/hpexe_return? HTTP/1.1" 200 1039
191.112.104.108 - - [04/Mar/2016:10:14:55 -0300] "GET /cormun/servlet/trsolicitudot?gx-no-cache=1457097300552 HTTP/1.1" 200 10762
191.112.104.108 - - [04/Mar/2016:10:14:57 -0300] "GET /cormun/servlet/trsolicitudot?gx-no-cache=1457097300552 HTTP/1.1" 200 10777
191.112.101.245 - - [04/Mar/2016:10:15:06 -0300] "POST /cormun/servlet/trsolicitudot?3e93125fe0270f551d68e50b892e11be,gx-no-cache=1457092391068,gx-no-cache=1457097329933 HTTP/1.1" 440 972
191.112.104.108 - - [04/Mar/2016:10:15:07 -0300] "POST /cormun/servlet/trsolicitudot?53548a419b0abf4d0b0647874261c9ad,gx-no-cache=1457097300552,gx-no-cache=1457097330621 HTTP/1.1" 200 8319
191.112.104.108 - - [04/Mar/2016:10:15:08 -0300] "POST /cormun/servlet/trsolicitudot?53548a419b0abf4d0b0647874261c9ad,gx-no-cache=1457097300552,gx-no-cache=1457097331884 HTTP/1.1" 200 8319
191.112.101.245 - - [04/Mar/2016:10:15:09 -0300] "POST /cormun/servlet/trsolicitudot?3e93125fe0270f551d68e50b892e11be,gx-no-cache=1457092391068,gx-no-cache=1457097334379 HTTP/1.1" 440 972
191.112.104.108 - - [04/Mar/2016:10:15:09 -0300] "POST /cormun/servlet/trsolicitudot?53548a419b0abf4d0b0647874261c9ad,gx-no-cache=1457097300552,gx-no-cache=1457097333133 HTTP/1.1" 200 8319
191.112.104.108 - - [04/Mar/2016:10:15:11 -0300] "POST /cormun/servlet/trsolicitudot?53548a419b0abf4d0b0647874261c9ad,gx-no-cache=1457097300552,gx-no-cache=1457097334423 HTTP/1.1" 200 8319
191.112.104.108 - - [04/Mar/2016:10:15:12 -0300] "POST /cormun/servlet/trsolicitudot?53548a419b0abf4d0b0647874261c9ad,gx-no-cache=1457097300552,gx-no-cache=1457097335752 HTTP/1.1" 200 8319
191.112.104.108 - - [04/Mar/2016:10:15:13 -0300] "POST /cormun/servlet/trsolicitudot?53548a419b0abf4d0b0647874261c9ad,gx-no-cache=1457097300552,gx-no-cache=1457097337168 HTTP/1.1" 200 8319
191.112.104.108 - - [04/Mar/2016:10:15:15 -0300] "POST /cormun/servlet/trsolicitudot?53548a419b0abf4d0b0647874261c9ad,gx-no-cache=1457097300552,gx-no-cache=1457097338604 HTTP/1.1" 200 8319
191.112.101.245 - - [04/Mar/2016:10:15:15 -0300] "POST /cormun/servlet/trsolicitudot?3e93125fe0270f551d68e50b892e11be,gx-no-cache=1457092391068,gx-no-cache=1457097340973 HTTP/1.1" 440 972
191.112.104.108 - - [04/Mar/2016:10:15:16 -0300] "POST /cormun/servlet/trsolicitudot?53548a419b0abf4d0b0647874261c9ad,gx-no-cache=1457097300552,gx-no-cache=1457097340152 HTTP/1.1" 200 104
191.112.104.108 - - [04/Mar/2016:10:15:16 -0300] "GET /cormun/servlet/solicitudot?DLT,2016,581, HTTP/1.1" 200 8406
191.112.101.245 - - [04/Mar/2016:10:15:16 -0300] "POST /cormun/servlet/trsolicitudot?3e93125fe0270f551d68e50b892e11be,gx-no-cache=1457092391068,gx-no-cache=1457097342263 HTTP/1.1" 440 972
191.112.104.108 - - [04/Mar/2016:10:15:19 -0300] "GET /cormun/servlet/solicitudot?DLT,2016,581, HTTP/1.1" 200 8397
186.103.159.44 - - [04/Mar/2016:10:15:19 -0300] "POST /cormun/servlet/solicitudot?gx-no-cache=1457097326099 HTTP/1.1" 200 2668
186.103.159.44 - - [04/Mar/2016:10:15:19 -0300] "POST /cormun/servlet/solicitudot?7a067c42d78a90d22e66ca5a11c77c27,INS,0,0,,gx-no-cache=1457097326285 HTTP/1.1" 200 8266
191.112.101.245 - - [04/Mar/2016:10:15:19 -0300] "POST /cormun/servlet/trsolicitudot?3e93125fe0270f551d68e50b892e11be,gx-no-cache=1457092391068,gx-no-cache=1457097344961 HTTP/1.1" 440 972
191.112.101.245 - - [04/Mar/2016:10:15:19 -0300] "POST /cormun/servlet/trsolicitudot?3e93125fe0270f551d68e50b892e11be,gx-no-cache=1457092391068,gx-no-cache=1457097345053 HTTP/1.1" 440 972
191.112.101.245 - - [04/Mar/2016:10:15:20 -0300] "POST /cormun/servlet/trsolicitudot?3e93125fe0270f551d68e50b892e11be,gx-no-cache=1457092391068,gx-no-cache=1457097345253 HTTP/1.1" 440 972
191.112.101.245 - - [04/Mar/2016:10:15:20 -0300] "GET /cormun/servlet/trsolicitudot?gx-no-cache=1457092391068 HTTP/1.1" 200 5837
191.112.101.245 - - [04/Mar/2016:10:15:22 -0300] "GET /cormun/servlet/trsolicitudot?gx-no-cache=1457092391068 HTTP/1.1" 200 5837
191.112.101.245 - - [04/Mar/2016:10:15:23 -0300] "GET /cormun/servlet/hlogin HTTP/1.1" 200 1754
186.103.159.44 - - [04/Mar/2016:10:15:29 -0300] "GET /cormun/servlet/solicitudot?fa05f6754cb1eb65350a26ae55bd43d8b2588857b1cfae3e3fc0bc447d9ab491e2f2b0c63c554d1475976972f8549d68,gx-no-cache=1457097336012 HTTP/1.1" 200 30
191.112.104.108 - - [04/Mar/2016:10:15:31 -0300] "POST /cormun/servlet/solicitudot?53548a419b0abf4d0b0647874261c9ad,DLT,2016,581,,gx-no-cache=1457097355014 HTTP/1.1" 200 93
191.112.104.108 - - [04/Mar/2016:10:15:31 -0300] "GET /cormun/servlet/hpexe_return? HTTP/1.1" 200 1039
191.112.104.108 - - [04/Mar/2016:10:15:32 -0300] "GET /cormun/servlet/trsolicitudot?gx-no-cache=1457097300552 HTTP/1.1" 200 10559
191.112.104.108 - - [04/Mar/2016:10:15:34 -0300] "GET /cormun/servlet/trsolicitudot?gx-no-cache=1457097300552 HTTP/1.1" 200 10574
191.112.104.108 - - [04/Mar/2016:10:15:39 -0300] "GET /cormun/servlet/solicitudot?INS,0,0, HTTP/1.1" 200 11430
191.112.104.108 - - [04/Mar/2016:10:15:41 -0300] "GET /cormun/servlet/solicitudot?INS,0,0, HTTP/1.1" 200 11413
115.231.222.40 - - [04/Mar/2016:10:15:48 -0300] "GET /cgi-bin/common/attr?id=260714&r=0.3555100947853358 HTTP/1.1" 404 999
191.112.104.108 - - [04/Mar/2016:10:16:09 -0300] "POST /cormun/servlet/solicitudot?gx-no-cache=1457097392565 HTTP/1.1" 200 2780
191.112.104.108 - - [04/Mar/2016:10:16:09 -0300] "POST /cormun/servlet/solicitudot?53548a419b0abf4d0b0647874261c9ad,INS,0,0,,gx-no-cache=1457097393241 HTTP/1.1" 200 8431
191.112.104.108 - - [04/Mar/2016:10:16:13 -0300] "GET /cormun/servlet/solicitudot?b45c46adfaf7115fee39215409dfa1a6a8a740a2f5fa04d9321d42779235f46077aa2280849861f08235227af5f228c8,gx-no-cache=1457097397660 HTTP/1.1" 200 30
191.112.104.108 - - [04/Mar/2016:10:16:14 -0300] "POST /cormun/servlet/solicitudot?gx-no-cache=1457097398001 HTTP/1.1" 200 30
191.112.104.108 - - [04/Mar/2016:10:16:14 -0300] "POST /cormun/servlet/solicitudot?gx-no-cache=1457097398257 HTTP/1.1" 200 33
191.112.104.108 - - [04/Mar/2016:10:16:14 -0300] "POST /cormun/servlet/solicitudot?gx-no-cache=1457097398493 HTTP/1.1" 200 1158
191.112.104.108 - - [04/Mar/2016:10:16:14 -0300] "GET /cormun/servlet/solicitudot?b45c46adfaf7115fee39215409dfa1a6969043cf3fc29cc56d6f2366aa991322531ed909a9a7e0d64ab6209c9e0899c1eb4602436abc66f7cebaf7577078ef1614fd3f42511980155bf954f55fecf196a633124049a022f857a8d62615d8a5bbdbf6b939cd3a025b77074de1cd578e0efa47e5bf234c9af1fd38bb3c3f658525831a6e647362b6e91f15dd0c85a8d0ed,gx-no-cache=1457097398786 HTTP/1.1" 200 38
191.112.104.108 - - [04/Mar/2016:10:16:23 -0300] "POST /cormun/servlet/trsolicitudot?a435462c377d6d9730db456272b4f890,gx-no-cache=1457097446418 HTTP/1.1" 200 7756
191.112.104.108 - - [04/Mar/2016:10:16:24 -0300] "POST /cormun/servlet/trsolicitudot?a435462c377d6d9730db456272b4f890,gx-no-cache=1457097447657 HTTP/1.1" 200 7757
191.112.104.108 - - [04/Mar/2016:10:16:25 -0300] "POST /cormun/servlet/trsolicitudot?a435462c377d6d9730db456272b4f890,gx-no-cache=1457097448554 HTTP/1.1" 200 7757
191.112.104.108 - - [04/Mar/2016:10:16:26 -0300] "POST /cormun/servlet/trsolicitudot?a435462c377d6d9730db456272b4f890,gx-no-cache=1457097449473 HTTP/1.1" 200 7757
191.112.104.108 - - [04/Mar/2016:10:16:27 -0300] "POST /cormun/servlet/trsolicitudot?a435462c377d6d9730db456272b4f890,gx-no-cache=1457097450394 HTTP/1.1" 200 7757
191.112.104.108 - - [04/Mar/2016:10:16:28 -0300] "POST /cormun/servlet/trsolicitudot?a435462c377d6d9730db456272b4f890,gx-no-cache=1457097451327 HTTP/1.1" 200 7757
191.112.104.108 - - [04/Mar/2016:10:16:29 -0300] "POST /cormun/servlet/trsolicitudot?a435462c377d6d9730db456272b4f890,gx-no-cache=1457097452305 HTTP/1.1" 200 7757
191.112.104.108 - - [04/Mar/2016:10:16:30 -0300] "POST /cormun/servlet/trsolicitudot?a435462c377d6d9730db456272b4f890,gx-no-cache=1457097453814 HTTP/1.1" 200 7756
191.112.104.108 - - [04/Mar/2016:10:16:30 -0300] "GET /cormun/servlet/solicitudot?b45c46adfaf7115fee39215409dfa1a6b01cbb3cb85588d14ea12be7a33c73ac32a0a9792d14f742c868ff8fd509cb1a35d30a79303276235ef0a72b8fa5b906bcdb38423415ed4dbcc70b1ffefebc4994b5caf69d3efcdedd2f1276846ce2e40c4632b24154a6e74d937eef366906fab45ab16c42a312ec3340761411b7ffc5310adebee24c4c41e93418c1497f8d7f33594bbc8f8c7483d54299094228b5a131217ad089c8726c1a18acda7a9208cd3d65095aae906b5d1853d9be3a40849db58f7221ca2d6da9c542ebffe6c5c07d,gx-no-cache=1457097414588 HTTP/1.1" 200 29
191.112.104.108 - - [04/Mar/2016:10:16:31 -0300] "POST /cormun/servlet/solicitudot?gx-no-cache=1457097414792 HTTP/1.1" 200 1115
191.112.104.108 - - [04/Mar/2016:10:16:31 -0300] "POST /cormun/servlet/trsolicitudot?a435462c377d6d9730db456272b4f890,gx-no-cache=1457097454888 HTTP/1.1" 200 7756
191.112.104.108 - - [04/Mar/2016:10:16:32 -0300] "POST /cormun/servlet/trsolicitudot?a435462c377d6d9730db456272b4f890,gx-no-cache=1457097456001 HTTP/1.1" 200 7756
191.112.104.108 - - [04/Mar/2016:10:16:34 -0300] "POST /cormun/servlet/trsolicitudot?a435462c377d6d9730db456272b4f890,gx-no-cache=1457097457305 HTTP/1.1" 200 7757
191.112.104.108 - - [04/Mar/2016:10:16:35 -0300] "POST /cormun/servlet/trsolicitudot?a435462c377d6d9730db456272b4f890,gx-no-cache=1457097458539 HTTP/1.1" 200 7757
191.112.104.108 - - [04/Mar/2016:10:16:37 -0300] "POST /cormun/servlet/trsolicitudot?a435462c377d6d9730db456272b4f890,gx-no-cache=1457097460112 HTTP/1.1" 200 7757
191.112.104.108 - - [04/Mar/2016:10:16:39 -0300] "POST /cormun/servlet/trsolicitudot?a435462c377d6d9730db456272b4f890,gx-no-cache=1457097461836 HTTP/1.1" 200 7757
191.112.104.108 - - [04/Mar/2016:10:16:40 -0300] "POST /cormun/servlet/trsolicitudot?a435462c377d6d9730db456272b4f890,gx-no-cache=1457097463304 HTTP/1.1" 200 105
191.112.104.108 - - [04/Mar/2016:10:16:40 -0300] "GET /cormun/servlet/solicitudot?DLT,2016,580, HTTP/1.1" 200 8442
191.112.104.108 - - [04/Mar/2016:10:16:41 -0300] "GET /cormun/servlet/solicitudot?DLT,2016,580, HTTP/1.1" 200 8451
191.112.104.108 - - [04/Mar/2016:10:16:46 -0300] "GET /cormun/servlet/solicitudot?b45c46adfaf7115fee39215409dfa1a60d73626ddd83d60a5556fd894119dafb81d2ef976c4a52b05feb11b7e341f0f831255e089c7cc6f8fa6260a888998ab809f8458031b0b91037c1bb7cc1b98a2371b6369fde718dd4c520bf150e99fec3329a4dc2d93845aa861b958c6eba3c1c767eecf7221e796e95aaf8815c49e1de37aa4f2fcd6b1f80cc89a4bacace637b6486ce3b3e7790f6b47dd7452ef5bc1b8f7d09467f903584231a31d54eb65a4e,gx-no-cache=1457097430356 HTTP/1.1" 200 30
191.112.104.108 - - [04/Mar/2016:10:16:51 -0300] "POST /cormun/servlet/solicitudot?a435462c377d6d9730db456272b4f890,DLT,2016,580,,gx-no-cache=1457097474384 HTTP/1.1" 200 93
191.112.104.108 - - [04/Mar/2016:10:16:51 -0300] "GET /cormun/servlet/hpexe_return? HTTP/1.1" 200 1034
191.112.104.108 - - [04/Mar/2016:10:16:51 -0300] "GET /cormun/static/gxcfg.js?2015111312145050 HTTP/1.1" 200 953
191.112.104.108 - - [04/Mar/2016:10:16:51 -0300] "GET /cormun/static/hpexe_return.js?2015111312145056 HTTP/1.1" 200 1633
191.112.104.108 - - [04/Mar/2016:10:16:52 -0300] "GET /cormun/static/Resources/Spanish/PXTools.css?12112540 HTTP/1.1" 200 89042
191.112.104.108 - - [04/Mar/2016:10:16:53 -0300] "GET /cormun/servlet/trsolicitudot?gx-no-cache=1457097461836 HTTP/1.1" 200 10157
191.112.104.108 - - [04/Mar/2016:10:16:53 -0300] "GET /cormun/servlet/trsolicitudot?gx-no-cache=1457097461836 HTTP/1.1" 200 10172
191.112.104.108 - - [04/Mar/2016:10:17:00 -0300] "POST /cormun/servlet/solicitudot?53548a419b0abf4d0b0647874261c9ad,INS,0,0,,gx-no-cache=1457097443951 HTTP/1.1" 200 93
191.112.104.108 - - [04/Mar/2016:10:17:00 -0300] "GET /cormun/servlet/hpexe_return? HTTP/1.1" 200 1033
191.112.104.108 - - [04/Mar/2016:10:17:01 -0300] "GET /cormun/servlet/trsolicitudot?gx-no-cache=1457097300552 HTTP/1.1" 200 10546
191.112.104.108 - - [04/Mar/2016:10:17:03 -0300] "GET /cormun/servlet/trsolicitudot?gx-no-cache=1457097300552 HTTP/1.1" 200 10562
186.103.159.44 - - [04/Mar/2016:10:17:23 -0300] "POST /cormun/servlet/solicitudot?gx-no-cache=1457097450432 HTTP/1.1" 200 30
191.112.104.108 - - [04/Mar/2016:10:17:30 -0300] "GET /cormun/servlet/solicitudot?INS,0,0, HTTP/1.1" 200 11430
186.103.159.44 - - [04/Mar/2016:10:17:31 -0300] "POST /cormun/servlet/solicitudot?gx-no-cache=1457097458199 HTTP/1.1" 200 30
191.112.104.108 - - [04/Mar/2016:10:17:33 -0300] "GET /cormun/servlet/solicitudot?INS,0,0, HTTP/1.1" 200 11413
191.112.104.108 - - [04/Mar/2016:10:17:37 -0300] "GET /cormun/servlet/trsolicitudot?gx-no-cache=1457097461836 HTTP/1.1" 200 10442
191.112.104.108 - - [04/Mar/2016:10:17:37 -0300] "GET /cormun/static/Shared/ext/resources/css/ext-all.css?215870 HTTP/1.1" 304 -
191.112.104.108 - - [04/Mar/2016:10:17:37 -0300] "GET /cormun/static/gxui/gxui-all.css?120300 HTTP/1.1" 304 -
191.112.104.108 - - [04/Mar/2016:10:17:37 -0300] "GET /cormun/static/calendar-system.css?85620 HTTP/1.1" 304 -
191.112.104.108 - - [04/Mar/2016:10:17:37 -0300] "GET /cormun/static/Resources/Spanish/PXTools.css?18502099 HTTP/1.1" 304 -
191.112.104.108 - - [04/Mar/2016:10:17:37 -0300] "GET /cormun/static/Shared/jqueryui/jquery-ui.min.css?1345370 HTTP/1.1" 304 -
191.112.104.108 - - [04/Mar/2016:10:17:37 -0300] "GET /cormun/static/SmoothNavMenu/resources/ddsmoothmenu.css?1112540 HTTP/1.1" 304 -
191.112.104.108 - - [04/Mar/2016:10:17:37 -0300] "GET /cormun/static/SmoothNavMenu/resources/ddsmoothmenu-v.css?1112540 HTTP/1.1" 304 -
191.112.104.108 - - [04/Mar/2016:10:17:37 -0300] "GET /cormun/static/scaMessage/css/jquery.pnotify.default.css?1816380 HTTP/1.1" 304 -
191.112.104.108 - - [04/Mar/2016:10:17:38 -0300] "GET /cormun/static/gxtimezone.js?85251 HTTP/1.1" 304 -
191.112.104.108 - - [04/Mar/2016:10:17:38 -0300] "GET /cormun/static/gxgral.js?85251 HTTP/1.1" 304 -
191.112.104.108 - - [04/Mar/2016:10:17:38 -0300] "GET /cormun/static/gxcfg.js?201631185636 HTTP/1.1" 304 -
191.112.104.108 - - [04/Mar/2016:10:17:38 -0300] "GET /cormun/static/calendar.js?85251 HTTP/1.1" 304 -
191.112.104.108 - - [04/Mar/2016:10:17:38 -0300] "GET /cormun/static/calendar-setup.js?85251 HTTP/1.1" 304 -
191.112.104.108 - - [04/Mar/2016:10:17:38 -0300] "GET /cormun/static/calendar-es.js?85251 HTTP/1.1" 304 -
191.112.104.108 - - [04/Mar/2016:10:17:38 -0300] "GET /cormun/static/Shared/ext/ext-all.js HTTP/1.1" 304 -
191.112.104.108 - - [04/Mar/2016:10:17:38 -0300] "GET /cormun/static/gxui/gxui-all.js HTTP/1.1" 304 -
191.112.104.108 - - [04/Mar/2016:10:17:38 -0300] "GET /cormun/static/RunJS/RunJS.js HTTP/1.1" 304 -
191.112.104.108 - - [04/Mar/2016:10:17:38 -0300] "GET /cormun/static/PXToolsJavascripts/pexe_autoreload.js HTTP/1.1" 304 -
191.112.104.108 - - [04/Mar/2016:10:17:38 -0300] "GET /cormun/static/PXToolsJavascripts/pexe_cookies.js HTTP/1.1" 304 -
191.112.104.108 - - [04/Mar/2016:10:17:38 -0300] "GET /cormun/static/PXToolsJavascripts/pexe_windows.js HTTP/1.1" 304 -
191.112.104.108 - - [04/Mar/2016:10:17:38 -0300] "GET /cormun/static/PXToolsJavascripts/pexe_grid.js HTTP/1.1" 304 -
191.112.104.108 - - [04/Mar/2016:10:17:38 -0300] "GET /cormun/static/PXToolsJavascripts/pexe_griddivfix.js HTTP/1.1" 304 -
191.112.104.108 - - [04/Mar/2016:10:17:38 -0300] "GET /cormun/static/PXToolsJavascripts/pexe_link.js HTTP/1.1" 304 -
191.112.104.108 - - [04/Mar/2016:10:17:38 -0300] "GET /cormun/static/PXToolsJavascripts/pexe_menudivfix.js HTTP/1.1" 304 -
191.112.104.108 - - [04/Mar/2016:10:17:38 -0300] "GET /cormun/static/PXToolsJavascripts/pexe_menus.js HTTP/1.1" 304 -
191.112.104.108 - - [04/Mar/2016:10:17:38 -0300] "GET /cormun/static/PXToolsJavascripts/pexe_layers.js HTTP/1.1" 304 -
191.112.104.108 - - [04/Mar/2016:10:17:38 -0300] "GET /cormun/static/PXToolsJavascripts/pexe_oav.js HTTP/1.1" 304 -
191.112.104.108 - - [04/Mar/2016:10:17:38 -0300] "GET /cormun/static/PXToolsJavascripts/pexe_oavdivfix.js HTTP/1.1" 304 -
191.112.104.108 - - [04/Mar/2016:10:17:38 -0300] "GET /cormun/static/PXToolsJavascripts/pexe_picture.js HTTP/1.1" 304 -
191.112.104.108 - - [04/Mar/2016:10:17:38 -0300] "GET /cormun/static/PXToolsJavascripts/pexe_popup.js HTTP/1.1" 304 -
191.112.104.108 - - [04/Mar/2016:10:17:38 -0300] "GET /cormun/static/PXToolsJavascripts/pexe_scrolldiv.js HTTP/1.1" 304 -
191.112.104.108 - - [04/Mar/2016:10:17:38 -0300] "GET /cormun/static/PXToolsJavascripts/pexe_tabdivfix.js HTTP/1.1" 304 -
191.112.104.108 - - [04/Mar/2016:10:17:38 -0300] "GET /cormun/static/PXToolsJavascripts/pexe_tabs.js HTTP/1.1" 304 -
191.112.104.108 - - [04/Mar/2016:10:17:38 -0300] "GET /cormun/static/PXToolsJavascripts/pexe_upload.js HTTP/1.1" 304 -
191.112.104.108 - - [04/Mar/2016:10:17:38 -0300] "GET /cormun/static/PXToolsJavascripts/PXToolsJavascriptsRender.js HTTP/1.1" 304 -
191.112.104.108 - - [04/Mar/2016:10:17:38 -0300] "GET /cormun/static/Shared/ext/locale/ext-lang-en.js HTTP/1.1" 304 -
191.112.104.108 - - [04/Mar/2016:10:17:38 -0300] "GET /cormun/static/messages.spa.js?85251 HTTP/1.1" 304 -
191.112.104.108 - - [04/Mar/2016:10:17:38 -0300] "GET /cormun/static/gxdec.js?85251 HTTP/1.1" 304 -
191.112.104.108 - - [04/Mar/2016:10:17:38 -0300] "GET /cormun/static/trsolicitudot.js?2016311856838 HTTP/1.1" 304 -
191.112.104.108 - - [04/Mar/2016:10:17:38 -0300] "GET /cormun/static/hwchdr01.js?20162241650484 HTTP/1.1" 304 -
191.112.104.108 - - [04/Mar/2016:10:17:38 -0300] "GET /cormun/static/hpexe_recentlink.js?2015111312121342 HTTP/1.1" 304 -
191.112.104.108 - - [04/Mar/2016:10:17:38 -0300] "GET /cormun/static/hpexe_scripts.js?20151120014546 HTTP/1.1" 304 -
191.112.104.108 - - [04/Mar/2016:10:17:38 -0300] "GET /cormun/static/hpexe_messagecontroller.js?2015112210524422 HTTP/1.1" 304 -
191.112.104.108 - - [04/Mar/2016:10:17:38 -0300] "GET /cormun/static/hpexe_messagepopupcomponent.js?20163219454551 HTTP/1.1" 304 -
191.112.104.108 - - [04/Mar/2016:10:17:38 -0300] "GET /cormun/static/hpexe_messagegenexuscomponent.js?20151120014314 HTTP/1.1" 304 -
191.112.104.108 - - [04/Mar/2016:10:17:38 -0300] "GET /cormun/static/cmcontrolpreferences.js?20151120014525 HTTP/1.1" 304 -
191.112.104.108 - - [04/Mar/2016:10:17:39 -0300] "GET /cormun/static/Shared/jquery/jquery-1.4.2.min.js HTTP/1.1" 304 -
191.112.104.108 - - [04/Mar/2016:10:17:39 -0300] "GET /cormun/static/Shared/jquery/jquery-1.10.2.min.js HTTP/1.1" 304 -
191.112.104.108 - - [04/Mar/2016:10:17:39 -0300] "GET /cormun/static/Shared/jqueryui/jquery-ui.min.js HTTP/1.1" 304 -
191.112.104.108 - - [04/Mar/2016:10:17:39 -0300] "GET /cormun/static/SmoothNavMenu/resources/ddsmoothmenu.js HTTP/1.1" 304 -
191.112.104.108 - - [04/Mar/2016:10:17:39 -0300] "GET /cormun/static/SmoothNavMenu/resources/SmoothNavMenuRender.js HTTP/1.1" 304 -
191.112.104.108 - - [04/Mar/2016:10:17:39 -0300] "GET /cormun/static/scaMessage/js/jquery.pnotify.min.js HTTP/1.1" 304 -
191.112.104.108 - - [04/Mar/2016:10:17:39 -0300] "GET /cormun/static/scaMessage/scaMessageRender.js HTTP/1.1" 304 -
191.112.104.108 - - [04/Mar/2016:10:17:39 -0300] "GET /cormun/static/hmpwkw03.js?2016311993330 HTTP/1.1" 304 -
191.112.104.108 - - [04/Mar/2016:10:17:39 -0300] "GET /cormun/static/Resources/PXToolsFooterBackground2.png HTTP/1.1" 304 -
191.112.104.108 - - [04/Mar/2016:10:17:39 -0300] "GET /cormun/static/Resources/PXToolsHeaderActionsBackground.png HTTP/1.1" 304 -
191.112.104.108 - - [04/Mar/2016:10:17:39 -0300] "GET /cormun/static/Resources/PXToolsHeaderLogin.png HTTP/1.1" 304 -
191.112.104.108 - - [04/Mar/2016:10:17:39 -0300] "GET /cormun/static/Resources/PXToolsHeaderActionsLeft.png HTTP/1.1" 304 -
191.112.104.108 - - [04/Mar/2016:10:17:39 -0300] "GET /cormun/static/Resources/PXToolsHeaderActionsRight.png HTTP/1.1" 304 -
191.112.104.108 - - [04/Mar/2016:10:17:39 -0300] "GET /cormun/static/Resources/PXToolsHeaderSecurity.png HTTP/1.1" 304 -
191.112.104.108 - - [04/Mar/2016:10:17:39 -0300] "GET /cormun/static/Resources/PXToolsHeaderHome.png HTTP/1.1" 304 -
191.112.104.108 - - [04/Mar/2016:10:17:39 -0300] "GET /cormun/static/Resources/PXToolsHeaderPreferences.png HTTP/1.1" 304 -
191.112.104.108 - - [04/Mar/2016:10:17:39 -0300] "GET /cormun/static/Resources/PXToolsGridNew.png HTTP/1.1" 304 -
191.112.104.108 - - [04/Mar/2016:10:17:39 -0300] "GET /cormun/static/Resources/PXToolsGridLast.gif HTTP/1.1" 304 -
191.112.104.108 - - [04/Mar/2016:10:17:39 -0300] "GET /cormun/static/Resources/PXToolsGridFirst.gif HTTP/1.1" 304 -
191.112.104.108 - - [04/Mar/2016:10:17:39 -0300] "GET /cormun/servlet/trsolicitudot?gx-no-cache=1457097461836 HTTP/1.1" 200 10457
191.112.104.108 - - [04/Mar/2016:10:17:39 -0300] "GET /cormun/static/Resources/PXToolsGridPrevious.gif HTTP/1.1" 304 -
191.112.104.108 - - [04/Mar/2016:10:17:39 -0300] "GET /cormun/static/Resources/PXToolsActionExcel.png HTTP/1.1" 304 -
191.112.104.108 - - [04/Mar/2016:10:17:39 -0300] "GET /cormun/static/Resources/PXToolsGridNext.gif HTTP/1.1" 304 -
191.112.104.108 - - [04/Mar/2016:10:17:39 -0300] "GET /cormun//static/Resources/PXToolsActionView.png HTTP/1.1" 304 -
191.112.104.108 - - [04/Mar/2016:10:17:39 -0300] "GET /cormun//static/Resources/PXToolsGridUpdate.png HTTP/1.1" 304 -
191.112.104.108 - - [04/Mar/2016:10:17:39 -0300] "GET /cormun//static/Resources/PXToolsGridDelete.png HTTP/1.1" 304 -
191.112.104.108 - - [04/Mar/2016:10:17:39 -0300] "GET /cormun//static/Resources/PXToolsRemoveAllAction.png HTTP/1.1" 304 -
191.112.104.108 - - [04/Mar/2016:10:17:39 -0300] "GET /cormun//static/Resources/PXTools/ActionInsert.png HTTP/1.1" 304 -
191.112.104.108 - - [04/Mar/2016:10:17:39 -0300] "GET /cormun/static/SmoothNavMenu/resources/images/down.gif HTTP/1.1" 304 -
191.112.104.108 - - [04/Mar/2016:10:17:39 -0300] "GET /cormun/static/Resources/PXToolsDataSearch.png HTTP/1.1" 304 -
191.112.104.108 - - [04/Mar/2016:10:17:39 -0300] "GET /cormun/static/Resources/PXTools/calendar.png HTTP/1.1" 304 -
191.112.104.108 - - [04/Mar/2016:10:17:39 -0300] "GET /cormun/static/Resources/logo4.png HTTP/1.1" 304 -
191.112.104.108 - - [04/Mar/2016:10:17:39 -0300] "GET /cormun/static/Resources/indicator.gif HTTP/1.1" 304 -
191.112.104.108 - - [04/Mar/2016:10:17:40 -0300] "GET /cormun/static/Resources/asc.gif HTTP/1.1" 304 -
191.112.104.108 - - [04/Mar/2016:10:17:40 -0300] "GET /cormun/static/Resources/desc.gif HTTP/1.1" 304 -
191.112.104.108 - - [04/Mar/2016:10:17:40 -0300] "GET /favicon.ico HTTP/1.1" 200 21630
191.112.104.108 - - [04/Mar/2016:10:17:47 -0300] "POST /cormun/servlet/solicitudot?gx-no-cache=1457097489461 HTTP/1.1" 200 2780
191.112.104.108 - - [04/Mar/2016:10:17:48 -0300] "POST /cormun/servlet/solicitudot?53548a419b0abf4d0b0647874261c9ad,INS,0,0,,gx-no-cache=1457097491876 HTTP/1.1" 200 8431
191.112.104.108 - - [04/Mar/2016:10:17:53 -0300] "GET /cormun/servlet/solicitudot?b45c46adfaf7115fee39215409dfa1a6a8a740a2f5fa04d9321d42779235f46077aa2280849861f08235227af5f228c8,gx-no-cache=1457097497369 HTTP/1.1" 200 30
191.112.104.108 - - [04/Mar/2016:10:17:54 -0300] "POST /cormun/servlet/solicitudot?gx-no-cache=1457097498275 HTTP/1.1" 200 30
191.112.104.108 - - [04/Mar/2016:10:17:55 -0300] "POST /cormun/servlet/solicitudot?gx-no-cache=1457097499096 HTTP/1.1" 200 33
191.112.104.108 - - [04/Mar/2016:10:17:56 -0300] "POST /cormun/servlet/solicitudot?gx-no-cache=1457097499977 HTTP/1.1" 200 1158
191.112.104.108 - - [04/Mar/2016:10:17:57 -0300] "GET /cormun/servlet/solicitudot?b45c46adfaf7115fee39215409dfa1a6969043cf3fc29cc56d6f2366aa991322531ed909a9a7e0d64ab6209c9e0899c1eb4602436abc66f7cebaf7577078ef1614fd3f42511980155bf954f55fecf196a633124049a022f857a8d62615d8a5bbdbf6b939cd3a025b77074de1cd578e0efa47e5bf234c9af1fd38bb3c3f658525831a6e647362b6e91f15dd0c85a8d0ed,gx-no-cache=1457097500948 HTTP/1.1" 200 38
191.112.104.108 - - [04/Mar/2016:10:18:10 -0300] "GET /cormun/servlet/solicitudot?b45c46adfaf7115fee39215409dfa1a6b01cbb3cb85588d14ea12be7a33c73ac32a0a9792d14f742c868ff8fd509cb1a3c87e22e3c2a350cd3ed26239a64b550bcdb38423415ed4dbcc70b1ffefebc4994b5caf69d3efcdedd2f1276846ce2e40c4632b24154a6e74d937eef366906fab45ab16c42a312ec3340761411b7ffc5310adebee24c4c41e93418c1497f8d7f33594bbc8f8c7483d54299094228b5a131217ad089c8726c1a18acda7a9208cd3d65095aae906b5d1853d9be3a40849db58f7221ca2d6da9c542ebffe6c5c07d,gx-no-cache=1457097514106 HTTP/1.1" 200 29
191.112.104.108 - - [04/Mar/2016:10:18:14 -0300] "POST /cormun/servlet/solicitudot?gx-no-cache=1457097518775 HTTP/1.1" 200 1115
186.103.159.44 - - [04/Mar/2016:10:18:29 -0300] "POST /cormun/servlet/solicitudot?gx-no-cache=1457097516373 HTTP/1.1" 200 452
186.103.159.44 - - [04/Mar/2016:10:18:29 -0300] "GET /cormun/servlet/solicitudot?fa05f6754cb1eb65350a26ae55bd43d8cd60b0e0b74dacf3ae745209ed55babe4ab1e18de601e8991274f695c273db692aae52e53f54c3fd61e9cd3a27d385df5ae83205c09c66a8a7b3643248ea784a422375ec4d61d95b7167c6ac890063c73b4b92325e777c1f75a7bc1d159ca27751fd77e0c7dd5ae4a5d04ec62c3da4ade6385270b895443e8d4a4d4b20f524bd,gx-no-cache=1457097516442 HTTP/1.1" 200 38
191.112.104.108 - - [04/Mar/2016:10:18:42 -0300] "GET /cormun/servlet/solicitudot?b45c46adfaf7115fee39215409dfa1a60d73626ddd83d60a5556fd894119dafb81d2ef976c4a52b05feb11b7e341f0f831255e089c7cc6f8fa6260a888998ab809f8458031b0b91037c1bb7cc1b98a2371b6369fde718dd4c520bf150e99fec3329a4dc2d93845aa861b958c6eba3c1c767eecf7221e796e95aaf8815c49e1de37aa4f2fcd6b1f80cc89a4bacace637b6486ce3b3e7790f6b47dd7452ef5bc1b8f7d09467f903584231a31d54eb65a4e,gx-no-cache=1457097546515 HTTP/1.1" 200 30
192.168.10.98 - - [04/Mar/2016:10:19:09 -0300] "POST /cormun/servlet/solicitudot?e03e5b14903f058cc218f9221dee9415,INS,0,0,,gx-no-cache=1457097301864 HTTP/1.1" 200 93
192.168.10.98 - - [04/Mar/2016:10:19:09 -0300] "GET /cormun/servlet/hpexe_return? HTTP/1.1" 200 1003
192.168.10.98 - - [04/Mar/2016:10:19:09 -0300] "GET /cormun/static/Resources/Spanish/PXTools.css?12112540 HTTP/1.1" 304 -
192.168.10.98 - - [04/Mar/2016:10:19:09 -0300] "GET /cormun/static/gxcfg.js?2015111312145050 HTTP/1.1" 304 -
192.168.10.98 - - [04/Mar/2016:10:19:09 -0300] "GET /cormun/static/hpexe_return.js?2015111312145056 HTTP/1.1" 304 -
192.168.10.98 - - [04/Mar/2016:10:19:10 -0300] "GET /cormun/servlet/trsolicitudot HTTP/1.1" 200 6217
192.168.10.98 - - [04/Mar/2016:10:19:10 -0300] "GET /cormun/servlet/trsolicitudot HTTP/1.1" 200 6213
192.168.10.98 - - [04/Mar/2016:10:19:13 -0300] "GET /cormun/servlet/solicitudot?INS,0,0, HTTP/1.1" 200 11459
192.168.10.98 - - [04/Mar/2016:10:19:13 -0300] "GET /cormun/servlet/solicitudot?INS,0,0, HTTP/1.1" 200 11464
192.168.10.98 - - [04/Mar/2016:10:19:20 -0300] "POST /cormun/servlet/solicitudot?gx-no-cache=1457097312083 HTTP/1.1" 200 2774
192.168.10.98 - - [04/Mar/2016:10:19:20 -0300] "POST /cormun/servlet/solicitudot?e03e5b14903f058cc218f9221dee9415,INS,0,0,,gx-no-cache=1457097312235 HTTP/1.1" 200 8420
191.112.104.108 - - [04/Mar/2016:10:19:30 -0300] "POST /cormun/servlet/solicitudot?53548a419b0abf4d0b0647874261c9ad,INS,0,0,,gx-no-cache=1457097589745 HTTP/1.1" 200 93
191.112.104.108 - - [04/Mar/2016:10:19:30 -0300] "GET /cormun/servlet/hpexe_return? HTTP/1.1" 200 1033
191.112.104.108 - - [04/Mar/2016:10:19:31 -0300] "GET /cormun/servlet/trsolicitudot?gx-no-cache=1457097300552 HTTP/1.1" 200 10765
191.112.104.108 - - [04/Mar/2016:10:19:33 -0300] "GET /cormun/servlet/trsolicitudot?gx-no-cache=1457097300552 HTTP/1.1" 200 10780
186.103.159.44 - - [04/Mar/2016:10:20:44 -0300] "GET /cormun/servlet/solicitudot?fa05f6754cb1eb65350a26ae55bd43d8e6da0753358db40c1fcf76406d93f02b593c872285ef5d244a5122e0414045fec78a5b972d238e6ef4ba4669e0b72240d5b8b0a1004337bb75e8519cc1f8bd12c9e0898ec3e396b2ae7164a3ebd339f0aeea0b28668f2e9fbaf4a4de7e6fd93d,gx-no-cache=1457097651339 HTTP/1.1" 200 29
186.103.159.44 - - [04/Mar/2016:10:20:46 -0300] "POST /cormun/servlet/solicitudot?gx-no-cache=1457097653630 HTTP/1.1" 200 1116
191.112.101.245 - - [04/Mar/2016:10:21:35 -0300] "POST /cormun/servlet/hlogin?428d7be0fbe5204dc772c6c5d6b23893,gx-no-cache=1457097720087 HTTP/1.1" 200 90
191.112.101.245 - - [04/Mar/2016:10:21:35 -0300] "GET /cormun/servlet/hpexe_link HTTP/1.1" 200 976
191.112.101.245 - - [04/Mar/2016:10:21:35 -0300] "GET /cormun/servlet/trsolicitudot?gx-no-cache=1457092391068 HTTP/1.1" 200 6032
