186.67.172.234 - - [04/Mar/2016:12:16:56 -0300] "GET /cormun/servlet/hpexe_link HTTP/1.1" 200 981
186.67.172.234 - - [04/Mar/2016:12:16:56 -0300] "GET /cormun/servlet/trsolicitudot?gx-no-cache=1457104641027 HTTP/1.1" 200 7353
186.67.172.234 - - [04/Mar/2016:12:16:57 -0300] "GET /cormun/servlet/trsolicitudot?gx-no-cache=1457104641027 HTTP/1.1" 200 7372
186.67.172.234 - - [04/Mar/2016:12:17:00 -0300] "POST /cormun/servlet/trsolicitudot?a01bc39df05f5bdbb4e3d7e06520e9ea,gx-no-cache=1457104641027,gx-no-cache=1457104672213 HTTP/1.1" 200 4711
186.67.172.234 - - [04/Mar/2016:12:17:00 -0300] "POST /cormun/servlet/trsolicitudot?a01bc39df05f5bdbb4e3d7e06520e9ea,gx-no-cache=1457104641027,gx-no-cache=1457104672363 HTTP/1.1" 200 4711
186.67.172.234 - - [04/Mar/2016:12:17:01 -0300] "POST /cormun/servlet/trsolicitudot?a01bc39df05f5bdbb4e3d7e06520e9ea,gx-no-cache=1457104641027,gx-no-cache=1457104672494 HTTP/1.1" 200 4711
186.67.172.234 - - [04/Mar/2016:12:17:01 -0300] "POST /cormun/servlet/trsolicitudot?a01bc39df05f5bdbb4e3d7e06520e9ea,gx-no-cache=1457104641027,gx-no-cache=1457104672647 HTTP/1.1" 200 4711
186.67.172.234 - - [04/Mar/2016:12:17:01 -0300] "POST /cormun/servlet/trsolicitudot?a01bc39df05f5bdbb4e3d7e06520e9ea,gx-no-cache=1457104641027,gx-no-cache=1457104672754 HTTP/1.1" 200 4711
186.67.172.234 - - [04/Mar/2016:12:17:01 -0300] "POST /cormun/servlet/trsolicitudot?a01bc39df05f5bdbb4e3d7e06520e9ea,gx-no-cache=1457104641027,gx-no-cache=1457104672875 HTTP/1.1" 200 4711
186.67.172.234 - - [04/Mar/2016:12:17:01 -0300] "POST /cormun/servlet/trsolicitudot?a01bc39df05f5bdbb4e3d7e06520e9ea,gx-no-cache=1457104641027,gx-no-cache=1457104673014 HTTP/1.1" 200 4711
186.67.172.234 - - [04/Mar/2016:12:17:01 -0300] "POST /cormun/servlet/trsolicitudot?a01bc39df05f5bdbb4e3d7e06520e9ea,gx-no-cache=1457104641027,gx-no-cache=1457104673195 HTTP/1.1" 200 4728
186.67.172.234 - - [04/Mar/2016:12:17:01 -0300] "GET /cormun/static/Shared/jqueryui/images/ui-bg_highlight-soft_100_c6c2c8_1x100.png HTTP/1.1" 404 1117
186.67.172.234 - - [04/Mar/2016:12:17:01 -0300] "GET /cormun/static/Shared/jqueryui/images/ui-icons_82798d_256x240.png HTTP/1.1" 404 1089
186.67.172.234 - - [04/Mar/2016:12:17:01 -0300] "GET /cormun/static/Shared/jqueryui/images/ui-icons_8d78a5_256x240.png HTTP/1.1" 404 1089
186.67.172.234 - - [04/Mar/2016:12:17:01 -0300] "GET /cormun/static/Shared/jqueryui/images/ui-bg_flat_55_fafafa_40x100.png HTTP/1.1" 404 1097
186.103.240.224 - - [04/Mar/2016:12:17:51 -0300] "POST /cormun/servlet/trautorizarsolicitud?cf1b3d84f5ed02cb756fc7892ae6ccf8,,gx-no-cache=1457104734896 HTTP/1.1" 200 8038
186.103.240.224 - - [04/Mar/2016:12:17:52 -0300] "POST /cormun/servlet/trautorizarsolicitud?cf1b3d84f5ed02cb756fc7892ae6ccf8,,gx-no-cache=1457104736008 HTTP/1.1" 200 7980
186.103.240.224 - - [04/Mar/2016:12:18:14 -0300] "POST /cormun/servlet/trautorizarsolicitud?cf1b3d84f5ed02cb756fc7892ae6ccf8,,gx-no-cache=1457104757912 HTTP/1.1" 200 7752
186.103.240.224 - - [04/Mar/2016:12:18:15 -0300] "POST /cormun/servlet/trautorizarsolicitud?cf1b3d84f5ed02cb756fc7892ae6ccf8,,gx-no-cache=1457104759026 HTTP/1.1" 200 7695
186.67.172.234 - - [04/Mar/2016:12:18:22 -0300] "POST /cormun/servlet/trsolicitudot?a01bc39df05f5bdbb4e3d7e06520e9ea,gx-no-cache=1457104641027,gx-no-cache=1457104754188 HTTP/1.1" 200 4728
186.67.172.234 - - [04/Mar/2016:12:18:32 -0300] "GET /cormun/servlet/hlogin HTTP/1.1" 200 1727
186.103.240.224 - - [04/Mar/2016:12:18:34 -0300] "POST /cormun/servlet/trautorizarsolicitud?cf1b3d84f5ed02cb756fc7892ae6ccf8,,gx-no-cache=1457104777960 HTTP/1.1" 200 7506
186.67.172.234 - - [04/Mar/2016:12:18:35 -0300] "POST /cormun/servlet/hlogin?a01bc39df05f5bdbb4e3d7e06520e9ea,gx-no-cache=1457104766399 HTTP/1.1" 200 90
186.67.172.234 - - [04/Mar/2016:12:18:35 -0300] "GET /cormun/servlet/hpexe_link HTTP/1.1" 200 981
186.67.172.234 - - [04/Mar/2016:12:18:35 -0300] "GET /cormun/servlet/trsolicitudot?gx-no-cache=1457104641027 HTTP/1.1" 200 7353
186.103.240.224 - - [04/Mar/2016:12:18:35 -0300] "POST /cormun/servlet/trautorizarsolicitud?cf1b3d84f5ed02cb756fc7892ae6ccf8,,gx-no-cache=1457104779009 HTTP/1.1" 200 7446
186.67.172.234 - - [04/Mar/2016:12:18:35 -0300] "GET /cormun/servlet/trsolicitudot?gx-no-cache=1457104641027 HTTP/1.1" 200 7372
186.103.159.189 - - [04/Mar/2016:12:18:38 -0300] "POST /cormun/servlet/solicitudot?3f05a12279fed320fdf13c2c3864915c,INS,0,0,,gx-no-cache=1457104745333 HTTP/1.1" 200 93
186.103.159.189 - - [04/Mar/2016:12:18:39 -0300] "GET /cormun/servlet/hpexe_return? HTTP/1.1" 200 1003
186.103.159.189 - - [04/Mar/2016:12:18:39 -0300] "GET /cormun/servlet/trsolicitudot HTTP/1.1" 200 8119
186.103.159.189 - - [04/Mar/2016:12:18:42 -0300] "GET /cormun/servlet/trsolicitudot HTTP/1.1" 200 8115
186.103.159.204 - - [04/Mar/2016:12:18:46 -0300] "GET /cormun/servlet/trsolicitudot? HTTP/1.1" 200 7172
186.103.159.204 - - [04/Mar/2016:12:18:46 -0300] "GET /cormun/static/Resources/Spanish/PXTools.css?18502099 HTTP/1.1" 304 -
186.103.159.204 - - [04/Mar/2016:12:18:46 -0300] "GET /cormun/static/gxcfg.js?201631185636 HTTP/1.1" 304 -
186.103.159.204 - - [04/Mar/2016:12:18:47 -0300] "GET /cormun/static/trsolicitudot.js?2016311856838 HTTP/1.1" 304 -
186.103.159.204 - - [04/Mar/2016:12:18:47 -0300] "GET /cormun/servlet/hlogin HTTP/1.1" 200 1733
186.103.159.204 - - [04/Mar/2016:12:18:47 -0300] "GET /cormun/servlet/trsolicitudot? HTTP/1.1" 200 7172
186.67.172.234 - - [04/Mar/2016:12:19:02 -0300] "POST /cormun/servlet/trsolicitudot?a01bc39df05f5bdbb4e3d7e06520e9ea,gx-no-cache=1457104641027,gx-no-cache=1457104793917 HTTP/1.1" 200 4711
186.67.172.234 - - [04/Mar/2016:12:19:02 -0300] "POST /cormun/servlet/trsolicitudot?a01bc39df05f5bdbb4e3d7e06520e9ea,gx-no-cache=1457104641027,gx-no-cache=1457104794111 HTTP/1.1" 200 4711
186.67.172.234 - - [04/Mar/2016:12:19:02 -0300] "POST /cormun/servlet/trsolicitudot?a01bc39df05f5bdbb4e3d7e06520e9ea,gx-no-cache=1457104641027,gx-no-cache=1457104794267 HTTP/1.1" 200 4711
186.67.172.234 - - [04/Mar/2016:12:19:03 -0300] "POST /cormun/servlet/trsolicitudot?a01bc39df05f5bdbb4e3d7e06520e9ea,gx-no-cache=1457104641027,gx-no-cache=1457104794379 HTTP/1.1" 200 4711
186.67.172.234 - - [04/Mar/2016:12:19:03 -0300] "POST /cormun/servlet/trsolicitudot?a01bc39df05f5bdbb4e3d7e06520e9ea,gx-no-cache=1457104641027,gx-no-cache=1457104794538 HTTP/1.1" 200 4711
186.67.172.234 - - [04/Mar/2016:12:19:03 -0300] "POST /cormun/servlet/trsolicitudot?a01bc39df05f5bdbb4e3d7e06520e9ea,gx-no-cache=1457104641027,gx-no-cache=1457104794687 HTTP/1.1" 200 4711
186.67.172.234 - - [04/Mar/2016:12:19:03 -0300] "POST /cormun/servlet/trsolicitudot?a01bc39df05f5bdbb4e3d7e06520e9ea,gx-no-cache=1457104641027,gx-no-cache=1457104794836 HTTP/1.1" 200 4711
186.67.172.234 - - [04/Mar/2016:12:19:03 -0300] "POST /cormun/servlet/trsolicitudot?a01bc39df05f5bdbb4e3d7e06520e9ea,gx-no-cache=1457104641027,gx-no-cache=1457104794997 HTTP/1.1" 200 4728
186.67.172.234 - - [04/Mar/2016:12:19:03 -0300] "GET /cormun/static/Shared/jqueryui/images/ui-bg_highlight-soft_100_c6c2c8_1x100.png HTTP/1.1" 404 1117
186.67.172.234 - - [04/Mar/2016:12:19:03 -0300] "GET /cormun/static/Shared/jqueryui/images/ui-icons_82798d_256x240.png HTTP/1.1" 404 1089
186.67.172.234 - - [04/Mar/2016:12:19:03 -0300] "GET /cormun/static/Shared/jqueryui/images/ui-bg_flat_55_fafafa_40x100.png HTTP/1.1" 404 1097
186.67.172.234 - - [04/Mar/2016:12:19:03 -0300] "GET /cormun/static/Shared/jqueryui/images/ui-icons_8d78a5_256x240.png HTTP/1.1" 404 1089
186.103.159.204 - - [04/Mar/2016:12:19:08 -0300] "POST /cormun/servlet/hlogin?aea5a0543dcdd9a9f4df26b765167e27,gx-no-cache=1457104770261 HTTP/1.1" 200 90
186.103.159.204 - - [04/Mar/2016:12:19:08 -0300] "GET /cormun/servlet/hpexe_link HTTP/1.1" 200 953
186.103.159.204 - - [04/Mar/2016:12:19:08 -0300] "GET /cormun/static/hpexe_link.js?20151120044398 HTTP/1.1" 200 625
186.103.159.204 - - [04/Mar/2016:12:19:08 -0300] "GET /cormun/servlet/trsolicitudot HTTP/1.1" 200 6075
186.103.159.204 - - [04/Mar/2016:12:19:09 -0300] "GET /cormun/servlet/trsolicitudot HTTP/1.1" 200 6073
186.103.240.224 - - [04/Mar/2016:12:19:10 -0300] "POST /cormun/servlet/trautorizarsolicitud?cf1b3d84f5ed02cb756fc7892ae6ccf8,,gx-no-cache=1457104813793 HTTP/1.1" 200 7206
186.103.240.224 - - [04/Mar/2016:12:19:11 -0300] "POST /cormun/servlet/trautorizarsolicitud?cf1b3d84f5ed02cb756fc7892ae6ccf8,,gx-no-cache=1457104814851 HTTP/1.1" 200 7149
186.103.159.204 - - [04/Mar/2016:12:19:18 -0300] "POST /cormun/servlet/trsolicitudot?aea5a0543dcdd9a9f4df26b765167e27,gx-no-cache=1457104780276 HTTP/1.1" 200 3238
186.103.159.204 - - [04/Mar/2016:12:19:18 -0300] "POST /cormun/servlet/trsolicitudot?aea5a0543dcdd9a9f4df26b765167e27,gx-no-cache=1457104780451 HTTP/1.1" 200 3238
186.103.159.204 - - [04/Mar/2016:12:19:18 -0300] "POST /cormun/servlet/trsolicitudot?aea5a0543dcdd9a9f4df26b765167e27,gx-no-cache=1457104780623 HTTP/1.1" 200 3238
186.103.159.204 - - [04/Mar/2016:12:19:18 -0300] "POST /cormun/servlet/trsolicitudot?aea5a0543dcdd9a9f4df26b765167e27,gx-no-cache=1457104780794 HTTP/1.1" 200 3238
186.103.159.204 - - [04/Mar/2016:12:19:19 -0300] "POST /cormun/servlet/trsolicitudot?aea5a0543dcdd9a9f4df26b765167e27,gx-no-cache=1457104781340 HTTP/1.1" 200 3239
186.103.159.204 - - [04/Mar/2016:12:19:19 -0300] "GET /cormun/servlet/trsolicitudot?5db577cc429ca8d34e24c9849914a2aabac62df06d0dc06a0c94bea5317455a52f0a055ce68921dcd2abcf2a993bea3e261a438022aaf8ae4cdeecbb0c5e64a4a86b0fc366b5b30c4dd3b9dca29aa084,gx-no-cache=1457104781744 HTTP/1.1" 200 761
186.103.159.189 - - [04/Mar/2016:12:19:38 -0300] "POST /cormun/servlet/trsolicitudot?3f05a12279fed320fdf13c2c3864915c,gx-no-cache=1457104804595 HTTP/1.1" 200 5564
186.103.159.189 - - [04/Mar/2016:12:19:38 -0300] "POST /cormun/servlet/trsolicitudot?3f05a12279fed320fdf13c2c3864915c,gx-no-cache=1457104805247 HTTP/1.1" 200 5564
186.103.159.189 - - [04/Mar/2016:12:19:39 -0300] "POST /cormun/servlet/trsolicitudot?3f05a12279fed320fdf13c2c3864915c,gx-no-cache=1457104805773 HTTP/1.1" 200 5563
186.103.159.189 - - [04/Mar/2016:12:19:39 -0300] "POST /cormun/servlet/trsolicitudot?3f05a12279fed320fdf13c2c3864915c,gx-no-cache=1457104806261 HTTP/1.1" 200 5564
186.103.159.189 - - [04/Mar/2016:12:19:40 -0300] "POST /cormun/servlet/trsolicitudot?3f05a12279fed320fdf13c2c3864915c,gx-no-cache=1457104806756 HTTP/1.1" 200 5564
186.103.159.189 - - [04/Mar/2016:12:19:40 -0300] "POST /cormun/servlet/trsolicitudot?3f05a12279fed320fdf13c2c3864915c,gx-no-cache=1457104807323 HTTP/1.1" 200 5565
186.103.159.189 - - [04/Mar/2016:12:19:41 -0300] "POST /cormun/servlet/trsolicitudot?3f05a12279fed320fdf13c2c3864915c,gx-no-cache=1457104807912 HTTP/1.1" 200 5564
186.103.159.189 - - [04/Mar/2016:12:19:41 -0300] "POST /cormun/servlet/trsolicitudot?3f05a12279fed320fdf13c2c3864915c,gx-no-cache=1457104808526 HTTP/1.1" 200 105
186.103.159.189 - - [04/Mar/2016:12:19:42 -0300] "GET /cormun/servlet/trsolicitudadjuntos?2016,604, HTTP/1.1" 200 5351
186.67.172.234 - - [04/Mar/2016:12:19:42 -0300] "POST /cormun/servlet/trsolicitudot?a01bc39df05f5bdbb4e3d7e06520e9ea,gx-no-cache=1457104641027,gx-no-cache=1457104833803 HTTP/1.1" 200 4728
186.103.159.189 - - [04/Mar/2016:12:19:44 -0300] "GET /cormun/servlet/trsolicitudadjuntos?2016,604, HTTP/1.1" 200 5351
186.103.159.189 - - [04/Mar/2016:12:19:48 -0300] "GET /cormun/servlet/solicitudotadjuntos?INS,2016,604,,1, HTTP/1.1" 200 5442
186.103.159.189 - - [04/Mar/2016:12:19:48 -0300] "GET /cormun/static/about:blank HTTP/1.1" 404 1011
186.103.159.189 - - [04/Mar/2016:12:19:50 -0300] "GET /cormun/servlet/solicitudotadjuntos?INS,2016,604,,1, HTTP/1.1" 200 5436
186.103.159.189 - - [04/Mar/2016:12:19:51 -0300] "GET /cormun/servlet/solicitudotadjuntos?7c4f5895db82bfafc7ecc326e7563a26f1906da933189c80f0e90e7fdf8caf327ad66371f567c547c09634d795675053,gx-no-cache=1457104817725 HTTP/1.1" 200 30
186.103.159.189 - - [04/Mar/2016:12:19:51 -0300] "POST /cormun/servlet/solicitudotadjuntos?3f05a12279fed320fdf13c2c3864915c,INS,2016,604,,1,,gx-no-cache=1457104817814 HTTP/1.1" 200 3315
186.103.159.189 - - [04/Mar/2016:12:19:59 -0300] "POST /cormun/servlet/solicitudotadjuntos?gx-no-cache=1457104825746 HTTP/1.1" 200 26
186.67.172.234 - - [04/Mar/2016:12:20:03 -0300] "GET /cormun/servlet/hlogin HTTP/1.1" 200 1727
192.168.10.89 - - [04/Mar/2016:12:20:05 -0300] "GET /cormun/servlet/hhome HTTP/1.1" 200 3224
192.168.10.89 - - [04/Mar/2016:12:20:05 -0300] "GET /cormun/static/Resources/Spanish/PXTools.css?10515224 HTTP/1.1" 304 -
192.168.10.89 - - [04/Mar/2016:12:20:05 -0300] "GET /cormun/static/gxcfg.js?2015112210564248 HTTP/1.1" 304 -
192.168.10.89 - - [04/Mar/2016:12:20:05 -0300] "GET /cormun/static/hhome.js?2015112210564255 HTTP/1.1" 304 -
192.168.10.89 - - [04/Mar/2016:12:20:05 -0300] "GET /cormun/static/messages.spa.js?85251 HTTP/1.1" 304 -
192.168.10.89 - - [04/Mar/2016:12:20:05 -0300] "GET /cormun/static/hwchdr01.js?20162241650484 HTTP/1.1" 304 -
192.168.10.89 - - [04/Mar/2016:12:20:05 -0300] "GET /cormun/static/hpexe_messagecontroller.js?2015112210524422 HTTP/1.1" 304 -
192.168.10.89 - - [04/Mar/2016:12:20:05 -0300] "GET /cormun/static/hpexe_recentlink.js?2015111312121342 HTTP/1.1" 304 -
192.168.10.89 - - [04/Mar/2016:12:20:05 -0300] "GET /cormun/static/hpexe_messagegenexuscomponent.js?20151120014314 HTTP/1.1" 304 -
192.168.10.89 - - [04/Mar/2016:12:20:05 -0300] "GET /cormun/static/hpexe_messagepopupcomponent.js?20163219454551 HTTP/1.1" 304 -
192.168.10.89 - - [04/Mar/2016:12:20:05 -0300] "GET /cormun/static/cmcontrolpreferences.js?20151120014525 HTTP/1.1" 304 -
192.168.10.89 - - [04/Mar/2016:12:20:05 -0300] "GET /cormun/static/hpexe_scripts.js?20151120014546 HTTP/1.1" 304 -
192.168.10.89 - - [04/Mar/2016:12:20:05 -0300] "GET /cormun/static/hmpwkw03.js?2016311993330 HTTP/1.1" 304 -
192.168.10.89 - - [04/Mar/2016:12:20:05 -0300] "GET /cormun/servlet/hlogin HTTP/1.1" 200 1729
192.168.10.89 - - [04/Mar/2016:12:20:05 -0300] "GET /cormun/static/Resources/Spanish/PXTools.css?005343 HTTP/1.1" 304 -
192.168.10.89 - - [04/Mar/2016:12:20:05 -0300] "GET /cormun/static/gxcfg.js?20151120045111 HTTP/1.1" 304 -
192.168.10.89 - - [04/Mar/2016:12:20:05 -0300] "GET /cormun/static/hlogin.js?20151120045126 HTTP/1.1" 304 -
186.103.159.189 - - [04/Mar/2016:12:20:10 -0300] "POST /cormun/servlet/solicitudotadjuntos?gx-no-cache=1457104837176 HTTP/1.1" 200 26
192.168.10.89 - - [04/Mar/2016:12:20:18 -0300] "POST /cormun/servlet/hlogin?eda2f7d508dbcf53490a883dad9ec3d6,gx-no-cache=1457104570745 HTTP/1.1" 200 440
192.168.10.89 - - [04/Mar/2016:12:20:24 -0300] "POST /cormun/servlet/hlogin?eda2f7d508dbcf53490a883dad9ec3d6,gx-no-cache=1457104576415 HTTP/1.1" 200 90
192.168.10.89 - - [04/Mar/2016:12:20:24 -0300] "GET /cormun/servlet/hpexe_link HTTP/1.1" 200 948
192.168.10.89 - - [04/Mar/2016:12:20:24 -0300] "GET /cormun/static/gxcfg.js?20151120044395 HTTP/1.1" 304 -
192.168.10.89 - - [04/Mar/2016:12:20:24 -0300] "GET /cormun/static/hpexe_link.js?20151120044398 HTTP/1.1" 304 -
192.168.10.89 - - [04/Mar/2016:12:20:24 -0300] "GET /cormun/servlet/hhome HTTP/1.1" 200 3394
192.168.10.89 - - [04/Mar/2016:12:20:29 -0300] "GET /cormun/servlet/trsolicitudot? HTTP/1.1" 200 7473
192.168.10.89 - - [04/Mar/2016:12:20:29 -0300] "GET /cormun/static/Resources/Spanish/PXTools.css?18502099 HTTP/1.1" 304 -
192.168.10.89 - - [04/Mar/2016:12:20:29 -0300] "GET /cormun/static/gxcfg.js?201631185636 HTTP/1.1" 304 -
192.168.10.89 - - [04/Mar/2016:12:20:29 -0300] "GET /cormun/static/trsolicitudot.js?2016311856838 HTTP/1.1" 304 -
186.67.172.234 - - [04/Mar/2016:12:20:36 -0300] "POST /cormun/servlet/hlogin?a01bc39df05f5bdbb4e3d7e06520e9ea,gx-no-cache=1457104888174 HTTP/1.1" 200 90
186.67.172.234 - - [04/Mar/2016:12:20:36 -0300] "GET /cormun/servlet/hpexe_link HTTP/1.1" 200 981
186.67.172.234 - - [04/Mar/2016:12:20:37 -0300] "GET /cormun/servlet/trsolicitudot?gx-no-cache=1457104641027 HTTP/1.1" 200 7353
186.67.172.234 - - [04/Mar/2016:12:20:37 -0300] "GET /cormun/servlet/trsolicitudot?gx-no-cache=1457104641027 HTTP/1.1" 200 7372
192.168.10.89 - - [04/Mar/2016:12:20:40 -0300] "POST /cormun/servlet/trsolicitudot?eda2f7d508dbcf53490a883dad9ec3d6,,gx-no-cache=1457104592373 HTTP/1.1" 200 4917
192.168.10.89 - - [04/Mar/2016:12:20:40 -0300] "POST /cormun/servlet/trsolicitudot?eda2f7d508dbcf53490a883dad9ec3d6,,gx-no-cache=1457104592658 HTTP/1.1" 200 4917
192.168.10.89 - - [04/Mar/2016:12:20:40 -0300] "POST /cormun/servlet/trsolicitudot?eda2f7d508dbcf53490a883dad9ec3d6,,gx-no-cache=1457104592955 HTTP/1.1" 200 4919
192.168.10.89 - - [04/Mar/2016:12:20:41 -0300] "POST /cormun/servlet/trsolicitudot?eda2f7d508dbcf53490a883dad9ec3d6,,gx-no-cache=1457104593292 HTTP/1.1" 200 4917
192.168.10.89 - - [04/Mar/2016:12:20:41 -0300] "POST /cormun/servlet/trsolicitudot?eda2f7d508dbcf53490a883dad9ec3d6,,gx-no-cache=1457104593694 HTTP/1.1" 200 4919
192.168.10.89 - - [04/Mar/2016:12:20:42 -0300] "POST /cormun/servlet/trsolicitudot?eda2f7d508dbcf53490a883dad9ec3d6,,gx-no-cache=1457104594142 HTTP/1.1" 200 4917
192.168.10.89 - - [04/Mar/2016:12:20:42 -0300] "POST /cormun/servlet/trsolicitudot?eda2f7d508dbcf53490a883dad9ec3d6,,gx-no-cache=1457104594624 HTTP/1.1" 200 4918
186.103.159.189 - - [04/Mar/2016:12:20:44 -0300] "GET /cormun/servlet/solicitudotadjuntos?7c4f5895db82bfafc7ecc326e7563a26212ce803000098bf9486cb8f9991ddae,gx-no-cache=1457104871359 HTTP/1.1" 200 30
186.103.159.189 - - [04/Mar/2016:12:20:44 -0300] "GET /cormun/servlet/solicitudotadjuntos?7c4f5895db82bfafc7ecc326e7563a26212ce803000098bf9486cb8f9991ddae,gx-no-cache=1457104871418 HTTP/1.1" 200 30
192.168.10.89 - - [04/Mar/2016:12:20:45 -0300] "POST /cormun/servlet/trsolicitudot?eda2f7d508dbcf53490a883dad9ec3d6,,gx-no-cache=1457104595154 HTTP/1.1" 200 104
192.168.10.89 - - [04/Mar/2016:12:20:45 -0300] "GET /cormun/servlet/solicitudot?UPD,2016,603, HTTP/1.1" 200 12641
192.168.10.89 - - [04/Mar/2016:12:20:45 -0300] "GET /cormun/static/Resources/Spanish/PXTools.css?1944839 HTTP/1.1" 304 -
192.168.10.89 - - [04/Mar/2016:12:20:45 -0300] "GET /cormun/static/gxcfg.js?20163219435133 HTTP/1.1" 304 -
192.168.10.89 - - [04/Mar/2016:12:20:45 -0300] "GET /cormun/static/solicitudot.js?20163219435183 HTTP/1.1" 304 -
192.168.10.89 - - [04/Mar/2016:12:20:46 -0300] "POST /cormun/servlet/solicitudot?gx-no-cache=1457104598734 HTTP/1.1" 200 2747
192.168.10.89 - - [04/Mar/2016:12:20:46 -0300] "POST /cormun/servlet/solicitudot?eda2f7d508dbcf53490a883dad9ec3d6,UPD,2016,603,,gx-no-cache=1457104598919 HTTP/1.1" 200 9053
192.168.10.89 - - [04/Mar/2016:12:20:47 -0300] "GET /cormun/servlet/solicitudot?fd80a70e178da3e134b893e71a5e092f038c58afeccdde926caa4e80a340c4fb1f537023f6ac4abd9ec0e2039fa66c34,gx-no-cache=1457104599151 HTTP/1.1" 200 30
192.168.10.89 - - [04/Mar/2016:12:20:47 -0300] "POST /cormun/servlet/solicitudot?gx-no-cache=1457104599221 HTTP/1.1" 200 30
192.168.10.89 - - [04/Mar/2016:12:20:47 -0300] "POST /cormun/servlet/solicitudot?gx-no-cache=1457104599240 HTTP/1.1" 200 30
192.168.10.89 - - [04/Mar/2016:12:20:47 -0300] "POST /cormun/servlet/solicitudot?gx-no-cache=1457104599276 HTTP/1.1" 200 1154
192.168.10.89 - - [04/Mar/2016:12:20:47 -0300] "GET /cormun/servlet/solicitudot?fd80a70e178da3e134b893e71a5e092f61ad4fab13f2c1dfc69413c4edc0e3dbf167fc2c0786633044cdcd8ffaa0f2f5ac0d04c9e7500093128f88e36e1b53017e10fd3621d74dc021012b42dab9a2700dc3a1bc1e6b48dc7ed096cd78d50d052acc6db2b37e1ee6228bb0302a6f80d9f20afa6675e4c9b24275fab1fc9271c22e8d6373e79edeff99e24034cd14354d41534a1f4ac2c81604f89a2016bb4813,gx-no-cache=1457104599309 HTTP/1.1" 200 41
192.168.10.89 - - [04/Mar/2016:12:20:49 -0300] "POST /cormun/servlet/solicitudot?gx-no-cache=1457104601580 HTTP/1.1" 200 30
186.103.159.189 - - [04/Mar/2016:12:20:52 -0300] "POST /cormun/servlet/solicitudotadjuntos?3f05a12279fed320fdf13c2c3864915c,INS,2016,604,,1, HTTP/1.1" 200 116
186.103.159.189 - - [04/Mar/2016:12:20:52 -0300] "GET /cormun/servlet/hpexe_return? HTTP/1.1" 200 1021
192.168.10.89 - - [04/Mar/2016:12:20:52 -0300] "GET /cormun/servlet/prfichaempleado?,MD,,gxPopupLevel%3D0%3B HTTP/1.1" 200 7885
192.168.10.89 - - [04/Mar/2016:12:20:52 -0300] "GET /cormun/static/Resources/Spanish/PXTools.css?16184758 HTTP/1.1" 304 -
192.168.10.89 - - [04/Mar/2016:12:20:52 -0300] "GET /cormun/static/gxcfg.js?201511151625694 HTTP/1.1" 304 -
192.168.10.89 - - [04/Mar/2016:12:20:52 -0300] "GET /cormun/static/prfichaempleado.js?201511151625857 HTTP/1.1" 304 -
192.168.10.89 - - [04/Mar/2016:12:20:52 -0300] "GET /cormun/static/menusearch.js?20163219454787 HTTP/1.1" 304 -
192.168.10.89 - - [04/Mar/2016:12:20:52 -0300] "GET /cormun/static/hmpwkw01.js?201511211495945 HTTP/1.1" 304 -
186.103.159.189 - - [04/Mar/2016:12:20:52 -0300] "GET /cormun/servlet/trsolicitudadjuntos?2016,604, HTTP/1.1" 200 7249
192.168.10.89 - - [04/Mar/2016:12:20:53 -0300] "POST /cormun/servlet/acontrolpreferencessavestate?None,CA-2,true HTTP/1.1" 200 35
186.103.159.189 - - [04/Mar/2016:12:20:55 -0300] "GET /cormun/servlet/trsolicitudadjuntos?2016,604, HTTP/1.1" 200 7245
192.168.10.89 - - [04/Mar/2016:12:20:57 -0300] "GET /cormun/servlet/prfichaempleado?02a9cf0bf04c50f4e51b6972ecd444ed1cfda5adf5f1b174ce8878a366b8e8225e183c971571c249e9806f975fbb72d40c7747b59a9156410c2b552b7aaf7fc391168ff56f4cd4f4de98d5b466eb6e45,gx-no-cache=1457104609399 HTTP/1.1" 200 464
192.168.10.89 - - [04/Mar/2016:12:20:58 -0300] "POST /cormun/servlet/prfichaempleado?eda2f7d508dbcf53490a883dad9ec3d6,,MD,,gxPopupLevel%3D0%3B,gx-no-cache=1457104610727 HTTP/1.1" 200 3503
186.103.159.189 - - [04/Mar/2016:12:21:03 -0300] "GET /cormun/servlet/solicitudotadjuntos?INS,2016,604,,2, HTTP/1.1" 200 5441
186.103.159.189 - - [04/Mar/2016:12:21:03 -0300] "GET /cormun/static/about:blank HTTP/1.1" 404 1011
192.168.10.89 - - [04/Mar/2016:12:21:05 -0300] "GET /cormun/servlet/prlicenciaspermisos?16491174,L,,MD,,gxPopupLevel%3D0%3B HTTP/1.1" 200 5113
192.168.10.89 - - [04/Mar/2016:12:21:05 -0300] "GET /cormun/static/Resources/Spanish/PXTools.css?17554516 HTTP/1.1" 304 -
192.168.10.89 - - [04/Mar/2016:12:21:05 -0300] "GET /cormun/static/gxcfg.js?201616231591 HTTP/1.1" 304 -
192.168.10.89 - - [04/Mar/2016:12:21:05 -0300] "GET /cormun/static/prlicenciaspermisos.js?201616231727 HTTP/1.1" 304 -
192.168.10.89 - - [04/Mar/2016:12:21:05 -0300] "GET /cormun/static/hmpwkw011.js?20163117201773 HTTP/1.1" 304 -
186.103.159.189 - - [04/Mar/2016:12:21:05 -0300] "GET /cormun/servlet/solicitudotadjuntos?INS,2016,604,,2, HTTP/1.1" 200 5435
186.103.159.189 - - [04/Mar/2016:12:21:06 -0300] "GET /cormun/servlet/solicitudotadjuntos?7c4f5895db82bfafc7ecc326e7563a26f1906da933189c80f0e90e7fdf8caf327ad66371f567c547c09634d795675053,gx-no-cache=1457104892810 HTTP/1.1" 200 30
186.103.159.189 - - [04/Mar/2016:12:21:06 -0300] "POST /cormun/servlet/solicitudotadjuntos?3f05a12279fed320fdf13c2c3864915c,INS,2016,604,,2,,gx-no-cache=1457104892896 HTTP/1.1" 200 3528
192.168.10.89 - - [04/Mar/2016:12:21:06 -0300] "POST /cormun/servlet/acontrolpreferencessavestate?None,CA-2,true HTTP/1.1" 200 35
192.168.10.89 - - [04/Mar/2016:12:21:08 -0300] "POST /cormun/servlet/solicitudot?gx-no-cache=1457104620708 HTTP/1.1" 200 1157
192.168.10.89 - - [04/Mar/2016:12:21:12 -0300] "GET /cormun/servlet/solicitudot?fd80a70e178da3e134b893e71a5e092f61ad4fab13f2c1dfc69413c4edc0e3dbf167fc2c0786633044cdcd8ffaa0f2f5ac0d04c9e7500093128f88e36e1b53017e10fd3621d74dc021012b42dab9a2700dc3a1bc1e6b48dc7ed096cd78d50d052acc6db2b37e1ee6228bb0302a6f80d9f20afa6675e4c9b24275fab1fc9271c2f03fc946a04acef169635068b09571adaf9d0736eebd4191443db29892b0d773,gx-no-cache=1457104624750 HTTP/1.1" 200 41
192.168.10.89 - - [04/Mar/2016:12:21:12 -0300] "GET /cormun/servlet/solicitudot?fd80a70e178da3e134b893e71a5e092f79ec19686ceb44b5496f66be0f57cf2eae10dbd3474e06dae349ba36703aa0e849ebdcbc53cff4858379ee8f491a20a6f429567ed551b57292995eff866f78c248dc1dc2e855307287d75bf1d99d200704c9858b656a1130ed2c91bfe34df5f1c8bc6c81ca94308f6d2648d0b639593ecf56be59db877f05f8bf05a09910188a03c7e17afe3f96421044d2667ea248a1521a0e73ae0f916f8f922700c9bb4f2af0744a1040b31db7070fb7d75858fc63e71fdb7bfaf7849ba7bf33a34e0c41c3,gx-no-cache=1457104624788 HTTP/1.1" 200 29
192.168.10.89 - - [04/Mar/2016:12:21:12 -0300] "POST /cormun/servlet/solicitudot?gx-no-cache=1457104624817 HTTP/1.1" 200 1116
186.103.159.189 - - [04/Mar/2016:12:21:13 -0300] "POST /cormun/servlet/solicitudotadjuntos?gx-no-cache=1457104899720 HTTP/1.1" 200 26
192.168.10.89 - - [04/Mar/2016:12:21:16 -0300] "GET /cormun/servlet/solicitudot?fd80a70e178da3e134b893e71a5e092f4f5ab2ef643f98dfbe9edd556780c3a41069ed63c88853d6f75fb0aca722f72e575ede0b3b3dd9fa0a86a0923cdf31e718a7dfa5c2ff27896a8a57790c43581c15b04d5ad988464abd949695a57f2c6e4798d7676b41c49de5b12bfdd5817e5474edd1ebf207a1502a977bcc1f8b0115848ec61e35cff82cfe953a9d29279f7fa8d0d332c4d369f9c075d283aa9500a63c7f3aecf91ea3aa18c37a1a4ce57c27e872e908c0fb8ceda285ccf5f71b3648,gx-no-cache=1457104628491 HTTP/1.1" 200 30
192.168.10.89 - - [04/Mar/2016:12:21:26 -0300] "POST /cormun/servlet/solicitudot?eda2f7d508dbcf53490a883dad9ec3d6,UPD,2016,603,,gx-no-cache=1457104638211 HTTP/1.1" 200 93
192.168.10.89 - - [04/Mar/2016:12:21:26 -0300] "GET /cormun/servlet/hpexe_return? HTTP/1.1" 200 1010
192.168.10.89 - - [04/Mar/2016:12:21:26 -0300] "GET /cormun/static/Resources/Spanish/PXTools.css?12112540 HTTP/1.1" 304 -
192.168.10.89 - - [04/Mar/2016:12:21:26 -0300] "GET /cormun/static/gxcfg.js?2015111312145050 HTTP/1.1" 304 -
192.168.10.89 - - [04/Mar/2016:12:21:26 -0300] "GET /cormun/static/hpexe_return.js?2015111312145056 HTTP/1.1" 304 -
192.168.10.89 - - [04/Mar/2016:12:21:26 -0300] "GET /cormun/servlet/trsolicitudot? HTTP/1.1" 200 7540
192.168.10.89 - - [04/Mar/2016:12:21:29 -0300] "POST /cormun/servlet/trsolicitudot?eda2f7d508dbcf53490a883dad9ec3d6,,gx-no-cache=1457104641305 HTTP/1.1" 200 4961
192.168.10.89 - - [04/Mar/2016:12:21:29 -0300] "POST /cormun/servlet/trsolicitudot?eda2f7d508dbcf53490a883dad9ec3d6,,gx-no-cache=1457104641600 HTTP/1.1" 200 4961
192.168.10.89 - - [04/Mar/2016:12:21:29 -0300] "POST /cormun/servlet/trsolicitudot?eda2f7d508dbcf53490a883dad9ec3d6,,gx-no-cache=1457104641913 HTTP/1.1" 200 4961
192.168.10.89 - - [04/Mar/2016:12:21:30 -0300] "POST /cormun/servlet/trsolicitudot?eda2f7d508dbcf53490a883dad9ec3d6,,gx-no-cache=1457104642253 HTTP/1.1" 200 4961
192.168.10.89 - - [04/Mar/2016:12:21:30 -0300] "POST /cormun/servlet/trsolicitudot?eda2f7d508dbcf53490a883dad9ec3d6,,gx-no-cache=1457104642651 HTTP/1.1" 200 4961
192.168.10.89 - - [04/Mar/2016:12:21:31 -0300] "POST /cormun/servlet/trsolicitudot?eda2f7d508dbcf53490a883dad9ec3d6,,gx-no-cache=1457104643104 HTTP/1.1" 200 4961
192.168.10.89 - - [04/Mar/2016:12:21:31 -0300] "POST /cormun/servlet/trsolicitudot?eda2f7d508dbcf53490a883dad9ec3d6,,gx-no-cache=1457104643586 HTTP/1.1" 200 4961
192.168.10.89 - - [04/Mar/2016:12:21:34 -0300] "POST /cormun/servlet/trsolicitudot?eda2f7d508dbcf53490a883dad9ec3d6,,gx-no-cache=1457104644113 HTTP/1.1" 200 105
192.168.10.89 - - [04/Mar/2016:12:21:34 -0300] "GET /cormun/servlet/trsolicitudadjuntos?2016,603, HTTP/1.1" 200 5363
192.168.10.89 - - [04/Mar/2016:12:21:34 -0300] "GET /cormun/static/Resources/Spanish/PXTools.css?171692 HTTP/1.1" 304 -
192.168.10.89 - - [04/Mar/2016:12:21:34 -0300] "GET /cormun/static/gxcfg.js?2016311731090 HTTP/1.1" 304 -
192.168.10.89 - - [04/Mar/2016:12:21:34 -0300] "GET /cormun/static/trsolicitudadjuntos.js?2016311731342 HTTP/1.1" 304 -
192.168.10.89 - - [04/Mar/2016:12:21:37 -0300] "GET /cormun/servlet/solicitudotadjuntos?INS,2016,603,,1, HTTP/1.1" 200 5450
192.168.10.89 - - [04/Mar/2016:12:21:37 -0300] "GET /cormun/static/gxcfg.js?2016311984045 HTTP/1.1" 304 -
192.168.10.89 - - [04/Mar/2016:12:21:37 -0300] "GET /cormun/static/solicitudotadjuntos.js?2016311984068 HTTP/1.1" 304 -
192.168.10.89 - - [04/Mar/2016:12:21:37 -0300] "HEAD /cormun/static/about:blank HTTP/1.1" 404 -
192.168.10.89 - - [04/Mar/2016:12:21:38 -0300] "GET /cormun/servlet/solicitudotadjuntos?fd80a70e178da3e134b893e71a5e092f3344af4ac8cefaa591706137d29881b941534a1f4ac2c81604f89a2016bb4813,gx-no-cache=1457104650827 HTTP/1.1" 200 30
192.168.10.89 - - [04/Mar/2016:12:21:38 -0300] "POST /cormun/servlet/solicitudotadjuntos?eda2f7d508dbcf53490a883dad9ec3d6,INS,2016,603,,1,,gx-no-cache=1457104650858 HTTP/1.1" 200 3342
192.168.10.89 - - [04/Mar/2016:12:21:40 -0300] "GET /cormun/servlet/trsolicitudadjuntos?2016,603, HTTP/1.1" 200 5363
192.168.10.89 - - [04/Mar/2016:12:21:42 -0300] "GET /cormun/servlet/trsolicitudot? HTTP/1.1" 200 7540
192.168.10.89 - - [04/Mar/2016:12:21:44 -0300] "GET /cormun/servlet/hlogin HTTP/1.1" 200 1734
186.103.159.189 - - [04/Mar/2016:12:21:46 -0300] "POST /cormun/servlet/solicitudotadjuntos?3f05a12279fed320fdf13c2c3864915c,INS,2016,604,,2,,gx-no-cache=1457104933558 HTTP/1.1" 200 93
186.103.159.189 - - [04/Mar/2016:12:21:47 -0300] "GET /cormun/servlet/hpexe_return? HTTP/1.1" 200 1021
186.67.172.234 - - [04/Mar/2016:12:21:47 -0300] "POST /cormun/servlet/trsolicitudot?a01bc39df05f5bdbb4e3d7e06520e9ea,gx-no-cache=1457104641027,gx-no-cache=1457104958613 HTTP/1.1" 200 4750
186.67.172.234 - - [04/Mar/2016:12:21:47 -0300] "POST /cormun/servlet/trsolicitudot?a01bc39df05f5bdbb4e3d7e06520e9ea,gx-no-cache=1457104641027,gx-no-cache=1457104958863 HTTP/1.1" 200 4750
186.103.159.189 - - [04/Mar/2016:12:21:47 -0300] "GET /cormun/servlet/trsolicitudadjuntos?2016,604, HTTP/1.1" 200 7248
186.67.172.234 - - [04/Mar/2016:12:21:47 -0300] "POST /cormun/servlet/trsolicitudot?a01bc39df05f5bdbb4e3d7e06520e9ea,gx-no-cache=1457104641027,gx-no-cache=1457104959024 HTTP/1.1" 200 4750
186.67.172.234 - - [04/Mar/2016:12:21:48 -0300] "POST /cormun/servlet/trsolicitudot?a01bc39df05f5bdbb4e3d7e06520e9ea,gx-no-cache=1457104641027,gx-no-cache=1457104959474 HTTP/1.1" 200 4750
186.67.172.234 - - [04/Mar/2016:12:21:48 -0300] "POST /cormun/servlet/trsolicitudot?a01bc39df05f5bdbb4e3d7e06520e9ea,gx-no-cache=1457104641027,gx-no-cache=1457104959629 HTTP/1.1" 200 4750
186.67.172.234 - - [04/Mar/2016:12:21:48 -0300] "POST /cormun/servlet/trsolicitudot?a01bc39df05f5bdbb4e3d7e06520e9ea,gx-no-cache=1457104641027,gx-no-cache=1457104959773 HTTP/1.1" 200 4750
186.67.172.234 - - [04/Mar/2016:12:21:48 -0300] "POST /cormun/servlet/trsolicitudot?a01bc39df05f5bdbb4e3d7e06520e9ea,gx-no-cache=1457104641027,gx-no-cache=1457104959920 HTTP/1.1" 200 4750
186.67.172.234 - - [04/Mar/2016:12:21:48 -0300] "POST /cormun/servlet/trsolicitudot?a01bc39df05f5bdbb4e3d7e06520e9ea,gx-no-cache=1457104641027,gx-no-cache=1457104960082 HTTP/1.1" 200 105
186.67.172.234 - - [04/Mar/2016:12:21:48 -0300] "GET /cormun/servlet/trsolicitudadjuntos?2016,603, HTTP/1.1" 200 5390
186.67.172.234 - - [04/Mar/2016:12:21:48 -0300] "GET /cormun/static/Resources/Spanish/PXTools.css?171692 HTTP/1.1" 304 -
186.67.172.234 - - [04/Mar/2016:12:21:48 -0300] "GET /cormun/static/gxcfg.js?2016311731090 HTTP/1.1" 304 -
186.67.172.234 - - [04/Mar/2016:12:21:48 -0300] "GET /cormun/static/trsolicitudadjuntos.js?2016311731342 HTTP/1.1" 304 -
186.67.172.234 - - [04/Mar/2016:12:21:49 -0300] "GET /cormun/servlet/trsolicitudadjuntos?2016,603, HTTP/1.1" 200 5370
186.103.159.189 - - [04/Mar/2016:12:21:50 -0300] "GET /cormun/servlet/trsolicitudadjuntos?2016,604, HTTP/1.1" 200 7245
186.67.172.234 - - [04/Mar/2016:12:21:52 -0300] "GET /cormun/servlet/solicitudotadjuntos?INS,2016,603,,1, HTTP/1.1" 200 5457
186.67.172.234 - - [04/Mar/2016:12:21:52 -0300] "GET /cormun/static/gxcfg.js?2016311984045 HTTP/1.1" 304 -
186.67.172.234 - - [04/Mar/2016:12:21:52 -0300] "GET /cormun/static/solicitudotadjuntos.js?2016311984068 HTTP/1.1" 304 -
186.67.172.234 - - [04/Mar/2016:12:21:53 -0300] "GET /cormun/static/about:blank HTTP/1.1" 404 1011
186.67.172.234 - - [04/Mar/2016:12:21:53 -0300] "GET /cormun/servlet/solicitudotadjuntos?INS,2016,603,,1, HTTP/1.1" 200 5451
186.67.172.234 - - [04/Mar/2016:12:21:53 -0300] "GET /cormun/servlet/solicitudotadjuntos?692b27914b9b8e12d189e91da0b18b203264e4608198c8a7417a0a2687eea63b64ba2f5d4e01761b335e039e2edc562e,gx-no-cache=1457104965337 HTTP/1.1" 200 30
186.67.172.234 - - [04/Mar/2016:12:21:53 -0300] "POST /cormun/servlet/solicitudotadjuntos?a01bc39df05f5bdbb4e3d7e06520e9ea,INS,2016,603,,1,,gx-no-cache=1457104965388 HTTP/1.1" 200 3348
186.103.159.189 - - [04/Mar/2016:12:21:56 -0300] "GET /cormun/servlet/solicitudotadjuntos?INS,2016,604,,1, HTTP/1.1" 200 5442
186.103.159.189 - - [04/Mar/2016:12:21:57 -0300] "GET /cormun/static/about:blank HTTP/1.1" 404 1011
186.103.159.189 - - [04/Mar/2016:12:21:59 -0300] "GET /cormun/servlet/solicitudotadjuntos?INS,2016,604,,1, HTTP/1.1" 200 5436
186.103.159.189 - - [04/Mar/2016:12:21:59 -0300] "GET /cormun/servlet/solicitudotadjuntos?7c4f5895db82bfafc7ecc326e7563a26f1906da933189c80f0e90e7fdf8caf327ad66371f567c547c09634d795675053,gx-no-cache=1457104946293 HTTP/1.1" 200 30
186.103.159.189 - - [04/Mar/2016:12:21:59 -0300] "POST /cormun/servlet/solicitudotadjuntos?3f05a12279fed320fdf13c2c3864915c,INS,2016,604,,1,,gx-no-cache=1457104946391 HTTP/1.1" 200 3316
186.67.172.234 - - [04/Mar/2016:12:22:03 -0300] "POST /cormun/servlet/solicitudotadjuntos?gx-no-cache=1457104975122 HTTP/1.1" 200 26
186.103.159.189 - - [04/Mar/2016:12:22:06 -0300] "POST /cormun/servlet/solicitudotadjuntos?gx-no-cache=1457104953549 HTTP/1.1" 200 26
186.67.172.234 - - [04/Mar/2016:12:22:09 -0300] "GET /cormun/servlet/solicitudotadjuntos?692b27914b9b8e12d189e91da0b18b20c649de4be83cfb66ad955ed1da6ae25e,gx-no-cache=1457104980803 HTTP/1.1" 200 30
186.67.172.234 - - [04/Mar/2016:12:22:09 -0300] "GET /cormun/servlet/solicitudotadjuntos?692b27914b9b8e12d189e91da0b18b20c649de4be83cfb66ad955ed1da6ae25e,gx-no-cache=1457104980814 HTTP/1.1" 200 30
186.67.172.234 - - [04/Mar/2016:12:22:09 -0300] "POST /cormun/servlet/solicitudotadjuntos?a01bc39df05f5bdbb4e3d7e06520e9ea,INS,2016,603,,1, HTTP/1.1" 200 116
186.67.172.234 - - [04/Mar/2016:12:22:09 -0300] "GET /cormun/servlet/hpexe_return? HTTP/1.1" 200 1028
186.67.172.234 - - [04/Mar/2016:12:22:09 -0300] "GET /cormun/servlet/trsolicitudadjuntos?2016,603, HTTP/1.1" 200 7240
186.67.172.234 - - [04/Mar/2016:12:22:10 -0300] "GET /cormun/servlet/trsolicitudadjuntos?2016,603, HTTP/1.1" 200 7236
186.67.172.234 - - [04/Mar/2016:12:22:13 -0300] "GET /cormun/servlet/solicitudotadjuntos?INS,2016,603,,1, HTTP/1.1" 200 5457
186.67.172.234 - - [04/Mar/2016:12:22:13 -0300] "GET /cormun/static/about:blank HTTP/1.1" 404 1011
186.67.172.234 - - [04/Mar/2016:12:22:13 -0300] "GET /cormun/servlet/solicitudotadjuntos?INS,2016,603,,1, HTTP/1.1" 200 5451
186.67.172.234 - - [04/Mar/2016:12:22:14 -0300] "GET /cormun/servlet/solicitudotadjuntos?692b27914b9b8e12d189e91da0b18b203264e4608198c8a7417a0a2687eea63b64ba2f5d4e01761b335e039e2edc562e,gx-no-cache=1457104985778 HTTP/1.1" 200 30
186.67.172.234 - - [04/Mar/2016:12:22:14 -0300] "POST /cormun/servlet/solicitudotadjuntos?a01bc39df05f5bdbb4e3d7e06520e9ea,INS,2016,603,,1,,gx-no-cache=1457104985804 HTTP/1.1" 200 3347
186.67.172.234 - - [04/Mar/2016:12:22:19 -0300] "POST /cormun/servlet/solicitudotadjuntos?gx-no-cache=1457104990570 HTTP/1.1" 200 26
186.103.159.189 - - [04/Mar/2016:12:22:19 -0300] "GET /cormun/servlet/solicitudotadjuntos?7c4f5895db82bfafc7ecc326e7563a26212ce803000098bf9486cb8f9991ddae,gx-no-cache=1457104965863 HTTP/1.1" 200 30
186.103.159.189 - - [04/Mar/2016:12:22:19 -0300] "GET /cormun/servlet/solicitudotadjuntos?7c4f5895db82bfafc7ecc326e7563a26212ce803000098bf9486cb8f9991ddae,gx-no-cache=1457104965902 HTTP/1.1" 200 30
186.103.159.189 - - [04/Mar/2016:12:22:19 -0300] "POST /cormun/servlet/solicitudotadjuntos?3f05a12279fed320fdf13c2c3864915c,INS,2016,604,,1, HTTP/1.1" 200 116
186.103.159.189 - - [04/Mar/2016:12:22:20 -0300] "GET /cormun/servlet/hpexe_return? HTTP/1.1" 200 1021
186.103.159.189 - - [04/Mar/2016:12:22:20 -0300] "GET /cormun/servlet/trsolicitudadjuntos?2016,604, HTTP/1.1" 200 7409
186.103.159.189 - - [04/Mar/2016:12:22:23 -0300] "GET /cormun/servlet/trsolicitudadjuntos?2016,604, HTTP/1.1" 200 7407
186.67.172.234 - - [04/Mar/2016:12:22:27 -0300] "GET /cormun/servlet/solicitudotadjuntos?692b27914b9b8e12d189e91da0b18b20c649de4be83cfb66ad955ed1da6ae25e,gx-no-cache=1457104998867 HTTP/1.1" 200 30
186.67.172.234 - - [04/Mar/2016:12:22:27 -0300] "GET /cormun/servlet/solicitudotadjuntos?692b27914b9b8e12d189e91da0b18b20c649de4be83cfb66ad955ed1da6ae25e,gx-no-cache=1457104998882 HTTP/1.1" 200 30
186.67.172.234 - - [04/Mar/2016:12:22:27 -0300] "POST /cormun/servlet/solicitudotadjuntos?a01bc39df05f5bdbb4e3d7e06520e9ea,INS,2016,603,,1, HTTP/1.1" 200 116
186.67.172.234 - - [04/Mar/2016:12:22:27 -0300] "GET /cormun/servlet/hpexe_return? HTTP/1.1" 200 1028
186.103.159.189 - - [04/Mar/2016:12:22:27 -0300] "GET /cormun/servlet/solicitudotadjuntos?INS,2016,604,,1, HTTP/1.1" 200 5441
186.67.172.234 - - [04/Mar/2016:12:22:27 -0300] "GET /cormun/servlet/trsolicitudadjuntos?2016,603, HTTP/1.1" 200 7381
186.67.172.234 - - [04/Mar/2016:12:22:28 -0300] "GET /cormun/servlet/trsolicitudadjuntos?2016,603, HTTP/1.1" 200 7376
186.103.159.189 - - [04/Mar/2016:12:22:29 -0300] "GET /cormun/static/about:blank HTTP/1.1" 404 1011
186.103.159.189 - - [04/Mar/2016:12:22:29 -0300] "GET /cormun/servlet/solicitudotadjuntos?INS,2016,604,,1, HTTP/1.1" 200 5435
186.103.159.189 - - [04/Mar/2016:12:22:30 -0300] "GET /cormun/servlet/solicitudotadjuntos?7c4f5895db82bfafc7ecc326e7563a26f1906da933189c80f0e90e7fdf8caf327ad66371f567c547c09634d795675053,gx-no-cache=1457104977005 HTTP/1.1" 200 30
186.103.159.189 - - [04/Mar/2016:12:22:30 -0300] "POST /cormun/servlet/solicitudotadjuntos?3f05a12279fed320fdf13c2c3864915c,INS,2016,604,,1,,gx-no-cache=1457104977091 HTTP/1.1" 200 3315
186.67.172.234 - - [04/Mar/2016:12:22:30 -0300] "GET /cormun/servlet/solicitudotadjuntos?INS,2016,603,,1, HTTP/1.1" 200 5457
186.67.172.234 - - [04/Mar/2016:12:22:31 -0300] "GET /cormun/static/about:blank HTTP/1.1" 404 1011
186.67.172.234 - - [04/Mar/2016:12:22:31 -0300] "GET /cormun/servlet/solicitudotadjuntos?INS,2016,603,,1, HTTP/1.1" 200 5451
186.67.172.234 - - [04/Mar/2016:12:22:31 -0300] "GET /cormun/servlet/solicitudotadjuntos?692b27914b9b8e12d189e91da0b18b203264e4608198c8a7417a0a2687eea63b64ba2f5d4e01761b335e039e2edc562e,gx-no-cache=1457105003326 HTTP/1.1" 200 30
186.67.172.234 - - [04/Mar/2016:12:22:32 -0300] "POST /cormun/servlet/solicitudotadjuntos?a01bc39df05f5bdbb4e3d7e06520e9ea,INS,2016,603,,1,,gx-no-cache=1457105003355 HTTP/1.1" 200 3347
186.103.159.189 - - [04/Mar/2016:12:22:34 -0300] "POST /cormun/servlet/solicitudotadjuntos?gx-no-cache=1457104980738 HTTP/1.1" 200 26
186.67.172.234 - - [04/Mar/2016:12:22:36 -0300] "POST /cormun/servlet/solicitudotadjuntos?gx-no-cache=1457105007450 HTTP/1.1" 200 26
186.103.159.189 - - [04/Mar/2016:12:22:44 -0300] "GET /cormun/servlet/solicitudotadjuntos?7c4f5895db82bfafc7ecc326e7563a26212ce803000098bf9486cb8f9991ddae,gx-no-cache=1457104991553 HTTP/1.1" 200 30
186.103.159.189 - - [04/Mar/2016:12:22:44 -0300] "GET /cormun/servlet/solicitudotadjuntos?7c4f5895db82bfafc7ecc326e7563a26212ce803000098bf9486cb8f9991ddae,gx-no-cache=1457104991589 HTTP/1.1" 200 30
186.103.159.189 - - [04/Mar/2016:12:22:45 -0300] "POST /cormun/servlet/solicitudotadjuntos?3f05a12279fed320fdf13c2c3864915c,INS,2016,604,,1, HTTP/1.1" 200 116
186.103.159.189 - - [04/Mar/2016:12:22:45 -0300] "GET /cormun/servlet/hpexe_return? HTTP/1.1" 200 1021
186.103.159.189 - - [04/Mar/2016:12:22:46 -0300] "GET /cormun/servlet/trsolicitudadjuntos?2016,604, HTTP/1.1" 200 7567
186.103.159.189 - - [04/Mar/2016:12:22:48 -0300] "GET /cormun/servlet/trsolicitudadjuntos?2016,604, HTTP/1.1" 200 7562
186.103.159.189 - - [04/Mar/2016:12:22:50 -0300] "GET /cormun/servlet/solicitudotadjuntos?INS,2016,604,,1, HTTP/1.1" 200 5441
186.103.159.189 - - [04/Mar/2016:12:22:51 -0300] "GET /cormun/static/about:blank HTTP/1.1" 404 1011
186.103.159.189 - - [04/Mar/2016:12:22:52 -0300] "GET /cormun/servlet/solicitudotadjuntos?INS,2016,604,,1, HTTP/1.1" 200 5435
186.103.159.189 - - [04/Mar/2016:12:22:53 -0300] "GET /cormun/servlet/solicitudotadjuntos?7c4f5895db82bfafc7ecc326e7563a26f1906da933189c80f0e90e7fdf8caf327ad66371f567c547c09634d795675053,gx-no-cache=1457104999818 HTTP/1.1" 200 30
186.103.159.189 - - [04/Mar/2016:12:22:53 -0300] "POST /cormun/servlet/solicitudotadjuntos?3f05a12279fed320fdf13c2c3864915c,INS,2016,604,,1,,gx-no-cache=1457104999910 HTTP/1.1" 200 3315
186.103.159.189 - - [04/Mar/2016:12:22:57 -0300] "POST /cormun/servlet/solicitudotadjuntos?gx-no-cache=1457105004328 HTTP/1.1" 200 26
186.103.159.189 - - [04/Mar/2016:12:23:11 -0300] "GET /cormun/servlet/solicitudotadjuntos?7c4f5895db82bfafc7ecc326e7563a26212ce803000098bf9486cb8f9991ddae,gx-no-cache=1457105018566 HTTP/1.1" 200 30
186.103.159.189 - - [04/Mar/2016:12:23:11 -0300] "GET /cormun/servlet/solicitudotadjuntos?7c4f5895db82bfafc7ecc326e7563a26212ce803000098bf9486cb8f9991ddae,gx-no-cache=1457105018612 HTTP/1.1" 200 30
186.103.159.189 - - [04/Mar/2016:12:23:13 -0300] "POST /cormun/servlet/solicitudotadjuntos?3f05a12279fed320fdf13c2c3864915c,INS,2016,604,,1, HTTP/1.1" 200 116
186.103.159.189 - - [04/Mar/2016:12:23:14 -0300] "GET /cormun/servlet/hpexe_return? HTTP/1.1" 200 1021
186.103.159.189 - - [04/Mar/2016:12:23:14 -0300] "GET /cormun/servlet/trsolicitudadjuntos?2016,604, HTTP/1.1" 200 7705
186.103.159.189 - - [04/Mar/2016:12:23:16 -0300] "GET /cormun/servlet/trsolicitudadjuntos?2016,604, HTTP/1.1" 200 7703
186.67.172.234 - - [04/Mar/2016:12:23:20 -0300] "GET /cormun/servlet/solicitudotadjuntos?692b27914b9b8e12d189e91da0b18b20c649de4be83cfb66ad955ed1da6ae25e,gx-no-cache=1457105051519 HTTP/1.1" 200 30
186.67.172.234 - - [04/Mar/2016:12:23:20 -0300] "GET /cormun/servlet/solicitudotadjuntos?692b27914b9b8e12d189e91da0b18b20c649de4be83cfb66ad955ed1da6ae25e,gx-no-cache=1457105051539 HTTP/1.1" 200 30
186.67.172.234 - - [04/Mar/2016:12:23:20 -0300] "POST /cormun/servlet/solicitudotadjuntos?a01bc39df05f5bdbb4e3d7e06520e9ea,INS,2016,603,,1, HTTP/1.1" 200 116
186.67.172.234 - - [04/Mar/2016:12:23:20 -0300] "GET /cormun/servlet/hpexe_return? HTTP/1.1" 200 1028
186.67.172.234 - - [04/Mar/2016:12:23:20 -0300] "GET /cormun/servlet/trsolicitudadjuntos?2016,603, HTTP/1.1" 200 7550
186.103.159.189 - - [04/Mar/2016:12:23:20 -0300] "GET /cormun/servlet/solicitudotadjuntos?INS,2016,604,,1, HTTP/1.1" 200 5442
186.103.159.189 - - [04/Mar/2016:12:23:20 -0300] "GET /cormun/static/about:blank HTTP/1.1" 404 1011
186.67.172.234 - - [04/Mar/2016:12:23:21 -0300] "GET /cormun/servlet/trsolicitudadjuntos?2016,603, HTTP/1.1" 200 7545
186.103.159.189 - - [04/Mar/2016:12:23:22 -0300] "GET /cormun/servlet/solicitudotadjuntos?INS,2016,604,,1, HTTP/1.1" 200 5436
186.103.159.189 - - [04/Mar/2016:12:23:22 -0300] "GET /cormun/servlet/solicitudotadjuntos?7c4f5895db82bfafc7ecc326e7563a26f1906da933189c80f0e90e7fdf8caf327ad66371f567c547c09634d795675053,gx-no-cache=1457105029434 HTTP/1.1" 200 30
186.103.159.189 - - [04/Mar/2016:12:23:22 -0300] "POST /cormun/servlet/solicitudotadjuntos?3f05a12279fed320fdf13c2c3864915c,INS,2016,604,,1,,gx-no-cache=1457105029534 HTTP/1.1" 200 3315
186.103.159.189 - - [04/Mar/2016:12:23:26 -0300] "POST /cormun/servlet/solicitudotadjuntos?gx-no-cache=1457105033566 HTTP/1.1" 200 26
186.67.172.234 - - [04/Mar/2016:12:23:27 -0300] "GET /cormun/servlet/solicitudotadjuntos?DLT,2016,603,CARNET,0, HTTP/1.1" 200 5437
186.67.172.234 - - [04/Mar/2016:12:23:28 -0300] "GET /cormun/PublicTempStorage/carne7222215.pdf HTTP/1.1" 200 56373
186.67.172.234 - - [04/Mar/2016:12:23:28 -0300] "GET /cormun/static/Shared/jqueryui/images/ui-bg_highlight-soft_100_c6c2c8_1x100.png HTTP/1.1" 404 1117
186.67.172.234 - - [04/Mar/2016:12:23:28 -0300] "GET /cormun/static/Shared/jqueryui/images/ui-icons_82798d_256x240.png HTTP/1.1" 404 1089
186.67.172.234 - - [04/Mar/2016:12:23:28 -0300] "GET /cormun/static/Shared/jqueryui/images/ui-bg_flat_55_fafafa_40x100.png HTTP/1.1" 404 1097
186.67.172.234 - - [04/Mar/2016:12:23:28 -0300] "GET /cormun/static/Shared/jqueryui/images/ui-icons_8d78a5_256x240.png HTTP/1.1" 404 1089
186.67.172.234 - - [04/Mar/2016:12:23:28 -0300] "GET /cormun/servlet/solicitudotadjuntos?DLT,2016,603,CARNET,0, HTTP/1.1" 200 5431
186.67.172.234 - - [04/Mar/2016:12:23:30 -0300] "POST /cormun/servlet/solicitudotadjuntos?a01bc39df05f5bdbb4e3d7e06520e9ea,DLT,2016,603,CARNET,0,,gx-no-cache=1457105062081 HTTP/1.1" 200 93
186.67.172.234 - - [04/Mar/2016:12:23:30 -0300] "GET /cormun/servlet/hpexe_return? HTTP/1.1" 200 1034
186.67.172.234 - - [04/Mar/2016:12:23:30 -0300] "GET /cormun/servlet/trsolicitudadjuntos?2016,603, HTTP/1.1" 200 7392
186.67.172.234 - - [04/Mar/2016:12:23:31 -0300] "GET /cormun/servlet/trsolicitudadjuntos?2016,603, HTTP/1.1" 200 7390
186.67.172.234 - - [04/Mar/2016:12:23:35 -0300] "GET /cormun/servlet/solicitudotadjuntos?DLT,2016,603,CERTIF3,0, HTTP/1.1" 200 5442
186.67.172.234 - - [04/Mar/2016:12:23:35 -0300] "GET /cormun/PublicTempStorage/cotizaciones6307545.pdf HTTP/1.1" 200 134947
186.67.172.234 - - [04/Mar/2016:12:23:35 -0300] "GET /cormun/servlet/solicitudotadjuntos?DLT,2016,603,CERTIF3,0, HTTP/1.1" 200 5434
186.67.172.234 - - [04/Mar/2016:12:23:36 -0300] "GET /cormun/PublicTempStorage/cotizaciones6307545.pdf HTTP/1.1" 304 -
186.67.172.234 - - [04/Mar/2016:12:23:36 -0300] "GET /cormun/PublicTempStorage/cotizaciones6307545.pdf HTTP/1.1" 304 -
186.103.159.189 - - [04/Mar/2016:12:23:37 -0300] "GET /cormun/servlet/solicitudotadjuntos?7c4f5895db82bfafc7ecc326e7563a26212ce803000098bf9486cb8f9991ddae,gx-no-cache=1457105044183 HTTP/1.1" 200 30
186.103.159.189 - - [04/Mar/2016:12:23:37 -0300] "GET /cormun/servlet/solicitudotadjuntos?7c4f5895db82bfafc7ecc326e7563a26212ce803000098bf9486cb8f9991ddae,gx-no-cache=1457105044236 HTTP/1.1" 200 30
186.67.172.234 - - [04/Mar/2016:12:23:37 -0300] "POST /cormun/servlet/solicitudotadjuntos?a01bc39df05f5bdbb4e3d7e06520e9ea,DLT,2016,603,CERTIF3,0,,gx-no-cache=1457105069061 HTTP/1.1" 200 93
186.67.172.234 - - [04/Mar/2016:12:23:37 -0300] "GET /cormun/servlet/hpexe_return? HTTP/1.1" 200 1035
186.67.172.234 - - [04/Mar/2016:12:23:37 -0300] "GET /cormun/servlet/trsolicitudadjuntos?2016,603, HTTP/1.1" 200 7250
186.67.172.234 - - [04/Mar/2016:12:23:38 -0300] "GET /cormun/servlet/trsolicitudadjuntos?2016,603, HTTP/1.1" 200 7247
186.103.159.189 - - [04/Mar/2016:12:23:40 -0300] "POST /cormun/servlet/solicitudotadjuntos?3f05a12279fed320fdf13c2c3864915c,INS,2016,604,,1, HTTP/1.1" 200 116
186.103.159.189 - - [04/Mar/2016:12:23:40 -0300] "GET /cormun/servlet/hpexe_return? HTTP/1.1" 200 1021
186.103.159.189 - - [04/Mar/2016:12:23:41 -0300] "GET /cormun/servlet/trsolicitudadjuntos?2016,604, HTTP/1.1" 200 7834
186.103.159.189 - - [04/Mar/2016:12:23:43 -0300] "GET /cormun/servlet/trsolicitudadjuntos?2016,604, HTTP/1.1" 200 7831
186.67.172.234 - - [04/Mar/2016:12:23:43 -0300] "GET /cormun/servlet/solicitudotadjuntos?DLT,2016,603,CERTIF4,0, HTTP/1.1" 200 5459
186.67.172.234 - - [04/Mar/2016:12:23:43 -0300] "GET /cormun/servlet/solicitudotadjuntos?DLT,2016,603,CERTIF4,0, HTTP/1.1" 200 5451
186.67.172.234 - - [04/Mar/2016:12:23:44 -0300] "GET /cormun/PublicTempStorage/certificado_de_antecedentes3455804.pdf HTTP/1.1" 200 86200
186.67.172.234 - - [04/Mar/2016:12:23:44 -0300] "GET /cormun/PublicTempStorage/certificado_de_antecedentes3455804.pdf HTTP/1.1" 304 -
186.67.172.234 - - [04/Mar/2016:12:23:44 -0300] "GET /cormun/PublicTempStorage/certificado_de_antecedentes3455804.pdf HTTP/1.1" 304 -
186.67.172.234 - - [04/Mar/2016:12:23:45 -0300] "POST /cormun/servlet/solicitudotadjuntos?a01bc39df05f5bdbb4e3d7e06520e9ea,DLT,2016,603,CERTIF4,0,,gx-no-cache=1457105076932 HTTP/1.1" 200 93
186.67.172.234 - - [04/Mar/2016:12:23:45 -0300] "GET /cormun/servlet/hpexe_return? HTTP/1.1" 200 1035
186.67.172.234 - - [04/Mar/2016:12:23:45 -0300] "GET /cormun/servlet/trsolicitudadjuntos?2016,603, HTTP/1.1" 200 5373
186.67.172.234 - - [04/Mar/2016:12:23:46 -0300] "GET /cormun/servlet/trsolicitudadjuntos?2016,603, HTTP/1.1" 200 5370
186.103.159.189 - - [04/Mar/2016:12:23:46 -0300] "GET /cormun/servlet/solicitudotadjuntos?INS,2016,604,,1, HTTP/1.1" 200 5442
186.103.159.189 - - [04/Mar/2016:12:23:46 -0300] "GET /cormun/static/about:blank HTTP/1.1" 404 1011
186.103.159.189 - - [04/Mar/2016:12:23:48 -0300] "GET /cormun/servlet/solicitudotadjuntos?INS,2016,604,,1, HTTP/1.1" 200 5436
186.67.172.234 - - [04/Mar/2016:12:23:48 -0300] "GET /cormun/servlet/solicitudotadjuntos?INS,2016,603,,1, HTTP/1.1" 200 5457
186.67.172.234 - - [04/Mar/2016:12:23:48 -0300] "GET /cormun/static/about:blank HTTP/1.1" 404 1011
186.67.172.234 - - [04/Mar/2016:12:23:48 -0300] "GET /cormun/servlet/solicitudotadjuntos?INS,2016,603,,1, HTTP/1.1" 200 5451
186.103.159.189 - - [04/Mar/2016:12:23:48 -0300] "GET /cormun/servlet/solicitudotadjuntos?7c4f5895db82bfafc7ecc326e7563a26f1906da933189c80f0e90e7fdf8caf327ad66371f567c547c09634d795675053,gx-no-cache=1457105055270 HTTP/1.1" 200 30
186.103.159.189 - - [04/Mar/2016:12:23:48 -0300] "POST /cormun/servlet/solicitudotadjuntos?3f05a12279fed320fdf13c2c3864915c,INS,2016,604,,1,,gx-no-cache=1457105055387 HTTP/1.1" 200 3315
186.67.172.234 - - [04/Mar/2016:12:23:49 -0300] "GET /cormun/servlet/solicitudotadjuntos?692b27914b9b8e12d189e91da0b18b203264e4608198c8a7417a0a2687eea63b64ba2f5d4e01761b335e039e2edc562e,gx-no-cache=1457105080415 HTTP/1.1" 200 30
186.67.172.234 - - [04/Mar/2016:12:23:49 -0300] "POST /cormun/servlet/solicitudotadjuntos?a01bc39df05f5bdbb4e3d7e06520e9ea,INS,2016,603,,1,,gx-no-cache=1457105080503 HTTP/1.1" 200 3347
186.103.159.189 - - [04/Mar/2016:12:23:52 -0300] "POST /cormun/servlet/solicitudotadjuntos?gx-no-cache=1457105059048 HTTP/1.1" 200 26
186.67.172.234 - - [04/Mar/2016:12:23:52 -0300] "POST /cormun/servlet/solicitudotadjuntos?gx-no-cache=1457105083880 HTTP/1.1" 200 26
186.103.159.189 - - [04/Mar/2016:12:23:58 -0300] "GET /cormun/servlet/solicitudotadjuntos?7c4f5895db82bfafc7ecc326e7563a26212ce803000098bf9486cb8f9991ddae,gx-no-cache=1457105065433 HTTP/1.1" 200 30
186.103.159.189 - - [04/Mar/2016:12:23:58 -0300] "GET /cormun/servlet/solicitudotadjuntos?7c4f5895db82bfafc7ecc326e7563a26212ce803000098bf9486cb8f9991ddae,gx-no-cache=1457105065489 HTTP/1.1" 200 30
186.67.172.234 - - [04/Mar/2016:12:24:00 -0300] "GET /cormun/servlet/solicitudotadjuntos?692b27914b9b8e12d189e91da0b18b20c649de4be83cfb66ad955ed1da6ae25e,gx-no-cache=1457105092338 HTTP/1.1" 200 30
