186.103.248.189 - - [04/Mar/2016:10:36:01 -0300] "POST /cormun/servlet/solicitudot?dbfcece63b7dfb19db09e8e0aa02665b,INS,0,0,,gx-no-cache=1457098581487 HTTP/1.1" 200 8388
186.103.248.189 - - [04/Mar/2016:10:36:01 -0300] "GET /cormun/servlet/solicitudot?226f6660300bb08d5ddfb8c708ce7f8be2d9279558e2dc93e73e38652839b292e4847b6ac5d17644caa05926fd865258,gx-no-cache=1457098589349 HTTP/1.1" 200 30
186.103.248.189 - - [04/Mar/2016:10:36:17 -0300] "POST /cormun/servlet/solicitudot?gx-no-cache=1457098604030 HTTP/1.1" 200 120
186.103.248.189 - - [04/Mar/2016:10:36:17 -0300] "GET /cormun/static/Shared/jqueryui/images/ui-bg_highlight-soft_100_c6c2c8_1x100.png HTTP/1.1" 404 1117
186.103.248.189 - - [04/Mar/2016:10:36:17 -0300] "GET /cormun/static/Shared/jqueryui/images/ui-icons_82798d_256x240.png HTTP/1.1" 404 1089
186.103.248.189 - - [04/Mar/2016:10:36:17 -0300] "GET /cormun/static/Shared/jqueryui/images/ui-icons_ebccce_256x240.png HTTP/1.1" 404 1089
186.103.248.189 - - [04/Mar/2016:10:36:18 -0300] "GET /cormun/static/Shared/jqueryui/images/ui-bg_flat_55_994d53_40x100.png HTTP/1.1" 404 1097
186.103.248.189 - - [04/Mar/2016:10:36:32 -0300] "POST /cormun/servlet/solicitudot?gx-no-cache=1457098611086 HTTP/1.1" 200 33
186.103.248.189 - - [04/Mar/2016:10:36:34 -0300] "POST /cormun/servlet/solicitudot?gx-no-cache=1457098621075 HTTP/1.1" 200 452
186.103.248.189 - - [04/Mar/2016:10:36:35 -0300] "GET /cormun/servlet/solicitudot?226f6660300bb08d5ddfb8c708ce7f8b33a1a93c2bb20aa8c614e77bf12c0f6170326f2e122f4f2f000da04263d4afd30fc810a2b960b2b78e9e857babee0cc3e777e9c4b9d91e3b69771757ac4ee7b4ed379f1cdf09f141c56ed9fa97f7c9a28b4c189731eba65d1354ce86a34a2c20ed8d557bc8fd30300bd1d2e0341d314b9198b9be593ec3314407dafad5909c73,gx-no-cache=1457098623200 HTTP/1.1" 200 38
192.168.10.98 - - [04/Mar/2016:10:36:38 -0300] "POST /cormun/servlet/trsolicitudgral?e03e5b14903f058cc218f9221dee9415,,gx-no-cache=1457098349940 HTTP/1.1" 200 16826
186.103.248.189 - - [04/Mar/2016:10:36:38 -0300] "GET /cormun/servlet/solicitudot?226f6660300bb08d5ddfb8c708ce7f8ba7f0271ab63fbacd898c4134d105d188650b38332c2dd80e3c3d843745ffe6195730922c5b76c71eb0dcd985096586d43877e95274827c656ee51bc51de2df9782274d82655796f32c2d74d1f2d31d23921faee54a3b781da181632d88a8ebed,gx-no-cache=1457098624092 HTTP/1.1" 200 29
186.103.159.44 - - [04/Mar/2016:10:36:40 -0300] "POST /cormun/servlet/trsolicitudot?7a067c42d78a90d22e66ca5a11c77c27,gx-no-cache=1457097249383,gx-no-cache=1457098597705 HTTP/1.1" 200 4917
192.168.10.98 - - [04/Mar/2016:10:36:41 -0300] "GET /cormun/servlet/trsolicitudgral?b4d676a7add3a786bf19a88b5f1fb829ed36faf64b2ace0751de3f3a0079b6b98ca88caf6c5ab57424bfd91ccd877e564d8309a943b2dca5bca8a11d467dce2e3a0bf9240519c1f81fa8bf2baf786329792d76d50800cafd51d30f0c9cae8b0b,gx-no-cache=1457098352884 HTTP/1.1" 200 15787
186.103.248.189 - - [04/Mar/2016:10:36:42 -0300] "POST /cormun/servlet/solicitudot?gx-no-cache=1457098626903 HTTP/1.1" 200 404
186.103.248.189 - - [04/Mar/2016:10:36:42 -0300] "GET /cormun/static/menuarrow.gif HTTP/1.1" 404 1015
186.103.159.44 - - [04/Mar/2016:10:36:43 -0300] "POST /cormun/servlet/trsolicitudot?7a067c42d78a90d22e66ca5a11c77c27,gx-no-cache=1457097249383,gx-no-cache=1457098607248 HTTP/1.1" 200 4917
192.168.10.98 - - [04/Mar/2016:10:36:44 -0300] "POST /cormun/servlet/trsolicitudgral?e03e5b14903f058cc218f9221dee9415,,gx-no-cache=1457098355968 HTTP/1.1" 200 16818
191.112.104.108 - - [04/Mar/2016:10:36:44 -0300] "GET /cormun/servlet/solicitudot?INS,0,0, HTTP/1.1" 200 11430
186.103.159.44 - - [04/Mar/2016:10:36:44 -0300] "POST /cormun/servlet/trsolicitudot?7a067c42d78a90d22e66ca5a11c77c27,gx-no-cache=1457097249383,gx-no-cache=1457098611064 HTTP/1.1" 200 4917
186.103.159.44 - - [04/Mar/2016:10:36:45 -0300] "POST /cormun/servlet/trsolicitudot?7a067c42d78a90d22e66ca5a11c77c27,gx-no-cache=1457097249383,gx-no-cache=1457098611798 HTTP/1.1" 200 4917
191.112.104.108 - - [04/Mar/2016:10:36:45 -0300] "GET /cormun/static/calendar-system.css?85620 HTTP/1.1" 304 -
191.112.104.108 - - [04/Mar/2016:10:36:45 -0300] "GET /cormun/static/Resources/Spanish/PXTools.css?1944839 HTTP/1.1" 304 -
186.103.159.44 - - [04/Mar/2016:10:36:45 -0300] "POST /cormun/servlet/trsolicitudot?7a067c42d78a90d22e66ca5a11c77c27,gx-no-cache=1457097249383,gx-no-cache=1457098612430 HTTP/1.1" 200 4917
191.112.101.245 - - [04/Mar/2016:10:36:46 -0300] "GET /cormun/PublicTempStorage/carolina_donoso_soto._c._alumno_regular.1509461.jpg HTTP/1.1" 200 95906
191.112.104.108 - - [04/Mar/2016:10:36:46 -0300] "GET /cormun/static/Shared/jqueryui/jquery-ui.min.css?1345370 HTTP/1.1" 304 -
191.112.104.108 - - [04/Mar/2016:10:36:46 -0300] "GET /cormun/static/SmoothNavMenu/resources/ddsmoothmenu.css?1112540 HTTP/1.1" 304 -
186.103.159.44 - - [04/Mar/2016:10:36:46 -0300] "POST /cormun/servlet/trsolicitudot?7a067c42d78a90d22e66ca5a11c77c27,gx-no-cache=1457097249383,gx-no-cache=1457098613244 HTTP/1.1" 200 4917
191.112.104.108 - - [04/Mar/2016:10:36:47 -0300] "GET /cormun/static/SmoothNavMenu/resources/ddsmoothmenu-v.css?1112540 HTTP/1.1" 304 -
191.112.104.108 - - [04/Mar/2016:10:36:47 -0300] "GET /cormun/static/scaMessage/css/jquery.pnotify.default.css?1816380 HTTP/1.1" 304 -
192.168.10.98 - - [04/Mar/2016:10:36:47 -0300] "POST /cormun/servlet/trsolicitudgral?e03e5b14903f058cc218f9221dee9415,,gx-no-cache=1457098359120 HTTP/1.1" 200 16818
186.103.159.44 - - [04/Mar/2016:10:36:47 -0300] "POST /cormun/servlet/trsolicitudot?7a067c42d78a90d22e66ca5a11c77c27,gx-no-cache=1457097249383,gx-no-cache=1457098614075 HTTP/1.1" 200 4917
191.112.104.108 - - [04/Mar/2016:10:36:48 -0300] "GET /cormun/static/gxtimezone.js?85251 HTTP/1.1" 304 -
191.112.104.108 - - [04/Mar/2016:10:36:48 -0300] "GET /cormun/static/gxgral.js?85251 HTTP/1.1" 304 -
191.112.104.108 - - [04/Mar/2016:10:36:49 -0300] "GET /cormun/static/gxcfg.js?20163219435133 HTTP/1.1" 304 -
191.112.104.108 - - [04/Mar/2016:10:36:49 -0300] "GET /cormun/static/calendar.js?85251 HTTP/1.1" 304 -
191.112.104.108 - - [04/Mar/2016:10:36:50 -0300] "GET /cormun/static/calendar-setup.js?85251 HTTP/1.1" 304 -
191.112.104.108 - - [04/Mar/2016:10:36:50 -0300] "GET /cormun/static/calendar-es.js?85251 HTTP/1.1" 304 -
192.168.10.98 - - [04/Mar/2016:10:36:50 -0300] "POST /cormun/servlet/trsolicitudgral?e03e5b14903f058cc218f9221dee9415,,gx-no-cache=1457098362261 HTTP/1.1" 200 16818
191.112.104.108 - - [04/Mar/2016:10:36:50 -0300] "GET /cormun/static/RunJS/RunJS.js HTTP/1.1" 304 -
191.112.104.108 - - [04/Mar/2016:10:36:50 -0300] "GET /cormun/static/PXToolsJavascripts/pexe_autoreload.js HTTP/1.1" 304 -
191.112.104.108 - - [04/Mar/2016:10:36:50 -0300] "GET /cormun/static/PXToolsJavascripts/pexe_cookies.js HTTP/1.1" 304 -
191.112.104.108 - - [04/Mar/2016:10:36:51 -0300] "GET /cormun/static/PXToolsJavascripts/pexe_windows.js HTTP/1.1" 304 -
191.112.104.108 - - [04/Mar/2016:10:36:51 -0300] "GET /cormun/static/PXToolsJavascripts/pexe_grid.js HTTP/1.1" 304 -
191.112.104.108 - - [04/Mar/2016:10:36:51 -0300] "GET /cormun/static/PXToolsJavascripts/pexe_griddivfix.js HTTP/1.1" 304 -
191.112.104.108 - - [04/Mar/2016:10:36:51 -0300] "GET /cormun/static/PXToolsJavascripts/pexe_link.js HTTP/1.1" 304 -
191.112.104.108 - - [04/Mar/2016:10:36:51 -0300] "GET /cormun/static/PXToolsJavascripts/pexe_menudivfix.js HTTP/1.1" 304 -
191.112.104.108 - - [04/Mar/2016:10:36:51 -0300] "GET /cormun/static/PXToolsJavascripts/pexe_menus.js HTTP/1.1" 304 -
191.112.104.108 - - [04/Mar/2016:10:36:51 -0300] "GET /cormun/static/PXToolsJavascripts/pexe_layers.js HTTP/1.1" 304 -
186.103.159.44 - - [04/Mar/2016:10:36:52 -0300] "POST /cormun/servlet/trsolicitudot?7a067c42d78a90d22e66ca5a11c77c27,gx-no-cache=1457097249383,gx-no-cache=1457098615368 HTTP/1.1" 200 4935
191.112.104.108 - - [04/Mar/2016:10:36:52 -0300] "GET /cormun/static/PXToolsJavascripts/pexe_oav.js HTTP/1.1" 304 -
191.112.104.108 - - [04/Mar/2016:10:36:52 -0300] "GET /cormun/static/PXToolsJavascripts/pexe_oavdivfix.js HTTP/1.1" 304 -
191.112.104.108 - - [04/Mar/2016:10:36:52 -0300] "GET /cormun/static/PXToolsJavascripts/pexe_picture.js HTTP/1.1" 304 -
191.112.101.245 - - [04/Mar/2016:10:36:52 -0300] "GET /cormun/servlet/trsolicitudadjuntos?2016,556, HTTP/1.1" 200 7986
191.112.104.108 - - [04/Mar/2016:10:36:52 -0300] "GET /cormun/static/PXToolsJavascripts/pexe_popup.js HTTP/1.1" 304 -
191.112.104.108 - - [04/Mar/2016:10:36:52 -0300] "GET /cormun/static/PXToolsJavascripts/pexe_scrolldiv.js HTTP/1.1" 304 -
191.112.104.108 - - [04/Mar/2016:10:36:53 -0300] "GET /cormun/static/PXToolsJavascripts/pexe_tabdivfix.js HTTP/1.1" 304 -
186.103.159.44 - - [04/Mar/2016:10:36:53 -0300] "GET /cormun/static/Shared/jqueryui/images/ui-bg_flat_55_fafafa_40x100.png HTTP/1.1" 404 1097
186.103.159.44 - - [04/Mar/2016:10:36:53 -0300] "GET /cormun/static/Shared/jqueryui/images/ui-icons_8d78a5_256x240.png HTTP/1.1" 404 1089
191.112.104.108 - - [04/Mar/2016:10:36:53 -0300] "GET /cormun/static/PXToolsJavascripts/pexe_tabs.js HTTP/1.1" 304 -
186.103.159.44 - - [04/Mar/2016:10:36:53 -0300] "GET /cormun/static/Shared/jqueryui/images/ui-bg_highlight-soft_100_c6c2c8_1x100.png HTTP/1.1" 404 1117
191.112.104.108 - - [04/Mar/2016:10:36:53 -0300] "GET /cormun/static/PXToolsJavascripts/pexe_upload.js HTTP/1.1" 304 -
186.103.159.44 - - [04/Mar/2016:10:36:53 -0300] "GET /cormun/static/Shared/jqueryui/images/ui-icons_82798d_256x240.png HTTP/1.1" 404 1089
191.112.104.108 - - [04/Mar/2016:10:36:53 -0300] "GET /cormun/static/PXToolsJavascripts/PXToolsJavascriptsRender.js HTTP/1.1" 304 -
191.112.104.108 - - [04/Mar/2016:10:36:53 -0300] "GET /cormun/static/Shared/ext/ext-all.js HTTP/1.1" 304 -
191.112.104.108 - - [04/Mar/2016:10:36:54 -0300] "GET /cormun/static/gxui/gxui-all.js HTTP/1.1" 304 -
191.112.104.108 - - [04/Mar/2016:10:36:55 -0300] "GET /cormun/static/Shared/ext/locale/ext-lang-en.js HTTP/1.1" 304 -
191.112.104.108 - - [04/Mar/2016:10:36:55 -0300] "GET /cormun/static/messages.spa.js?85251 HTTP/1.1" 304 -
191.112.101.245 - - [04/Mar/2016:10:36:55 -0300] "GET /cormun/servlet/trsolicitudadjuntos?2016,556, HTTP/1.1" 200 7983
191.112.104.108 - - [04/Mar/2016:10:36:55 -0300] "GET /cormun/static/gxdec.js?85251 HTTP/1.1" 304 -
191.112.104.108 - - [04/Mar/2016:10:36:55 -0300] "GET /cormun/static/solicitudot.js?20163219435183 HTTP/1.1" 304 -
191.112.104.108 - - [04/Mar/2016:10:36:56 -0300] "GET /cormun/static/hwchdr01.js?20162241650484 HTTP/1.1" 304 -
191.112.104.108 - - [04/Mar/2016:10:36:56 -0300] "GET /cormun/static/hpexe_recentlink.js?2015111312121342 HTTP/1.1" 304 -
191.112.104.108 - - [04/Mar/2016:10:36:56 -0300] "GET /cormun/static/hpexe_scripts.js?20151120014546 HTTP/1.1" 304 -
191.112.104.108 - - [04/Mar/2016:10:36:56 -0300] "GET /cormun/static/hpexe_messagecontroller.js?2015112210524422 HTTP/1.1" 304 -
191.112.104.108 - - [04/Mar/2016:10:36:56 -0300] "GET /cormun/static/hpexe_messagepopupcomponent.js?20163219454551 HTTP/1.1" 304 -
192.168.10.98 - - [04/Mar/2016:10:36:57 -0300] "POST /cormun/servlet/trsolicitudgral?e03e5b14903f058cc218f9221dee9415,,gx-no-cache=1457098368934 HTTP/1.1" 200 16818
191.112.104.108 - - [04/Mar/2016:10:36:57 -0300] "GET /cormun/static/hpexe_messagegenexuscomponent.js?20151120014314 HTTP/1.1" 304 -
191.112.101.245 - - [04/Mar/2016:10:36:57 -0300] "GET /cormun/servlet/solicitudotadjuntos?INS,2016,556,,1, HTTP/1.1" 200 5471
191.112.104.108 - - [04/Mar/2016:10:36:57 -0300] "GET /cormun/static/cmcontrolpreferences.js?20151120014525 HTTP/1.1" 304 -
191.112.104.108 - - [04/Mar/2016:10:36:57 -0300] "GET /cormun/static/Shared/jquery/jquery-1.4.2.min.js HTTP/1.1" 304 -
191.112.104.108 - - [04/Mar/2016:10:36:57 -0300] "GET /cormun/static/Shared/jquery/jquery-1.10.2.min.js HTTP/1.1" 304 -
191.112.104.108 - - [04/Mar/2016:10:36:57 -0300] "GET /cormun/static/Shared/jqueryui/jquery-ui.min.js HTTP/1.1" 304 -
191.112.101.245 - - [04/Mar/2016:10:36:58 -0300] "GET /cormun/static/about:blank HTTP/1.1" 404 1011
191.112.104.108 - - [04/Mar/2016:10:36:58 -0300] "GET /cormun/static/SmoothNavMenu/resources/ddsmoothmenu.js HTTP/1.1" 304 -
191.112.104.108 - - [04/Mar/2016:10:36:58 -0300] "GET /cormun/static/SmoothNavMenu/resources/SmoothNavMenuRender.js HTTP/1.1" 304 -
191.112.104.108 - - [04/Mar/2016:10:36:58 -0300] "GET /cormun/static/scaMessage/js/jquery.pnotify.min.js HTTP/1.1" 304 -
191.112.104.108 - - [04/Mar/2016:10:36:58 -0300] "GET /cormun/static/scaMessage/scaMessageRender.js HTTP/1.1" 304 -
191.112.104.108 - - [04/Mar/2016:10:36:58 -0300] "GET /cormun/static/hmpwkw03.js?2016311993330 HTTP/1.1" 304 -
191.112.104.108 - - [04/Mar/2016:10:36:59 -0300] "GET /cormun/static/Resources/PXToolsFooterBackground2.png HTTP/1.1" 304 -
191.112.104.108 - - [04/Mar/2016:10:36:59 -0300] "GET /cormun/static/Resources/PXToolsHeaderActionsBackground.png HTTP/1.1" 304 -
191.112.104.108 - - [04/Mar/2016:10:36:59 -0300] "GET /cormun/static/Resources/PXToolsHeaderLogin.png HTTP/1.1" 304 -
191.112.104.108 - - [04/Mar/2016:10:36:59 -0300] "GET /cormun/static/Resources/PXToolsHeaderPreferences.png HTTP/1.1" 304 -
191.112.104.108 - - [04/Mar/2016:10:36:59 -0300] "GET /cormun/static/Resources/PXToolsHeaderActionsLeft.png HTTP/1.1" 304 -
191.112.101.245 - - [04/Mar/2016:10:36:59 -0300] "GET /cormun/servlet/solicitudotadjuntos?INS,2016,556,,1, HTTP/1.1" 200 5465
191.112.104.108 - - [04/Mar/2016:10:37:00 -0300] "GET /cormun/static/Resources/PXToolsHeaderSecurity.png HTTP/1.1" 304 -
191.112.104.108 - - [04/Mar/2016:10:37:00 -0300] "GET /cormun/static/Resources/PXToolsHeaderActionsRight.png HTTP/1.1" 304 -
191.112.104.108 - - [04/Mar/2016:10:37:00 -0300] "GET /cormun/static/Resources/PXToolsHeaderHome.png HTTP/1.1" 304 -
191.112.104.108 - - [04/Mar/2016:10:37:00 -0300] "GET /cormun/servlet/solicitudot?INS,0,0, HTTP/1.1" 200 11413
191.112.101.245 - - [04/Mar/2016:10:37:00 -0300] "GET /cormun/servlet/solicitudotadjuntos?52b00dd4caec65c356e44f0f47c57a8916a49e5b1bd99bbe8492ae16e64fbd8b5c316a8d33e3b79a2323c63ea8f13c6f,gx-no-cache=1457098645817 HTTP/1.1" 200 30
191.112.104.108 - - [04/Mar/2016:10:37:00 -0300] "GET /cormun/static/Resources/prompt.gif HTTP/1.1" 304 -
191.112.104.108 - - [04/Mar/2016:10:37:00 -0300] "GET /cormun/static/Resources/PXTools/calendar.png HTTP/1.1" 304 -
191.112.104.108 - - [04/Mar/2016:10:37:00 -0300] "GET /cormun/static/SmoothNavMenu/resources/images/down.gif HTTP/1.1" 304 -
191.112.104.108 - - [04/Mar/2016:10:37:00 -0300] "GET /cormun/static/Resources/indicator.gif HTTP/1.1" 304 -
191.112.101.245 - - [04/Mar/2016:10:37:00 -0300] "POST /cormun/servlet/solicitudotadjuntos?428d7be0fbe5204dc772c6c5d6b23893,INS,2016,556,,1,,gx-no-cache=1457098645980 HTTP/1.1" 200 3339
191.112.104.108 - - [04/Mar/2016:10:37:01 -0300] "GET /cormun/static/Resources/logo4.png HTTP/1.1" 304 -
191.112.104.108 - - [04/Mar/2016:10:37:02 -0300] "GET /favicon.ico HTTP/1.1" 200 21630
192.168.10.98 - - [04/Mar/2016:10:37:03 -0300] "POST /cormun/servlet/trsolicitudgral?e03e5b14903f058cc218f9221dee9415,,gx-no-cache=1457098375686 HTTP/1.1" 200 16818
191.112.104.108 - - [04/Mar/2016:10:37:07 -0300] "GET /cormun/servlet/trsolicitudot? HTTP/1.1" 200 11998
191.112.104.108 - - [04/Mar/2016:10:37:10 -0300] "GET /cormun/servlet/trsolicitudot? HTTP/1.1" 200 11992
186.103.159.44 - - [04/Mar/2016:10:37:17 -0300] "POST /cormun/servlet/trsolicitudot?7a067c42d78a90d22e66ca5a11c77c27,gx-no-cache=1457097249383,gx-no-cache=1457098643744 HTTP/1.1" 200 4917
186.103.159.44 - - [04/Mar/2016:10:37:18 -0300] "POST /cormun/servlet/trsolicitudot?7a067c42d78a90d22e66ca5a11c77c27,gx-no-cache=1457097249383,gx-no-cache=1457098644706 HTTP/1.1" 200 4917
186.103.159.44 - - [04/Mar/2016:10:37:19 -0300] "POST /cormun/servlet/trsolicitudot?7a067c42d78a90d22e66ca5a11c77c27,gx-no-cache=1457097249383,gx-no-cache=1457098645809 HTTP/1.1" 200 4917
191.112.101.245 - - [04/Mar/2016:10:37:19 -0300] "POST /cormun/servlet/solicitudotadjuntos?428d7be0fbe5204dc772c6c5d6b23893,INS,2016,556,,1,,gx-no-cache=1457098664573 HTTP/1.1" 200 93
191.112.101.245 - - [04/Mar/2016:10:37:19 -0300] "GET /cormun/servlet/hpexe_return? HTTP/1.1" 200 1024
186.103.159.44 - - [04/Mar/2016:10:37:20 -0300] "POST /cormun/servlet/trsolicitudot?7a067c42d78a90d22e66ca5a11c77c27,gx-no-cache=1457097249383,gx-no-cache=1457098646949 HTTP/1.1" 200 4917
191.112.101.245 - - [04/Mar/2016:10:37:20 -0300] "GET /cormun/servlet/trsolicitudadjuntos?2016,556, HTTP/1.1" 200 7983
186.103.159.44 - - [04/Mar/2016:10:37:21 -0300] "POST /cormun/servlet/trsolicitudot?7a067c42d78a90d22e66ca5a11c77c27,gx-no-cache=1457097249383,gx-no-cache=1457098648174 HTTP/1.1" 200 4917
191.112.101.245 - - [04/Mar/2016:10:37:22 -0300] "GET /cormun/servlet/trsolicitudadjuntos?2016,556, HTTP/1.1" 200 7988
186.103.159.44 - - [04/Mar/2016:10:37:22 -0300] "POST /cormun/servlet/trsolicitudot?7a067c42d78a90d22e66ca5a11c77c27,gx-no-cache=1457097249383,gx-no-cache=1457098649470 HTTP/1.1" 200 4917
186.103.159.44 - - [04/Mar/2016:10:37:24 -0300] "POST /cormun/servlet/trsolicitudot?7a067c42d78a90d22e66ca5a11c77c27,gx-no-cache=1457097249383,gx-no-cache=1457098650809 HTTP/1.1" 200 4917
191.112.101.245 - - [04/Mar/2016:10:37:24 -0300] "GET /cormun/servlet/solicitudotadjuntos?INS,2016,556,,2, HTTP/1.1" 200 5472
191.112.101.245 - - [04/Mar/2016:10:37:25 -0300] "GET /cormun/static/about:blank HTTP/1.1" 404 1011
191.112.101.245 - - [04/Mar/2016:10:37:26 -0300] "GET /cormun/servlet/solicitudotadjuntos?INS,2016,556,,2, HTTP/1.1" 200 5466
191.112.101.245 - - [04/Mar/2016:10:37:27 -0300] "GET /cormun/servlet/solicitudotadjuntos?52b00dd4caec65c356e44f0f47c57a8916a49e5b1bd99bbe8492ae16e64fbd8b5c316a8d33e3b79a2323c63ea8f13c6f,gx-no-cache=1457098672292 HTTP/1.1" 200 30
191.112.101.245 - - [04/Mar/2016:10:37:27 -0300] "POST /cormun/servlet/solicitudotadjuntos?428d7be0fbe5204dc772c6c5d6b23893,INS,2016,556,,2,,gx-no-cache=1457098672430 HTTP/1.1" 200 3554
186.103.248.189 - - [04/Mar/2016:10:37:31 -0300] "GET /cormun/servlet/solicitudot?226f6660300bb08d5ddfb8c708ce7f8b87d8d3092212b86412536f0a4922e22d69a822373aabd09701477be16cd2d35b71b172a8ec39366f2d695e856ca81cf4e6acc1e494c69af30beca60bde6ff38b978b1abc707b303214a4e1a7da59f9ac09997fc181c236e97e3ea0a5b87f8e2bb4792b56e703f526bf18fe453ca617b2cc1b03c9ec0975ae4162bb2eedfc21d630412fd7110744eaed2e3d282c90964b,gx-no-cache=1457098679311 HTTP/1.1" 200 30
186.103.159.44 - - [04/Mar/2016:10:37:33 -0300] "POST /cormun/servlet/trsolicitudot?7a067c42d78a90d22e66ca5a11c77c27,gx-no-cache=1457097249383,gx-no-cache=1457098652274 HTTP/1.1" 200 4935
191.112.101.245 - - [04/Mar/2016:10:37:37 -0300] "POST /cormun/servlet/solicitudotadjuntos?gx-no-cache=1457098682903 HTTP/1.1" 200 26
192.168.10.98 - - [04/Mar/2016:10:37:40 -0300] "POST /cormun/servlet/trsolicitudgral?e03e5b14903f058cc218f9221dee9415,,gx-no-cache=1457098412509 HTTP/1.1" 200 4479
192.168.10.98 - - [04/Mar/2016:10:37:40 -0300] "GET /cormun/servlet/trsolicitudgral?b4d676a7add3a786bf19a88b5f1fb829ed36faf64b2ace0751de3f3a0079b6b9c6ffd0bec8120b4dd79cdf5afbc737dbabebfe4f63a4a8929d1481f024bccac9be684e36bcda9414c55d62663d6ac4291c7aee66c326c60026f2cd5f1706744a05b9178b454e0f29bca427ee9416f29e441f5c63135e5b7adf934732a2c2c34d,gx-no-cache=1457098412919 HTTP/1.1" 200 675
191.112.101.245 - - [04/Mar/2016:10:37:43 -0300] "GET /cormun/servlet/solicitudotadjuntos?52b00dd4caec65c356e44f0f47c57a89da827183b79bca6c8f1b796a23e4519d,gx-no-cache=1457098688630 HTTP/1.1" 200 30
191.112.101.245 - - [04/Mar/2016:10:37:43 -0300] "GET /cormun/servlet/solicitudotadjuntos?52b00dd4caec65c356e44f0f47c57a89da827183b79bca6c8f1b796a23e4519d,gx-no-cache=1457098688706 HTTP/1.1" 200 30
191.112.101.245 - - [04/Mar/2016:10:37:45 -0300] "POST /cormun/servlet/solicitudotadjuntos?428d7be0fbe5204dc772c6c5d6b23893,INS,2016,556,,2, HTTP/1.1" 200 116
191.112.101.245 - - [04/Mar/2016:10:37:45 -0300] "GET /cormun/servlet/hpexe_return? HTTP/1.1" 200 1024
191.112.101.245 - - [04/Mar/2016:10:37:46 -0300] "GET /cormun/servlet/trsolicitudadjuntos?2016,556, HTTP/1.1" 200 8277
192.168.10.98 - - [04/Mar/2016:10:37:47 -0300] "POST /cormun/servlet/trsolicitudgral?e03e5b14903f058cc218f9221dee9415,,gx-no-cache=1457098419535 HTTP/1.1" 200 4481
192.168.10.98 - - [04/Mar/2016:10:37:47 -0300] "GET /cormun/servlet/trsolicitudgral?b4d676a7add3a786bf19a88b5f1fb8294754007fe34a236a61069442d6eebcd67e604dcd1f3866b606e388576686c7717d5d87b9eaa5140dd9137d7ec2ba5d44dc277b535a313aa6133e45e184f2acbc51d19efd363a07e9b11ff8fd4b037d0412a51a0c2198dba7ac5ffbb98c15b3f5995e219f3256f1e0944332576d8f9f87,gx-no-cache=1457098419952 HTTP/1.1" 200 677
191.112.101.245 - - [04/Mar/2016:10:37:48 -0300] "GET /cormun/servlet/trsolicitudadjuntos?2016,556, HTTP/1.1" 200 8275
192.168.10.98 - - [04/Mar/2016:10:38:05 -0300] "POST /cormun/servlet/trsolicitudgral?e03e5b14903f058cc218f9221dee9415,,gx-no-cache=1457098437349 HTTP/1.1" 200 4480
192.168.10.98 - - [04/Mar/2016:10:38:05 -0300] "GET /cormun/servlet/trsolicitudgral?b4d676a7add3a786bf19a88b5f1fb8293e82340ed46565b82c04b82825ddd2937e604dcd1f3866b606e388576686c7717d5d87b9eaa5140dd9137d7ec2ba5d44dc277b535a313aa6133e45e184f2acbc51d19efd363a07e9b11ff8fd4b037d0412a51a0c2198dba7ac5ffbb98c15b3f5995e219f3256f1e0944332576d8f9f87,gx-no-cache=1457098437760 HTTP/1.1" 200 675
192.168.10.98 - - [04/Mar/2016:10:38:09 -0300] "POST /cormun/servlet/trsolicitudgral?e03e5b14903f058cc218f9221dee9415,,gx-no-cache=1457098441170 HTTP/1.1" 200 4479
192.168.10.98 - - [04/Mar/2016:10:38:09 -0300] "GET /cormun/servlet/trsolicitudgral?b4d676a7add3a786bf19a88b5f1fb829ed36faf64b2ace0751de3f3a0079b6b97e604dcd1f3866b606e388576686c7717d5d87b9eaa5140dd9137d7ec2ba5d44dc277b535a313aa6133e45e184f2acbc51d19efd363a07e9b11ff8fd4b037d0412a51a0c2198dba7ac5ffbb98c15b3f5995e219f3256f1e0944332576d8f9f87,gx-no-cache=1457098441579 HTTP/1.1" 200 675
192.168.10.98 - - [04/Mar/2016:10:38:11 -0300] "POST /cormun/servlet/trsolicitudgral?e03e5b14903f058cc218f9221dee9415,,gx-no-cache=1457098443740 HTTP/1.1" 200 4480
192.168.10.98 - - [04/Mar/2016:10:38:12 -0300] "GET /cormun/servlet/trsolicitudgral?b4d676a7add3a786bf19a88b5f1fb829eeb34d6ad40e5307f78958f09cfefff67e604dcd1f3866b606e388576686c7717d5d87b9eaa5140dd9137d7ec2ba5d44dc277b535a313aa6133e45e184f2acbc51d19efd363a07e9b11ff8fd4b037d0412a51a0c2198dba7ac5ffbb98c15b3f5995e219f3256f1e0944332576d8f9f87,gx-no-cache=1457098444150 HTTP/1.1" 200 675
192.168.10.98 - - [04/Mar/2016:10:38:13 -0300] "POST /cormun/servlet/trsolicitudgral?e03e5b14903f058cc218f9221dee9415,,gx-no-cache=1457098445859 HTTP/1.1" 200 7756
192.168.10.98 - - [04/Mar/2016:10:38:15 -0300] "GET /cormun/servlet/trsolicitudgral?b4d676a7add3a786bf19a88b5f1fb82948a474e71fbfb768cf3db13b91bebc2f7e604dcd1f3866b606e388576686c7717d5d87b9eaa5140dd9137d7ec2ba5d44dc277b535a313aa6133e45e184f2acbc51d19efd363a07e9b11ff8fd4b037d0412a51a0c2198dba7ac5ffbb98c15b3f5995e219f3256f1e0944332576d8f9f87,gx-no-cache=1457098447040 HTTP/1.1" 200 4482
192.168.10.98 - - [04/Mar/2016:10:38:24 -0300] "GET /cormun/servlet/vesolicitudgral?2016,590,, HTTP/1.1" 200 7587
192.168.10.98 - - [04/Mar/2016:10:38:24 -0300] "GET /cormun/static/gxcfg.js?2016311844818 HTTP/1.1" 304 -
192.168.10.98 - - [04/Mar/2016:10:38:24 -0300] "GET /cormun/pexe_scrolldiv.js HTTP/1.1" 404 1009
192.168.10.98 - - [04/Mar/2016:10:38:25 -0300] "GET /cormun/static/hwcviewtabs.js?20151120014372 HTTP/1.1" 304 -
192.168.10.98 - - [04/Mar/2016:10:38:25 -0300] "GET /cormun/static/hpexe_tabsview.js?20151120014350 HTTP/1.1" 304 -
192.168.10.98 - - [04/Mar/2016:10:38:25 -0300] "GET /cormun/static/tbsolicitudgral01.js?2016311844295 HTTP/1.1" 304 -
192.168.10.98 - - [04/Mar/2016:10:38:25 -0300] "GET /cormun/static/vesolicitudgral.js?2016311844875 HTTP/1.1" 304 -
192.168.10.98 - - [04/Mar/2016:10:38:25 -0300] "GET /cormun/servlet/vesolicitudgral?2016,590,, HTTP/1.1" 200 7584
191.112.101.245 - - [04/Mar/2016:10:38:26 -0300] "GET /cormun/PublicTempStorage/carolina_donoso_soto._c._alumno_regular.8950475.jpg HTTP/1.1" 200 95906
191.112.101.245 - - [04/Mar/2016:10:38:28 -0300] "GET /cormun/servlet/trsolicitudadjuntos?2016,556, HTTP/1.1" 200 8277
186.103.248.189 - - [04/Mar/2016:10:38:30 -0300] "GET /cormun/servlet/solicitudot?226f6660300bb08d5ddfb8c708ce7f8b87d8d3092212b86412536f0a4922e22d69a822373aabd09701477be16cd2d35b71b172a8ec39366f2d695e856ca81cf4e6acc1e494c69af30beca60bde6ff38b978b1abc707b303214a4e1a7da59f9ac09997fc181c236e97e3ea0a5b87f8e2bb4792b56e703f526bf18fe453ca617b2cc1b03c9ec0975ae4162bb2eedfc21d6895ea744627de4c323151e9d971ba7f4168aafc339f1c8ad7c35c91989d8c0b2,gx-no-cache=1457098738821 HTTP/1.1" 200 30
191.112.101.245 - - [04/Mar/2016:10:38:31 -0300] "GET /cormun/servlet/trsolicitudadjuntos?2016,556, HTTP/1.1" 200 8274
186.103.248.189 - - [04/Mar/2016:10:38:31 -0300] "POST /cormun/servlet/solicitudot?dbfcece63b7dfb19db09e8e0aa02665b,INS,0,0,,gx-no-cache=1457098739054 HTTP/1.1" 200 8705
192.168.10.98 - - [04/Mar/2016:10:38:41 -0300] "POST /cormun/servlet/vesolicitudgral?e03e5b14903f058cc218f9221dee9415,2016,590,,,gx-no-cache=1457098473251 HTTP/1.1" 200 93
192.168.10.98 - - [04/Mar/2016:10:38:41 -0300] "GET /cormun/servlet/hpexe_return? HTTP/1.1" 200 1007
192.168.10.98 - - [04/Mar/2016:10:38:41 -0300] "GET /cormun/servlet/trsolicitudgral? HTTP/1.1" 200 10070
192.168.10.98 - - [04/Mar/2016:10:38:42 -0300] "GET /cormun/servlet/trsolicitudgral? HTTP/1.1" 200 10066
192.168.10.98 - - [04/Mar/2016:10:38:43 -0300] "POST /cormun/servlet/acontrolpreferencessavestate?None,MGALVEZ,true HTTP/1.1" 200 35
186.103.248.189 - - [04/Mar/2016:10:39:08 -0300] "POST /cormun/servlet/solicitudot?gx-no-cache=1457098776866 HTTP/1.1" 200 33
186.103.248.189 - - [04/Mar/2016:10:39:09 -0300] "POST /cormun/servlet/solicitudot?gx-no-cache=1457098777087 HTTP/1.1" 200 452
186.103.248.189 - - [04/Mar/2016:10:39:09 -0300] "GET /cormun/servlet/solicitudot?226f6660300bb08d5ddfb8c708ce7f8b33a1a93c2bb20aa8c614e77bf12c0f6170326f2e122f4f2f000da04263d4afd30fc810a2b960b2b78e9e857babee0cc3e777e9c4b9d91e3b69771757ac4ee7b4ed379f1cdf09f141c56ed9fa97f7c9a28b4c189731eba65d1354ce86a34a2c20ed8d557bc8fd30300bd1d2e0341d314be450beb78aae9b899f32ec68777e7fa35fa57e785b4757b2684f8773a78c7b2a,gx-no-cache=1457098777235 HTTP/1.1" 200 41
186.103.248.189 - - [04/Mar/2016:10:39:09 -0300] "POST /cormun/servlet/solicitudot?gx-no-cache=1457098777342 HTTP/1.1" 200 404
186.103.248.189 - - [04/Mar/2016:10:39:09 -0300] "GET /cormun/servlet/solicitudot?226f6660300bb08d5ddfb8c708ce7f8b87d8d3092212b86412536f0a4922e22d69a822373aabd09701477be16cd2d35b71b172a8ec39366f2d695e856ca81cf4e6acc1e494c69af30beca60bde6ff38b978b1abc707b303214a4e1a7da59f9ac09997fc181c236e97e3ea0a5b87f8e2bb4792b56e703f526bf18fe453ca617b2cc1b03c9ec0975ae4162bb2eedfc21d6895ea744627de4c323151e9d971ba7f4168aafc339f1c8ad7c35c91989d8c0b2,gx-no-cache=1457098777460 HTTP/1.1" 200 30
186.103.248.189 - - [04/Mar/2016:10:39:09 -0300] "POST /cormun/servlet/solicitudot?dbfcece63b7dfb19db09e8e0aa02665b,INS,0,0,,gx-no-cache=1457098777546 HTTP/1.1" 200 8753
186.103.248.189 - - [04/Mar/2016:10:39:37 -0300] "POST /cormun/servlet/solicitudot?gx-no-cache=1457098805730 HTTP/1.1" 200 122
186.103.248.189 - - [04/Mar/2016:10:39:37 -0300] "GET /cormun/static/Shared/jqueryui/images/ui-bg_flat_55_fafafa_40x100.png HTTP/1.1" 404 1097
186.103.248.189 - - [04/Mar/2016:10:39:37 -0300] "GET /cormun/static/Shared/jqueryui/images/ui-icons_8d78a5_256x240.png HTTP/1.1" 404 1089
186.103.159.44 - - [04/Mar/2016:10:39:47 -0300] "POST /cormun/servlet/trsolicitudot?7a067c42d78a90d22e66ca5a11c77c27,gx-no-cache=1457097249383,gx-no-cache=1457098794291 HTTP/1.1" 200 4935
186.103.248.189 - - [04/Mar/2016:10:39:55 -0300] "POST /cormun/servlet/solicitudot?gx-no-cache=1457098823270 HTTP/1.1" 200 33
191.112.101.245 - - [04/Mar/2016:10:39:57 -0300] "GET /cormun/PublicTempStorage/carolina_donoso_soto._c._alumno_regular.3561240.jpg HTTP/1.1" 200 95906
191.112.101.245 - - [04/Mar/2016:10:39:59 -0300] "GET /cormun/servlet/trsolicitudadjuntos?2016,556, HTTP/1.1" 200 8275
186.103.248.189 - - [04/Mar/2016:10:40:00 -0300] "POST /cormun/servlet/solicitudot?gx-no-cache=1457098828047 HTTP/1.1" 200 452
186.103.248.189 - - [04/Mar/2016:10:40:00 -0300] "GET /cormun/servlet/solicitudot?226f6660300bb08d5ddfb8c708ce7f8b33a1a93c2bb20aa8c614e77bf12c0f6170326f2e122f4f2f000da04263d4afd30fc810a2b960b2b78e9e857babee0cc3e777e9c4b9d91e3b69771757ac4ee7b4ed379f1cdf09f141c56ed9fa97f7c9a28b4c189731eba65d1354ce86a34a2c20ed8d557bc8fd30300bd1d2e0341d314be450beb78aae9b899f32ec68777e7fa35fa57e785b4757b2684f8773a78c7b2a,gx-no-cache=1457098828200 HTTP/1.1" 200 41
186.103.248.189 - - [04/Mar/2016:10:40:00 -0300] "POST /cormun/servlet/solicitudot?gx-no-cache=1457098828312 HTTP/1.1" 200 404
186.103.248.189 - - [04/Mar/2016:10:40:00 -0300] "GET /cormun/servlet/solicitudot?226f6660300bb08d5ddfb8c708ce7f8b87d8d3092212b86412536f0a4922e22d69a822373aabd09701477be16cd2d35b71b172a8ec39366f2d695e856ca81cf4e6acc1e494c69af30beca60bde6ff38b978b1abc707b303214a4e1a7da59f9ac09997fc181c236e97e3ea0a5b87f8e2bb4792b56e703f526bf18fe453ca617b2cc1b03c9ec0975ae4162bb2eedfc21d6895ea744627de4c323151e9d971ba7f4168aafc339f1c8ad7c35c91989d8c0b2,gx-no-cache=1457098828522 HTTP/1.1" 200 30
186.103.248.189 - - [04/Mar/2016:10:40:01 -0300] "POST /cormun/servlet/solicitudot?dbfcece63b7dfb19db09e8e0aa02665b,INS,0,0,,gx-no-cache=1457098828653 HTTP/1.1" 200 8805
191.112.101.245 - - [04/Mar/2016:10:40:02 -0300] "GET /cormun/servlet/trsolicitudadjuntos?2016,556, HTTP/1.1" 200 8273
191.112.101.245 - - [04/Mar/2016:10:40:06 -0300] "GET /cormun/servlet/solicitudotadjuntos?DLT,2016,556,CERTIF2,0, HTTP/1.1" 200 5497
191.112.101.245 - - [04/Mar/2016:10:40:06 -0300] "GET /cormun/PublicTempStorage/carolina_donoso_soto._c._alumno_regular.1329973.jpg HTTP/1.1" 200 95906
191.112.101.245 - - [04/Mar/2016:10:40:08 -0300] "GET /cormun/static/Shared/jqueryui/images/ui-bg_highlight-soft_100_c6c2c8_1x100.png HTTP/1.1" 404 1117
191.112.101.245 - - [04/Mar/2016:10:40:08 -0300] "GET /cormun/static/Shared/jqueryui/images/ui-icons_82798d_256x240.png HTTP/1.1" 404 1089
191.112.101.245 - - [04/Mar/2016:10:40:08 -0300] "GET /cormun/static/Shared/jqueryui/images/ui-bg_flat_55_fafafa_40x100.png HTTP/1.1" 404 1097
191.112.101.245 - - [04/Mar/2016:10:40:08 -0300] "GET /cormun/static/Shared/jqueryui/images/ui-icons_8d78a5_256x240.png HTTP/1.1" 404 1089
191.112.101.245 - - [04/Mar/2016:10:40:08 -0300] "GET /cormun/servlet/solicitudotadjuntos?DLT,2016,556,CERTIF2,0, HTTP/1.1" 200 5489
191.112.101.245 - - [04/Mar/2016:10:40:10 -0300] "POST /cormun/servlet/solicitudotadjuntos?428d7be0fbe5204dc772c6c5d6b23893,DLT,2016,556,CERTIF2,0,,gx-no-cache=1457098835492 HTTP/1.1" 200 93
191.112.101.245 - - [04/Mar/2016:10:40:10 -0300] "GET /cormun/servlet/hpexe_return? HTTP/1.1" 200 1030
191.112.101.245 - - [04/Mar/2016:10:40:11 -0300] "GET /cormun/servlet/trsolicitudadjuntos?2016,556, HTTP/1.1" 200 8000
191.112.101.245 - - [04/Mar/2016:10:40:13 -0300] "GET /cormun/servlet/trsolicitudadjuntos?2016,556, HTTP/1.1" 200 7996
191.112.101.245 - - [04/Mar/2016:10:40:16 -0300] "GET /cormun/servlet/solicitudotadjuntos?DLT,2016,556,CERTIF1,0, HTTP/1.1" 200 5491
191.112.101.245 - - [04/Mar/2016:10:40:16 -0300] "GET /cormun/PublicTempStorage/carolina_donoso_soto._licencia_ed._media.4425680.jpg HTTP/1.1" 200 103917
191.112.101.245 - - [04/Mar/2016:10:40:18 -0300] "GET /cormun/static/Shared/jqueryui/images/ui-bg_highlight-soft_100_c6c2c8_1x100.png HTTP/1.1" 404 1117
191.112.101.245 - - [04/Mar/2016:10:40:18 -0300] "GET /cormun/static/Shared/jqueryui/images/ui-icons_82798d_256x240.png HTTP/1.1" 404 1089
191.112.101.245 - - [04/Mar/2016:10:40:18 -0300] "GET /cormun/static/Shared/jqueryui/images/ui-bg_flat_55_fafafa_40x100.png HTTP/1.1" 404 1097
191.112.101.245 - - [04/Mar/2016:10:40:18 -0300] "GET /cormun/static/Shared/jqueryui/images/ui-icons_8d78a5_256x240.png HTTP/1.1" 404 1089
191.112.101.245 - - [04/Mar/2016:10:40:18 -0300] "GET /cormun/servlet/solicitudotadjuntos?DLT,2016,556,CERTIF1,0, HTTP/1.1" 200 5483
191.112.101.245 - - [04/Mar/2016:10:40:19 -0300] "POST /cormun/servlet/solicitudotadjuntos?428d7be0fbe5204dc772c6c5d6b23893,DLT,2016,556,CERTIF1,0,,gx-no-cache=1457098845067 HTTP/1.1" 200 93
191.112.101.245 - - [04/Mar/2016:10:40:20 -0300] "GET /cormun/servlet/hpexe_return? HTTP/1.1" 200 1030
191.112.101.245 - - [04/Mar/2016:10:40:20 -0300] "GET /cormun/servlet/trsolicitudadjuntos?2016,556, HTTP/1.1" 200 7864
191.112.101.245 - - [04/Mar/2016:10:40:22 -0300] "GET /cormun/servlet/trsolicitudadjuntos?2016,556, HTTP/1.1" 200 7863
191.112.101.245 - - [04/Mar/2016:10:40:25 -0300] "GET /cormun/servlet/solicitudotadjuntos?INS,2016,556,,1, HTTP/1.1" 200 5470
191.112.101.245 - - [04/Mar/2016:10:40:25 -0300] "GET /cormun/static/about:blank HTTP/1.1" 404 1011
191.112.101.245 - - [04/Mar/2016:10:40:27 -0300] "GET /cormun/servlet/solicitudotadjuntos?INS,2016,556,,1, HTTP/1.1" 200 5464
191.112.101.245 - - [04/Mar/2016:10:40:27 -0300] "GET /cormun/servlet/solicitudotadjuntos?52b00dd4caec65c356e44f0f47c57a8916a49e5b1bd99bbe8492ae16e64fbd8b5c316a8d33e3b79a2323c63ea8f13c6f,gx-no-cache=1457098853157 HTTP/1.1" 200 30
191.112.101.245 - - [04/Mar/2016:10:40:28 -0300] "POST /cormun/servlet/solicitudotadjuntos?428d7be0fbe5204dc772c6c5d6b23893,INS,2016,556,,1,,gx-no-cache=1457098853298 HTTP/1.1" 200 3339
191.112.101.245 - - [04/Mar/2016:10:40:35 -0300] "POST /cormun/servlet/solicitudotadjuntos?gx-no-cache=1457098861198 HTTP/1.1" 200 26
191.112.101.245 - - [04/Mar/2016:10:40:42 -0300] "GET /cormun/servlet/solicitudotadjuntos?52b00dd4caec65c356e44f0f47c57a89da827183b79bca6c8f1b796a23e4519d,gx-no-cache=1457098868225 HTTP/1.1" 200 30
191.112.101.245 - - [04/Mar/2016:10:40:43 -0300] "GET /cormun/servlet/solicitudotadjuntos?52b00dd4caec65c356e44f0f47c57a89da827183b79bca6c8f1b796a23e4519d,gx-no-cache=1457098868325 HTTP/1.1" 200 30
191.112.101.245 - - [04/Mar/2016:10:40:44 -0300] "POST /cormun/servlet/solicitudotadjuntos?428d7be0fbe5204dc772c6c5d6b23893,INS,2016,556,,1, HTTP/1.1" 200 116
191.112.101.245 - - [04/Mar/2016:10:40:45 -0300] "GET /cormun/servlet/hpexe_return? HTTP/1.1" 200 1024
191.112.101.245 - - [04/Mar/2016:10:40:46 -0300] "GET /cormun/servlet/trsolicitudadjuntos?2016,556, HTTP/1.1" 200 7997
191.112.101.245 - - [04/Mar/2016:10:40:48 -0300] "GET /cormun/servlet/trsolicitudadjuntos?2016,556, HTTP/1.1" 200 7994
186.103.248.189 - - [04/Mar/2016:10:41:00 -0300] "POST /cormun/servlet/solicitudot?gx-no-cache=1457098888892 HTTP/1.1" 200 122
186.103.248.189 - - [04/Mar/2016:10:41:07 -0300] "POST /cormun/servlet/solicitudot?gx-no-cache=1457098895308 HTTP/1.1" 200 33
186.103.248.189 - - [04/Mar/2016:10:41:16 -0300] "POST /cormun/servlet/solicitudot?gx-no-cache=1457098904719 HTTP/1.1" 200 452
186.103.248.189 - - [04/Mar/2016:10:41:16 -0300] "GET /cormun/servlet/solicitudot?226f6660300bb08d5ddfb8c708ce7f8b33a1a93c2bb20aa8c614e77bf12c0f6170326f2e122f4f2f000da04263d4afd30fc810a2b960b2b78e9e857babee0cc3e777e9c4b9d91e3b69771757ac4ee7b4ed379f1cdf09f141c56ed9fa97f7c9a28b4c189731eba65d1354ce86a34a2c20ed8d557bc8fd30300bd1d2e0341d314be450beb78aae9b899f32ec68777e7fa35fa57e785b4757b2684f8773a78c7b2a,gx-no-cache=1457098904851 HTTP/1.1" 200 41
186.103.248.189 - - [04/Mar/2016:10:41:18 -0300] "POST /cormun/servlet/solicitudot?gx-no-cache=1457098906623 HTTP/1.1" 200 1116
191.112.101.245 - - [04/Mar/2016:10:41:42 -0300] "GET /cormun/servlet/solicitudotadjuntos?INS,2016,556,,2, HTTP/1.1" 200 5471
191.112.101.245 - - [04/Mar/2016:10:41:43 -0300] "GET /cormun/static/about:blank HTTP/1.1" 404 1011
46.174.191.28 - - [04/Mar/2016:10:41:44 -0300] "GET / HTTP/1.0" 200 11197
191.112.101.245 - - [04/Mar/2016:10:41:45 -0300] "GET /cormun/servlet/solicitudotadjuntos?INS,2016,556,,2, HTTP/1.1" 200 5465
191.112.101.245 - - [04/Mar/2016:10:41:45 -0300] "GET /cormun/servlet/solicitudotadjuntos?52b00dd4caec65c356e44f0f47c57a8916a49e5b1bd99bbe8492ae16e64fbd8b5c316a8d33e3b79a2323c63ea8f13c6f,gx-no-cache=1457098931052 HTTP/1.1" 200 30
191.112.101.245 - - [04/Mar/2016:10:41:46 -0300] "POST /cormun/servlet/solicitudotadjuntos?428d7be0fbe5204dc772c6c5d6b23893,INS,2016,556,,2,,gx-no-cache=1457098931210 HTTP/1.1" 200 3554
191.112.101.245 - - [04/Mar/2016:10:41:48 -0300] "POST /cormun/servlet/solicitudotadjuntos?gx-no-cache=1457098933730 HTTP/1.1" 200 26
191.112.101.245 - - [04/Mar/2016:10:41:52 -0300] "GET /cormun/servlet/solicitudotadjuntos?52b00dd4caec65c356e44f0f47c57a89da827183b79bca6c8f1b796a23e4519d,gx-no-cache=1457098937767 HTTP/1.1" 200 30
191.112.101.245 - - [04/Mar/2016:10:41:52 -0300] "GET /cormun/servlet/solicitudotadjuntos?52b00dd4caec65c356e44f0f47c57a89da827183b79bca6c8f1b796a23e4519d,gx-no-cache=1457098937858 HTTP/1.1" 200 30
191.112.101.245 - - [04/Mar/2016:10:41:54 -0300] "POST /cormun/servlet/solicitudotadjuntos?428d7be0fbe5204dc772c6c5d6b23893,INS,2016,556,,2, HTTP/1.1" 200 116
191.112.101.245 - - [04/Mar/2016:10:41:54 -0300] "GET /cormun/servlet/hpexe_return? HTTP/1.1" 200 1024
191.112.101.245 - - [04/Mar/2016:10:41:55 -0300] "GET /cormun/servlet/trsolicitudadjuntos?2016,556, HTTP/1.1" 200 8271
191.112.101.245 - - [04/Mar/2016:10:41:58 -0300] "GET /cormun/servlet/trsolicitudadjuntos?2016,556, HTTP/1.1" 200 8272
191.112.101.245 - - [04/Mar/2016:10:42:07 -0300] "GET /cormun/servlet/solicitudotadjuntos?INS,2016,556,,2, HTTP/1.1" 200 5473
191.112.101.245 - - [04/Mar/2016:10:42:10 -0300] "GET /cormun/servlet/solicitudotadjuntos?INS,2016,556,,2, HTTP/1.1" 200 5467
191.112.101.245 - - [04/Mar/2016:10:42:10 -0300] "GET /cormun/servlet/solicitudotadjuntos?52b00dd4caec65c356e44f0f47c57a8916a49e5b1bd99bbe8492ae16e64fbd8b5c316a8d33e3b79a2323c63ea8f13c6f,gx-no-cache=1457098955913 HTTP/1.1" 200 30
191.112.101.245 - - [04/Mar/2016:10:42:10 -0300] "POST /cormun/servlet/solicitudotadjuntos?428d7be0fbe5204dc772c6c5d6b23893,INS,2016,556,,2,,gx-no-cache=1457098956059 HTTP/1.1" 200 3554
191.112.101.245 - - [04/Mar/2016:10:42:15 -0300] "POST /cormun/servlet/solicitudotadjuntos?428d7be0fbe5204dc772c6c5d6b23893,INS,2016,556,,2,,gx-no-cache=1457098960635 HTTP/1.1" 200 93
191.112.101.245 - - [04/Mar/2016:10:42:15 -0300] "GET /cormun/servlet/hpexe_return? HTTP/1.1" 200 1024
191.112.101.245 - - [04/Mar/2016:10:42:16 -0300] "GET /cormun/servlet/trsolicitudadjuntos?2016,556, HTTP/1.1" 200 8272
191.112.101.245 - - [04/Mar/2016:10:42:18 -0300] "GET /cormun/servlet/trsolicitudadjuntos?2016,556, HTTP/1.1" 200 8272
191.112.101.245 - - [04/Mar/2016:10:42:29 -0300] "GET /cormun/servlet/trsolicitudot? HTTP/1.1" 200 7367
191.112.101.245 - - [04/Mar/2016:10:42:31 -0300] "GET /cormun/servlet/trsolicitudot? HTTP/1.1" 200 7359
191.112.101.245 - - [04/Mar/2016:10:42:37 -0300] "POST /cormun/servlet/trsolicitudot?428d7be0fbe5204dc772c6c5d6b23893,,gx-no-cache=1457098982168 HTTP/1.1" 200 4702
191.112.101.245 - - [04/Mar/2016:10:42:37 -0300] "POST /cormun/servlet/trsolicitudot?428d7be0fbe5204dc772c6c5d6b23893,,gx-no-cache=1457098982721 HTTP/1.1" 200 4702
191.112.101.245 - - [04/Mar/2016:10:42:38 -0300] "POST /cormun/servlet/trsolicitudot?428d7be0fbe5204dc772c6c5d6b23893,,gx-no-cache=1457098983267 HTTP/1.1" 200 4702
191.112.101.245 - - [04/Mar/2016:10:42:38 -0300] "POST /cormun/servlet/trsolicitudot?428d7be0fbe5204dc772c6c5d6b23893,,gx-no-cache=1457098983810 HTTP/1.1" 200 4702
191.112.101.245 - - [04/Mar/2016:10:42:39 -0300] "POST /cormun/servlet/trsolicitudot?428d7be0fbe5204dc772c6c5d6b23893,,gx-no-cache=1457098984409 HTTP/1.1" 200 4702
191.112.101.245 - - [04/Mar/2016:10:42:39 -0300] "POST /cormun/servlet/trsolicitudot?428d7be0fbe5204dc772c6c5d6b23893,,gx-no-cache=1457098984991 HTTP/1.1" 200 4701
191.112.101.245 - - [04/Mar/2016:10:42:40 -0300] "POST /cormun/servlet/trsolicitudot?428d7be0fbe5204dc772c6c5d6b23893,,gx-no-cache=1457098985575 HTTP/1.1" 200 4702
191.112.101.245 - - [04/Mar/2016:10:42:41 -0300] "POST /cormun/servlet/trsolicitudot?428d7be0fbe5204dc772c6c5d6b23893,,gx-no-cache=1457098986186 HTTP/1.1" 200 3384
191.112.101.245 - - [04/Mar/2016:10:42:41 -0300] "GET /cormun/static/Shared/jqueryui/images/ui-bg_highlight-soft_100_c6c2c8_1x100.png HTTP/1.1" 404 1117
191.112.101.245 - - [04/Mar/2016:10:42:41 -0300] "GET /cormun/static/Shared/jqueryui/images/ui-icons_82798d_256x240.png HTTP/1.1" 404 1089
191.112.101.245 - - [04/Mar/2016:10:42:41 -0300] "GET /cormun/static/Shared/jqueryui/images/ui-bg_flat_55_fafafa_40x100.png HTTP/1.1" 404 1097
191.112.101.245 - - [04/Mar/2016:10:42:41 -0300] "GET /cormun/static/Shared/jqueryui/images/ui-icons_8d78a5_256x240.png HTTP/1.1" 404 1089
191.112.101.245 - - [04/Mar/2016:10:42:41 -0300] "POST /cormun/servlet/trsolicitudot?428d7be0fbe5204dc772c6c5d6b23893,,gx-no-cache=1457098986940 HTTP/1.1" 200 3232
186.103.159.44 - - [04/Mar/2016:10:43:52 -0300] "POST /cormun/servlet/trsolicitudot?7a067c42d78a90d22e66ca5a11c77c27,gx-no-cache=1457097249383,gx-no-cache=1457099036486 HTTP/1.1" 200 4917
186.103.159.44 - - [04/Mar/2016:10:43:54 -0300] "POST /cormun/servlet/trsolicitudot?7a067c42d78a90d22e66ca5a11c77c27,gx-no-cache=1457097249383,gx-no-cache=1457099041324 HTTP/1.1" 200 4917
186.103.159.44 - - [04/Mar/2016:10:43:56 -0300] "POST /cormun/servlet/trsolicitudot?7a067c42d78a90d22e66ca5a11c77c27,gx-no-cache=1457097249383,gx-no-cache=1457099043203 HTTP/1.1" 200 4917
186.103.159.44 - - [04/Mar/2016:10:43:58 -0300] "POST /cormun/servlet/trsolicitudot?7a067c42d78a90d22e66ca5a11c77c27,gx-no-cache=1457097249383,gx-no-cache=1457099045106 HTTP/1.1" 200 4917
186.103.159.44 - - [04/Mar/2016:10:43:59 -0300] "POST /cormun/servlet/trsolicitudot?7a067c42d78a90d22e66ca5a11c77c27,gx-no-cache=1457097249383,gx-no-cache=1457099046496 HTTP/1.1" 200 4917
186.103.159.44 - - [04/Mar/2016:10:44:01 -0300] "POST /cormun/servlet/trsolicitudot?7a067c42d78a90d22e66ca5a11c77c27,gx-no-cache=1457097249383,gx-no-cache=1457099047853 HTTP/1.1" 200 4917
186.103.159.44 - - [04/Mar/2016:10:44:02 -0300] "POST /cormun/servlet/trsolicitudot?7a067c42d78a90d22e66ca5a11c77c27,gx-no-cache=1457097249383,gx-no-cache=1457099049223 HTTP/1.1" 200 4917
186.103.248.189 - - [04/Mar/2016:10:45:38 -0300] "GET /cormun/servlet/solicitudot?226f6660300bb08d5ddfb8c708ce7f8b87d8d3092212b86412536f0a4922e22d69a822373aabd09701477be16cd2d35b71b172a8ec39366f2d695e856ca81cf4e6acc1e494c69af30beca60bde6ff38b978b1abc707b303214a4e1a7da59f9ac09997fc181c236e97e3ea0a5b87f8e2bb4792b56e703f526bf18fe453ca617b2cc1b03c9ec0975ae4162bb2eedfc21d6895ea744627de4c323151e9d971ba7f4168aafc339f1c8ad7c35c91989d8c0b2,gx-no-cache=1457099166306 HTTP/1.1" 200 30
186.103.248.189 - - [04/Mar/2016:10:45:39 -0300] "POST /cormun/servlet/solicitudot?dbfcece63b7dfb19db09e8e0aa02665b,INS,0,0,,gx-no-cache=1457099166531 HTTP/1.1" 200 9471
186.103.248.189 - - [04/Mar/2016:10:45:52 -0300] "POST /cormun/servlet/solicitudot?gx-no-cache=1457099180568 HTTP/1.1" 200 122
186.103.248.189 - - [04/Mar/2016:10:45:57 -0300] "POST /cormun/servlet/solicitudot?gx-no-cache=1457099185018 HTTP/1.1" 200 122
186.103.248.189 - - [04/Mar/2016:10:45:59 -0300] "POST /cormun/servlet/solicitudot?gx-no-cache=1457099187257 HTTP/1.1" 200 122
186.103.248.189 - - [04/Mar/2016:10:46:01 -0300] "POST /cormun/servlet/solicitudot?gx-no-cache=1457099189684 HTTP/1.1" 200 30
186.103.248.189 - - [04/Mar/2016:10:46:04 -0300] "POST /cormun/servlet/solicitudot?gx-no-cache=1457099192078 HTTP/1.1" 200 30
186.103.248.189 - - [04/Mar/2016:10:46:08 -0300] "POST /cormun/servlet/solicitudot?gx-no-cache=1457099196324 HTTP/1.1" 200 122
186.103.248.189 - - [04/Mar/2016:10:46:16 -0300] "POST /cormun/servlet/solicitudot?gx-no-cache=1457099204845 HTTP/1.1" 200 30
186.103.248.189 - - [04/Mar/2016:10:46:20 -0300] "POST /cormun/servlet/solicitudot?gx-no-cache=1457099208585 HTTP/1.1" 200 30
186.103.248.189 - - [04/Mar/2016:10:47:15 -0300] "POST /cormun/servlet/solicitudot?gx-no-cache=1457099263571 HTTP/1.1" 200 30
186.103.248.189 - - [04/Mar/2016:10:47:21 -0300] "POST /cormun/servlet/solicitudot?gx-no-cache=1457099269305 HTTP/1.1" 200 1152
186.103.248.189 - - [04/Mar/2016:10:47:21 -0300] "GET /cormun/servlet/solicitudot?226f6660300bb08d5ddfb8c708ce7f8b33a1a93c2bb20aa8c614e77bf12c0f6170326f2e122f4f2f000da04263d4afd30fc810a2b960b2b78e9e857babee0cc3e777e9c4b9d91e3b69771757ac4ee7b4ed379f1cdf09f141c56ed9fa97f7c9a28b4c189731eba65d1354ce86a34a2c20ed8d557bc8fd30300bd1d2e0341d314be450beb78aae9b899f32ec68777e7fa35fa57e785b4757b2684f8773a78c7b2a,gx-no-cache=1457099269554 HTTP/1.1" 200 41
186.103.248.189 - - [04/Mar/2016:10:47:52 -0300] "POST /cormun/servlet/solicitudot?gx-no-cache=1457099300406 HTTP/1.1" 200 1116
186.103.248.189 - - [04/Mar/2016:10:47:52 -0300] "GET /cormun/servlet/solicitudot?226f6660300bb08d5ddfb8c708ce7f8b87d8d3092212b86412536f0a4922e22d69a822373aabd09701477be16cd2d35b71b172a8ec39366f2d695e856ca81cf4e6acc1e494c69af30beca60bde6ff38b978b1abc707b303214a4e1a7da59f9ac09997fc181c236e97e3ea0a5b87f8e2bb4792b56e703f526bf18fe453ca617b2cc1b03c9ec0975ae4162bb2eedfc21d6895ea744627de4c323151e9d971ba7f4168aafc339f1c8ad7c35c91989d8c0b2,gx-no-cache=1457099300749 HTTP/1.1" 200 30
186.103.248.189 - - [04/Mar/2016:10:48:41 -0300] "GET /cormun/servlet/solicitudot?226f6660300bb08d5ddfb8c708ce7f8b87d8d3092212b86412536f0a4922e22d69a822373aabd09701477be16cd2d35b71b172a8ec39366f2d695e856ca81cf4e6acc1e494c69af30beca60bde6ff38b978b1abc707b303214a4e1a7da59f9ac09997fc181c236e97e3ea0a5b87f8e2bb4792b56e703f526bf18fe453ca617b2cc1b03c9ec0975ae4162bb2eedfc21d6895ea744627de4c323151e9d971ba7f4168aafc339f1c8ad7c35c91989d8c0b2,gx-no-cache=1457099349678 HTTP/1.1" 200 30
186.103.248.189 - - [04/Mar/2016:10:48:42 -0300] "POST /cormun/servlet/solicitudot?dbfcece63b7dfb19db09e8e0aa02665b,INS,0,0,,gx-no-cache=1457099349842 HTTP/1.1" 200 9520
186.103.159.44 - - [04/Mar/2016:10:51:50 -0300] "POST /cormun/servlet/trsolicitudot?7a067c42d78a90d22e66ca5a11c77c27,gx-no-cache=1457097249383,gx-no-cache=1457099517178 HTTP/1.1" 200 4935
186.103.159.44 - - [04/Mar/2016:10:52:04 -0300] "POST /cormun/servlet/trsolicitudot?7a067c42d78a90d22e66ca5a11c77c27,gx-no-cache=1457097249383,gx-no-cache=1457099531512 HTTP/1.1" 200 4935
186.103.159.44 - - [04/Mar/2016:10:52:16 -0300] "POST /cormun/servlet/trsolicitudot?7a067c42d78a90d22e66ca5a11c77c27,gx-no-cache=1457097249383,gx-no-cache=1457099542871 HTTP/1.1" 200 4935
186.103.159.44 - - [04/Mar/2016:10:52:20 -0300] "POST /cormun/servlet/trsolicitudot?7a067c42d78a90d22e66ca5a11c77c27,gx-no-cache=1457097249383,gx-no-cache=1457099547247 HTTP/1.1" 200 4935
186.103.159.44 - - [04/Mar/2016:10:52:35 -0300] "POST /cormun/servlet/trsolicitudot?7a067c42d78a90d22e66ca5a11c77c27,gx-no-cache=1457097249383,gx-no-cache=1457099561904 HTTP/1.1" 200 3613
186.103.159.44 - - [04/Mar/2016:10:52:36 -0300] "POST /cormun/servlet/trsolicitudot?7a067c42d78a90d22e66ca5a11c77c27,gx-no-cache=1457097249383,gx-no-cache=1457099562817 HTTP/1.1" 200 3463
186.67.172.234 - - [04/Mar/2016:10:54:15 -0300] "GET /cormun/servlet/hlogin HTTP/1.1" 200 1721
186.67.172.234 - - [04/Mar/2016:10:54:15 -0300] "GET /cormun/static/Resources/Spanish/PXTools.css?005343 HTTP/1.1" 304 -
186.67.172.234 - - [04/Mar/2016:10:54:15 -0300] "GET /cormun/static/gxcfg.js?20151120045111 HTTP/1.1" 304 -
186.67.172.234 - - [04/Mar/2016:10:54:15 -0300] "GET /cormun/static/hlogin.js?20151120045126 HTTP/1.1" 304 -
186.67.172.234 - - [04/Mar/2016:10:54:15 -0300] "GET /cormun/static/messages.spa.js?85251 HTTP/1.1" 304 -
186.103.159.44 - - [04/Mar/2016:10:54:53 -0300] "GET /cormun/servlet/solicitudot?INS,0,0, HTTP/1.1" 200 11453
186.103.159.44 - - [04/Mar/2016:10:55:14 -0300] "POST /cormun/servlet/solicitudot?gx-no-cache=1457099721350 HTTP/1.1" 200 2668
186.103.159.44 - - [04/Mar/2016:10:55:14 -0300] "POST /cormun/servlet/solicitudot?7a067c42d78a90d22e66ca5a11c77c27,INS,0,0,,gx-no-cache=1457099721507 HTTP/1.1" 200 8287
186.103.159.44 - - [04/Mar/2016:10:55:22 -0300] "GET /cormun/servlet/solicitudot?fa05f6754cb1eb65350a26ae55bd43d8ca07e20d2f9f95a039de3f7b03405b3de2f2b0c63c554d1475976972f8549d68,gx-no-cache=1457099729309 HTTP/1.1" 200 30
192.168.10.98 - - [04/Mar/2016:10:55:52 -0300] "GET /cormun/servlet/trautorizarsolicitud? HTTP/1.1" 200 6169
192.168.10.98 - - [04/Mar/2016:10:55:53 -0300] "GET /cormun/servlet/trautorizarsolicitud? HTTP/1.1" 200 6165
192.168.10.98 - - [04/Mar/2016:10:56:02 -0300] "POST /cormun/servlet/trautorizarsolicitud?e03e5b14903f058cc218f9221dee9415,,gx-no-cache=1457099514734 HTTP/1.1" 200 3468
192.168.10.98 - - [04/Mar/2016:10:56:02 -0300] "POST /cormun/servlet/trautorizarsolicitud?e03e5b14903f058cc218f9221dee9415,,gx-no-cache=1457099514894 HTTP/1.1" 200 3468
192.168.10.98 - - [04/Mar/2016:10:56:03 -0300] "POST /cormun/servlet/trautorizarsolicitud?e03e5b14903f058cc218f9221dee9415,,gx-no-cache=1457099515060 HTTP/1.1" 200 3467
192.168.10.98 - - [04/Mar/2016:10:56:03 -0300] "POST /cormun/servlet/trautorizarsolicitud?e03e5b14903f058cc218f9221dee9415,,gx-no-cache=1457099515185 HTTP/1.1" 200 3468
192.168.10.98 - - [04/Mar/2016:10:56:04 -0300] "POST /cormun/servlet/trautorizarsolicitud?e03e5b14903f058cc218f9221dee9415,,gx-no-cache=1457099516320 HTTP/1.1" 200 3470
192.168.10.98 - - [04/Mar/2016:10:56:04 -0300] "GET /cormun/servlet/trautorizarsolicitud?b4d676a7add3a786bf19a88b5f1fb829fc01215396f12e6b95938219f9e7a2547e604dcd1f3866b606e388576686c771e86592a9bcc647d0a99292dbc6bfff14d348b098485edf20eb6dba8e87cb20bbf8ec3368d7df9ea739e41e3c7a006e91,gx-no-cache=1457099516730 HTTP/1.1" 200 755
192.168.10.98 - - [04/Mar/2016:10:56:07 -0300] "POST /cormun/servlet/trautorizarsolicitud?e03e5b14903f058cc218f9221dee9415,,gx-no-cache=1457099519558 HTTP/1.1" 200 4909
192.168.10.98 - - [04/Mar/2016:10:56:07 -0300] "GET /cormun/servlet/trautorizarsolicitud?b4d676a7add3a786bf19a88b5f1fb8294754007fe34a236a61069442d6eebcd67e604dcd1f3866b606e388576686c771e86592a9bcc647d0a99292dbc6bfff14d348b098485edf20eb6dba8e87cb20bbf8ec3368d7df9ea739e41e3c7a006e91,gx-no-cache=1457099519974 HTTP/1.1" 200 2223
192.168.10.98 - - [04/Mar/2016:10:56:15 -0300] "GET /cormun/servlet/veautorizarsolicitud?2016,590,, HTTP/1.1" 200 7597
192.168.10.98 - - [04/Mar/2016:10:56:15 -0300] "GET /cormun/pexe_scrolldiv.js HTTP/1.1" 404 1009
192.168.10.98 - - [04/Mar/2016:10:56:15 -0300] "GET /cormun/static/gxcfg.js?20163117315759 HTTP/1.1" 304 -
192.168.10.98 - - [04/Mar/2016:10:56:15 -0300] "GET /cormun/static/veautorizarsolicitud.js?20163117315822 HTTP/1.1" 304 -
192.168.10.98 - - [04/Mar/2016:10:56:15 -0300] "GET /cormun/static/tbautorizarsolicitud01.js?20163117314344 HTTP/1.1" 304 -
