186.103.240.224 - - [04/Mar/2016:11:29:26 -0300] "POST /cormun/servlet/solicitudot?gx-no-cache=1457101790089 HTTP/1.1" 200 1157
186.103.240.224 - - [04/Mar/2016:11:29:26 -0300] "GET /cormun/servlet/solicitudot?0383bd634d5d781fc75668c38a471120fe724adf3f7cd186a7a26fff8e0b4458ec605b03747fe286ef8405051001641df766bfa748cfed51a2fe437dcd60c64d11d7debcaa4aa097d3bb4eecd7859ac4557ca1fbde44069b11620673e3e3f529561c5695bf4c027101ab7a574a8470b0c2caa446fcc2b08925d46e7ab30ad06692833914a20bac8c810db9d0097a2e65bbfd97f802b1e7a2fcfe332c85394d99,gx-no-cache=1457101790312 HTTP/1.1" 200 41
186.103.240.224 - - [04/Mar/2016:11:29:26 -0300] "GET /cormun/servlet/solicitudot?0383bd634d5d781fc75668c38a471120ee2d13b2f72be4be02c6acc9a37f19d373c05d909fdcb38258c36e03bb981bab69df558ed7935e86a36c7ffb032dc34d0e6061cc37be3acfaf6ae9505a44d8be68f272d30978f2112133b01dc2f5970659a5eb6122ef43d0eed6fa187079d0d60b614e8385cd6f5a707946eee8a9d4e636480ce8093723033266785a37fdc3c2ed693d4a623d3ec55391bf65bbb908bc673fa958d97d779320c7cb9a56fd784a447f3854ece035e26b56e8ed3af7e484420300e8a4b6afe6cbba917ea841f4d7,gx-no-cache=1457101790395 HTTP/1.1" 200 29
186.103.240.224 - - [04/Mar/2016:11:29:26 -0300] "POST /cormun/servlet/solicitudot?gx-no-cache=1457101790474 HTTP/1.1" 200 1115
186.103.240.224 - - [04/Mar/2016:11:29:56 -0300] "GET /cormun/servlet/solicitudot?0383bd634d5d781fc75668c38a47112073af38f5c0939179b810b65979ec9c1af5902b626e9381a394fec2bedf3c2bc8cb373884d7e5e041a386bfe3b2f22fa11ed31180ad634ec81c3479ecc0757363291e13ea39c293f3410f46a3130a60f970c48cc97cebdfdf0bdb1ec72c3934657c5f2d58a19a2d216e8087cd852e718644962343c030dd59132a437097530f36c166aca71bfdc791422a437a898033c6dd79358cc59f9609b4f637f941e45827,gx-no-cache=1457101820089 HTTP/1.1" 200 30
186.103.240.224 - - [04/Mar/2016:11:29:56 -0300] "POST /cormun/servlet/solicitudot?2df4b8ed7e6b7fcf9c02b1bf31371bd7,UPD,2016,588,,gx-no-cache=1457101820223 HTTP/1.1" 200 9379
191.112.101.245 - - [04/Mar/2016:11:29:56 -0300] "POST /cormun/servlet/solicitudot?gx-no-cache=1457101822015 HTTP/1.1" 200 452
191.112.101.245 - - [04/Mar/2016:11:29:56 -0300] "GET /cormun/servlet/solicitudot?52b00dd4caec65c356e44f0f47c57a89df1efe7882a03e1485ef3aef08cbb3abfe0360ec4e26fd98e3d0d0edf15ac56e41d89a6b0a7a0b8bfaa0763fab8fc6868d944a8a6436012fb5cf6177d82fd095e83a193fe6841c6a8fd6b51ac8e0b67ef68fc28b493dd09ce1fa85feca597f8c7d3af8196856b0f912a2ceeb726eb8b10cc69145431cb5cea7870d22328b33dd,gx-no-cache=1457101822217 HTTP/1.1" 200 38
186.103.240.224 - - [04/Mar/2016:11:29:57 -0300] "GET /cormun/static/Shared/jqueryui/images/ui-bg_flat_55_994d53_40x100.png HTTP/1.1" 404 1097
186.103.240.224 - - [04/Mar/2016:11:29:57 -0300] "GET /cormun/static/Shared/jqueryui/images/ui-icons_ebccce_256x240.png HTTP/1.1" 404 1089
186.103.240.224 - - [04/Mar/2016:11:30:16 -0300] "POST /cormun/servlet/solicitudot?gx-no-cache=1457101840381 HTTP/1.1" 200 2775
186.103.240.224 - - [04/Mar/2016:11:30:17 -0300] "POST /cormun/servlet/solicitudot?2df4b8ed7e6b7fcf9c02b1bf31371bd7,UPD,2016,588,,gx-no-cache=1457101840875 HTTP/1.1" 200 9206
186.103.240.224 - - [04/Mar/2016:11:30:17 -0300] "GET /cormun/servlet/solicitudot?0383bd634d5d781fc75668c38a4711202b0e41b2057a898dc5e66b29f9684f5ac14a4caf1e9e68aa3e21e8492bc47823,gx-no-cache=1457101841500 HTTP/1.1" 200 30
186.103.240.224 - - [04/Mar/2016:11:30:17 -0300] "POST /cormun/servlet/solicitudot?gx-no-cache=1457101841637 HTTP/1.1" 200 30
186.103.240.224 - - [04/Mar/2016:11:30:17 -0300] "POST /cormun/servlet/solicitudot?gx-no-cache=1457101841714 HTTP/1.1" 200 30
186.103.240.224 - - [04/Mar/2016:11:30:18 -0300] "POST /cormun/servlet/solicitudot?gx-no-cache=1457101841822 HTTP/1.1" 200 1157
186.103.240.224 - - [04/Mar/2016:11:30:18 -0300] "GET /cormun/servlet/solicitudot?0383bd634d5d781fc75668c38a471120fe724adf3f7cd186a7a26fff8e0b4458ec605b03747fe286ef8405051001641df766bfa748cfed51a2fe437dcd60c64d11d7debcaa4aa097d3bb4eecd7859ac4557ca1fbde44069b11620673e3e3f529561c5695bf4c027101ab7a574a8470b0c2caa446fcc2b08925d46e7ab30ad06692833914a20bac8c810db9d0097a2e65bbfd97f802b1e7a2fcfe332c85394d99,gx-no-cache=1457101842054 HTTP/1.1" 200 41
186.103.240.224 - - [04/Mar/2016:11:30:18 -0300] "POST /cormun/servlet/solicitudot?gx-no-cache=1457101842139 HTTP/1.1" 200 1115
186.103.240.224 - - [04/Mar/2016:11:30:22 -0300] "POST /cormun/servlet/solicitudot?gx-no-cache=1457101845809 HTTP/1.1" 200 2775
186.103.240.224 - - [04/Mar/2016:11:30:22 -0300] "POST /cormun/servlet/solicitudot?2df4b8ed7e6b7fcf9c02b1bf31371bd7,UPD,2016,588,,gx-no-cache=1457101846198 HTTP/1.1" 200 9256
186.103.240.224 - - [04/Mar/2016:11:30:22 -0300] "GET /cormun/servlet/solicitudot?0383bd634d5d781fc75668c38a4711202b0e41b2057a898dc5e66b29f9684f5ac14a4caf1e9e68aa3e21e8492bc47823,gx-no-cache=1457101846853 HTTP/1.1" 200 30
186.103.240.224 - - [04/Mar/2016:11:30:23 -0300] "POST /cormun/servlet/solicitudot?gx-no-cache=1457101846962 HTTP/1.1" 200 30
186.103.240.224 - - [04/Mar/2016:11:30:23 -0300] "POST /cormun/servlet/solicitudot?gx-no-cache=1457101847043 HTTP/1.1" 200 30
186.103.240.224 - - [04/Mar/2016:11:30:23 -0300] "POST /cormun/servlet/solicitudot?gx-no-cache=1457101847309 HTTP/1.1" 200 1157
186.103.240.224 - - [04/Mar/2016:11:30:23 -0300] "GET /cormun/servlet/solicitudot?0383bd634d5d781fc75668c38a471120fe724adf3f7cd186a7a26fff8e0b4458ec605b03747fe286ef8405051001641df766bfa748cfed51a2fe437dcd60c64d11d7debcaa4aa097d3bb4eecd7859ac4557ca1fbde44069b11620673e3e3f529561c5695bf4c027101ab7a574a8470b0c2caa446fcc2b08925d46e7ab30ad06692833914a20bac8c810db9d0097a2e65bbfd97f802b1e7a2fcfe332c85394d99,gx-no-cache=1457101847515 HTTP/1.1" 200 41
186.103.240.224 - - [04/Mar/2016:11:30:23 -0300] "POST /cormun/servlet/solicitudot?gx-no-cache=1457101847600 HTTP/1.1" 200 1115
186.103.240.224 - - [04/Mar/2016:11:30:29 -0300] "GET /cormun/servlet/solicitudot?0383bd634d5d781fc75668c38a47112073af38f5c0939179b810b65979ec9c1af5902b626e9381a394fec2bedf3c2bc8a8b0d023ed2a3747e05045dd5d7230701ed31180ad634ec81c3479ecc0757363291e13ea39c293f3410f46a3130a60f970c48cc97cebdfdf0bdb1ec72c3934657c5f2d58a19a2d216e8087cd852e718644962343c030dd59132a437097530f36c166aca71bfdc791422a437a898033c6dd79358cc59f9609b4f637f941e45827,gx-no-cache=1457101853507 HTTP/1.1" 200 30
186.103.240.224 - - [04/Mar/2016:11:30:30 -0300] "POST /cormun/servlet/solicitudot?2df4b8ed7e6b7fcf9c02b1bf31371bd7,UPD,2016,588,,gx-no-cache=1457101853586 HTTP/1.1" 200 9519
186.103.240.224 - - [04/Mar/2016:11:30:46 -0300] "GET /cormun/servlet/prcontratosol?15017995,,,,,MD,,gxPopupLevel%3D0%3B HTTP/1.1" 200 5741
186.103.240.224 - - [04/Mar/2016:11:31:00 -0300] "POST /cormun/servlet/solicitudot?gx-no-cache=1457101884302 HTTP/1.1" 200 2775
186.103.240.224 - - [04/Mar/2016:11:31:01 -0300] "POST /cormun/servlet/solicitudot?2df4b8ed7e6b7fcf9c02b1bf31371bd7,UPD,2016,588,,gx-no-cache=1457101884694 HTTP/1.1" 200 9349
186.103.240.224 - - [04/Mar/2016:11:31:01 -0300] "GET /cormun/servlet/solicitudot?0383bd634d5d781fc75668c38a4711202b0e41b2057a898dc5e66b29f9684f5ac14a4caf1e9e68aa3e21e8492bc47823,gx-no-cache=1457101885460 HTTP/1.1" 200 30
186.103.240.224 - - [04/Mar/2016:11:31:01 -0300] "POST /cormun/servlet/solicitudot?gx-no-cache=1457101885554 HTTP/1.1" 200 30
186.103.240.224 - - [04/Mar/2016:11:31:01 -0300] "POST /cormun/servlet/solicitudot?gx-no-cache=1457101885654 HTTP/1.1" 200 30
186.103.240.224 - - [04/Mar/2016:11:31:01 -0300] "POST /cormun/servlet/solicitudot?gx-no-cache=1457101885768 HTTP/1.1" 200 1157
186.103.240.224 - - [04/Mar/2016:11:31:02 -0300] "GET /cormun/servlet/solicitudot?0383bd634d5d781fc75668c38a471120fe724adf3f7cd186a7a26fff8e0b4458ec605b03747fe286ef8405051001641df766bfa748cfed51a2fe437dcd60c64d11d7debcaa4aa097d3bb4eecd7859ac4557ca1fbde44069b11620673e3e3f529561c5695bf4c027101ab7a574a8470b0c2caa446fcc2b08925d46e7ab30ad06692833914a20bac8c810db9d0097a2e65bbfd97f802b1e7a2fcfe332c85394d99,gx-no-cache=1457101885977 HTTP/1.1" 200 41
186.103.240.224 - - [04/Mar/2016:11:31:02 -0300] "POST /cormun/servlet/solicitudot?gx-no-cache=1457101886062 HTTP/1.1" 200 1115
192.168.10.98 - - [04/Mar/2016:11:31:27 -0300] "GET /cormun/servlet/hlogin HTTP/1.1" 200 1713
191.112.101.245 - - [04/Mar/2016:11:31:35 -0300] "GET /cormun/servlet/solicitudot?52b00dd4caec65c356e44f0f47c57a890ac7c333366ee857bdb210e9e4c889a789d0c0528cc38463616b58497bc68e866cb57cdae39fad39d66def9a086a2ffd7ad75d6c8574edf9e24f9e90cd9e95e3253311f9823f6a9a7b2581fa44539f8894b6379a56fd35eb30d252c39e91eddd,gx-no-cache=1457101920333 HTTP/1.1" 200 29
191.112.101.245 - - [04/Mar/2016:11:31:36 -0300] "POST /cormun/servlet/solicitudot?gx-no-cache=1457101921503 HTTP/1.1" 200 1116
191.112.101.245 - - [04/Mar/2016:11:31:42 -0300] "GET /cormun/static/menuarrow.gif HTTP/1.1" 404 1015
186.103.240.224 - - [04/Mar/2016:11:31:45 -0300] "GET /cormun/servlet/solicitudot?0383bd634d5d781fc75668c38a47112073af38f5c0939179b810b65979ec9c1a0fb9bae9050efdaf081192d170f830dc5ff6ad9328efa5763f0df2dc66bde6287f06ed6ddc359f2f48c2881700a055ed14524142ff53a9e94b111ee70314ab5cee8c8d615bcc69320bc8a546dbfa7d9e410768953bee1ee9517568a80ac370fca430ea6091bf9f6382fbc102a7f3195bbea57160cc3353e145d3f9b233bd60b585dcea66f0594c03ec6126a33c5ebc5b,gx-no-cache=1457101929214 HTTP/1.1" 200 30
186.103.240.224 - - [04/Mar/2016:11:31:46 -0300] "POST /cormun/servlet/solicitudot?2df4b8ed7e6b7fcf9c02b1bf31371bd7,UPD,2016,588,,gx-no-cache=1457101929452 HTTP/1.1" 200 9610
191.112.101.245 - - [04/Mar/2016:11:31:50 -0300] "GET /cormun/servlet/solicitudot?52b00dd4caec65c356e44f0f47c57a891276abe8ca4b94889cce535754a627a1ad48dfd6c3eca5e0271c0d3d5aa6d32c797804f3f1fc2536c9fd3b374b1bf83f21d38ee4d63402368105d75b483cc494af8b502ec16cb6ae5f4d8e35507d1045b83704be0972a43f66b7a2d6004ab08d0f10aa7bd4dae0b4b149cd1c6ae4a7c8189bff579663e597656b669fbf8cd6a15e15505ddf638527f8ca015e58b96d59968a7b1057e0d3b25f1637c2cbd5361a,gx-no-cache=1457101935770 HTTP/1.1" 200 30
186.103.240.224 - - [04/Mar/2016:11:32:00 -0300] "POST /cormun/servlet/solicitudot?gx-no-cache=1457101944034 HTTP/1.1" 200 2775
186.103.240.224 - - [04/Mar/2016:11:32:01 -0300] "POST /cormun/servlet/solicitudot?2df4b8ed7e6b7fcf9c02b1bf31371bd7,UPD,2016,588,,gx-no-cache=1457101944624 HTTP/1.1" 200 9428
186.103.240.224 - - [04/Mar/2016:11:32:01 -0300] "GET /cormun/servlet/solicitudot?0383bd634d5d781fc75668c38a4711202b0e41b2057a898dc5e66b29f9684f5ac14a4caf1e9e68aa3e21e8492bc47823,gx-no-cache=1457101945471 HTTP/1.1" 200 30
186.103.240.224 - - [04/Mar/2016:11:32:01 -0300] "POST /cormun/servlet/solicitudot?gx-no-cache=1457101945572 HTTP/1.1" 200 30
191.112.101.245 - - [04/Mar/2016:11:32:04 -0300] "POST /cormun/servlet/solicitudot?428d7be0fbe5204dc772c6c5d6b23893,INS,0,0,,gx-no-cache=1457101948791 HTTP/1.1" 200 93
191.112.101.245 - - [04/Mar/2016:11:32:04 -0300] "GET /cormun/servlet/hpexe_return? HTTP/1.1" 200 1027
191.112.101.245 - - [04/Mar/2016:11:32:05 -0300] "GET /cormun/servlet/trsolicitudot?gx-no-cache=1457101547372 HTTP/1.1" 200 7393
186.78.48.82 - - [04/Mar/2016:11:32:05 -0300] "GET /cormun/servlet/hlogin HTTP/1.1" 200 1715
186.78.48.82 - - [04/Mar/2016:11:32:05 -0300] "GET /cormun/static/Resources/Spanish/PXTools.css?005343 HTTP/1.1" 304 -
186.78.48.82 - - [04/Mar/2016:11:32:05 -0300] "GET /cormun/static/gxcfg.js?20151120045111 HTTP/1.1" 304 -
186.78.48.82 - - [04/Mar/2016:11:32:05 -0300] "GET /cormun/static/messages.spa.js?85251 HTTP/1.1" 304 -
186.78.48.82 - - [04/Mar/2016:11:32:05 -0300] "GET /cormun/static/hlogin.js?20151120045126 HTTP/1.1" 304 -
186.78.48.82 - - [04/Mar/2016:11:32:05 -0300] "GET /cormun/servlet/hlogin HTTP/1.1" 200 1726
191.112.101.245 - - [04/Mar/2016:11:32:07 -0300] "GET /cormun/servlet/trsolicitudot?gx-no-cache=1457101547372 HTTP/1.1" 200 7410
191.112.101.245 - - [04/Mar/2016:11:32:12 -0300] "POST /cormun/servlet/trsolicitudot?428d7be0fbe5204dc772c6c5d6b23893,gx-no-cache=1457101547372,gx-no-cache=1457101957199 HTTP/1.1" 200 4722
191.112.101.245 - - [04/Mar/2016:11:32:12 -0300] "POST /cormun/servlet/trsolicitudot?428d7be0fbe5204dc772c6c5d6b23893,gx-no-cache=1457101547372,gx-no-cache=1457101957766 HTTP/1.1" 200 4722
191.112.101.245 - - [04/Mar/2016:11:32:13 -0300] "POST /cormun/servlet/trsolicitudot?428d7be0fbe5204dc772c6c5d6b23893,gx-no-cache=1457101547372,gx-no-cache=1457101958298 HTTP/1.1" 200 4722
191.112.101.245 - - [04/Mar/2016:11:32:13 -0300] "POST /cormun/servlet/trsolicitudot?428d7be0fbe5204dc772c6c5d6b23893,gx-no-cache=1457101547372,gx-no-cache=1457101958828 HTTP/1.1" 200 4722
186.103.240.224 - - [04/Mar/2016:11:32:13 -0300] "POST /cormun/servlet/solicitudot?gx-no-cache=1457101957795 HTTP/1.1" 200 30
191.112.101.245 - - [04/Mar/2016:11:32:14 -0300] "POST /cormun/servlet/trsolicitudot?428d7be0fbe5204dc772c6c5d6b23893,gx-no-cache=1457101547372,gx-no-cache=1457101959385 HTTP/1.1" 200 4722
191.112.101.245 - - [04/Mar/2016:11:32:14 -0300] "POST /cormun/servlet/trsolicitudot?428d7be0fbe5204dc772c6c5d6b23893,gx-no-cache=1457101547372,gx-no-cache=1457101959944 HTTP/1.1" 200 4722
191.112.101.245 - - [04/Mar/2016:11:32:15 -0300] "POST /cormun/servlet/trsolicitudot?428d7be0fbe5204dc772c6c5d6b23893,gx-no-cache=1457101547372,gx-no-cache=1457101960520 HTTP/1.1" 200 4722
191.112.101.245 - - [04/Mar/2016:11:32:16 -0300] "POST /cormun/servlet/trsolicitudot?428d7be0fbe5204dc772c6c5d6b23893,gx-no-cache=1457101547372,gx-no-cache=1457101961154 HTTP/1.1" 200 3397
191.112.101.245 - - [04/Mar/2016:11:32:16 -0300] "GET /cormun/static/Shared/jqueryui/images/ui-bg_highlight-soft_100_c6c2c8_1x100.png HTTP/1.1" 404 1117
191.112.101.245 - - [04/Mar/2016:11:32:16 -0300] "GET /cormun/static/Shared/jqueryui/images/ui-icons_82798d_256x240.png HTTP/1.1" 404 1089
191.112.101.245 - - [04/Mar/2016:11:32:16 -0300] "GET /cormun/static/Shared/jqueryui/images/ui-bg_flat_55_fafafa_40x100.png HTTP/1.1" 404 1097
191.112.101.245 - - [04/Mar/2016:11:32:16 -0300] "GET /cormun/static/Shared/jqueryui/images/ui-icons_8d78a5_256x240.png HTTP/1.1" 404 1089
191.112.101.245 - - [04/Mar/2016:11:32:16 -0300] "POST /cormun/servlet/trsolicitudot?428d7be0fbe5204dc772c6c5d6b23893,gx-no-cache=1457101547372,gx-no-cache=1457101961968 HTTP/1.1" 200 3222
186.78.48.82 - - [04/Mar/2016:11:32:22 -0300] "POST /cormun/servlet/hlogin?bc130668bc2945b8db7dfd2d98fab4d2,gx-no-cache=1457102004004 HTTP/1.1" 200 90
186.78.48.82 - - [04/Mar/2016:11:32:22 -0300] "GET /cormun/servlet/hpexe_link HTTP/1.1" 200 949
186.78.48.82 - - [04/Mar/2016:11:32:23 -0300] "GET /cormun/static/hpexe_link.js?20151120044398 HTTP/1.1" 304 -
186.78.48.82 - - [04/Mar/2016:11:32:23 -0300] "GET /cormun/static/gxcfg.js?20151120044395 HTTP/1.1" 304 -
186.78.48.82 - - [04/Mar/2016:11:32:23 -0300] "GET /cormun/servlet/hhome HTTP/1.1" 200 3428
186.78.48.82 - - [04/Mar/2016:11:32:23 -0300] "GET /cormun/static/Resources/Spanish/PXTools.css?10515224 HTTP/1.1" 304 -
186.78.48.82 - - [04/Mar/2016:11:32:23 -0300] "GET /cormun/static/gxcfg.js?2015112210564248 HTTP/1.1" 304 -
186.78.48.82 - - [04/Mar/2016:11:32:23 -0300] "GET /cormun/static/hhome.js?2015112210564255 HTTP/1.1" 304 -
186.78.48.82 - - [04/Mar/2016:11:32:23 -0300] "GET /cormun/static/hwchdr01.js?20162241650484 HTTP/1.1" 304 -
186.78.48.82 - - [04/Mar/2016:11:32:23 -0300] "GET /cormun/static/hpexe_recentlink.js?2015111312121342 HTTP/1.1" 304 -
186.78.48.82 - - [04/Mar/2016:11:32:23 -0300] "GET /cormun/static/hpexe_scripts.js?20151120014546 HTTP/1.1" 304 -
186.78.48.82 - - [04/Mar/2016:11:32:23 -0300] "GET /cormun/static/hpexe_messagecontroller.js?2015112210524422 HTTP/1.1" 304 -
186.78.48.82 - - [04/Mar/2016:11:32:23 -0300] "GET /cormun/static/hpexe_messagepopupcomponent.js?20163219454551 HTTP/1.1" 304 -
186.78.48.82 - - [04/Mar/2016:11:32:23 -0300] "GET /cormun/static/hpexe_messagegenexuscomponent.js?20151120014314 HTTP/1.1" 304 -
186.78.48.82 - - [04/Mar/2016:11:32:23 -0300] "GET /cormun/static/cmcontrolpreferences.js?20151120014525 HTTP/1.1" 304 -
186.78.48.82 - - [04/Mar/2016:11:32:23 -0300] "GET /cormun/static/hmpwkw03.js?2016311993330 HTTP/1.1" 304 -
186.103.240.224 - - [04/Mar/2016:11:32:23 -0300] "POST /cormun/servlet/solicitudot?gx-no-cache=1457101967352 HTTP/1.1" 200 1157
186.103.240.224 - - [04/Mar/2016:11:32:23 -0300] "GET /cormun/servlet/solicitudot?0383bd634d5d781fc75668c38a471120fe724adf3f7cd186a7a26fff8e0b4458ec605b03747fe286ef8405051001641df766bfa748cfed51a2fe437dcd60c64d11d7debcaa4aa097d3bb4eecd7859ac4557ca1fbde44069b11620673e3e3f529561c5695bf4c027101ab7a574a8470b0c2caa446fcc2b08925d46e7ab30ad06692833914a20bac8c810db9d0097a2e65bbfd97f802b1e7a2fcfe332c85394d99,gx-no-cache=1457101967609 HTTP/1.1" 200 41
186.78.48.82 - - [04/Mar/2016:11:32:23 -0300] "GET /cormun/servlet/hhome HTTP/1.1" 200 3426
186.103.240.224 - - [04/Mar/2016:11:32:24 -0300] "POST /cormun/servlet/solicitudot?gx-no-cache=1457101967733 HTTP/1.1" 200 1115
186.103.240.224 - - [04/Mar/2016:11:32:24 -0300] "GET /cormun/servlet/solicitudot?0383bd634d5d781fc75668c38a47112073af38f5c0939179b810b65979ec9c1a0fb9bae9050efdaf081192d170f830dc5ff6ad9328efa5763f0df2dc66bde6287f06ed6ddc359f2f48c2881700a055ed14524142ff53a9e94b111ee70314ab5cee8c8d615bcc69320bc8a546dbfa7d9e410768953bee1ee9517568a80ac370fca430ea6091bf9f6382fbc102a7f3195bbea57160cc3353e145d3f9b233bd60b585dcea66f0594c03ec6126a33c5ebc5b,gx-no-cache=1457101968000 HTTP/1.1" 200 30
186.103.240.224 - - [04/Mar/2016:11:32:25 -0300] "POST /cormun/servlet/solicitudot?2df4b8ed7e6b7fcf9c02b1bf31371bd7,UPD,2016,588,,gx-no-cache=1457101968218 HTTP/1.1" 200 93
186.103.240.224 - - [04/Mar/2016:11:32:25 -0300] "GET /cormun/servlet/hpexe_return? HTTP/1.1" 200 1029
186.103.240.224 - - [04/Mar/2016:11:32:25 -0300] "GET /cormun/servlet/trsolicitudot?gx-no-cache=1457101716046 HTTP/1.1" 200 11401
186.103.240.224 - - [04/Mar/2016:11:32:28 -0300] "GET /cormun/servlet/trsolicitudot?gx-no-cache=1457101716046 HTTP/1.1" 200 11419
186.78.48.82 - - [04/Mar/2016:11:32:30 -0300] "GET /cormun/servlet/trsolicitudot? HTTP/1.1" 200 6195
186.78.48.82 - - [04/Mar/2016:11:32:30 -0300] "GET /cormun/static/Resources/Spanish/PXTools.css?18502099 HTTP/1.1" 304 -
186.78.48.82 - - [04/Mar/2016:11:32:30 -0300] "GET /cormun/static/gxcfg.js?201631185636 HTTP/1.1" 304 -
186.78.48.82 - - [04/Mar/2016:11:32:31 -0300] "GET /cormun/static/trsolicitudot.js?2016311856838 HTTP/1.1" 304 -
186.78.48.82 - - [04/Mar/2016:11:32:31 -0300] "GET /cormun/servlet/trsolicitudot? HTTP/1.1" 200 6194
186.78.48.82 - - [04/Mar/2016:11:32:33 -0300] "GET /cormun/servlet/solicitudot?INS,0,0, HTTP/1.1" 200 11421
186.78.48.82 - - [04/Mar/2016:11:32:33 -0300] "GET /cormun/static/Resources/Spanish/PXTools.css?1944839 HTTP/1.1" 304 -
186.78.48.82 - - [04/Mar/2016:11:32:34 -0300] "GET /cormun/static/gxcfg.js?20163219435133 HTTP/1.1" 304 -
186.78.48.82 - - [04/Mar/2016:11:32:34 -0300] "GET /cormun/static/solicitudot.js?20163219435183 HTTP/1.1" 304 -
186.78.48.82 - - [04/Mar/2016:11:32:34 -0300] "GET /cormun/servlet/solicitudot?INS,0,0, HTTP/1.1" 200 11426
186.78.48.82 - - [04/Mar/2016:11:32:36 -0300] "GET /cormun/servlet/prfichaempleado?,MD,,gxPopupLevel%3D0%3B HTTP/1.1" 200 7897
186.78.48.82 - - [04/Mar/2016:11:32:36 -0300] "GET /cormun/static/gxcfg.js?201511151625694 HTTP/1.1" 304 -
186.78.48.82 - - [04/Mar/2016:11:32:36 -0300] "GET /cormun/static/Resources/Spanish/PXTools.css?16184758 HTTP/1.1" 304 -
186.78.48.82 - - [04/Mar/2016:11:32:36 -0300] "GET /cormun/static/scaMessage/css/jquery-ui.css?104140 HTTP/1.1" 404 1045
186.78.48.82 - - [04/Mar/2016:11:32:36 -0300] "GET /cormun/static/menusearch.js?20163219454787 HTTP/1.1" 304 -
186.78.48.82 - - [04/Mar/2016:11:32:36 -0300] "GET /cormun/static/prfichaempleado.js?201511151625857 HTTP/1.1" 304 -
186.78.48.82 - - [04/Mar/2016:11:32:36 -0300] "GET /cormun/static/hmpwkw01.js?201511211495945 HTTP/1.1" 304 -
192.168.10.98 - - [04/Mar/2016:11:32:46 -0300] "POST /cormun/servlet/hlogin?e03e5b14903f058cc218f9221dee9415,gx-no-cache=1457101718140 HTTP/1.1" 200 90
192.168.10.98 - - [04/Mar/2016:11:32:46 -0300] "GET /cormun/servlet/hpexe_link HTTP/1.1" 200 947
192.168.10.98 - - [04/Mar/2016:11:32:46 -0300] "GET /cormun/servlet/hhome HTTP/1.1" 200 3741
192.168.10.98 - - [04/Mar/2016:11:32:47 -0300] "GET /cormun/servlet/hhome HTTP/1.1" 200 3736
186.103.240.224 - - [04/Mar/2016:11:32:47 -0300] "POST /cormun/servlet/trsolicitudot?2df4b8ed7e6b7fcf9c02b1bf31371bd7,gx-no-cache=1457101716046,gx-no-cache=1457101990755 HTTP/1.1" 200 8916
186.103.240.224 - - [04/Mar/2016:11:32:49 -0300] "POST /cormun/servlet/trsolicitudot?2df4b8ed7e6b7fcf9c02b1bf31371bd7,gx-no-cache=1457101716046,gx-no-cache=1457101992321 HTTP/1.1" 200 8916
186.103.240.224 - - [04/Mar/2016:11:32:50 -0300] "POST /cormun/servlet/trsolicitudot?2df4b8ed7e6b7fcf9c02b1bf31371bd7,gx-no-cache=1457101716046,gx-no-cache=1457101993727 HTTP/1.1" 200 8916
186.103.240.224 - - [04/Mar/2016:11:32:52 -0300] "POST /cormun/servlet/trsolicitudot?2df4b8ed7e6b7fcf9c02b1bf31371bd7,gx-no-cache=1457101716046,gx-no-cache=1457101995226 HTTP/1.1" 200 8916
186.78.48.82 - - [04/Mar/2016:11:32:52 -0300] "GET /cormun/servlet/prfichaempleado?98582e9c2bf5bcb4ffc7793a1478d6b6822abf972a2662e79b18bdc1bd0ca1bb73a2a7e4d840d145301fb963351bd715b77b728aec00dcee911a63fbbee908b2,gx-no-cache=1457102034113 HTTP/1.1" 200 463
192.168.10.98 - - [04/Mar/2016:11:32:53 -0300] "GET /cormun/servlet/trsolicitudgral? HTTP/1.1" 200 11768
192.168.10.98 - - [04/Mar/2016:11:32:54 -0300] "GET /cormun/servlet/trsolicitudgral? HTTP/1.1" 200 11767
186.78.48.82 - - [04/Mar/2016:11:32:54 -0300] "GET /cormun/servlet/prfichaempleado?98582e9c2bf5bcb4ffc7793a1478d6b6bc06805da9d1b97952f0f816f3b90ab62086a117d02bd26f7f03a1ad4cbd16f500dd94dfd7ba14282d10812d58775a6e4eec55e7d82e5115483d6843cd39f345,gx-no-cache=1457102035538 HTTP/1.1" 200 463
186.103.240.224 - - [04/Mar/2016:11:32:54 -0300] "POST /cormun/servlet/trsolicitudot?2df4b8ed7e6b7fcf9c02b1bf31371bd7,gx-no-cache=1457101716046,gx-no-cache=1457101997016 HTTP/1.1" 200 8916
186.78.48.82 - - [04/Mar/2016:11:32:55 -0300] "GET /cormun/servlet/prfichaempleado?98582e9c2bf5bcb4ffc7793a1478d6b60bebeee49195b5ae2c4e069620fc1a0d744f2db672605314d8b6d5a4a82e0db2536678ff35ce86535404e762718a84aa6c09adf4beaccd6896e875cb05281e6b,gx-no-cache=1457102036153 HTTP/1.1" 200 462
186.103.240.224 - - [04/Mar/2016:11:32:56 -0300] "POST /cormun/servlet/trsolicitudot?2df4b8ed7e6b7fcf9c02b1bf31371bd7,gx-no-cache=1457101716046,gx-no-cache=1457101999399 HTTP/1.1" 200 8916
186.78.48.82 - - [04/Mar/2016:11:32:56 -0300] "POST /cormun/servlet/prfichaempleado?bc130668bc2945b8db7dfd2d98fab4d2,,MD,,gxPopupLevel%3D0%3B,gx-no-cache=1457102037708 HTTP/1.1" 200 2863
186.103.240.224 - - [04/Mar/2016:11:32:57 -0300] "POST /cormun/servlet/trsolicitudot?2df4b8ed7e6b7fcf9c02b1bf31371bd7,gx-no-cache=1457101716046,gx-no-cache=1457102001011 HTTP/1.1" 200 8916
186.103.240.224 - - [04/Mar/2016:11:33:00 -0300] "POST /cormun/servlet/trsolicitudot?2df4b8ed7e6b7fcf9c02b1bf31371bd7,gx-no-cache=1457101716046,gx-no-cache=1457102002755 HTTP/1.1" 200 8652
186.103.240.224 - - [04/Mar/2016:11:33:00 -0300] "GET /cormun/static/Shared/jqueryui/images/ui-bg_highlight-soft_100_c6c2c8_1x100.png HTTP/1.1" 404 1117
186.103.240.224 - - [04/Mar/2016:11:33:00 -0300] "GET /cormun/static/Shared/jqueryui/images/ui-icons_82798d_256x240.png HTTP/1.1" 404 1089
186.103.240.224 - - [04/Mar/2016:11:33:00 -0300] "GET /cormun/static/Shared/jqueryui/images/ui-bg_flat_55_fafafa_40x100.png HTTP/1.1" 404 1097
186.103.240.224 - - [04/Mar/2016:11:33:00 -0300] "GET /cormun/static/Shared/jqueryui/images/ui-icons_8d78a5_256x240.png HTTP/1.1" 404 1089
186.78.48.82 - - [04/Mar/2016:11:33:01 -0300] "POST /cormun/servlet/solicitudot?gx-no-cache=1457102042226 HTTP/1.1" 200 2784
186.78.48.82 - - [04/Mar/2016:11:33:01 -0300] "POST /cormun/servlet/solicitudot?bc130668bc2945b8db7dfd2d98fab4d2,INS,0,0,,gx-no-cache=1457102042575 HTTP/1.1" 200 8391
186.78.48.82 - - [04/Mar/2016:11:33:01 -0300] "GET /cormun/servlet/solicitudot?7d6a6d2415779d312ade8a24db3d6f4a61659b4e8bd8fac9bd0730dc6319aa8e3800fa4c7740134b9135b2b4605f326f,gx-no-cache=1457102042955 HTTP/1.1" 200 30
186.103.240.224 - - [04/Mar/2016:11:33:02 -0300] "POST /cormun/servlet/trsolicitudot?2df4b8ed7e6b7fcf9c02b1bf31371bd7,gx-no-cache=1457101716046,gx-no-cache=1457102005479 HTTP/1.1" 200 8590
186.78.48.82 - - [04/Mar/2016:11:33:05 -0300] "POST /cormun/servlet/solicitudot?gx-no-cache=1457102046499 HTTP/1.1" 200 30
186.78.48.82 - - [04/Mar/2016:11:33:06 -0300] "POST /cormun/servlet/solicitudot?gx-no-cache=1457102047829 HTTP/1.1" 200 30
186.103.240.224 - - [04/Mar/2016:11:33:13 -0300] "POST /cormun/servlet/trsolicitudot?2df4b8ed7e6b7fcf9c02b1bf31371bd7,gx-no-cache=1457101716046,gx-no-cache=1457102016679 HTTP/1.1" 200 105
186.103.240.224 - - [04/Mar/2016:11:33:13 -0300] "GET /cormun/servlet/solicitudot?UPD,2016,587, HTTP/1.1" 200 12637
192.168.10.98 - - [04/Mar/2016:11:33:13 -0300] "GET /cormun/servlet/hhome HTTP/1.1" 200 3741
192.168.10.98 - - [04/Mar/2016:11:33:14 -0300] "GET /cormun/servlet/hhome HTTP/1.1" 200 3736
186.103.240.224 - - [04/Mar/2016:11:33:16 -0300] "GET /cormun/servlet/solicitudot?UPD,2016,587, HTTP/1.1" 200 12624
186.103.240.224 - - [04/Mar/2016:11:33:17 -0300] "POST /cormun/servlet/solicitudot?gx-no-cache=1457102020940 HTTP/1.1" 200 2767
192.168.10.98 - - [04/Mar/2016:11:33:19 -0300] "GET /cormun/servlet/hlogin HTTP/1.1" 200 1713
186.103.240.224 - - [04/Mar/2016:11:33:22 -0300] "POST /cormun/servlet/solicitudot?2df4b8ed7e6b7fcf9c02b1bf31371bd7,UPD,2016,587,,gx-no-cache=1457102025911 HTTP/1.1" 200 9092
186.103.240.224 - - [04/Mar/2016:11:33:22 -0300] "GET /cormun/servlet/solicitudot?0383bd634d5d781fc75668c38a471120e4fdea90541786543d12c1833363ee86c14a4caf1e9e68aa3e21e8492bc47823,gx-no-cache=1457102026678 HTTP/1.1" 200 30
186.103.240.224 - - [04/Mar/2016:11:33:23 -0300] "POST /cormun/servlet/solicitudot?gx-no-cache=1457102027333 HTTP/1.1" 200 30
186.78.48.82 - - [04/Mar/2016:11:33:27 -0300] "GET /cormun/servlet/hlogin HTTP/1.1" 200 1738
186.103.240.224 - - [04/Mar/2016:11:33:30 -0300] "POST /cormun/servlet/solicitudot?gx-no-cache=1457102034318 HTTP/1.1" 200 33
186.103.240.224 - - [04/Mar/2016:11:33:30 -0300] "POST /cormun/servlet/solicitudot?gx-no-cache=1457102034459 HTTP/1.1" 200 1157
186.103.240.224 - - [04/Mar/2016:11:33:30 -0300] "GET /cormun/servlet/solicitudot?0383bd634d5d781fc75668c38a471120fe724adf3f7cd186a7a26fff8e0b4458ec605b03747fe286ef8405051001641df766bfa748cfed51a2fe437dcd60c64d11d7debcaa4aa097d3bb4eecd7859ac4557ca1fbde44069b11620673e3e3f529561c5695bf4c027101ab7a574a8470b0c2caa446fcc2b08925d46e7ab30ad06692833914a20bac8c810db9d0097a2e65bbfd97f802b1e7a2fcfe332c85394d99,gx-no-cache=1457102034688 HTTP/1.1" 200 41
192.168.10.98 - - [04/Mar/2016:11:33:43 -0300] "POST /cormun/servlet/hlogin?e03e5b14903f058cc218f9221dee9415,gx-no-cache=1457101775230 HTTP/1.1" 200 90
192.168.10.98 - - [04/Mar/2016:11:33:43 -0300] "GET /cormun/servlet/hpexe_link HTTP/1.1" 200 947
192.168.10.98 - - [04/Mar/2016:11:33:43 -0300] "GET /cormun/servlet/hhome HTTP/1.1" 200 3741
192.168.10.98 - - [04/Mar/2016:11:33:44 -0300] "GET /cormun/servlet/hhome HTTP/1.1" 200 3736
186.103.240.224 - - [04/Mar/2016:11:33:51 -0300] "POST /cormun/servlet/solicitudot?gx-no-cache=1457102054745 HTTP/1.1" 200 30
186.103.240.224 - - [04/Mar/2016:11:33:53 -0300] "GET /cormun/servlet/prcontratosol?11672116,,,,,MD,,gxPopupLevel%3D0%3B HTTP/1.1" 200 5740
192.168.10.98 - - [04/Mar/2016:11:33:58 -0300] "GET /cormun/servlet/trsolicitudgral? HTTP/1.1" 200 11545
192.168.10.98 - - [04/Mar/2016:11:33:59 -0300] "GET /cormun/servlet/trsolicitudgral? HTTP/1.1" 200 11542
186.103.240.224 - - [04/Mar/2016:11:34:15 -0300] "POST /cormun/servlet/solicitudot?gx-no-cache=1457102079476 HTTP/1.1" 200 1157
192.168.10.98 - - [04/Mar/2016:11:34:15 -0300] "GET /cormun/servlet/hlogin HTTP/1.1" 200 1713
186.103.240.224 - - [04/Mar/2016:11:34:16 -0300] "GET /cormun/servlet/solicitudot?0383bd634d5d781fc75668c38a471120fe724adf3f7cd186a7a26fff8e0b4458ec605b03747fe286ef8405051001641df766bfa748cfed51a2fe437dcd60c64d11d7debcaa4aa097d3bb4eecd7859ac4557ca1fbde44069b11620673e3e3f529561c5695bf4c027101ab7a574a8470b0c2caa446fcc2b08925d46e7ab30ad06692833914a20bac8c810db9d0097a2e65bbfd97f802b1e7a2fcfe332c85394d99,gx-no-cache=1457102079861 HTTP/1.1" 200 41
186.103.240.224 - - [04/Mar/2016:11:34:16 -0300] "GET /cormun/servlet/solicitudot?0383bd634d5d781fc75668c38a471120ee2d13b2f72be4be02c6acc9a37f19d373c05d909fdcb38258c36e03bb981bab69df558ed7935e86a36c7ffb032dc34d0e6061cc37be3acfaf6ae9505a44d8be68f272d30978f2112133b01dc2f5970659a5eb6122ef43d0eed6fa187079d0d60b614e8385cd6f5a707946eee8a9d4e636480ce8093723033266785a37fdc3c2ed693d4a623d3ec55391bf65bbb908bc673fa958d97d779320c7cb9a56fd784a447f3854ece035e26b56e8ed3af7e484420300e8a4b6afe6cbba917ea841f4d7,gx-no-cache=1457102080005 HTTP/1.1" 200 29
186.103.240.224 - - [04/Mar/2016:11:34:16 -0300] "POST /cormun/servlet/solicitudot?gx-no-cache=1457102080106 HTTP/1.1" 200 1115
186.103.240.224 - - [04/Mar/2016:11:34:23 -0300] "GET /cormun/static/menuarrow.gif HTTP/1.1" 404 1015
192.168.10.98 - - [04/Mar/2016:11:34:45 -0300] "POST /cormun/servlet/hlogin?e03e5b14903f058cc218f9221dee9415,gx-no-cache=1457101837729 HTTP/1.1" 200 90
192.168.10.98 - - [04/Mar/2016:11:34:45 -0300] "GET /cormun/servlet/hpexe_link HTTP/1.1" 200 953
192.168.10.98 - - [04/Mar/2016:11:34:45 -0300] "GET /cormun/servlet/trsolicitudgral HTTP/1.1" 200 11544
192.168.10.98 - - [04/Mar/2016:11:34:47 -0300] "GET /cormun/servlet/trsolicitudgral HTTP/1.1" 200 11543
186.103.240.224 - - [04/Mar/2016:11:34:50 -0300] "GET /cormun/servlet/solicitudot?0383bd634d5d781fc75668c38a4711204f2bb67d0b11807e2f9fa039250e5d951e9213440403fc38a848354cec23d864a8b0d023ed2a3747e05045dd5d7230701ed31180ad634ec81c3479ecc0757363291e13ea39c293f3410f46a3130a60f970c48cc97cebdfdf0bdb1ec72c3934657c5f2d58a19a2d216e8087cd852e718644962343c030dd59132a437097530f36c166aca71bfdc791422a437a898033c6dd79358cc59f9609b4f637f941e45827,gx-no-cache=1457102113727 HTTP/1.1" 200 30
186.103.240.224 - - [04/Mar/2016:11:34:51 -0300] "POST /cormun/servlet/solicitudot?2df4b8ed7e6b7fcf9c02b1bf31371bd7,UPD,2016,587,,gx-no-cache=1457102114177 HTTP/1.1" 200 9373
186.103.240.224 - - [04/Mar/2016:11:34:51 -0300] "GET /cormun/static/Shared/jqueryui/images/ui-bg_flat_55_994d53_40x100.png HTTP/1.1" 404 1097
186.103.240.224 - - [04/Mar/2016:11:34:51 -0300] "GET /cormun/static/Shared/jqueryui/images/ui-icons_ebccce_256x240.png HTTP/1.1" 404 1089
186.103.240.224 - - [04/Mar/2016:11:35:02 -0300] "POST /cormun/servlet/solicitudot?gx-no-cache=1457102121823 HTTP/1.1" 200 2767
186.103.240.224 - - [04/Mar/2016:11:35:03 -0300] "POST /cormun/servlet/solicitudot?2df4b8ed7e6b7fcf9c02b1bf31371bd7,UPD,2016,587,,gx-no-cache=1457102126608 HTTP/1.1" 200 9197
186.103.240.224 - - [04/Mar/2016:11:35:03 -0300] "GET /cormun/servlet/solicitudot?0383bd634d5d781fc75668c38a471120e4fdea90541786543d12c1833363ee86c14a4caf1e9e68aa3e21e8492bc47823,gx-no-cache=1457102127296 HTTP/1.1" 200 30
186.103.240.224 - - [04/Mar/2016:11:35:03 -0300] "POST /cormun/servlet/solicitudot?gx-no-cache=1457102127403 HTTP/1.1" 200 30
186.103.159.44 - - [04/Mar/2016:11:35:14 -0300] "GET /cormun/servlet/prcontratosol?13912826,,,,,MD,,gxPopupLevel%3D0%3B HTTP/1.1" 200 5680
186.103.240.224 - - [04/Mar/2016:11:35:28 -0300] "POST /cormun/servlet/solicitudot?gx-no-cache=1457102152285 HTTP/1.1" 200 30
186.103.240.224 - - [04/Mar/2016:11:35:28 -0300] "POST /cormun/servlet/solicitudot?gx-no-cache=1457102152459 HTTP/1.1" 200 1157
186.103.240.224 - - [04/Mar/2016:11:35:28 -0300] "GET /cormun/servlet/solicitudot?0383bd634d5d781fc75668c38a471120fe724adf3f7cd186a7a26fff8e0b4458ec605b03747fe286ef8405051001641df766bfa748cfed51a2fe437dcd60c64d11d7debcaa4aa097d3bb4eecd7859ac4557ca1fbde44069b11620673e3e3f529561c5695bf4c027101ab7a574a8470b0c2caa446fcc2b08925d46e7ab30ad06692833914a20bac8c810db9d0097a2e65bbfd97f802b1e7a2fcfe332c85394d99,gx-no-cache=1457102152716 HTTP/1.1" 200 41
186.103.159.44 - - [04/Mar/2016:11:35:29 -0300] "POST /cormun/servlet/acontrolpreferencessavestate?None,CE-28,true HTTP/1.1" 200 35
186.103.159.44 - - [04/Mar/2016:11:35:31 -0300] "POST /cormun/servlet/solicitudot?gx-no-cache=1457102138216 HTTP/1.1" 200 1158
186.103.159.44 - - [04/Mar/2016:11:35:31 -0300] "GET /cormun/servlet/solicitudot?fa05f6754cb1eb65350a26ae55bd43d8cd60b0e0b74dacf3ae745209ed55babe4ab1e18de601e8991274f695c273db692aae52e53f54c3fd61e9cd3a27d385df5ae83205c09c66a8a7b3643248ea784a422375ec4d61d95b7167c6ac890063c73b4b92325e777c1f75a7bc1d159ca27751fd77e0c7dd5ae4a5d04ec62c3da4ad19094f239e4095e68f19629587e940dd9d2e25fda4e26b6a273702fc1f7d76bd,gx-no-cache=1457102138393 HTTP/1.1" 200 41
186.103.159.44 - - [04/Mar/2016:11:35:31 -0300] "POST /cormun/servlet/solicitudot?gx-no-cache=1457102138479 HTTP/1.1" 200 1116
186.103.240.224 - - [04/Mar/2016:11:35:43 -0300] "POST /cormun/servlet/solicitudot?gx-no-cache=1457102153424 HTTP/1.1" 200 1115
186.103.240.224 - - [04/Mar/2016:11:35:43 -0300] "GET /cormun/servlet/solicitudot?0383bd634d5d781fc75668c38a4711204f2bb67d0b11807e2f9fa039250e5d951e9213440403fc38a848354cec23d864a8b0d023ed2a3747e05045dd5d7230701ed31180ad634ec81c3479ecc0757363291e13ea39c293f3410f46a3130a60f970c48cc97cebdfdf0bdb1ec72c3934657c5f2d58a19a2d216e8087cd852e718644962343c030dd59132a437097530f36c166aca71bfdc791422a437a898033c6dd79358cc59f9609b4f637f941e45827,gx-no-cache=1457102167291 HTTP/1.1" 200 30
192.168.10.98 - - [04/Mar/2016:11:35:44 -0300] "POST /cormun/servlet/solicitudot?gx-no-cache=1457101896336 HTTP/1.1" 200 1158
192.168.10.98 - - [04/Mar/2016:11:35:44 -0300] "GET /cormun/servlet/solicitudot?a64f1319e970778e21f9600c5542d98bc81ceeba14a4b5a76b6edc880f159cc72af2bdc889da4fc9364f048729d54250769ec19bd8ca8f241560b3b84648da056487aff80acbf9d056eba0d750aead3be539a5955444f81dfd591a019bb59dd2d9e2fc4252b53573e9ab4a12fcfc0ba4a19a3b32bcb6a6d6069a98b12a1c76bfa153794a0a95d8e7fe191ca874597365,gx-no-cache=1457101896444 HTTP/1.1" 200 38
192.168.10.98 - - [04/Mar/2016:11:35:44 -0300] "GET /cormun/servlet/solicitudot?a64f1319e970778e21f9600c5542d98bbd812d4d2cfd50c3a7b55e63018b29f41856524ec34736f542513abcb108270664ada141682785dba6db798e09e4adc404c6c725610d5f7140f60823cfa0f2846d4c963f0820daef9caf2b0b5547e614766af0bcf1a79c3979e83ac0893b06281f7aea40b73d3be7c6d49c1897802c471616b9230b274218b93fb0401cbc1582536812390df001dcad77de3b987fe3d0,gx-no-cache=1457101896504 HTTP/1.1" 200 29
192.168.10.98 - - [04/Mar/2016:11:35:44 -0300] "POST /cormun/servlet/solicitudot?gx-no-cache=1457101896529 HTTP/1.1" 200 1116
186.103.240.224 - - [04/Mar/2016:11:35:48 -0300] "POST /cormun/servlet/solicitudot?2df4b8ed7e6b7fcf9c02b1bf31371bd7,UPD,2016,587,,gx-no-cache=1457102171307 HTTP/1.1" 200 9470
192.168.10.98 - - [04/Mar/2016:11:35:56 -0300] "GET /cormun/servlet/prcontratosol?13912826,,,,,MD,,gxPopupLevel%3D0%3B HTTP/1.1" 200 5679
192.168.10.98 - - [04/Mar/2016:11:35:58 -0300] "POST /cormun/servlet/acontrolpreferencessavestate?None,MAGUERREBERE,true HTTP/1.1" 200 35
186.103.159.44 - - [04/Mar/2016:11:36:02 -0300] "GET /cormun/servlet/prcontratosol?13912826,,,,,MD,,gxPopupLevel%3D0%3B HTTP/1.1" 200 5697
192.168.10.98 - - [04/Mar/2016:11:36:05 -0300] "GET /cormun/servlet/prcontratosol?13912826,,,,,MD,,gxPopupLevel%3D0%3B HTTP/1.1" 200 5684
186.103.240.224 - - [04/Mar/2016:11:36:12 -0300] "GET /cormun/servlet/prcontratosol?11672116,,,,,MD,,gxPopupLevel%3D0%3B HTTP/1.1" 200 5740
186.103.157.98 - - [04/Mar/2016:11:36:24 -0300] "GET /cormun/servlet/trsolicitudot? HTTP/1.1" 200 6201
186.103.157.98 - - [04/Mar/2016:11:36:24 -0300] "GET /cormun/servlet/trsolicitudot? HTTP/1.1" 200 6201
186.103.157.98 - - [04/Mar/2016:11:36:26 -0300] "POST /cormun/servlet/trsolicitudot?d355115e45519160f3b9a0de750b38b7,,gx-no-cache=1457102235130 HTTP/1.1" 200 3508
186.103.159.44 - - [04/Mar/2016:11:36:27 -0300] "POST /cormun/servlet/solicitudot?gx-no-cache=1457102194091 HTTP/1.1" 200 30
186.103.159.44 - - [04/Mar/2016:11:36:28 -0300] "POST /cormun/servlet/solicitudot?gx-no-cache=1457102194655 HTTP/1.1" 200 1158
186.103.159.44 - - [04/Mar/2016:11:36:28 -0300] "GET /cormun/servlet/solicitudot?fa05f6754cb1eb65350a26ae55bd43d8cd60b0e0b74dacf3ae745209ed55babe4ab1e18de601e8991274f695c273db692aae52e53f54c3fd61e9cd3a27d385df5ae83205c09c66a8a7b3643248ea784a422375ec4d61d95b7167c6ac890063c73b4b92325e777c1f75a7bc1d159ca27751fd77e0c7dd5ae4a5d04ec62c3da4ad19094f239e4095e68f19629587e940dd9d2e25fda4e26b6a273702fc1f7d76bd,gx-no-cache=1457102195153 HTTP/1.1" 200 41
186.103.159.44 - - [04/Mar/2016:11:36:28 -0300] "POST /cormun/servlet/solicitudot?gx-no-cache=1457102195236 HTTP/1.1" 200 1116
186.103.159.44 - - [04/Mar/2016:11:36:29 -0300] "GET /cormun/servlet/prsolicitudot?13912826,,,,,MD,,gxPopupLevel%3D0%3B HTTP/1.1" 200 5391
186.103.240.224 - - [04/Mar/2016:11:36:29 -0300] "POST /cormun/servlet/solicitudot?gx-no-cache=1457102213256 HTTP/1.1" 200 2767
186.103.240.224 - - [04/Mar/2016:11:36:30 -0300] "POST /cormun/servlet/solicitudot?2df4b8ed7e6b7fcf9c02b1bf31371bd7,UPD,2016,587,,gx-no-cache=1457102213780 HTTP/1.1" 200 9288
186.103.240.224 - - [04/Mar/2016:11:36:32 -0300] "GET /cormun/servlet/solicitudot?0383bd634d5d781fc75668c38a471120e4fdea90541786543d12c1833363ee86c14a4caf1e9e68aa3e21e8492bc47823,gx-no-cache=1457102216328 HTTP/1.1" 200 30
186.103.240.224 - - [04/Mar/2016:11:36:32 -0300] "POST /cormun/servlet/solicitudot?gx-no-cache=1457102216447 HTTP/1.1" 200 30
186.103.240.224 - - [04/Mar/2016:11:36:32 -0300] "POST /cormun/servlet/solicitudot?gx-no-cache=1457102216550 HTTP/1.1" 200 30
186.103.240.224 - - [04/Mar/2016:11:36:32 -0300] "POST /cormun/servlet/solicitudot?gx-no-cache=1457102216681 HTTP/1.1" 200 1157
186.103.240.224 - - [04/Mar/2016:11:36:33 -0300] "GET /cormun/servlet/solicitudot?0383bd634d5d781fc75668c38a471120fe724adf3f7cd186a7a26fff8e0b4458ec605b03747fe286ef8405051001641df766bfa748cfed51a2fe437dcd60c64d11d7debcaa4aa097d3bb4eecd7859ac4557ca1fbde44069b11620673e3e3f529561c5695bf4c027101ab7a574a8470b0c2caa446fcc2b08925d46e7ab30ad06692833914a20bac8c810db9d0097a2e65bbfd97f802b1e7a2fcfe332c85394d99,gx-no-cache=1457102216908 HTTP/1.1" 200 41
186.103.240.224 - - [04/Mar/2016:11:36:33 -0300] "POST /cormun/servlet/solicitudot?gx-no-cache=1457102217024 HTTP/1.1" 200 1115
186.103.240.224 - - [04/Mar/2016:11:36:40 -0300] "GET /cormun/servlet/solicitudot?0383bd634d5d781fc75668c38a4711204f2bb67d0b11807e2f9fa039250e5d958e73e50100f91818a37c90c7e70f7d08e3fce10c673634449e348e48589d0ebb7f06ed6ddc359f2f48c2881700a055ed14524142ff53a9e94b111ee70314ab5cee8c8d615bcc69320bc8a546dbfa7d9e410768953bee1ee9517568a80ac370fca430ea6091bf9f6382fbc102a7f3195bbea57160cc3353e145d3f9b233bd60b5040582d121d24eba30b19c090e7e1581,gx-no-cache=1457102224690 HTTP/1.1" 200 30
186.103.240.224 - - [04/Mar/2016:11:36:42 -0300] "POST /cormun/servlet/solicitudot?2df4b8ed7e6b7fcf9c02b1bf31371bd7,UPD,2016,587,,gx-no-cache=1457102225509 HTTP/1.1" 200 93
186.103.240.224 - - [04/Mar/2016:11:36:42 -0300] "GET /cormun/servlet/hpexe_return? HTTP/1.1" 200 1028
186.103.240.224 - - [04/Mar/2016:11:36:43 -0300] "GET /cormun/servlet/trsolicitudot?gx-no-cache=1457101716046 HTTP/1.1" 200 11134
186.103.240.224 - - [04/Mar/2016:11:36:46 -0300] "GET /cormun/servlet/trsolicitudot?gx-no-cache=1457101716046 HTTP/1.1" 200 11151
186.103.157.98 - - [04/Mar/2016:11:36:49 -0300] "GET /cormun/servlet/trsolicitudot?6f0c5fed0a8ca8973f7481b5480cc26cd7ae33e353174cf8851af81ae2e4707c58cbb37bae03fa40d045d3c7326fbd8690b0397514ca82534e6ef96b96d23b25f3c71c523d42c0442c915ee72618af91493e4ad8e8ca36fc839c3533f5ff8bc7,gx-no-cache=1457102258411 HTTP/1.1" 200 760
186.103.157.98 - - [04/Mar/2016:11:36:49 -0300] "POST /cormun/servlet/trsolicitudot?d355115e45519160f3b9a0de750b38b7,,gx-no-cache=1457102258583 HTTP/1.1" 200 3509
186.103.157.98 - - [04/Mar/2016:11:36:50 -0300] "POST /cormun/servlet/trsolicitudot?d355115e45519160f3b9a0de750b38b7,,gx-no-cache=1457102259312 HTTP/1.1" 200 3508
186.103.159.44 - - [04/Mar/2016:11:36:52 -0300] "POST /cormun/servlet/solicitudot?gx-no-cache=1457102219629 HTTP/1.1" 200 1158
186.103.159.44 - - [04/Mar/2016:11:36:53 -0300] "GET /cormun/servlet/solicitudot?fa05f6754cb1eb65350a26ae55bd43d8cd60b0e0b74dacf3ae745209ed55babe4ab1e18de601e8991274f695c273db692aae52e53f54c3fd61e9cd3a27d385df5ae83205c09c66a8a7b3643248ea784a422375ec4d61d95b7167c6ac890063c73b4b92325e777c1f75a7bc1d159ca27751fd77e0c7dd5ae4a5d04ec62c3da4ad19094f239e4095e68f19629587e940dd9d2e25fda4e26b6a273702fc1f7d76bd,gx-no-cache=1457102219803 HTTP/1.1" 200 41
186.103.159.44 - - [04/Mar/2016:11:36:53 -0300] "POST /cormun/servlet/solicitudot?gx-no-cache=1457102220376 HTTP/1.1" 200 1116
186.103.159.44 - - [04/Mar/2016:11:36:54 -0300] "GET /cormun/servlet/solicitudot?fa05f6754cb1eb65350a26ae55bd43d874d14f2a947082b21785b455c2d9219b7303ef6a9c3c83939510c80a9211c35f59ce38117e303775eaf0fab9eaff4f3ecccceca8b38dc9babb866d7417ddaab1efc325c574223e0f77e7bf657d3622a330f5abb8f83236a54fe4d323eba7669bd6cb492b7522958225ec0d0a57c840fdb9921dddea46276a781a748012e74aa68d013547688a0612fe62fa3d454da3f40e0dc707b08fbe487158ff816bedb5c3,gx-no-cache=1457102220487 HTTP/1.1" 200 30
186.103.159.44 - - [04/Mar/2016:11:36:54 -0300] "POST /cormun/servlet/solicitudot?7a067c42d78a90d22e66ca5a11c77c27,INS,0,0,,gx-no-cache=1457102220879 HTTP/1.1" 200 9698
186.103.240.224 - - [04/Mar/2016:11:36:59 -0300] "POST /cormun/servlet/trsolicitudot?2df4b8ed7e6b7fcf9c02b1bf31371bd7,gx-no-cache=1457101716046,gx-no-cache=1457102242867 HTTP/1.1" 200 8639
186.103.240.224 - - [04/Mar/2016:11:37:01 -0300] "POST /cormun/servlet/trsolicitudot?2df4b8ed7e6b7fcf9c02b1bf31371bd7,gx-no-cache=1457101716046,gx-no-cache=1457102244478 HTTP/1.1" 200 8639
186.103.240.224 - - [04/Mar/2016:11:37:03 -0300] "POST /cormun/servlet/trsolicitudot?2df4b8ed7e6b7fcf9c02b1bf31371bd7,gx-no-cache=1457101716046,gx-no-cache=1457102246322 HTTP/1.1" 200 8639
186.103.240.224 - - [04/Mar/2016:11:37:05 -0300] "POST /cormun/servlet/trsolicitudot?2df4b8ed7e6b7fcf9c02b1bf31371bd7,gx-no-cache=1457101716046,gx-no-cache=1457102248769 HTTP/1.1" 200 8639
186.103.240.224 - - [04/Mar/2016:11:37:07 -0300] "POST /cormun/servlet/trsolicitudot?2df4b8ed7e6b7fcf9c02b1bf31371bd7,gx-no-cache=1457101716046,gx-no-cache=1457102250428 HTTP/1.1" 200 8639
186.103.240.224 - - [04/Mar/2016:11:37:09 -0300] "POST /cormun/servlet/trsolicitudot?2df4b8ed7e6b7fcf9c02b1bf31371bd7,gx-no-cache=1457101716046,gx-no-cache=1457102253181 HTTP/1.1" 200 8639
186.103.240.224 - - [04/Mar/2016:11:37:11 -0300] "POST /cormun/servlet/trsolicitudot?2df4b8ed7e6b7fcf9c02b1bf31371bd7,gx-no-cache=1457101716046,gx-no-cache=1457102254847 HTTP/1.1" 200 8639
186.103.159.44 - - [04/Mar/2016:11:37:15 -0300] "POST /cormun/servlet/solicitudot?gx-no-cache=1457102238572 HTTP/1.1" 200 1158
186.103.159.44 - - [04/Mar/2016:11:37:15 -0300] "GET /cormun/servlet/solicitudot?fa05f6754cb1eb65350a26ae55bd43d8cd60b0e0b74dacf3ae745209ed55babe4ab1e18de601e8991274f695c273db692aae52e53f54c3fd61e9cd3a27d385df5ae83205c09c66a8a7b3643248ea784a422375ec4d61d95b7167c6ac890063c73b4b92325e777c1f75a7bc1d159ca27751fd77e0c7dd5ae4a5d04ec62c3da4ad19094f239e4095e68f19629587e940dd9d2e25fda4e26b6a273702fc1f7d76bd,gx-no-cache=1457102242350 HTTP/1.1" 200 41
186.103.159.44 - - [04/Mar/2016:11:37:15 -0300] "POST /cormun/servlet/solicitudot?gx-no-cache=1457102242431 HTTP/1.1" 200 1116
186.103.159.44 - - [04/Mar/2016:11:37:15 -0300] "GET /cormun/servlet/solicitudot?fa05f6754cb1eb65350a26ae55bd43d874d14f2a947082b21785b455c2d9219bffa3724afcb0a54f6409f28c90b5a08f59ce38117e303775eaf0fab9eaff4f3ecccceca8b38dc9babb866d7417ddaab1efc325c574223e0f77e7bf657d3622a330f5abb8f83236a54fe4d323eba7669bd6cb492b7522958225ec0d0a57c840fdb9921dddea46276a781a748012e74aa68d013547688a0612fe62fa3d454da3f40e0dc707b08fbe487158ff816bedb5c3,gx-no-cache=1457102242563 HTTP/1.1" 200 30
186.103.159.44 - - [04/Mar/2016:11:37:17 -0300] "POST /cormun/servlet/solicitudot?7a067c42d78a90d22e66ca5a11c77c27,INS,0,0,,gx-no-cache=1457102244057 HTTP/1.1" 200 9749
186.103.240.224 - - [04/Mar/2016:11:37:21 -0300] "POST /cormun/servlet/trsolicitudot?2df4b8ed7e6b7fcf9c02b1bf31371bd7,gx-no-cache=1457101716046,gx-no-cache=1457102264686 HTTP/1.1" 200 8373
186.103.157.98 - - [04/Mar/2016:11:37:21 -0300] "GET /cormun/servlet/trsolicitudot?6f0c5fed0a8ca8973f7481b5480cc26cd7ae33e353174cf8851af81ae2e4707c58cbb37bae03fa40d045d3c7326fbd8690b0397514ca82534e6ef96b96d23b25f3c71c523d42c0442c915ee72618af91493e4ad8e8ca36fc839c3533f5ff8bc7,gx-no-cache=1457102290622 HTTP/1.1" 200 760
192.168.10.98 - - [04/Mar/2016:11:37:22 -0300] "GET /cormun/servlet/prcontratosol?13912826,,,,,MD,,gxPopupLevel%3D0%3B HTTP/1.1" 200 5684
186.103.240.224 - - [04/Mar/2016:11:37:23 -0300] "GET /cormun/static/Shared/jqueryui/images/ui-bg_highlight-soft_100_c6c2c8_1x100.png HTTP/1.1" 404 1117
186.103.240.224 - - [04/Mar/2016:11:37:23 -0300] "GET /cormun/static/Shared/jqueryui/images/ui-icons_82798d_256x240.png HTTP/1.1" 404 1089
186.103.157.98 - - [04/Mar/2016:11:37:24 -0300] "POST /cormun/servlet/trsolicitudot?d355115e45519160f3b9a0de750b38b7,,gx-no-cache=1457102292845 HTTP/1.1" 200 3518
186.103.240.224 - - [04/Mar/2016:11:37:24 -0300] "GET /cormun/static/Shared/jqueryui/images/ui-bg_flat_55_fafafa_40x100.png HTTP/1.1" 404 1097
186.103.240.224 - - [04/Mar/2016:11:37:24 -0300] "GET /cormun/static/Shared/jqueryui/images/ui-icons_8d78a5_256x240.png HTTP/1.1" 404 1089
186.103.157.98 - - [04/Mar/2016:11:37:24 -0300] "POST /cormun/servlet/trsolicitudot?d355115e45519160f3b9a0de750b38b7,,gx-no-cache=1457102293138 HTTP/1.1" 200 3518
186.103.157.98 - - [04/Mar/2016:11:37:25 -0300] "POST /cormun/servlet/trsolicitudot?d355115e45519160f3b9a0de750b38b7,,gx-no-cache=1457102293728 HTTP/1.1" 200 3519
186.103.240.224 - - [04/Mar/2016:11:37:25 -0300] "POST /cormun/servlet/trsolicitudot?2df4b8ed7e6b7fcf9c02b1bf31371bd7,gx-no-cache=1457101716046,gx-no-cache=1457102268735 HTTP/1.1" 200 8313
186.103.157.98 - - [04/Mar/2016:11:37:27 -0300] "POST /cormun/servlet/trsolicitudot?d355115e45519160f3b9a0de750b38b7,,gx-no-cache=1457102296422 HTTP/1.1" 200 3519
186.103.157.98 - - [04/Mar/2016:11:37:27 -0300] "POST /cormun/servlet/trsolicitudot?d355115e45519160f3b9a0de750b38b7,,gx-no-cache=1457102296611 HTTP/1.1" 200 3518
186.103.157.98 - - [04/Mar/2016:11:37:28 -0300] "POST /cormun/servlet/trsolicitudot?d355115e45519160f3b9a0de750b38b7,,gx-no-cache=1457102296821 HTTP/1.1" 200 3518
186.103.157.98 - - [04/Mar/2016:11:37:29 -0300] "POST /cormun/servlet/trsolicitudot?d355115e45519160f3b9a0de750b38b7,,gx-no-cache=1457102298231 HTTP/1.1" 200 3518
186.103.240.224 - - [04/Mar/2016:11:37:37 -0300] "POST /cormun/servlet/trsolicitudot?2df4b8ed7e6b7fcf9c02b1bf31371bd7,gx-no-cache=1457101716046,gx-no-cache=1457102281222 HTTP/1.1" 200 105
186.103.240.224 - - [04/Mar/2016:11:37:38 -0300] "GET /cormun/servlet/solicitudot?UPD,2016,586, HTTP/1.1" 200 12662
192.168.10.98 - - [04/Mar/2016:11:37:38 -0300] "GET /cormun/servlet/prsolicitudot?13912826,,,,,MD,,gxPopupLevel%3D0%3B HTTP/1.1" 200 5379
192.168.10.98 - - [04/Mar/2016:11:37:40 -0300] "POST /cormun/servlet/acontrolpreferencessavestate?None,MAGUERREBERE,true HTTP/1.1" 200 35
186.103.240.224 - - [04/Mar/2016:11:37:40 -0300] "GET /cormun/servlet/solicitudot?UPD,2016,586, HTTP/1.1" 200 12649
186.103.240.224 - - [04/Mar/2016:11:37:41 -0300] "POST /cormun/servlet/solicitudot?gx-no-cache=1457102284804 HTTP/1.1" 200 2783
186.103.240.224 - - [04/Mar/2016:11:37:41 -0300] "POST /cormun/servlet/solicitudot?2df4b8ed7e6b7fcf9c02b1bf31371bd7,UPD,2016,586,,gx-no-cache=1457102285259 HTTP/1.1" 200 9111
186.103.240.224 - - [04/Mar/2016:11:37:41 -0300] "GET /cormun/servlet/solicitudot?0383bd634d5d781fc75668c38a47112084932bfdba6b62ee11da16b004101116c14a4caf1e9e68aa3e21e8492bc47823,gx-no-cache=1457102285817 HTTP/1.1" 200 30
186.103.240.224 - - [04/Mar/2016:11:37:42 -0300] "POST /cormun/servlet/solicitudot?gx-no-cache=1457102285931 HTTP/1.1" 200 30
186.103.240.224 - - [04/Mar/2016:11:37:42 -0300] "POST /cormun/servlet/solicitudot?gx-no-cache=1457102286013 HTTP/1.1" 200 33
192.168.10.98 - - [04/Mar/2016:11:37:42 -0300] "GET /cormun/servlet/prpersonalsolicitud?13912826,,,,,MD,,gxPopupLevel%3D0%3B HTTP/1.1" 200 5709
186.103.240.224 - - [04/Mar/2016:11:37:42 -0300] "POST /cormun/servlet/solicitudot?gx-no-cache=1457102286135 HTTP/1.1" 200 1157
186.103.240.224 - - [04/Mar/2016:11:37:42 -0300] "GET /cormun/servlet/solicitudot?0383bd634d5d781fc75668c38a471120fe724adf3f7cd186a7a26fff8e0b4458ec605b03747fe286ef8405051001641df766bfa748cfed51a2fe437dcd60c64d11d7debcaa4aa097d3bb4eecd7859ac4557ca1fbde44069b11620673e3e3f529561c5695bf4c027101ab7a574a8470b0c2caa446fcc2b08925d46e7ab30ad06692833914a20bac8c810db9d0097a2e65bbfd97f802b1e7a2fcfe332c85394d99,gx-no-cache=1457102286342 HTTP/1.1" 200 41
192.168.10.98 - - [04/Mar/2016:11:37:44 -0300] "POST /cormun/servlet/acontrolpreferencessavestate?None,MAGUERREBERE,true HTTP/1.1" 200 35
186.103.240.224 - - [04/Mar/2016:11:37:47 -0300] "GET /cormun/servlet/solicitudot?0383bd634d5d781fc75668c38a471120a7fcd0a5e0814e3f4f852275df8d56ed73c05d909fdcb38258c36e03bb981bab69df558ed7935e86a36c7ffb032dc34d0e6061cc37be3acfaf6ae9505a44d8be68f272d30978f2112133b01dc2f5970659a5eb6122ef43d0eed6fa187079d0d60b614e8385cd6f5a707946eee8a9d4e636480ce8093723033266785a37fdc3c2ed693d4a623d3ec55391bf65bbb908bc673fa958d97d779320c7cb9a56fd784a447f3854ece035e26b56e8ed3af7e484420300e8a4b6afe6cbba917ea841f4d7,gx-no-cache=1457102291228 HTTP/1.1" 200 30
186.103.159.44 - - [04/Mar/2016:11:37:54 -0300] "GET /cormun/servlet/prsolicitudot?13912826,,,,,MD,,gxPopupLevel%3D0%3B HTTP/1.1" 200 5391
186.103.240.224 - - [04/Mar/2016:11:37:59 -0300] "POST /cormun/servlet/solicitudot?gx-no-cache=1457102303620 HTTP/1.1" 200 1116
186.103.240.224 - - [04/Mar/2016:11:37:59 -0300] "GET /cormun/servlet/solicitudot?0383bd634d5d781fc75668c38a4711209d88a8ad19c86f3e6fa0bca080ab2050ad4b8bb9a5b1ba3b2bd8891faa1f98d553e3b43b8f10f7d90da1abc7a6bcc73fdaeccf1f259885a962833d5d32526b2d04319ac10f6a81db5539202c3506686f732be52d4c1573c0b56049717a1286500b94700c0d1cae6b28a59080de4a97b6805ee4ddd64d24f951153934ec4cf471bb1be45e85a0e6eac317e798f16658a34e26e53ab59dd2db9f543fb192192ffc,gx-no-cache=1457102303804 HTTP/1.1" 200 30
186.103.240.224 - - [04/Mar/2016:11:38:00 -0300] "POST /cormun/servlet/solicitudot?2df4b8ed7e6b7fcf9c02b1bf31371bd7,UPD,2016,586,,gx-no-cache=1457102303900 HTTP/1.1" 200 93
186.103.240.224 - - [04/Mar/2016:11:38:00 -0300] "GET /cormun/servlet/hpexe_return? HTTP/1.1" 200 1029
