191.112.101.245 - - [04/Mar/2016:15:18:50 -0300] "GET /cormun/static/about:blank HTTP/1.1" 404 1011
191.112.101.245 - - [04/Mar/2016:15:18:51 -0300] "GET /cormun/servlet/solicitudotadjuntos?INS,2016,625,,1, HTTP/1.1" 200 5466
191.112.101.245 - - [04/Mar/2016:15:18:52 -0300] "GET /cormun/servlet/solicitudotadjuntos?551e052ef25e2b1edfb692ac4537a52a4b13dda1821b5e13eb7825aec369b0b39b865fac1c9371a33c26e9d4e05859bd,gx-no-cache=1457115557407 HTTP/1.1" 200 30
191.112.101.245 - - [04/Mar/2016:15:18:52 -0300] "POST /cormun/servlet/solicitudotadjuntos?1610635b04b7717fa2104f036d8860ae,INS,2016,625,,1,,gx-no-cache=1457115557520 HTTP/1.1" 200 3373
201.239.193.253 - - [04/Mar/2016:15:18:52 -0300] "POST /cormun/servlet/solicitudot?gx-no-cache=1457115553468 HTTP/1.1" 200 1158
201.239.193.253 - - [04/Mar/2016:15:18:52 -0300] "GET /cormun/servlet/solicitudot?98339377c4ffe271f757ea0f8944fd59426fa11d0381f7a4535d2bb183c545f4fdb6efb202084eaa0436852f61c65c5a39594f41fce13bf9a23cbb8d97945fc93f5acf0d9acbc8d66c860d880becabc8a211a16597fb290b4d4544673faea620d96a4c4278364ad9126dd973638bcfdeb0a7d67d7ca799bc23b9e724bf2a24c5c3117f0c4c9a903c99d81f3d7c4cc6cb,gx-no-cache=1457115553562 HTTP/1.1" 200 38
201.239.193.253 - - [04/Mar/2016:15:18:52 -0300] "GET /cormun/servlet/solicitudot?98339377c4ffe271f757ea0f8944fd5924642267faa9bcfefebed5dc1447bd78af453a1947d63d2a329b05545d6bf59a6fe8cb315bdb9e449358eaa4b5c45546820f84f9ff6966a56609b790403c1f62a24441354fe270af12c9e81fcc563d82bc28ba0a89d9384305de6b90c34ef749175a717c930476c43501dc3ebb4e12d62e65ebd0f5a069c80d074d26893924d89c757035fe59d6789386a7d994bd9b90,gx-no-cache=1457115553605 HTTP/1.1" 200 29
201.239.193.253 - - [04/Mar/2016:15:18:52 -0300] "POST /cormun/servlet/solicitudot?gx-no-cache=1457115553646 HTTP/1.1" 200 1116
201.239.193.253 - - [04/Mar/2016:15:18:52 -0300] "GET /cormun/static/menuarrow.gif HTTP/1.1" 404 1015
186.103.159.204 - - [04/Mar/2016:15:18:55 -0300] "GET /cormun/servlet/trsolicitudot? HTTP/1.1" 200 13982
186.103.159.204 - - [04/Mar/2016:15:18:56 -0300] "GET /cormun/servlet/trsolicitudot? HTTP/1.1" 200 13982
201.239.193.253 - - [04/Mar/2016:15:18:56 -0300] "POST /cormun/servlet/solicitudot?gx-no-cache=1457115557957 HTTP/1.1" 200 30
201.239.193.253 - - [04/Mar/2016:15:18:57 -0300] "POST /cormun/servlet/solicitudot?gx-no-cache=1457115558022 HTTP/1.1" 200 1158
201.239.193.253 - - [04/Mar/2016:15:18:57 -0300] "GET /cormun/servlet/solicitudot?98339377c4ffe271f757ea0f8944fd59426fa11d0381f7a4535d2bb183c545f4fdb6efb202084eaa0436852f61c65c5a39594f41fce13bf9a23cbb8d97945fc93f5acf0d9acbc8d66c860d880becabc8a211a16597fb290b4d4544673faea620d96a4c4278364ad9126dd973638bcfdeb0a7d67d7ca799bc23b9e724bf2a24c5c3117f0c4c9a903c99d81f3d7c4cc6cb,gx-no-cache=1457115558108 HTTP/1.1" 200 38
201.239.193.253 - - [04/Mar/2016:15:18:57 -0300] "POST /cormun/servlet/solicitudot?gx-no-cache=1457115558174 HTTP/1.1" 200 1116
191.112.101.245 - - [04/Mar/2016:15:19:00 -0300] "POST /cormun/servlet/solicitudotadjuntos?gx-no-cache=1457115565499 HTTP/1.1" 200 26
191.112.101.245 - - [04/Mar/2016:15:19:06 -0300] "GET /cormun/servlet/solicitudotadjuntos?551e052ef25e2b1edfb692ac4537a52a8937465ca4a6edb99ebaa2874b57da92,gx-no-cache=1457115571547 HTTP/1.1" 200 30
191.112.101.245 - - [04/Mar/2016:15:19:06 -0300] "GET /cormun/servlet/solicitudotadjuntos?551e052ef25e2b1edfb692ac4537a52a8937465ca4a6edb99ebaa2874b57da92,gx-no-cache=1457115571634 HTTP/1.1" 200 30
191.112.101.245 - - [04/Mar/2016:15:19:08 -0300] "POST /cormun/servlet/solicitudotadjuntos?1610635b04b7717fa2104f036d8860ae,INS,2016,625,,1, HTTP/1.1" 200 116
191.112.101.245 - - [04/Mar/2016:15:19:08 -0300] "GET /cormun/servlet/hpexe_return? HTTP/1.1" 200 1026
191.112.101.245 - - [04/Mar/2016:15:19:09 -0300] "GET /cormun/servlet/trsolicitudadjuntos?2016,625, HTTP/1.1" 200 7461
191.112.101.245 - - [04/Mar/2016:15:19:11 -0300] "GET /cormun/servlet/trsolicitudadjuntos?2016,625, HTTP/1.1" 200 7457
191.112.101.245 - - [04/Mar/2016:15:19:13 -0300] "GET /cormun/servlet/solicitudotadjuntos?INS,2016,625,,1, HTTP/1.1" 200 5471
191.112.101.245 - - [04/Mar/2016:15:19:14 -0300] "GET /cormun/static/about:blank HTTP/1.1" 404 1011
191.112.101.245 - - [04/Mar/2016:15:19:15 -0300] "GET /cormun/servlet/solicitudotadjuntos?INS,2016,625,,1, HTTP/1.1" 200 5465
191.112.101.245 - - [04/Mar/2016:15:19:16 -0300] "GET /cormun/servlet/solicitudotadjuntos?551e052ef25e2b1edfb692ac4537a52a4b13dda1821b5e13eb7825aec369b0b39b865fac1c9371a33c26e9d4e05859bd,gx-no-cache=1457115581793 HTTP/1.1" 200 30
191.112.101.245 - - [04/Mar/2016:15:19:16 -0300] "POST /cormun/servlet/solicitudotadjuntos?1610635b04b7717fa2104f036d8860ae,INS,2016,625,,1,,gx-no-cache=1457115581948 HTTP/1.1" 200 3372
191.112.101.245 - - [04/Mar/2016:15:19:20 -0300] "POST /cormun/servlet/solicitudotadjuntos?gx-no-cache=1457115585442 HTTP/1.1" 200 26
191.112.101.245 - - [04/Mar/2016:15:19:27 -0300] "GET /cormun/servlet/solicitudotadjuntos?551e052ef25e2b1edfb692ac4537a52a8937465ca4a6edb99ebaa2874b57da92,gx-no-cache=1457115593099 HTTP/1.1" 200 30
191.112.101.245 - - [04/Mar/2016:15:19:27 -0300] "GET /cormun/servlet/solicitudotadjuntos?551e052ef25e2b1edfb692ac4537a52a8937465ca4a6edb99ebaa2874b57da92,gx-no-cache=1457115593186 HTTP/1.1" 200 30
191.112.101.245 - - [04/Mar/2016:15:19:29 -0300] "POST /cormun/servlet/solicitudotadjuntos?1610635b04b7717fa2104f036d8860ae,INS,2016,625,,1, HTTP/1.1" 200 116
191.112.101.245 - - [04/Mar/2016:15:19:29 -0300] "GET /cormun/servlet/hpexe_return? HTTP/1.1" 200 1026
191.112.101.245 - - [04/Mar/2016:15:19:30 -0300] "GET /cormun/servlet/trsolicitudadjuntos?2016,625, HTTP/1.1" 200 7623
191.112.101.245 - - [04/Mar/2016:15:19:33 -0300] "GET /cormun/servlet/trsolicitudadjuntos?2016,625, HTTP/1.1" 200 7619
191.112.101.245 - - [04/Mar/2016:15:19:35 -0300] "GET /cormun/servlet/solicitudotadjuntos?INS,2016,625,,1, HTTP/1.1" 200 5471
191.112.101.245 - - [04/Mar/2016:15:19:36 -0300] "GET /cormun/static/about:blank HTTP/1.1" 404 1011
191.112.101.245 - - [04/Mar/2016:15:19:38 -0300] "GET /cormun/servlet/solicitudotadjuntos?INS,2016,625,,1, HTTP/1.1" 200 5465
191.112.101.245 - - [04/Mar/2016:15:19:38 -0300] "GET /cormun/servlet/solicitudotadjuntos?551e052ef25e2b1edfb692ac4537a52a4b13dda1821b5e13eb7825aec369b0b39b865fac1c9371a33c26e9d4e05859bd,gx-no-cache=1457115603889 HTTP/1.1" 200 30
191.112.101.245 - - [04/Mar/2016:15:19:38 -0300] "POST /cormun/servlet/solicitudotadjuntos?1610635b04b7717fa2104f036d8860ae,INS,2016,625,,1,,gx-no-cache=1457115604188 HTTP/1.1" 200 3372
201.239.193.253 - - [04/Mar/2016:15:19:40 -0300] "GET /cormun/servlet/solicitudot?98339377c4ffe271f757ea0f8944fd594d080e1d3a57f1ee649a67785a893177bbb14cfdf99f613b563ab194c968ad4e8a67b00718db62aacadf95286d7c826ccc5ea0c190071c97c3d87e9d767a245802d85c11a5956d47e6a46ef37974150c151f7c9241e85347647bd0d68853b2f714614153e1eb69bc5a646ba47be23b1f667c05abcdc3d0ca2f3c8a45d8af4955537fbe055dc72e79418df015726fa3bc7f791033e157d42f80f1725fa56f5de8,gx-no-cache=1457115584602 HTTP/1.1" 200 30
191.112.101.245 - - [04/Mar/2016:15:19:41 -0300] "POST /cormun/servlet/solicitudotadjuntos?gx-no-cache=1457115607052 HTTP/1.1" 200 26
191.112.101.245 - - [04/Mar/2016:15:19:47 -0300] "GET /cormun/servlet/solicitudotadjuntos?551e052ef25e2b1edfb692ac4537a52a8937465ca4a6edb99ebaa2874b57da92,gx-no-cache=1457115613308 HTTP/1.1" 200 30
191.112.101.245 - - [04/Mar/2016:15:19:48 -0300] "GET /cormun/servlet/solicitudotadjuntos?551e052ef25e2b1edfb692ac4537a52a8937465ca4a6edb99ebaa2874b57da92,gx-no-cache=1457115613395 HTTP/1.1" 200 30
191.112.101.245 - - [04/Mar/2016:15:19:49 -0300] "POST /cormun/servlet/solicitudotadjuntos?1610635b04b7717fa2104f036d8860ae,INS,2016,625,,1, HTTP/1.1" 200 116
191.112.101.245 - - [04/Mar/2016:15:19:49 -0300] "GET /cormun/servlet/hpexe_return? HTTP/1.1" 200 1026
191.112.101.245 - - [04/Mar/2016:15:19:50 -0300] "GET /cormun/servlet/trsolicitudadjuntos?2016,625, HTTP/1.1" 200 7737
191.112.101.245 - - [04/Mar/2016:15:19:53 -0300] "GET /cormun/servlet/trsolicitudadjuntos?2016,625, HTTP/1.1" 200 7735
191.112.101.245 - - [04/Mar/2016:15:19:54 -0300] "GET /cormun/servlet/solicitudotadjuntos?INS,2016,625,,1, HTTP/1.1" 200 5471
191.112.101.245 - - [04/Mar/2016:15:19:55 -0300] "GET /cormun/static/about:blank HTTP/1.1" 404 1011
191.112.101.245 - - [04/Mar/2016:15:19:57 -0300] "GET /cormun/servlet/solicitudotadjuntos?INS,2016,625,,1, HTTP/1.1" 200 5465
191.112.101.245 - - [04/Mar/2016:15:19:57 -0300] "GET /cormun/servlet/solicitudotadjuntos?551e052ef25e2b1edfb692ac4537a52a4b13dda1821b5e13eb7825aec369b0b39b865fac1c9371a33c26e9d4e05859bd,gx-no-cache=1457115623081 HTTP/1.1" 200 30
191.112.101.245 - - [04/Mar/2016:15:19:58 -0300] "POST /cormun/servlet/solicitudotadjuntos?1610635b04b7717fa2104f036d8860ae,INS,2016,625,,1,,gx-no-cache=1457115623228 HTTP/1.1" 200 3372
191.112.101.245 - - [04/Mar/2016:15:19:59 -0300] "POST /cormun/servlet/solicitudotadjuntos?gx-no-cache=1457115625192 HTTP/1.1" 200 26
201.239.193.253 - - [04/Mar/2016:15:20:04 -0300] "GET /cormun/servlet/solicitudot?98339377c4ffe271f757ea0f8944fd594d080e1d3a57f1ee649a67785a893177bbb14cfdf99f613b563ab194c968ad4e8a67b00718db62aacadf95286d7c826ccc5ea0c190071c97c3d87e9d767a245802d85c11a5956d47e6a46ef37974150c151f7c9241e85347647bd0d68853b2f714614153e1eb69bc5a646ba47be23b1f667c05abcdc3d0ca2f3c8a45d8af4955537fbe055dc72e79418df015726fa3bc7f791033e157d42f80f1725fa56f5de8,gx-no-cache=1457115625559 HTTP/1.1" 200 30
191.112.101.245 - - [04/Mar/2016:15:20:09 -0300] "GET /cormun/servlet/solicitudotadjuntos?551e052ef25e2b1edfb692ac4537a52a8937465ca4a6edb99ebaa2874b57da92,gx-no-cache=1457115634395 HTTP/1.1" 200 30
191.112.101.245 - - [04/Mar/2016:15:20:09 -0300] "GET /cormun/servlet/solicitudotadjuntos?551e052ef25e2b1edfb692ac4537a52a8937465ca4a6edb99ebaa2874b57da92,gx-no-cache=1457115634479 HTTP/1.1" 200 30
191.112.101.245 - - [04/Mar/2016:15:20:10 -0300] "POST /cormun/servlet/solicitudotadjuntos?1610635b04b7717fa2104f036d8860ae,INS,2016,625,,1, HTTP/1.1" 200 116
191.112.101.245 - - [04/Mar/2016:15:20:11 -0300] "GET /cormun/servlet/hpexe_return? HTTP/1.1" 200 1026
191.112.101.245 - - [04/Mar/2016:15:20:12 -0300] "GET /cormun/servlet/trsolicitudadjuntos?2016,625, HTTP/1.1" 200 7872
191.112.101.245 - - [04/Mar/2016:15:20:14 -0300] "GET /cormun/servlet/trsolicitudadjuntos?2016,625, HTTP/1.1" 200 7869
191.112.101.245 - - [04/Mar/2016:15:20:17 -0300] "GET /cormun/servlet/solicitudotadjuntos?INS,2016,625,,1, HTTP/1.1" 200 5471
191.112.101.245 - - [04/Mar/2016:15:20:17 -0300] "GET /cormun/static/about:blank HTTP/1.1" 404 1011
191.112.101.245 - - [04/Mar/2016:15:20:19 -0300] "GET /cormun/servlet/solicitudotadjuntos?INS,2016,625,,1, HTTP/1.1" 200 5465
191.112.101.245 - - [04/Mar/2016:15:20:19 -0300] "GET /cormun/servlet/solicitudotadjuntos?551e052ef25e2b1edfb692ac4537a52a4b13dda1821b5e13eb7825aec369b0b39b865fac1c9371a33c26e9d4e05859bd,gx-no-cache=1457115645107 HTTP/1.1" 200 30
191.112.101.245 - - [04/Mar/2016:15:20:20 -0300] "POST /cormun/servlet/solicitudotadjuntos?1610635b04b7717fa2104f036d8860ae,INS,2016,625,,1,,gx-no-cache=1457115645244 HTTP/1.1" 200 3372
191.112.101.245 - - [04/Mar/2016:15:20:22 -0300] "POST /cormun/servlet/solicitudotadjuntos?gx-no-cache=1457115648205 HTTP/1.1" 200 26
191.112.101.245 - - [04/Mar/2016:15:20:29 -0300] "GET /cormun/servlet/solicitudotadjuntos?551e052ef25e2b1edfb692ac4537a52a8937465ca4a6edb99ebaa2874b57da92,gx-no-cache=1457115654892 HTTP/1.1" 200 30
191.112.101.245 - - [04/Mar/2016:15:20:29 -0300] "GET /cormun/servlet/solicitudotadjuntos?551e052ef25e2b1edfb692ac4537a52a8937465ca4a6edb99ebaa2874b57da92,gx-no-cache=1457115654990 HTTP/1.1" 200 30
191.112.101.245 - - [04/Mar/2016:15:20:31 -0300] "POST /cormun/servlet/solicitudotadjuntos?1610635b04b7717fa2104f036d8860ae,INS,2016,625,,1, HTTP/1.1" 200 116
191.112.101.245 - - [04/Mar/2016:15:20:31 -0300] "GET /cormun/servlet/hpexe_return? HTTP/1.1" 200 1026
191.112.101.245 - - [04/Mar/2016:15:20:32 -0300] "GET /cormun/servlet/trsolicitudadjuntos?2016,625, HTTP/1.1" 200 7974
191.112.101.245 - - [04/Mar/2016:15:20:34 -0300] "GET /cormun/servlet/trsolicitudadjuntos?2016,625, HTTP/1.1" 200 7975
191.112.101.245 - - [04/Mar/2016:15:20:41 -0300] "GET /cormun/servlet/solicitudotadjuntos?INS,2016,625,,2, HTTP/1.1" 200 5470
191.112.101.245 - - [04/Mar/2016:15:20:42 -0300] "GET /cormun/static/about:blank HTTP/1.1" 404 1011
191.112.101.245 - - [04/Mar/2016:15:20:43 -0300] "GET /cormun/servlet/solicitudotadjuntos?INS,2016,625,,2, HTTP/1.1" 200 5464
191.112.101.245 - - [04/Mar/2016:15:20:43 -0300] "GET /cormun/servlet/solicitudotadjuntos?551e052ef25e2b1edfb692ac4537a52a4b13dda1821b5e13eb7825aec369b0b39b865fac1c9371a33c26e9d4e05859bd,gx-no-cache=1457115669171 HTTP/1.1" 200 30
191.112.101.245 - - [04/Mar/2016:15:20:44 -0300] "POST /cormun/servlet/solicitudotadjuntos?1610635b04b7717fa2104f036d8860ae,INS,2016,625,,2,,gx-no-cache=1457115669309 HTTP/1.1" 200 3517
201.239.193.253 - - [04/Mar/2016:15:21:19 -0300] "POST /cormun/servlet/solicitudot?gx-no-cache=1457115700114 HTTP/1.1" 200 30
201.239.193.253 - - [04/Mar/2016:15:21:19 -0300] "POST /cormun/servlet/solicitudot?gx-no-cache=1457115700209 HTTP/1.1" 200 30
201.239.193.253 - - [04/Mar/2016:15:21:19 -0300] "POST /cormun/servlet/solicitudot?gx-no-cache=1457115700277 HTTP/1.1" 200 1158
201.239.193.253 - - [04/Mar/2016:15:21:19 -0300] "GET /cormun/servlet/solicitudot?98339377c4ffe271f757ea0f8944fd59426fa11d0381f7a4535d2bb183c545f4fdb6efb202084eaa0436852f61c65c5a39594f41fce13bf9a23cbb8d97945fc93f5acf0d9acbc8d66c860d880becabc8a211a16597fb290b4d4544673faea620d96a4c4278364ad9126dd973638bcfdeb0a7d67d7ca799bc23b9e724bf2a24c54bfe19e19c25401ef6b97a4df170eb9b01e47e553269fe0b7cd807d0b7d95d28,gx-no-cache=1457115700372 HTTP/1.1" 200 41
201.239.193.253 - - [04/Mar/2016:15:21:19 -0300] "POST /cormun/servlet/solicitudot?gx-no-cache=1457115700413 HTTP/1.1" 200 1116
201.239.193.253 - - [04/Mar/2016:15:21:19 -0300] "GET /cormun/servlet/solicitudot?98339377c4ffe271f757ea0f8944fd594d080e1d3a57f1ee649a67785a893177bbb14cfdf99f613b563ab194c968ad4e8a67b00718db62aacadf95286d7c826ccc5ea0c190071c97c3d87e9d767a245802d85c11a5956d47e6a46ef37974150c151f7c9241e85347647bd0d68853b2f714614153e1eb69bc5a646ba47be23b1f667c05abcdc3d0ca2f3c8a45d8af4955537fbe055dc72e79418df015726fa3bc7f791033e157d42f80f1725fa56f5de8,gx-no-cache=1457115700494 HTTP/1.1" 200 30
201.239.193.253 - - [04/Mar/2016:15:21:19 -0300] "POST /cormun/servlet/solicitudot?21fb7234443c031564ea3aa53449426d,INS,0,0,,gx-no-cache=1457115700541 HTTP/1.1" 200 93
201.239.193.253 - - [04/Mar/2016:15:21:19 -0300] "GET /cormun/servlet/hpexe_return? HTTP/1.1" 200 1011
201.239.193.253 - - [04/Mar/2016:15:21:20 -0300] "GET /cormun/servlet/trsolicitudot? HTTP/1.1" 200 7513
201.239.193.253 - - [04/Mar/2016:15:21:21 -0300] "GET /cormun/servlet/trsolicitudot? HTTP/1.1" 200 7509
201.239.193.253 - - [04/Mar/2016:15:21:34 -0300] "POST /cormun/servlet/trsolicitudot?21fb7234443c031564ea3aa53449426d,,gx-no-cache=1457115715843 HTTP/1.1" 200 4949
201.239.193.253 - - [04/Mar/2016:15:21:35 -0300] "POST /cormun/servlet/trsolicitudot?21fb7234443c031564ea3aa53449426d,,gx-no-cache=1457115716046 HTTP/1.1" 200 4948
201.239.193.253 - - [04/Mar/2016:15:21:35 -0300] "POST /cormun/servlet/trsolicitudot?21fb7234443c031564ea3aa53449426d,,gx-no-cache=1457115716249 HTTP/1.1" 200 4949
201.239.193.253 - - [04/Mar/2016:15:21:35 -0300] "POST /cormun/servlet/trsolicitudot?21fb7234443c031564ea3aa53449426d,,gx-no-cache=1457115716447 HTTP/1.1" 200 4949
201.239.193.253 - - [04/Mar/2016:15:21:35 -0300] "POST /cormun/servlet/trsolicitudot?21fb7234443c031564ea3aa53449426d,,gx-no-cache=1457115716654 HTTP/1.1" 200 4949
201.239.193.253 - - [04/Mar/2016:15:21:35 -0300] "POST /cormun/servlet/trsolicitudot?21fb7234443c031564ea3aa53449426d,,gx-no-cache=1457115716868 HTTP/1.1" 200 4949
201.239.193.253 - - [04/Mar/2016:15:21:36 -0300] "POST /cormun/servlet/trsolicitudot?21fb7234443c031564ea3aa53449426d,,gx-no-cache=1457115717080 HTTP/1.1" 200 4949
201.239.193.253 - - [04/Mar/2016:15:21:36 -0300] "POST /cormun/servlet/trsolicitudot?21fb7234443c031564ea3aa53449426d,,gx-no-cache=1457115717317 HTTP/1.1" 200 3647
201.239.193.253 - - [04/Mar/2016:15:21:36 -0300] "GET /cormun/static/Shared/jqueryui/images/ui-bg_highlight-soft_100_c6c2c8_1x100.png HTTP/1.1" 404 1117
201.239.193.253 - - [04/Mar/2016:15:21:36 -0300] "GET /cormun/static/Shared/jqueryui/images/ui-bg_flat_55_fafafa_40x100.png HTTP/1.1" 404 1097
201.239.193.253 - - [04/Mar/2016:15:21:36 -0300] "GET /cormun/static/Shared/jqueryui/images/ui-icons_82798d_256x240.png HTTP/1.1" 404 1089
201.239.193.253 - - [04/Mar/2016:15:21:36 -0300] "GET /cormun/static/Shared/jqueryui/images/ui-icons_8d78a5_256x240.png HTTP/1.1" 404 1089
201.239.193.253 - - [04/Mar/2016:15:21:36 -0300] "POST /cormun/servlet/trsolicitudot?21fb7234443c031564ea3aa53449426d,,gx-no-cache=1457115717566 HTTP/1.1" 200 3489
201.239.193.253 - - [04/Mar/2016:15:21:48 -0300] "GET /cormun/servlet/solicitudot?INS,0,0, HTTP/1.1" 200 11460
201.239.193.253 - - [04/Mar/2016:15:21:49 -0300] "GET /cormun/servlet/solicitudot?INS,0,0, HTTP/1.1" 200 11464
186.103.159.204 - - [04/Mar/2016:15:21:53 -0300] "GET /cormun/servlet/vesolicitudot?2016,440,, HTTP/1.1" 200 7639
186.103.159.204 - - [04/Mar/2016:15:21:53 -0300] "GET /cormun/static/gxcfg.js?20163117275080 HTTP/1.1" 304 -
186.103.159.204 - - [04/Mar/2016:15:21:54 -0300] "GET /cormun/pexe_scrolldiv.js HTTP/1.1" 404 1009
186.103.159.204 - - [04/Mar/2016:15:21:54 -0300] "GET /cormun/static/vesolicitudot.js?20163117275148 HTTP/1.1" 304 -
186.103.159.204 - - [04/Mar/2016:15:21:54 -0300] "GET /cormun/static/hpexe_tabsview.js?20151120014350 HTTP/1.1" 304 -
186.103.159.204 - - [04/Mar/2016:15:21:54 -0300] "GET /cormun/static/tbsolicitudot01.js?20163117273399 HTTP/1.1" 304 -
186.103.159.204 - - [04/Mar/2016:15:21:54 -0300] "GET /cormun/static/hwcviewtabs.js?20151120014372 HTTP/1.1" 304 -
186.103.159.204 - - [04/Mar/2016:15:21:54 -0300] "GET /cormun/servlet/vesolicitudot?2016,440,, HTTP/1.1" 200 7639
186.103.159.204 - - [04/Mar/2016:15:22:12 -0300] "GET /cormun/servlet/vesolicitudot?2016,440,,SolicitudOTAdjuntos HTTP/1.1" 200 8583
186.103.159.204 - - [04/Mar/2016:15:22:13 -0300] "GET /cormun/pexe_scrolldiv.js HTTP/1.1" 404 1009
186.103.159.204 - - [04/Mar/2016:15:22:13 -0300] "GET /cormun/static/tbsolicitudot02.js?20163117272879 HTTP/1.1" 304 -
186.103.159.204 - - [04/Mar/2016:15:22:13 -0300] "GET /cormun/servlet/vesolicitudot?2016,440,,SolicitudOTAdjuntos HTTP/1.1" 200 8583
186.103.159.204 - - [04/Mar/2016:15:22:14 -0300] "POST /cormun/servlet/acontrolpreferencessavestate?None,JCORNEJO,true HTTP/1.1" 200 35
186.103.159.204 - - [04/Mar/2016:15:22:17 -0300] "GET /cormun/servlet/vesolicitudot?2016,440,,SolicitudOTLog HTTP/1.1" 200 6478
186.103.159.204 - - [04/Mar/2016:15:22:17 -0300] "GET /cormun/pexe_scrolldiv.js HTTP/1.1" 404 1009
186.103.159.204 - - [04/Mar/2016:15:22:18 -0300] "GET /cormun/static/tbsolicitudot03.js?20163117272497 HTTP/1.1" 304 -
186.103.159.204 - - [04/Mar/2016:15:22:18 -0300] "GET /cormun/servlet/vesolicitudot?2016,440,,SolicitudOTLog HTTP/1.1" 200 6478
186.103.159.204 - - [04/Mar/2016:15:22:19 -0300] "POST /cormun/servlet/acontrolpreferencessavestate?None,JCORNEJO,true HTTP/1.1" 200 35
186.103.159.204 - - [04/Mar/2016:15:22:22 -0300] "GET /cormun/servlet/trsolicitudot? HTTP/1.1" 200 13987
186.103.159.204 - - [04/Mar/2016:15:22:23 -0300] "GET /cormun/servlet/trsolicitudot? HTTP/1.1" 200 13982
186.78.35.158 - - [04/Mar/2016:15:22:25 -0300] "POST /cormun/servlet/solicitudot?22b782bf92132c1459bcafc858837446,UPD,2016,623,,gx-no-cache=1457115775369 HTTP/1.1" 200 93
186.78.35.158 - - [04/Mar/2016:15:22:25 -0300] "GET /cormun/servlet/hpexe_return? HTTP/1.1" 200 1037
186.103.159.204 - - [04/Mar/2016:15:22:25 -0300] "GET /cormun/servlet/vesolicitudot?2016,525,, HTTP/1.1" 200 7581
186.103.159.204 - - [04/Mar/2016:15:22:25 -0300] "GET /cormun/pexe_scrolldiv.js HTTP/1.1" 404 1009
186.103.159.204 - - [04/Mar/2016:15:22:25 -0300] "GET /cormun/pexe_scrolldiv.js HTTP/1.1" 404 1009
186.78.35.158 - - [04/Mar/2016:15:22:25 -0300] "GET /cormun/servlet/trsolicitudot?gx-no-cache=1457114613257 HTTP/1.1" 200 7527
186.103.159.204 - - [04/Mar/2016:15:22:26 -0300] "GET /cormun/servlet/vesolicitudot?2016,525,, HTTP/1.1" 200 7581
186.78.35.158 - - [04/Mar/2016:15:22:27 -0300] "GET /cormun/servlet/trsolicitudot?gx-no-cache=1457114613257 HTTP/1.1" 200 7545
186.103.159.204 - - [04/Mar/2016:15:22:29 -0300] "GET /cormun/servlet/vesolicitudot?2016,525,,SolicitudOTAdjuntos HTTP/1.1" 200 6654
186.103.159.204 - - [04/Mar/2016:15:22:29 -0300] "GET /cormun/pexe_scrolldiv.js HTTP/1.1" 404 1009
186.103.159.204 - - [04/Mar/2016:15:22:29 -0300] "GET /cormun/pexe_scrolldiv.js HTTP/1.1" 404 1009
186.103.159.204 - - [04/Mar/2016:15:22:30 -0300] "GET /cormun/servlet/vesolicitudot?2016,525,,SolicitudOTAdjuntos HTTP/1.1" 200 6654
186.103.159.204 - - [04/Mar/2016:15:22:31 -0300] "POST /cormun/servlet/acontrolpreferencessavestate?None,JCORNEJO,true HTTP/1.1" 200 35
186.103.159.204 - - [04/Mar/2016:15:22:32 -0300] "GET /cormun/servlet/vesolicitudot?2016,525,,SolicitudOTLog HTTP/1.1" 200 6480
186.103.159.204 - - [04/Mar/2016:15:22:32 -0300] "GET /cormun/pexe_scrolldiv.js HTTP/1.1" 404 1009
186.103.159.204 - - [04/Mar/2016:15:22:33 -0300] "GET /cormun/servlet/vesolicitudot?2016,525,,SolicitudOTLog HTTP/1.1" 200 6479
186.103.159.204 - - [04/Mar/2016:15:22:34 -0300] "POST /cormun/servlet/acontrolpreferencessavestate?None,JCORNEJO,true HTTP/1.1" 200 35
186.103.159.204 - - [04/Mar/2016:15:22:35 -0300] "GET /cormun/servlet/vesolicitudot?2016,525,,General HTTP/1.1" 200 7587
186.103.159.204 - - [04/Mar/2016:15:22:35 -0300] "GET /cormun/pexe_scrolldiv.js HTTP/1.1" 404 1009
186.103.159.204 - - [04/Mar/2016:15:22:36 -0300] "GET /cormun/servlet/vesolicitudot?2016,525,,General HTTP/1.1" 200 7587
186.78.35.158 - - [04/Mar/2016:15:22:39 -0300] "GET /cormun/servlet/trvisualizadoreventos? HTTP/1.1" 200 6363
186.78.35.158 - - [04/Mar/2016:15:22:41 -0300] "GET /cormun/servlet/trvisualizadoreventos? HTTP/1.1" 200 6342
186.103.159.204 - - [04/Mar/2016:15:22:54 -0300] "POST /cormun/servlet/vesolicitudot?111494f600d2a608ac4de706bf872a4b,2016,525,,General,gx-no-cache=1457115796906 HTTP/1.1" 200 93
186.103.159.204 - - [04/Mar/2016:15:22:54 -0300] "GET /cormun/servlet/hpexe_return? HTTP/1.1" 200 1013
186.103.159.204 - - [04/Mar/2016:15:22:55 -0300] "GET /cormun/servlet/trsolicitudot HTTP/1.1" 200 13986
186.103.159.204 - - [04/Mar/2016:15:22:56 -0300] "GET /cormun/servlet/trsolicitudot HTTP/1.1" 200 13982
186.103.159.204 - - [04/Mar/2016:15:23:02 -0300] "POST /cormun/servlet/trsolicitudot?111494f600d2a608ac4de706bf872a4b,gx-no-cache=1457115804296 HTTP/1.1" 200 11707
186.103.159.204 - - [04/Mar/2016:15:23:02 -0300] "POST /cormun/servlet/trsolicitudot?111494f600d2a608ac4de706bf872a4b,gx-no-cache=1457115804780 HTTP/1.1" 200 11708
186.103.159.204 - - [04/Mar/2016:15:23:03 -0300] "POST /cormun/servlet/trsolicitudot?111494f600d2a608ac4de706bf872a4b,gx-no-cache=1457115805275 HTTP/1.1" 200 11708
186.103.159.204 - - [04/Mar/2016:15:23:03 -0300] "POST /cormun/servlet/trsolicitudot?111494f600d2a608ac4de706bf872a4b,gx-no-cache=1457115805840 HTTP/1.1" 200 11708
186.78.35.158 - - [04/Mar/2016:15:23:10 -0300] "POST /cormun/servlet/trvisualizadoreventos?22b782bf92132c1459bcafc858837446,,gx-no-cache=1457115820864 HTTP/1.1" 200 3664
186.78.35.158 - - [04/Mar/2016:15:23:10 -0300] "POST /cormun/servlet/trvisualizadoreventos?22b782bf92132c1459bcafc858837446,,gx-no-cache=1457115821319 HTTP/1.1" 200 3664
186.78.35.158 - - [04/Mar/2016:15:23:11 -0300] "POST /cormun/servlet/trvisualizadoreventos?22b782bf92132c1459bcafc858837446,,gx-no-cache=1457115821711 HTTP/1.1" 200 3664
186.78.35.158 - - [04/Mar/2016:15:23:11 -0300] "POST /cormun/servlet/trvisualizadoreventos?22b782bf92132c1459bcafc858837446,,gx-no-cache=1457115822113 HTTP/1.1" 200 3664
186.103.159.204 - - [04/Mar/2016:15:23:12 -0300] "POST /cormun/servlet/trsolicitudot?111494f600d2a608ac4de706bf872a4b,gx-no-cache=1457115814483 HTTP/1.1" 200 3510
186.103.159.204 - - [04/Mar/2016:15:23:12 -0300] "GET /cormun/servlet/trsolicitudot?87a7ff5699b68491c0b8c2c1b448c37899653d73fc48c22f92d1e1f178e81e4f05757859d3d1eea3021873d4274157a93e4a50677c5d26cba13dca775fa71e867d759901fad99c8bdbc964913f696d833ffc0485ae882b67a22ddd0e40b30d15,gx-no-cache=1457115814892 HTTP/1.1" 200 777
191.112.101.245 - - [04/Mar/2016:15:23:13 -0300] "POST /cormun/servlet/solicitudotadjuntos?gx-no-cache=1457115818802 HTTP/1.1" 200 26
186.103.159.204 - - [04/Mar/2016:15:23:15 -0300] "POST /cormun/servlet/trsolicitudot?111494f600d2a608ac4de706bf872a4b,gx-no-cache=1457115817752 HTTP/1.1" 200 3510
186.103.159.204 - - [04/Mar/2016:15:23:15 -0300] "GET /cormun/servlet/trsolicitudot?87a7ff5699b68491c0b8c2c1b448c3780544ee9406a3a523d11fb0e70cfae321f7e5a1bf44066a7a71eb62473771893248d5ab75d453a4ab940c919011fb1d1e461762fbfe701c2d6ab41ee4913e0f0e6ddfcd295784879d3ea9095e3654f578,gx-no-cache=1457115818155 HTTP/1.1" 200 776
186.78.35.158 - - [04/Mar/2016:15:23:16 -0300] "POST /cormun/servlet/trvisualizadoreventos?22b782bf92132c1459bcafc858837446,,gx-no-cache=1457115827280 HTTP/1.1" 200 3303
186.78.35.158 - - [04/Mar/2016:15:23:17 -0300] "GET /cormun/servlet/trvisualizadoreventos?4be6ea3e75e64666916a9fb0c0a10f6fd8d7a1a7fcc804bfcdc57d5c7c19db62e7bad12655f09edb83b507024c37eff68992d34de07dbf227aad6e351257d556374c2dfaaa8856119d887609a064e1fba82ad3f2af9de0c58a217ec58a9f3bc55d392790d0cd30d20275c6deb97e66f8ae569c5cdddec170b193792cf6253f1b704300057b6d92deca1f5cec400e48fb011b4742b30b7d454a66119572691259a4b6a09db6c16c1fee79c6dbe0509c6e0a5b6dbfbd3998085c588d0df5b3d5db,gx-no-cache=1457115827744 HTTP/1.1" 200 566
94.185.83.100 - - [04/Mar/2016:15:23:17 -0300] "GET /testproxy.php HTTP/1.1" 404 987
186.103.159.204 - - [04/Mar/2016:15:23:20 -0300] "POST /cormun/servlet/trsolicitudot?111494f600d2a608ac4de706bf872a4b,gx-no-cache=1457115822357 HTTP/1.1" 200 11708
186.103.159.204 - - [04/Mar/2016:15:23:21 -0300] "GET /cormun/servlet/trsolicitudot?87a7ff5699b68491c0b8c2c1b448c37862dd5f8e331e11b5eb5fb176f10c2653f7e5a1bf44066a7a71eb62473771893248d5ab75d453a4ab940c919011fb1d1e461762fbfe701c2d6ab41ee4913e0f0e6ddfcd295784879d3ea9095e3654f578,gx-no-cache=1457115823144 HTTP/1.1" 200 10090
186.78.35.158 - - [04/Mar/2016:15:23:23 -0300] "POST /cormun/servlet/trvisualizadoreventos?22b782bf92132c1459bcafc858837446,,gx-no-cache=1457115834358 HTTP/1.1" 200 3664
186.78.35.158 - - [04/Mar/2016:15:23:24 -0300] "GET /cormun/servlet/trvisualizadoreventos?4be6ea3e75e64666916a9fb0c0a10f6f5ca6a652c1c97ae6f60dd87cafaf8b652243851b0d53fc28af9160788545f4e58992d34de07dbf227aad6e351257d556374c2dfaaa8856119d887609a064e1fba82ad3f2af9de0c58a217ec58a9f3bc55d392790d0cd30d20275c6deb97e66f8ae569c5cdddec170b193792cf6253f1b704300057b6d92deca1f5cec400e48fb011b4742b30b7d454a66119572691259a4b6a09db6c16c1fee79c6dbe0509c6e0a5b6dbfbd3998085c588d0df5b3d5db,gx-no-cache=1457115834826 HTTP/1.1" 200 971
191.112.101.245 - - [04/Mar/2016:15:23:25 -0300] "GET /cormun/servlet/solicitudotadjuntos?551e052ef25e2b1edfb692ac4537a52a8937465ca4a6edb99ebaa2874b57da92,gx-no-cache=1457115831283 HTTP/1.1" 200 30
191.112.101.245 - - [04/Mar/2016:15:23:26 -0300] "GET /cormun/servlet/solicitudotadjuntos?551e052ef25e2b1edfb692ac4537a52a8937465ca4a6edb99ebaa2874b57da92,gx-no-cache=1457115831377 HTTP/1.1" 200 30
191.112.101.245 - - [04/Mar/2016:15:23:27 -0300] "POST /cormun/servlet/solicitudotadjuntos?1610635b04b7717fa2104f036d8860ae,INS,2016,625,,2, HTTP/1.1" 200 116
191.112.101.245 - - [04/Mar/2016:15:23:28 -0300] "GET /cormun/servlet/hpexe_return? HTTP/1.1" 200 1026
191.112.101.245 - - [04/Mar/2016:15:23:29 -0300] "GET /cormun/servlet/trsolicitudadjuntos?2016,625, HTTP/1.1" 200 8270
191.112.101.245 - - [04/Mar/2016:15:23:32 -0300] "GET /cormun/servlet/trsolicitudadjuntos?2016,625, HTTP/1.1" 200 8268
186.78.35.158 - - [04/Mar/2016:15:23:44 -0300] "GET /cormun/servlet/hhome HTTP/1.1" 200 3469
186.78.35.158 - - [04/Mar/2016:15:23:46 -0300] "GET /cormun/servlet/hhome HTTP/1.1" 200 3466
186.78.35.158 - - [04/Mar/2016:15:23:50 -0300] "GET /cormun/servlet/trsolicitudot? HTTP/1.1" 200 7524
186.78.35.158 - - [04/Mar/2016:15:23:53 -0300] "GET /cormun/servlet/trsolicitudot? HTTP/1.1" 200 7524
191.112.101.245 - - [04/Mar/2016:15:23:59 -0300] "GET /cormun/servlet/trsolicitudot? HTTP/1.1" 200 7659
191.112.101.245 - - [04/Mar/2016:15:24:01 -0300] "GET /cormun/servlet/trsolicitudot? HTTP/1.1" 200 7653
191.112.101.245 - - [04/Mar/2016:15:24:06 -0300] "POST /cormun/servlet/trsolicitudot?1610635b04b7717fa2104f036d8860ae,,gx-no-cache=1457115871386 HTTP/1.1" 200 5032
191.112.101.245 - - [04/Mar/2016:15:24:06 -0300] "POST /cormun/servlet/trsolicitudot?1610635b04b7717fa2104f036d8860ae,,gx-no-cache=1457115872001 HTTP/1.1" 200 5032
191.112.101.245 - - [04/Mar/2016:15:24:07 -0300] "POST /cormun/servlet/trsolicitudot?1610635b04b7717fa2104f036d8860ae,,gx-no-cache=1457115872591 HTTP/1.1" 200 5033
191.112.101.245 - - [04/Mar/2016:15:24:08 -0300] "POST /cormun/servlet/trsolicitudot?1610635b04b7717fa2104f036d8860ae,,gx-no-cache=1457115873204 HTTP/1.1" 200 5032
191.112.101.245 - - [04/Mar/2016:15:24:08 -0300] "POST /cormun/servlet/trsolicitudot?1610635b04b7717fa2104f036d8860ae,,gx-no-cache=1457115873842 HTTP/1.1" 200 5033
191.112.101.245 - - [04/Mar/2016:15:24:09 -0300] "POST /cormun/servlet/trsolicitudot?1610635b04b7717fa2104f036d8860ae,,gx-no-cache=1457115874479 HTTP/1.1" 200 5033
191.112.101.245 - - [04/Mar/2016:15:24:10 -0300] "POST /cormun/servlet/trsolicitudot?1610635b04b7717fa2104f036d8860ae,,gx-no-cache=1457115875132 HTTP/1.1" 200 5033
191.112.101.245 - - [04/Mar/2016:15:24:10 -0300] "POST /cormun/servlet/trsolicitudot?1610635b04b7717fa2104f036d8860ae,,gx-no-cache=1457115875848 HTTP/1.1" 200 4792
191.112.101.245 - - [04/Mar/2016:15:24:11 -0300] "GET /cormun/static/Shared/jqueryui/images/ui-bg_highlight-soft_100_c6c2c8_1x100.png HTTP/1.1" 404 1117
191.112.101.245 - - [04/Mar/2016:15:24:11 -0300] "GET /cormun/static/Shared/jqueryui/images/ui-icons_82798d_256x240.png HTTP/1.1" 404 1089
191.112.101.245 - - [04/Mar/2016:15:24:11 -0300] "GET /cormun/static/Shared/jqueryui/images/ui-bg_flat_55_fafafa_40x100.png HTTP/1.1" 404 1097
191.112.101.245 - - [04/Mar/2016:15:24:11 -0300] "GET /cormun/static/Shared/jqueryui/images/ui-icons_8d78a5_256x240.png HTTP/1.1" 404 1089
191.112.101.245 - - [04/Mar/2016:15:24:11 -0300] "POST /cormun/servlet/trsolicitudot?1610635b04b7717fa2104f036d8860ae,,gx-no-cache=1457115876785 HTTP/1.1" 200 4735
191.112.101.245 - - [04/Mar/2016:15:24:14 -0300] "POST /cormun/servlet/trsolicitudot?1610635b04b7717fa2104f036d8860ae,,gx-no-cache=1457115879906 HTTP/1.1" 200 4758
191.112.101.245 - - [04/Mar/2016:15:24:15 -0300] "POST /cormun/servlet/trsolicitudot?1610635b04b7717fa2104f036d8860ae,,gx-no-cache=1457115880550 HTTP/1.1" 200 4758
191.112.101.245 - - [04/Mar/2016:15:24:16 -0300] "POST /cormun/servlet/trsolicitudot?1610635b04b7717fa2104f036d8860ae,,gx-no-cache=1457115881199 HTTP/1.1" 200 4758
191.112.101.245 - - [04/Mar/2016:15:24:16 -0300] "POST /cormun/servlet/trsolicitudot?1610635b04b7717fa2104f036d8860ae,,gx-no-cache=1457115881878 HTTP/1.1" 200 4758
191.112.101.245 - - [04/Mar/2016:15:24:17 -0300] "POST /cormun/servlet/trsolicitudot?1610635b04b7717fa2104f036d8860ae,,gx-no-cache=1457115882564 HTTP/1.1" 200 4758
191.112.101.245 - - [04/Mar/2016:15:24:18 -0300] "POST /cormun/servlet/trsolicitudot?1610635b04b7717fa2104f036d8860ae,,gx-no-cache=1457115883278 HTTP/1.1" 200 4758
191.112.101.245 - - [04/Mar/2016:15:24:18 -0300] "POST /cormun/servlet/trsolicitudot?1610635b04b7717fa2104f036d8860ae,,gx-no-cache=1457115884016 HTTP/1.1" 200 4757
191.112.101.245 - - [04/Mar/2016:15:24:19 -0300] "POST /cormun/servlet/trsolicitudot?1610635b04b7717fa2104f036d8860ae,,gx-no-cache=1457115884747 HTTP/1.1" 200 3388
191.112.101.245 - - [04/Mar/2016:15:24:20 -0300] "POST /cormun/servlet/trsolicitudot?1610635b04b7717fa2104f036d8860ae,,gx-no-cache=1457115885768 HTTP/1.1" 200 3231
192.168.10.89 - - [04/Mar/2016:15:24:24 -0300] "POST /cormun/servlet/hlogin?8df922cf9aa322126929eb9da4b4032a,gx-no-cache=1457115616436 HTTP/1.1" 200 447
192.168.10.89 - - [04/Mar/2016:15:24:28 -0300] "POST /cormun/servlet/hlogin?8df922cf9aa322126929eb9da4b4032a,gx-no-cache=1457115619975 HTTP/1.1" 200 448
192.168.10.89 - - [04/Mar/2016:15:24:31 -0300] "POST /cormun/servlet/hlogin?8df922cf9aa322126929eb9da4b4032a,gx-no-cache=1457115623758 HTTP/1.1" 200 90
192.168.10.89 - - [04/Mar/2016:15:24:31 -0300] "GET /cormun/servlet/hpexe_link HTTP/1.1" 200 950
192.168.10.89 - - [04/Mar/2016:15:24:32 -0300] "GET /cormun/servlet/hhome HTTP/1.1" 200 3321
192.168.10.89 - - [04/Mar/2016:15:24:36 -0300] "GET /cormun/servlet/trsolicitudot? HTTP/1.1" 200 6095
192.168.10.89 - - [04/Mar/2016:15:24:37 -0300] "POST /cormun/servlet/acontrolpreferencessavestate?None,CF-26,true HTTP/1.1" 200 35
192.168.10.89 - - [04/Mar/2016:15:24:40 -0300] "POST /cormun/servlet/trsolicitudot?8df922cf9aa322126929eb9da4b4032a,,gx-no-cache=1457115632296 HTTP/1.1" 200 3483
192.168.10.89 - - [04/Mar/2016:15:24:40 -0300] "POST /cormun/servlet/trsolicitudot?8df922cf9aa322126929eb9da4b4032a,,gx-no-cache=1457115632514 HTTP/1.1" 200 3483
192.168.10.89 - - [04/Mar/2016:15:24:40 -0300] "POST /cormun/servlet/trsolicitudot?8df922cf9aa322126929eb9da4b4032a,,gx-no-cache=1457115632780 HTTP/1.1" 200 3483
192.168.10.89 - - [04/Mar/2016:15:24:41 -0300] "POST /cormun/servlet/trsolicitudot?8df922cf9aa322126929eb9da4b4032a,,gx-no-cache=1457115633086 HTTP/1.1" 200 3483
192.168.10.89 - - [04/Mar/2016:15:24:45 -0300] "POST /cormun/servlet/trsolicitudot?8df922cf9aa322126929eb9da4b4032a,,gx-no-cache=1457115637144 HTTP/1.1" 200 6008
192.168.10.89 - - [04/Mar/2016:15:24:45 -0300] "GET /cormun/servlet/trsolicitudot?f8e3642ec2c97568667841021a360705237ac3bf6f0c87b452fe8d9cb1da99cf4ae27e2d21bb3cb8c68a01b53723fb8240481605f19883163e96ff014b8cc9b656908ab317e1af6b3f07e86d608950f7,gx-no-cache=1457115637862 HTTP/1.1" 200 3491
192.168.10.89 - - [04/Mar/2016:15:24:58 -0300] "POST /cormun/servlet/trsolicitudot?8df922cf9aa322126929eb9da4b4032a,,gx-no-cache=1457115650315 HTTP/1.1" 200 6008
192.168.10.89 - - [04/Mar/2016:15:24:59 -0300] "POST /cormun/servlet/trsolicitudot?8df922cf9aa322126929eb9da4b4032a,,gx-no-cache=1457115650990 HTTP/1.1" 200 6008
192.168.10.89 - - [04/Mar/2016:15:24:59 -0300] "POST /cormun/servlet/trsolicitudot?8df922cf9aa322126929eb9da4b4032a,,gx-no-cache=1457115651741 HTTP/1.1" 200 6007
192.168.10.89 - - [04/Mar/2016:15:25:02 -0300] "POST /cormun/servlet/trsolicitudot?8df922cf9aa322126929eb9da4b4032a,,gx-no-cache=1457115652531 HTTP/1.1" 200 105
192.168.10.89 - - [04/Mar/2016:15:25:02 -0300] "GET /cormun/servlet/trsolicitudadjuntos?2016,240, HTTP/1.1" 200 5302
186.78.35.158 - - [04/Mar/2016:15:25:03 -0300] "POST /cormun/servlet/trsolicitudot?22b782bf92132c1459bcafc858837446,,gx-no-cache=1457115933787 HTTP/1.1" 200 3636
186.78.35.158 - - [04/Mar/2016:15:25:03 -0300] "GET /cormun/static/Shared/jqueryui/images/ui-bg_highlight-soft_100_c6c2c8_1x100.png HTTP/1.1" 404 1117
186.78.35.158 - - [04/Mar/2016:15:25:03 -0300] "GET /cormun/static/Shared/jqueryui/images/ui-icons_82798d_256x240.png HTTP/1.1" 404 1089
186.78.35.158 - - [04/Mar/2016:15:25:03 -0300] "GET /cormun/static/Shared/jqueryui/images/ui-icons_8d78a5_256x240.png HTTP/1.1" 404 1089
186.78.35.158 - - [04/Mar/2016:15:25:03 -0300] "GET /cormun/static/Shared/jqueryui/images/ui-bg_flat_55_fafafa_40x100.png HTTP/1.1" 404 1097
186.78.35.158 - - [04/Mar/2016:15:25:03 -0300] "POST /cormun/servlet/trsolicitudot?22b782bf92132c1459bcafc858837446,,gx-no-cache=1457115934364 HTTP/1.1" 200 3484
192.168.10.89 - - [04/Mar/2016:15:25:04 -0300] "POST /cormun/servlet/acontrolpreferencessavestate?None,CF-26,true HTTP/1.1" 200 35
186.78.35.158 - - [04/Mar/2016:15:25:08 -0300] "GET /cormun/servlet/solicitudot?INS,0,0, HTTP/1.1" 200 11486
192.168.10.89 - - [04/Mar/2016:15:25:09 -0300] "GET /cormun/servlet/trsolicitudot? HTTP/1.1" 200 8514
186.78.35.158 - - [04/Mar/2016:15:25:10 -0300] "GET /cormun/servlet/solicitudot?INS,0,0, HTTP/1.1" 200 11491
192.168.10.89 - - [04/Mar/2016:15:25:15 -0300] "POST /cormun/servlet/trsolicitudot?8df922cf9aa322126929eb9da4b4032a,,gx-no-cache=1457115667037 HTTP/1.1" 200 6007
192.168.10.89 - - [04/Mar/2016:15:25:15 -0300] "POST /cormun/servlet/trsolicitudot?8df922cf9aa322126929eb9da4b4032a,,gx-no-cache=1457115667344 HTTP/1.1" 200 6008
192.168.10.89 - - [04/Mar/2016:15:25:15 -0300] "POST /cormun/servlet/trsolicitudot?8df922cf9aa322126929eb9da4b4032a,,gx-no-cache=1457115667734 HTTP/1.1" 200 6007
192.168.10.89 - - [04/Mar/2016:15:25:16 -0300] "POST /cormun/servlet/trsolicitudot?8df922cf9aa322126929eb9da4b4032a,,gx-no-cache=1457115668175 HTTP/1.1" 200 6008
192.168.10.89 - - [04/Mar/2016:15:25:16 -0300] "POST /cormun/servlet/trsolicitudot?8df922cf9aa322126929eb9da4b4032a,,gx-no-cache=1457115668706 HTTP/1.1" 200 6007
186.78.35.158 - - [04/Mar/2016:15:25:17 -0300] "GET /cormun/servlet/prfichaempleado?,MD,,gxPopupLevel%3D0%3B HTTP/1.1" 200 7917
186.78.35.158 - - [04/Mar/2016:15:25:17 -0300] "GET /cormun/static/scaMessage/css/jquery-ui.css?104140 HTTP/1.1" 404 1045
192.168.10.89 - - [04/Mar/2016:15:25:17 -0300] "POST /cormun/servlet/trsolicitudot?8df922cf9aa322126929eb9da4b4032a,,gx-no-cache=1457115669265 HTTP/1.1" 200 6008
192.168.10.89 - - [04/Mar/2016:15:25:18 -0300] "POST /cormun/servlet/trsolicitudot?8df922cf9aa322126929eb9da4b4032a,,gx-no-cache=1457115669891 HTTP/1.1" 200 6008
192.168.10.89 - - [04/Mar/2016:15:25:22 -0300] "POST /cormun/servlet/trsolicitudot?8df922cf9aa322126929eb9da4b4032a,,gx-no-cache=1457115670565 HTTP/1.1" 200 5713
192.168.10.89 - - [04/Mar/2016:15:25:22 -0300] "POST /cormun/servlet/trsolicitudot?8df922cf9aa322126929eb9da4b4032a,,gx-no-cache=1457115674804 HTTP/1.1" 200 5653
191.112.101.245 - - [04/Mar/2016:15:25:23 -0300] "GET /cormun/servlet/solicitudot?INS,0,0, HTTP/1.1" 200 11459
192.168.10.89 - - [04/Mar/2016:15:25:23 -0300] "GET /cormun/static/Shared/jqueryui/images/ui-icons_82798d_256x240.png HTTP/1.1" 404 1089
192.168.10.89 - - [04/Mar/2016:15:25:23 -0300] "GET /cormun/static/Shared/jqueryui/images/ui-icons_8d78a5_256x240.png HTTP/1.1" 404 1089
192.168.10.89 - - [04/Mar/2016:15:25:23 -0300] "GET /cormun/static/Shared/jqueryui/images/ui-bg_flat_55_fafafa_40x100.png HTTP/1.1" 404 1097
192.168.10.89 - - [04/Mar/2016:15:25:23 -0300] "GET /cormun/static/Shared/jqueryui/images/ui-bg_highlight-soft_100_c6c2c8_1x100.png HTTP/1.1" 404 1117
186.78.35.158 - - [04/Mar/2016:15:25:23 -0300] "GET /cormun/servlet/prfichaempleado?4be6ea3e75e64666916a9fb0c0a10f6fccf2d2382b1962f7d3ad039aabcef5f891dc671b01a50d0342d93440ad5ec6b79493429881d956caf2269e05f206a53d,gx-no-cache=1457115954507 HTTP/1.1" 200 458
186.78.35.158 - - [04/Mar/2016:15:25:25 -0300] "GET /cormun/servlet/prfichaempleado?4be6ea3e75e64666916a9fb0c0a10f6fc836ec68a6813e8cec5be643c8eb8690d15f46af5c5614088ebf8f1112ce24145a69ee127331ef71c41532fd1f3fa9e0,gx-no-cache=1457115955796 HTTP/1.1" 200 463
186.78.35.158 - - [04/Mar/2016:15:25:25 -0300] "GET /cormun/servlet/prfichaempleado?4be6ea3e75e64666916a9fb0c0a10f6fb176c7ca34da09016b65723c63b8f9b1728d426e35ffadd1c4f5f11df4617b738174b333d03e4f67627284ca5095366e,gx-no-cache=1457115956351 HTTP/1.1" 200 462
191.112.101.245 - - [04/Mar/2016:15:25:26 -0300] "GET /cormun/servlet/solicitudot?INS,0,0, HTTP/1.1" 200 11463
186.78.35.158 - - [04/Mar/2016:15:25:26 -0300] "GET /cormun/servlet/prfichaempleado?4be6ea3e75e64666916a9fb0c0a10f6f5a2a756adc1b0fde267da55b990590582d8af23d431aa66b0c9a72d7fdea1dc70739d1884c323959f466a7e7376601d099d6cf8f2edeca4c9bb54e584d05960e,gx-no-cache=1457115956904 HTTP/1.1" 200 463
186.78.35.158 - - [04/Mar/2016:15:25:26 -0300] "GET /cormun/servlet/prfichaempleado?4be6ea3e75e64666916a9fb0c0a10f6f25f2dad3a9e43dbe77452bb2cb6516080dc099dcfb2331a43c9de21133e5921a5c9edcac2278318cad45490d371f81f96b09559d93bf5c278c8c8709d420815a,gx-no-cache=1457115957458 HTTP/1.1" 200 463
191.112.101.245 - - [04/Mar/2016:15:25:39 -0300] "POST /cormun/servlet/solicitudot?gx-no-cache=1457115964838 HTTP/1.1" 200 2668
191.112.101.245 - - [04/Mar/2016:15:25:40 -0300] "POST /cormun/servlet/solicitudot?1610635b04b7717fa2104f036d8860ae,INS,0,0,,gx-no-cache=1457115965264 HTTP/1.1" 200 8264
191.112.101.245 - - [04/Mar/2016:15:25:46 -0300] "GET /cormun/servlet/solicitudot?551e052ef25e2b1edfb692ac4537a52ad4f8aab9e5dc9ff6a717793488b65e04b9b5017aeffc7d96e9bdb45c3d5c43b6,gx-no-cache=1457115972252 HTTP/1.1" 200 30
192.168.10.89 - - [04/Mar/2016:15:26:38 -0300] "GET /cormun/servlet/hlogin HTTP/1.1" 200 1734
192.168.10.98 - - [04/Mar/2016:15:26:59 -0300] "POST /cormun/servlet/trsolicitudgral?7b8bf2c3e27eb7aaa6805823a248f9fb,,gx-no-cache=1457115771648 HTTP/1.1" 200 4472
192.168.10.98 - - [04/Mar/2016:15:27:00 -0300] "GET /cormun/servlet/trsolicitudgral?4f3b6b7e29929189945e5d8fc5d375ac4befcd39f98460c181550b3e67ac0fc32ff884c198ad3808e066a9750cb529012a3a0afad046d17b3eee69fec0f188fdf4d40d4fe24bacf6c719385f7781b5640ea4643872d712ae070fc615e185c1c0,gx-no-cache=1457115772058 HTTP/1.1" 200 636
192.168.10.98 - - [04/Mar/2016:15:27:03 -0300] "GET /cormun/static/menuarrow.gif HTTP/1.1" 404 1015
192.168.10.98 - - [04/Mar/2016:15:27:11 -0300] "POST /cormun/servlet/trsolicitudgral?7b8bf2c3e27eb7aaa6805823a248f9fb,,gx-no-cache=1457115783966 HTTP/1.1" 200 5594
192.168.10.98 - - [04/Mar/2016:15:27:12 -0300] "POST /cormun/servlet/trsolicitudgral?7b8bf2c3e27eb7aaa6805823a248f9fb,,gx-no-cache=1457115784345 HTTP/1.1" 200 5594
192.168.10.98 - - [04/Mar/2016:15:27:12 -0300] "POST /cormun/servlet/trsolicitudgral?7b8bf2c3e27eb7aaa6805823a248f9fb,,gx-no-cache=1457115784709 HTTP/1.1" 200 5594
192.168.10.98 - - [04/Mar/2016:15:27:13 -0300] "POST /cormun/servlet/trsolicitudgral?7b8bf2c3e27eb7aaa6805823a248f9fb,,gx-no-cache=1457115785091 HTTP/1.1" 200 5594
192.168.10.98 - - [04/Mar/2016:15:27:13 -0300] "POST /cormun/servlet/trsolicitudgral?7b8bf2c3e27eb7aaa6805823a248f9fb,,gx-no-cache=1457115785463 HTTP/1.1" 200 5594
192.168.10.98 - - [04/Mar/2016:15:27:13 -0300] "POST /cormun/servlet/trsolicitudgral?7b8bf2c3e27eb7aaa6805823a248f9fb,,gx-no-cache=1457115785852 HTTP/1.1" 200 5594
192.168.10.98 - - [04/Mar/2016:15:27:14 -0300] "POST /cormun/servlet/trsolicitudgral?7b8bf2c3e27eb7aaa6805823a248f9fb,,gx-no-cache=1457115786247 HTTP/1.1" 200 5594
192.168.10.98 - - [04/Mar/2016:15:27:14 -0300] "POST /cormun/servlet/trsolicitudgral?7b8bf2c3e27eb7aaa6805823a248f9fb,,gx-no-cache=1457115786627 HTTP/1.1" 200 5594
192.168.10.98 - - [04/Mar/2016:15:27:49 -0300] "GET /cormun/servlet/vesolicitudgral?2016,240,, HTTP/1.1" 200 7832
192.168.10.98 - - [04/Mar/2016:15:27:49 -0300] "GET /cormun/static/gxcfg.js?2016311844818 HTTP/1.1" 304 -
192.168.10.98 - - [04/Mar/2016:15:27:49 -0300] "GET /cormun/pexe_scrolldiv.js HTTP/1.1" 404 1009
192.168.10.98 - - [04/Mar/2016:15:27:49 -0300] "GET /cormun/static/hwcviewtabs.js?20151120014372 HTTP/1.1" 304 -
192.168.10.98 - - [04/Mar/2016:15:27:49 -0300] "GET /cormun/static/vesolicitudgral.js?2016311844875 HTTP/1.1" 304 -
192.168.10.98 - - [04/Mar/2016:15:27:49 -0300] "GET /cormun/static/hpexe_tabsview.js?20151120014350 HTTP/1.1" 304 -
192.168.10.98 - - [04/Mar/2016:15:27:49 -0300] "GET /cormun/static/tbsolicitudgral01.js?2016311844295 HTTP/1.1" 304 -
192.168.10.98 - - [04/Mar/2016:15:27:49 -0300] "GET /cormun/pexe_scrolldiv.js HTTP/1.1" 404 1009
192.168.10.98 - - [04/Mar/2016:15:27:50 -0300] "GET /cormun/servlet/vesolicitudgral?2016,240,, HTTP/1.1" 200 7832
192.168.10.98 - - [04/Mar/2016:15:28:03 -0300] "GET /cormun/servlet/trsolicitudgral? HTTP/1.1" 200 8287
192.168.10.98 - - [04/Mar/2016:15:28:04 -0300] "GET /cormun/servlet/trsolicitudgral? HTTP/1.1" 200 8287
192.168.10.98 - - [04/Mar/2016:15:28:20 -0300] "POST /cormun/servlet/trsolicitudgral?7b8bf2c3e27eb7aaa6805823a248f9fb,,gx-no-cache=1457115851934 HTTP/1.1" 200 5594
192.168.10.98 - - [04/Mar/2016:15:28:20 -0300] "POST /cormun/servlet/trsolicitudgral?7b8bf2c3e27eb7aaa6805823a248f9fb,,gx-no-cache=1457115852150 HTTP/1.1" 200 5593
192.168.10.98 - - [04/Mar/2016:15:28:20 -0300] "POST /cormun/servlet/trsolicitudgral?7b8bf2c3e27eb7aaa6805823a248f9fb,,gx-no-cache=1457115852320 HTTP/1.1" 200 5594
192.168.10.98 - - [04/Mar/2016:15:28:20 -0300] "POST /cormun/servlet/trsolicitudgral?7b8bf2c3e27eb7aaa6805823a248f9fb,,gx-no-cache=1457115852524 HTTP/1.1" 200 5594
192.168.10.98 - - [04/Mar/2016:15:28:27 -0300] "GET /cormun/servlet/trautorizarsolicitud? HTTP/1.1" 200 6373
192.168.10.98 - - [04/Mar/2016:15:28:27 -0300] "GET /cormun/static/Resources/Spanish/PXTools.css?19444614 HTTP/1.1" 304 -
192.168.10.98 - - [04/Mar/2016:15:28:27 -0300] "GET /cormun/static/gxcfg.js?20163219504791 HTTP/1.1" 304 -
192.168.10.98 - - [04/Mar/2016:15:28:27 -0300] "GET /cormun/static/trautorizarsolicitud.js?20163219505323 HTTP/1.1" 304 -
192.168.10.98 - - [04/Mar/2016:15:28:28 -0300] "GET /cormun/servlet/trautorizarsolicitud? HTTP/1.1" 200 6373
191.112.101.245 - - [04/Mar/2016:15:28:29 -0300] "POST /cormun/servlet/solicitudot?gx-no-cache=1457116134709 HTTP/1.1" 200 30
192.168.10.98 - - [04/Mar/2016:15:28:29 -0300] "POST /cormun/servlet/acontrolpreferencessavestate?None,OSCARVAL,true HTTP/1.1" 200 35
186.78.35.158 - - [04/Mar/2016:15:28:33 -0300] "GET /cormun/servlet/prfichaempleado?4be6ea3e75e64666916a9fb0c0a10f6f25f2dad3a9e43dbe77452bb2cb651608dccb7b4e90bf620ea6278c1b1473213c5e71b35d9f3bbabaf963f6b9694fe31bfc5c089e8c64af3ff02beb1f2f35451d,gx-no-cache=1457116143644 HTTP/1.1" 200 463
191.112.101.245 - - [04/Mar/2016:15:28:33 -0300] "POST /cormun/servlet/solicitudot?gx-no-cache=1457116138506 HTTP/1.1" 200 30
186.78.35.158 - - [04/Mar/2016:15:28:33 -0300] "GET /cormun/servlet/prfichaempleado?4be6ea3e75e64666916a9fb0c0a10f6f25f2dad3a9e43dbe77452bb2cb6516089780be7d485d819955cadb60499f232dba986f26084ff8210f0e03048ed88c536f88feb4f7ae47bb34eda7e136901ad0,gx-no-cache=1457116144315 HTTP/1.1" 200 463
186.78.35.158 - - [04/Mar/2016:15:28:34 -0300] "GET /cormun/servlet/prfichaempleado?4be6ea3e75e64666916a9fb0c0a10f6f25f2dad3a9e43dbe77452bb2cb651608cd4c9e7c1c3e8858b81d8dbae562f966efd1cce750678dbda038a7017a4783c82ed2ce0eb68ca41e415cae4c1afb98d5,gx-no-cache=1457116145355 HTTP/1.1" 200 463
191.112.101.245 - - [04/Mar/2016:15:28:34 -0300] "GET /cormun/servlet/prsolicitudot?15819000,,,,,MD,,gxPopupLevel%3D0%3B HTTP/1.1" 200 5620
191.112.101.245 - - [04/Mar/2016:15:28:35 -0300] "GET /cormun/static/gxcfg.js?20163117275193 HTTP/1.1" 304 -
191.112.101.245 - - [04/Mar/2016:15:28:35 -0300] "GET /cormun/static/prsolicitudot.js?20163117275348 HTTP/1.1" 304 -
191.112.101.245 - - [04/Mar/2016:15:28:35 -0300] "GET /cormun/static/menusearch.js?20163219454787 HTTP/1.1" 304 -
191.112.101.245 - - [04/Mar/2016:15:28:35 -0300] "GET /cormun/static/hmpwkw011.js?20163117201773 HTTP/1.1" 304 -
186.78.35.158 - - [04/Mar/2016:15:28:35 -0300] "GET /cormun/servlet/prfichaempleado?4be6ea3e75e64666916a9fb0c0a10f6f25f2dad3a9e43dbe77452bb2cb65160854085b194dd762203bf5740e0e3b16f991dc671b01a50d0342d93440ad5ec6b71e37606cb910e96f5e8346ff03539fae,gx-no-cache=1457116146312 HTTP/1.1" 200 440
186.78.35.158 - - [04/Mar/2016:15:28:36 -0300] "GET /cormun/servlet/prfichaempleado?4be6ea3e75e64666916a9fb0c0a10f6f25f2dad3a9e43dbe77452bb2cb6516086badb04b00bbef2efe44b0e7d46077bf71fce2eee972a81f4b9a8164e9d506eafd09b52f09772fc845dd5c3e01a00182,gx-no-cache=1457116147137 HTTP/1.1" 200 438
186.78.35.158 - - [04/Mar/2016:15:28:38 -0300] "POST /cormun/servlet/prfichaempleado?22b782bf92132c1459bcafc858837446,,MD,,gxPopupLevel%3D0%3B,gx-no-cache=1457116149252 HTTP/1.1" 200 2688
191.112.101.245 - - [04/Mar/2016:15:28:40 -0300] "POST /cormun/servlet/solicitudot?gx-no-cache=1457116145509 HTTP/1.1" 200 452
191.112.101.245 - - [04/Mar/2016:15:28:40 -0300] "GET /cormun/servlet/solicitudot?551e052ef25e2b1edfb692ac4537a52ae300f4d2fca63fe4de9ec909c76c04681e62f74b1473230edbcd0753801506dfe3af3f5f440788a047a1bdd4a9d3bfdcd5fb56ad02fafdfda140e8d6051795e67f82c688a4b8dec9a283feb92f99b77abf694b3a2e2bdfb5dd78efb59e6ed2bb67a132fe4968167076f5bda03a6c717612488a16dd90a1cc40232fefbb432271,gx-no-cache=1457116145703 HTTP/1.1" 200 38
191.112.101.245 - - [04/Mar/2016:15:28:40 -0300] "GET /cormun/servlet/solicitudot?551e052ef25e2b1edfb692ac4537a52af847379b0daa4b31552da7a3986d59766d79a03241ec61878999b3e220652901042154dc14cafb8051f5443569dc0d026beef3177281571800ecfcb763529878f0b08f520839e9abd87c671a3e95b5c67fd61756bd24dd20e3ea02499b66dd2f,gx-no-cache=1457116145822 HTTP/1.1" 200 29
191.112.101.245 - - [04/Mar/2016:15:28:40 -0300] "POST /cormun/servlet/solicitudot?gx-no-cache=1457116145929 HTTP/1.1" 200 404
186.78.35.158 - - [04/Mar/2016:15:28:50 -0300] "POST /cormun/servlet/prfichaempleado?22b782bf92132c1459bcafc858837446,,MD,,gxPopupLevel%3D0%3B,gx-no-cache=1457116160973 HTTP/1.1" 200 2688
186.78.35.158 - - [04/Mar/2016:15:28:52 -0300] "POST /cormun/servlet/prfichaempleado?22b782bf92132c1459bcafc858837446,,MD,,gxPopupLevel%3D0%3B,gx-no-cache=1457116162683 HTTP/1.1" 200 2690
192.168.10.98 - - [04/Mar/2016:15:28:54 -0300] "GET /cormun/servlet/trsolicitudgral? HTTP/1.1" 200 8290
186.78.35.158 - - [04/Mar/2016:15:28:54 -0300] "POST /cormun/servlet/prfichaempleado?22b782bf92132c1459bcafc858837446,,MD,,gxPopupLevel%3D0%3B,gx-no-cache=1457116165083 HTTP/1.1" 200 2688
192.168.10.98 - - [04/Mar/2016:15:28:55 -0300] "GET /cormun/servlet/trsolicitudgral? HTTP/1.1" 200 8301
186.103.159.204 - - [04/Mar/2016:15:28:57 -0300] "GET /cormun/servlet/trautorizarsolicitud? HTTP/1.1" 200 7502
186.103.159.204 - - [04/Mar/2016:15:28:57 -0300] "GET /cormun/servlet/trautorizarsolicitud? HTTP/1.1" 200 7502
186.78.35.158 - - [04/Mar/2016:15:29:00 -0300] "GET /cormun/servlet/prfichaempleado?,MD,,gxPopupLevel%3D0%3B HTTP/1.1" 200 7917
186.78.35.158 - - [04/Mar/2016:15:29:00 -0300] "GET /cormun/static/scaMessage/css/jquery-ui.css?104140 HTTP/1.1" 404 1045
192.168.10.98 - - [04/Mar/2016:15:29:02 -0300] "GET /cormun/servlet/trautorizarsolicitud? HTTP/1.1" 200 6383
192.168.10.98 - - [04/Mar/2016:15:29:03 -0300] "GET /cormun/servlet/trautorizarsolicitud? HTTP/1.1" 200 6383
186.103.159.204 - - [04/Mar/2016:15:29:03 -0300] "POST /cormun/servlet/trautorizarsolicitud?111494f600d2a608ac4de706bf872a4b,,gx-no-cache=1457116165719 HTTP/1.1" 200 4894
