186.103.159.230 - - [04/Mar/2016:11:11:30 -0300] "GET /cormun//static/Resources/PXTools/ActionInsert.png HTTP/1.1" 200 1482
186.103.159.230 - - [04/Mar/2016:11:11:30 -0300] "GET /cormun/servlet/trsolicitudot HTTP/1.1" 200 7492
186.103.159.44 - - [04/Mar/2016:11:11:37 -0300] "POST /cormun/servlet/solicitudot?gx-no-cache=1457100697725 HTTP/1.1" 200 2776
186.103.159.44 - - [04/Mar/2016:11:11:37 -0300] "POST /cormun/servlet/solicitudot?7a067c42d78a90d22e66ca5a11c77c27,INS,0,0,,gx-no-cache=1457100704083 HTTP/1.1" 200 8429
192.168.10.98 - - [04/Mar/2016:11:11:45 -0300] "GET /cormun/servlet/solicitudot?a64f1319e970778e21f9600c5542d98bc81ceeba14a4b5a76b6edc880f159cc72af2bdc889da4fc9364f048729d54250769ec19bd8ca8f241560b3b84648da056487aff80acbf9d056eba0d750aead3be539a5955444f81dfd591a019bb59dd2d9e2fc4252b53573e9ab4a12fcfc0ba4a19a3b32bcb6a6d6069a98b12a1c76bf37b7642c38ca59571627c74d0aee3f20b9c9cce29f2241e72bd84fde19eb6c39,gx-no-cache=1457100457376 HTTP/1.1" 200 38
192.168.10.98 - - [04/Mar/2016:11:11:45 -0300] "GET /cormun/servlet/solicitudot?a64f1319e970778e21f9600c5542d98b3a3446cc61e36ee1e9d34c9caa7db08376c85ea8acc4a2352ba5d225891055379cfb937c0dccbbff0693729d43917c12d9deda4e9dbf5e844e32893447c92187d43061944736cc8204a2abe837feb354dbfca7eb6ce53e694ee041700bd43128610dd78d1412d8a22dd9cc84deb8fc376bc311f267e5de758f0a5ab99c3fe9e3652fe9aa687de1d06aee2df515bb21df1f7aea40b73d3be7c6d49c1897802c471616b9230b274218b93fb0401cbc1582536812390df001dcad77de3b987fe3d0,gx-no-cache=1457100457405 HTTP/1.1" 200 29
192.168.10.98 - - [04/Mar/2016:11:11:45 -0300] "POST /cormun/servlet/solicitudot?gx-no-cache=1457100457426 HTTP/1.1" 200 1116
192.168.10.98 - - [04/Mar/2016:11:11:57 -0300] "GET /cormun/servlet/prlicenciaspermisos?5585317,L,,MD,,gxPopupLevel%3D0%3B HTTP/1.1" 200 5271
186.103.159.44 - - [04/Mar/2016:11:12:10 -0300] "GET /cormun/servlet/solicitudot?fa05f6754cb1eb65350a26ae55bd43d80c3935a8341ba117fd4b788a6f4df15ce2f2b0c63c554d1475976972f8549d68,gx-no-cache=1457100737325 HTTP/1.1" 200 30
186.103.159.44 - - [04/Mar/2016:11:12:10 -0300] "POST /cormun/servlet/solicitudot?gx-no-cache=1457100737390 HTTP/1.1" 200 30
186.103.159.44 - - [04/Mar/2016:11:12:17 -0300] "POST /cormun/servlet/solicitudot?gx-no-cache=1457100744136 HTTP/1.1" 200 30
192.168.10.98 - - [04/Mar/2016:11:12:18 -0300] "GET /cormun/servlet/solicitudot?a64f1319e970778e21f9600c5542d98be5c5550e56597aafa98a8ed8d83d0a17cfa9fa5a2795ff9e0b074041d5368d85abc07439dbd058939939f3b37977ab39f25ed5f54781ace58342698c8a7fd8025c4c6cf4c7eed0dc4134118961aaed69e316aec13800d6a5f65206070d6d4b7265c01f202ed5d74991a255d8a5c20d900fcc480b154cd2429ba8e5ff7b746c4da0e9947d71c01e55bc013df55003b023431d80d7992d06f479a02d7af95bd9d23a23de83d0b82b1fab6a442311a85e66,gx-no-cache=1457100490411 HTTP/1.1" 200 30
186.103.159.44 - - [04/Mar/2016:11:12:38 -0300] "POST /cormun/servlet/solicitudot?gx-no-cache=1457100764810 HTTP/1.1" 200 1158
186.103.159.44 - - [04/Mar/2016:11:12:38 -0300] "GET /cormun/servlet/solicitudot?fa05f6754cb1eb65350a26ae55bd43d8cd60b0e0b74dacf3ae745209ed55babe4ab1e18de601e8991274f695c273db692aae52e53f54c3fd61e9cd3a27d385df5ae83205c09c66a8a7b3643248ea784a422375ec4d61d95b7167c6ac890063c73b4b92325e777c1f75a7bc1d159ca27751fd77e0c7dd5ae4a5d04ec62c3da4ade6385270b895443e8d4a4d4b20f524bd,gx-no-cache=1457100764928 HTTP/1.1" 200 38
192.168.10.98 - - [04/Mar/2016:11:12:41 -0300] "POST /cormun/servlet/solicitudot?e03e5b14903f058cc218f9221dee9415,UPD,2016,547,,gx-no-cache=1457100513873 HTTP/1.1" 200 93
192.168.10.98 - - [04/Mar/2016:11:12:41 -0300] "GET /cormun/servlet/hpexe_return? HTTP/1.1" 200 1009
192.168.10.98 - - [04/Mar/2016:11:12:42 -0300] "GET /cormun/servlet/trsolicitudot? HTTP/1.1" 200 11889
192.168.10.98 - - [04/Mar/2016:11:12:43 -0300] "GET /cormun/servlet/trsolicitudot? HTTP/1.1" 200 11885
186.103.159.44 - - [04/Mar/2016:11:12:51 -0300] "POST /cormun/servlet/solicitudot?gx-no-cache=1457100778542 HTTP/1.1" 200 1158
186.103.159.44 - - [04/Mar/2016:11:12:51 -0300] "GET /cormun/servlet/solicitudot?fa05f6754cb1eb65350a26ae55bd43d8cd60b0e0b74dacf3ae745209ed55babe4ab1e18de601e8991274f695c273db692aae52e53f54c3fd61e9cd3a27d385df5ae83205c09c66a8a7b3643248ea784a422375ec4d61d95b7167c6ac890063c73b4b92325e777c1f75a7bc1d159ca27751fd77e0c7dd5ae4a5d04ec62c3da4ade6385270b895443e8d4a4d4b20f524bd,gx-no-cache=1457100778616 HTTP/1.1" 200 38
186.103.159.44 - - [04/Mar/2016:11:12:51 -0300] "GET /cormun/servlet/solicitudot?fa05f6754cb1eb65350a26ae55bd43d8e6da0753358db40c1fcf76406d93f02b593c872285ef5d244a5122e0414045fed7f79ddaa7af1e65035e91fd08869ff44455d58d7a51becb4ce751b4cc2ecd5ea27053667470d84fe860c3fa590322e7adb59ea09327969a4bcfb56d54e3f604c0ee336bb2e31444a7c01505968e82e694a0d99da4429f2b1a54c55f3de09090e9eedf42db5d4e158d2b2fc7f0150e18,gx-no-cache=1457100778654 HTTP/1.1" 200 29
186.103.159.44 - - [04/Mar/2016:11:12:51 -0300] "POST /cormun/servlet/solicitudot?gx-no-cache=1457100778692 HTTP/1.1" 200 1116
186.103.159.44 - - [04/Mar/2016:11:12:51 -0300] "GET /cormun/servlet/solicitudot?fa05f6754cb1eb65350a26ae55bd43d874d14f2a947082b21785b455c2d9219bef11a7b43b69d2ab41d42f66c8c9cbb39648621703f2e8ce636418b9931782460abed984e9f547d1553865e29e9a71ea10b107683a21f133f3999170994e78cd1e04a6e835d1a7571401661dba38d1fa92c58ed6580a7a134ad69388536bd6b1d1e15e53baba855e2d951ac86a7b3849829a129dd2d7dc693d8d93d8d04c1534,gx-no-cache=1457100778758 HTTP/1.1" 200 30
186.103.159.44 - - [04/Mar/2016:11:12:52 -0300] "POST /cormun/servlet/solicitudot?7a067c42d78a90d22e66ca5a11c77c27,INS,0,0,,gx-no-cache=1457100778798 HTTP/1.1" 200 9320
186.103.159.44 - - [04/Mar/2016:11:12:52 -0300] "GET /cormun/static/Shared/jqueryui/images/ui-icons_ebccce_256x240.png HTTP/1.1" 404 1089
186.103.159.44 - - [04/Mar/2016:11:12:52 -0300] "GET /cormun/static/Shared/jqueryui/images/ui-bg_flat_55_994d53_40x100.png HTTP/1.1" 404 1097
186.103.159.44 - - [04/Mar/2016:11:12:52 -0300] "GET /cormun/static/Shared/jqueryui/images/ui-icons_82798d_256x240.png HTTP/1.1" 404 1089
186.103.159.44 - - [04/Mar/2016:11:12:52 -0300] "GET /cormun/static/Shared/jqueryui/images/ui-bg_highlight-soft_100_c6c2c8_1x100.png HTTP/1.1" 404 1117
192.168.10.98 - - [04/Mar/2016:11:12:56 -0300] "POST /cormun/servlet/trsolicitudot?e03e5b14903f058cc218f9221dee9415,,gx-no-cache=1457100527951 HTTP/1.1" 200 9579
192.168.10.98 - - [04/Mar/2016:11:12:56 -0300] "POST /cormun/servlet/trsolicitudot?e03e5b14903f058cc218f9221dee9415,,gx-no-cache=1457100528347 HTTP/1.1" 200 9579
192.168.10.98 - - [04/Mar/2016:11:12:56 -0300] "POST /cormun/servlet/trsolicitudot?e03e5b14903f058cc218f9221dee9415,,gx-no-cache=1457100528766 HTTP/1.1" 200 9579
192.168.10.98 - - [04/Mar/2016:11:12:57 -0300] "POST /cormun/servlet/trsolicitudot?e03e5b14903f058cc218f9221dee9415,,gx-no-cache=1457100529187 HTTP/1.1" 200 9579
192.168.10.98 - - [04/Mar/2016:11:12:57 -0300] "POST /cormun/servlet/trsolicitudot?e03e5b14903f058cc218f9221dee9415,,gx-no-cache=1457100529631 HTTP/1.1" 200 9579
192.168.10.98 - - [04/Mar/2016:11:12:58 -0300] "POST /cormun/servlet/trsolicitudot?e03e5b14903f058cc218f9221dee9415,,gx-no-cache=1457100530335 HTTP/1.1" 200 9579
192.168.10.98 - - [04/Mar/2016:11:12:59 -0300] "POST /cormun/servlet/trsolicitudot?e03e5b14903f058cc218f9221dee9415,,gx-no-cache=1457100530950 HTTP/1.1" 200 9578
192.168.10.98 - - [04/Mar/2016:11:12:59 -0300] "POST /cormun/servlet/trsolicitudot?e03e5b14903f058cc218f9221dee9415,,gx-no-cache=1457100531571 HTTP/1.1" 200 105
192.168.10.98 - - [04/Mar/2016:11:12:59 -0300] "GET /cormun/servlet/solicitudot?UPD,2016,547, HTTP/1.1" 200 12685
192.168.10.98 - - [04/Mar/2016:11:13:00 -0300] "GET /cormun/servlet/solicitudot?UPD,2016,547, HTTP/1.1" 200 12694
192.168.10.98 - - [04/Mar/2016:11:13:01 -0300] "POST /cormun/servlet/solicitudot?gx-no-cache=1457100533271 HTTP/1.1" 200 2754
192.168.10.98 - - [04/Mar/2016:11:13:01 -0300] "POST /cormun/servlet/solicitudot?e03e5b14903f058cc218f9221dee9415,UPD,2016,547,,gx-no-cache=1457100533381 HTTP/1.1" 200 9083
192.168.10.98 - - [04/Mar/2016:11:13:01 -0300] "GET /cormun/servlet/solicitudot?a64f1319e970778e21f9600c5542d98be3addc1b19ab7e6a19aed97ad81d01c360f81e2e057d49dc096bcc201b06a4d4,gx-no-cache=1457100533555 HTTP/1.1" 200 30
192.168.10.98 - - [04/Mar/2016:11:13:01 -0300] "POST /cormun/servlet/solicitudot?gx-no-cache=1457100533594 HTTP/1.1" 200 30
192.168.10.98 - - [04/Mar/2016:11:13:01 -0300] "POST /cormun/servlet/solicitudot?gx-no-cache=1457100533616 HTTP/1.1" 200 30
192.168.10.98 - - [04/Mar/2016:11:13:01 -0300] "POST /cormun/servlet/solicitudot?gx-no-cache=1457100533686 HTTP/1.1" 200 1157
192.168.10.98 - - [04/Mar/2016:11:13:01 -0300] "GET /cormun/servlet/solicitudot?a64f1319e970778e21f9600c5542d98bc81ceeba14a4b5a76b6edc880f159cc72af2bdc889da4fc9364f048729d54250769ec19bd8ca8f241560b3b84648da056487aff80acbf9d056eba0d750aead3be539a5955444f81dfd591a019bb59dd2d9e2fc4252b53573e9ab4a12fcfc0ba4a19a3b32bcb6a6d6069a98b12a1c76bf37b7642c38ca59571627c74d0aee3f2005a8a691160a21188fa362742df75247,gx-no-cache=1457100533783 HTTP/1.1" 200 41
192.168.10.98 - - [04/Mar/2016:11:13:06 -0300] "GET /cormun/servlet/solicitudot?a64f1319e970778e21f9600c5542d98b3a3446cc61e36ee1e9d34c9caa7db08376c85ea8acc4a2352ba5d2258910553711dabd0d6d1b4d4654a37a8d8f5eee27d9deda4e9dbf5e844e32893447c92187d43061944736cc8204a2abe837feb354dbfca7eb6ce53e694ee041700bd43128610dd78d1412d8a22dd9cc84deb8fc376bc311f267e5de758f0a5ab99c3fe9e3652fe9aa687de1d06aee2df515bb21df1f7aea40b73d3be7c6d49c1897802c471616b9230b274218b93fb0401cbc1582536812390df001dcad77de3b987fe3d0,gx-no-cache=1457100538197 HTTP/1.1" 200 30
186.103.159.44 - - [04/Mar/2016:11:13:17 -0300] "POST /cormun/servlet/solicitudot?gx-no-cache=1457100804171 HTTP/1.1" 200 1158
186.103.159.44 - - [04/Mar/2016:11:13:17 -0300] "GET /cormun/servlet/solicitudot?fa05f6754cb1eb65350a26ae55bd43d8cd60b0e0b74dacf3ae745209ed55babe4ab1e18de601e8991274f695c273db692aae52e53f54c3fd61e9cd3a27d385df5ae83205c09c66a8a7b3643248ea784a422375ec4d61d95b7167c6ac890063c73b4b92325e777c1f75a7bc1d159ca27751fd77e0c7dd5ae4a5d04ec62c3da4ade6385270b895443e8d4a4d4b20f524bd,gx-no-cache=1457100804262 HTTP/1.1" 200 38
186.103.159.44 - - [04/Mar/2016:11:13:17 -0300] "POST /cormun/servlet/solicitudot?gx-no-cache=1457100804307 HTTP/1.1" 200 1116
186.103.159.44 - - [04/Mar/2016:11:13:17 -0300] "GET /cormun/servlet/solicitudot?fa05f6754cb1eb65350a26ae55bd43d874d14f2a947082b21785b455c2d9219bb6c0d464985472b12ca9e258bbb9dcfce9dbd7fb10dd4ecfb4f290baac8f6cca05f8cb4c528fc681b9305127373d5e277c1863d7aa0d02da0a045cd36b38a5c19302c90b229f27f8e4418f0165e573c24661ab22f97d428e2c7182ec7532c4e39d0cb91ad57920e682ca1c20af30af26edc5175f1c8865fe9c8e57c6eccfb692,gx-no-cache=1457100804361 HTTP/1.1" 200 30
186.103.159.44 - - [04/Mar/2016:11:13:17 -0300] "POST /cormun/servlet/solicitudot?7a067c42d78a90d22e66ca5a11c77c27,INS,0,0,,gx-no-cache=1457100804401 HTTP/1.1" 200 9368
192.168.10.98 - - [04/Mar/2016:11:13:19 -0300] "POST /cormun/servlet/solicitudot?gx-no-cache=1457100551464 HTTP/1.1" 200 1116
192.168.10.98 - - [04/Mar/2016:11:13:19 -0300] "GET /cormun/servlet/solicitudot?a64f1319e970778e21f9600c5542d98be5c5550e56597aafa98a8ed8d83d0a17cfa9fa5a2795ff9e0b074041d5368d85abc07439dbd058939939f3b37977ab39f25ed5f54781ace58342698c8a7fd8025c4c6cf4c7eed0dc4134118961aaed69e316aec13800d6a5f65206070d6d4b7265c01f202ed5d74991a255d8a5c20d900fcc480b154cd2429ba8e5ff7b746c4da0e9947d71c01e55bc013df55003b023431d80d7992d06f479a02d7af95bd9d26dba97e652e9e729f6c5c2f0e168a934,gx-no-cache=1457100551509 HTTP/1.1" 200 32
192.168.10.98 - - [04/Mar/2016:11:13:19 -0300] "POST /cormun/servlet/solicitudot?e03e5b14903f058cc218f9221dee9415,UPD,2016,547,,gx-no-cache=1457100551536 HTTP/1.1" 200 93
192.168.10.98 - - [04/Mar/2016:11:13:19 -0300] "GET /cormun/servlet/hpexe_return? HTTP/1.1" 200 1009
192.168.10.98 - - [04/Mar/2016:11:13:19 -0300] "GET /cormun/servlet/trsolicitudot? HTTP/1.1" 200 11883
192.168.10.98 - - [04/Mar/2016:11:13:20 -0300] "GET /cormun/servlet/trsolicitudot? HTTP/1.1" 200 11878
192.168.10.98 - - [04/Mar/2016:11:13:29 -0300] "POST /cormun/servlet/trsolicitudot?e03e5b14903f058cc218f9221dee9415,,gx-no-cache=1457100560989 HTTP/1.1" 200 9570
192.168.10.98 - - [04/Mar/2016:11:13:29 -0300] "POST /cormun/servlet/trsolicitudot?e03e5b14903f058cc218f9221dee9415,,gx-no-cache=1457100561402 HTTP/1.1" 200 9570
192.168.10.98 - - [04/Mar/2016:11:13:29 -0300] "POST /cormun/servlet/trsolicitudot?e03e5b14903f058cc218f9221dee9415,,gx-no-cache=1457100561825 HTTP/1.1" 200 9570
192.168.10.98 - - [04/Mar/2016:11:13:30 -0300] "POST /cormun/servlet/trsolicitudot?e03e5b14903f058cc218f9221dee9415,,gx-no-cache=1457100562325 HTTP/1.1" 200 9569
192.168.10.98 - - [04/Mar/2016:11:13:30 -0300] "POST /cormun/servlet/trsolicitudot?e03e5b14903f058cc218f9221dee9415,,gx-no-cache=1457100562804 HTTP/1.1" 200 9569
192.168.10.98 - - [04/Mar/2016:11:13:31 -0300] "POST /cormun/servlet/trsolicitudot?e03e5b14903f058cc218f9221dee9415,,gx-no-cache=1457100563323 HTTP/1.1" 200 9569
192.168.10.98 - - [04/Mar/2016:11:13:32 -0300] "POST /cormun/servlet/trsolicitudot?e03e5b14903f058cc218f9221dee9415,,gx-no-cache=1457100563933 HTTP/1.1" 200 9570
192.168.10.98 - - [04/Mar/2016:11:13:32 -0300] "POST /cormun/servlet/trsolicitudot?e03e5b14903f058cc218f9221dee9415,,gx-no-cache=1457100564532 HTTP/1.1" 200 9684
192.168.10.98 - - [04/Mar/2016:11:13:33 -0300] "GET /cormun/static/Shared/jqueryui/images/ui-icons_82798d_256x240.png HTTP/1.1" 404 1089
192.168.10.98 - - [04/Mar/2016:11:13:33 -0300] "GET /cormun/static/Shared/jqueryui/images/ui-bg_flat_55_fafafa_40x100.png HTTP/1.1" 404 1097
192.168.10.98 - - [04/Mar/2016:11:13:33 -0300] "GET /cormun/static/Shared/jqueryui/images/ui-icons_8d78a5_256x240.png HTTP/1.1" 404 1089
192.168.10.98 - - [04/Mar/2016:11:13:33 -0300] "GET /cormun/static/Shared/jqueryui/images/ui-bg_highlight-soft_100_c6c2c8_1x100.png HTTP/1.1" 404 1117
186.103.159.44 - - [04/Mar/2016:11:13:40 -0300] "GET /cormun/servlet/solicitudot?fa05f6754cb1eb65350a26ae55bd43d874d14f2a947082b21785b455c2d9219ba06c4f26ade312d98e19eb79b652f44635c83dd5c719b78e77a2c95932ef5d9d1c2a1b2dc0be2a0d901bd131fb0c09eb29dab8c8512fc8a03d035120e4f8dfd3ed83af1ba0e0b42e78b9bf3266af313d8cafe4cbfcd72ceaa95f46a4dcbc8b2b580119b4c4e10beb94d324186624f11e8a80e4695bc1a45838a4c3990a64e9ba7981d46ebcf54e3d8c8d4c689979865a,gx-no-cache=1457100827499 HTTP/1.1" 200 30
192.168.10.98 - - [04/Mar/2016:11:13:48 -0300] "POST /cormun/servlet/trsolicitudot?e03e5b14903f058cc218f9221dee9415,,gx-no-cache=1457100580845 HTTP/1.1" 200 9570
192.168.10.98 - - [04/Mar/2016:11:13:49 -0300] "POST /cormun/servlet/trsolicitudot?e03e5b14903f058cc218f9221dee9415,,gx-no-cache=1457100581588 HTTP/1.1" 200 9569
192.168.10.98 - - [04/Mar/2016:11:13:50 -0300] "POST /cormun/servlet/trsolicitudot?e03e5b14903f058cc218f9221dee9415,,gx-no-cache=1457100582358 HTTP/1.1" 200 9570
192.168.10.98 - - [04/Mar/2016:11:13:51 -0300] "POST /cormun/servlet/trsolicitudot?e03e5b14903f058cc218f9221dee9415,,gx-no-cache=1457100583151 HTTP/1.1" 200 9569
192.168.10.98 - - [04/Mar/2016:11:13:52 -0300] "POST /cormun/servlet/trsolicitudot?e03e5b14903f058cc218f9221dee9415,,gx-no-cache=1457100584021 HTTP/1.1" 200 9569
192.168.10.98 - - [04/Mar/2016:11:13:53 -0300] "POST /cormun/servlet/trsolicitudot?e03e5b14903f058cc218f9221dee9415,,gx-no-cache=1457100584911 HTTP/1.1" 200 9569
186.103.159.44 - - [04/Mar/2016:11:13:53 -0300] "POST /cormun/servlet/solicitudot?7a067c42d78a90d22e66ca5a11c77c27,INS,0,0,,gx-no-cache=1457100839791 HTTP/1.1" 200 9463
192.168.10.98 - - [04/Mar/2016:11:13:53 -0300] "POST /cormun/servlet/trsolicitudot?e03e5b14903f058cc218f9221dee9415,,gx-no-cache=1457100585806 HTTP/1.1" 200 9570
192.168.10.98 - - [04/Mar/2016:11:13:54 -0300] "POST /cormun/servlet/trsolicitudot?e03e5b14903f058cc218f9221dee9415,,gx-no-cache=1457100586763 HTTP/1.1" 200 106
192.168.10.98 - - [04/Mar/2016:11:13:55 -0300] "GET /cormun/servlet/trsolicitudadjuntos?2016,547, HTTP/1.1" 200 7838
192.168.10.98 - - [04/Mar/2016:11:13:55 -0300] "GET /cormun/static/gxcfg.js?2016311731090 HTTP/1.1" 200 953
192.168.10.98 - - [04/Mar/2016:11:13:55 -0300] "GET /cormun/static/trsolicitudadjuntos.js?2016311731342 HTTP/1.1" 200 17275
186.103.156.24 - - [04/Mar/2016:11:13:56 -0300] "GET /cormun/servlet/trsolicitudot? HTTP/1.1" 200 5804
192.168.10.98 - - [04/Mar/2016:11:13:56 -0300] "GET /cormun/servlet/trsolicitudadjuntos?2016,547, HTTP/1.1" 200 7841
186.103.156.24 - - [04/Mar/2016:11:13:57 -0300] "GET /cormun/static/Resources/Spanish/PXTools.css?18502099 HTTP/1.1" 200 89042
186.103.156.24 - - [04/Mar/2016:11:13:57 -0300] "GET /cormun/static/gxtimezone.js?85251 HTTP/1.1" 304 -
186.103.156.24 - - [04/Mar/2016:11:13:57 -0300] "GET /cormun/static/gxcfg.js?201631185636 HTTP/1.1" 200 953
186.103.156.24 - - [04/Mar/2016:11:13:57 -0300] "GET /cormun/static/calendar.js?85251 HTTP/1.1" 304 -
186.103.156.24 - - [04/Mar/2016:11:13:57 -0300] "GET /cormun/static/calendar-setup.js?85251 HTTP/1.1" 304 -
186.103.156.24 - - [04/Mar/2016:11:13:57 -0300] "GET /cormun/static/calendar-es.js?85251 HTTP/1.1" 304 -
186.103.156.24 - - [04/Mar/2016:11:13:57 -0300] "GET /cormun/static/messages.spa.js?85251 HTTP/1.1" 200 30736
186.103.156.24 - - [04/Mar/2016:11:13:57 -0300] "GET /cormun/static/gxdec.js?85251 HTTP/1.1" 304 -
186.103.156.24 - - [04/Mar/2016:11:13:57 -0300] "GET /cormun/static/hwchdr01.js?20162241650484 HTTP/1.1" 200 1183
186.103.156.24 - - [04/Mar/2016:11:13:57 -0300] "GET /cormun/static/hpexe_recentlink.js?2015111312121342 HTTP/1.1" 200 2144
186.103.156.24 - - [04/Mar/2016:11:13:57 -0300] "GET /cormun/static/trsolicitudot.js?2016311856838 HTTP/1.1" 200 45326
186.103.156.24 - - [04/Mar/2016:11:13:57 -0300] "GET /cormun/static/hpexe_messagecontroller.js?2015112210524422 HTTP/1.1" 200 870
186.103.156.24 - - [04/Mar/2016:11:13:57 -0300] "GET /cormun/static/hpexe_messagepopupcomponent.js?20163219454551 HTTP/1.1" 200 605
186.103.156.24 - - [04/Mar/2016:11:13:57 -0300] "GET /cormun/static/hpexe_messagegenexuscomponent.js?20151120014314 HTTP/1.1" 200 587
186.103.156.24 - - [04/Mar/2016:11:13:57 -0300] "GET /cormun/static/cmcontrolpreferences.js?20151120014525 HTTP/1.1" 200 1375
186.103.156.24 - - [04/Mar/2016:11:13:58 -0300] "GET /cormun/static/hmpwkw03.js?2016311993330 HTTP/1.1" 200 3898
186.103.156.24 - - [04/Mar/2016:11:13:59 -0300] "GET /cormun/static/hpexe_scripts.js?20151120014546 HTTP/1.1" 200 1544
186.103.156.24 - - [04/Mar/2016:11:13:59 -0300] "GET /cormun/servlet/trsolicitudot? HTTP/1.1" 200 5815
186.103.156.24 - - [04/Mar/2016:11:13:59 -0300] "GET /cormun/servlet/hlogin HTTP/1.1" 200 1734
186.103.156.24 - - [04/Mar/2016:11:13:59 -0300] "GET /cormun/static/hlogin.js?20151120045126 HTTP/1.1" 200 2136
186.103.156.24 - - [04/Mar/2016:11:13:59 -0300] "GET /cormun/static/Resources/Spanish/PXTools.css?005343 HTTP/1.1" 200 89042
186.103.156.24 - - [04/Mar/2016:11:14:01 -0300] "GET /cormun/static/gxcfg.js?20151120045111 HTTP/1.1" 200 953
186.103.156.24 - - [04/Mar/2016:11:14:23 -0300] "GET /cormun/servlet/trsolicitudot? HTTP/1.1" 200 5804
186.103.156.24 - - [04/Mar/2016:11:14:24 -0300] "GET /cormun/servlet/trsolicitudot? HTTP/1.1" 200 5815
186.103.156.24 - - [04/Mar/2016:11:14:24 -0300] "GET /cormun/servlet/hlogin HTTP/1.1" 200 1734
186.103.159.44 - - [04/Mar/2016:11:14:25 -0300] "GET /cormun/servlet/solicitudot?fa05f6754cb1eb65350a26ae55bd43d874d14f2a947082b21785b455c2d9219ba06c4f26ade312d98e19eb79b652f44635c83dd5c719b78e77a2c95932ef5d9d1c2a1b2dc0be2a0d901bd131fb0c09eb29dab8c8512fc8a03d035120e4f8dfd3ed83af1ba0e0b42e78b9bf3266af313d8cafe4cbfcd72ceaa95f46a4dcbc8b2b580119b4c4e10beb94d324186624f11e8a80e4695bc1a45838a4c3990a64e9ba7981d46ebcf54e3d8c8d4c689979865a,gx-no-cache=1457100872607 HTTP/1.1" 200 30
186.103.159.44 - - [04/Mar/2016:11:14:26 -0300] "POST /cormun/servlet/solicitudot?7a067c42d78a90d22e66ca5a11c77c27,INS,0,0,,gx-no-cache=1457100872667 HTTP/1.1" 200 9509
186.103.156.24 - - [04/Mar/2016:11:14:30 -0300] "POST /cormun/servlet/hlogin?69006fc50a4d9d0a7b1c336f664109a8,gx-no-cache=1457100936837 HTTP/1.1" 200 90
186.103.156.24 - - [04/Mar/2016:11:14:30 -0300] "GET /cormun/servlet/hpexe_link HTTP/1.1" 200 956
186.103.156.24 - - [04/Mar/2016:11:14:31 -0300] "GET /cormun/static/gxcfg.js?20151120044395 HTTP/1.1" 200 953
186.103.156.24 - - [04/Mar/2016:11:14:31 -0300] "GET /cormun/static/hpexe_link.js?20151120044398 HTTP/1.1" 200 625
186.103.156.24 - - [04/Mar/2016:11:14:31 -0300] "GET /cormun/servlet/trsolicitudot HTTP/1.1" 200 6063
186.103.156.24 - - [04/Mar/2016:11:14:32 -0300] "GET /cormun/servlet/trsolicitudot HTTP/1.1" 200 6061
186.103.159.44 - - [04/Mar/2016:11:14:43 -0300] "POST /cormun/servlet/solicitudot?gx-no-cache=1457100890322 HTTP/1.1" 200 1158
186.103.159.44 - - [04/Mar/2016:11:14:43 -0300] "GET /cormun/servlet/solicitudot?fa05f6754cb1eb65350a26ae55bd43d8cd60b0e0b74dacf3ae745209ed55babe4ab1e18de601e8991274f695c273db692aae52e53f54c3fd61e9cd3a27d385df5ae83205c09c66a8a7b3643248ea784a422375ec4d61d95b7167c6ac890063c73b4b92325e777c1f75a7bc1d159ca27751fd77e0c7dd5ae4a5d04ec62c3da4ad19094f239e4095e68f19629587e940dd9d2e25fda4e26b6a273702fc1f7d76bd,gx-no-cache=1457100890482 HTTP/1.1" 200 41
186.103.159.44 - - [04/Mar/2016:11:14:43 -0300] "POST /cormun/servlet/solicitudot?gx-no-cache=1457100890582 HTTP/1.1" 200 1116
186.103.159.44 - - [04/Mar/2016:11:14:43 -0300] "GET /cormun/servlet/solicitudot?fa05f6754cb1eb65350a26ae55bd43d874d14f2a947082b21785b455c2d9219b6793bc8f2fb7e56d354506584a0af2a435c83dd5c719b78e77a2c95932ef5d9d1c2a1b2dc0be2a0d901bd131fb0c09eb29dab8c8512fc8a03d035120e4f8dfd3ed83af1ba0e0b42e78b9bf3266af313d8cafe4cbfcd72ceaa95f46a4dcbc8b2b580119b4c4e10beb94d324186624f11e8a80e4695bc1a45838a4c3990a64e9ba7981d46ebcf54e3d8c8d4c689979865a,gx-no-cache=1457100890669 HTTP/1.1" 200 30
186.103.159.44 - - [04/Mar/2016:11:14:44 -0300] "POST /cormun/servlet/solicitudot?7a067c42d78a90d22e66ca5a11c77c27,INS,0,0,,gx-no-cache=1457100890719 HTTP/1.1" 200 9559
186.103.159.44 - - [04/Mar/2016:11:14:51 -0300] "POST /cormun/servlet/solicitudot?gx-no-cache=1457100898553 HTTP/1.1" 200 1158
186.103.159.44 - - [04/Mar/2016:11:14:51 -0300] "GET /cormun/servlet/solicitudot?fa05f6754cb1eb65350a26ae55bd43d8cd60b0e0b74dacf3ae745209ed55babe4ab1e18de601e8991274f695c273db692aae52e53f54c3fd61e9cd3a27d385df5ae83205c09c66a8a7b3643248ea784a422375ec4d61d95b7167c6ac890063c73b4b92325e777c1f75a7bc1d159ca27751fd77e0c7dd5ae4a5d04ec62c3da4ad19094f239e4095e68f19629587e940dd9d2e25fda4e26b6a273702fc1f7d76bd,gx-no-cache=1457100898622 HTTP/1.1" 200 41
186.103.159.44 - - [04/Mar/2016:11:14:51 -0300] "POST /cormun/servlet/solicitudot?gx-no-cache=1457100898673 HTTP/1.1" 200 1116
186.103.159.44 - - [04/Mar/2016:11:14:52 -0300] "GET /cormun/servlet/solicitudot?fa05f6754cb1eb65350a26ae55bd43d874d14f2a947082b21785b455c2d9219b84fb22015e12a6d0c435f72c3206835935c83dd5c719b78e77a2c95932ef5d9d1c2a1b2dc0be2a0d901bd131fb0c09eb29dab8c8512fc8a03d035120e4f8dfd3ed83af1ba0e0b42e78b9bf3266af313d8cafe4cbfcd72ceaa95f46a4dcbc8b2b580119b4c4e10beb94d324186624f11e8a80e4695bc1a45838a4c3990a64e9ba7981d46ebcf54e3d8c8d4c689979865a,gx-no-cache=1457100898758 HTTP/1.1" 200 30
186.103.159.44 - - [04/Mar/2016:11:14:52 -0300] "POST /cormun/servlet/solicitudot?7a067c42d78a90d22e66ca5a11c77c27,INS,0,0,,gx-no-cache=1457100898838 HTTP/1.1" 200 9598
186.103.159.44 - - [04/Mar/2016:11:15:03 -0300] "POST /cormun/servlet/solicitudot?gx-no-cache=1457100910618 HTTP/1.1" 200 1158
186.103.159.44 - - [04/Mar/2016:11:15:04 -0300] "GET /cormun/servlet/solicitudot?fa05f6754cb1eb65350a26ae55bd43d8cd60b0e0b74dacf3ae745209ed55babe4ab1e18de601e8991274f695c273db692aae52e53f54c3fd61e9cd3a27d385df5ae83205c09c66a8a7b3643248ea784a422375ec4d61d95b7167c6ac890063c73b4b92325e777c1f75a7bc1d159ca27751fd77e0c7dd5ae4a5d04ec62c3da4ad19094f239e4095e68f19629587e940dd9d2e25fda4e26b6a273702fc1f7d76bd,gx-no-cache=1457100910776 HTTP/1.1" 200 41
186.103.159.44 - - [04/Mar/2016:11:15:04 -0300] "POST /cormun/servlet/solicitudot?gx-no-cache=1457100910849 HTTP/1.1" 200 1116
186.103.159.44 - - [04/Mar/2016:11:15:04 -0300] "GET /cormun/servlet/solicitudot?fa05f6754cb1eb65350a26ae55bd43d874d14f2a947082b21785b455c2d9219b815a1bcdb01499f7835f966b3eee8f2759ce38117e303775eaf0fab9eaff4f3ecccceca8b38dc9babb866d7417ddaab1efc325c574223e0f77e7bf657d3622a330f5abb8f83236a54fe4d323eba7669bd6cb492b7522958225ec0d0a57c840fdb9921dddea46276a781a748012e74aa68d013547688a0612fe62fa3d454da3f40e0dc707b08fbe487158ff816bedb5c3,gx-no-cache=1457100910931 HTTP/1.1" 200 30
186.103.159.44 - - [04/Mar/2016:11:15:04 -0300] "POST /cormun/servlet/solicitudot?7a067c42d78a90d22e66ca5a11c77c27,INS,0,0,,gx-no-cache=1457100911026 HTTP/1.1" 200 9637
192.168.10.98 - - [04/Mar/2016:11:15:52 -0300] "POST /cormun/servlet/solicitudot?gx-no-cache=1457100704239 HTTP/1.1" 200 30
192.168.10.98 - - [04/Mar/2016:11:16:06 -0300] "GET /cormun/servlet/prpersonalsolicitud?18647685,,,,,MD,,gxPopupLevel%3D0%3B HTTP/1.1" 200 5383
192.168.10.98 - - [04/Mar/2016:11:16:06 -0300] "GET /cormun/static/gxcfg.js?20163117361395 HTTP/1.1" 200 953
192.168.10.98 - - [04/Mar/2016:11:16:06 -0300] "GET /cormun/static/prpersonalsolicitud.js?20163117361535 HTTP/1.1" 200 13246
192.168.10.98 - - [04/Mar/2016:11:16:08 -0300] "POST /cormun/servlet/acontrolpreferencessavestate?None,GBARRIOS,true HTTP/1.1" 200 35
186.103.157.98 - - [04/Mar/2016:11:16:31 -0300] "GET /cormun/servlet/solicitudot?INS,0,0, HTTP/1.1" 200 11458
186.103.157.98 - - [04/Mar/2016:11:16:31 -0300] "GET /cormun/static/gxcfg.js?20163219435133 HTTP/1.1" 200 953
186.103.157.98 - - [04/Mar/2016:11:16:31 -0300] "GET /cormun/static/solicitudot.js?20163219435183 HTTP/1.1" 200 44151
186.103.157.98 - - [04/Mar/2016:11:16:31 -0300] "GET /cormun/static/Resources/Spanish/PXTools.css?1944839 HTTP/1.1" 200 89042
186.103.157.98 - - [04/Mar/2016:11:16:32 -0300] "GET /cormun/servlet/solicitudot?INS,0,0, HTTP/1.1" 200 11462
192.168.10.98 - - [04/Mar/2016:11:16:44 -0300] "POST /cormun/servlet/solicitudot?gx-no-cache=1457100756103 HTTP/1.1" 200 452
192.168.10.98 - - [04/Mar/2016:11:16:44 -0300] "GET /cormun/servlet/solicitudot?a64f1319e970778e21f9600c5542d98bc81ceeba14a4b5a76b6edc880f159cc72af2bdc889da4fc9364f048729d54250769ec19bd8ca8f241560b3b84648da056487aff80acbf9d056eba0d750aead3be539a5955444f81dfd591a019bb59dd2d9e2fc4252b53573e9ab4a12fcfc0ba4a19a3b32bcb6a6d6069a98b12a1c76bfa153794a0a95d8e7fe191ca874597365,gx-no-cache=1457100756156 HTTP/1.1" 200 38
192.168.10.98 - - [04/Mar/2016:11:16:44 -0300] "GET /cormun/servlet/solicitudot?a64f1319e970778e21f9600c5542d98bbd812d4d2cfd50c3a7b55e63018b29f41856524ec34736f542513abcb108270664ada141682785dba6db798e09e4adc404c6c725610d5f7140f60823cfa0f2846d4c963f0820daef9caf2b0b5547e614766af0bcf1a79c3979e83ac0893b06281f7aea40b73d3be7c6d49c1897802c471616b9230b274218b93fb0401cbc1582536812390df001dcad77de3b987fe3d0,gx-no-cache=1457100756184 HTTP/1.1" 200 29
192.168.10.98 - - [04/Mar/2016:11:16:44 -0300] "POST /cormun/servlet/solicitudot?gx-no-cache=1457100756199 HTTP/1.1" 200 404
192.168.10.98 - - [04/Mar/2016:11:16:46 -0300] "GET /cormun/servlet/prsolicitudot?18647685,,,,,MD,,gxPopupLevel%3D0%3B HTTP/1.1" 200 5603
192.168.10.98 - - [04/Mar/2016:11:16:46 -0300] "GET /cormun/static/gxcfg.js?20163117275193 HTTP/1.1" 200 953
192.168.10.98 - - [04/Mar/2016:11:16:46 -0300] "GET /cormun/static/prsolicitudot.js?20163117275348 HTTP/1.1" 200 12356
192.168.10.98 - - [04/Mar/2016:11:16:48 -0300] "POST /cormun/servlet/acontrolpreferencessavestate?None,GBARRIOS,true HTTP/1.1" 200 35
192.168.10.98 - - [04/Mar/2016:11:17:01 -0300] "GET /cormun/servlet/prfichaempleado?,MD,,gxPopupLevel%3D0%3B HTTP/1.1" 200 7910
192.168.10.98 - - [04/Mar/2016:11:17:01 -0300] "GET /cormun/static/scaMessage/css/jquery-ui.css?104140 HTTP/1.1" 404 1045
192.168.10.98 - - [04/Mar/2016:11:17:12 -0300] "GET /cormun/servlet/prfichaempleado?b4d676a7add3a786bf19a88b5f1fb829f2785187e9bbadf8031b6ef16879375a5ad4ca74657bd00aff6c0d73bd335fd5abd18f279c3b4d76afa92a2a6c4971bc792d76d50800cafd51d30f0c9cae8b0b,gx-no-cache=1457100784874 HTTP/1.1" 200 458
192.168.10.98 - - [04/Mar/2016:11:17:17 -0300] "GET /cormun/servlet/prfichaempleado?b4d676a7add3a786bf19a88b5f1fb829aa9e916c7b2d4b6e73b8c57a0a77d8f0ba041a4d3e481b16802a374bff45c03e0a0c5ed8e69ec228e0aa4b773cff9fd11c659045fd2725e68a0963a53ece63a6,gx-no-cache=1457100789419 HTTP/1.1" 200 464
192.168.10.98 - - [04/Mar/2016:11:17:18 -0300] "POST /cormun/servlet/prfichaempleado?e03e5b14903f058cc218f9221dee9415,,MD,,gxPopupLevel%3D0%3B,gx-no-cache=1457100790321 HTTP/1.1" 200 2974
192.168.10.98 - - [04/Mar/2016:11:17:36 -0300] "GET /cormun/servlet/prlicenciaspermisos?9178799,L,,MD,,gxPopupLevel%3D0%3B HTTP/1.1" 200 7280
186.103.157.98 - - [04/Mar/2016:11:17:42 -0300] "POST /cormun/servlet/solicitudot?gx-no-cache=1457101111074 HTTP/1.1" 200 2668
186.103.157.98 - - [04/Mar/2016:11:17:42 -0300] "POST /cormun/servlet/solicitudot?d355115e45519160f3b9a0de750b38b7,INS,0,0,,gx-no-cache=1457101111188 HTTP/1.1" 200 8283
186.103.157.98 - - [04/Mar/2016:11:17:42 -0300] "GET /cormun/servlet/solicitudot?770ffaf2b145718b361e7d2b5e0672f92942f4d3fb7f284d07348a2f5fd58d5e,gx-no-cache=1457101111340 HTTP/1.1" 200 111
186.103.157.98 - - [04/Mar/2016:11:17:42 -0300] "GET /cormun/static/Shared/jqueryui/images/ui-bg_highlight-soft_100_c6c2c8_1x100.png HTTP/1.1" 404 1117
186.103.157.98 - - [04/Mar/2016:11:17:42 -0300] "GET /cormun/static/Shared/jqueryui/images/ui-icons_82798d_256x240.png HTTP/1.1" 404 1089
186.103.157.98 - - [04/Mar/2016:11:17:42 -0300] "GET /cormun/static/Shared/jqueryui/images/ui-bg_flat_55_994d53_40x100.png HTTP/1.1" 404 1097
186.103.157.98 - - [04/Mar/2016:11:17:42 -0300] "GET /cormun/static/Shared/jqueryui/images/ui-icons_ebccce_256x240.png HTTP/1.1" 404 1089
192.168.10.98 - - [04/Mar/2016:11:17:46 -0300] "POST /cormun/servlet/solicitudot?gx-no-cache=1457100818192 HTTP/1.1" 200 1155
192.168.10.98 - - [04/Mar/2016:11:17:56 -0300] "GET /cormun/servlet/solicitudot?a64f1319e970778e21f9600c5542d98bc81ceeba14a4b5a76b6edc880f159cc72af2bdc889da4fc9364f048729d54250769ec19bd8ca8f241560b3b84648da056487aff80acbf9d056eba0d750aead3be539a5955444f81dfd591a019bb59dd2d9e2fc4252b53573e9ab4a12fcfc0ba4a19a3b32bcb6a6d6069a98b12a1c76bfa6302244a805f552a4cdf43f9ed06f6367687349f4e8e82380de546530ee122d,gx-no-cache=1457100828636 HTTP/1.1" 200 41
192.168.10.98 - - [04/Mar/2016:11:18:36 -0300] "POST /cormun/servlet/solicitudot?gx-no-cache=1457100868766 HTTP/1.1" 200 1115
192.168.10.98 - - [04/Mar/2016:11:18:36 -0300] "GET /cormun/servlet/solicitudot?a64f1319e970778e21f9600c5542d98b61320abb24fe55ec6bf46d8abd1857f4d5cb318b3767244e6eef1ad92f566441c7eade71716631ae620dc916f84bc36b6545494f2f3812dcac74cfc346da7b27eb2158333f898b4da38b0df21aeb5893e7a9e900d47a9a348787db8d85225d7634e17fff80bce620e4e03eeccc1f730c6c5ea9f738473ce5d0423067d3b8be2044dbdef40a8c814a194b6a2ff01a2e00f57133272efa9f262c78c220e1bf7933fc8b5e9157bf2f66b8a8e35f7f47c8c8,gx-no-cache=1457100868806 HTTP/1.1" 200 30
192.168.10.98 - - [04/Mar/2016:11:19:21 -0300] "POST /cormun/servlet/solicitudot?e03e5b14903f058cc218f9221dee9415,INS,0,0,,gx-no-cache=1457100913610 HTTP/1.1" 200 93
192.168.10.98 - - [04/Mar/2016:11:19:21 -0300] "GET /cormun/servlet/hpexe_return? HTTP/1.1" 200 1003
192.168.10.98 - - [04/Mar/2016:11:19:22 -0300] "GET /cormun/servlet/trsolicitudot? HTTP/1.1" 200 12278
192.168.10.98 - - [04/Mar/2016:11:19:23 -0300] "GET /cormun/servlet/trsolicitudot? HTTP/1.1" 200 12274
186.103.157.98 - - [04/Mar/2016:11:20:05 -0300] "POST /cormun/servlet/solicitudot?d355115e45519160f3b9a0de750b38b7,INS,0,0,,gx-no-cache=1457101254374 HTTP/1.1" 200 8663
200.111.191.210 - - [04/Mar/2016:11:20:13 -0300] "GET /cormun/servlet/trsolicitudot? HTTP/1.1" 200 5805
200.111.191.210 - - [04/Mar/2016:11:20:13 -0300] "GET /cormun/static/gxcfg.js?201631185636 HTTP/1.1" 200 953
200.111.191.210 - - [04/Mar/2016:11:20:13 -0300] "GET /cormun/static/calendar.js?85251 HTTP/1.1" 304 -
200.111.191.210 - - [04/Mar/2016:11:20:13 -0300] "GET /cormun/static/calendar-setup.js?85251 HTTP/1.1" 304 -
200.111.191.210 - - [04/Mar/2016:11:20:13 -0300] "GET /cormun/static/calendar-es.js?85251 HTTP/1.1" 304 -
200.111.191.210 - - [04/Mar/2016:11:20:13 -0300] "GET /cormun/static/messages.spa.js?85251 HTTP/1.1" 200 30736
200.111.191.210 - - [04/Mar/2016:11:20:13 -0300] "GET /cormun/static/Resources/Spanish/PXTools.css?18502099 HTTP/1.1" 200 89042
200.111.191.210 - - [04/Mar/2016:11:20:13 -0300] "GET /cormun/static/hwchdr01.js?20162241650484 HTTP/1.1" 200 1183
200.111.191.210 - - [04/Mar/2016:11:20:13 -0300] "GET /cormun/static/gxdec.js?85251 HTTP/1.1" 304 -
200.111.191.210 - - [04/Mar/2016:11:20:13 -0300] "GET /cormun/static/trsolicitudot.js?2016311856838 HTTP/1.1" 200 45326
200.111.191.210 - - [04/Mar/2016:11:20:13 -0300] "GET /cormun/static/hpexe_recentlink.js?2015111312121342 HTTP/1.1" 200 2144
200.111.191.210 - - [04/Mar/2016:11:20:13 -0300] "GET /cormun/static/hpexe_scripts.js?20151120014546 HTTP/1.1" 200 1544
200.111.191.210 - - [04/Mar/2016:11:20:14 -0300] "GET /cormun/static/hpexe_messagecontroller.js?2015112210524422 HTTP/1.1" 200 870
200.111.191.210 - - [04/Mar/2016:11:20:14 -0300] "GET /cormun/static/hpexe_messagepopupcomponent.js?20163219454551 HTTP/1.1" 200 605
200.111.191.210 - - [04/Mar/2016:11:20:14 -0300] "GET /cormun/static/cmcontrolpreferences.js?20151120014525 HTTP/1.1" 200 1375
200.111.191.210 - - [04/Mar/2016:11:20:14 -0300] "GET /cormun/static/hmpwkw03.js?2016311993330 HTTP/1.1" 200 3898
200.111.191.210 - - [04/Mar/2016:11:20:14 -0300] "GET /cormun/static/hpexe_messagegenexuscomponent.js?20151120014314 HTTP/1.1" 200 587
200.111.191.210 - - [04/Mar/2016:11:20:14 -0300] "GET /cormun/servlet/hlogin HTTP/1.1" 200 1737
200.111.191.210 - - [04/Mar/2016:11:20:14 -0300] "GET /cormun/servlet/trsolicitudot? HTTP/1.1" 200 5815
200.111.191.210 - - [04/Mar/2016:11:20:14 -0300] "GET /cormun/static/gxcfg.js?20151120045111 HTTP/1.1" 200 953
200.111.191.210 - - [04/Mar/2016:11:20:14 -0300] "GET /cormun/static/hlogin.js?20151120045126 HTTP/1.1" 200 2136
200.111.191.210 - - [04/Mar/2016:11:20:14 -0300] "GET /cormun/static/Resources/Spanish/PXTools.css?005343 HTTP/1.1" 200 89042
186.103.157.98 - - [04/Mar/2016:11:20:23 -0300] "POST /cormun/servlet/solicitudot?gx-no-cache=1457101272504 HTTP/1.1" 200 2740
186.103.157.98 - - [04/Mar/2016:11:20:23 -0300] "POST /cormun/servlet/solicitudot?d355115e45519160f3b9a0de750b38b7,INS,0,0,,gx-no-cache=1457101272643 HTTP/1.1" 200 8499
186.103.157.98 - - [04/Mar/2016:11:20:33 -0300] "GET /cormun/servlet/solicitudot?770ffaf2b145718b361e7d2b5e0672f9fe5c2038eb405dd1085e4f474f855f7805ad92b28795a74f06965519c48dc498,gx-no-cache=1457101281914 HTTP/1.1" 200 30
186.103.157.98 - - [04/Mar/2016:11:20:33 -0300] "POST /cormun/servlet/solicitudot?gx-no-cache=1457101281992 HTTP/1.1" 200 30
186.103.157.98 - - [04/Mar/2016:11:20:35 -0300] "POST /cormun/servlet/solicitudot?gx-no-cache=1457101284375 HTTP/1.1" 200 30
186.103.157.98 - - [04/Mar/2016:11:20:43 -0300] "POST /cormun/servlet/solicitudot?gx-no-cache=1457101291842 HTTP/1.1" 200 1158
186.103.157.98 - - [04/Mar/2016:11:20:43 -0300] "GET /cormun/servlet/solicitudot?770ffaf2b145718b361e7d2b5e0672f9560b9f627e73c8e942868581ff60f446cce13cf615f0a48a9ac9bd64314b85be6915f82af0efabd4cb3b712e9cc168ecd28ab8d7c7bf314daac715fa1a096eebb5582ab5f4cfd12ec4c3b731db9e7244630c67e6e5f6767a0eb591aed31f224e4d6713393accd429156e2c0b40685875fc18b58eb178674a8d044609ea027b3b,gx-no-cache=1457101291896 HTTP/1.1" 200 38
186.103.159.44 - - [04/Mar/2016:11:20:44 -0300] "GET /cormun/servlet/prsolicitudot?13912826,,,,,MD,,gxPopupLevel%3D0%3B HTTP/1.1" 200 5373
191.112.101.245 - - [04/Mar/2016:11:20:46 -0300] "GET /cormun/servlet/solicitudot?INS,0,0, HTTP/1.1" 200 11456
191.112.101.245 - - [04/Mar/2016:11:20:49 -0300] "GET /cormun/servlet/solicitudot?INS,0,0, HTTP/1.1" 200 11461
186.103.159.44 - - [04/Mar/2016:11:20:52 -0300] "POST /cormun/servlet/prsolicitudot?7a067c42d78a90d22e66ca5a11c77c27,13912826,,,,,MD,,gxPopupLevel%3D0%3B,gx-no-cache=1457101259213 HTTP/1.1" 200 2943
186.103.159.44 - - [04/Mar/2016:11:20:56 -0300] "POST /cormun/servlet/solicitudot?gx-no-cache=1457101262973 HTTP/1.1" 200 30
186.103.159.44 - - [04/Mar/2016:11:20:56 -0300] "POST /cormun/servlet/solicitudot?gx-no-cache=1457101263015 HTTP/1.1" 200 30
186.103.159.44 - - [04/Mar/2016:11:20:56 -0300] "POST /cormun/servlet/solicitudot?gx-no-cache=1457101263109 HTTP/1.1" 200 1158
186.103.159.44 - - [04/Mar/2016:11:20:56 -0300] "GET /cormun/servlet/solicitudot?fa05f6754cb1eb65350a26ae55bd43d8cd60b0e0b74dacf3ae745209ed55babe4ab1e18de601e8991274f695c273db692aae52e53f54c3fd61e9cd3a27d385df5ae83205c09c66a8a7b3643248ea784a422375ec4d61d95b7167c6ac890063c73b4b92325e777c1f75a7bc1d159ca27751fd77e0c7dd5ae4a5d04ec62c3da4ad19094f239e4095e68f19629587e940dd9d2e25fda4e26b6a273702fc1f7d76bd,gx-no-cache=1457101263176 HTTP/1.1" 200 41
186.103.159.44 - - [04/Mar/2016:11:20:56 -0300] "POST /cormun/servlet/solicitudot?gx-no-cache=1457101263224 HTTP/1.1" 200 1116
186.103.157.98 - - [04/Mar/2016:11:20:56 -0300] "GET /cormun/servlet/solicitudot?770ffaf2b145718b361e7d2b5e0672f9c120bca0091021ca0bc9347f3f1a5c90f0cd52a8930a1407d5786e389da874dfb35e72b10130b29ef8af6e0218b055e5d244039d83c599b77e410b83e1b24fea7448604a6bed73fd32f7de3fd0153926675c4bf663f7233c5a1655612ab326b2ead85b8e1c1c305b2d18c0a59d8f0fb7763719f7556d8a2af91316c509119939f5e878d141388a521560a0de89f11239,gx-no-cache=1457101305246 HTTP/1.1" 200 29
186.103.159.44 - - [04/Mar/2016:11:20:58 -0300] "GET /cormun/servlet/prcontratosol?13912826,,,,,MD,,gxPopupLevel%3D0%3B HTTP/1.1" 200 5680
186.103.157.98 - - [04/Mar/2016:11:21:00 -0300] "POST /cormun/servlet/solicitudot?gx-no-cache=1457101309007 HTTP/1.1" 200 1116
186.103.157.98 - - [04/Mar/2016:11:21:02 -0300] "GET /cormun/static/menuarrow.gif HTTP/1.1" 404 1015
186.103.159.44 - - [04/Mar/2016:11:21:11 -0300] "GET /cormun/servlet/prpersonalsolicitud?13912826,,,,,MD,,gxPopupLevel%3D0%3B HTTP/1.1" 200 5696
200.111.191.210 - - [04/Mar/2016:11:21:16 -0300] "POST /cormun/servlet/hlogin?81612d2c75fd79cc48cde45927df212b,gx-no-cache=1457101284041 HTTP/1.1" 200 90
200.111.191.210 - - [04/Mar/2016:11:21:16 -0300] "GET /cormun/servlet/hpexe_link HTTP/1.1" 200 958
200.111.191.210 - - [04/Mar/2016:11:21:16 -0300] "GET /cormun/static/gxcfg.js?20151120044395 HTTP/1.1" 200 953
200.111.191.210 - - [04/Mar/2016:11:21:16 -0300] "GET /cormun/static/hpexe_link.js?20151120044398 HTTP/1.1" 200 625
200.111.191.210 - - [04/Mar/2016:11:21:16 -0300] "GET /cormun/servlet/trsolicitudot HTTP/1.1" 200 5972
200.111.191.210 - - [04/Mar/2016:11:21:16 -0300] "GET /cormun/servlet/trsolicitudot HTTP/1.1" 200 5969
186.103.157.98 - - [04/Mar/2016:11:21:21 -0300] "GET /cormun/servlet/solicitudot?770ffaf2b145718b361e7d2b5e0672f9f33fc42287c4d56c1786cb48eca49395495e7dec9f160a5fea4125a4dd0ea6ed7246389ffa60b6041e56ad6fc058f475ad239bb880efeddee59466d1a87094467acb08a33c28ebe51ac52ad492d710082e8b6f09571292f4d5a411281685e5c7015a07c44c1d2684b86c7417216a131c08c781089acaf61836dc828be6807ad420fa23c10e0e19860db5f5bea77ed9af8391c2b2ec359e705a5154867bce556b,gx-no-cache=1457101330541 HTTP/1.1" 200 30
200.111.191.210 - - [04/Mar/2016:11:21:23 -0300] "GET /cormun/servlet/trsolicitudot? HTTP/1.1" 200 5969
200.111.191.210 - - [04/Mar/2016:11:21:23 -0300] "GET /cormun/servlet/trsolicitudot? HTTP/1.1" 200 5970
200.111.191.210 - - [04/Mar/2016:11:21:26 -0300] "GET /cormun/servlet/solicitudot?INS,0,0, HTTP/1.1" 200 11389
200.111.191.210 - - [04/Mar/2016:11:21:26 -0300] "GET /cormun/static/gxcfg.js?20163219435133 HTTP/1.1" 200 953
200.111.191.210 - - [04/Mar/2016:11:21:26 -0300] "GET /cormun/static/Resources/Spanish/PXTools.css?1944839 HTTP/1.1" 200 89042
200.111.191.210 - - [04/Mar/2016:11:21:26 -0300] "GET /cormun/static/solicitudot.js?20163219435183 HTTP/1.1" 200 44151
200.111.191.210 - - [04/Mar/2016:11:21:26 -0300] "GET /cormun/servlet/solicitudot?INS,0,0, HTTP/1.1" 200 11394
200.111.191.210 - - [04/Mar/2016:11:21:28 -0300] "GET /cormun/servlet/prfichaempleado?,MD,,gxPopupLevel%3D0%3B HTTP/1.1" 200 7858
200.111.191.210 - - [04/Mar/2016:11:21:28 -0300] "GET /cormun/static/scaMessage/css/jquery-ui.css?104140 HTTP/1.1" 404 1045
200.111.191.210 - - [04/Mar/2016:11:21:28 -0300] "GET /cormun/static/gxcfg.js?201511151625694 HTTP/1.1" 200 953
200.111.191.210 - - [04/Mar/2016:11:21:28 -0300] "GET /cormun/static/prfichaempleado.js?201511151625857 HTTP/1.1" 200 14240
200.111.191.210 - - [04/Mar/2016:11:21:28 -0300] "GET /cormun/static/menusearch.js?20163219454787 HTTP/1.1" 200 1424
200.111.191.210 - - [04/Mar/2016:11:21:28 -0300] "GET /cormun/static/hmpwkw01.js?201511211495945 HTTP/1.1" 200 2037
200.111.191.210 - - [04/Mar/2016:11:21:28 -0300] "GET /cormun/static/Resources/Spanish/PXTools.css?16184758 HTTP/1.1" 200 89042
200.111.191.210 - - [04/Mar/2016:11:21:35 -0300] "GET /cormun/servlet/prfichaempleado?0f7ad2c37cad8b43252696c5b9fd382be76768a807de9d061c43af122adef93d6137a94f1cf4cb7b2efba57d103971a91d1ef6eca8c6ec0c88430a963983be9e,gx-no-cache=1457101303345 HTTP/1.1" 200 466
186.103.157.98 - - [04/Mar/2016:11:21:37 -0300] "POST /cormun/servlet/solicitudot?d355115e45519160f3b9a0de750b38b7,INS,0,0,,gx-no-cache=1457101345710 HTTP/1.1" 200 93
186.103.157.98 - - [04/Mar/2016:11:21:37 -0300] "GET /cormun/servlet/hpexe_return? HTTP/1.1" 200 1010
186.103.157.98 - - [04/Mar/2016:11:21:37 -0300] "GET /cormun/static/hpexe_return.js?2015111312145056 HTTP/1.1" 200 1633
186.103.157.98 - - [04/Mar/2016:11:21:37 -0300] "GET /cormun/static/gxcfg.js?2015111312145050 HTTP/1.1" 200 953
186.103.157.98 - - [04/Mar/2016:11:21:37 -0300] "GET /cormun/static/Resources/Spanish/PXTools.css?12112540 HTTP/1.1" 200 89042
186.103.157.98 - - [04/Mar/2016:11:21:37 -0300] "GET /cormun/servlet/trsolicitudot HTTP/1.1" 200 7490
186.103.157.98 - - [04/Mar/2016:11:21:38 -0300] "GET /cormun/servlet/trsolicitudot HTTP/1.1" 200 7486
200.111.191.210 - - [04/Mar/2016:11:21:38 -0300] "GET /cormun/servlet/prfichaempleado?0f7ad2c37cad8b43252696c5b9fd382b17e866f6c4430301f6a5a1422446c417ce481cf21729b191d07c6dc1034ab3acfd1b36cfaf6e3b603af368568f924697,gx-no-cache=1457101306487 HTTP/1.1" 200 468
200.111.191.210 - - [04/Mar/2016:11:21:41 -0300] "POST /cormun/servlet/prfichaempleado?81612d2c75fd79cc48cde45927df212b,,MD,,gxPopupLevel%3D0%3B,gx-no-cache=1457101309545 HTTP/1.1" 200 5191
200.111.191.210 - - [04/Mar/2016:11:21:54 -0300] "POST /cormun/servlet/solicitudot?gx-no-cache=1457101322439 HTTP/1.1" 200 2770
191.112.101.245 - - [04/Mar/2016:11:21:54 -0300] "POST /cormun/servlet/solicitudot?428d7be0fbe5204dc772c6c5d6b23893,INS,0,0,,gx-no-cache=1457101339598 HTTP/1.1" 200 93
200.111.191.210 - - [04/Mar/2016:11:21:54 -0300] "POST /cormun/servlet/solicitudot?81612d2c75fd79cc48cde45927df212b,INS,0,0,,gx-no-cache=1457101322573 HTTP/1.1" 200 8377
191.112.101.245 - - [04/Mar/2016:11:21:54 -0300] "GET /cormun/servlet/hpexe_return? HTTP/1.1" 200 1007
191.112.101.245 - - [04/Mar/2016:11:21:55 -0300] "GET /cormun/servlet/trsolicitudot? HTTP/1.1" 200 7334
186.103.157.98 - - [04/Mar/2016:11:21:57 -0300] "POST /cormun/servlet/trsolicitudot?d355115e45519160f3b9a0de750b38b7,gx-no-cache=1457101365823 HTTP/1.1" 200 4926
186.103.157.98 - - [04/Mar/2016:11:21:57 -0300] "POST /cormun/servlet/trsolicitudot?d355115e45519160f3b9a0de750b38b7,gx-no-cache=1457101366313 HTTP/1.1" 200 4926
186.103.157.98 - - [04/Mar/2016:11:21:57 -0300] "POST /cormun/servlet/trsolicitudot?d355115e45519160f3b9a0de750b38b7,gx-no-cache=1457101366487 HTTP/1.1" 200 4926
186.103.157.98 - - [04/Mar/2016:11:21:58 -0300] "POST /cormun/servlet/trsolicitudot?d355115e45519160f3b9a0de750b38b7,gx-no-cache=1457101366663 HTTP/1.1" 200 4925
191.112.101.245 - - [04/Mar/2016:11:21:58 -0300] "GET /cormun/servlet/trsolicitudot? HTTP/1.1" 200 7330
186.103.157.98 - - [04/Mar/2016:11:21:58 -0300] "POST /cormun/servlet/trsolicitudot?d355115e45519160f3b9a0de750b38b7,gx-no-cache=1457101366855 HTTP/1.1" 200 4926
186.103.157.98 - - [04/Mar/2016:11:21:58 -0300] "POST /cormun/servlet/trsolicitudot?d355115e45519160f3b9a0de750b38b7,gx-no-cache=1457101367012 HTTP/1.1" 200 4926
186.103.157.98 - - [04/Mar/2016:11:21:58 -0300] "POST /cormun/servlet/trsolicitudot?d355115e45519160f3b9a0de750b38b7,gx-no-cache=1457101367180 HTTP/1.1" 200 4925
186.103.157.98 - - [04/Mar/2016:11:21:58 -0300] "POST /cormun/servlet/trsolicitudot?d355115e45519160f3b9a0de750b38b7,gx-no-cache=1457101367348 HTTP/1.1" 200 3625
186.103.157.98 - - [04/Mar/2016:11:21:58 -0300] "GET /cormun/static/Shared/jqueryui/images/ui-bg_flat_55_fafafa_40x100.png HTTP/1.1" 404 1097
186.103.157.98 - - [04/Mar/2016:11:21:58 -0300] "GET /cormun/static/Shared/jqueryui/images/ui-icons_8d78a5_256x240.png HTTP/1.1" 404 1089
186.103.157.98 - - [04/Mar/2016:11:21:58 -0300] "POST /cormun/servlet/trsolicitudot?d355115e45519160f3b9a0de750b38b7,gx-no-cache=1457101367531 HTTP/1.1" 200 3489
191.112.101.245 - - [04/Mar/2016:11:22:20 -0300] "GET /cormun/servlet/vesolicitudot?2016,597,, HTTP/1.1" 200 7494
191.112.101.245 - - [04/Mar/2016:11:22:21 -0300] "GET /cormun/pexe_scrolldiv.js HTTP/1.1" 404 1009
191.112.101.245 - - [04/Mar/2016:11:22:23 -0300] "GET /cormun/servlet/vesolicitudot?2016,597,, HTTP/1.1" 200 7494
186.103.156.24 - - [04/Mar/2016:11:22:28 -0300] "GET /cormun/servlet/trsolicitudot? HTTP/1.1" 200 6061
186.103.156.24 - - [04/Mar/2016:11:22:29 -0300] "GET /cormun/servlet/trsolicitudot? HTTP/1.1" 200 6061
200.111.191.210 - - [04/Mar/2016:11:22:35 -0300] "GET /cormun/servlet/solicitudot?a637dcea409d5fa5f149b24089cbdc9e6a2f67aeb020f79f9fe39cb734224d7b5e9bd445f3d41b3abb713f5b2dfb6b5f,gx-no-cache=1457101363253 HTTP/1.1" 200 30
200.111.191.210 - - [04/Mar/2016:11:22:35 -0300] "POST /cormun/servlet/solicitudot?gx-no-cache=1457101363302 HTTP/1.1" 200 30
200.111.191.210 - - [04/Mar/2016:11:22:37 -0300] "POST /cormun/servlet/solicitudot?gx-no-cache=1457101365651 HTTP/1.1" 200 30
192.168.10.98 - - [04/Mar/2016:11:22:38 -0300] "GET /cormun/servlet/hlogin HTTP/1.1" 200 1713
186.103.156.24 - - [04/Mar/2016:11:23:18 -0300] "POST /cormun/servlet/trsolicitudot?69006fc50a4d9d0a7b1c336f664109a8,,gx-no-cache=1457101532197 HTTP/1.1" 200 3241
186.103.156.24 - - [04/Mar/2016:11:23:33 -0300] "GET /cormun/servlet/trsolicitudot?57ed849d12b7d22b7f0d4e5679f71a839608d0e5029e8b3f75b0cf99835bf11e764582268bec349a0e68d0c61a7b5a07c6eac9851ab69046ef47770d968a544fb82c93e1ee3b2f54d437b0ddfa3c907a0ccbb863b0f51b41cf5170a2b319ace9,gx-no-cache=1457101549120 HTTP/1.1" 200 760
186.103.156.24 - - [04/Mar/2016:11:23:33 -0300] "POST /cormun/servlet/trsolicitudot?69006fc50a4d9d0a7b1c336f664109a8,,gx-no-cache=1457101549238 HTTP/1.1" 200 3242
186.103.156.24 - - [04/Mar/2016:11:23:33 -0300] "POST /cormun/servlet/trsolicitudot?69006fc50a4d9d0a7b1c336f664109a8,,gx-no-cache=1457101549382 HTTP/1.1" 200 3241
192.168.10.98 - - [04/Mar/2016:11:23:38 -0300] "POST /cormun/servlet/hlogin?e03e5b14903f058cc218f9221dee9415,gx-no-cache=1457101170386 HTTP/1.1" 200 90
192.168.10.98 - - [04/Mar/2016:11:23:38 -0300] "GET /cormun/servlet/hpexe_link HTTP/1.1" 200 947
192.168.10.98 - - [04/Mar/2016:11:23:38 -0300] "GET /cormun/servlet/hhome HTTP/1.1" 200 3410
192.168.10.98 - - [04/Mar/2016:11:23:39 -0300] "GET /cormun/servlet/hhome HTTP/1.1" 200 3407
186.103.156.24 - - [04/Mar/2016:11:23:41 -0300] "POST /cormun/servlet/trsolicitudot?69006fc50a4d9d0a7b1c336f664109a8,,gx-no-cache=1457101558987 HTTP/1.1" 200 3242
192.168.10.98 - - [04/Mar/2016:11:23:45 -0300] "GET /cormun/servlet/trsolicitudot? HTTP/1.1" 200 6168
192.168.10.98 - - [04/Mar/2016:11:23:46 -0300] "GET /cormun/servlet/trsolicitudot? HTTP/1.1" 200 6168
192.168.10.98 - - [04/Mar/2016:11:23:47 -0300] "POST /cormun/servlet/acontrolpreferencessavestate?None,PRIOS,true HTTP/1.1" 200 35
192.168.10.98 - - [04/Mar/2016:11:23:49 -0300] "POST /cormun/servlet/trsolicitudot?e03e5b14903f058cc218f9221dee9415,,gx-no-cache=1457101181662 HTTP/1.1" 200 3495
192.168.10.98 - - [04/Mar/2016:11:23:49 -0300] "POST /cormun/servlet/trsolicitudot?e03e5b14903f058cc218f9221dee9415,,gx-no-cache=1457101181831 HTTP/1.1" 200 3494
192.168.10.98 - - [04/Mar/2016:11:23:50 -0300] "POST /cormun/servlet/trsolicitudot?e03e5b14903f058cc218f9221dee9415,,gx-no-cache=1457101182004 HTTP/1.1" 200 3494
192.168.10.98 - - [04/Mar/2016:11:23:50 -0300] "POST /cormun/servlet/trsolicitudot?e03e5b14903f058cc218f9221dee9415,,gx-no-cache=1457101182179 HTTP/1.1" 200 3495
192.168.10.98 - - [04/Mar/2016:11:23:50 -0300] "POST /cormun/servlet/trsolicitudot?e03e5b14903f058cc218f9221dee9415,,gx-no-cache=1457101182791 HTTP/1.1" 200 3497
192.168.10.98 - - [04/Mar/2016:11:23:51 -0300] "GET /cormun/servlet/trsolicitudot?b4d676a7add3a786bf19a88b5f1fb82948a474e71fbfb768cf3db13b91bebc2f14bf580abb4fb0b5bf7046dc64930d9b54f1b6496342310f8ef4e293a8eed7fc0ea9447be93ac242c2af5377f8de144b,gx-no-cache=1457101183202 HTTP/1.1" 200 763
192.168.10.98 - - [04/Mar/2016:11:23:53 -0300] "POST /cormun/servlet/trsolicitudot?e03e5b14903f058cc218f9221dee9415,,gx-no-cache=1457101185312 HTTP/1.1" 200 3494
192.168.10.98 - - [04/Mar/2016:11:23:53 -0300] "GET /cormun/servlet/trsolicitudot?b4d676a7add3a786bf19a88b5f1fb8296965564d9a4fd304e26acabc691c669214bf580abb4fb0b5bf7046dc64930d9b54f1b6496342310f8ef4e293a8eed7fc0ea9447be93ac242c2af5377f8de144b,gx-no-cache=1457101185716 HTTP/1.1" 200 761
186.103.156.24 - - [04/Mar/2016:11:23:57 -0300] "POST /cormun/servlet/trsolicitudot?69006fc50a4d9d0a7b1c336f664109a8,,gx-no-cache=1457101576241 HTTP/1.1" 200 3242
192.168.10.98 - - [04/Mar/2016:11:23:57 -0300] "POST /cormun/servlet/trsolicitudot?e03e5b14903f058cc218f9221dee9415,,gx-no-cache=1457101189122 HTTP/1.1" 200 3497
192.168.10.98 - - [04/Mar/2016:11:23:57 -0300] "GET /cormun/servlet/trsolicitudot?b4d676a7add3a786bf19a88b5f1fb82948a474e71fbfb768cf3db13b91bebc2f14bf580abb4fb0b5bf7046dc64930d9b54f1b6496342310f8ef4e293a8eed7fc0ea9447be93ac242c2af5377f8de144b,gx-no-cache=1457101189537 HTTP/1.1" 200 763
192.168.10.98 - - [04/Mar/2016:11:23:59 -0300] "POST /cormun/servlet/trsolicitudot?e03e5b14903f058cc218f9221dee9415,,gx-no-cache=1457101191016 HTTP/1.1" 200 7334
192.168.10.98 - - [04/Mar/2016:11:23:59 -0300] "GET /cormun/servlet/trsolicitudot?b4d676a7add3a786bf19a88b5f1fb829ed36faf64b2ace0751de3f3a0079b6b914bf580abb4fb0b5bf7046dc64930d9b54f1b6496342310f8ef4e293a8eed7fc0ea9447be93ac242c2af5377f8de144b,gx-no-cache=1457101191557 HTTP/1.1" 200 4959
