191.112.101.245 - - [04/Mar/2016:11:02:24 -0300] "GET /cormun/static/about:blank HTTP/1.1" 404 1011
191.112.101.245 - - [04/Mar/2016:11:02:25 -0300] "GET /cormun/servlet/solicitudotadjuntos?INS,2016,464,,1, HTTP/1.1" 200 5466
191.112.101.245 - - [04/Mar/2016:11:02:26 -0300] "GET /cormun/servlet/solicitudotadjuntos?52b00dd4caec65c356e44f0f47c57a899331c7d2b57252c217787b967287fe925c316a8d33e3b79a2323c63ea8f13c6f,gx-no-cache=1457100172047 HTTP/1.1" 200 30
191.112.101.245 - - [04/Mar/2016:11:02:27 -0300] "POST /cormun/servlet/solicitudotadjuntos?428d7be0fbe5204dc772c6c5d6b23893,INS,2016,464,,1,,gx-no-cache=1457100172218 HTTP/1.1" 200 3373
186.67.172.234 - - [04/Mar/2016:11:02:33 -0300] "POST /cormun/servlet/hlogin?221bc8857127817c42400ccd350bfb14,gx-no-cache=1457100204793 HTTP/1.1" 200 90
186.67.172.234 - - [04/Mar/2016:11:02:33 -0300] "GET /cormun/servlet/hpexe_link HTTP/1.1" 200 949
186.67.172.234 - - [04/Mar/2016:11:02:33 -0300] "GET /cormun/static/gxcfg.js?20151120044395 HTTP/1.1" 304 -
186.67.172.234 - - [04/Mar/2016:11:02:33 -0300] "GET /cormun/static/hpexe_link.js?20151120044398 HTTP/1.1" 304 -
186.67.172.234 - - [04/Mar/2016:11:02:33 -0300] "GET /cormun/servlet/hhome HTTP/1.1" 200 3397
186.67.172.234 - - [04/Mar/2016:11:02:33 -0300] "GET /cormun/static/Resources/Spanish/PXTools.css?10515224 HTTP/1.1" 304 -
186.67.172.234 - - [04/Mar/2016:11:02:33 -0300] "GET /cormun/static/gxcfg.js?2015112210564248 HTTP/1.1" 304 -
191.112.101.245 - - [04/Mar/2016:11:02:34 -0300] "POST /cormun/servlet/solicitudotadjuntos?gx-no-cache=1457100179531 HTTP/1.1" 200 26
186.67.172.234 - - [04/Mar/2016:11:02:34 -0300] "GET /cormun/static/hhome.js?2015112210564255 HTTP/1.1" 304 -
186.67.172.234 - - [04/Mar/2016:11:02:34 -0300] "GET /cormun/static/hwchdr01.js?20162241650484 HTTP/1.1" 304 -
186.67.172.234 - - [04/Mar/2016:11:02:34 -0300] "GET /cormun/static/hpexe_recentlink.js?2015111312121342 HTTP/1.1" 304 -
186.67.172.234 - - [04/Mar/2016:11:02:34 -0300] "GET /cormun/static/hpexe_scripts.js?20151120014546 HTTP/1.1" 304 -
186.67.172.234 - - [04/Mar/2016:11:02:34 -0300] "GET /cormun/static/hpexe_messagecontroller.js?2015112210524422 HTTP/1.1" 304 -
186.67.172.234 - - [04/Mar/2016:11:02:34 -0300] "GET /cormun/static/hpexe_messagepopupcomponent.js?20163219454551 HTTP/1.1" 304 -
186.67.172.234 - - [04/Mar/2016:11:02:34 -0300] "GET /cormun/static/cmcontrolpreferences.js?20151120014525 HTTP/1.1" 304 -
186.67.172.234 - - [04/Mar/2016:11:02:34 -0300] "GET /cormun/static/hmpwkw03.js?2016311993330 HTTP/1.1" 304 -
186.67.172.234 - - [04/Mar/2016:11:02:34 -0300] "GET /cormun/static/hpexe_messagegenexuscomponent.js?20151120014314 HTTP/1.1" 304 -
186.67.172.234 - - [04/Mar/2016:11:02:34 -0300] "GET /cormun/servlet/hhome HTTP/1.1" 200 3393
192.168.10.98 - - [04/Mar/2016:11:02:44 -0300] "POST /cormun/servlet/hlogin?e03e5b14903f058cc218f9221dee9415,gx-no-cache=1457099916512 HTTP/1.1" 200 90
192.168.10.98 - - [04/Mar/2016:11:02:44 -0300] "GET /cormun/servlet/hpexe_link HTTP/1.1" 200 947
192.168.10.98 - - [04/Mar/2016:11:02:44 -0300] "GET /cormun/servlet/hhome HTTP/1.1" 200 3431
192.168.10.98 - - [04/Mar/2016:11:02:45 -0300] "GET /cormun/servlet/hhome HTTP/1.1" 200 3427
191.112.101.245 - - [04/Mar/2016:11:02:51 -0300] "GET /cormun/servlet/solicitudotadjuntos?52b00dd4caec65c356e44f0f47c57a89da827183b79bca6c8f1b796a23e4519d,gx-no-cache=1457100196610 HTTP/1.1" 200 30
115.231.222.40 - - [04/Mar/2016:11:02:51 -0300] "GET /cgi-bin/common/attr?id=260714&r=0.6062586902014883 HTTP/1.1" 404 999
191.112.101.245 - - [04/Mar/2016:11:02:51 -0300] "GET /cormun/servlet/solicitudotadjuntos?52b00dd4caec65c356e44f0f47c57a89da827183b79bca6c8f1b796a23e4519d,gx-no-cache=1457100196729 HTTP/1.1" 200 30
191.112.101.245 - - [04/Mar/2016:11:02:53 -0300] "POST /cormun/servlet/solicitudotadjuntos?428d7be0fbe5204dc772c6c5d6b23893,INS,2016,464,,1, HTTP/1.1" 200 116
191.112.101.245 - - [04/Mar/2016:11:02:53 -0300] "GET /cormun/servlet/hpexe_return? HTTP/1.1" 200 1024
191.112.101.245 - - [04/Mar/2016:11:02:54 -0300] "GET /cormun/servlet/trsolicitudadjuntos?2016,464, HTTP/1.1" 200 7748
192.168.10.98 - - [04/Mar/2016:11:02:56 -0300] "GET /cormun/servlet/trsolicitudot? HTTP/1.1" 200 12294
191.112.101.245 - - [04/Mar/2016:11:02:56 -0300] "GET /cormun/servlet/trsolicitudadjuntos?2016,464, HTTP/1.1" 200 7748
192.168.10.98 - - [04/Mar/2016:11:02:57 -0300] "GET /cormun/servlet/trsolicitudot? HTTP/1.1" 200 12292
191.112.101.245 - - [04/Mar/2016:11:02:59 -0300] "GET /cormun/servlet/solicitudotadjuntos?INS,2016,464,,1, HTTP/1.1" 200 5472
191.112.101.245 - - [04/Mar/2016:11:03:00 -0300] "GET /cormun/static/about:blank HTTP/1.1" 404 1011
192.168.10.98 - - [04/Mar/2016:11:03:00 -0300] "POST /cormun/servlet/trsolicitudot?e03e5b14903f058cc218f9221dee9415,,gx-no-cache=1457099932582 HTTP/1.1" 200 10018
192.168.10.98 - - [04/Mar/2016:11:03:01 -0300] "POST /cormun/servlet/trsolicitudot?e03e5b14903f058cc218f9221dee9415,,gx-no-cache=1457099933007 HTTP/1.1" 200 10018
192.168.10.98 - - [04/Mar/2016:11:03:01 -0300] "POST /cormun/servlet/trsolicitudot?e03e5b14903f058cc218f9221dee9415,,gx-no-cache=1457099933468 HTTP/1.1" 200 10018
191.112.101.245 - - [04/Mar/2016:11:03:01 -0300] "GET /cormun/servlet/solicitudotadjuntos?INS,2016,464,,1, HTTP/1.1" 200 5466
192.168.10.98 - - [04/Mar/2016:11:03:02 -0300] "POST /cormun/servlet/trsolicitudot?e03e5b14903f058cc218f9221dee9415,,gx-no-cache=1457099933913 HTTP/1.1" 200 10017
191.112.101.245 - - [04/Mar/2016:11:03:02 -0300] "GET /cormun/servlet/solicitudotadjuntos?52b00dd4caec65c356e44f0f47c57a899331c7d2b57252c217787b967287fe925c316a8d33e3b79a2323c63ea8f13c6f,gx-no-cache=1457100207650 HTTP/1.1" 200 30
191.112.101.245 - - [04/Mar/2016:11:03:02 -0300] "POST /cormun/servlet/solicitudotadjuntos?428d7be0fbe5204dc772c6c5d6b23893,INS,2016,464,,1,,gx-no-cache=1457100207799 HTTP/1.1" 200 3373
192.168.10.98 - - [04/Mar/2016:11:03:14 -0300] "GET /cormun/servlet/vesolicitudot?2016,591,, HTTP/1.1" 200 7557
192.168.10.98 - - [04/Mar/2016:11:03:14 -0300] "GET /cormun/static/gxcfg.js?20163117275080 HTTP/1.1" 200 953
192.168.10.98 - - [04/Mar/2016:11:03:14 -0300] "GET /cormun/static/vesolicitudot.js?20163117275148 HTTP/1.1" 200 6091
192.168.10.98 - - [04/Mar/2016:11:03:14 -0300] "GET /cormun/pexe_scrolldiv.js HTTP/1.1" 404 1009
192.168.10.98 - - [04/Mar/2016:11:03:14 -0300] "GET /cormun/static/tbsolicitudot01.js?20163117273399 HTTP/1.1" 200 27008
192.168.10.98 - - [04/Mar/2016:11:03:14 -0300] "GET /cormun/pexe_scrolldiv.js HTTP/1.1" 404 1009
192.168.10.98 - - [04/Mar/2016:11:03:15 -0300] "GET /cormun/servlet/vesolicitudot?2016,591,, HTTP/1.1" 200 7557
186.103.159.230 - - [04/Mar/2016:11:03:16 -0300] "GET /cormun/servlet/solicitudot?INS,0,0, HTTP/1.1" 200 11444
186.103.159.230 - - [04/Mar/2016:11:03:16 -0300] "GET /cormun/servlet/trsolicitudot?9ad1e0eaf4a122cdde3c6d7a4e23f89f64ae0c79d7f2cbb82c4193ec1af6166645b75c215f9b2788409be78af4a53f098656e7e93e919432ef9cda18e042cd1fceb70fc6883bcfe86f355d17a9f9c1ff9ed07276309a9d1219dba8364e5b1154,gx-no-cache=1457100215937 HTTP/1.1" 200 760
186.103.159.230 - - [04/Mar/2016:11:03:17 -0300] "GET /cormun/servlet/solicitudot?INS,0,0, HTTP/1.1" 200 11449
192.168.10.98 - - [04/Mar/2016:11:03:44 -0300] "POST /cormun/servlet/vesolicitudot?e03e5b14903f058cc218f9221dee9415,2016,591,,,gx-no-cache=1457099976827 HTTP/1.1" 200 93
192.168.10.98 - - [04/Mar/2016:11:03:44 -0300] "GET /cormun/servlet/hpexe_return? HTTP/1.1" 200 1007
192.168.10.98 - - [04/Mar/2016:11:03:45 -0300] "GET /cormun/servlet/trsolicitudot? HTTP/1.1" 200 12296
192.168.10.98 - - [04/Mar/2016:11:03:46 -0300] "GET /cormun/servlet/trsolicitudot? HTTP/1.1" 200 12292
186.103.159.44 - - [04/Mar/2016:11:04:01 -0300] "GET /cormun/servlet/solicitudot?INS,0,0, HTTP/1.1" 200 11454
192.168.10.98 - - [04/Mar/2016:11:04:14 -0300] "POST /cormun/servlet/trsolicitudot?e03e5b14903f058cc218f9221dee9415,,gx-no-cache=1457100006386 HTTP/1.1" 200 10019
192.168.10.98 - - [04/Mar/2016:11:04:14 -0300] "POST /cormun/servlet/trsolicitudot?e03e5b14903f058cc218f9221dee9415,,gx-no-cache=1457100006827 HTTP/1.1" 200 10019
192.168.10.98 - - [04/Mar/2016:11:04:15 -0300] "POST /cormun/servlet/trsolicitudot?e03e5b14903f058cc218f9221dee9415,,gx-no-cache=1457100007294 HTTP/1.1" 200 10019
192.168.10.98 - - [04/Mar/2016:11:04:15 -0300] "POST /cormun/servlet/trsolicitudot?e03e5b14903f058cc218f9221dee9415,,gx-no-cache=1457100007753 HTTP/1.1" 200 10019
192.168.10.98 - - [04/Mar/2016:11:04:16 -0300] "POST /cormun/servlet/trsolicitudot?e03e5b14903f058cc218f9221dee9415,,gx-no-cache=1457100008259 HTTP/1.1" 200 10019
192.168.10.98 - - [04/Mar/2016:11:04:16 -0300] "POST /cormun/servlet/trsolicitudot?e03e5b14903f058cc218f9221dee9415,,gx-no-cache=1457100008839 HTTP/1.1" 200 10019
192.168.10.98 - - [04/Mar/2016:11:04:17 -0300] "POST /cormun/servlet/trsolicitudot?e03e5b14903f058cc218f9221dee9415,,gx-no-cache=1457100009460 HTTP/1.1" 200 10019
192.168.10.98 - - [04/Mar/2016:11:04:18 -0300] "POST /cormun/servlet/trsolicitudot?e03e5b14903f058cc218f9221dee9415,,gx-no-cache=1457100010132 HTTP/1.1" 200 104
192.168.10.98 - - [04/Mar/2016:11:04:18 -0300] "GET /cormun/servlet/solicitudot?UPD,2016,591, HTTP/1.1" 200 12671
192.168.10.98 - - [04/Mar/2016:11:04:19 -0300] "GET /cormun/servlet/solicitudot?UPD,2016,591, HTTP/1.1" 200 12680
192.168.10.98 - - [04/Mar/2016:11:04:19 -0300] "POST /cormun/servlet/solicitudot?gx-no-cache=1457100011690 HTTP/1.1" 200 2773
192.168.10.98 - - [04/Mar/2016:11:04:19 -0300] "POST /cormun/servlet/solicitudot?e03e5b14903f058cc218f9221dee9415,UPD,2016,591,,gx-no-cache=1457100011833 HTTP/1.1" 200 9098
192.168.10.98 - - [04/Mar/2016:11:04:19 -0300] "GET /cormun/servlet/solicitudot?a64f1319e970778e21f9600c5542d98bb14657160a26f134c0ace9a8ff733542d6bc25be7daa7f1348599643ccdec17c,gx-no-cache=1457100012010 HTTP/1.1" 200 30
192.168.10.98 - - [04/Mar/2016:11:04:20 -0300] "POST /cormun/servlet/solicitudot?gx-no-cache=1457100012046 HTTP/1.1" 200 30
192.168.10.98 - - [04/Mar/2016:11:04:20 -0300] "POST /cormun/servlet/solicitudot?gx-no-cache=1457100012067 HTTP/1.1" 200 33
192.168.10.98 - - [04/Mar/2016:11:04:20 -0300] "POST /cormun/servlet/solicitudot?gx-no-cache=1457100012130 HTTP/1.1" 200 1159
192.168.10.98 - - [04/Mar/2016:11:04:20 -0300] "GET /cormun/servlet/solicitudot?a64f1319e970778e21f9600c5542d98bc81ceeba14a4b5a76b6edc880f159cc72af2bdc889da4fc9364f048729d54250769ec19bd8ca8f241560b3b84648da056487aff80acbf9d056eba0d750aead3be539a5955444f81dfd591a019bb59dd2d9e2fc4252b53573e9ab4a12fcfc0ba4a19a3b32bcb6a6d6069a98b12a1c76bfd53d009ce2b3355cbb607fe9ed7cadf9792d76d50800cafd51d30f0c9cae8b0b,gx-no-cache=1457100012226 HTTP/1.1" 200 41
191.112.101.245 - - [04/Mar/2016:11:04:21 -0300] "POST /cormun/servlet/solicitudotadjuntos?gx-no-cache=1457100286618 HTTP/1.1" 200 26
191.112.101.245 - - [04/Mar/2016:11:04:31 -0300] "GET /cormun/servlet/solicitudotadjuntos?52b00dd4caec65c356e44f0f47c57a89da827183b79bca6c8f1b796a23e4519d,gx-no-cache=1457100297176 HTTP/1.1" 200 30
191.112.101.245 - - [04/Mar/2016:11:04:32 -0300] "GET /cormun/servlet/solicitudotadjuntos?52b00dd4caec65c356e44f0f47c57a89da827183b79bca6c8f1b796a23e4519d,gx-no-cache=1457100297299 HTTP/1.1" 200 30
191.112.101.245 - - [04/Mar/2016:11:04:33 -0300] "POST /cormun/servlet/solicitudotadjuntos?428d7be0fbe5204dc772c6c5d6b23893,INS,2016,464,,1, HTTP/1.1" 200 116
191.112.101.245 - - [04/Mar/2016:11:04:33 -0300] "GET /cormun/servlet/hpexe_return? HTTP/1.1" 200 1024
192.168.10.98 - - [04/Mar/2016:11:04:34 -0300] "POST /cormun/servlet/solicitudot?gx-no-cache=1457100026126 HTTP/1.1" 200 30
191.112.101.245 - - [04/Mar/2016:11:04:34 -0300] "GET /cormun/servlet/trsolicitudadjuntos?2016,464, HTTP/1.1" 200 7886
191.112.101.245 - - [04/Mar/2016:11:04:37 -0300] "GET /cormun/servlet/trsolicitudadjuntos?2016,464, HTTP/1.1" 200 7882
191.112.101.245 - - [04/Mar/2016:11:04:40 -0300] "GET /cormun/servlet/solicitudotadjuntos?INS,2016,464,,1, HTTP/1.1" 200 5472
191.112.101.245 - - [04/Mar/2016:11:04:41 -0300] "GET /cormun/static/about:blank HTTP/1.1" 404 1011
191.112.101.245 - - [04/Mar/2016:11:04:43 -0300] "GET /cormun/servlet/solicitudotadjuntos?INS,2016,464,,1, HTTP/1.1" 200 5466
191.112.101.245 - - [04/Mar/2016:11:04:43 -0300] "GET /cormun/servlet/solicitudotadjuntos?52b00dd4caec65c356e44f0f47c57a899331c7d2b57252c217787b967287fe925c316a8d33e3b79a2323c63ea8f13c6f,gx-no-cache=1457100309164 HTTP/1.1" 200 30
191.112.101.245 - - [04/Mar/2016:11:04:44 -0300] "POST /cormun/servlet/solicitudotadjuntos?428d7be0fbe5204dc772c6c5d6b23893,INS,2016,464,,1,,gx-no-cache=1457100309311 HTTP/1.1" 200 3371
191.112.101.245 - - [04/Mar/2016:11:04:46 -0300] "POST /cormun/servlet/solicitudotadjuntos?gx-no-cache=1457100311848 HTTP/1.1" 200 26
192.168.10.98 - - [04/Mar/2016:11:04:49 -0300] "GET /cormun/servlet/prcontratosol?9279153,,,,,MD,,gxPopupLevel%3D0%3B HTTP/1.1" 200 5666
192.168.10.98 - - [04/Mar/2016:11:04:49 -0300] "GET /cormun/static/Resources/Spanish/PXTools.css?1423257 HTTP/1.1" 304 -
192.168.10.98 - - [04/Mar/2016:11:04:49 -0300] "GET /cormun/static/gxcfg.js?2016141247819 HTTP/1.1" 304 -
192.168.10.98 - - [04/Mar/2016:11:04:50 -0300] "GET /cormun/static/prcontratosol.js?2016141247993 HTTP/1.1" 304 -
192.168.10.98 - - [04/Mar/2016:11:04:50 -0300] "GET /cormun/static/hmpwkw011.js?20163117201773 HTTP/1.1" 304 -
191.112.101.245 - - [04/Mar/2016:11:04:50 -0300] "GET /cormun/servlet/solicitudotadjuntos?52b00dd4caec65c356e44f0f47c57a89da827183b79bca6c8f1b796a23e4519d,gx-no-cache=1457100315725 HTTP/1.1" 200 30
191.112.101.245 - - [04/Mar/2016:11:04:50 -0300] "GET /cormun/servlet/solicitudotadjuntos?52b00dd4caec65c356e44f0f47c57a89da827183b79bca6c8f1b796a23e4519d,gx-no-cache=1457100315800 HTTP/1.1" 200 30
191.112.101.245 - - [04/Mar/2016:11:04:52 -0300] "POST /cormun/servlet/solicitudotadjuntos?428d7be0fbe5204dc772c6c5d6b23893,INS,2016,464,,1, HTTP/1.1" 200 116
191.112.101.245 - - [04/Mar/2016:11:04:52 -0300] "GET /cormun/servlet/hpexe_return? HTTP/1.1" 200 1024
191.112.101.245 - - [04/Mar/2016:11:04:54 -0300] "GET /cormun/servlet/trsolicitudadjuntos?2016,464, HTTP/1.1" 200 7977
192.168.10.98 - - [04/Mar/2016:11:04:54 -0300] "POST /cormun/servlet/solicitudot?gx-no-cache=1457100046850 HTTP/1.1" 200 1159
192.168.10.98 - - [04/Mar/2016:11:04:54 -0300] "GET /cormun/servlet/solicitudot?a64f1319e970778e21f9600c5542d98bc81ceeba14a4b5a76b6edc880f159cc72af2bdc889da4fc9364f048729d54250769ec19bd8ca8f241560b3b84648da056487aff80acbf9d056eba0d750aead3be539a5955444f81dfd591a019bb59dd2d9e2fc4252b53573e9ab4a12fcfc0ba4a19a3b32bcb6a6d6069a98b12a1c76bfd53d009ce2b3355cbb607fe9ed7cadf9792d76d50800cafd51d30f0c9cae8b0b,gx-no-cache=1457100046933 HTTP/1.1" 200 41
192.168.10.98 - - [04/Mar/2016:11:04:54 -0300] "GET /cormun/servlet/solicitudot?a64f1319e970778e21f9600c5542d98bf923c851d9d60a9d1661bc82c64a625b76c85ea8acc4a2352ba5d2258910553711dabd0d6d1b4d4654a37a8d8f5eee27d9deda4e9dbf5e844e32893447c92187d43061944736cc8204a2abe837feb354dbfca7eb6ce53e694ee041700bd43128610dd78d1412d8a22dd9cc84deb8fc376bc311f267e5de758f0a5ab99c3fe9e3652fe9aa687de1d06aee2df515bb21df1f7aea40b73d3be7c6d49c1897802c471616b9230b274218b93fb0401cbc1582536812390df001dcad77de3b987fe3d0,gx-no-cache=1457100046979 HTTP/1.1" 200 29
192.168.10.98 - - [04/Mar/2016:11:04:54 -0300] "POST /cormun/servlet/solicitudot?gx-no-cache=1457100047000 HTTP/1.1" 200 1117
191.112.101.245 - - [04/Mar/2016:11:04:56 -0300] "GET /cormun/servlet/trsolicitudadjuntos?2016,464, HTTP/1.1" 200 7977
191.112.101.245 - - [04/Mar/2016:11:05:06 -0300] "GET /cormun/servlet/trsolicitudot? HTTP/1.1" 200 7393
191.112.101.245 - - [04/Mar/2016:11:05:08 -0300] "GET /cormun/servlet/trsolicitudot? HTTP/1.1" 200 7387
186.103.159.44 - - [04/Mar/2016:11:05:10 -0300] "POST /cormun/servlet/solicitudot?gx-no-cache=1457100317578 HTTP/1.1" 200 2779
186.103.159.44 - - [04/Mar/2016:11:05:11 -0300] "POST /cormun/servlet/solicitudot?7a067c42d78a90d22e66ca5a11c77c27,INS,0,0,,gx-no-cache=1457100317782 HTTP/1.1" 200 8419
191.112.101.245 - - [04/Mar/2016:11:05:12 -0300] "POST /cormun/servlet/trsolicitudot?428d7be0fbe5204dc772c6c5d6b23893,,gx-no-cache=1457100337661 HTTP/1.1" 200 4741
191.112.101.245 - - [04/Mar/2016:11:05:13 -0300] "POST /cormun/servlet/trsolicitudot?428d7be0fbe5204dc772c6c5d6b23893,,gx-no-cache=1457100338208 HTTP/1.1" 200 4740
191.112.101.245 - - [04/Mar/2016:11:05:13 -0300] "POST /cormun/servlet/trsolicitudot?428d7be0fbe5204dc772c6c5d6b23893,,gx-no-cache=1457100338785 HTTP/1.1" 200 4741
191.112.101.245 - - [04/Mar/2016:11:05:14 -0300] "POST /cormun/servlet/trsolicitudot?428d7be0fbe5204dc772c6c5d6b23893,,gx-no-cache=1457100339368 HTTP/1.1" 200 4741
191.112.101.245 - - [04/Mar/2016:11:05:14 -0300] "POST /cormun/servlet/trsolicitudot?428d7be0fbe5204dc772c6c5d6b23893,,gx-no-cache=1457100339936 HTTP/1.1" 200 4740
191.112.101.245 - - [04/Mar/2016:11:05:15 -0300] "POST /cormun/servlet/trsolicitudot?428d7be0fbe5204dc772c6c5d6b23893,,gx-no-cache=1457100340502 HTTP/1.1" 200 4740
191.112.101.245 - - [04/Mar/2016:11:05:16 -0300] "POST /cormun/servlet/trsolicitudot?428d7be0fbe5204dc772c6c5d6b23893,,gx-no-cache=1457100341098 HTTP/1.1" 200 4740
191.112.101.245 - - [04/Mar/2016:11:05:16 -0300] "POST /cormun/servlet/trsolicitudot?428d7be0fbe5204dc772c6c5d6b23893,,gx-no-cache=1457100341693 HTTP/1.1" 200 3375
191.112.101.245 - - [04/Mar/2016:11:05:16 -0300] "GET /cormun/static/Shared/jqueryui/images/ui-bg_highlight-soft_100_c6c2c8_1x100.png HTTP/1.1" 404 1117
191.112.101.245 - - [04/Mar/2016:11:05:16 -0300] "GET /cormun/static/Shared/jqueryui/images/ui-icons_8d78a5_256x240.png HTTP/1.1" 404 1089
191.112.101.245 - - [04/Mar/2016:11:05:16 -0300] "GET /cormun/static/Shared/jqueryui/images/ui-icons_82798d_256x240.png HTTP/1.1" 404 1089
191.112.101.245 - - [04/Mar/2016:11:05:17 -0300] "GET /cormun/static/Shared/jqueryui/images/ui-bg_flat_55_fafafa_40x100.png HTTP/1.1" 404 1097
191.112.101.245 - - [04/Mar/2016:11:05:17 -0300] "POST /cormun/servlet/trsolicitudot?428d7be0fbe5204dc772c6c5d6b23893,,gx-no-cache=1457100342480 HTTP/1.1" 200 3232
192.168.10.98 - - [04/Mar/2016:11:05:20 -0300] "GET /cormun/static/menuarrow.gif HTTP/1.1" 404 1015
186.103.159.44 - - [04/Mar/2016:11:05:22 -0300] "GET /cormun/servlet/solicitudot?fa05f6754cb1eb65350a26ae55bd43d886ab574dee0a5db5a465fa10651397b093e09dd0ae5339d37d527cd3c58b8a6e,gx-no-cache=1457100329463 HTTP/1.1" 200 30
186.103.159.44 - - [04/Mar/2016:11:05:22 -0300] "POST /cormun/servlet/solicitudot?gx-no-cache=1457100329519 HTTP/1.1" 200 30
186.103.159.44 - - [04/Mar/2016:11:05:24 -0300] "POST /cormun/servlet/solicitudot?gx-no-cache=1457100331491 HTTP/1.1" 200 30
186.103.159.44 - - [04/Mar/2016:11:05:27 -0300] "POST /cormun/servlet/solicitudot?gx-no-cache=1457100334055 HTTP/1.1" 200 1157
186.103.159.44 - - [04/Mar/2016:11:05:27 -0300] "GET /cormun/servlet/solicitudot?fa05f6754cb1eb65350a26ae55bd43d8cd60b0e0b74dacf3ae745209ed55babe4ab1e18de601e8991274f695c273db692aae52e53f54c3fd61e9cd3a27d385df5ae83205c09c66a8a7b3643248ea784a422375ec4d61d95b7167c6ac890063c73b4b92325e777c1f75a7bc1d159ca27751fd77e0c7dd5ae4a5d04ec62c3da4ade6385270b895443e8d4a4d4b20f524bd,gx-no-cache=1457100334566 HTTP/1.1" 200 38
186.103.159.44 - - [04/Mar/2016:11:05:39 -0300] "GET /cormun/servlet/solicitudot?fa05f6754cb1eb65350a26ae55bd43d8e6da0753358db40c1fcf76406d93f02b593c872285ef5d244a5122e0414045fed7f79ddaa7af1e65035e91fd08869ff44455d58d7a51becb4ce751b4cc2ecd5ea27053667470d84fe860c3fa590322e7adb59ea09327969a4bcfb56d54e3f604c0ee336bb2e31444a7c01505968e82e694a0d99da4429f2b1a54c55f3de09090e9eedf42db5d4e158d2b2fc7f0150e18,gx-no-cache=1457100346548 HTTP/1.1" 200 29
186.103.159.44 - - [04/Mar/2016:11:05:39 -0300] "POST /cormun/servlet/solicitudot?gx-no-cache=1457100346627 HTTP/1.1" 200 1116
186.103.159.44 - - [04/Mar/2016:11:05:40 -0300] "GET /cormun/static/menuarrow.gif HTTP/1.1" 404 1015
192.168.10.98 - - [04/Mar/2016:11:05:40 -0300] "GET /cormun/servlet/solicitudot?a64f1319e970778e21f9600c5542d98b0103398a16da363b0a1bc393795c87f3462f440e617baaca41127df5b9f9c958bff9830f9d0d92a1e5b4891c67cf276a657557d174fb828884ebf8749e2c6b2bb8529d2ce9f59aa4502133492a1f2e55366150ad551706ea451734ab23af9850610dd78d1412d8a22dd9cc84deb8fc376ceb7d421d3a2e872ac3fb749f6cd453d818415bc064ddce830f6a8ee9658cb7e487cce4d0fede254be772e409130430,gx-no-cache=1457100092870 HTTP/1.1" 200 30
192.168.10.98 - - [04/Mar/2016:11:05:40 -0300] "POST /cormun/servlet/solicitudot?e03e5b14903f058cc218f9221dee9415,UPD,2016,591,,gx-no-cache=1457100092903 HTTP/1.1" 200 93
192.168.10.98 - - [04/Mar/2016:11:05:41 -0300] "GET /cormun/servlet/hpexe_return? HTTP/1.1" 200 1009
192.168.10.98 - - [04/Mar/2016:11:05:41 -0300] "GET /cormun/servlet/trsolicitudot? HTTP/1.1" 200 12297
192.168.10.98 - - [04/Mar/2016:11:05:42 -0300] "GET /cormun/servlet/trsolicitudot? HTTP/1.1" 200 12293
186.103.159.44 - - [04/Mar/2016:11:05:56 -0300] "GET /cormun/servlet/solicitudot?fa05f6754cb1eb65350a26ae55bd43d8dd8b2bc8d566db3ac161c575c19aa578539baa34c8bda1b892088cbf15df742700ddb066af830af878fc33aea49646d0f682aa99accdfe763933dffaa0069bf2f3be43954351d9d441f9a91971f4ff7bb79e94eeafd081632120398755fc8742d2c842d7001a75a4c38dca84fb3d372cdbf7a9e84730d720227316e3c52763926e4c9f7e701c712e4c67fc92ac664518abdd7cce6448c26b125fe7c9794b68bf,gx-no-cache=1457100363441 HTTP/1.1" 200 30
186.103.159.44 - - [04/Mar/2016:11:06:15 -0300] "POST /cormun/servlet/solicitudot?7a067c42d78a90d22e66ca5a11c77c27,INS,0,0,,gx-no-cache=1457100382311 HTTP/1.1" 200 93
186.103.159.44 - - [04/Mar/2016:11:06:15 -0300] "GET /cormun/servlet/hpexe_return? HTTP/1.1" 200 1028
186.103.159.44 - - [04/Mar/2016:11:06:16 -0300] "GET /cormun/servlet/trsolicitudot?gx-no-cache=1457097249383 HTTP/1.1" 200 7488
186.103.159.230 - - [04/Mar/2016:11:06:16 -0300] "GET /cormun/servlet/trsolicitudot? HTTP/1.1" 200 6197
186.103.159.230 - - [04/Mar/2016:11:06:17 -0300] "GET /cormun/servlet/trsolicitudot? HTTP/1.1" 200 6196
192.168.10.98 - - [04/Mar/2016:11:06:21 -0300] "POST /cormun/servlet/trsolicitudot?e03e5b14903f058cc218f9221dee9415,,gx-no-cache=1457100133230 HTTP/1.1" 200 10025
192.168.10.98 - - [04/Mar/2016:11:06:21 -0300] "POST /cormun/servlet/trsolicitudot?e03e5b14903f058cc218f9221dee9415,,gx-no-cache=1457100133661 HTTP/1.1" 200 10025
192.168.10.98 - - [04/Mar/2016:11:06:22 -0300] "POST /cormun/servlet/trsolicitudot?e03e5b14903f058cc218f9221dee9415,,gx-no-cache=1457100134162 HTTP/1.1" 200 10025
192.168.10.98 - - [04/Mar/2016:11:06:22 -0300] "POST /cormun/servlet/trsolicitudot?e03e5b14903f058cc218f9221dee9415,,gx-no-cache=1457100134668 HTTP/1.1" 200 10025
192.168.10.98 - - [04/Mar/2016:11:06:23 -0300] "POST /cormun/servlet/trsolicitudot?e03e5b14903f058cc218f9221dee9415,,gx-no-cache=1457100135163 HTTP/1.1" 200 10025
192.168.10.98 - - [04/Mar/2016:11:06:23 -0300] "POST /cormun/servlet/trsolicitudot?e03e5b14903f058cc218f9221dee9415,,gx-no-cache=1457100135737 HTTP/1.1" 200 10025
192.168.10.98 - - [04/Mar/2016:11:06:24 -0300] "POST /cormun/servlet/trsolicitudot?e03e5b14903f058cc218f9221dee9415,,gx-no-cache=1457100136364 HTTP/1.1" 200 10025
192.168.10.98 - - [04/Mar/2016:11:06:25 -0300] "POST /cormun/servlet/trsolicitudot?e03e5b14903f058cc218f9221dee9415,,gx-no-cache=1457100137049 HTTP/1.1" 200 105
192.168.10.98 - - [04/Mar/2016:11:06:25 -0300] "GET /cormun/servlet/solicitudot?UPD,2016,589, HTTP/1.1" 200 12663
192.168.10.98 - - [04/Mar/2016:11:06:26 -0300] "GET /cormun/servlet/solicitudot?UPD,2016,589, HTTP/1.1" 200 12672
192.168.10.98 - - [04/Mar/2016:11:06:26 -0300] "POST /cormun/servlet/solicitudot?gx-no-cache=1457100138568 HTTP/1.1" 200 2773
192.168.10.98 - - [04/Mar/2016:11:06:26 -0300] "POST /cormun/servlet/solicitudot?e03e5b14903f058cc218f9221dee9415,UPD,2016,589,,gx-no-cache=1457100138705 HTTP/1.1" 200 9088
192.168.10.98 - - [04/Mar/2016:11:06:26 -0300] "GET /cormun/servlet/solicitudot?a64f1319e970778e21f9600c5542d98bb14657160a26f134c0ace9a8ff733542d6bc25be7daa7f1348599643ccdec17c,gx-no-cache=1457100138903 HTTP/1.1" 200 30
192.168.10.98 - - [04/Mar/2016:11:06:26 -0300] "POST /cormun/servlet/solicitudot?gx-no-cache=1457100138941 HTTP/1.1" 200 30
192.168.10.98 - - [04/Mar/2016:11:06:26 -0300] "POST /cormun/servlet/solicitudot?gx-no-cache=1457100138962 HTTP/1.1" 200 33
192.168.10.98 - - [04/Mar/2016:11:06:27 -0300] "POST /cormun/servlet/solicitudot?gx-no-cache=1457100139024 HTTP/1.1" 200 1159
192.168.10.98 - - [04/Mar/2016:11:06:27 -0300] "GET /cormun/servlet/solicitudot?a64f1319e970778e21f9600c5542d98bc81ceeba14a4b5a76b6edc880f159cc72af2bdc889da4fc9364f048729d54250769ec19bd8ca8f241560b3b84648da056487aff80acbf9d056eba0d750aead3be539a5955444f81dfd591a019bb59dd2d9e2fc4252b53573e9ab4a12fcfc0ba4a19a3b32bcb6a6d6069a98b12a1c76bfd53d009ce2b3355cbb607fe9ed7cadf9792d76d50800cafd51d30f0c9cae8b0b,gx-no-cache=1457100139119 HTTP/1.1" 200 41
186.103.159.44 - - [04/Mar/2016:11:06:29 -0300] "POST /cormun/servlet/trsolicitudot?7a067c42d78a90d22e66ca5a11c77c27,gx-no-cache=1457097249383,gx-no-cache=1457100395830 HTTP/1.1" 200 4916
186.103.159.44 - - [04/Mar/2016:11:06:29 -0300] "POST /cormun/servlet/trsolicitudot?7a067c42d78a90d22e66ca5a11c77c27,gx-no-cache=1457097249383,gx-no-cache=1457100396210 HTTP/1.1" 200 4916
186.103.159.44 - - [04/Mar/2016:11:06:29 -0300] "POST /cormun/servlet/trsolicitudot?7a067c42d78a90d22e66ca5a11c77c27,gx-no-cache=1457097249383,gx-no-cache=1457100396623 HTTP/1.1" 200 4916
186.103.159.44 - - [04/Mar/2016:11:06:30 -0300] "POST /cormun/servlet/trsolicitudot?7a067c42d78a90d22e66ca5a11c77c27,gx-no-cache=1457097249383,gx-no-cache=1457100397118 HTTP/1.1" 200 4916
186.103.159.44 - - [04/Mar/2016:11:06:30 -0300] "POST /cormun/servlet/trsolicitudot?7a067c42d78a90d22e66ca5a11c77c27,gx-no-cache=1457097249383,gx-no-cache=1457100397684 HTTP/1.1" 200 4916
186.103.159.44 - - [04/Mar/2016:11:06:31 -0300] "POST /cormun/servlet/trsolicitudot?7a067c42d78a90d22e66ca5a11c77c27,gx-no-cache=1457097249383,gx-no-cache=1457100398328 HTTP/1.1" 200 4916
186.103.159.44 - - [04/Mar/2016:11:06:32 -0300] "POST /cormun/servlet/trsolicitudot?7a067c42d78a90d22e66ca5a11c77c27,gx-no-cache=1457097249383,gx-no-cache=1457100399051 HTTP/1.1" 200 4916
192.168.10.98 - - [04/Mar/2016:11:06:36 -0300] "POST /cormun/servlet/solicitudot?gx-no-cache=1457100148342 HTTP/1.1" 200 30
186.103.159.44 - - [04/Mar/2016:11:06:37 -0300] "POST /cormun/servlet/trsolicitudot?7a067c42d78a90d22e66ca5a11c77c27,gx-no-cache=1457097249383,gx-no-cache=1457100399964 HTTP/1.1" 200 3611
186.103.159.44 - - [04/Mar/2016:11:06:38 -0300] "POST /cormun/servlet/trsolicitudot?7a067c42d78a90d22e66ca5a11c77c27,gx-no-cache=1457097249383,gx-no-cache=1457100404811 HTTP/1.1" 200 3463
186.103.159.44 - - [04/Mar/2016:11:06:38 -0300] "GET /cormun/static/Shared/jqueryui/images/ui-icons_8d78a5_256x240.png HTTP/1.1" 404 1089
186.103.159.44 - - [04/Mar/2016:11:06:38 -0300] "GET /cormun/static/Shared/jqueryui/images/ui-bg_flat_55_fafafa_40x100.png HTTP/1.1" 404 1097
186.103.159.44 - - [04/Mar/2016:11:06:38 -0300] "GET /cormun/static/Shared/jqueryui/images/ui-icons_82798d_256x240.png HTTP/1.1" 404 1089
186.103.159.44 - - [04/Mar/2016:11:06:38 -0300] "GET /cormun/static/Shared/jqueryui/images/ui-bg_highlight-soft_100_c6c2c8_1x100.png HTTP/1.1" 404 1117
192.168.10.98 - - [04/Mar/2016:11:06:42 -0300] "GET /cormun/servlet/prcontratosol?9279153,,,,,MD,,gxPopupLevel%3D0%3B HTTP/1.1" 200 5666
186.103.159.230 - - [04/Mar/2016:11:06:46 -0300] "GET /cormun/servlet/trsolicitudot? HTTP/1.1" 200 6196
186.103.159.230 - - [04/Mar/2016:11:06:47 -0300] "GET /cormun/servlet/trsolicitudot? HTTP/1.1" 200 6196
192.168.10.98 - - [04/Mar/2016:11:06:49 -0300] "POST /cormun/servlet/solicitudot?gx-no-cache=1457100161573 HTTP/1.1" 200 1159
192.168.10.98 - - [04/Mar/2016:11:06:49 -0300] "GET /cormun/servlet/solicitudot?a64f1319e970778e21f9600c5542d98bc81ceeba14a4b5a76b6edc880f159cc72af2bdc889da4fc9364f048729d54250769ec19bd8ca8f241560b3b84648da056487aff80acbf9d056eba0d750aead3be539a5955444f81dfd591a019bb59dd2d9e2fc4252b53573e9ab4a12fcfc0ba4a19a3b32bcb6a6d6069a98b12a1c76bfd53d009ce2b3355cbb607fe9ed7cadf9792d76d50800cafd51d30f0c9cae8b0b,gx-no-cache=1457100161658 HTTP/1.1" 200 41
192.168.10.98 - - [04/Mar/2016:11:06:49 -0300] "GET /cormun/servlet/solicitudot?a64f1319e970778e21f9600c5542d98b95a2c47695142214f6ed0d2e50d45b5976c85ea8acc4a2352ba5d2258910553706b901a10ff3001141dfdf33f8ca0789d9deda4e9dbf5e844e32893447c92187d43061944736cc8204a2abe837feb354dbfca7eb6ce53e694ee041700bd43128610dd78d1412d8a22dd9cc84deb8fc376bc311f267e5de758f0a5ab99c3fe9e3652fe9aa687de1d06aee2df515bb21df1f7aea40b73d3be7c6d49c1897802c471616b9230b274218b93fb0401cbc1582536812390df001dcad77de3b987fe3d0,gx-no-cache=1457100161705 HTTP/1.1" 200 29
192.168.10.98 - - [04/Mar/2016:11:06:49 -0300] "POST /cormun/servlet/solicitudot?gx-no-cache=1457100161722 HTTP/1.1" 200 1117
186.103.159.230 - - [04/Mar/2016:11:06:54 -0300] "GET /cormun/servlet/solicitudot?INS,0,0, HTTP/1.1" 200 11444
186.103.159.230 - - [04/Mar/2016:11:06:55 -0300] "GET /cormun/servlet/solicitudot?INS,0,0, HTTP/1.1" 200 11449
192.168.10.98 - - [04/Mar/2016:11:06:56 -0300] "GET /cormun/static/menuarrow.gif HTTP/1.1" 404 1015
186.103.159.230 - - [04/Mar/2016:11:07:05 -0300] "GET /cormun/static/Resources/resize.gif HTTP/1.1" 200 77
186.103.159.230 - - [04/Mar/2016:11:07:06 -0300] "GET /cormun/servlet/prfichaempleado?,MD,,gxPopupLevel%3D0%3B HTTP/1.1" 200 7888
186.103.159.230 - - [04/Mar/2016:11:07:06 -0300] "GET /cormun/static/gxui/gxui-all.css?1917420 HTTP/1.1" 200 2179
186.103.159.230 - - [04/Mar/2016:11:07:06 -0300] "GET /cormun/static/scaMessage/css/jquery-ui.css?104140 HTTP/1.1" 404 1045
186.103.159.230 - - [04/Mar/2016:11:07:06 -0300] "GET /cormun/static/gxcfg.js?201511151625694 HTTP/1.1" 200 953
186.103.159.230 - - [04/Mar/2016:11:07:06 -0300] "GET /cormun/static/prfichaempleado.js?201511151625857 HTTP/1.1" 200 14240
186.103.159.230 - - [04/Mar/2016:11:07:06 -0300] "GET /cormun/static/menusearch.js?20163219454787 HTTP/1.1" 200 1424
186.103.159.230 - - [04/Mar/2016:11:07:06 -0300] "GET /cormun/static/hmpwkw01.js?201511211495945 HTTP/1.1" 200 2037
186.103.159.230 - - [04/Mar/2016:11:07:06 -0300] "GET /cormun/static/Resources/PXToolsMenuSearch.png HTTP/1.1" 200 2914
186.103.159.230 - - [04/Mar/2016:11:07:06 -0300] "GET /cormun/static/Resources/Spanish/PXTools.css?16184758 HTTP/1.1" 200 89042
186.103.159.230 - - [04/Mar/2016:11:07:06 -0300] "GET /cormun/static/Resources/PXToolsMenuSearchCancel.png HTTP/1.1" 200 2972
186.103.159.230 - - [04/Mar/2016:11:07:06 -0300] "GET /cormun/static/Shared/jqueryui/jquery-ui.min-1.8.js HTTP/1.1" 200 213511
186.103.159.230 - - [04/Mar/2016:11:07:30 -0300] "GET /cormun/servlet/prfichaempleado?9ad1e0eaf4a122cdde3c6d7a4e23f89ff23985e960337ebf5c8dd8b54e62fac8cb2324ea593c68c9037aea8b1636f47ca8a3e3a1b866e2d7e566c51deaabd223,gx-no-cache=1457100469369 HTTP/1.1" 200 454
186.103.159.230 - - [04/Mar/2016:11:07:31 -0300] "GET /cormun/servlet/prfichaempleado?9ad1e0eaf4a122cdde3c6d7a4e23f89fcabd3b2cea08566aef0722552b5d6b03ae3001273115d6018c10bf9d0902b90878b106debb2a47319ec5d521c958b081e7e5e3535aea74e36f8ecb2046c8b289,gx-no-cache=1457100470555 HTTP/1.1" 200 475
186.103.159.230 - - [04/Mar/2016:11:07:32 -0300] "GET /cormun/servlet/prfichaempleado?9ad1e0eaf4a122cdde3c6d7a4e23f89fcabd3b2cea08566aef0722552b5d6b03943caef553a0c572eb9366978a12d4e9923cad1cc2eca46a32395d0a98adcd905541ddc924ab05a526922f813c6dea64,gx-no-cache=1457100471725 HTTP/1.1" 200 477
186.103.159.230 - - [04/Mar/2016:11:07:36 -0300] "GET /cormun/servlet/prfichaempleado?9ad1e0eaf4a122cdde3c6d7a4e23f89fcabd3b2cea08566aef0722552b5d6b03009bf76fbcbc83bf2d2cf863006e9d805ca9c6177e9d9f426c2d863906eba7895681e5d3aee452b5241a3fc064084510,gx-no-cache=1457100475205 HTTP/1.1" 200 474
186.103.159.230 - - [04/Mar/2016:11:07:36 -0300] "GET /cormun/servlet/prfichaempleado?9ad1e0eaf4a122cdde3c6d7a4e23f89fcabd3b2cea08566aef0722552b5d6b03d966f6d1eac41085deada6e56212d5d19e1ff1307ed81736785eb490fef703147318c54d92cab2df8993e239d0d08daf,gx-no-cache=1457100475850 HTTP/1.1" 200 475
186.103.159.230 - - [04/Mar/2016:11:07:38 -0300] "GET /cormun/servlet/prfichaempleado?9ad1e0eaf4a122cdde3c6d7a4e23f89fcabd3b2cea08566aef0722552b5d6b03cde7937074c48103e16aa20c3207eb4fc03be880409d4e7296d8918c553ef4095d6cd06288fc4297bd97b0195f1b2c46,gx-no-cache=1457100477210 HTTP/1.1" 200 477
186.103.159.230 - - [04/Mar/2016:11:07:41 -0300] "POST /cormun/servlet/prfichaempleado?062f65f1eddcbc64bc22fdd3c7005cee,,MD,,gxPopupLevel%3D0%3B,gx-no-cache=1457100480562 HTTP/1.1" 200 2859
192.168.10.98 - - [04/Mar/2016:11:07:55 -0300] "GET /cormun/servlet/solicitudot?a64f1319e970778e21f9600c5542d98b0103398a16da363b0a1bc393795c87f3462f440e617baaca41127df5b9f9c958bff9830f9d0d92a1e5b4891c67cf276a657557d174fb828884ebf8749e2c6b2bb8529d2ce9f59aa4502133492a1f2e55366150ad551706ea451734ab23af9850610dd78d1412d8a22dd9cc84deb8fc376ceb7d421d3a2e872ac3fb749f6cd453d818415bc064ddce830f6a8ee9658cb7e487cce4d0fede254be772e409130430,gx-no-cache=1457100227940 HTTP/1.1" 200 30
192.168.10.98 - - [04/Mar/2016:11:07:56 -0300] "POST /cormun/servlet/solicitudot?e03e5b14903f058cc218f9221dee9415,UPD,2016,589,,gx-no-cache=1457100227973 HTTP/1.1" 200 93
192.168.10.98 - - [04/Mar/2016:11:07:56 -0300] "GET /cormun/servlet/hpexe_return? HTTP/1.1" 200 1008
192.168.10.98 - - [04/Mar/2016:11:07:56 -0300] "GET /cormun/servlet/trsolicitudot? HTTP/1.1" 200 12300
192.168.10.98 - - [04/Mar/2016:11:07:57 -0300] "GET /cormun/servlet/trsolicitudot? HTTP/1.1" 200 12295
186.103.159.230 - - [04/Mar/2016:11:08:06 -0300] "POST /cormun/servlet/solicitudot?gx-no-cache=1457100505056 HTTP/1.1" 200 2775
186.103.159.230 - - [04/Mar/2016:11:08:06 -0300] "POST /cormun/servlet/solicitudot?062f65f1eddcbc64bc22fdd3c7005cee,INS,0,0,,gx-no-cache=1457100505318 HTTP/1.1" 200 8424
192.168.10.98 - - [04/Mar/2016:11:08:12 -0300] "POST /cormun/servlet/trsolicitudot?e03e5b14903f058cc218f9221dee9415,,gx-no-cache=1457100244264 HTTP/1.1" 200 10031
192.168.10.98 - - [04/Mar/2016:11:08:12 -0300] "POST /cormun/servlet/trsolicitudot?e03e5b14903f058cc218f9221dee9415,,gx-no-cache=1457100244688 HTTP/1.1" 200 10031
192.168.10.98 - - [04/Mar/2016:11:08:13 -0300] "POST /cormun/servlet/trsolicitudot?e03e5b14903f058cc218f9221dee9415,,gx-no-cache=1457100245235 HTTP/1.1" 200 10031
192.168.10.98 - - [04/Mar/2016:11:08:13 -0300] "POST /cormun/servlet/trsolicitudot?e03e5b14903f058cc218f9221dee9415,,gx-no-cache=1457100245732 HTTP/1.1" 200 10030
192.168.10.98 - - [04/Mar/2016:11:08:14 -0300] "POST /cormun/servlet/trsolicitudot?e03e5b14903f058cc218f9221dee9415,,gx-no-cache=1457100246300 HTTP/1.1" 200 10031
192.168.10.98 - - [04/Mar/2016:11:08:15 -0300] "POST /cormun/servlet/trsolicitudot?e03e5b14903f058cc218f9221dee9415,,gx-no-cache=1457100247060 HTTP/1.1" 200 10031
192.168.10.98 - - [04/Mar/2016:11:08:15 -0300] "POST /cormun/servlet/trsolicitudot?e03e5b14903f058cc218f9221dee9415,,gx-no-cache=1457100247686 HTTP/1.1" 200 10031
192.168.10.98 - - [04/Mar/2016:11:08:16 -0300] "POST /cormun/servlet/trsolicitudot?e03e5b14903f058cc218f9221dee9415,,gx-no-cache=1457100248391 HTTP/1.1" 200 9850
192.168.10.98 - - [04/Mar/2016:11:08:17 -0300] "GET /cormun/static/Shared/jqueryui/images/ui-bg_highlight-soft_100_c6c2c8_1x100.png HTTP/1.1" 404 1117
192.168.10.98 - - [04/Mar/2016:11:08:17 -0300] "GET /cormun/static/Shared/jqueryui/images/ui-bg_flat_55_fafafa_40x100.png HTTP/1.1" 404 1097
192.168.10.98 - - [04/Mar/2016:11:08:17 -0300] "GET /cormun/static/Shared/jqueryui/images/ui-icons_82798d_256x240.png HTTP/1.1" 404 1089
192.168.10.98 - - [04/Mar/2016:11:08:17 -0300] "GET /cormun/static/Shared/jqueryui/images/ui-icons_8d78a5_256x240.png HTTP/1.1" 404 1089
192.168.10.98 - - [04/Mar/2016:11:08:17 -0300] "POST /cormun/servlet/trsolicitudot?e03e5b14903f058cc218f9221dee9415,,gx-no-cache=1457100249114 HTTP/1.1" 200 9789
192.168.10.98 - - [04/Mar/2016:11:08:24 -0300] "POST /cormun/servlet/trsolicitudot?e03e5b14903f058cc218f9221dee9415,,gx-no-cache=1457100255856 HTTP/1.1" 200 9568
186.103.159.230 - - [04/Mar/2016:11:08:24 -0300] "GET /cormun/servlet/solicitudot?fbd8fbda5de1770e770c4b415ff03ba4f655bb508f753115c46ab5656890a05885023d918bc493346cdd555400b8b533,gx-no-cache=1457100523468 HTTP/1.1" 200 30
186.103.159.230 - - [04/Mar/2016:11:08:24 -0300] "POST /cormun/servlet/solicitudot?gx-no-cache=1457100523536 HTTP/1.1" 200 30
186.103.159.230 - - [04/Mar/2016:11:08:24 -0300] "POST /cormun/servlet/solicitudot?gx-no-cache=1457100523583 HTTP/1.1" 200 33
186.103.159.230 - - [04/Mar/2016:11:08:24 -0300] "POST /cormun/servlet/solicitudot?gx-no-cache=1457100523641 HTTP/1.1" 200 1157
186.103.159.230 - - [04/Mar/2016:11:08:24 -0300] "GET /cormun/servlet/solicitudot?fbd8fbda5de1770e770c4b415ff03ba40a376373ee2dbfd19ea63914230bb61f7dc9a462067795888ebfcc3e56a1200fc819e5d4b127f6aabeda64279a120be02a9742e62aa0971b6a6ae56963493c4c9fa21a6db5e14a17de326eb66ef20defff0231c613615d044c5954e593cb6d6c4194625b062137e32568c9b9de4bb7205fa3fd442e0e9d11547bb0014002c9cf,gx-no-cache=1457100523723 HTTP/1.1" 200 38
192.168.10.98 - - [04/Mar/2016:11:08:24 -0300] "POST /cormun/servlet/trsolicitudot?e03e5b14903f058cc218f9221dee9415,,gx-no-cache=1457100256656 HTTP/1.1" 200 9507
186.103.159.230 - - [04/Mar/2016:11:09:24 -0300] "GET /cormun/servlet/solicitudot?fbd8fbda5de1770e770c4b415ff03ba4ab73014c62022b9556202ec7e0329d168d8e20fbe7aa6b18a91c7956fd231610a2f03a55f76c23883350f90bd07b19452a1801ece2a02e7ed84850002b49f521e7663ceeef57daa49b54815a05b906cdb57bbb124effb652fa0ff82357267a98d36e940fc9b14960b4548ec43ed3aea781d7272f59abae8455a40a8d72a0e8d283b0f0dd2eed888be7e6529d387fc769,gx-no-cache=1457100583804 HTTP/1.1" 200 29
186.103.159.230 - - [04/Mar/2016:11:09:28 -0300] "POST /cormun/servlet/solicitudot?gx-no-cache=1457100587483 HTTP/1.1" 200 1116
192.168.10.98 - - [04/Mar/2016:11:09:29 -0300] "GET /cormun/servlet/vesolicitudot?2016,547,, HTTP/1.1" 200 7537
192.168.10.98 - - [04/Mar/2016:11:09:29 -0300] "GET /cormun/pexe_scrolldiv.js HTTP/1.1" 404 1009
192.168.10.98 - - [04/Mar/2016:11:09:29 -0300] "GET /cormun/pexe_scrolldiv.js HTTP/1.1" 404 1009
192.168.10.98 - - [04/Mar/2016:11:09:30 -0300] "GET /cormun/servlet/vesolicitudot?2016,547,, HTTP/1.1" 200 7537
192.168.10.98 - - [04/Mar/2016:11:09:46 -0300] "POST /cormun/servlet/vesolicitudot?e03e5b14903f058cc218f9221dee9415,2016,547,,,gx-no-cache=1457100338232 HTTP/1.1" 200 93
192.168.10.98 - - [04/Mar/2016:11:09:46 -0300] "GET /cormun/servlet/hpexe_return? HTTP/1.1" 200 1007
192.168.10.98 - - [04/Mar/2016:11:09:46 -0300] "GET /cormun/servlet/trsolicitudot? HTTP/1.1" 200 11836
192.168.10.98 - - [04/Mar/2016:11:09:47 -0300] "GET /cormun/servlet/trsolicitudot? HTTP/1.1" 200 11832
186.103.159.189 - - [04/Mar/2016:11:09:52 -0300] "GET /cormun/servlet/hlogin HTTP/1.1" 200 1713
186.103.159.189 - - [04/Mar/2016:11:09:53 -0300] "GET /cormun/static/Resources/Spanish/PXTools.css?005343 HTTP/1.1" 304 -
186.103.159.189 - - [04/Mar/2016:11:09:53 -0300] "GET /cormun/static/gxcfg.js?20151120045111 HTTP/1.1" 304 -
186.103.159.189 - - [04/Mar/2016:11:09:53 -0300] "GET /cormun/static/messages.spa.js?85251 HTTP/1.1" 304 -
186.103.159.189 - - [04/Mar/2016:11:09:53 -0300] "GET /cormun/static/hlogin.js?20151120045126 HTTP/1.1" 304 -
186.103.159.189 - - [04/Mar/2016:11:09:53 -0300] "GET /cormun/servlet/hlogin HTTP/1.1" 200 1723
192.168.10.98 - - [04/Mar/2016:11:10:02 -0300] "POST /cormun/servlet/trsolicitudot?e03e5b14903f058cc218f9221dee9415,,gx-no-cache=1457100353918 HTTP/1.1" 200 9532
192.168.10.98 - - [04/Mar/2016:11:10:02 -0300] "POST /cormun/servlet/trsolicitudot?e03e5b14903f058cc218f9221dee9415,,gx-no-cache=1457100354319 HTTP/1.1" 200 9532
192.168.10.98 - - [04/Mar/2016:11:10:02 -0300] "POST /cormun/servlet/trsolicitudot?e03e5b14903f058cc218f9221dee9415,,gx-no-cache=1457100354735 HTTP/1.1" 200 9533
192.168.10.98 - - [04/Mar/2016:11:10:03 -0300] "POST /cormun/servlet/trsolicitudot?e03e5b14903f058cc218f9221dee9415,,gx-no-cache=1457100355200 HTTP/1.1" 200 9532
192.168.10.98 - - [04/Mar/2016:11:10:03 -0300] "POST /cormun/servlet/trsolicitudot?e03e5b14903f058cc218f9221dee9415,,gx-no-cache=1457100355699 HTTP/1.1" 200 9532
192.168.10.98 - - [04/Mar/2016:11:10:04 -0300] "POST /cormun/servlet/trsolicitudot?e03e5b14903f058cc218f9221dee9415,,gx-no-cache=1457100356344 HTTP/1.1" 200 9532
192.168.10.98 - - [04/Mar/2016:11:10:05 -0300] "POST /cormun/servlet/trsolicitudot?e03e5b14903f058cc218f9221dee9415,,gx-no-cache=1457100356932 HTTP/1.1" 200 9533
192.168.10.98 - - [04/Mar/2016:11:10:05 -0300] "POST /cormun/servlet/trsolicitudot?e03e5b14903f058cc218f9221dee9415,,gx-no-cache=1457100357748 HTTP/1.1" 200 105
192.168.10.98 - - [04/Mar/2016:11:10:05 -0300] "GET /cormun/servlet/solicitudot?UPD,2016,547, HTTP/1.1" 200 12663
192.168.10.98 - - [04/Mar/2016:11:10:06 -0300] "GET /cormun/servlet/solicitudot?UPD,2016,547, HTTP/1.1" 200 12672
186.103.159.230 - - [04/Mar/2016:11:10:06 -0300] "GET /cormun/static/menuarrow.gif HTTP/1.1" 404 1015
192.168.10.98 - - [04/Mar/2016:11:10:07 -0300] "POST /cormun/servlet/solicitudot?gx-no-cache=1457100359279 HTTP/1.1" 200 2754
192.168.10.98 - - [04/Mar/2016:11:10:07 -0300] "POST /cormun/servlet/solicitudot?e03e5b14903f058cc218f9221dee9415,UPD,2016,547,,gx-no-cache=1457100359407 HTTP/1.1" 200 9082
192.168.10.98 - - [04/Mar/2016:11:10:07 -0300] "GET /cormun/servlet/solicitudot?a64f1319e970778e21f9600c5542d98be3addc1b19ab7e6a19aed97ad81d01c360f81e2e057d49dc096bcc201b06a4d4,gx-no-cache=1457100359586 HTTP/1.1" 200 30
192.168.10.98 - - [04/Mar/2016:11:10:07 -0300] "POST /cormun/servlet/solicitudot?gx-no-cache=1457100359626 HTTP/1.1" 200 30
192.168.10.98 - - [04/Mar/2016:11:10:07 -0300] "POST /cormun/servlet/solicitudot?gx-no-cache=1457100359648 HTTP/1.1" 200 30
192.168.10.98 - - [04/Mar/2016:11:10:07 -0300] "POST /cormun/servlet/solicitudot?gx-no-cache=1457100359715 HTTP/1.1" 200 1154
192.168.10.98 - - [04/Mar/2016:11:10:07 -0300] "GET /cormun/servlet/solicitudot?a64f1319e970778e21f9600c5542d98bc81ceeba14a4b5a76b6edc880f159cc72af2bdc889da4fc9364f048729d54250769ec19bd8ca8f241560b3b84648da056487aff80acbf9d056eba0d750aead3be539a5955444f81dfd591a019bb59dd2d9e2fc4252b53573e9ab4a12fcfc0ba4a19a3b32bcb6a6d6069a98b12a1c76bfa153794a0a95d8e7fe191ca874597365,gx-no-cache=1457100359766 HTTP/1.1" 200 38
186.103.159.189 - - [04/Mar/2016:11:10:22 -0300] "POST /cormun/servlet/hlogin?3f05a12279fed320fdf13c2c3864915c,gx-no-cache=1457100649368 HTTP/1.1" 200 90
186.103.159.189 - - [04/Mar/2016:11:10:22 -0300] "GET /cormun/servlet/hpexe_link HTTP/1.1" 200 945
186.103.159.189 - - [04/Mar/2016:11:10:22 -0300] "GET /cormun/static/gxcfg.js?20151120044395 HTTP/1.1" 304 -
186.103.159.189 - - [04/Mar/2016:11:10:22 -0300] "GET /cormun/static/hpexe_link.js?20151120044398 HTTP/1.1" 304 -
186.103.159.189 - - [04/Mar/2016:11:10:22 -0300] "GET /cormun/servlet/hhome HTTP/1.1" 200 3413
186.103.159.189 - - [04/Mar/2016:11:10:22 -0300] "GET /cormun/static/Resources/Spanish/PXTools.css?10515224 HTTP/1.1" 304 -
186.103.159.189 - - [04/Mar/2016:11:10:22 -0300] "GET /cormun/static/gxcfg.js?2015112210564248 HTTP/1.1" 304 -
186.103.159.189 - - [04/Mar/2016:11:10:22 -0300] "GET /cormun/static/hhome.js?2015112210564255 HTTP/1.1" 304 -
186.103.159.189 - - [04/Mar/2016:11:10:22 -0300] "GET /cormun/static/hwchdr01.js?20162241650484 HTTP/1.1" 304 -
186.103.159.189 - - [04/Mar/2016:11:10:22 -0300] "GET /cormun/static/hpexe_scripts.js?20151120014546 HTTP/1.1" 304 -
186.103.159.189 - - [04/Mar/2016:11:10:22 -0300] "GET /cormun/static/hpexe_recentlink.js?2015111312121342 HTTP/1.1" 304 -
186.103.159.189 - - [04/Mar/2016:11:10:22 -0300] "GET /cormun/static/hpexe_messagecontroller.js?2015112210524422 HTTP/1.1" 304 -
186.103.159.189 - - [04/Mar/2016:11:10:22 -0300] "GET /cormun/static/hpexe_messagepopupcomponent.js?20163219454551 HTTP/1.1" 304 -
186.103.159.189 - - [04/Mar/2016:11:10:22 -0300] "GET /cormun/static/cmcontrolpreferences.js?20151120014525 HTTP/1.1" 304 -
186.103.159.189 - - [04/Mar/2016:11:10:22 -0300] "GET /cormun/static/hpexe_messagegenexuscomponent.js?20151120014314 HTTP/1.1" 304 -
186.103.159.189 - - [04/Mar/2016:11:10:22 -0300] "GET /cormun/static/hmpwkw03.js?2016311993330 HTTP/1.1" 304 -
192.168.10.98 - - [04/Mar/2016:11:10:23 -0300] "GET /cormun/servlet/prfichaempleado?,MD,,gxPopupLevel%3D0%3B HTTP/1.1" 200 7887
192.168.10.98 - - [04/Mar/2016:11:10:23 -0300] "GET /cormun/static/scaMessage/css/jquery-ui.css?104140 HTTP/1.1" 404 1045
186.103.159.44 - - [04/Mar/2016:11:10:23 -0300] "GET /cormun/servlet/solicitudot?INS,0,0, HTTP/1.1" 200 11453
186.103.159.189 - - [04/Mar/2016:11:10:24 -0300] "GET /cormun/servlet/hhome HTTP/1.1" 200 3410
192.168.10.98 - - [04/Mar/2016:11:10:31 -0300] "GET /cormun/servlet/prfichaempleado?b4d676a7add3a786bf19a88b5f1fb829e471a79e1806438b986c7df3849860997fbea52f631fb1393a6de153c20e831e2eb4d8e6e31afdfcb3756cfa66636233,gx-no-cache=1457100383489 HTTP/1.1" 200 454
186.103.159.230 - - [04/Mar/2016:11:10:35 -0300] "GET /cormun/servlet/solicitudot?fbd8fbda5de1770e770c4b415ff03ba4b04bc3a00786d731070a9a81597cf8bd772ce20aa2de63b2162df72291f2d8c33f920b219871edd501578cbe98af4396981d59cd843e3578488c4d17cf792235c2aba99d507eb0a9b1b89fd7fc328b0c67966d686f2f7cfee9cce6b668ed309963d9b8c1527fa024ccfb1539b910478e55174547d27438ec6aba636e3078a4e80dc093e85b4b13bd7587b1a43589fa3bbf23af0cde3b90218b15cf5a615ba95f,gx-no-cache=1457100654293 HTTP/1.1" 200 30
192.168.10.98 - - [04/Mar/2016:11:10:35 -0300] "GET /cormun/servlet/prfichaempleado?b4d676a7add3a786bf19a88b5f1fb82972e7faf0275e990695ea2f895d15132035932c4b4e27ca5c7936a9e7f6ef33c95f64ec64eab0390207369b497ae194ec49f9a2d2836b31df32e7e3cb187710d6,gx-no-cache=1457100387420 HTTP/1.1" 200 464
192.168.10.98 - - [04/Mar/2016:11:10:36 -0300] "GET /cormun/servlet/prfichaempleado?b4d676a7add3a786bf19a88b5f1fb82972e7faf0275e990695ea2f895d15132035f2a2ce52a91b1386a27ed40533cfb0b7ac1f47a7a310d97729adb983fca56e81a6eac26331b57b94a09d3a10afc269,gx-no-cache=1457100388200 HTTP/1.1" 200 466
192.168.10.98 - - [04/Mar/2016:11:10:36 -0300] "GET /cormun/servlet/prfichaempleado?b4d676a7add3a786bf19a88b5f1fb82972e7faf0275e990695ea2f895d15132094196685b566395a6ffda8616f986ca5cddc0b45f26910b0c7031d1f4e0fbec43e0441bfe5cc6416380580bc67a0ce87,gx-no-cache=1457100388854 HTTP/1.1" 200 466
186.103.159.189 - - [04/Mar/2016:11:10:37 -0300] "GET /cormun/servlet/trsolicitudot? HTTP/1.1" 200 6173
186.103.159.189 - - [04/Mar/2016:11:10:37 -0300] "GET /cormun/static/Resources/Spanish/PXTools.css?18502099 HTTP/1.1" 304 -
186.103.159.189 - - [04/Mar/2016:11:10:37 -0300] "GET /cormun/static/gxcfg.js?201631185636 HTTP/1.1" 304 -
186.103.159.189 - - [04/Mar/2016:11:10:38 -0300] "GET /cormun/static/trsolicitudot.js?2016311856838 HTTP/1.1" 304 -
192.168.10.98 - - [04/Mar/2016:11:10:39 -0300] "POST /cormun/servlet/prfichaempleado?e03e5b14903f058cc218f9221dee9415,,MD,,gxPopupLevel%3D0%3B,gx-no-cache=1457100391120 HTTP/1.1" 200 2858
186.103.159.189 - - [04/Mar/2016:11:10:40 -0300] "GET /cormun/servlet/trsolicitudot? HTTP/1.1" 200 6173
192.168.10.98 - - [04/Mar/2016:11:10:46 -0300] "POST /cormun/servlet/solicitudot?gx-no-cache=1457100398236 HTTP/1.1" 200 1157
192.168.10.98 - - [04/Mar/2016:11:10:50 -0300] "GET /cormun/static/menuarrow.gif HTTP/1.1" 404 1015
186.103.159.230 - - [04/Mar/2016:11:11:22 -0300] "POST /cormun/servlet/solicitudot?gx-no-cache=1457100700740 HTTP/1.1" 200 30
192.168.10.98 - - [04/Mar/2016:11:11:25 -0300] "GET /cormun/servlet/prlicenciaspermisos?5585317,L,,MD,,gxPopupLevel%3D0%3B HTTP/1.1" 200 5265
192.168.10.98 - - [04/Mar/2016:11:11:25 -0300] "GET /cormun/static/gxcfg.js?201616231591 HTTP/1.1" 200 953
192.168.10.98 - - [04/Mar/2016:11:11:25 -0300] "GET /cormun/static/Resources/Spanish/PXTools.css?17554516 HTTP/1.1" 200 89042
192.168.10.98 - - [04/Mar/2016:11:11:25 -0300] "GET /cormun/static/prlicenciaspermisos.js?201616231727 HTTP/1.1" 200 12559
192.168.10.98 - - [04/Mar/2016:11:11:27 -0300] "POST /cormun/servlet/acontrolpreferencessavestate?None,GBARRIOS,true HTTP/1.1" 200 35
186.103.159.230 - - [04/Mar/2016:11:11:28 -0300] "POST /cormun/servlet/solicitudot?gx-no-cache=1457100707921 HTTP/1.1" 200 1157
186.103.159.230 - - [04/Mar/2016:11:11:28 -0300] "GET /cormun/servlet/solicitudot?fbd8fbda5de1770e770c4b415ff03ba40a376373ee2dbfd19ea63914230bb61f7dc9a462067795888ebfcc3e56a1200fc819e5d4b127f6aabeda64279a120be02a9742e62aa0971b6a6ae56963493c4c9fa21a6db5e14a17de326eb66ef20defff0231c613615d044c5954e593cb6d6c4194625b062137e32568c9b9de4bb720920590037185014a4586bd3d85836dd92d8bc9ca4ba07bfefbef2da9a01577ac,gx-no-cache=1457100708039 HTTP/1.1" 200 41
186.103.159.230 - - [04/Mar/2016:11:11:28 -0300] "POST /cormun/servlet/solicitudot?gx-no-cache=1457100708097 HTTP/1.1" 200 1116
186.103.159.230 - - [04/Mar/2016:11:11:29 -0300] "GET /cormun/servlet/solicitudot?fbd8fbda5de1770e770c4b415ff03ba4b04bc3a00786d731070a9a81597cf8bd772ce20aa2de63b2162df72291f2d8c33f920b219871edd501578cbe98af4396981d59cd843e3578488c4d17cf792235c2aba99d507eb0a9b1b89fd7fc328b0c67966d686f2f7cfee9cce6b668ed309963d9b8c1527fa024ccfb1539b910478e55174547d27438ec6aba636e3078a4e80dc093e85b4b13bd7587b1a43589fa3bbf23af0cde3b90218b15cf5a615ba95f,gx-no-cache=1457100708159 HTTP/1.1" 200 30
186.103.159.230 - - [04/Mar/2016:11:11:29 -0300] "POST /cormun/servlet/solicitudot?062f65f1eddcbc64bc22fdd3c7005cee,INS,0,0,,gx-no-cache=1457100708212 HTTP/1.1" 200 93
186.103.159.230 - - [04/Mar/2016:11:11:29 -0300] "GET /cormun/servlet/hpexe_return? HTTP/1.1" 200 1008
186.103.159.230 - - [04/Mar/2016:11:11:29 -0300] "GET /cormun/static/gxcfg.js?2015111312145050 HTTP/1.1" 200 953
186.103.159.230 - - [04/Mar/2016:11:11:29 -0300] "GET /cormun/static/hpexe_return.js?2015111312145056 HTTP/1.1" 200 1633
186.103.159.230 - - [04/Mar/2016:11:11:29 -0300] "GET /cormun/static/Resources/Spanish/PXTools.css?12112540 HTTP/1.1" 200 89042
186.103.159.230 - - [04/Mar/2016:11:11:29 -0300] "GET /cormun/servlet/trsolicitudot HTTP/1.1" 200 7496
186.103.159.230 - - [04/Mar/2016:11:11:30 -0300] "GET /cormun//static/Resources/PXToolsGridUpdate.png HTTP/1.1" 200 2984
186.103.159.230 - - [04/Mar/2016:11:11:30 -0300] "GET /cormun//static/Resources/PXToolsActionView.png HTTP/1.1" 200 2995
186.103.159.230 - - [04/Mar/2016:11:11:30 -0300] "GET /cormun//static/Resources/PXToolsGridDelete.png HTTP/1.1" 200 357
186.103.159.230 - - [04/Mar/2016:11:11:30 -0300] "GET /cormun//static/Resources/PXToolsRemoveAllAction.png HTTP/1.1" 200 3558
