192.168.10.98 - - [04/Mar/2016:10:56:15 -0300] "GET /cormun/pexe_scrolldiv.js HTTP/1.1" 404 1009
192.168.10.98 - - [04/Mar/2016:10:56:15 -0300] "GET /cormun/servlet/veautorizarsolicitud?2016,590,, HTTP/1.1" 200 7597
192.168.10.98 - - [04/Mar/2016:10:56:25 -0300] "POST /cormun/servlet/veautorizarsolicitud?e03e5b14903f058cc218f9221dee9415,2016,590,,,gx-no-cache=1457099537103 HTTP/1.1" 200 93
192.168.10.98 - - [04/Mar/2016:10:56:25 -0300] "GET /cormun/servlet/hpexe_return? HTTP/1.1" 200 1013
192.168.10.98 - - [04/Mar/2016:10:56:25 -0300] "GET /cormun/servlet/trautorizarsolicitud? HTTP/1.1" 200 7477
192.168.10.98 - - [04/Mar/2016:10:56:26 -0300] "GET /cormun/servlet/trautorizarsolicitud? HTTP/1.1" 200 7473
186.103.159.44 - - [04/Mar/2016:10:56:39 -0300] "POST /cormun/servlet/solicitudot?gx-no-cache=1457099806357 HTTP/1.1" 200 30
186.103.159.44 - - [04/Mar/2016:10:57:11 -0300] "POST /cormun/servlet/solicitudot?gx-no-cache=1457099838478 HTTP/1.1" 200 30
186.103.159.44 - - [04/Mar/2016:10:57:14 -0300] "POST /cormun/servlet/solicitudot?gx-no-cache=1457099840915 HTTP/1.1" 200 452
186.103.159.44 - - [04/Mar/2016:10:57:14 -0300] "GET /cormun/servlet/solicitudot?fa05f6754cb1eb65350a26ae55bd43d8cd60b0e0b74dacf3ae745209ed55babe4ab1e18de601e8991274f695c273db692aae52e53f54c3fd61e9cd3a27d385df5ae83205c09c66a8a7b3643248ea784a422375ec4d61d95b7167c6ac890063c73b4b92325e777c1f75a7bc1d159ca27751fd77e0c7dd5ae4a5d04ec62c3da4ade6385270b895443e8d4a4d4b20f524bd,gx-no-cache=1457099840980 HTTP/1.1" 200 38
186.103.159.44 - - [04/Mar/2016:10:57:38 -0300] "GET /cormun/servlet/solicitudot?fa05f6754cb1eb65350a26ae55bd43d8e6da0753358db40c1fcf76406d93f02b593c872285ef5d244a5122e0414045fec78a5b972d238e6ef4ba4669e0b72240d5b8b0a1004337bb75e8519cc1f8bd12c9e0898ec3e396b2ae7164a3ebd339f0aeea0b28668f2e9fbaf4a4de7e6fd93d,gx-no-cache=1457099865612 HTTP/1.1" 200 29
186.103.159.44 - - [04/Mar/2016:10:57:39 -0300] "POST /cormun/servlet/solicitudot?gx-no-cache=1457099866735 HTTP/1.1" 200 1116
186.103.157.98 - - [04/Mar/2016:10:57:49 -0300] "GET /cormun/servlet/hlogin HTTP/1.1" 200 1723
186.103.157.98 - - [04/Mar/2016:10:57:50 -0300] "GET /cormun/static/gxcfg.js?20151120045111 HTTP/1.1" 200 953
186.103.157.98 - - [04/Mar/2016:10:57:50 -0300] "GET /cormun/static/Resources/Spanish/PXTools.css?005343 HTTP/1.1" 200 89042
186.103.157.98 - - [04/Mar/2016:10:57:50 -0300] "GET /cormun/static/hlogin.js?20151120045126 HTTP/1.1" 200 2136
186.103.157.98 - - [04/Mar/2016:10:57:50 -0300] "GET /cormun/static/messages.spa.js?85251 HTTP/1.1" 200 30736
186.103.157.98 - - [04/Mar/2016:10:57:50 -0300] "GET /cormun/servlet/hlogin HTTP/1.1" 200 1730
186.103.157.98 - - [04/Mar/2016:10:57:52 -0300] "POST /cormun/servlet/hlogin?d355115e45519160f3b9a0de750b38b7,gx-no-cache=1457099921141 HTTP/1.1" 200 90
186.103.157.98 - - [04/Mar/2016:10:57:52 -0300] "GET /cormun/servlet/hpexe_link HTTP/1.1" 200 953
186.103.157.98 - - [04/Mar/2016:10:57:52 -0300] "GET /cormun/static/hpexe_link.js?20151120044398 HTTP/1.1" 200 625
186.103.157.98 - - [04/Mar/2016:10:57:52 -0300] "GET /cormun/static/gxcfg.js?20151120044395 HTTP/1.1" 200 953
186.103.157.98 - - [04/Mar/2016:10:57:52 -0300] "GET /cormun/servlet/hhome HTTP/1.1" 200 3440
186.103.157.98 - - [04/Mar/2016:10:57:52 -0300] "GET /cormun/static/gxcfg.js?2015112210564248 HTTP/1.1" 200 953
186.103.157.98 - - [04/Mar/2016:10:57:52 -0300] "GET /cormun/static/hhome.js?2015112210564255 HTTP/1.1" 200 777
186.103.157.98 - - [04/Mar/2016:10:57:52 -0300] "GET /cormun/static/hwchdr01.js?20162241650484 HTTP/1.1" 200 1183
186.103.157.98 - - [04/Mar/2016:10:57:52 -0300] "GET /cormun/static/hpexe_recentlink.js?2015111312121342 HTTP/1.1" 200 2144
186.103.157.98 - - [04/Mar/2016:10:57:52 -0300] "GET /cormun/static/hpexe_scripts.js?20151120014546 HTTP/1.1" 200 1544
186.103.157.98 - - [04/Mar/2016:10:57:52 -0300] "GET /cormun/static/Resources/Spanish/PXTools.css?10515224 HTTP/1.1" 200 89042
186.103.157.98 - - [04/Mar/2016:10:57:52 -0300] "GET /cormun/static/hpexe_messagegenexuscomponent.js?20151120014314 HTTP/1.1" 200 587
186.103.157.98 - - [04/Mar/2016:10:57:52 -0300] "GET /cormun/static/hpexe_messagecontroller.js?2015112210524422 HTTP/1.1" 200 870
186.103.157.98 - - [04/Mar/2016:10:57:52 -0300] "GET /cormun/static/hpexe_messagepopupcomponent.js?20163219454551 HTTP/1.1" 200 605
186.103.157.98 - - [04/Mar/2016:10:57:52 -0300] "GET /cormun/static/cmcontrolpreferences.js?20151120014525 HTTP/1.1" 200 1375
186.103.157.98 - - [04/Mar/2016:10:57:52 -0300] "GET /cormun/static/hmpwkw03.js?2016311993330 HTTP/1.1" 200 3898
186.103.157.98 - - [04/Mar/2016:10:57:53 -0300] "GET /cormun/servlet/hhome HTTP/1.1" 200 3437
186.103.157.98 - - [04/Mar/2016:10:57:58 -0300] "GET /cormun/servlet/trsolicitudot? HTTP/1.1" 200 6201
186.103.157.98 - - [04/Mar/2016:10:57:58 -0300] "GET /cormun/static/gxcfg.js?201631185636 HTTP/1.1" 200 953
186.103.157.98 - - [04/Mar/2016:10:57:59 -0300] "GET /cormun/static/Resources/Spanish/PXTools.css?18502099 HTTP/1.1" 200 89042
186.103.157.98 - - [04/Mar/2016:10:57:59 -0300] "GET /cormun/static/trsolicitudot.js?2016311856838 HTTP/1.1" 200 45326
186.103.157.98 - - [04/Mar/2016:10:57:59 -0300] "GET /cormun/servlet/trsolicitudot? HTTP/1.1" 200 6201
186.103.159.44 - - [04/Mar/2016:10:58:20 -0300] "GET /cormun/servlet/solicitudot?fa05f6754cb1eb65350a26ae55bd43d8c98470e5901dffc12d00c3e0e57820b234a42dd0a33e81b6ab24e5169751b545d1b960ce5d09c341171fe4a50766ba0b797c4cc6acb25d94d1bfb1c67e478c831b4fda1d97ddf5c187b89480ba564cd1bf54fa30d83116b2b4f1f5cfac866cbab1c1301e2047b261e0eed143b8c32f44b94cb691ff0323747009763967693faf4d22310c868cbfff1fef72b5985e063d31dc992c97885bead695266a8735b874,gx-no-cache=1457099907782 HTTP/1.1" 200 30
186.103.159.44 - - [04/Mar/2016:10:58:31 -0300] "POST /cormun/servlet/solicitudot?7a067c42d78a90d22e66ca5a11c77c27,INS,0,0,,gx-no-cache=1457099917973 HTTP/1.1" 200 9251
186.103.159.44 - - [04/Mar/2016:10:58:31 -0300] "GET /cormun/static/Shared/jqueryui/images/ui-icons_ebccce_256x240.png HTTP/1.1" 404 1089
186.103.159.44 - - [04/Mar/2016:10:58:31 -0300] "GET /cormun/static/Shared/jqueryui/images/ui-bg_flat_55_994d53_40x100.png HTTP/1.1" 404 1097
186.103.159.44 - - [04/Mar/2016:10:58:31 -0300] "GET /cormun/static/Shared/jqueryui/images/ui-icons_82798d_256x240.png HTTP/1.1" 404 1089
186.103.159.44 - - [04/Mar/2016:10:58:31 -0300] "GET /cormun/static/Shared/jqueryui/images/ui-bg_highlight-soft_100_c6c2c8_1x100.png HTTP/1.1" 404 1117
192.168.10.98 - - [04/Mar/2016:10:58:50 -0300] "GET /cormun/servlet/trsolicitudot? HTTP/1.1" 200 6221
192.168.10.98 - - [04/Mar/2016:10:58:51 -0300] "GET /cormun/servlet/trsolicitudot? HTTP/1.1" 200 6221
186.103.159.230 - - [04/Mar/2016:10:58:57 -0300] "GET /cormun/servlet/hlogin HTTP/1.1" 200 1720
186.103.159.230 - - [04/Mar/2016:10:58:57 -0300] "GET /cormun/static/gxtimezone.js?85251 HTTP/1.1" 200 5781
186.103.159.230 - - [04/Mar/2016:10:58:57 -0300] "GET /cormun/static/gxcfg.js?20151120045111 HTTP/1.1" 200 953
186.103.159.230 - - [04/Mar/2016:10:58:57 -0300] "GET /cormun/static/hlogin.js?20151120045126 HTTP/1.1" 200 2136
186.103.159.230 - - [04/Mar/2016:10:58:57 -0300] "GET /cormun/static/messages.spa.js?85251 HTTP/1.1" 200 30736
186.103.159.230 - - [04/Mar/2016:10:58:57 -0300] "GET /cormun/static/Resources/ComunLogin.png HTTP/1.1" 200 17326
186.103.159.230 - - [04/Mar/2016:10:58:57 -0300] "GET /cormun/static/Resources/Spanish/PXTools.css?005343 HTTP/1.1" 200 89042
186.103.159.230 - - [04/Mar/2016:10:58:57 -0300] "GET /cormun/static/gxgral.js?85251 HTTP/1.1" 200 384558
186.103.159.230 - - [04/Mar/2016:10:58:57 -0300] "GET /cormun/static/Resources/PXToolsLoginBackground.png HTTP/1.1" 200 1164
186.103.159.230 - - [04/Mar/2016:10:58:57 -0300] "GET /cormun/static/Resources/PXToolsLoginTop.png HTTP/1.1" 200 1337
186.103.159.230 - - [04/Mar/2016:10:58:57 -0300] "GET /cormun/static/Resources/PXToolsButtonRight21.png HTTP/1.1" 200 1283
186.103.159.230 - - [04/Mar/2016:10:58:57 -0300] "GET /cormun/static/Resources/PXToolsButtonBackground2.png HTTP/1.1" 200 1181
186.103.159.230 - - [04/Mar/2016:10:58:57 -0300] "GET /cormun/static/Resources/PXToolsLoginBottom.png HTTP/1.1" 200 1389
186.103.159.230 - - [04/Mar/2016:10:58:57 -0300] "GET /cormun/static/Resources/PXToolsButtonLeft21.png HTTP/1.1" 200 1287
186.103.159.230 - - [04/Mar/2016:10:58:57 -0300] "GET /cormun/static/Resources/indicator.gif HTTP/1.1" 200 1553
186.103.159.230 - - [04/Mar/2016:10:58:57 -0300] "GET /cormun/servlet/hlogin HTTP/1.1" 200 1731
192.168.10.98 - - [04/Mar/2016:10:59:01 -0300] "GET /cormun/static/menuarrow.gif HTTP/1.1" 404 1015
186.103.159.44 - - [04/Mar/2016:10:59:11 -0300] "POST /cormun/servlet/solicitudot?gx-no-cache=1457099957801 HTTP/1.1" 200 30
186.103.159.44 - - [04/Mar/2016:10:59:11 -0300] "POST /cormun/servlet/solicitudot?gx-no-cache=1457099957900 HTTP/1.1" 200 1153
186.103.159.44 - - [04/Mar/2016:10:59:11 -0300] "GET /cormun/servlet/solicitudot?fa05f6754cb1eb65350a26ae55bd43d8cd60b0e0b74dacf3ae745209ed55babe4ab1e18de601e8991274f695c273db692aae52e53f54c3fd61e9cd3a27d385df5ae83205c09c66a8a7b3643248ea784a422375ec4d61d95b7167c6ac890063c73b4b92325e777c1f75a7bc1d159ca27751fd77e0c7dd5ae4a5d04ec62c3da4ad6ee6733117bd05b1da61f8c9676e775d9d2e25fda4e26b6a273702fc1f7d76bd,gx-no-cache=1457099957964 HTTP/1.1" 200 41
186.103.159.44 - - [04/Mar/2016:10:59:11 -0300] "POST /cormun/servlet/solicitudot?gx-no-cache=1457099958009 HTTP/1.1" 200 1116
192.168.10.98 - - [04/Mar/2016:10:59:11 -0300] "POST /cormun/servlet/trsolicitudot?e03e5b14903f058cc218f9221dee9415,,gx-no-cache=1457099703168 HTTP/1.1" 200 5260
186.103.159.44 - - [04/Mar/2016:10:59:11 -0300] "GET /cormun/servlet/solicitudot?fa05f6754cb1eb65350a26ae55bd43d8c98470e5901dffc12d00c3e0e57820b234a42dd0a33e81b6ab24e5169751b545d1b960ce5d09c341171fe4a50766ba0b797c4cc6acb25d94d1bfb1c67e478c831b4fda1d97ddf5c187b89480ba564cd1bf54fa30d83116b2b4f1f5cfac866cbab1c1301e2047b261e0eed143b8c32f44b94cb691ff0323747009763967693faf4d22310c868cbfff1fef72b5985e063d31dc992c97885bead695266a8735b874,gx-no-cache=1457099958098 HTTP/1.1" 200 30
192.168.10.98 - - [04/Mar/2016:10:59:11 -0300] "POST /cormun/servlet/trsolicitudot?e03e5b14903f058cc218f9221dee9415,,gx-no-cache=1457099703443 HTTP/1.1" 200 5261
186.103.159.44 - - [04/Mar/2016:10:59:11 -0300] "POST /cormun/servlet/solicitudot?7a067c42d78a90d22e66ca5a11c77c27,INS,0,0,,gx-no-cache=1457099958152 HTTP/1.1" 200 93
186.103.159.44 - - [04/Mar/2016:10:59:11 -0300] "GET /cormun/servlet/hpexe_return? HTTP/1.1" 200 1028
192.168.10.98 - - [04/Mar/2016:10:59:11 -0300] "POST /cormun/servlet/trsolicitudot?e03e5b14903f058cc218f9221dee9415,,gx-no-cache=1457099703670 HTTP/1.1" 200 5261
192.168.10.98 - - [04/Mar/2016:10:59:11 -0300] "POST /cormun/servlet/trsolicitudot?e03e5b14903f058cc218f9221dee9415,,gx-no-cache=1457099703872 HTTP/1.1" 200 5261
186.103.159.44 - - [04/Mar/2016:10:59:12 -0300] "GET /cormun/servlet/trsolicitudot?gx-no-cache=1457097249383 HTTP/1.1" 200 7496
186.103.159.44 - - [04/Mar/2016:10:59:16 -0300] "POST /cormun/servlet/trsolicitudot?7a067c42d78a90d22e66ca5a11c77c27,gx-no-cache=1457097249383,gx-no-cache=1457099963106 HTTP/1.1" 200 4921
186.103.159.44 - - [04/Mar/2016:10:59:16 -0300] "POST /cormun/servlet/trsolicitudot?7a067c42d78a90d22e66ca5a11c77c27,gx-no-cache=1457097249383,gx-no-cache=1457099963474 HTTP/1.1" 200 4921
186.103.159.44 - - [04/Mar/2016:10:59:17 -0300] "POST /cormun/servlet/trsolicitudot?7a067c42d78a90d22e66ca5a11c77c27,gx-no-cache=1457097249383,gx-no-cache=1457099963924 HTTP/1.1" 200 4921
186.103.159.44 - - [04/Mar/2016:10:59:17 -0300] "POST /cormun/servlet/trsolicitudot?7a067c42d78a90d22e66ca5a11c77c27,gx-no-cache=1457097249383,gx-no-cache=1457099964391 HTTP/1.1" 200 4921
186.103.159.44 - - [04/Mar/2016:10:59:18 -0300] "POST /cormun/servlet/trsolicitudot?7a067c42d78a90d22e66ca5a11c77c27,gx-no-cache=1457097249383,gx-no-cache=1457099964982 HTTP/1.1" 200 4921
186.103.159.44 - - [04/Mar/2016:10:59:19 -0300] "POST /cormun/servlet/trsolicitudot?7a067c42d78a90d22e66ca5a11c77c27,gx-no-cache=1457097249383,gx-no-cache=1457099965624 HTTP/1.1" 200 4921
186.103.159.44 - - [04/Mar/2016:10:59:20 -0300] "POST /cormun/servlet/trsolicitudot?7a067c42d78a90d22e66ca5a11c77c27,gx-no-cache=1457097249383,gx-no-cache=1457099966741 HTTP/1.1" 200 4921
186.103.159.44 - - [04/Mar/2016:10:59:24 -0300] "POST /cormun/servlet/trsolicitudot?7a067c42d78a90d22e66ca5a11c77c27,gx-no-cache=1457097249383,gx-no-cache=1457099967543 HTTP/1.1" 200 106
186.103.159.44 - - [04/Mar/2016:10:59:25 -0300] "GET /cormun/servlet/trsolicitudadjuntos?2016,592, HTTP/1.1" 200 5386
186.103.159.44 - - [04/Mar/2016:10:59:25 -0300] "GET /cormun/static/gxcfg.js?2016311731090 HTTP/1.1" 304 -
186.103.159.44 - - [04/Mar/2016:10:59:25 -0300] "GET /cormun/static/trsolicitudadjuntos.js?2016311731342 HTTP/1.1" 304 -
191.112.101.245 - - [04/Mar/2016:10:59:28 -0300] "GET /cormun/static/menuarrow.gif HTTP/1.1" 404 1015
192.168.10.98 - - [04/Mar/2016:10:59:28 -0300] "POST /cormun/servlet/trsolicitudot?e03e5b14903f058cc218f9221dee9415,,gx-no-cache=1457099720220 HTTP/1.1" 200 3505
192.168.10.98 - - [04/Mar/2016:10:59:28 -0300] "GET /cormun/servlet/trsolicitudot?b4d676a7add3a786bf19a88b5f1fb829ed36faf64b2ace0751de3f3a0079b6b993a4f8b2f5d423b2a08100cf634fcf72151a4c6103ac91ccedd3ed9e12223ed6fc04f21e17823e4d08a379e97758e25432b635bd07d9a549a759f87a1dc8d755,gx-no-cache=1457099720631 HTTP/1.1" 200 775
186.103.159.44 - - [04/Mar/2016:10:59:28 -0300] "GET /cormun/servlet/solicitudotadjuntos?INS,2016,592,,1, HTTP/1.1" 200 5451
186.103.159.44 - - [04/Mar/2016:10:59:29 -0300] "GET /cormun/static/gxcfg.js?2016311984045 HTTP/1.1" 304 -
186.103.159.44 - - [04/Mar/2016:10:59:29 -0300] "HEAD /cormun/static/about:blank HTTP/1.1" 404 -
186.103.159.44 - - [04/Mar/2016:10:59:29 -0300] "GET /cormun/static/solicitudotadjuntos.js?2016311984068 HTTP/1.1" 304 -
186.103.159.44 - - [04/Mar/2016:10:59:30 -0300] "GET /cormun/servlet/solicitudotadjuntos?fa05f6754cb1eb65350a26ae55bd43d8accede8ad6ba0723dfd0f636288c2fcb9d2e25fda4e26b6a273702fc1f7d76bd,gx-no-cache=1457099977395 HTTP/1.1" 200 30
186.103.159.44 - - [04/Mar/2016:10:59:30 -0300] "POST /cormun/servlet/solicitudotadjuntos?7a067c42d78a90d22e66ca5a11c77c27,INS,2016,592,,1,,gx-no-cache=1457099977433 HTTP/1.1" 200 3354
192.168.10.98 - - [04/Mar/2016:10:59:31 -0300] "POST /cormun/servlet/trsolicitudot?e03e5b14903f058cc218f9221dee9415,,gx-no-cache=1457099723129 HTTP/1.1" 200 3505
192.168.10.98 - - [04/Mar/2016:10:59:31 -0300] "GET /cormun/servlet/trsolicitudot?b4d676a7add3a786bf19a88b5f1fb82948a474e71fbfb768cf3db13b91bebc2f7e604dcd1f3866b606e388576686c771151a4c6103ac91ccedd3ed9e12223ed6fc04f21e17823e4d08a379e97758e25432b635bd07d9a549a759f87a1dc8d755,gx-no-cache=1457099723540 HTTP/1.1" 200 774
191.112.101.245 - - [04/Mar/2016:10:59:33 -0300] "POST /cormun/servlet/trsolicitudot?428d7be0fbe5204dc772c6c5d6b23893,,gx-no-cache=1457099998561 HTTP/1.1" 200 4744
192.168.10.98 - - [04/Mar/2016:10:59:33 -0300] "POST /cormun/servlet/trsolicitudot?e03e5b14903f058cc218f9221dee9415,,gx-no-cache=1457099725852 HTTP/1.1" 200 3505
191.112.101.245 - - [04/Mar/2016:10:59:34 -0300] "POST /cormun/servlet/trsolicitudot?428d7be0fbe5204dc772c6c5d6b23893,,gx-no-cache=1457099999235 HTTP/1.1" 200 4743
192.168.10.98 - - [04/Mar/2016:10:59:34 -0300] "GET /cormun/servlet/trsolicitudot?b4d676a7add3a786bf19a88b5f1fb829ed36faf64b2ace0751de3f3a0079b6b97e604dcd1f3866b606e388576686c771151a4c6103ac91ccedd3ed9e12223ed6fc04f21e17823e4d08a379e97758e25432b635bd07d9a549a759f87a1dc8d755,gx-no-cache=1457099726260 HTTP/1.1" 200 775
186.103.159.230 - - [04/Mar/2016:10:59:34 -0300] "POST /cormun/servlet/hlogin?062f65f1eddcbc64bc22fdd3c7005cee,gx-no-cache=1457099993488 HTTP/1.1" 200 449
186.103.159.44 - - [04/Mar/2016:10:59:35 -0300] "POST /cormun/servlet/solicitudotadjuntos?gx-no-cache=1457099982108 HTTP/1.1" 200 26
192.168.10.98 - - [04/Mar/2016:10:59:36 -0300] "POST /cormun/servlet/trsolicitudot?e03e5b14903f058cc218f9221dee9415,,gx-no-cache=1457099728296 HTTP/1.1" 200 3506
192.168.10.98 - - [04/Mar/2016:10:59:36 -0300] "GET /cormun/servlet/trsolicitudot?b4d676a7add3a786bf19a88b5f1fb8293e82340ed46565b82c04b82825ddd2937e604dcd1f3866b606e388576686c771151a4c6103ac91ccedd3ed9e12223ed6fc04f21e17823e4d08a379e97758e25432b635bd07d9a549a759f87a1dc8d755,gx-no-cache=1457099728709 HTTP/1.1" 200 775
192.168.10.98 - - [04/Mar/2016:10:59:38 -0300] "POST /cormun/servlet/trsolicitudot?e03e5b14903f058cc218f9221dee9415,,gx-no-cache=1457099730908 HTTP/1.1" 200 4950
192.168.10.98 - - [04/Mar/2016:10:59:39 -0300] "GET /cormun/servlet/trsolicitudot?b4d676a7add3a786bf19a88b5f1fb8294754007fe34a236a61069442d6eebcd67e604dcd1f3866b606e388576686c771151a4c6103ac91ccedd3ed9e12223ed6fc04f21e17823e4d08a379e97758e25432b635bd07d9a549a759f87a1dc8d755,gx-no-cache=1457099731318 HTTP/1.1" 200 2227
192.168.10.98 - - [04/Mar/2016:10:59:47 -0300] "POST /cormun/servlet/trsolicitudot?e03e5b14903f058cc218f9221dee9415,,gx-no-cache=1457099739100 HTTP/1.1" 200 5261
192.168.10.98 - - [04/Mar/2016:10:59:47 -0300] "GET /cormun/servlet/trsolicitudot?b4d676a7add3a786bf19a88b5f1fb8296965564d9a4fd304e26acabc691c669272134efc77e0ac014266442d382d65bb9d5b443297e6b66c72001fc9a67f0b71b0dacb6a69d4c99ca22707e1924388977afdccb53aea896eb8645edc9000884a,gx-no-cache=1457099739511 HTTP/1.1" 200 2611
186.103.159.230 - - [04/Mar/2016:10:59:49 -0300] "POST /cormun/servlet/hlogin?062f65f1eddcbc64bc22fdd3c7005cee,gx-no-cache=1457100008449 HTTP/1.1" 200 90
186.103.159.230 - - [04/Mar/2016:10:59:49 -0300] "GET /cormun/servlet/hpexe_link HTTP/1.1" 200 952
186.103.159.230 - - [04/Mar/2016:10:59:49 -0300] "GET /cormun/static/gxcfg.js?20151120044395 HTTP/1.1" 200 953
186.103.159.230 - - [04/Mar/2016:10:59:49 -0300] "GET /cormun/static/hpexe_link.js?20151120044398 HTTP/1.1" 200 625
186.103.159.230 - - [04/Mar/2016:10:59:49 -0300] "GET /cormun/servlet/hhome HTTP/1.1" 200 3436
186.103.159.230 - - [04/Mar/2016:10:59:49 -0300] "GET /cormun/static/scaMessage/css/jquery.pnotify.default.css?1816380 HTTP/1.1" 200 1707
186.103.159.230 - - [04/Mar/2016:10:59:49 -0300] "GET /cormun/static/SmoothNavMenu/resources/ddsmoothmenu.css?1112540 HTTP/1.1" 200 2223
186.103.159.230 - - [04/Mar/2016:10:59:49 -0300] "GET /cormun/static/gxcfg.js?2015112210564248 HTTP/1.1" 200 953
186.103.159.230 - - [04/Mar/2016:10:59:49 -0300] "GET /cormun/static/Shared/jqueryui/jquery-ui.min.css?1345370 HTTP/1.1" 200 30288
186.103.159.230 - - [04/Mar/2016:10:59:49 -0300] "GET /cormun/static/SmoothNavMenu/resources/ddsmoothmenu-v.css?1112540 HTTP/1.1" 200 1188
186.103.159.230 - - [04/Mar/2016:10:59:49 -0300] "GET /cormun/static/PXToolsJavascripts/pexe_autoreload.js HTTP/1.1" 200 1762
186.103.159.230 - - [04/Mar/2016:10:59:49 -0300] "GET /cormun/static/PXToolsJavascripts/pexe_cookies.js HTTP/1.1" 200 792
186.103.159.230 - - [04/Mar/2016:10:59:49 -0300] "GET /cormun/static/PXToolsJavascripts/pexe_windows.js HTTP/1.1" 200 15207
186.103.159.230 - - [04/Mar/2016:10:59:49 -0300] "GET /cormun/static/PXToolsJavascripts/pexe_grid.js HTTP/1.1" 200 7559
186.103.159.230 - - [04/Mar/2016:10:59:49 -0300] "GET /cormun/static/PXToolsJavascripts/pexe_griddivfix.js HTTP/1.1" 200 6644
186.103.159.230 - - [04/Mar/2016:10:59:49 -0300] "GET /cormun/static/PXToolsJavascripts/pexe_link.js HTTP/1.1" 200 5671
186.103.159.230 - - [04/Mar/2016:10:59:49 -0300] "GET /cormun/static/PXToolsJavascripts/pexe_menus.js HTTP/1.1" 200 1286
186.103.159.230 - - [04/Mar/2016:10:59:49 -0300] "GET /cormun/static/Resources/Spanish/PXTools.css?10515224 HTTP/1.1" 200 89042
186.103.159.230 - - [04/Mar/2016:10:59:49 -0300] "GET /cormun/static/PXToolsJavascripts/pexe_layers.js HTTP/1.1" 200 4114
186.103.159.230 - - [04/Mar/2016:10:59:49 -0300] "GET /cormun/static/PXToolsJavascripts/pexe_oav.js HTTP/1.1" 200 645
186.103.159.230 - - [04/Mar/2016:10:59:49 -0300] "GET /cormun/static/PXToolsJavascripts/pexe_oavdivfix.js HTTP/1.1" 200 639
186.103.159.230 - - [04/Mar/2016:10:59:49 -0300] "GET /cormun/static/PXToolsJavascripts/pexe_picture.js HTTP/1.1" 200 689
186.103.159.230 - - [04/Mar/2016:10:59:49 -0300] "GET /cormun/static/PXToolsJavascripts/pexe_popup.js HTTP/1.1" 200 13458
186.103.159.230 - - [04/Mar/2016:10:59:49 -0300] "GET /cormun/static/PXToolsJavascripts/pexe_scrolldiv.js HTTP/1.1" 200 4138
186.103.159.230 - - [04/Mar/2016:10:59:49 -0300] "GET /cormun/static/PXToolsJavascripts/pexe_tabdivfix.js HTTP/1.1" 200 876
186.103.159.230 - - [04/Mar/2016:10:59:49 -0300] "GET /cormun/static/PXToolsJavascripts/pexe_tabs.js HTTP/1.1" 200 3748
186.103.159.230 - - [04/Mar/2016:10:59:49 -0300] "GET /cormun/static/PXToolsJavascripts/pexe_upload.js HTTP/1.1" 200 1423
186.103.159.230 - - [04/Mar/2016:10:59:49 -0300] "GET /cormun/static/PXToolsJavascripts/PXToolsJavascriptsRender.js HTTP/1.1" 200 367
186.103.159.230 - - [04/Mar/2016:10:59:49 -0300] "GET /cormun/static/RunJS/RunJS.js HTTP/1.1" 200 288
186.103.159.230 - - [04/Mar/2016:10:59:49 -0300] "GET /cormun/static/Shared/ext/locale/ext-lang-en.js HTTP/1.1" 200 10940
186.103.159.230 - - [04/Mar/2016:10:59:49 -0300] "GET /cormun/static/hhome.js?2015112210564255 HTTP/1.1" 200 777
186.103.159.230 - - [04/Mar/2016:10:59:49 -0300] "GET /cormun/static/hwchdr01.js?20162241650484 HTTP/1.1" 200 1183
186.103.159.230 - - [04/Mar/2016:10:59:49 -0300] "GET /cormun/static/hpexe_recentlink.js?2015111312121342 HTTP/1.1" 200 2144
186.103.159.230 - - [04/Mar/2016:10:59:49 -0300] "GET /cormun/static/hpexe_scripts.js?20151120014546 HTTP/1.1" 200 1544
186.103.159.230 - - [04/Mar/2016:10:59:49 -0300] "GET /cormun/static/hpexe_messagecontroller.js?2015112210524422 HTTP/1.1" 200 870
186.103.159.230 - - [04/Mar/2016:10:59:50 -0300] "GET /cormun/static/hpexe_messagepopupcomponent.js?20163219454551 HTTP/1.1" 200 605
186.103.159.230 - - [04/Mar/2016:10:59:50 -0300] "GET /cormun/static/PXToolsJavascripts/pexe_menudivfix.js HTTP/1.1" 200 333
186.103.159.230 - - [04/Mar/2016:10:59:50 -0300] "GET /cormun/static/hpexe_messagegenexuscomponent.js?20151120014314 HTTP/1.1" 200 587
186.103.159.230 - - [04/Mar/2016:10:59:50 -0300] "GET /cormun/static/cmcontrolpreferences.js?20151120014525 HTTP/1.1" 200 1375
186.103.159.230 - - [04/Mar/2016:10:59:50 -0300] "GET /cormun/static/gxui/gxui-all.js HTTP/1.1" 200 107772
186.103.159.230 - - [04/Mar/2016:10:59:50 -0300] "GET /cormun/static/SmoothNavMenu/resources/ddsmoothmenu.js HTTP/1.1" 200 12712
186.103.159.230 - - [04/Mar/2016:10:59:50 -0300] "GET /cormun/static/SmoothNavMenu/resources/SmoothNavMenuRender.js HTTP/1.1" 200 5951
186.103.159.230 - - [04/Mar/2016:10:59:50 -0300] "GET /cormun/static/scaMessage/js/jquery.pnotify.min.js HTTP/1.1" 200 13038
186.103.159.230 - - [04/Mar/2016:10:59:50 -0300] "GET /cormun/static/Shared/jquery/jquery-1.4.2.min.js HTTP/1.1" 200 72174
186.103.159.230 - - [04/Mar/2016:10:59:50 -0300] "GET /cormun/static/scaMessage/scaMessageRender.js HTTP/1.1" 200 11977
186.103.159.230 - - [04/Mar/2016:10:59:50 -0300] "GET /cormun/static/hmpwkw03.js?2016311993330 HTTP/1.1" 200 3898
186.103.159.230 - - [04/Mar/2016:10:59:50 -0300] "GET /cormun/static/Resources/PXToolsFooterBackground2.png HTTP/1.1" 200 1172
186.103.159.230 - - [04/Mar/2016:10:59:50 -0300] "GET /cormun/static/Resources/PXToolsHeaderBackground2.png HTTP/1.1" 200 1174
186.103.159.230 - - [04/Mar/2016:10:59:50 -0300] "GET /cormun/static/Resources/PXToolsDataTitle.png HTTP/1.1" 200 1173
186.103.159.230 - - [04/Mar/2016:10:59:50 -0300] "GET /cormun/static/Shared/jqueryui/jquery-ui.min.js HTTP/1.1" 200 240427
186.103.159.230 - - [04/Mar/2016:10:59:50 -0300] "GET /cormun/static/Resources/PXToolsHeaderActionsBackground.png HTTP/1.1" 200 484
186.103.159.230 - - [04/Mar/2016:10:59:50 -0300] "GET /cormun/static/Resources/PXToolsHeaderActionsLeft.png HTTP/1.1" 200 1118
186.103.159.230 - - [04/Mar/2016:10:59:50 -0300] "GET /cormun/static/Resources/PXToolsHeaderSecurity.png HTTP/1.1" 200 4166
186.103.159.230 - - [04/Mar/2016:10:59:50 -0300] "GET /cormun/static/Resources/PXToolsHeaderActionsRight.png HTTP/1.1" 200 1201
186.103.159.230 - - [04/Mar/2016:10:59:50 -0300] "GET /cormun/static/Resources/PXToolsHeaderPreferences.png HTTP/1.1" 200 4189
186.103.159.230 - - [04/Mar/2016:10:59:50 -0300] "GET /cormun/static/Resources/PXToolsHeaderLogin.png HTTP/1.1" 200 4279
186.103.159.230 - - [04/Mar/2016:10:59:50 -0300] "GET /cormun/static/Shared/jquery/jquery-1.10.2.min.js HTTP/1.1" 200 273199
186.103.159.230 - - [04/Mar/2016:10:59:50 -0300] "GET /cormun/static/Resources/PXToolsHeaderHome.png HTTP/1.1" 200 4147
186.103.159.230 - - [04/Mar/2016:10:59:50 -0300] "GET /cormun/static/Resources/logo4.png HTTP/1.1" 200 6582
186.103.159.230 - - [04/Mar/2016:10:59:51 -0300] "GET /cormun/static/Shared/ext/ext-all.js HTTP/1.1" 200 1289687
186.103.159.230 - - [04/Mar/2016:10:59:51 -0300] "GET /cormun/servlet/hhome HTTP/1.1" 200 3432
186.103.159.230 - - [04/Mar/2016:10:59:51 -0300] "GET /cormun/static/SmoothNavMenu/resources/images/down.gif HTTP/1.1" 200 854
186.103.159.230 - - [04/Mar/2016:10:59:57 -0300] "GET /cormun/servlet/trsolicitudot? HTTP/1.1" 200 6197
186.103.159.230 - - [04/Mar/2016:10:59:57 -0300] "GET /cormun/static/calendar-system.css?85620 HTTP/1.1" 200 5572
186.103.159.230 - - [04/Mar/2016:10:59:57 -0300] "GET /cormun/static/calendar.js?85251 HTTP/1.1" 200 26246
186.103.159.230 - - [04/Mar/2016:10:59:57 -0300] "GET /cormun/static/gxui/gxui-all.css?120300 HTTP/1.1" 200 2179
186.103.159.230 - - [04/Mar/2016:10:59:57 -0300] "GET /cormun/static/gxcfg.js?201631185636 HTTP/1.1" 200 953
186.103.159.230 - - [04/Mar/2016:10:59:57 -0300] "GET /cormun/static/calendar-setup.js?85251 HTTP/1.1" 200 2588
186.103.159.230 - - [04/Mar/2016:10:59:57 -0300] "GET /cormun/static/calendar-es.js?85251 HTTP/1.1" 200 1901
186.103.159.230 - - [04/Mar/2016:10:59:57 -0300] "GET /cormun/static/gxdec.js?85251 HTTP/1.1" 200 19579
186.103.159.230 - - [04/Mar/2016:10:59:57 -0300] "GET /cormun/static/Resources/Spanish/PXTools.css?18502099 HTTP/1.1" 200 89042
186.103.159.230 - - [04/Mar/2016:10:59:57 -0300] "GET /cormun/static/Resources/PXTools/calendar.png HTTP/1.1" 200 1306
186.103.159.230 - - [04/Mar/2016:10:59:57 -0300] "GET /cormun/static/trsolicitudot.js?2016311856838 HTTP/1.1" 200 45326
186.103.159.230 - - [04/Mar/2016:10:59:57 -0300] "GET /cormun/static/Resources/PXToolsDataSearch.png HTTP/1.1" 200 419
186.103.159.230 - - [04/Mar/2016:10:59:57 -0300] "GET /cormun/static/Resources/PXToolsGridFirst.gif HTTP/1.1" 200 379
186.103.159.230 - - [04/Mar/2016:10:59:57 -0300] "GET /cormun/static/Resources/PXToolsGridPrevious.gif HTTP/1.1" 200 369
186.103.159.230 - - [04/Mar/2016:10:59:57 -0300] "GET /cormun/static/Resources/PXToolsGridNext.gif HTTP/1.1" 200 369
186.103.159.230 - - [04/Mar/2016:10:59:57 -0300] "GET /cormun/static/Resources/PXToolsGridLast.gif HTTP/1.1" 200 370
186.103.159.230 - - [04/Mar/2016:10:59:57 -0300] "GET /cormun/static/Shared/ext/resources/css/ext-all.css?215870 HTTP/1.1" 200 416045
186.103.159.230 - - [04/Mar/2016:10:59:57 -0300] "GET /cormun/static/Resources/PXToolsActionExcel.png HTTP/1.1" 200 3187
186.103.159.230 - - [04/Mar/2016:10:59:57 -0300] "GET /cormun/static/Resources/PXToolsGridNew.png HTTP/1.1" 200 2949
186.103.159.230 - - [04/Mar/2016:10:59:58 -0300] "GET /cormun/static/Resources/desc.gif HTTP/1.1" 200 65
186.103.159.230 - - [04/Mar/2016:10:59:58 -0300] "GET /cormun/static/Resources/asc.gif HTTP/1.1" 200 67
186.103.159.230 - - [04/Mar/2016:10:59:58 -0300] "GET /cormun/servlet/trsolicitudot? HTTP/1.1" 200 6196
186.103.159.230 - - [04/Mar/2016:10:59:58 -0300] "GET /cormun/static/Shared/ext/resources/themes/images/default/tools/tool-sprites.gif HTTP/1.1" 200 5434
186.103.159.230 - - [04/Mar/2016:10:59:58 -0300] "GET /cormun/static/Shared/ext/resources/themes/images/default/panel/bg-headersPanel.png HTTP/1.1" 200 255
186.103.159.44 - - [04/Mar/2016:11:00:00 -0300] "GET /cormun/servlet/solicitudotadjuntos?fa05f6754cb1eb65350a26ae55bd43d8f978d23cf7f8f7c3259f7d2c00c76e6c,gx-no-cache=1457100007507 HTTP/1.1" 200 30
186.103.159.44 - - [04/Mar/2016:11:00:00 -0300] "GET /cormun/servlet/solicitudotadjuntos?fa05f6754cb1eb65350a26ae55bd43d8f978d23cf7f8f7c3259f7d2c00c76e6c,gx-no-cache=1457100007599 HTTP/1.1" 200 30
186.103.159.44 - - [04/Mar/2016:11:00:01 -0300] "POST /cormun/servlet/solicitudotadjuntos?7a067c42d78a90d22e66ca5a11c77c27,INS,2016,592,,1, HTTP/1.1" 200 116
186.103.159.44 - - [04/Mar/2016:11:00:01 -0300] "GET /cormun/servlet/hpexe_return? HTTP/1.1" 200 1024
186.103.159.44 - - [04/Mar/2016:11:00:01 -0300] "GET /cormun/servlet/trsolicitudadjuntos?2016,592, HTTP/1.1" 200 7267
186.103.159.44 - - [04/Mar/2016:11:00:07 -0300] "GET /cormun/servlet/solicitudotadjuntos?INS,2016,592,,1, HTTP/1.1" 200 5451
186.103.159.44 - - [04/Mar/2016:11:00:07 -0300] "HEAD /cormun/static/about:blank HTTP/1.1" 404 -
186.103.159.44 - - [04/Mar/2016:11:00:08 -0300] "GET /cormun/servlet/solicitudotadjuntos?fa05f6754cb1eb65350a26ae55bd43d8accede8ad6ba0723dfd0f636288c2fcb9d2e25fda4e26b6a273702fc1f7d76bd,gx-no-cache=1457100015736 HTTP/1.1" 200 30
186.103.159.44 - - [04/Mar/2016:11:00:09 -0300] "POST /cormun/servlet/solicitudotadjuntos?7a067c42d78a90d22e66ca5a11c77c27,INS,2016,592,,1,,gx-no-cache=1457100015779 HTTP/1.1" 200 3354
192.168.10.98 - - [04/Mar/2016:11:00:09 -0300] "GET /cormun/servlet/hlogin HTTP/1.1" 200 1713
186.103.159.230 - - [04/Mar/2016:11:00:10 -0300] "GET /cormun/servlet/trvisualizadoreventos? HTTP/1.1" 200 5955
186.103.159.230 - - [04/Mar/2016:11:00:10 -0300] "GET /cormun/static/Resources/PXToolsActionPrint.png HTTP/1.1" 200 3317
186.103.159.230 - - [04/Mar/2016:11:00:10 -0300] "GET /cormun/static/gxcfg.js?2016251828014 HTTP/1.1" 200 953
186.103.159.230 - - [04/Mar/2016:11:00:10 -0300] "GET /cormun/static/trvisualizadoreventos.js?2016251828276 HTTP/1.1" 200 19096
186.103.159.230 - - [04/Mar/2016:11:00:10 -0300] "GET /cormun/static/Resources/Spanish/PXTools.css?17554516 HTTP/1.1" 200 89042
186.103.159.230 - - [04/Mar/2016:11:00:10 -0300] "GET /cormun/servlet/trvisualizadoreventos? HTTP/1.1" 200 5955
186.103.159.44 - - [04/Mar/2016:11:00:11 -0300] "POST /cormun/servlet/solicitudotadjuntos?gx-no-cache=1457100018389 HTTP/1.1" 200 26
186.103.159.230 - - [04/Mar/2016:11:00:18 -0300] "GET /cormun/servlet/trsolicitudot? HTTP/1.1" 200 6197
186.103.159.44 - - [04/Mar/2016:11:00:18 -0300] "GET /cormun/servlet/solicitudotadjuntos?fa05f6754cb1eb65350a26ae55bd43d8f978d23cf7f8f7c3259f7d2c00c76e6c,gx-no-cache=1457100025422 HTTP/1.1" 200 30
186.103.159.44 - - [04/Mar/2016:11:00:18 -0300] "GET /cormun/servlet/solicitudotadjuntos?fa05f6754cb1eb65350a26ae55bd43d8f978d23cf7f8f7c3259f7d2c00c76e6c,gx-no-cache=1457100025471 HTTP/1.1" 200 30
186.103.159.230 - - [04/Mar/2016:11:00:18 -0300] "GET /cormun/servlet/trsolicitudot? HTTP/1.1" 200 6196
186.103.159.44 - - [04/Mar/2016:11:00:19 -0300] "POST /cormun/servlet/solicitudotadjuntos?7a067c42d78a90d22e66ca5a11c77c27,INS,2016,592,,1, HTTP/1.1" 200 116
186.103.159.44 - - [04/Mar/2016:11:00:19 -0300] "GET /cormun/servlet/hpexe_return? HTTP/1.1" 200 1024
192.168.10.98 - - [04/Mar/2016:11:00:19 -0300] "POST /cormun/servlet/hlogin?e03e5b14903f058cc218f9221dee9415,gx-no-cache=1457099771354 HTTP/1.1" 200 90
192.168.10.98 - - [04/Mar/2016:11:00:19 -0300] "GET /cormun/servlet/hpexe_link HTTP/1.1" 200 947
192.168.10.98 - - [04/Mar/2016:11:00:19 -0300] "GET /cormun/servlet/hhome HTTP/1.1" 200 3670
186.103.159.44 - - [04/Mar/2016:11:00:19 -0300] "GET /cormun/servlet/trsolicitudadjuntos?2016,592, HTTP/1.1" 200 7424
192.168.10.98 - - [04/Mar/2016:11:00:20 -0300] "GET /cormun/servlet/hhome HTTP/1.1" 200 3666
186.103.159.44 - - [04/Mar/2016:11:00:23 -0300] "GET /cormun/servlet/solicitudotadjuntos?INS,2016,592,,1, HTTP/1.1" 200 5451
186.103.159.44 - - [04/Mar/2016:11:00:24 -0300] "HEAD /cormun/static/about:blank HTTP/1.1" 404 -
186.103.159.44 - - [04/Mar/2016:11:00:25 -0300] "GET /cormun/servlet/solicitudotadjuntos?fa05f6754cb1eb65350a26ae55bd43d8accede8ad6ba0723dfd0f636288c2fcb9d2e25fda4e26b6a273702fc1f7d76bd,gx-no-cache=1457100032065 HTTP/1.1" 200 30
186.103.159.44 - - [04/Mar/2016:11:00:25 -0300] "POST /cormun/servlet/solicitudotadjuntos?7a067c42d78a90d22e66ca5a11c77c27,INS,2016,592,,1,,gx-no-cache=1457100032135 HTTP/1.1" 200 3354
186.103.159.44 - - [04/Mar/2016:11:00:28 -0300] "POST /cormun/servlet/solicitudotadjuntos?gx-no-cache=1457100034804 HTTP/1.1" 200 26
192.168.10.98 - - [04/Mar/2016:11:00:30 -0300] "GET /cormun/servlet/trsolicitudgral? HTTP/1.1" 200 10107
192.168.10.98 - - [04/Mar/2016:11:00:31 -0300] "GET /cormun/servlet/trsolicitudgral? HTTP/1.1" 200 10105
186.103.159.44 - - [04/Mar/2016:11:00:33 -0300] "GET /cormun/servlet/solicitudotadjuntos?fa05f6754cb1eb65350a26ae55bd43d8f978d23cf7f8f7c3259f7d2c00c76e6c,gx-no-cache=1457100040253 HTTP/1.1" 200 30
186.103.159.44 - - [04/Mar/2016:11:00:33 -0300] "GET /cormun/servlet/solicitudotadjuntos?fa05f6754cb1eb65350a26ae55bd43d8f978d23cf7f8f7c3259f7d2c00c76e6c,gx-no-cache=1457100040294 HTTP/1.1" 200 30
186.103.159.230 - - [04/Mar/2016:11:00:34 -0300] "POST /cormun/servlet/trsolicitudot?062f65f1eddcbc64bc22fdd3c7005cee,,gx-no-cache=1457100053557 HTTP/1.1" 200 3505
186.103.159.230 - - [04/Mar/2016:11:00:34 -0300] "POST /cormun/servlet/trsolicitudot?062f65f1eddcbc64bc22fdd3c7005cee,,gx-no-cache=1457100053723 HTTP/1.1" 200 3504
186.103.159.230 - - [04/Mar/2016:11:00:34 -0300] "POST /cormun/servlet/trsolicitudot?062f65f1eddcbc64bc22fdd3c7005cee,,gx-no-cache=1457100053873 HTTP/1.1" 200 3505
186.103.159.44 - - [04/Mar/2016:11:00:34 -0300] "POST /cormun/servlet/solicitudotadjuntos?7a067c42d78a90d22e66ca5a11c77c27,INS,2016,592,,1, HTTP/1.1" 200 116
186.103.159.44 - - [04/Mar/2016:11:00:34 -0300] "GET /cormun/servlet/hpexe_return? HTTP/1.1" 200 1024
186.103.159.44 - - [04/Mar/2016:11:00:35 -0300] "GET /cormun/servlet/trsolicitudadjuntos?2016,592, HTTP/1.1" 200 7589
186.103.159.230 - - [04/Mar/2016:11:00:35 -0300] "POST /cormun/servlet/trsolicitudot?062f65f1eddcbc64bc22fdd3c7005cee,,gx-no-cache=1457100054048 HTTP/1.1" 200 3504
186.103.159.230 - - [04/Mar/2016:11:00:35 -0300] "POST /cormun/servlet/trsolicitudot?062f65f1eddcbc64bc22fdd3c7005cee,,gx-no-cache=1457100054730 HTTP/1.1" 200 3504
186.103.159.230 - - [04/Mar/2016:11:00:35 -0300] "POST /cormun/servlet/trsolicitudot?062f65f1eddcbc64bc22fdd3c7005cee,,gx-no-cache=1457100054917 HTTP/1.1" 200 3504
186.103.159.230 - - [04/Mar/2016:11:00:36 -0300] "POST /cormun/servlet/trsolicitudot?062f65f1eddcbc64bc22fdd3c7005cee,,gx-no-cache=1457100055065 HTTP/1.1" 200 3505
186.103.159.230 - - [04/Mar/2016:11:00:36 -0300] "POST /cormun/servlet/trsolicitudot?062f65f1eddcbc64bc22fdd3c7005cee,,gx-no-cache=1457100055236 HTTP/1.1" 200 103
186.103.159.230 - - [04/Mar/2016:11:00:36 -0300] "POST /cormun/servlet/trsolicitudot?062f65f1eddcbc64bc22fdd3c7005cee,,gx-no-cache=1457100055355 HTTP/1.1" 200 3483
186.103.159.230 - - [04/Mar/2016:11:00:36 -0300] "GET /cormun/SolicitudOT-3352.xls HTTP/1.1" 200 4608
192.168.10.98 - - [04/Mar/2016:11:00:36 -0300] "POST /cormun/servlet/trsolicitudgral?e03e5b14903f058cc218f9221dee9415,,gx-no-cache=1457099788760 HTTP/1.1" 200 7534
192.168.10.98 - - [04/Mar/2016:11:00:37 -0300] "POST /cormun/servlet/trsolicitudgral?e03e5b14903f058cc218f9221dee9415,,gx-no-cache=1457099789047 HTTP/1.1" 200 7532
192.168.10.98 - - [04/Mar/2016:11:00:37 -0300] "POST /cormun/servlet/trsolicitudgral?e03e5b14903f058cc218f9221dee9415,,gx-no-cache=1457099789365 HTTP/1.1" 200 7533
192.168.10.98 - - [04/Mar/2016:11:00:37 -0300] "POST /cormun/servlet/trsolicitudgral?e03e5b14903f058cc218f9221dee9415,,gx-no-cache=1457099789665 HTTP/1.1" 200 7533
192.168.10.98 - - [04/Mar/2016:11:00:38 -0300] "POST /cormun/servlet/trsolicitudgral?e03e5b14903f058cc218f9221dee9415,,gx-no-cache=1457099790752 HTTP/1.1" 200 5867
192.168.10.98 - - [04/Mar/2016:11:00:39 -0300] "GET /cormun/servlet/trsolicitudgral?b4d676a7add3a786bf19a88b5f1fb8296965564d9a4fd304e26acabc691c669298e83369d40891a8f08b2c55e3ee322e615822c80ff67d60e8425e17c54533bb9be6a9f241928afd857a5488bfe9154010e7a7271faa0af28029020747a86e205f8d8b1e5eef0555f9eb74962fa302cb8070797bac406f88b28b244fda7a35de,gx-no-cache=1457099791160 HTTP/1.1" 200 2178
186.103.159.44 - - [04/Mar/2016:11:00:39 -0300] "GET /cormun/servlet/solicitudotadjuntos?INS,2016,592,,1, HTTP/1.1" 200 5451
186.103.159.44 - - [04/Mar/2016:11:00:39 -0300] "HEAD /cormun/static/about:blank HTTP/1.1" 404 -
186.103.159.44 - - [04/Mar/2016:11:00:40 -0300] "GET /cormun/servlet/solicitudotadjuntos?fa05f6754cb1eb65350a26ae55bd43d8accede8ad6ba0723dfd0f636288c2fcb9d2e25fda4e26b6a273702fc1f7d76bd,gx-no-cache=1457100047532 HTTP/1.1" 200 30
186.103.159.44 - - [04/Mar/2016:11:00:40 -0300] "POST /cormun/servlet/solicitudotadjuntos?7a067c42d78a90d22e66ca5a11c77c27,INS,2016,592,,1,,gx-no-cache=1457100047615 HTTP/1.1" 200 3354
192.168.10.98 - - [04/Mar/2016:11:00:43 -0300] "POST /cormun/servlet/trsolicitudgral?e03e5b14903f058cc218f9221dee9415,,gx-no-cache=1457099794967 HTTP/1.1" 200 5867
192.168.10.98 - - [04/Mar/2016:11:00:43 -0300] "POST /cormun/servlet/trsolicitudgral?e03e5b14903f058cc218f9221dee9415,,gx-no-cache=1457099795240 HTTP/1.1" 200 5867
192.168.10.98 - - [04/Mar/2016:11:00:43 -0300] "POST /cormun/servlet/trsolicitudgral?e03e5b14903f058cc218f9221dee9415,,gx-no-cache=1457099795494 HTTP/1.1" 200 5867
186.103.159.44 - - [04/Mar/2016:11:00:43 -0300] "POST /cormun/servlet/solicitudotadjuntos?gx-no-cache=1457100050633 HTTP/1.1" 200 26
192.168.10.98 - - [04/Mar/2016:11:00:46 -0300] "POST /cormun/servlet/trsolicitudgral?e03e5b14903f058cc218f9221dee9415,,gx-no-cache=1457099798074 HTTP/1.1" 200 16543
192.168.10.98 - - [04/Mar/2016:11:00:48 -0300] "GET /cormun/servlet/trsolicitudgral?b4d676a7add3a786bf19a88b5f1fb8296965564d9a4fd304e26acabc691c66929f630d4d9b246b67b09887acc733d5e1aa6bbcb988da3c6ea87adaedce238143de5bf2d108ec87a6ced9776d51880e37,gx-no-cache=1457099799793 HTTP/1.1" 200 15374
186.103.159.44 - - [04/Mar/2016:11:00:51 -0300] "GET /cormun/servlet/solicitudotadjuntos?fa05f6754cb1eb65350a26ae55bd43d8f978d23cf7f8f7c3259f7d2c00c76e6c,gx-no-cache=1457100058162 HTTP/1.1" 200 30
186.103.159.44 - - [04/Mar/2016:11:00:51 -0300] "GET /cormun/servlet/solicitudotadjuntos?fa05f6754cb1eb65350a26ae55bd43d8f978d23cf7f8f7c3259f7d2c00c76e6c,gx-no-cache=1457100058229 HTTP/1.1" 200 30
186.103.159.44 - - [04/Mar/2016:11:00:52 -0300] "POST /cormun/servlet/solicitudotadjuntos?7a067c42d78a90d22e66ca5a11c77c27,INS,2016,592,,1, HTTP/1.1" 200 116
186.103.159.44 - - [04/Mar/2016:11:00:52 -0300] "GET /cormun/servlet/hpexe_return? HTTP/1.1" 200 1024
186.103.159.44 - - [04/Mar/2016:11:00:52 -0300] "GET /cormun/servlet/trsolicitudadjuntos?2016,592, HTTP/1.1" 200 7705
186.103.159.44 - - [04/Mar/2016:11:00:57 -0300] "GET /cormun/servlet/solicitudotadjuntos?INS,2016,592,,1, HTTP/1.1" 200 5451
186.103.159.44 - - [04/Mar/2016:11:00:57 -0300] "HEAD /cormun/static/about:blank HTTP/1.1" 404 -
186.103.159.44 - - [04/Mar/2016:11:00:59 -0300] "GET /cormun/servlet/solicitudotadjuntos?fa05f6754cb1eb65350a26ae55bd43d8accede8ad6ba0723dfd0f636288c2fcb9d2e25fda4e26b6a273702fc1f7d76bd,gx-no-cache=1457100065925 HTTP/1.1" 200 30
186.103.159.44 - - [04/Mar/2016:11:00:59 -0300] "POST /cormun/servlet/solicitudotadjuntos?7a067c42d78a90d22e66ca5a11c77c27,INS,2016,592,,1,,gx-no-cache=1457100066003 HTTP/1.1" 200 3354
192.168.10.98 - - [04/Mar/2016:11:01:01 -0300] "POST /cormun/servlet/trsolicitudgral?e03e5b14903f058cc218f9221dee9415,,gx-no-cache=1457099813085 HTTP/1.1" 200 9623
186.103.159.44 - - [04/Mar/2016:11:01:01 -0300] "POST /cormun/servlet/solicitudotadjuntos?gx-no-cache=1457100068404 HTTP/1.1" 200 26
192.168.10.98 - - [04/Mar/2016:11:01:01 -0300] "GET /cormun/servlet/trsolicitudgral?b4d676a7add3a786bf19a88b5f1fb8296965564d9a4fd304e26acabc691c669210bf30715597fdb642e8ac48517736d5abebfe4f63a4a8929d1481f024bccac94775a501ad807f6bcf0f1473f52e183ef8ec3368d7df9ea739e41e3c7a006e91,gx-no-cache=1457099813899 HTTP/1.1" 200 6541
186.103.159.230 - - [04/Mar/2016:11:01:02 -0300] "GET /cormun/servlet/trautorizarsolicitud? HTTP/1.1" 200 6148
186.103.159.230 - - [04/Mar/2016:11:01:02 -0300] "GET /cormun/static/gxcfg.js?20163219504791 HTTP/1.1" 200 953
186.103.159.230 - - [04/Mar/2016:11:01:02 -0300] "GET /cormun/static/trautorizarsolicitud.js?20163219505323 HTTP/1.1" 200 45302
186.103.159.230 - - [04/Mar/2016:11:01:02 -0300] "GET /cormun/static/Resources/Spanish/PXTools.css?19444614 HTTP/1.1" 200 89042
186.103.159.230 - - [04/Mar/2016:11:01:02 -0300] "GET /cormun/servlet/trautorizarsolicitud? HTTP/1.1" 200 6148
186.103.159.44 - - [04/Mar/2016:11:01:06 -0300] "GET /cormun/servlet/solicitudotadjuntos?fa05f6754cb1eb65350a26ae55bd43d8f978d23cf7f8f7c3259f7d2c00c76e6c,gx-no-cache=1457100073686 HTTP/1.1" 200 30
186.103.159.44 - - [04/Mar/2016:11:01:06 -0300] "GET /cormun/servlet/solicitudotadjuntos?fa05f6754cb1eb65350a26ae55bd43d8f978d23cf7f8f7c3259f7d2c00c76e6c,gx-no-cache=1457100073749 HTTP/1.1" 200 30
186.103.159.230 - - [04/Mar/2016:11:01:08 -0300] "GET /cormun/servlet/trsolicitudot? HTTP/1.1" 200 6197
186.103.159.230 - - [04/Mar/2016:11:01:09 -0300] "GET /cormun/servlet/trsolicitudot? HTTP/1.1" 200 6196
186.103.159.44 - - [04/Mar/2016:11:01:15 -0300] "POST /cormun/servlet/solicitudotadjuntos?7a067c42d78a90d22e66ca5a11c77c27,INS,2016,592,,1, HTTP/1.1" 200 116
186.103.159.230 - - [04/Mar/2016:11:01:15 -0300] "GET /cormun/servlet/solicitudot?INS,0,0, HTTP/1.1" 200 11445
186.103.159.44 - - [04/Mar/2016:11:01:15 -0300] "GET /cormun/servlet/hpexe_return? HTTP/1.1" 200 1024
186.103.159.230 - - [04/Mar/2016:11:01:15 -0300] "GET /cormun/static/gxcfg.js?20163219435133 HTTP/1.1" 200 953
186.103.159.230 - - [04/Mar/2016:11:01:15 -0300] "GET /cormun/static/Resources/prompt.gif HTTP/1.1" 200 902
186.103.159.230 - - [04/Mar/2016:11:01:15 -0300] "GET /cormun/static/solicitudot.js?20163219435183 HTTP/1.1" 200 44151
186.103.159.230 - - [04/Mar/2016:11:01:15 -0300] "GET /cormun/static/Resources/Spanish/PXTools.css?1944839 HTTP/1.1" 200 89042
186.103.159.44 - - [04/Mar/2016:11:01:15 -0300] "GET /cormun/servlet/trsolicitudadjuntos?2016,592, HTTP/1.1" 200 7840
186.103.159.230 - - [04/Mar/2016:11:01:15 -0300] "GET /cormun/servlet/solicitudot?INS,0,0, HTTP/1.1" 200 11449
186.103.159.44 - - [04/Mar/2016:11:01:19 -0300] "GET /cormun/servlet/solicitudotadjuntos?INS,2016,592,,1, HTTP/1.1" 200 5451
186.103.159.44 - - [04/Mar/2016:11:01:20 -0300] "HEAD /cormun/static/about:blank HTTP/1.1" 404 -
186.103.159.44 - - [04/Mar/2016:11:01:21 -0300] "GET /cormun/servlet/solicitudotadjuntos?fa05f6754cb1eb65350a26ae55bd43d8accede8ad6ba0723dfd0f636288c2fcb9d2e25fda4e26b6a273702fc1f7d76bd,gx-no-cache=1457100088102 HTTP/1.1" 200 30
186.103.159.44 - - [04/Mar/2016:11:01:21 -0300] "POST /cormun/servlet/solicitudotadjuntos?7a067c42d78a90d22e66ca5a11c77c27,INS,2016,592,,1,,gx-no-cache=1457100088176 HTTP/1.1" 200 3354
186.103.159.230 - - [04/Mar/2016:11:01:21 -0300] "GET /cormun/servlet/trsolicitudot? HTTP/1.1" 200 6197
186.103.159.230 - - [04/Mar/2016:11:01:22 -0300] "GET /cormun/servlet/trsolicitudot? HTTP/1.1" 200 6196
186.103.159.44 - - [04/Mar/2016:11:01:24 -0300] "POST /cormun/servlet/solicitudotadjuntos?gx-no-cache=1457100090382 HTTP/1.1" 200 26
186.103.159.44 - - [04/Mar/2016:11:01:31 -0300] "GET /cormun/servlet/solicitudotadjuntos?fa05f6754cb1eb65350a26ae55bd43d8f978d23cf7f8f7c3259f7d2c00c76e6c,gx-no-cache=1457100098728 HTTP/1.1" 200 30
186.103.159.44 - - [04/Mar/2016:11:01:32 -0300] "GET /cormun/servlet/solicitudotadjuntos?fa05f6754cb1eb65350a26ae55bd43d8f978d23cf7f8f7c3259f7d2c00c76e6c,gx-no-cache=1457100098800 HTTP/1.1" 200 30
186.103.159.44 - - [04/Mar/2016:11:01:34 -0300] "POST /cormun/servlet/solicitudotadjuntos?7a067c42d78a90d22e66ca5a11c77c27,INS,2016,592,,1, HTTP/1.1" 200 116
186.103.159.44 - - [04/Mar/2016:11:01:34 -0300] "GET /cormun/servlet/hpexe_return? HTTP/1.1" 200 1024
186.103.159.44 - - [04/Mar/2016:11:01:35 -0300] "GET /cormun/servlet/trsolicitudadjuntos?2016,592, HTTP/1.1" 200 7969
192.168.10.98 - - [04/Mar/2016:11:01:36 -0300] "GET /cormun/servlet/vesolicitudgral?2016,591,, HTTP/1.1" 200 7819
192.168.10.98 - - [04/Mar/2016:11:01:36 -0300] "GET /cormun/pexe_scrolldiv.js HTTP/1.1" 404 1009
192.168.10.98 - - [04/Mar/2016:11:01:36 -0300] "GET /cormun/pexe_scrolldiv.js HTTP/1.1" 404 1009
192.168.10.98 - - [04/Mar/2016:11:01:37 -0300] "GET /cormun/servlet/vesolicitudgral?2016,591,, HTTP/1.1" 200 7819
186.103.159.230 - - [04/Mar/2016:11:01:38 -0300] "POST /cormun/servlet/trsolicitudot?062f65f1eddcbc64bc22fdd3c7005cee,,gx-no-cache=1457100117465 HTTP/1.1" 200 3499
186.103.159.44 - - [04/Mar/2016:11:01:38 -0300] "GET /cormun/servlet/solicitudotadjuntos?INS,2016,592,,2, HTTP/1.1" 200 5449
186.103.159.44 - - [04/Mar/2016:11:01:39 -0300] "HEAD /cormun/static/about:blank HTTP/1.1" 404 -
186.103.159.44 - - [04/Mar/2016:11:01:40 -0300] "GET /cormun/servlet/solicitudotadjuntos?fa05f6754cb1eb65350a26ae55bd43d8accede8ad6ba0723dfd0f636288c2fcb9d2e25fda4e26b6a273702fc1f7d76bd,gx-no-cache=1457100107151 HTTP/1.1" 200 30
186.103.159.44 - - [04/Mar/2016:11:01:40 -0300] "POST /cormun/servlet/solicitudotadjuntos?7a067c42d78a90d22e66ca5a11c77c27,INS,2016,592,,2,,gx-no-cache=1457100107222 HTTP/1.1" 200 3499
186.103.159.44 - - [04/Mar/2016:11:01:42 -0300] "POST /cormun/servlet/solicitudotadjuntos?gx-no-cache=1457100109709 HTTP/1.1" 200 26
192.168.10.98 - - [04/Mar/2016:11:01:44 -0300] "GET /cormun/servlet/trsolicitudgral? HTTP/1.1" 200 12021
192.168.10.98 - - [04/Mar/2016:11:01:45 -0300] "GET /cormun/servlet/trsolicitudgral? HTTP/1.1" 200 12019
186.103.159.44 - - [04/Mar/2016:11:01:49 -0300] "GET /cormun/servlet/solicitudotadjuntos?fa05f6754cb1eb65350a26ae55bd43d8f978d23cf7f8f7c3259f7d2c00c76e6c,gx-no-cache=1457100115806 HTTP/1.1" 200 30
186.103.159.44 - - [04/Mar/2016:11:01:49 -0300] "GET /cormun/servlet/solicitudotadjuntos?fa05f6754cb1eb65350a26ae55bd43d8f978d23cf7f8f7c3259f7d2c00c76e6c,gx-no-cache=1457100115885 HTTP/1.1" 200 30
186.103.159.44 - - [04/Mar/2016:11:01:49 -0300] "POST /cormun/servlet/solicitudotadjuntos?7a067c42d78a90d22e66ca5a11c77c27,INS,2016,592,,2, HTTP/1.1" 200 116
186.103.159.44 - - [04/Mar/2016:11:01:49 -0300] "GET /cormun/servlet/hpexe_return? HTTP/1.1" 200 1024
186.103.159.44 - - [04/Mar/2016:11:01:50 -0300] "GET /cormun/servlet/trsolicitudadjuntos?2016,592, HTTP/1.1" 200 8228
186.103.159.44 - - [04/Mar/2016:11:01:53 -0300] "GET /cormun/servlet/hpexe_return? HTTP/1.1" 200 1042
186.103.159.44 - - [04/Mar/2016:11:01:53 -0300] "GET /cormun/servlet/trsolicitudot?gx-no-cache=1457097249383 HTTP/1.1" 200 7496
186.103.159.44 - - [04/Mar/2016:11:01:58 -0300] "POST /cormun/servlet/trsolicitudot?7a067c42d78a90d22e66ca5a11c77c27,gx-no-cache=1457097249383,gx-no-cache=1457100125090 HTTP/1.1" 200 4921
186.103.159.44 - - [04/Mar/2016:11:01:58 -0300] "POST /cormun/servlet/trsolicitudot?7a067c42d78a90d22e66ca5a11c77c27,gx-no-cache=1457097249383,gx-no-cache=1457100125470 HTTP/1.1" 200 4921
186.103.159.44 - - [04/Mar/2016:11:01:59 -0300] "POST /cormun/servlet/trsolicitudot?7a067c42d78a90d22e66ca5a11c77c27,gx-no-cache=1457097249383,gx-no-cache=1457100125951 HTTP/1.1" 200 4921
186.103.159.44 - - [04/Mar/2016:11:01:59 -0300] "POST /cormun/servlet/trsolicitudot?7a067c42d78a90d22e66ca5a11c77c27,gx-no-cache=1457097249383,gx-no-cache=1457100126449 HTTP/1.1" 200 4921
186.103.159.44 - - [04/Mar/2016:11:02:00 -0300] "POST /cormun/servlet/trsolicitudot?7a067c42d78a90d22e66ca5a11c77c27,gx-no-cache=1457097249383,gx-no-cache=1457100127080 HTTP/1.1" 200 4921
186.103.159.44 - - [04/Mar/2016:11:02:01 -0300] "POST /cormun/servlet/trsolicitudot?7a067c42d78a90d22e66ca5a11c77c27,gx-no-cache=1457097249383,gx-no-cache=1457100127727 HTTP/1.1" 200 4921
186.103.159.44 - - [04/Mar/2016:11:02:01 -0300] "POST /cormun/servlet/trsolicitudot?7a067c42d78a90d22e66ca5a11c77c27,gx-no-cache=1457097249383,gx-no-cache=1457100128483 HTTP/1.1" 200 4921
192.168.10.98 - - [04/Mar/2016:11:02:03 -0300] "GET /cormun/servlet/hlogin HTTP/1.1" 200 1713
186.103.159.44 - - [04/Mar/2016:11:02:06 -0300] "POST /cormun/servlet/trsolicitudot?7a067c42d78a90d22e66ca5a11c77c27,gx-no-cache=1457097249383,gx-no-cache=1457100129279 HTTP/1.1" 200 3617
186.103.159.44 - - [04/Mar/2016:11:02:07 -0300] "POST /cormun/servlet/trsolicitudot?7a067c42d78a90d22e66ca5a11c77c27,gx-no-cache=1457097249383,gx-no-cache=1457100134290 HTTP/1.1" 200 3463
186.103.159.44 - - [04/Mar/2016:11:02:08 -0300] "GET /cormun/static/Shared/jqueryui/images/ui-bg_flat_55_fafafa_40x100.png HTTP/1.1" 404 1097
186.103.159.44 - - [04/Mar/2016:11:02:08 -0300] "GET /cormun/static/Shared/jqueryui/images/ui-bg_highlight-soft_100_c6c2c8_1x100.png HTTP/1.1" 404 1117
186.103.159.44 - - [04/Mar/2016:11:02:08 -0300] "GET /cormun/static/Shared/jqueryui/images/ui-icons_82798d_256x240.png HTTP/1.1" 404 1089
186.103.159.44 - - [04/Mar/2016:11:02:08 -0300] "GET /cormun/static/Shared/jqueryui/images/ui-icons_8d78a5_256x240.png HTTP/1.1" 404 1089
191.112.101.245 - - [04/Mar/2016:11:02:09 -0300] "POST /cormun/servlet/trsolicitudot?428d7be0fbe5204dc772c6c5d6b23893,,gx-no-cache=1457100153945 HTTP/1.1" 200 4745
191.112.101.245 - - [04/Mar/2016:11:02:09 -0300] "POST /cormun/servlet/trsolicitudot?428d7be0fbe5204dc772c6c5d6b23893,,gx-no-cache=1457100154760 HTTP/1.1" 200 4745
191.112.101.245 - - [04/Mar/2016:11:02:10 -0300] "POST /cormun/servlet/trsolicitudot?428d7be0fbe5204dc772c6c5d6b23893,,gx-no-cache=1457100155466 HTTP/1.1" 200 4744
191.112.101.245 - - [04/Mar/2016:11:02:11 -0300] "POST /cormun/servlet/trsolicitudot?428d7be0fbe5204dc772c6c5d6b23893,,gx-no-cache=1457100156183 HTTP/1.1" 200 4745
191.112.101.245 - - [04/Mar/2016:11:02:11 -0300] "POST /cormun/servlet/trsolicitudot?428d7be0fbe5204dc772c6c5d6b23893,,gx-no-cache=1457100156895 HTTP/1.1" 200 4745
191.112.101.245 - - [04/Mar/2016:11:02:12 -0300] "POST /cormun/servlet/trsolicitudot?428d7be0fbe5204dc772c6c5d6b23893,,gx-no-cache=1457100157677 HTTP/1.1" 200 105
191.112.101.245 - - [04/Mar/2016:11:02:13 -0300] "GET /cormun/servlet/trsolicitudadjuntos?2016,464, HTTP/1.1" 200 7617
191.112.101.245 - - [04/Mar/2016:11:02:16 -0300] "GET /cormun/servlet/trsolicitudadjuntos?2016,464, HTTP/1.1" 200 7615
191.112.101.245 - - [04/Mar/2016:11:02:23 -0300] "GET /cormun/servlet/solicitudotadjuntos?INS,2016,464,,1, HTTP/1.1" 200 5472
