191.112.83.251 - - [04/Mar/2016:08:26:55 -0300] "GET /cormun/servlet/solicitudot?50312cbf02eb2c9435d1459ca518ce00a8ac05d2fa9c54bbc6b409402fc0bfcd353c36b047b0d6c7f70c4112c8a5951069b31aa9959f78429069e3025dde80436241285d94916f31d22f8fe0678c4c9637f8d7bbb2c1efc2a085a65cf45cd004e17591cb55b6128e16f9e77ca1fd78086bde4490797817b32fdce5e32a3610ce1583648570c93b5f456606d985e7968617df64ec2bee6912bf610328ecf690af5adaf7f806e31d26485296e1ae1fa3dac8f9b4334767323a998d43d7c57c13083c123733dfb781c91f91e1f996e41921,gx-no-cache=1457090839285 HTTP/1.1" 200 29
191.112.83.251 - - [04/Mar/2016:08:27:10 -0300] "POST /cormun/servlet/solicitudot?gx-no-cache=1457090853977 HTTP/1.1" 200 1116
192.168.10.89 - - [04/Mar/2016:08:27:20 -0300] "POST /cormun/servlet/hlogin?3aa0d2eec208a5cac863cb3416c6f9a2,gx-no-cache=1457090592425 HTTP/1.1" 200 90
192.168.10.89 - - [04/Mar/2016:08:27:20 -0300] "GET /cormun/servlet/hpexe_link HTTP/1.1" 200 952
192.168.10.89 - - [04/Mar/2016:08:27:20 -0300] "GET /cormun/static/gxcfg.js?20151120044395 HTTP/1.1" 304 -
192.168.10.89 - - [04/Mar/2016:08:27:20 -0300] "GET /cormun/static/hpexe_link.js?20151120044398 HTTP/1.1" 304 -
192.168.10.89 - - [04/Mar/2016:08:27:20 -0300] "GET /cormun/servlet/hhome HTTP/1.1" 200 3426
192.168.10.89 - - [04/Mar/2016:08:27:26 -0300] "GET /cormun/servlet/trsolicitudot? HTTP/1.1" 200 6185
192.168.10.89 - - [04/Mar/2016:08:27:26 -0300] "GET /cormun/static/Resources/Spanish/PXTools.css?18502099 HTTP/1.1" 304 -
192.168.10.89 - - [04/Mar/2016:08:27:26 -0300] "GET /cormun/static/gxcfg.js?201631185636 HTTP/1.1" 304 -
192.168.10.89 - - [04/Mar/2016:08:27:27 -0300] "GET /cormun/static/trsolicitudot.js?2016311856838 HTTP/1.1" 304 -
192.168.10.89 - - [04/Mar/2016:08:27:36 -0300] "GET /cormun/servlet/hhome HTTP/1.1" 200 3426
192.168.10.89 - - [04/Mar/2016:08:27:47 -0300] "GET /cormun/servlet/trsolicitudot? HTTP/1.1" 200 6185
66.249.83.105 - - [04/Mar/2016:08:27:50 -0300] "GET /cormun/servlet/hlogin HTTP/1.1" 200 1713
66.249.83.109 - - [04/Mar/2016:08:27:51 -0300] "GET /cormun/servlet/hlogin?_escaped_fragment_= HTTP/1.1" 200 1719
66.249.83.105 - - [04/Mar/2016:08:27:51 -0300] "GET /favicon.ico HTTP/1.1" 200 21630
192.168.10.89 - - [04/Mar/2016:08:27:57 -0300] "GET /cormun/servlet/solicitudot?INS,0,0, HTTP/1.1" 200 11444
192.168.10.89 - - [04/Mar/2016:08:27:57 -0300] "GET /cormun/static/Resources/Spanish/PXTools.css?1944839 HTTP/1.1" 304 -
192.168.10.89 - - [04/Mar/2016:08:27:57 -0300] "GET /cormun/static/gxcfg.js?20163219435133 HTTP/1.1" 304 -
192.168.10.89 - - [04/Mar/2016:08:27:57 -0300] "GET /cormun/static/solicitudot.js?20163219435183 HTTP/1.1" 304 -
192.168.10.89 - - [04/Mar/2016:08:28:09 -0300] "GET /cormun/servlet/prfichaempleado?,MD,,gxPopupLevel%3D0%3B HTTP/1.1" 200 7881
192.168.10.89 - - [04/Mar/2016:08:28:09 -0300] "GET /cormun/static/Resources/Spanish/PXTools.css?16184758 HTTP/1.1" 304 -
192.168.10.89 - - [04/Mar/2016:08:28:09 -0300] "GET /cormun/static/gxcfg.js?201511151625694 HTTP/1.1" 304 -
192.168.10.89 - - [04/Mar/2016:08:28:09 -0300] "GET /cormun/static/prfichaempleado.js?201511151625857 HTTP/1.1" 304 -
192.168.10.89 - - [04/Mar/2016:08:28:10 -0300] "GET /cormun/static/menusearch.js?20163219454787 HTTP/1.1" 304 -
192.168.10.89 - - [04/Mar/2016:08:28:10 -0300] "GET /cormun/static/hmpwkw01.js?201511211495945 HTTP/1.1" 304 -
192.168.10.89 - - [04/Mar/2016:08:28:11 -0300] "POST /cormun/servlet/acontrolpreferencessavestate?None,WPE%C3%91A,true HTTP/1.1" 200 35
192.168.10.89 - - [04/Mar/2016:08:28:15 -0300] "GET /cormun/servlet/prfichaempleado?ad76ac29f835c5c18986a8f92c21bd39e31feeff0eeedc7b8dcf64078e52db0aab3deb8f91b259001e6877ebb3c34faa0b656fbe6c99146ad23c48684260f5b8c3e201d138f936399f463a6a9d6f321f,gx-no-cache=1457090647231 HTTP/1.1" 200 476
192.168.10.89 - - [04/Mar/2016:08:28:19 -0300] "GET /cormun/servlet/prfichaempleado?ad76ac29f835c5c18986a8f92c21bd39e31feeff0eeedc7b8dcf64078e52db0a0971521c7357896dc6094af0060d91d3990210557c9a5a4814cafde5b080d826661314c37e2c619006437a146738b2d9,gx-no-cache=1457090651252 HTTP/1.1" 200 476
192.168.10.89 - - [04/Mar/2016:08:28:20 -0300] "POST /cormun/servlet/prfichaempleado?3aa0d2eec208a5cac863cb3416c6f9a2,,MD,,gxPopupLevel%3D0%3B,gx-no-cache=1457090652306 HTTP/1.1" 200 2848
192.168.10.89 - - [04/Mar/2016:08:28:28 -0300] "POST /cormun/servlet/solicitudot?gx-no-cache=1457090660156 HTTP/1.1" 200 2775
192.168.10.89 - - [04/Mar/2016:08:28:28 -0300] "POST /cormun/servlet/solicitudot?3aa0d2eec208a5cac863cb3416c6f9a2,INS,0,0,,gx-no-cache=1457090660313 HTTP/1.1" 200 8426
191.112.17.11 - - [04/Mar/2016:08:28:40 -0300] "GET /cormun/servlet/solicitudotadjuntos?INS,2016,502,,1, HTTP/1.1" 200 5411
191.112.17.11 - - [04/Mar/2016:08:28:40 -0300] "GET /cormun/static/about:blank HTTP/1.1" 404 1011
191.112.17.11 - - [04/Mar/2016:08:28:41 -0300] "GET /cormun/servlet/solicitudotadjuntos?INS,2016,502,,1, HTTP/1.1" 200 5405
191.112.17.11 - - [04/Mar/2016:08:28:41 -0300] "GET /cormun/servlet/solicitudotadjuntos?2b42a10495d1c9730d7d0534c649ca9f46e34fde07a350f036be5b55ca01416a1d66d8547419c3617f8032330f739859,gx-no-cache=1457090944698 HTTP/1.1" 200 30
191.112.17.11 - - [04/Mar/2016:08:28:42 -0300] "POST /cormun/servlet/solicitudotadjuntos?e72a3f27f00f3fad21c58c5703357e89,INS,2016,502,,1,,gx-no-cache=1457090944813 HTTP/1.1" 200 3354
191.112.17.11 - - [04/Mar/2016:08:28:44 -0300] "POST /cormun/servlet/solicitudotadjuntos?gx-no-cache=1457090947449 HTTP/1.1" 200 26
191.112.83.251 - - [04/Mar/2016:08:28:54 -0300] "GET /cormun/static/menuarrow.gif HTTP/1.1" 404 1015
191.112.17.11 - - [04/Mar/2016:08:28:55 -0300] "GET /cormun/servlet/solicitudotadjuntos?2b42a10495d1c9730d7d0534c649ca9f60fba59e0111f40b522d36518c2ac187,gx-no-cache=1457090958151 HTTP/1.1" 200 30
191.112.17.11 - - [04/Mar/2016:08:28:55 -0300] "GET /cormun/servlet/solicitudotadjuntos?2b42a10495d1c9730d7d0534c649ca9f60fba59e0111f40b522d36518c2ac187,gx-no-cache=1457090958246 HTTP/1.1" 200 30
191.112.17.11 - - [04/Mar/2016:08:28:56 -0300] "POST /cormun/servlet/solicitudotadjuntos?e72a3f27f00f3fad21c58c5703357e89,INS,2016,502,,1, HTTP/1.1" 200 116
191.112.17.11 - - [04/Mar/2016:08:28:56 -0300] "GET /cormun/servlet/hpexe_return? HTTP/1.1" 200 1021
191.112.17.11 - - [04/Mar/2016:08:28:57 -0300] "GET /cormun/servlet/trsolicitudadjuntos?2016,502, HTTP/1.1" 200 7904
191.112.17.11 - - [04/Mar/2016:08:28:57 -0300] "GET /cormun/servlet/trsolicitudadjuntos?2016,502, HTTP/1.1" 200 7902
191.112.17.11 - - [04/Mar/2016:08:29:01 -0300] "POST /cormun/servlet/trsolicitudadjuntos?e72a3f27f00f3fad21c58c5703357e89,2016,502,,gx-no-cache=1457090964277 HTTP/1.1" 200 90
191.112.17.11 - - [04/Mar/2016:08:29:01 -0300] "GET /cormun/servlet/hpexe_link HTTP/1.1" 200 965
191.112.17.11 - - [04/Mar/2016:08:29:01 -0300] "GET /cormun/servlet/trsolicitudot? HTTP/1.1" 200 7450
191.112.17.11 - - [04/Mar/2016:08:29:02 -0300] "GET /cormun/servlet/trsolicitudot? HTTP/1.1" 200 7448
191.112.17.11 - - [04/Mar/2016:08:29:05 -0300] "POST /cormun/servlet/trsolicitudot?e72a3f27f00f3fad21c58c5703357e89,,gx-no-cache=1457090968294 HTTP/1.1" 200 4907
191.112.17.11 - - [04/Mar/2016:08:29:06 -0300] "POST /cormun/servlet/trsolicitudot?e72a3f27f00f3fad21c58c5703357e89,,gx-no-cache=1457090968758 HTTP/1.1" 200 4907
191.112.17.11 - - [04/Mar/2016:08:29:06 -0300] "POST /cormun/servlet/trsolicitudot?e72a3f27f00f3fad21c58c5703357e89,,gx-no-cache=1457090969142 HTTP/1.1" 200 4907
191.112.17.11 - - [04/Mar/2016:08:29:06 -0300] "POST /cormun/servlet/trsolicitudot?e72a3f27f00f3fad21c58c5703357e89,,gx-no-cache=1457090969513 HTTP/1.1" 200 4907
191.112.17.11 - - [04/Mar/2016:08:29:07 -0300] "POST /cormun/servlet/trsolicitudot?e72a3f27f00f3fad21c58c5703357e89,,gx-no-cache=1457090969899 HTTP/1.1" 200 4907
191.112.17.11 - - [04/Mar/2016:08:29:07 -0300] "POST /cormun/servlet/trsolicitudot?e72a3f27f00f3fad21c58c5703357e89,,gx-no-cache=1457090970321 HTTP/1.1" 200 4907
191.112.17.11 - - [04/Mar/2016:08:29:08 -0300] "POST /cormun/servlet/trsolicitudot?e72a3f27f00f3fad21c58c5703357e89,,gx-no-cache=1457090970765 HTTP/1.1" 200 4908
191.112.17.11 - - [04/Mar/2016:08:29:08 -0300] "POST /cormun/servlet/trsolicitudot?e72a3f27f00f3fad21c58c5703357e89,,gx-no-cache=1457090971563 HTTP/1.1" 200 3609
191.112.17.11 - - [04/Mar/2016:08:29:08 -0300] "GET /cormun/static/Shared/jqueryui/images/ui-bg_highlight-soft_100_c6c2c8_1x100.png HTTP/1.1" 404 1117
191.112.17.11 - - [04/Mar/2016:08:29:09 -0300] "GET /cormun/static/Shared/jqueryui/images/ui-icons_8d78a5_256x240.png HTTP/1.1" 404 1089
191.112.17.11 - - [04/Mar/2016:08:29:09 -0300] "GET /cormun/static/Shared/jqueryui/images/ui-icons_82798d_256x240.png HTTP/1.1" 404 1089
191.112.17.11 - - [04/Mar/2016:08:29:09 -0300] "GET /cormun/static/Shared/jqueryui/images/ui-bg_flat_55_fafafa_40x100.png HTTP/1.1" 404 1097
191.112.17.11 - - [04/Mar/2016:08:29:09 -0300] "POST /cormun/servlet/trsolicitudot?e72a3f27f00f3fad21c58c5703357e89,,gx-no-cache=1457090972047 HTTP/1.1" 200 3459
191.112.17.11 - - [04/Mar/2016:08:29:20 -0300] "GET /cormun/servlet/hlogin HTTP/1.1" 200 1721
192.168.10.89 - - [04/Mar/2016:08:29:33 -0300] "GET /cormun/servlet/solicitudot?9a53c7bfba548f2a0015d0d3788b73f88d6b0fad56f2e91cb4c2923f90672fb47c12105a009f9d610d050d58e6ef53ec,gx-no-cache=1457090725115 HTTP/1.1" 200 30
192.168.10.89 - - [04/Mar/2016:08:29:33 -0300] "POST /cormun/servlet/solicitudot?gx-no-cache=1457090725154 HTTP/1.1" 200 30
192.168.10.89 - - [04/Mar/2016:08:29:35 -0300] "POST /cormun/servlet/solicitudot?gx-no-cache=1457090727486 HTTP/1.1" 200 30
192.168.10.89 - - [04/Mar/2016:08:29:39 -0300] "GET /cormun/servlet/prpersonalsolicitud?17477489,,,,,MD,,gxPopupLevel%3D0%3B HTTP/1.1" 200 5692
192.168.10.89 - - [04/Mar/2016:08:29:39 -0300] "GET /cormun/static/Resources/Spanish/PXTools.css?171692 HTTP/1.1" 304 -
192.168.10.89 - - [04/Mar/2016:08:29:39 -0300] "GET /cormun/static/gxcfg.js?20163117361395 HTTP/1.1" 304 -
192.168.10.89 - - [04/Mar/2016:08:29:39 -0300] "GET /cormun/static/prpersonalsolicitud.js?20163117361535 HTTP/1.1" 304 -
192.168.10.89 - - [04/Mar/2016:08:29:39 -0300] "GET /cormun/static/hmpwkw011.js?20163117201773 HTTP/1.1" 304 -
192.168.10.89 - - [04/Mar/2016:08:29:40 -0300] "POST /cormun/servlet/acontrolpreferencessavestate?None,WPE%C3%91A,true HTTP/1.1" 200 35
192.168.10.89 - - [04/Mar/2016:08:29:44 -0300] "POST /cormun/servlet/solicitudot?gx-no-cache=1457090736435 HTTP/1.1" 200 1157
192.168.10.89 - - [04/Mar/2016:08:29:44 -0300] "GET /cormun/servlet/solicitudot?9a53c7bfba548f2a0015d0d3788b73f8b040792f83ec1e52dfa085c79df5a60dc23e4a7af9a0e6c97b0edafe4ff19e34fdc5ff4d27dc4c378c1af175fb9491c6b0cd6afe79c813b5039d44ad1f57406296a3c8adb1bfb102ef9061721b83ba4bf68790ee6f76c8f061986dd5a8c58edb432c6a80a51f712a1a2c1fc5f77537e94a77ce5f17d2852baf115ec0021fbf33,gx-no-cache=1457090736554 HTTP/1.1" 200 38
192.168.10.89 - - [04/Mar/2016:08:29:44 -0300] "GET /cormun/servlet/solicitudot?9a53c7bfba548f2a0015d0d3788b73f8b51764ffd3d11c8cbc559cefc59bc275f51983535aabd7e8276d4756e6e896a63fb9abd1f778ff93ce26b7f9b0507dde32029846526edc7e8d8df284d5daabde1f3a07522d4198922244a0c8df16d8011e395be3d9de8b4b441db74ae7d2e5e3bce80aa8ed0e935471f007277639e3fabe1417d839707b389585f51dcfeb1c26db1ca3f053e40f303788a6365198f20d,gx-no-cache=1457090736593 HTTP/1.1" 200 29
192.168.10.89 - - [04/Mar/2016:08:29:44 -0300] "POST /cormun/servlet/solicitudot?gx-no-cache=1457090736615 HTTP/1.1" 200 1116
191.112.83.251 - - [04/Mar/2016:08:29:55 -0300] "GET /cormun/servlet/solicitudot?50312cbf02eb2c9435d1459ca518ce0060fd56098b0a9018cba2d36688c57ffeacc6389e75155968d09b6fe6196cefc73642b7c42be5c2c677bcc58cab0f0ee03bf4cccaa281a95a0f9dc2bb05842526da258692c08d52718fea7d8ee561aa42a94bd46ac61afbe09800a0f9cecc9d9247ffcf48f36da2c42ba7aa8f04bf41e34bdeed03db98f1961c932df35a083b7a62519cda6c2cd80b599a66f171d79d24112d48cce4d80e76d7f4186e8964d3b0,gx-no-cache=1457091018895 HTTP/1.1" 200 30
192.168.10.89 - - [04/Mar/2016:08:30:01 -0300] "GET /cormun/servlet/solicitudot?9a53c7bfba548f2a0015d0d3788b73f8b51764ffd3d11c8cbc559cefc59bc275f51983535aabd7e8276d4756e6e896a62a0a1922b7b7f9e1779e95040a851ee932029846526edc7e8d8df284d5daabde1f3a07522d4198922244a0c8df16d8011e395be3d9de8b4b441db74ae7d2e5e3bce80aa8ed0e935471f007277639e3fabe1417d839707b389585f51dcfeb1c26db1ca3f053e40f303788a6365198f20d,gx-no-cache=1457090753758 HTTP/1.1" 200 29
191.112.83.251 - - [04/Mar/2016:08:30:09 -0300] "POST /cormun/servlet/solicitudot?c609e334d2150b4327a8dd49ec9f709d,INS,0,0,,gx-no-cache=1457091032339 HTTP/1.1" 200 93
191.112.83.251 - - [04/Mar/2016:08:30:09 -0300] "GET /cormun/servlet/hpexe_return? HTTP/1.1" 200 1004
191.112.83.251 - - [04/Mar/2016:08:30:09 -0300] "GET /cormun/static/Resources/Spanish/PXTools.css?12112540 HTTP/1.1" 304 -
191.112.83.251 - - [04/Mar/2016:08:30:09 -0300] "GET /cormun/static/gxcfg.js?2015111312145050 HTTP/1.1" 304 -
191.112.83.251 - - [04/Mar/2016:08:30:09 -0300] "GET /cormun/static/hpexe_return.js?2015111312145056 HTTP/1.1" 304 -
191.112.83.251 - - [04/Mar/2016:08:30:09 -0300] "GET /cormun/servlet/trsolicitudot HTTP/1.1" 200 7466
191.112.83.251 - - [04/Mar/2016:08:30:12 -0300] "GET /cormun/servlet/trsolicitudot HTTP/1.1" 200 7462
192.168.10.89 - - [04/Mar/2016:08:30:13 -0300] "GET /cormun/servlet/solicitudot?9a53c7bfba548f2a0015d0d3788b73f8d8713e12d024a4fbe6ee2e84d28b79838fe9ac36196b1fd7f3924cc6c13f46db81f20432e518b9c985165b1445800f1b3497573f2fadfd87ea073335d67eb71c0ff72da2e5561450b6715db603bb42c9452a01c40a62c3287fedf00b601d00897629cf0d7597ec20b286e8347256925c495f8788b5b8c9260e1b0f566b28b3408287a545ae0d7a5608baf2431c4a5cda880e7f65d8c62d003a738bc18e981675,gx-no-cache=1457090765849 HTTP/1.1" 200 30
191.112.83.251 - - [04/Mar/2016:08:30:16 -0300] "GET /cormun/servlet/solicitudot?INS,0,0, HTTP/1.1" 200 11399
191.112.83.251 - - [04/Mar/2016:08:30:18 -0300] "GET /cormun/servlet/solicitudot?INS,0,0, HTTP/1.1" 200 11404
192.168.10.89 - - [04/Mar/2016:08:30:19 -0300] "POST /cormun/servlet/solicitudot?3aa0d2eec208a5cac863cb3416c6f9a2,INS,0,0,,gx-no-cache=1457090771006 HTTP/1.1" 200 9346
192.168.10.89 - - [04/Mar/2016:08:30:19 -0300] "GET /cormun/static/Shared/jqueryui/images/ui-icons_ebccce_256x240.png HTTP/1.1" 404 1089
192.168.10.89 - - [04/Mar/2016:08:30:19 -0300] "GET /cormun/static/Shared/jqueryui/images/ui-bg_flat_55_994d53_40x100.png HTTP/1.1" 404 1097
192.168.10.89 - - [04/Mar/2016:08:30:19 -0300] "GET /cormun/static/Shared/jqueryui/images/ui-bg_highlight-soft_100_c6c2c8_1x100.png HTTP/1.1" 404 1117
192.168.10.89 - - [04/Mar/2016:08:30:19 -0300] "GET /cormun/static/Shared/jqueryui/images/ui-icons_82798d_256x240.png HTTP/1.1" 404 1089
192.168.10.89 - - [04/Mar/2016:08:30:23 -0300] "POST /cormun/servlet/solicitudot?3aa0d2eec208a5cac863cb3416c6f9a2,INS,0,0,,gx-no-cache=1457090775030 HTTP/1.1" 200 9394
191.112.17.11 - - [04/Mar/2016:08:30:23 -0300] "POST /cormun/servlet/hlogin?e72a3f27f00f3fad21c58c5703357e89,gx-no-cache=1457091046467 HTTP/1.1" 200 90
191.112.17.11 - - [04/Mar/2016:08:30:23 -0300] "GET /cormun/servlet/hpexe_link HTTP/1.1" 200 948
191.112.17.11 - - [04/Mar/2016:08:30:23 -0300] "GET /cormun/servlet/hhome HTTP/1.1" 200 3426
191.112.17.11 - - [04/Mar/2016:08:30:24 -0300] "GET /cormun/servlet/hhome HTTP/1.1" 200 3425
192.168.10.89 - - [04/Mar/2016:08:30:35 -0300] "POST /cormun/servlet/solicitudot?gx-no-cache=1457090787805 HTTP/1.1" 200 30
192.168.10.89 - - [04/Mar/2016:08:30:37 -0300] "POST /cormun/servlet/solicitudot?gx-no-cache=1457090789874 HTTP/1.1" 200 1157
192.168.10.89 - - [04/Mar/2016:08:30:37 -0300] "GET /cormun/servlet/solicitudot?9a53c7bfba548f2a0015d0d3788b73f8b040792f83ec1e52dfa085c79df5a60dc23e4a7af9a0e6c97b0edafe4ff19e34fdc5ff4d27dc4c378c1af175fb9491c6b0cd6afe79c813b5039d44ad1f57406296a3c8adb1bfb102ef9061721b83ba4bf68790ee6f76c8f061986dd5a8c58edb432c6a80a51f712a1a2c1fc5f77537e9718c4025a2f2aad0a3cf5340933d66acb0f944aac18f578c47dca92c8592c75d,gx-no-cache=1457090789912 HTTP/1.1" 200 41
192.168.10.89 - - [04/Mar/2016:08:30:37 -0300] "POST /cormun/servlet/solicitudot?gx-no-cache=1457090789939 HTTP/1.1" 200 1116
191.112.83.251 - - [04/Mar/2016:08:30:38 -0300] "POST /cormun/servlet/solicitudot?gx-no-cache=1457091061580 HTTP/1.1" 200 2772
191.112.83.251 - - [04/Mar/2016:08:30:38 -0300] "POST /cormun/servlet/solicitudot?c609e334d2150b4327a8dd49ec9f709d,INS,0,0,,gx-no-cache=1457091062596 HTTP/1.1" 200 8395
192.168.10.89 - - [04/Mar/2016:08:30:41 -0300] "GET /cormun/servlet/solicitudot?9a53c7bfba548f2a0015d0d3788b73f8d8713e12d024a4fbe6ee2e84d28b79838fe9ac36196b1fd7f3924cc6c13f46db81f20432e518b9c985165b1445800f1b3497573f2fadfd87ea073335d67eb71c0ff72da2e5561450b6715db603bb42c9452a01c40a62c3287fedf00b601d00897629cf0d7597ec20b286e8347256925c495f8788b5b8c9260e1b0f566b28b3408287a545ae0d7a5608baf2431c4a5cda880e7f65d8c62d003a738bc18e981675,gx-no-cache=1457090793891 HTTP/1.1" 200 30
192.168.10.89 - - [04/Mar/2016:08:30:41 -0300] "POST /cormun/servlet/solicitudot?3aa0d2eec208a5cac863cb3416c6f9a2,INS,0,0,,gx-no-cache=1457090793923 HTTP/1.1" 200 93
192.168.10.89 - - [04/Mar/2016:08:30:41 -0300] "GET /cormun/servlet/hpexe_return? HTTP/1.1" 200 1010
192.168.10.89 - - [04/Mar/2016:08:30:42 -0300] "GET /cormun/static/Resources/Spanish/PXTools.css?12112540 HTTP/1.1" 304 -
192.168.10.89 - - [04/Mar/2016:08:30:42 -0300] "GET /cormun/static/gxcfg.js?2015111312145050 HTTP/1.1" 304 -
192.168.10.89 - - [04/Mar/2016:08:30:42 -0300] "GET /cormun/static/hpexe_return.js?2015111312145056 HTTP/1.1" 304 -
192.168.10.89 - - [04/Mar/2016:08:30:42 -0300] "GET /cormun/servlet/trsolicitudot HTTP/1.1" 200 7522
191.112.83.251 - - [04/Mar/2016:08:30:49 -0300] "GET /cormun/servlet/solicitudot?50312cbf02eb2c9435d1459ca518ce00f990adf04954704951718279eb4eca3a28166f135a505d509a084f8a2788ab6c,gx-no-cache=1457091073267 HTTP/1.1" 200 30
191.112.83.251 - - [04/Mar/2016:08:30:49 -0300] "POST /cormun/servlet/solicitudot?gx-no-cache=1457091073603 HTTP/1.1" 200 30
191.112.83.251 - - [04/Mar/2016:08:30:49 -0300] "POST /cormun/servlet/solicitudot?gx-no-cache=1457091073830 HTTP/1.1" 200 33
191.112.83.251 - - [04/Mar/2016:08:30:50 -0300] "POST /cormun/servlet/solicitudot?gx-no-cache=1457091074038 HTTP/1.1" 200 1159
191.112.83.251 - - [04/Mar/2016:08:30:50 -0300] "GET /cormun/servlet/solicitudot?50312cbf02eb2c9435d1459ca518ce00dc2b24a6a3097d3bf11ef7e1d2d749608775633d8c500db5f338184586ee75bf83764d0f51fc707259fc9d48079fd3d4b1882d7b466ae5769063e7621d7392a95adbe6f4f6a89067120c159c5025b5944ad541ee3d823eb061dab44871e0c05f8705aa143a0f61c558061fcb8e99d1b58a284507b8dab93ef10fa56f96839e36,gx-no-cache=1457091074302 HTTP/1.1" 200 38
191.112.83.251 - - [04/Mar/2016:08:30:55 -0300] "GET /cormun/servlet/solicitudot?50312cbf02eb2c9435d1459ca518ce00a8ac05d2fa9c54bbc6b409402fc0bfcd353c36b047b0d6c7f70c4112c8a5951069b31aa9959f78429069e3025dde80436241285d94916f31d22f8fe0678c4c9637f8d7bbb2c1efc2a085a65cf45cd004e17591cb55b6128e16f9e77ca1fd78086bde4490797817b32fdce5e32a3610ce1583648570c93b5f456606d985e7968617df64ec2bee6912bf610328ecf690af5adaf7f806e31d26485296e1ae1fa3dac8f9b4334767323a998d43d7c57c13083c123733dfb781c91f91e1f996e41921,gx-no-cache=1457091079314 HTTP/1.1" 200 29
191.112.83.251 - - [04/Mar/2016:08:30:59 -0300] "POST /cormun/servlet/solicitudot?gx-no-cache=1457091083223 HTTP/1.1" 200 1116
192.168.10.89 - - [04/Mar/2016:08:31:02 -0300] "POST /cormun/servlet/trsolicitudot?3aa0d2eec208a5cac863cb3416c6f9a2,gx-no-cache=1457090814318 HTTP/1.1" 200 4957
192.168.10.89 - - [04/Mar/2016:08:31:02 -0300] "POST /cormun/servlet/trsolicitudot?3aa0d2eec208a5cac863cb3416c6f9a2,gx-no-cache=1457090814610 HTTP/1.1" 200 4958
192.168.10.89 - - [04/Mar/2016:08:31:02 -0300] "POST /cormun/servlet/trsolicitudot?3aa0d2eec208a5cac863cb3416c6f9a2,gx-no-cache=1457090814876 HTTP/1.1" 200 4958
192.168.10.89 - - [04/Mar/2016:08:31:03 -0300] "POST /cormun/servlet/trsolicitudot?3aa0d2eec208a5cac863cb3416c6f9a2,gx-no-cache=1457090815250 HTTP/1.1" 200 4957
192.168.10.89 - - [04/Mar/2016:08:31:03 -0300] "POST /cormun/servlet/trsolicitudot?3aa0d2eec208a5cac863cb3416c6f9a2,gx-no-cache=1457090815634 HTTP/1.1" 200 4958
192.168.10.89 - - [04/Mar/2016:08:31:04 -0300] "POST /cormun/servlet/trsolicitudot?3aa0d2eec208a5cac863cb3416c6f9a2,gx-no-cache=1457090816044 HTTP/1.1" 200 4958
192.168.10.89 - - [04/Mar/2016:08:31:04 -0300] "POST /cormun/servlet/trsolicitudot?3aa0d2eec208a5cac863cb3416c6f9a2,gx-no-cache=1457090816517 HTTP/1.1" 200 4958
192.168.10.89 - - [04/Mar/2016:08:31:07 -0300] "POST /cormun/servlet/trsolicitudot?3aa0d2eec208a5cac863cb3416c6f9a2,gx-no-cache=1457090817055 HTTP/1.1" 200 3655
192.168.10.89 - - [04/Mar/2016:08:31:07 -0300] "POST /cormun/servlet/trsolicitudot?3aa0d2eec208a5cac863cb3416c6f9a2,gx-no-cache=1457090819900 HTTP/1.1" 200 3499
192.168.10.89 - - [04/Mar/2016:08:31:08 -0300] "GET /cormun/static/Shared/jqueryui/images/ui-bg_flat_55_fafafa_40x100.png HTTP/1.1" 404 1097
192.168.10.89 - - [04/Mar/2016:08:31:08 -0300] "GET /cormun/static/Shared/jqueryui/images/ui-icons_82798d_256x240.png HTTP/1.1" 404 1089
192.168.10.89 - - [04/Mar/2016:08:31:08 -0300] "GET /cormun/static/Shared/jqueryui/images/ui-bg_highlight-soft_100_c6c2c8_1x100.png HTTP/1.1" 404 1117
192.168.10.89 - - [04/Mar/2016:08:31:08 -0300] "GET /cormun/static/Shared/jqueryui/images/ui-icons_8d78a5_256x240.png HTTP/1.1" 404 1089
192.168.10.89 - - [04/Mar/2016:08:31:20 -0300] "GET /cormun/servlet/trautorizarsolicitud? HTTP/1.1" 200 7469
192.168.10.89 - - [04/Mar/2016:08:31:20 -0300] "GET /cormun/static/Resources/Spanish/PXTools.css?19444614 HTTP/1.1" 304 -
192.168.10.89 - - [04/Mar/2016:08:31:20 -0300] "GET /cormun/static/gxcfg.js?20163219504791 HTTP/1.1" 304 -
192.168.10.89 - - [04/Mar/2016:08:31:20 -0300] "GET /cormun/static/trautorizarsolicitud.js?20163219505323 HTTP/1.1" 304 -
191.112.83.251 - - [04/Mar/2016:08:31:25 -0300] "GET /cormun/servlet/solicitudot?50312cbf02eb2c9435d1459ca518ce0060fd56098b0a9018cba2d36688c57ffeacc6389e75155968d09b6fe6196cefc73642b7c42be5c2c677bcc58cab0f0ee03bf4cccaa281a95a0f9dc2bb05842526da258692c08d52718fea7d8ee561aa42a94bd46ac61afbe09800a0f9cecc9d9247ffcf48f36da2c42ba7aa8f04bf41e34bdeed03db98f1961c932df35a083b7a62519cda6c2cd80b599a66f171d79d24112d48cce4d80e76d7f4186e8964d3b0,gx-no-cache=1457091109336 HTTP/1.1" 200 30
192.168.10.89 - - [04/Mar/2016:08:31:29 -0300] "POST /cormun/servlet/trautorizarsolicitud?3aa0d2eec208a5cac863cb3416c6f9a2,,gx-no-cache=1457090841612 HTTP/1.1" 200 4929
192.168.10.89 - - [04/Mar/2016:08:31:29 -0300] "POST /cormun/servlet/trautorizarsolicitud?3aa0d2eec208a5cac863cb3416c6f9a2,,gx-no-cache=1457090841865 HTTP/1.1" 200 4930
192.168.10.89 - - [04/Mar/2016:08:31:30 -0300] "POST /cormun/servlet/trautorizarsolicitud?3aa0d2eec208a5cac863cb3416c6f9a2,,gx-no-cache=1457090842180 HTTP/1.1" 200 4929
192.168.10.89 - - [04/Mar/2016:08:31:30 -0300] "POST /cormun/servlet/trautorizarsolicitud?3aa0d2eec208a5cac863cb3416c6f9a2,,gx-no-cache=1457090842525 HTTP/1.1" 200 4930
192.168.10.89 - - [04/Mar/2016:08:31:30 -0300] "POST /cormun/servlet/trautorizarsolicitud?3aa0d2eec208a5cac863cb3416c6f9a2,,gx-no-cache=1457090842885 HTTP/1.1" 200 4930
192.168.10.89 - - [04/Mar/2016:08:31:31 -0300] "POST /cormun/servlet/trautorizarsolicitud?3aa0d2eec208a5cac863cb3416c6f9a2,,gx-no-cache=1457090843296 HTTP/1.1" 200 4929
192.168.10.89 - - [04/Mar/2016:08:31:31 -0300] "POST /cormun/servlet/trautorizarsolicitud?3aa0d2eec208a5cac863cb3416c6f9a2,,gx-no-cache=1457090843760 HTTP/1.1" 200 4929
192.168.10.89 - - [04/Mar/2016:08:31:34 -0300] "POST /cormun/servlet/trautorizarsolicitud?3aa0d2eec208a5cac863cb3416c6f9a2,,gx-no-cache=1457090844290 HTTP/1.1" 200 3623
192.168.10.89 - - [04/Mar/2016:08:31:35 -0300] "POST /cormun/servlet/trautorizarsolicitud?3aa0d2eec208a5cac863cb3416c6f9a2,,gx-no-cache=1457090847045 HTTP/1.1" 200 3472
192.168.10.89 - - [04/Mar/2016:08:31:35 -0300] "GET /cormun/static/Shared/jqueryui/images/ui-icons_8d78a5_256x240.png HTTP/1.1" 404 1089
192.168.10.89 - - [04/Mar/2016:08:31:35 -0300] "GET /cormun/static/Shared/jqueryui/images/ui-icons_82798d_256x240.png HTTP/1.1" 404 1089
192.168.10.89 - - [04/Mar/2016:08:31:35 -0300] "GET /cormun/static/Shared/jqueryui/images/ui-bg_flat_55_fafafa_40x100.png HTTP/1.1" 404 1097
192.168.10.89 - - [04/Mar/2016:08:31:35 -0300] "GET /cormun/static/Shared/jqueryui/images/ui-bg_highlight-soft_100_c6c2c8_1x100.png HTTP/1.1" 404 1117
191.112.83.251 - - [04/Mar/2016:08:31:41 -0300] "POST /cormun/servlet/solicitudot?c609e334d2150b4327a8dd49ec9f709d,INS,0,0,,gx-no-cache=1457091125090 HTTP/1.1" 200 93
191.112.83.251 - - [04/Mar/2016:08:31:41 -0300] "GET /cormun/servlet/hpexe_return? HTTP/1.1" 200 1004
191.112.83.251 - - [04/Mar/2016:08:31:42 -0300] "GET /cormun/servlet/trsolicitudot HTTP/1.1" 200 7729
191.112.83.251 - - [04/Mar/2016:08:31:44 -0300] "GET /cormun/servlet/trsolicitudot HTTP/1.1" 200 7726
192.168.10.89 - - [04/Mar/2016:08:32:12 -0300] "GET /cormun/servlet/trsolicitudot? HTTP/1.1" 200 6210
192.168.10.89 - - [04/Mar/2016:08:32:16 -0300] "GET /cormun/servlet/solicitudot?INS,0,0, HTTP/1.1" 200 11461
191.112.83.251 - - [04/Mar/2016:08:32:21 -0300] "GET /cormun/servlet/solicitudot?INS,0,0, HTTP/1.1" 200 11401
191.112.83.251 - - [04/Mar/2016:08:32:23 -0300] "GET /cormun/servlet/solicitudot?INS,0,0, HTTP/1.1" 200 11406
192.168.10.89 - - [04/Mar/2016:08:32:24 -0300] "POST /cormun/servlet/solicitudot?gx-no-cache=1457090896584 HTTP/1.1" 200 2668
192.168.10.89 - - [04/Mar/2016:08:32:24 -0300] "POST /cormun/servlet/solicitudot?3aa0d2eec208a5cac863cb3416c6f9a2,INS,0,0,,gx-no-cache=1457090896692 HTTP/1.1" 200 8297
192.168.10.89 - - [04/Mar/2016:08:32:26 -0300] "GET /cormun/servlet/solicitudot?9a53c7bfba548f2a0015d0d3788b73f824351d04d0d35e2bf8a3bdea658eadb87c12105a009f9d610d050d58e6ef53ec,gx-no-cache=1457090898531 HTTP/1.1" 200 30
191.112.17.11 - - [04/Mar/2016:08:32:34 -0300] "GET /cormun/servlet/trautorizarsolicitud? HTTP/1.1" 200 6134
191.112.17.11 - - [04/Mar/2016:08:32:35 -0300] "GET /cormun/static/gxcfg.js?20163219504791 HTTP/1.1" 200 953
191.112.17.11 - - [04/Mar/2016:08:32:35 -0300] "GET /cormun/static/trautorizarsolicitud.js?20163219505323 HTTP/1.1" 200 45302
191.112.17.11 - - [04/Mar/2016:08:32:35 -0300] "GET /cormun/static/Resources/Spanish/PXTools.css?19444614 HTTP/1.1" 200 89042
191.112.17.11 - - [04/Mar/2016:08:32:35 -0300] "GET /cormun/servlet/trautorizarsolicitud? HTTP/1.1" 200 6134
191.112.83.251 - - [04/Mar/2016:08:32:38 -0300] "POST /cormun/servlet/solicitudot?gx-no-cache=1457091182266 HTTP/1.1" 200 2772
191.112.17.11 - - [04/Mar/2016:08:32:38 -0300] "GET /cormun/static/menuarrow.gif HTTP/1.1" 404 1015
191.112.83.251 - - [04/Mar/2016:08:32:39 -0300] "POST /cormun/servlet/solicitudot?c609e334d2150b4327a8dd49ec9f709d,INS,0,0,,gx-no-cache=1457091182796 HTTP/1.1" 200 8395
191.112.83.251 - - [04/Mar/2016:08:32:44 -0300] "GET /cormun/servlet/solicitudot?50312cbf02eb2c9435d1459ca518ce00f990adf04954704951718279eb4eca3a28166f135a505d509a084f8a2788ab6c,gx-no-cache=1457091188790 HTTP/1.1" 200 30
191.112.83.251 - - [04/Mar/2016:08:32:45 -0300] "POST /cormun/servlet/solicitudot?gx-no-cache=1457091188917 HTTP/1.1" 200 30
191.112.83.251 - - [04/Mar/2016:08:32:45 -0300] "POST /cormun/servlet/solicitudot?gx-no-cache=1457091189006 HTTP/1.1" 200 33
191.112.83.251 - - [04/Mar/2016:08:32:45 -0300] "POST /cormun/servlet/solicitudot?gx-no-cache=1457091189123 HTTP/1.1" 200 1159
191.112.83.251 - - [04/Mar/2016:08:32:45 -0300] "GET /cormun/servlet/solicitudot?50312cbf02eb2c9435d1459ca518ce00dc2b24a6a3097d3bf11ef7e1d2d749608775633d8c500db5f338184586ee75bf83764d0f51fc707259fc9d48079fd3d4b1882d7b466ae5769063e7621d7392a95adbe6f4f6a89067120c159c5025b5944ad541ee3d823eb061dab44871e0c05f8705aa143a0f61c558061fcb8e99d1b58a284507b8dab93ef10fa56f96839e36,gx-no-cache=1457091189297 HTTP/1.1" 200 38
191.112.17.11 - - [04/Mar/2016:08:32:47 -0300] "POST /cormun/servlet/trautorizarsolicitud?e72a3f27f00f3fad21c58c5703357e89,,gx-no-cache=1457091190227 HTTP/1.1" 200 4897
191.112.17.11 - - [04/Mar/2016:08:32:47 -0300] "POST /cormun/servlet/trautorizarsolicitud?e72a3f27f00f3fad21c58c5703357e89,,gx-no-cache=1457091190613 HTTP/1.1" 200 4897
191.112.17.11 - - [04/Mar/2016:08:32:48 -0300] "POST /cormun/servlet/trautorizarsolicitud?e72a3f27f00f3fad21c58c5703357e89,,gx-no-cache=1457091191008 HTTP/1.1" 200 4897
191.112.17.11 - - [04/Mar/2016:08:32:48 -0300] "POST /cormun/servlet/trautorizarsolicitud?e72a3f27f00f3fad21c58c5703357e89,,gx-no-cache=1457091191401 HTTP/1.1" 200 4897
191.112.17.11 - - [04/Mar/2016:08:32:52 -0300] "POST /cormun/servlet/trautorizarsolicitud?e72a3f27f00f3fad21c58c5703357e89,,gx-no-cache=1457091195379 HTTP/1.1" 200 4897
191.112.17.11 - - [04/Mar/2016:08:32:53 -0300] "POST /cormun/servlet/trautorizarsolicitud?e72a3f27f00f3fad21c58c5703357e89,,gx-no-cache=1457091195792 HTTP/1.1" 200 4897
191.112.17.11 - - [04/Mar/2016:08:32:53 -0300] "POST /cormun/servlet/trautorizarsolicitud?e72a3f27f00f3fad21c58c5703357e89,,gx-no-cache=1457091196171 HTTP/1.1" 200 4897
191.112.83.251 - - [04/Mar/2016:08:32:53 -0300] "GET /cormun/servlet/solicitudot?50312cbf02eb2c9435d1459ca518ce00a8ac05d2fa9c54bbc6b409402fc0bfcd353c36b047b0d6c7f70c4112c8a595103cf2049a9dcae03dcee782b30e5d904c6241285d94916f31d22f8fe0678c4c9637f8d7bbb2c1efc2a085a65cf45cd004e17591cb55b6128e16f9e77ca1fd78086bde4490797817b32fdce5e32a3610ce1583648570c93b5f456606d985e7968617df64ec2bee6912bf610328ecf690af5adaf7f806e31d26485296e1ae1fa3dac8f9b4334767323a998d43d7c57c13083c123733dfb781c91f91e1f996e41921,gx-no-cache=1457091197351 HTTP/1.1" 200 29
191.112.83.251 - - [04/Mar/2016:08:32:53 -0300] "POST /cormun/servlet/solicitudot?gx-no-cache=1457091197496 HTTP/1.1" 200 1116
191.112.17.11 - - [04/Mar/2016:08:32:53 -0300] "POST /cormun/servlet/trautorizarsolicitud?e72a3f27f00f3fad21c58c5703357e89,,gx-no-cache=1457091196603 HTTP/1.1" 200 3593
191.112.17.11 - - [04/Mar/2016:08:32:54 -0300] "GET /cormun/static/Shared/jqueryui/images/ui-bg_highlight-soft_100_c6c2c8_1x100.png HTTP/1.1" 404 1117
191.112.17.11 - - [04/Mar/2016:08:32:54 -0300] "GET /cormun/static/Shared/jqueryui/images/ui-icons_82798d_256x240.png HTTP/1.1" 404 1089
191.112.17.11 - - [04/Mar/2016:08:32:54 -0300] "GET /cormun/static/Shared/jqueryui/images/ui-bg_flat_55_fafafa_40x100.png HTTP/1.1" 404 1097
191.112.17.11 - - [04/Mar/2016:08:32:54 -0300] "GET /cormun/static/Shared/jqueryui/images/ui-icons_8d78a5_256x240.png HTTP/1.1" 404 1089
191.112.17.11 - - [04/Mar/2016:08:32:54 -0300] "POST /cormun/servlet/trautorizarsolicitud?e72a3f27f00f3fad21c58c5703357e89,,gx-no-cache=1457091197076 HTTP/1.1" 200 3448
191.112.83.251 - - [04/Mar/2016:08:33:23 -0300] "GET /cormun/servlet/solicitudot?50312cbf02eb2c9435d1459ca518ce0060fd56098b0a9018cba2d36688c57ffeacc6389e75155968d09b6fe6196cefc73642b7c42be5c2c677bcc58cab0f0ee03bf4cccaa281a95a0f9dc2bb05842526da258692c08d52718fea7d8ee561aa42a94bd46ac61afbe09800a0f9cecc9d9247ffcf48f36da2c42ba7aa8f04bf41e34bdeed03db98f1961c932df35a083b7a62519cda6c2cd80b599a66f171d79d24112d48cce4d80e76d7f4186e8964d3b0,gx-no-cache=1457091227416 HTTP/1.1" 200 30
191.112.83.251 - - [04/Mar/2016:08:33:32 -0300] "POST /cormun/servlet/solicitudot?c609e334d2150b4327a8dd49ec9f709d,INS,0,0,,gx-no-cache=1457091236262 HTTP/1.1" 200 93
191.112.83.251 - - [04/Mar/2016:08:33:32 -0300] "GET /cormun/servlet/hpexe_return? HTTP/1.1" 200 1004
191.112.83.251 - - [04/Mar/2016:08:33:33 -0300] "GET /cormun/servlet/trsolicitudot HTTP/1.1" 200 7990
191.112.83.251 - - [04/Mar/2016:08:33:35 -0300] "GET /cormun/servlet/trsolicitudot HTTP/1.1" 200 7986
191.112.83.251 - - [04/Mar/2016:08:33:43 -0300] "GET /cormun/servlet/solicitudot?INS,0,0, HTTP/1.1" 200 11400
191.112.83.251 - - [04/Mar/2016:08:33:45 -0300] "GET /cormun/servlet/solicitudot?INS,0,0, HTTP/1.1" 200 11405
192.168.10.89 - - [04/Mar/2016:08:34:02 -0300] "POST /cormun/servlet/solicitudot?gx-no-cache=1457090994206 HTTP/1.1" 200 30
191.112.83.251 - - [04/Mar/2016:08:34:21 -0300] "POST /cormun/servlet/solicitudot?gx-no-cache=1457091283469 HTTP/1.1" 200 2767
191.112.83.251 - - [04/Mar/2016:08:34:22 -0300] "POST /cormun/servlet/solicitudot?c609e334d2150b4327a8dd49ec9f709d,INS,0,0,,gx-no-cache=1457091286440 HTTP/1.1" 200 8380
191.112.83.251 - - [04/Mar/2016:08:34:29 -0300] "GET /cormun/servlet/solicitudot?50312cbf02eb2c9435d1459ca518ce00a45a68cb5cb183f170c62538a630027028166f135a505d509a084f8a2788ab6c,gx-no-cache=1457091293690 HTTP/1.1" 200 30
191.112.83.251 - - [04/Mar/2016:08:34:29 -0300] "POST /cormun/servlet/solicitudot?gx-no-cache=1457091293813 HTTP/1.1" 200 30
191.112.83.251 - - [04/Mar/2016:08:34:30 -0300] "POST /cormun/servlet/solicitudot?gx-no-cache=1457091294049 HTTP/1.1" 200 33
191.112.83.251 - - [04/Mar/2016:08:34:31 -0300] "POST /cormun/servlet/solicitudot?gx-no-cache=1457091295323 HTTP/1.1" 200 1157
191.112.83.251 - - [04/Mar/2016:08:34:32 -0300] "GET /cormun/servlet/solicitudot?50312cbf02eb2c9435d1459ca518ce00dc2b24a6a3097d3bf11ef7e1d2d749608775633d8c500db5f338184586ee75bf83764d0f51fc707259fc9d48079fd3d4b1882d7b466ae5769063e7621d7392a95adbe6f4f6a89067120c159c5025b5944ad541ee3d823eb061dab44871e0c05f8705aa143a0f61c558061fcb8e99d1b58a284507b8dab93ef10fa56f96839e36,gx-no-cache=1457091295976 HTTP/1.1" 200 38
191.112.83.251 - - [04/Mar/2016:08:34:36 -0300] "GET /cormun/servlet/solicitudot?50312cbf02eb2c9435d1459ca518ce00a8ac05d2fa9c54bbc6b409402fc0bfcd353c36b047b0d6c7f70c4112c8a5951069b31aa9959f78429069e3025dde80436241285d94916f31d22f8fe0678c4c9637f8d7bbb2c1efc2a085a65cf45cd004e17591cb55b6128e16f9e77ca1fd78086bde4490797817b32fdce5e32a3610ce1583648570c93b5f456606d985e7968617df64ec2bee6912bf610328ecf690af5adaf7f806e31d26485296e1ae1fa3dac8f9b4334767323a998d43d7c57c13083c123733dfb781c91f91e1f996e41921,gx-no-cache=1457091300473 HTTP/1.1" 200 29
191.112.83.251 - - [04/Mar/2016:08:34:40 -0300] "POST /cormun/servlet/solicitudot?gx-no-cache=1457091303884 HTTP/1.1" 200 1116
192.168.10.89 - - [04/Mar/2016:08:34:41 -0300] "POST /cormun/servlet/solicitudot?gx-no-cache=1457091033928 HTTP/1.1" 200 30
192.168.10.89 - - [04/Mar/2016:08:34:43 -0300] "POST /cormun/servlet/solicitudot?gx-no-cache=1457091035545 HTTP/1.1" 200 452
192.168.10.89 - - [04/Mar/2016:08:34:43 -0300] "GET /cormun/servlet/solicitudot?9a53c7bfba548f2a0015d0d3788b73f8b040792f83ec1e52dfa085c79df5a60dc23e4a7af9a0e6c97b0edafe4ff19e34fdc5ff4d27dc4c378c1af175fb9491c6b0cd6afe79c813b5039d44ad1f57406296a3c8adb1bfb102ef9061721b83ba4bf68790ee6f76c8f061986dd5a8c58edb432c6a80a51f712a1a2c1fc5f77537e94a77ce5f17d2852baf115ec0021fbf33,gx-no-cache=1457091035581 HTTP/1.1" 200 38
192.168.10.89 - - [04/Mar/2016:08:34:55 -0300] "GET /cormun/servlet/solicitudot?9a53c7bfba548f2a0015d0d3788b73f8b51764ffd3d11c8cbc559cefc59bc275f51983535aabd7e8276d4756e6e896a63fb9abd1f778ff93ce26b7f9b0507dde32029846526edc7e8d8df284d5daabde9c3c9603b6225b2197fb8fc2e2c4c62a7b55a9952a9f425b200f75967906365d,gx-no-cache=1457091047878 HTTP/1.1" 200 29
192.168.10.89 - - [04/Mar/2016:08:34:58 -0300] "POST /cormun/servlet/solicitudot?gx-no-cache=1457091050673 HTTP/1.1" 200 1116
191.112.83.251 - - [04/Mar/2016:08:34:59 -0300] "GET /cormun/servlet/solicitudot?50312cbf02eb2c9435d1459ca518ce0052ab361ee9e85a896caaba01a0d96cfaacc6389e75155968d09b6fe6196cefc73642b7c42be5c2c677bcc58cab0f0ee03bf4cccaa281a95a0f9dc2bb05842526da258692c08d52718fea7d8ee561aa42a94bd46ac61afbe09800a0f9cecc9d9247ffcf48f36da2c42ba7aa8f04bf41e34bdeed03db98f1961c932df35a083b7a62519cda6c2cd80b599a66f171d79d24112d48cce4d80e76d7f4186e8964d3b0,gx-no-cache=1457091323581 HTTP/1.1" 200 30
191.112.83.251 - - [04/Mar/2016:08:35:09 -0300] "POST /cormun/servlet/solicitudot?c609e334d2150b4327a8dd49ec9f709d,INS,0,0,,gx-no-cache=1457091332330 HTTP/1.1" 200 93
191.112.83.251 - - [04/Mar/2016:08:35:10 -0300] "GET /cormun/servlet/hpexe_return? HTTP/1.1" 200 1004
191.112.83.251 - - [04/Mar/2016:08:35:10 -0300] "GET /cormun/servlet/trsolicitudot HTTP/1.1" 200 8277
191.112.83.251 - - [04/Mar/2016:08:35:14 -0300] "GET /cormun/servlet/trsolicitudot HTTP/1.1" 200 8273
192.168.10.89 - - [04/Mar/2016:08:35:20 -0300] "GET /cormun/servlet/solicitudot?9a53c7bfba548f2a0015d0d3788b73f84eec0133c1a561fabd2ef0ad93df4a960ce7b6b23fdc53ebc8c0fbf43584b863d41595fdff7c62dc5be575c8a1e3436cab37ce26d3831601dd39c700e8566c6539e342ec25f6bb7cdfa3f013b8190196aefcb2d49184163347ff0ec74294a42cec7b53e6718742a682bab5f2d4b417bb90cdb01275c2038224d5d15e18501ac091d7e26d6d9947102d57ea87efb801e02abd5fb5bd044d73de9a59e73077d9b7,gx-no-cache=1457091072972 HTTP/1.1" 200 30
192.168.10.89 - - [04/Mar/2016:08:35:26 -0300] "POST /cormun/servlet/solicitudot?3aa0d2eec208a5cac863cb3416c6f9a2,INS,0,0,,gx-no-cache=1457091078759 HTTP/1.1" 200 93
192.168.10.89 - - [04/Mar/2016:08:35:26 -0300] "GET /cormun/servlet/hpexe_return? HTTP/1.1" 200 1010
192.168.10.89 - - [04/Mar/2016:08:35:27 -0300] "GET /cormun/servlet/trsolicitudot HTTP/1.1" 200 7498
191.112.83.251 - - [04/Mar/2016:08:35:32 -0300] "GET /cormun/servlet/solicitudot?INS,0,0, HTTP/1.1" 200 11401
192.168.10.89 - - [04/Mar/2016:08:35:33 -0300] "POST /cormun/servlet/trsolicitudot?3aa0d2eec208a5cac863cb3416c6f9a2,gx-no-cache=1457091085789 HTTP/1.1" 200 4928
192.168.10.89 - - [04/Mar/2016:08:35:34 -0300] "POST /cormun/servlet/trsolicitudot?3aa0d2eec208a5cac863cb3416c6f9a2,gx-no-cache=1457091086062 HTTP/1.1" 200 4928
192.168.10.89 - - [04/Mar/2016:08:35:34 -0300] "POST /cormun/servlet/trsolicitudot?3aa0d2eec208a5cac863cb3416c6f9a2,gx-no-cache=1457091086363 HTTP/1.1" 200 4928
192.168.10.89 - - [04/Mar/2016:08:35:34 -0300] "POST /cormun/servlet/trsolicitudot?3aa0d2eec208a5cac863cb3416c6f9a2,gx-no-cache=1457091086703 HTTP/1.1" 200 4928
191.112.83.251 - - [04/Mar/2016:08:35:34 -0300] "GET /cormun/servlet/solicitudot?INS,0,0, HTTP/1.1" 200 11406
192.168.10.89 - - [04/Mar/2016:08:35:35 -0300] "POST /cormun/servlet/trsolicitudot?3aa0d2eec208a5cac863cb3416c6f9a2,gx-no-cache=1457091087099 HTTP/1.1" 200 4927
192.168.10.89 - - [04/Mar/2016:08:35:35 -0300] "POST /cormun/servlet/trsolicitudot?3aa0d2eec208a5cac863cb3416c6f9a2,gx-no-cache=1457091087559 HTTP/1.1" 200 4928
192.168.10.89 - - [04/Mar/2016:08:35:36 -0300] "POST /cormun/servlet/trsolicitudot?3aa0d2eec208a5cac863cb3416c6f9a2,gx-no-cache=1457091088036 HTTP/1.1" 200 4928
192.168.10.89 - - [04/Mar/2016:08:35:38 -0300] "POST /cormun/servlet/trsolicitudot?3aa0d2eec208a5cac863cb3416c6f9a2,gx-no-cache=1457091088563 HTTP/1.1" 200 106
192.168.10.89 - - [04/Mar/2016:08:35:38 -0300] "GET /cormun/servlet/trsolicitudadjuntos?2016,568, HTTP/1.1" 200 5391
192.168.10.89 - - [04/Mar/2016:08:35:38 -0300] "GET /cormun/static/gxcfg.js?2016311731090 HTTP/1.1" 304 -
192.168.10.89 - - [04/Mar/2016:08:35:38 -0300] "GET /cormun/static/trsolicitudadjuntos.js?2016311731342 HTTP/1.1" 304 -
192.168.10.89 - - [04/Mar/2016:08:35:40 -0300] "POST /cormun/servlet/acontrolpreferencessavestate?None,WPE%C3%91A,true HTTP/1.1" 200 35
192.168.10.89 - - [04/Mar/2016:08:35:47 -0300] "GET /cormun/servlet/solicitudotadjuntos?INS,2016,568,,1, HTTP/1.1" 200 5481
192.168.10.89 - - [04/Mar/2016:08:35:47 -0300] "GET /cormun/static/gxcfg.js?2016311984045 HTTP/1.1" 304 -
192.168.10.89 - - [04/Mar/2016:08:35:47 -0300] "GET /cormun/static/solicitudotadjuntos.js?2016311984068 HTTP/1.1" 304 -
192.168.10.89 - - [04/Mar/2016:08:35:47 -0300] "HEAD /cormun/static/about:blank HTTP/1.1" 404 -
192.168.10.89 - - [04/Mar/2016:08:35:48 -0300] "GET /cormun/servlet/solicitudotadjuntos?9a53c7bfba548f2a0015d0d3788b73f82c989965d2c0f15de1006e78199264d1b0f944aac18f578c47dca92c8592c75d,gx-no-cache=1457091100337 HTTP/1.1" 200 30
192.168.10.89 - - [04/Mar/2016:08:35:48 -0300] "POST /cormun/servlet/solicitudotadjuntos?3aa0d2eec208a5cac863cb3416c6f9a2,INS,2016,568,,1,,gx-no-cache=1457091100365 HTTP/1.1" 200 3360
191.112.83.251 - - [04/Mar/2016:08:35:52 -0300] "POST /cormun/servlet/solicitudot?gx-no-cache=1457091376611 HTTP/1.1" 200 2767
191.112.83.251 - - [04/Mar/2016:08:35:53 -0300] "POST /cormun/servlet/solicitudot?c609e334d2150b4327a8dd49ec9f709d,INS,0,0,,gx-no-cache=1457091377097 HTTP/1.1" 200 8380
192.168.10.89 - - [04/Mar/2016:08:36:00 -0300] "POST /cormun/servlet/solicitudotadjuntos?gx-no-cache=1457091112988 HTTP/1.1" 200 26
192.168.10.89 - - [04/Mar/2016:08:36:13 -0300] "POST /cormun/servlet/solicitudotadjuntos?3aa0d2eec208a5cac863cb3416c6f9a2,INS,2016,568,,1, HTTP/1.1" 200 116
192.168.10.89 - - [04/Mar/2016:08:36:13 -0300] "GET /cormun/servlet/hpexe_return? HTTP/1.1" 200 1027
192.168.10.89 - - [04/Mar/2016:08:36:13 -0300] "GET /cormun/servlet/trsolicitudadjuntos?2016,568, HTTP/1.1" 200 5396
192.168.10.89 - - [04/Mar/2016:08:36:16 -0300] "POST /cormun/servlet/trsolicitudadjuntos?3aa0d2eec208a5cac863cb3416c6f9a2,2016,568,,gx-no-cache=1457091128452 HTTP/1.1" 200 90
192.168.10.89 - - [04/Mar/2016:08:36:16 -0300] "GET /cormun/servlet/hpexe_link HTTP/1.1" 200 990
192.168.10.89 - - [04/Mar/2016:08:36:16 -0300] "GET /cormun/servlet/trsolicitudot?gx-no-cache=1457091088036 HTTP/1.1" 200 7502
192.168.10.89 - - [04/Mar/2016:08:36:21 -0300] "POST /cormun/servlet/trsolicitudot?3aa0d2eec208a5cac863cb3416c6f9a2,gx-no-cache=1457091088036,gx-no-cache=1457091133251 HTTP/1.1" 200 4925
192.168.10.89 - - [04/Mar/2016:08:36:21 -0300] "POST /cormun/servlet/trsolicitudot?3aa0d2eec208a5cac863cb3416c6f9a2,gx-no-cache=1457091088036,gx-no-cache=1457091133515 HTTP/1.1" 200 4925
192.168.10.89 - - [04/Mar/2016:08:36:21 -0300] "POST /cormun/servlet/trsolicitudot?3aa0d2eec208a5cac863cb3416c6f9a2,gx-no-cache=1457091088036,gx-no-cache=1457091133819 HTTP/1.1" 200 4925
192.168.10.89 - - [04/Mar/2016:08:36:22 -0300] "POST /cormun/servlet/trsolicitudot?3aa0d2eec208a5cac863cb3416c6f9a2,gx-no-cache=1457091088036,gx-no-cache=1457091134158 HTTP/1.1" 200 4925
192.168.10.89 - - [04/Mar/2016:08:36:22 -0300] "POST /cormun/servlet/trsolicitudot?3aa0d2eec208a5cac863cb3416c6f9a2,gx-no-cache=1457091088036,gx-no-cache=1457091134535 HTTP/1.1" 200 4925
192.168.10.89 - - [04/Mar/2016:08:36:22 -0300] "POST /cormun/servlet/trsolicitudot?3aa0d2eec208a5cac863cb3416c6f9a2,gx-no-cache=1457091088036,gx-no-cache=1457091134969 HTTP/1.1" 200 4925
192.168.10.89 - - [04/Mar/2016:08:36:23 -0300] "POST /cormun/servlet/trsolicitudot?3aa0d2eec208a5cac863cb3416c6f9a2,gx-no-cache=1457091088036,gx-no-cache=1457091135428 HTTP/1.1" 200 4925
192.168.10.89 - - [04/Mar/2016:08:36:26 -0300] "POST /cormun/servlet/trsolicitudot?3aa0d2eec208a5cac863cb3416c6f9a2,gx-no-cache=1457091088036,gx-no-cache=1457091135960 HTTP/1.1" 200 5143
192.168.10.89 - - [04/Mar/2016:08:36:26 -0300] "GET /cormun/static/Shared/jqueryui/images/ui-bg_flat_55_fafafa_40x100.png HTTP/1.1" 404 1097
192.168.10.89 - - [04/Mar/2016:08:36:26 -0300] "GET /cormun/static/Shared/jqueryui/images/ui-icons_82798d_256x240.png HTTP/1.1" 404 1089
192.168.10.89 - - [04/Mar/2016:08:36:26 -0300] "GET /cormun/static/Shared/jqueryui/images/ui-bg_highlight-soft_100_c6c2c8_1x100.png HTTP/1.1" 404 1117
192.168.10.89 - - [04/Mar/2016:08:36:26 -0300] "GET /cormun/static/Shared/jqueryui/images/ui-icons_8d78a5_256x240.png HTTP/1.1" 404 1089
191.112.83.251 - - [04/Mar/2016:08:36:39 -0300] "GET /cormun/servlet/solicitudot?50312cbf02eb2c9435d1459ca518ce00a45a68cb5cb183f170c62538a630027028166f135a505d509a084f8a2788ab6c,gx-no-cache=1457091422879 HTTP/1.1" 200 30
191.112.83.251 - - [04/Mar/2016:08:36:39 -0300] "POST /cormun/servlet/solicitudot?gx-no-cache=1457091423053 HTTP/1.1" 200 30
191.112.83.251 - - [04/Mar/2016:08:36:39 -0300] "POST /cormun/servlet/solicitudot?gx-no-cache=1457091423144 HTTP/1.1" 200 33
191.112.83.251 - - [04/Mar/2016:08:36:39 -0300] "POST /cormun/servlet/solicitudot?gx-no-cache=1457091423269 HTTP/1.1" 200 1157
191.112.83.251 - - [04/Mar/2016:08:36:39 -0300] "GET /cormun/servlet/solicitudot?50312cbf02eb2c9435d1459ca518ce00dc2b24a6a3097d3bf11ef7e1d2d749608775633d8c500db5f338184586ee75bf83764d0f51fc707259fc9d48079fd3d4b1882d7b466ae5769063e7621d7392a95adbe6f4f6a89067120c159c5025b5944ad541ee3d823eb061dab44871e0c05f8705aa143a0f61c558061fcb8e99d1b58a284507b8dab93ef10fa56f96839e36,gx-no-cache=1457091423463 HTTP/1.1" 200 38
191.112.83.251 - - [04/Mar/2016:08:36:45 -0300] "GET /cormun/servlet/solicitudot?50312cbf02eb2c9435d1459ca518ce00a8ac05d2fa9c54bbc6b409402fc0bfcd353c36b047b0d6c7f70c4112c8a5951069b31aa9959f78429069e3025dde80436241285d94916f31d22f8fe0678c4c9637f8d7bbb2c1efc2a085a65cf45cd004e17591cb55b6128e16f9e77ca1fd78086bde4490797817b32fdce5e32a3610ce1583648570c93b5f456606d985e7968617df64ec2bee6912bf610328ecf690af5adaf7f806e31d26485296e1ae1fa3dac8f9b4334767323a998d43d7c57c13083c123733dfb781c91f91e1f996e41921,gx-no-cache=1457091429379 HTTP/1.1" 200 29
191.112.83.251 - - [04/Mar/2016:08:36:48 -0300] "POST /cormun/servlet/solicitudot?gx-no-cache=1457091432241 HTTP/1.1" 200 1116
192.168.10.89 - - [04/Mar/2016:08:36:50 -0300] "GET /cormun/servlet/hlogin HTTP/1.1" 200 1756
191.112.83.251 - - [04/Mar/2016:08:37:24 -0300] "GET /cormun/servlet/solicitudot?50312cbf02eb2c9435d1459ca518ce0052ab361ee9e85a896caaba01a0d96cfaacc6389e75155968d09b6fe6196cefc73642b7c42be5c2c677bcc58cab0f0ee03bf4cccaa281a95a0f9dc2bb05842526da258692c08d52718fea7d8ee561aa42a94bd46ac61afbe09800a0f9cecc9d9247ffcf48f36da2c42ba7aa8f04bf41e34bdeed03db98f1961c932df35a083b7a62519cda6c2cd80b599a66f171d79d24112d48cce4d80e76d7f4186e8964d3b0,gx-no-cache=1457091468303 HTTP/1.1" 200 30
191.112.83.251 - - [04/Mar/2016:08:38:07 -0300] "POST /cormun/servlet/solicitudot?c609e334d2150b4327a8dd49ec9f709d,INS,0,0,,gx-no-cache=1457091511075 HTTP/1.1" 200 93
191.112.83.251 - - [04/Mar/2016:08:38:07 -0300] "GET /cormun/servlet/hpexe_return? HTTP/1.1" 200 1004
191.112.83.251 - - [04/Mar/2016:08:38:08 -0300] "GET /cormun/servlet/trsolicitudot HTTP/1.1" 200 8490
191.112.83.251 - - [04/Mar/2016:08:38:10 -0300] "GET /cormun/servlet/trsolicitudot HTTP/1.1" 200 8486
191.112.83.251 - - [04/Mar/2016:08:38:31 -0300] "GET /cormun/servlet/solicitudot?INS,0,0, HTTP/1.1" 200 11401
191.112.83.251 - - [04/Mar/2016:08:38:34 -0300] "GET /cormun/servlet/solicitudot?INS,0,0, HTTP/1.1" 200 11406
115.231.222.40 - - [04/Mar/2016:08:40:35 -0300] "GET /cgi-bin/common/attr?id=260714&r=0.1999541080008624 HTTP/1.1" 404 999
191.112.101.245 - - [04/Mar/2016:08:45:32 -0300] "GET /cormun/servlet/hlogin HTTP/1.1" 200 1720
191.112.101.245 - - [04/Mar/2016:08:45:32 -0300] "GET /cormun/static/Resources/Spanish/PXTools.css?005343 HTTP/1.1" 304 -
191.112.101.245 - - [04/Mar/2016:08:45:32 -0300] "GET /cormun/static/gxcfg.js?20151120045111 HTTP/1.1" 304 -
191.112.101.245 - - [04/Mar/2016:08:45:33 -0300] "GET /cormun/static/messages.spa.js?85251 HTTP/1.1" 304 -
191.112.101.245 - - [04/Mar/2016:08:45:33 -0300] "GET /cormun/static/hlogin.js?20151120045126 HTTP/1.1" 304 -
191.112.101.245 - - [04/Mar/2016:08:46:39 -0300] "POST /cormun/servlet/hlogin?3e93125fe0270f551d68e50b892e11be,gx-no-cache=1457092024288 HTTP/1.1" 200 90
191.112.101.245 - - [04/Mar/2016:08:46:39 -0300] "GET /cormun/servlet/hpexe_link HTTP/1.1" 200 951
191.112.101.245 - - [04/Mar/2016:08:46:39 -0300] "GET /cormun/static/gxcfg.js?20151120044395 HTTP/1.1" 304 -
191.112.101.245 - - [04/Mar/2016:08:46:39 -0300] "GET /cormun/static/hpexe_link.js?20151120044398 HTTP/1.1" 304 -
191.112.101.245 - - [04/Mar/2016:08:46:39 -0300] "GET /cormun/servlet/hhome HTTP/1.1" 200 3450
191.112.101.245 - - [04/Mar/2016:08:46:40 -0300] "GET /cormun/static/Resources/Spanish/PXTools.css?10515224 HTTP/1.1" 304 -
191.112.101.245 - - [04/Mar/2016:08:46:40 -0300] "GET /cormun/static/gxcfg.js?2015112210564248 HTTP/1.1" 304 -
191.112.101.245 - - [04/Mar/2016:08:46:42 -0300] "GET /cormun/static/hhome.js?2015112210564255 HTTP/1.1" 304 -
191.112.101.245 - - [04/Mar/2016:08:46:42 -0300] "GET /cormun/static/hwchdr01.js?20162241650484 HTTP/1.1" 304 -
191.112.101.245 - - [04/Mar/2016:08:46:42 -0300] "GET /cormun/static/hpexe_recentlink.js?2015111312121342 HTTP/1.1" 304 -
191.112.101.245 - - [04/Mar/2016:08:46:42 -0300] "GET /cormun/static/hpexe_scripts.js?20151120014546 HTTP/1.1" 304 -
191.112.101.245 - - [04/Mar/2016:08:46:42 -0300] "GET /cormun/static/hpexe_messagecontroller.js?2015112210524422 HTTP/1.1" 304 -
191.112.101.245 - - [04/Mar/2016:08:46:42 -0300] "GET /cormun/static/hpexe_messagepopupcomponent.js?20163219454551 HTTP/1.1" 304 -
191.112.101.245 - - [04/Mar/2016:08:46:42 -0300] "GET /cormun/static/hpexe_messagegenexuscomponent.js?20151120014314 HTTP/1.1" 304 -
191.112.101.245 - - [04/Mar/2016:08:46:42 -0300] "GET /cormun/static/cmcontrolpreferences.js?20151120014525 HTTP/1.1" 304 -
191.112.101.245 - - [04/Mar/2016:08:46:42 -0300] "GET /cormun/static/hmpwkw03.js?2016311993330 HTTP/1.1" 304 -
191.112.101.245 - - [04/Mar/2016:08:46:44 -0300] "GET /cormun/servlet/hhome HTTP/1.1" 200 3447
191.112.101.245 - - [04/Mar/2016:08:46:48 -0300] "GET /cormun/servlet/trsolicitudot? HTTP/1.1" 200 6209
191.112.101.245 - - [04/Mar/2016:08:46:48 -0300] "GET /cormun/static/Resources/Spanish/PXTools.css?18502099 HTTP/1.1" 304 -
191.112.101.245 - - [04/Mar/2016:08:46:48 -0300] "GET /cormun/static/gxcfg.js?201631185636 HTTP/1.1" 304 -
191.112.101.245 - - [04/Mar/2016:08:46:48 -0300] "GET /cormun/static/trsolicitudot.js?2016311856838 HTTP/1.1" 304 -
191.112.101.245 - - [04/Mar/2016:08:46:50 -0300] "GET /cormun/servlet/trsolicitudot? HTTP/1.1" 200 6208
191.112.101.245 - - [04/Mar/2016:08:46:54 -0300] "GET /cormun/static/menuarrow.gif HTTP/1.1" 404 1015
191.112.101.245 - - [04/Mar/2016:08:46:58 -0300] "POST /cormun/servlet/trsolicitudot?3e93125fe0270f551d68e50b892e11be,,gx-no-cache=1457092043719 HTTP/1.1" 200 4900
191.112.101.245 - - [04/Mar/2016:08:46:59 -0300] "POST /cormun/servlet/trsolicitudot?3e93125fe0270f551d68e50b892e11be,,gx-no-cache=1457092044308 HTTP/1.1" 200 4900
191.112.101.245 - - [04/Mar/2016:08:47:08 -0300] "GET /cormun/servlet/vesolicitudot?2016,556,, HTTP/1.1" 200 7524
191.112.101.245 - - [04/Mar/2016:08:47:08 -0300] "GET /cormun/static/Resources/Spanish/PXTools.css?171692 HTTP/1.1" 304 -
191.112.101.245 - - [04/Mar/2016:08:47:08 -0300] "GET /cormun/static/gxcfg.js?20163117275080 HTTP/1.1" 200 953
191.112.101.245 - - [04/Mar/2016:08:47:08 -0300] "GET /cormun/pexe_scrolldiv.js HTTP/1.1" 404 1009
191.112.101.245 - - [04/Mar/2016:08:47:08 -0300] "GET /cormun/static/hwcviewtabs.js?20151120014372 HTTP/1.1" 200 1074
191.112.101.245 - - [04/Mar/2016:08:47:08 -0300] "GET /cormun/static/vesolicitudot.js?20163117275148 HTTP/1.1" 200 6091
191.112.101.245 - - [04/Mar/2016:08:47:08 -0300] "GET /cormun/static/hpexe_tabsview.js?20151120014350 HTTP/1.1" 200 1661
