186.67.172.234 - - [04/Mar/2016:12:39:38 -0300] "GET /cormun/servlet/hpexe_link HTTP/1.1" 200 940
186.67.172.234 - - [04/Mar/2016:12:39:38 -0300] "GET /cormun/servlet/hhome HTTP/1.1" 200 3433
186.67.172.234 - - [04/Mar/2016:12:39:38 -0300] "GET /cormun/servlet/hhome HTTP/1.1" 200 3429
186.67.172.234 - - [04/Mar/2016:12:39:43 -0300] "GET /cormun/servlet/trautorizarsolicitud? HTTP/1.1" 200 7703
186.67.172.234 - - [04/Mar/2016:12:39:44 -0300] "GET /cormun/servlet/trautorizarsolicitud? HTTP/1.1" 200 7701
186.67.172.234 - - [04/Mar/2016:12:39:54 -0300] "POST /cormun/servlet/trautorizarsolicitud?167e06ebc9fe61c19a274713721a4ff4,,gx-no-cache=1457106045792 HTTP/1.1" 200 5178
186.67.172.234 - - [04/Mar/2016:12:39:54 -0300] "POST /cormun/servlet/trautorizarsolicitud?167e06ebc9fe61c19a274713721a4ff4,,gx-no-cache=1457106045953 HTTP/1.1" 200 5179
186.67.172.234 - - [04/Mar/2016:12:39:55 -0300] "POST /cormun/servlet/trautorizarsolicitud?167e06ebc9fe61c19a274713721a4ff4,,gx-no-cache=1457106046505 HTTP/1.1" 200 5178
186.67.172.234 - - [04/Mar/2016:12:39:55 -0300] "POST /cormun/servlet/trautorizarsolicitud?167e06ebc9fe61c19a274713721a4ff4,,gx-no-cache=1457106046805 HTTP/1.1" 200 5178
186.67.172.234 - - [04/Mar/2016:12:39:55 -0300] "POST /cormun/servlet/trautorizarsolicitud?167e06ebc9fe61c19a274713721a4ff4,,gx-no-cache=1457106047353 HTTP/1.1" 200 5179
186.67.172.234 - - [04/Mar/2016:12:39:56 -0300] "POST /cormun/servlet/trautorizarsolicitud?167e06ebc9fe61c19a274713721a4ff4,,gx-no-cache=1457106047528 HTTP/1.1" 200 5179
186.67.172.234 - - [04/Mar/2016:12:39:56 -0300] "POST /cormun/servlet/trautorizarsolicitud?167e06ebc9fe61c19a274713721a4ff4,,gx-no-cache=1457106047680 HTTP/1.1" 200 5178
186.67.172.234 - - [04/Mar/2016:12:39:56 -0300] "POST /cormun/servlet/trautorizarsolicitud?167e06ebc9fe61c19a274713721a4ff4,,gx-no-cache=1457106048151 HTTP/1.1" 200 114
186.67.172.234 - - [04/Mar/2016:12:39:56 -0300] "GET /cormun/servlet/solicitudotlog?INS,2016,606,0,REC, HTTP/1.1" 200 5138
186.67.172.234 - - [04/Mar/2016:12:39:56 -0300] "GET /cormun/static/gxcfg.js?2016311984925 HTTP/1.1" 200 953
186.67.172.234 - - [04/Mar/2016:12:39:56 -0300] "GET /cormun/static/solicitudotlog.js?2016311984937 HTTP/1.1" 200 8270
186.67.172.234 - - [04/Mar/2016:12:39:57 -0300] "GET /cormun/servlet/solicitudotlog?INS,2016,606,0,REC, HTTP/1.1" 200 5139
186.67.172.234 - - [04/Mar/2016:12:39:57 -0300] "GET /cormun/servlet/solicitudotlog?92fe7ec6be63c2f97d14356540fb6406c29076341060aef8323162fd4bfe6dce,gx-no-cache=1457106049263 HTTP/1.1" 200 26
186.103.240.224 - - [04/Mar/2016:12:40:01 -0300] "POST /cormun/servlet/trautorizarsolicitud?cf1b3d84f5ed02cb756fc7892ae6ccf8,,gx-no-cache=1457106063771 HTTP/1.1" 200 6659
186.67.172.234 - - [04/Mar/2016:12:40:04 -0300] "POST /cormun/servlet/solicitudotlog?167e06ebc9fe61c19a274713721a4ff4,INS,2016,606,0,REC,,gx-no-cache=1457106055450 HTTP/1.1" 200 93
186.67.172.234 - - [04/Mar/2016:12:40:04 -0300] "GET /cormun/servlet/hpexe_return? HTTP/1.1" 200 1019
186.67.172.234 - - [04/Mar/2016:12:40:04 -0300] "GET /cormun/servlet/trautorizarsolicitud? HTTP/1.1" 200 7705
186.103.240.224 - - [04/Mar/2016:12:40:04 -0300] "POST /cormun/servlet/trautorizarsolicitud?cf1b3d84f5ed02cb756fc7892ae6ccf8,,gx-no-cache=1457106066220 HTTP/1.1" 200 6601
186.67.172.234 - - [04/Mar/2016:12:40:04 -0300] "GET /cormun/servlet/trautorizarsolicitud? HTTP/1.1" 200 7701
186.67.172.234 - - [04/Mar/2016:12:40:16 -0300] "POST /cormun/servlet/trautorizarsolicitud?167e06ebc9fe61c19a274713721a4ff4,,gx-no-cache=1457106067863 HTTP/1.1" 200 5182
186.67.172.234 - - [04/Mar/2016:12:40:16 -0300] "POST /cormun/servlet/trautorizarsolicitud?167e06ebc9fe61c19a274713721a4ff4,,gx-no-cache=1457106068308 HTTP/1.1" 200 5182
186.67.172.234 - - [04/Mar/2016:12:40:17 -0300] "POST /cormun/servlet/trautorizarsolicitud?167e06ebc9fe61c19a274713721a4ff4,,gx-no-cache=1457106068489 HTTP/1.1" 200 5182
186.67.172.234 - - [04/Mar/2016:12:40:17 -0300] "POST /cormun/servlet/trautorizarsolicitud?167e06ebc9fe61c19a274713721a4ff4,,gx-no-cache=1457106068687 HTTP/1.1" 200 5182
186.67.172.234 - - [04/Mar/2016:12:40:17 -0300] "POST /cormun/servlet/trautorizarsolicitud?167e06ebc9fe61c19a274713721a4ff4,,gx-no-cache=1457106069201 HTTP/1.1" 200 5182
186.67.172.234 - - [04/Mar/2016:12:40:18 -0300] "POST /cormun/servlet/trautorizarsolicitud?167e06ebc9fe61c19a274713721a4ff4,,gx-no-cache=1457106069372 HTTP/1.1" 200 5183
186.67.172.234 - - [04/Mar/2016:12:40:18 -0300] "POST /cormun/servlet/trautorizarsolicitud?167e06ebc9fe61c19a274713721a4ff4,,gx-no-cache=1457106069542 HTTP/1.1" 200 5183
186.67.172.234 - - [04/Mar/2016:12:40:18 -0300] "POST /cormun/servlet/trautorizarsolicitud?167e06ebc9fe61c19a274713721a4ff4,,gx-no-cache=1457106069737 HTTP/1.1" 200 114
186.67.172.234 - - [04/Mar/2016:12:40:18 -0300] "GET /cormun/servlet/solicitudotlog?INS,2016,606,0,REC, HTTP/1.1" 200 5138
186.67.172.234 - - [04/Mar/2016:12:40:19 -0300] "GET /cormun/servlet/solicitudotlog?INS,2016,606,0,REC, HTTP/1.1" 200 5138
186.67.172.234 - - [04/Mar/2016:12:40:19 -0300] "GET /cormun/servlet/solicitudotlog?92fe7ec6be63c2f97d14356540fb6406c29076341060aef8323162fd4bfe6dce,gx-no-cache=1457106070942 HTTP/1.1" 200 26
186.67.172.234 - - [04/Mar/2016:12:40:31 -0300] "POST /cormun/servlet/solicitudotlog?167e06ebc9fe61c19a274713721a4ff4,INS,2016,606,0,REC,,gx-no-cache=1457106082636 HTTP/1.1" 200 93
186.67.172.234 - - [04/Mar/2016:12:40:31 -0300] "GET /cormun/servlet/hpexe_return? HTTP/1.1" 200 1019
186.67.172.234 - - [04/Mar/2016:12:40:31 -0300] "GET /cormun/servlet/trautorizarsolicitud? HTTP/1.1" 200 7444
186.67.172.234 - - [04/Mar/2016:12:40:31 -0300] "GET /cormun/servlet/trautorizarsolicitud? HTTP/1.1" 200 7440
186.67.172.234 - - [04/Mar/2016:12:40:35 -0300] "POST /cormun/servlet/trautorizarsolicitud?167e06ebc9fe61c19a274713721a4ff4,,gx-no-cache=1457106086984 HTTP/1.1" 200 4908
186.67.172.234 - - [04/Mar/2016:12:40:36 -0300] "POST /cormun/servlet/trautorizarsolicitud?167e06ebc9fe61c19a274713721a4ff4,,gx-no-cache=1457106087143 HTTP/1.1" 200 4908
186.67.172.234 - - [04/Mar/2016:12:40:36 -0300] "POST /cormun/servlet/trautorizarsolicitud?167e06ebc9fe61c19a274713721a4ff4,,gx-no-cache=1457106087639 HTTP/1.1" 200 4909
186.67.172.234 - - [04/Mar/2016:12:40:36 -0300] "POST /cormun/servlet/trautorizarsolicitud?167e06ebc9fe61c19a274713721a4ff4,,gx-no-cache=1457106087850 HTTP/1.1" 200 4908
186.67.172.234 - - [04/Mar/2016:12:40:36 -0300] "POST /cormun/servlet/trautorizarsolicitud?167e06ebc9fe61c19a274713721a4ff4,,gx-no-cache=1457106088010 HTTP/1.1" 200 4908
186.67.172.234 - - [04/Mar/2016:12:40:37 -0300] "POST /cormun/servlet/trautorizarsolicitud?167e06ebc9fe61c19a274713721a4ff4,,gx-no-cache=1457106088454 HTTP/1.1" 200 4908
186.67.172.234 - - [04/Mar/2016:12:40:37 -0300] "POST /cormun/servlet/trautorizarsolicitud?167e06ebc9fe61c19a274713721a4ff4,,gx-no-cache=1457106088608 HTTP/1.1" 200 4907
186.67.172.234 - - [04/Mar/2016:12:40:37 -0300] "POST /cormun/servlet/trautorizarsolicitud?167e06ebc9fe61c19a274713721a4ff4,,gx-no-cache=1457106088766 HTTP/1.1" 200 3583
186.67.172.234 - - [04/Mar/2016:12:40:37 -0300] "GET /cormun/static/Shared/jqueryui/images/ui-bg_highlight-soft_100_c6c2c8_1x100.png HTTP/1.1" 404 1117
186.67.172.234 - - [04/Mar/2016:12:40:37 -0300] "GET /cormun/static/Shared/jqueryui/images/ui-icons_82798d_256x240.png HTTP/1.1" 404 1089
186.67.172.234 - - [04/Mar/2016:12:40:37 -0300] "GET /cormun/static/Shared/jqueryui/images/ui-bg_flat_55_fafafa_40x100.png HTTP/1.1" 404 1097
186.67.172.234 - - [04/Mar/2016:12:40:37 -0300] "GET /cormun/static/Shared/jqueryui/images/ui-icons_8d78a5_256x240.png HTTP/1.1" 404 1089
186.67.172.234 - - [04/Mar/2016:12:40:37 -0300] "POST /cormun/servlet/trautorizarsolicitud?167e06ebc9fe61c19a274713721a4ff4,,gx-no-cache=1457106088922 HTTP/1.1" 200 3441
186.103.240.224 - - [04/Mar/2016:12:40:38 -0300] "POST /cormun/servlet/trautorizarsolicitud?cf1b3d84f5ed02cb756fc7892ae6ccf8,,gx-no-cache=1457106100964 HTTP/1.1" 200 6357
186.103.240.224 - - [04/Mar/2016:12:40:39 -0300] "POST /cormun/servlet/trautorizarsolicitud?cf1b3d84f5ed02cb756fc7892ae6ccf8,,gx-no-cache=1457106102758 HTTP/1.1" 200 6302
186.67.172.234 - - [04/Mar/2016:12:40:48 -0300] "GET /cormun/servlet/hlogin HTTP/1.1" 200 1711
186.67.172.234 - - [04/Mar/2016:12:40:54 -0300] "POST /cormun/servlet/hlogin?167e06ebc9fe61c19a274713721a4ff4,gx-no-cache=1457106105922 HTTP/1.1" 200 90
186.67.172.234 - - [04/Mar/2016:12:40:54 -0300] "GET /cormun/servlet/hpexe_link HTTP/1.1" 200 940
186.67.172.234 - - [04/Mar/2016:12:40:55 -0300] "GET /cormun/servlet/hhome HTTP/1.1" 200 3414
186.67.172.234 - - [04/Mar/2016:12:40:55 -0300] "GET /cormun/servlet/hhome HTTP/1.1" 200 3411
186.103.240.224 - - [04/Mar/2016:12:40:56 -0300] "POST /cormun/servlet/trautorizarsolicitud?cf1b3d84f5ed02cb756fc7892ae6ccf8,,gx-no-cache=1457106119255 HTTP/1.1" 200 6034
186.103.240.224 - - [04/Mar/2016:12:40:58 -0300] "POST /cormun/servlet/trautorizarsolicitud?cf1b3d84f5ed02cb756fc7892ae6ccf8,,gx-no-cache=1457106120885 HTTP/1.1" 200 5977
186.67.172.234 - - [04/Mar/2016:12:40:58 -0300] "GET /cormun/servlet/trsolicitudot? HTTP/1.1" 200 7480
186.67.172.234 - - [04/Mar/2016:12:40:59 -0300] "GET /cormun/servlet/trsolicitudot? HTTP/1.1" 200 7480
186.67.172.234 - - [04/Mar/2016:12:41:21 -0300] "GET /cormun/servlet/hlogin HTTP/1.1" 200 1711
186.67.172.234 - - [04/Mar/2016:12:41:23 -0300] "POST /cormun/servlet/hlogin?167e06ebc9fe61c19a274713721a4ff4,gx-no-cache=1457106135115 HTTP/1.1" 200 90
186.67.172.234 - - [04/Mar/2016:12:41:23 -0300] "GET /cormun/servlet/hpexe_link HTTP/1.1" 200 945
186.67.172.234 - - [04/Mar/2016:12:41:23 -0300] "GET /cormun/servlet/trsolicitudot HTTP/1.1" 200 7481
186.67.172.234 - - [04/Mar/2016:12:41:24 -0300] "GET /cormun/servlet/trsolicitudot HTTP/1.1" 200 7480
186.67.172.234 - - [04/Mar/2016:12:41:29 -0300] "POST /cormun/servlet/trsolicitudot?167e06ebc9fe61c19a274713721a4ff4,gx-no-cache=1457106140833 HTTP/1.1" 200 4906
186.67.172.234 - - [04/Mar/2016:12:41:29 -0300] "POST /cormun/servlet/trsolicitudot?167e06ebc9fe61c19a274713721a4ff4,gx-no-cache=1457106141041 HTTP/1.1" 200 4906
186.67.172.234 - - [04/Mar/2016:12:41:29 -0300] "POST /cormun/servlet/trsolicitudot?167e06ebc9fe61c19a274713721a4ff4,gx-no-cache=1457106141202 HTTP/1.1" 200 4906
186.67.172.234 - - [04/Mar/2016:12:41:30 -0300] "POST /cormun/servlet/trsolicitudot?167e06ebc9fe61c19a274713721a4ff4,gx-no-cache=1457106141356 HTTP/1.1" 200 4906
186.67.172.234 - - [04/Mar/2016:12:41:30 -0300] "POST /cormun/servlet/trsolicitudot?167e06ebc9fe61c19a274713721a4ff4,gx-no-cache=1457106141514 HTTP/1.1" 200 4906
186.67.172.234 - - [04/Mar/2016:12:41:30 -0300] "POST /cormun/servlet/trsolicitudot?167e06ebc9fe61c19a274713721a4ff4,gx-no-cache=1457106141707 HTTP/1.1" 200 4906
186.67.172.234 - - [04/Mar/2016:12:41:30 -0300] "POST /cormun/servlet/trsolicitudot?167e06ebc9fe61c19a274713721a4ff4,gx-no-cache=1457106141873 HTTP/1.1" 200 4906
186.67.172.234 - - [04/Mar/2016:12:41:31 -0300] "POST /cormun/servlet/trsolicitudot?167e06ebc9fe61c19a274713721a4ff4,gx-no-cache=1457106142457 HTTP/1.1" 200 3582
186.67.172.234 - - [04/Mar/2016:12:41:31 -0300] "GET /cormun/static/Shared/jqueryui/images/ui-bg_highlight-soft_100_c6c2c8_1x100.png HTTP/1.1" 404 1117
186.67.172.234 - - [04/Mar/2016:12:41:31 -0300] "GET /cormun/static/Shared/jqueryui/images/ui-icons_82798d_256x240.png HTTP/1.1" 404 1089
186.67.172.234 - - [04/Mar/2016:12:41:31 -0300] "GET /cormun/static/Shared/jqueryui/images/ui-bg_flat_55_fafafa_40x100.png HTTP/1.1" 404 1097
186.67.172.234 - - [04/Mar/2016:12:41:31 -0300] "GET /cormun/static/Shared/jqueryui/images/ui-icons_8d78a5_256x240.png HTTP/1.1" 404 1089
186.67.172.234 - - [04/Mar/2016:12:41:31 -0300] "POST /cormun/servlet/trsolicitudot?167e06ebc9fe61c19a274713721a4ff4,gx-no-cache=1457106142985 HTTP/1.1" 200 3436
186.103.240.224 - - [04/Mar/2016:12:41:31 -0300] "POST /cormun/servlet/trautorizarsolicitud?cf1b3d84f5ed02cb756fc7892ae6ccf8,,gx-no-cache=1457106154651 HTTP/1.1" 200 5793
186.103.240.224 - - [04/Mar/2016:12:41:33 -0300] "POST /cormun/servlet/trautorizarsolicitud?cf1b3d84f5ed02cb756fc7892ae6ccf8,,gx-no-cache=1457106156142 HTTP/1.1" 200 5738
186.67.172.234 - - [04/Mar/2016:12:41:42 -0300] "GET /cormun/servlet/solicitudot?INS,0,0, HTTP/1.1" 200 11418
186.67.172.234 - - [04/Mar/2016:12:41:43 -0300] "GET /cormun/servlet/solicitudot?INS,0,0, HTTP/1.1" 200 11423
186.103.240.224 - - [04/Mar/2016:12:42:52 -0300] "POST /cormun/servlet/trautorizarsolicitud?cf1b3d84f5ed02cb756fc7892ae6ccf8,,gx-no-cache=1457106235210 HTTP/1.1" 200 5508
186.103.240.224 - - [04/Mar/2016:12:42:53 -0300] "POST /cormun/servlet/trautorizarsolicitud?cf1b3d84f5ed02cb756fc7892ae6ccf8,,gx-no-cache=1457106236647 HTTP/1.1" 200 5453
186.103.157.42 - - [04/Mar/2016:12:42:55 -0300] "GET /cormun/servlet/hlogin HTTP/1.1" 200 1721
186.103.157.42 - - [04/Mar/2016:12:42:55 -0300] "GET /cormun/static/gxcfg.js?20151120045111 HTTP/1.1" 304 -
186.103.157.42 - - [04/Mar/2016:12:42:55 -0300] "GET /cormun/static/messages.spa.js?85251 HTTP/1.1" 304 -
186.103.157.42 - - [04/Mar/2016:12:42:55 -0300] "GET /cormun/static/hlogin.js?20151120045126 HTTP/1.1" 304 -
186.103.157.42 - - [04/Mar/2016:12:42:55 -0300] "GET /cormun/static/Resources/Spanish/PXTools.css?005343 HTTP/1.1" 304 -
186.103.157.42 - - [04/Mar/2016:12:42:55 -0300] "GET /cormun/servlet/hlogin HTTP/1.1" 200 1724
186.103.157.42 - - [04/Mar/2016:12:42:56 -0300] "POST /cormun/servlet/hlogin?021ea4622182f5d85aa455922d3fa685,gx-no-cache=1457106204869 HTTP/1.1" 200 90
186.103.157.42 - - [04/Mar/2016:12:42:56 -0300] "GET /cormun/servlet/hpexe_link HTTP/1.1" 200 947
186.103.157.42 - - [04/Mar/2016:12:42:57 -0300] "GET /cormun/static/gxcfg.js?20151120044395 HTTP/1.1" 304 -
186.103.157.42 - - [04/Mar/2016:12:42:57 -0300] "GET /cormun/static/hpexe_link.js?20151120044398 HTTP/1.1" 304 -
186.103.157.42 - - [04/Mar/2016:12:42:57 -0300] "GET /cormun/servlet/hhome HTTP/1.1" 200 3453
186.103.157.42 - - [04/Mar/2016:12:42:57 -0300] "GET /cormun/static/Resources/Spanish/PXTools.css?10515224 HTTP/1.1" 304 -
186.103.157.42 - - [04/Mar/2016:12:42:57 -0300] "GET /cormun/static/gxcfg.js?2015112210564248 HTTP/1.1" 304 -
186.103.157.42 - - [04/Mar/2016:12:42:57 -0300] "GET /cormun/static/hhome.js?2015112210564255 HTTP/1.1" 304 -
186.103.157.42 - - [04/Mar/2016:12:42:57 -0300] "GET /cormun/static/hwchdr01.js?20162241650484 HTTP/1.1" 304 -
186.103.157.42 - - [04/Mar/2016:12:42:57 -0300] "GET /cormun/static/hpexe_scripts.js?20151120014546 HTTP/1.1" 304 -
186.103.157.42 - - [04/Mar/2016:12:42:57 -0300] "GET /cormun/static/hpexe_recentlink.js?2015111312121342 HTTP/1.1" 304 -
186.103.157.42 - - [04/Mar/2016:12:42:57 -0300] "GET /cormun/static/hpexe_messagegenexuscomponent.js?20151120014314 HTTP/1.1" 304 -
186.103.157.42 - - [04/Mar/2016:12:42:57 -0300] "GET /cormun/static/hpexe_messagecontroller.js?2015112210524422 HTTP/1.1" 304 -
186.103.157.42 - - [04/Mar/2016:12:42:57 -0300] "GET /cormun/static/hpexe_messagepopupcomponent.js?20163219454551 HTTP/1.1" 304 -
186.103.157.42 - - [04/Mar/2016:12:42:57 -0300] "GET /cormun/static/cmcontrolpreferences.js?20151120014525 HTTP/1.1" 304 -
186.103.157.42 - - [04/Mar/2016:12:42:57 -0300] "GET /cormun/static/hmpwkw03.js?2016311993330 HTTP/1.1" 304 -
186.103.157.42 - - [04/Mar/2016:12:42:57 -0300] "GET /cormun/servlet/hhome HTTP/1.1" 200 3448
191.112.8.24 - - [04/Mar/2016:12:43:16 -0300] "GET /cormun/servlet/hlogin HTTP/1.1" 200 1708
191.112.8.24 - - [04/Mar/2016:12:43:16 -0300] "GET /cormun/static/Resources/Spanish/PXTools.css?005343 HTTP/1.1" 304 -
191.112.8.24 - - [04/Mar/2016:12:43:16 -0300] "GET /cormun/static/gxcfg.js?20151120045111 HTTP/1.1" 304 -
191.112.8.24 - - [04/Mar/2016:12:43:16 -0300] "GET /cormun/static/messages.spa.js?85251 HTTP/1.1" 304 -
191.112.8.24 - - [04/Mar/2016:12:43:16 -0300] "GET /cormun/static/hlogin.js?20151120045126 HTTP/1.1" 304 -
191.112.8.24 - - [04/Mar/2016:12:43:18 -0300] "GET /cormun/servlet/hlogin HTTP/1.1" 200 1718
186.103.157.42 - - [04/Mar/2016:12:43:23 -0300] "GET /cormun/servlet/trsolicitudot? HTTP/1.1" 200 6211
186.103.157.42 - - [04/Mar/2016:12:43:23 -0300] "GET /cormun/static/Resources/Spanish/PXTools.css?18502099 HTTP/1.1" 304 -
186.103.157.42 - - [04/Mar/2016:12:43:24 -0300] "GET /cormun/static/gxcfg.js?201631185636 HTTP/1.1" 304 -
186.103.157.42 - - [04/Mar/2016:12:43:24 -0300] "GET /cormun/static/trsolicitudot.js?2016311856838 HTTP/1.1" 304 -
186.103.240.224 - - [04/Mar/2016:12:43:24 -0300] "POST /cormun/servlet/trautorizarsolicitud?cf1b3d84f5ed02cb756fc7892ae6ccf8,,gx-no-cache=1457106267316 HTTP/1.1" 200 5476
186.103.157.42 - - [04/Mar/2016:12:43:24 -0300] "GET /cormun/servlet/trsolicitudot? HTTP/1.1" 200 6210
186.103.240.224 - - [04/Mar/2016:12:43:25 -0300] "POST /cormun/servlet/trautorizarsolicitud?cf1b3d84f5ed02cb756fc7892ae6ccf8,,gx-no-cache=1457106268646 HTTP/1.1" 200 5478
186.103.240.224 - - [04/Mar/2016:12:43:26 -0300] "POST /cormun/servlet/trautorizarsolicitud?cf1b3d84f5ed02cb756fc7892ae6ccf8,,gx-no-cache=1457106269555 HTTP/1.1" 200 5479
186.103.157.42 - - [04/Mar/2016:12:43:26 -0300] "GET /cormun/static/menuarrow.gif HTTP/1.1" 404 1015
186.103.240.224 - - [04/Mar/2016:12:43:27 -0300] "POST /cormun/servlet/trautorizarsolicitud?cf1b3d84f5ed02cb756fc7892ae6ccf8,,gx-no-cache=1457106270732 HTTP/1.1" 200 5478
186.103.240.224 - - [04/Mar/2016:12:43:29 -0300] "POST /cormun/servlet/trautorizarsolicitud?cf1b3d84f5ed02cb756fc7892ae6ccf8,,gx-no-cache=1457106272013 HTTP/1.1" 200 5478
186.103.240.224 - - [04/Mar/2016:12:43:30 -0300] "POST /cormun/servlet/trautorizarsolicitud?cf1b3d84f5ed02cb756fc7892ae6ccf8,,gx-no-cache=1457106273438 HTTP/1.1" 200 5478
186.103.240.224 - - [04/Mar/2016:12:43:32 -0300] "POST /cormun/servlet/trautorizarsolicitud?cf1b3d84f5ed02cb756fc7892ae6ccf8,,gx-no-cache=1457106274459 HTTP/1.1" 200 5478
186.103.240.224 - - [04/Mar/2016:12:43:34 -0300] "POST /cormun/servlet/trautorizarsolicitud?cf1b3d84f5ed02cb756fc7892ae6ccf8,,gx-no-cache=1457106276784 HTTP/1.1" 200 114
186.103.157.42 - - [04/Mar/2016:12:43:34 -0300] "POST /cormun/servlet/trsolicitudot?021ea4622182f5d85aa455922d3fa685,,gx-no-cache=1457106242265 HTTP/1.1" 200 4934
186.103.157.42 - - [04/Mar/2016:12:43:34 -0300] "POST /cormun/servlet/trsolicitudot?021ea4622182f5d85aa455922d3fa685,,gx-no-cache=1457106242471 HTTP/1.1" 200 4933
186.103.240.224 - - [04/Mar/2016:12:43:34 -0300] "GET /cormun/servlet/solicitudotlog?INS,2016,566,0,REC, HTTP/1.1" 200 5169
186.103.157.42 - - [04/Mar/2016:12:43:34 -0300] "POST /cormun/servlet/trsolicitudot?021ea4622182f5d85aa455922d3fa685,,gx-no-cache=1457106242617 HTTP/1.1" 200 4934
186.103.157.42 - - [04/Mar/2016:12:43:34 -0300] "POST /cormun/servlet/trsolicitudot?021ea4622182f5d85aa455922d3fa685,,gx-no-cache=1457106242800 HTTP/1.1" 200 4934
186.103.240.224 - - [04/Mar/2016:12:43:34 -0300] "GET /cormun/static/gxcfg.js?2016311984925 HTTP/1.1" 200 953
186.103.240.224 - - [04/Mar/2016:12:43:35 -0300] "GET /cormun/static/solicitudotlog.js?2016311984937 HTTP/1.1" 200 8270
186.103.240.224 - - [04/Mar/2016:12:43:35 -0300] "GET /cormun/servlet/solicitudotlog?INS,2016,566,0,REC, HTTP/1.1" 200 5169
186.103.240.224 - - [04/Mar/2016:12:43:36 -0300] "GET /cormun/servlet/solicitudotlog?82c078619e125858a9547bb0db255ca06c2634e95433f21cbe65c9b601403eb0,gx-no-cache=1457106279944 HTTP/1.1" 200 26
191.112.8.24 - - [04/Mar/2016:12:43:43 -0300] "POST /cormun/servlet/hlogin?81b84a17aa9e1c87c9eb6d2d504ea46a,gx-no-cache=1457106252319 HTTP/1.1" 200 90
191.112.8.24 - - [04/Mar/2016:12:43:44 -0300] "GET /cormun/servlet/hpexe_link HTTP/1.1" 200 939
191.112.8.24 - - [04/Mar/2016:12:43:44 -0300] "GET /cormun/static/gxcfg.js?20151120044395 HTTP/1.1" 304 -
191.112.8.24 - - [04/Mar/2016:12:43:44 -0300] "GET /cormun/static/hpexe_link.js?20151120044398 HTTP/1.1" 304 -
191.112.8.24 - - [04/Mar/2016:12:43:44 -0300] "GET /cormun/servlet/hhome HTTP/1.1" 200 3449
191.112.8.24 - - [04/Mar/2016:12:43:44 -0300] "GET /cormun/static/Resources/Spanish/PXTools.css?10515224 HTTP/1.1" 304 -
191.112.8.24 - - [04/Mar/2016:12:43:44 -0300] "GET /cormun/static/gxcfg.js?2015112210564248 HTTP/1.1" 304 -
191.112.8.24 - - [04/Mar/2016:12:43:44 -0300] "GET /cormun/static/hwchdr01.js?20162241650484 HTTP/1.1" 304 -
191.112.8.24 - - [04/Mar/2016:12:43:44 -0300] "GET /cormun/static/hpexe_recentlink.js?2015111312121342 HTTP/1.1" 304 -
191.112.8.24 - - [04/Mar/2016:12:43:44 -0300] "GET /cormun/static/hpexe_scripts.js?20151120014546 HTTP/1.1" 304 -
191.112.8.24 - - [04/Mar/2016:12:43:44 -0300] "GET /cormun/static/hhome.js?2015112210564255 HTTP/1.1" 304 -
191.112.8.24 - - [04/Mar/2016:12:43:44 -0300] "GET /cormun/static/hpexe_messagepopupcomponent.js?20163219454551 HTTP/1.1" 304 -
191.112.8.24 - - [04/Mar/2016:12:43:44 -0300] "GET /cormun/static/hpexe_messagecontroller.js?2015112210524422 HTTP/1.1" 304 -
191.112.8.24 - - [04/Mar/2016:12:43:44 -0300] "GET /cormun/static/cmcontrolpreferences.js?20151120014525 HTTP/1.1" 304 -
191.112.8.24 - - [04/Mar/2016:12:43:44 -0300] "GET /cormun/static/hpexe_messagegenexuscomponent.js?20151120014314 HTTP/1.1" 304 -
191.112.8.24 - - [04/Mar/2016:12:43:44 -0300] "GET /cormun/static/hmpwkw03.js?2016311993330 HTTP/1.1" 304 -
186.103.240.224 - - [04/Mar/2016:12:43:45 -0300] "GET /cormun/servlet/trautorizarsolicitud? HTTP/1.1" 200 8021
186.103.240.224 - - [04/Mar/2016:12:43:45 -0300] "GET /cormun/servlet/trautorizarsolicitud? HTTP/1.1" 200 7998
191.112.8.24 - - [04/Mar/2016:12:43:45 -0300] "GET /cormun/servlet/hhome HTTP/1.1" 200 3447
186.103.157.42 - - [04/Mar/2016:12:43:46 -0300] "POST /cormun/servlet/trsolicitudot?021ea4622182f5d85aa455922d3fa685,,gx-no-cache=1457106254416 HTTP/1.1" 200 4933
186.103.157.42 - - [04/Mar/2016:12:43:46 -0300] "POST /cormun/servlet/trsolicitudot?021ea4622182f5d85aa455922d3fa685,,gx-no-cache=1457106254583 HTTP/1.1" 200 4934
186.103.157.42 - - [04/Mar/2016:12:43:46 -0300] "POST /cormun/servlet/trsolicitudot?021ea4622182f5d85aa455922d3fa685,,gx-no-cache=1457106254735 HTTP/1.1" 200 4935
186.103.157.42 - - [04/Mar/2016:12:43:46 -0300] "POST /cormun/servlet/trsolicitudot?021ea4622182f5d85aa455922d3fa685,,gx-no-cache=1457106254882 HTTP/1.1" 200 104
186.103.157.42 - - [04/Mar/2016:12:43:47 -0300] "GET /cormun/servlet/solicitudot?UPD,2016,313, HTTP/1.1" 200 12697
186.103.157.42 - - [04/Mar/2016:12:43:47 -0300] "GET /cormun/static/gxcfg.js?20163219435133 HTTP/1.1" 200 953
186.103.157.42 - - [04/Mar/2016:12:43:47 -0300] "GET /cormun/static/Resources/Spanish/PXTools.css?1944839 HTTP/1.1" 304 -
186.103.157.42 - - [04/Mar/2016:12:43:47 -0300] "GET /cormun/static/solicitudot.js?20163219435183 HTTP/1.1" 304 -
186.103.157.42 - - [04/Mar/2016:12:43:47 -0300] "GET /cormun/servlet/solicitudot?UPD,2016,313, HTTP/1.1" 200 12706
186.103.157.42 - - [04/Mar/2016:12:43:48 -0300] "POST /cormun/servlet/solicitudot?gx-no-cache=1457106256408 HTTP/1.1" 200 2773
186.103.157.42 - - [04/Mar/2016:12:43:48 -0300] "POST /cormun/servlet/solicitudot?021ea4622182f5d85aa455922d3fa685,UPD,2016,313,,gx-no-cache=1457106256541 HTTP/1.1" 200 9084
186.103.157.42 - - [04/Mar/2016:12:43:48 -0300] "GET /cormun/servlet/solicitudot?1a4a48c4f272662be57dbecb5525ef4c62c1e2423be2d5f1c31f3613e74b45c2927db6cd508521bc2e378e8e48f86a69,gx-no-cache=1457106256705 HTTP/1.1" 200 30
186.103.157.42 - - [04/Mar/2016:12:43:48 -0300] "POST /cormun/servlet/solicitudot?gx-no-cache=1457106256746 HTTP/1.1" 200 30
191.112.8.24 - - [04/Mar/2016:12:43:48 -0300] "GET /cormun/servlet/trsolicitudot? HTTP/1.1" 200 6212
186.103.157.42 - - [04/Mar/2016:12:43:48 -0300] "POST /cormun/servlet/solicitudot?gx-no-cache=1457106256773 HTTP/1.1" 200 30
186.103.157.42 - - [04/Mar/2016:12:43:48 -0300] "POST /cormun/servlet/solicitudot?gx-no-cache=1457106256839 HTTP/1.1" 200 1159
186.103.157.42 - - [04/Mar/2016:12:43:48 -0300] "GET /cormun/servlet/solicitudot?1a4a48c4f272662be57dbecb5525ef4cc05e124f17d1a216bc018f9f65317a5a49c7bbcda0e4382311923c87ca40bdc0e454b04170bd5ec4004f069c8eb737e2f11e5f5bf62ea9d8edd2ea70e26601f1b52a35551c2b6f2739ea371266ca35609ea9d84715bf88cd6da707474542f1f94dfe0febce8f5791dca0402063ee6dc1b9aad8325f5c4153dd417672f49e087d54c0841b8e3045448745cbf9e8e09b9a,gx-no-cache=1457106256891 HTTP/1.1" 200 41
191.112.8.24 - - [04/Mar/2016:12:43:48 -0300] "GET /cormun/static/gxcfg.js?201631185636 HTTP/1.1" 200 953
191.112.8.24 - - [04/Mar/2016:12:43:49 -0300] "GET /cormun/static/trsolicitudot.js?2016311856838 HTTP/1.1" 304 -
191.112.8.24 - - [04/Mar/2016:12:43:49 -0300] "GET /cormun/static/Resources/Spanish/PXTools.css?18502099 HTTP/1.1" 200 89042
191.112.8.24 - - [04/Mar/2016:12:43:50 -0300] "GET /cormun/servlet/trsolicitudot? HTTP/1.1" 200 6212
191.112.8.24 - - [04/Mar/2016:12:43:55 -0300] "GET /cormun/servlet/solicitudot?INS,0,0, HTTP/1.1" 200 11458
191.112.8.24 - - [04/Mar/2016:12:43:55 -0300] "GET /cormun/static/gxcfg.js?20163219435133 HTTP/1.1" 200 953
191.112.8.24 - - [04/Mar/2016:12:43:56 -0300] "GET /cormun/static/solicitudot.js?20163219435183 HTTP/1.1" 200 44151
186.103.157.42 - - [04/Mar/2016:12:43:56 -0300] "GET /cormun/servlet/solicitudot?1a4a48c4f272662be57dbecb5525ef4c56c644de3e2034229022059343be5b5aeb16ac87e86d450c9339eb5c7d781acbfd862b666da5862382ae81c004252baa4a7b463150b6e0b5959ba93c37d8bfe98c3e84590f9c3ef3d6a08250b13e17f67074fa3a2146a1153bc41c9eb2bdbf18780a304cf3e46995daadfd18528fdde2fb75a835325d8323a7cf1b03d4cc2d2350fc4fa709413bd2c0859c8a60844003,gx-no-cache=1457106264614 HTTP/1.1" 200 29
186.103.157.42 - - [04/Mar/2016:12:43:56 -0300] "POST /cormun/servlet/solicitudot?gx-no-cache=1457106264690 HTTP/1.1" 200 1116
186.103.157.42 - - [04/Mar/2016:12:43:56 -0300] "GET /cormun/servlet/solicitudot?1a4a48c4f272662be57dbecb5525ef4c2750feeb6593e50eb50911ffc038d555367a75cb44942599d3e615c8fcbe5b333cf6ab2cc67565ad827d934ec555367edf39b46fe0452cc00150db5ad750f7c783460ae1842737180b7a54d195f74e7e8608890089eb08b73805ff78c0651f77780a304cf3e46995daadfd18528fdde25255c50aa233a24df14b7ce8f24fde6840beb31fd87428406d1a0f06767715ce00ca03aa629fce1632abe7bfea1144d5,gx-no-cache=1457106264828 HTTP/1.1" 200 32
191.112.8.24 - - [04/Mar/2016:12:43:56 -0300] "GET /cormun/static/Resources/Spanish/PXTools.css?1944839 HTTP/1.1" 200 89042
186.103.157.42 - - [04/Mar/2016:12:43:57 -0300] "POST /cormun/servlet/solicitudot?021ea4622182f5d85aa455922d3fa685,UPD,2016,313,,gx-no-cache=1457106264900 HTTP/1.1" 200 93
186.103.157.42 - - [04/Mar/2016:12:43:57 -0300] "GET /cormun/servlet/hpexe_return? HTTP/1.1" 200 1011
186.103.157.42 - - [04/Mar/2016:12:43:57 -0300] "GET /cormun/static/gxcfg.js?2015111312145050 HTTP/1.1" 304 -
186.103.157.42 - - [04/Mar/2016:12:43:57 -0300] "GET /cormun/static/Resources/Spanish/PXTools.css?12112540 HTTP/1.1" 304 -
186.103.157.42 - - [04/Mar/2016:12:43:57 -0300] "GET /cormun/static/hpexe_return.js?2015111312145056 HTTP/1.1" 304 -
186.103.157.42 - - [04/Mar/2016:12:43:57 -0300] "GET /cormun/servlet/trsolicitudot? HTTP/1.1" 200 7505
191.112.8.24 - - [04/Mar/2016:12:43:57 -0300] "GET /cormun/servlet/solicitudot?INS,0,0, HTTP/1.1" 200 11463
186.103.157.42 - - [04/Mar/2016:12:43:58 -0300] "GET /cormun/servlet/trsolicitudot? HTTP/1.1" 200 7501
186.103.157.42 - - [04/Mar/2016:12:44:03 -0300] "POST /cormun/servlet/trsolicitudot?021ea4622182f5d85aa455922d3fa685,,gx-no-cache=1457106271255 HTTP/1.1" 200 4932
186.103.157.42 - - [04/Mar/2016:12:44:03 -0300] "POST /cormun/servlet/trsolicitudot?021ea4622182f5d85aa455922d3fa685,,gx-no-cache=1457106271462 HTTP/1.1" 200 4932
186.103.157.42 - - [04/Mar/2016:12:44:03 -0300] "POST /cormun/servlet/trsolicitudot?021ea4622182f5d85aa455922d3fa685,,gx-no-cache=1457106271661 HTTP/1.1" 200 4932
186.103.157.42 - - [04/Mar/2016:12:44:03 -0300] "POST /cormun/servlet/trsolicitudot?021ea4622182f5d85aa455922d3fa685,,gx-no-cache=1457106271801 HTTP/1.1" 200 4931
186.103.157.42 - - [04/Mar/2016:12:44:03 -0300] "POST /cormun/servlet/trsolicitudot?021ea4622182f5d85aa455922d3fa685,,gx-no-cache=1457106271940 HTTP/1.1" 200 4931
186.103.157.42 - - [04/Mar/2016:12:44:04 -0300] "POST /cormun/servlet/trsolicitudot?021ea4622182f5d85aa455922d3fa685,,gx-no-cache=1457106272111 HTTP/1.1" 200 4932
186.103.157.42 - - [04/Mar/2016:12:44:04 -0300] "POST /cormun/servlet/trsolicitudot?021ea4622182f5d85aa455922d3fa685,,gx-no-cache=1457106272294 HTTP/1.1" 200 4932
186.103.157.42 - - [04/Mar/2016:12:44:04 -0300] "POST /cormun/servlet/trsolicitudot?021ea4622182f5d85aa455922d3fa685,,gx-no-cache=1457106272442 HTTP/1.1" 200 3630
186.103.157.42 - - [04/Mar/2016:12:44:04 -0300] "GET /cormun/static/Shared/jqueryui/images/ui-bg_highlight-soft_100_c6c2c8_1x100.png HTTP/1.1" 404 1117
186.103.157.42 - - [04/Mar/2016:12:44:04 -0300] "GET /cormun/static/Shared/jqueryui/images/ui-icons_82798d_256x240.png HTTP/1.1" 404 1089
186.103.157.42 - - [04/Mar/2016:12:44:04 -0300] "GET /cormun/static/Shared/jqueryui/images/ui-bg_flat_55_fafafa_40x100.png HTTP/1.1" 404 1097
186.103.157.42 - - [04/Mar/2016:12:44:04 -0300] "GET /cormun/static/Shared/jqueryui/images/ui-icons_8d78a5_256x240.png HTTP/1.1" 404 1089
186.103.157.42 - - [04/Mar/2016:12:44:04 -0300] "POST /cormun/servlet/trsolicitudot?021ea4622182f5d85aa455922d3fa685,,gx-no-cache=1457106272649 HTTP/1.1" 200 3488
186.103.157.42 - - [04/Mar/2016:12:44:09 -0300] "GET /cormun/servlet/trautorizarsolicitud? HTTP/1.1" 200 6163
186.103.157.42 - - [04/Mar/2016:12:44:09 -0300] "GET /cormun/static/gxcfg.js?20163219504791 HTTP/1.1" 200 953
186.103.157.42 - - [04/Mar/2016:12:44:09 -0300] "GET /cormun/static/trautorizarsolicitud.js?20163219505323 HTTP/1.1" 304 -
186.103.157.42 - - [04/Mar/2016:12:44:09 -0300] "GET /cormun/static/Resources/Spanish/PXTools.css?19444614 HTTP/1.1" 200 89042
186.103.157.42 - - [04/Mar/2016:12:44:10 -0300] "GET /cormun/servlet/trautorizarsolicitud? HTTP/1.1" 200 6163
186.103.240.224 - - [04/Mar/2016:12:44:10 -0300] "POST /cormun/servlet/trautorizarsolicitud?cf1b3d84f5ed02cb756fc7892ae6ccf8,,gx-no-cache=1457106314004 HTTP/1.1" 200 5476
186.103.240.224 - - [04/Mar/2016:12:44:10 -0300] "POST /cormun/servlet/trautorizarsolicitud?cf1b3d84f5ed02cb756fc7892ae6ccf8,,gx-no-cache=1457106314539 HTTP/1.1" 200 5477
186.103.240.224 - - [04/Mar/2016:12:44:11 -0300] "POST /cormun/servlet/trautorizarsolicitud?cf1b3d84f5ed02cb756fc7892ae6ccf8,,gx-no-cache=1457106314973 HTTP/1.1" 200 5478
186.103.240.224 - - [04/Mar/2016:12:44:11 -0300] "POST /cormun/servlet/trautorizarsolicitud?cf1b3d84f5ed02cb756fc7892ae6ccf8,,gx-no-cache=1457106315437 HTTP/1.1" 200 5478
186.103.240.224 - - [04/Mar/2016:12:44:12 -0300] "POST /cormun/servlet/trautorizarsolicitud?cf1b3d84f5ed02cb756fc7892ae6ccf8,,gx-no-cache=1457106315909 HTTP/1.1" 200 5478
186.103.240.224 - - [04/Mar/2016:12:44:12 -0300] "POST /cormun/servlet/trautorizarsolicitud?cf1b3d84f5ed02cb756fc7892ae6ccf8,,gx-no-cache=1457106316369 HTTP/1.1" 200 5478
186.103.240.224 - - [04/Mar/2016:12:44:13 -0300] "POST /cormun/servlet/trautorizarsolicitud?cf1b3d84f5ed02cb756fc7892ae6ccf8,,gx-no-cache=1457106317394 HTTP/1.1" 200 5478
186.103.240.224 - - [04/Mar/2016:12:44:14 -0300] "POST /cormun/servlet/trautorizarsolicitud?cf1b3d84f5ed02cb756fc7892ae6ccf8,,gx-no-cache=1457106317991 HTTP/1.1" 200 5255
186.103.240.224 - - [04/Mar/2016:12:44:14 -0300] "POST /cormun/servlet/trautorizarsolicitud?cf1b3d84f5ed02cb756fc7892ae6ccf8,,gx-no-cache=1457106318471 HTTP/1.1" 200 5199
186.103.157.42 - - [04/Mar/2016:12:44:21 -0300] "GET /cormun/static/menuarrow.gif HTTP/1.1" 404 1015
186.103.157.42 - - [04/Mar/2016:12:44:23 -0300] "POST /cormun/servlet/trautorizarsolicitud?021ea4622182f5d85aa455922d3fa685,,gx-no-cache=1457106291706 HTTP/1.1" 200 3476
186.103.157.42 - - [04/Mar/2016:12:44:24 -0300] "POST /cormun/servlet/trautorizarsolicitud?021ea4622182f5d85aa455922d3fa685,,gx-no-cache=1457106291934 HTTP/1.1" 200 3476
191.112.8.24 - - [04/Mar/2016:12:44:24 -0300] "POST /cormun/servlet/solicitudot?gx-no-cache=1457106292010 HTTP/1.1" 200 2767
186.103.157.42 - - [04/Mar/2016:12:44:24 -0300] "POST /cormun/servlet/trautorizarsolicitud?021ea4622182f5d85aa455922d3fa685,,gx-no-cache=1457106292337 HTTP/1.1" 200 3477
186.103.157.42 - - [04/Mar/2016:12:44:24 -0300] "POST /cormun/servlet/trautorizarsolicitud?021ea4622182f5d85aa455922d3fa685,,gx-no-cache=1457106292504 HTTP/1.1" 200 3476
191.112.8.24 - - [04/Mar/2016:12:44:25 -0300] "POST /cormun/servlet/solicitudot?81b84a17aa9e1c87c9eb6d2d504ea46a,INS,0,0,,gx-no-cache=1457106293175 HTTP/1.1" 200 8399
186.103.157.42 - - [04/Mar/2016:12:44:27 -0300] "POST /cormun/servlet/trautorizarsolicitud?021ea4622182f5d85aa455922d3fa685,,gx-no-cache=1457106295793 HTTP/1.1" 200 3477
186.103.157.42 - - [04/Mar/2016:12:44:28 -0300] "GET /cormun/servlet/trautorizarsolicitud?645b99c9dfff56eb54d2f3bb5565cce816697e6d283e754c8851f0f6fee5d5d647f290fc98d2350200f68d28241a3e92e2ba07b7d819ec957469dd4692eb6628ad7e751b63d089c67c07bb4083c912f7d677cc2162629fec5e817c75978a678e,gx-no-cache=1457106296204 HTTP/1.1" 200 753
191.112.8.24 - - [04/Mar/2016:12:44:32 -0300] "GET /cormun/servlet/solicitudot?252b294e74dfccd57fccf9140d73c20e3f0ec3795f31d3062101b2b15ecbc5f606221139d2ba23e66c87c66f594ae309,gx-no-cache=1457106301375 HTTP/1.1" 200 30
191.112.8.24 - - [04/Mar/2016:12:44:32 -0300] "POST /cormun/servlet/solicitudot?gx-no-cache=1457106301534 HTTP/1.1" 200 30
186.103.240.224 - - [04/Mar/2016:12:44:33 -0300] "POST /cormun/servlet/trautorizarsolicitud?cf1b3d84f5ed02cb756fc7892ae6ccf8,,gx-no-cache=1457106337458 HTTP/1.1" 200 4962
186.103.157.42 - - [04/Mar/2016:12:44:34 -0300] "POST /cormun/servlet/trautorizarsolicitud?021ea4622182f5d85aa455922d3fa685,,gx-no-cache=1457106301946 HTTP/1.1" 200 3482
186.103.157.42 - - [04/Mar/2016:12:44:34 -0300] "POST /cormun/servlet/trautorizarsolicitud?021ea4622182f5d85aa455922d3fa685,,gx-no-cache=1457106302116 HTTP/1.1" 200 3481
186.103.240.224 - - [04/Mar/2016:12:44:34 -0300] "POST /cormun/servlet/trautorizarsolicitud?cf1b3d84f5ed02cb756fc7892ae6ccf8,,gx-no-cache=1457106337893 HTTP/1.1" 200 4907
186.103.157.42 - - [04/Mar/2016:12:44:34 -0300] "POST /cormun/servlet/trautorizarsolicitud?021ea4622182f5d85aa455922d3fa685,,gx-no-cache=1457106302262 HTTP/1.1" 200 3482
186.103.157.42 - - [04/Mar/2016:12:44:34 -0300] "POST /cormun/servlet/trautorizarsolicitud?021ea4622182f5d85aa455922d3fa685,,gx-no-cache=1457106302414 HTTP/1.1" 200 3482
186.103.157.42 - - [04/Mar/2016:12:44:36 -0300] "POST /cormun/servlet/trautorizarsolicitud?021ea4622182f5d85aa455922d3fa685,,gx-no-cache=1457106304341 HTTP/1.1" 200 5612
186.103.157.42 - - [04/Mar/2016:12:44:36 -0300] "GET /cormun/servlet/trautorizarsolicitud?645b99c9dfff56eb54d2f3bb5565cce8487d18ac8acdae68d92178244ca1f7cd47f290fc98d2350200f68d28241a3e92e2ba07b7d819ec957469dd4692eb6628ad7e751b63d089c67c07bb4083c912f7d677cc2162629fec5e817c75978a678e,gx-no-cache=1457106304745 HTTP/1.1" 200 3031
191.112.8.24 - - [04/Mar/2016:12:44:39 -0300] "POST /cormun/servlet/solicitudot?gx-no-cache=1457106308336 HTTP/1.1" 200 122
191.112.8.24 - - [04/Mar/2016:12:44:39 -0300] "GET /cormun/static/Shared/jqueryui/images/ui-bg_highlight-soft_100_c6c2c8_1x100.png HTTP/1.1" 404 1117
191.112.8.24 - - [04/Mar/2016:12:44:40 -0300] "GET /cormun/static/Shared/jqueryui/images/ui-bg_flat_55_fafafa_40x100.png HTTP/1.1" 404 1097
191.112.8.24 - - [04/Mar/2016:12:44:40 -0300] "GET /cormun/static/Shared/jqueryui/images/ui-icons_8d78a5_256x240.png HTTP/1.1" 404 1089
191.112.8.24 - - [04/Mar/2016:12:44:40 -0300] "GET /cormun/static/Shared/jqueryui/images/ui-icons_82798d_256x240.png HTTP/1.1" 404 1089
186.103.157.42 - - [04/Mar/2016:12:44:43 -0300] "POST /cormun/servlet/trautorizarsolicitud?021ea4622182f5d85aa455922d3fa685,,gx-no-cache=1457106311880 HTTP/1.1" 200 5612
186.103.157.42 - - [04/Mar/2016:12:44:44 -0300] "POST /cormun/servlet/trautorizarsolicitud?021ea4622182f5d85aa455922d3fa685,,gx-no-cache=1457106312105 HTTP/1.1" 200 5612
186.103.157.42 - - [04/Mar/2016:12:44:44 -0300] "POST /cormun/servlet/trautorizarsolicitud?021ea4622182f5d85aa455922d3fa685,,gx-no-cache=1457106312323 HTTP/1.1" 200 5612
186.103.157.42 - - [04/Mar/2016:12:44:44 -0300] "POST /cormun/servlet/trautorizarsolicitud?021ea4622182f5d85aa455922d3fa685,,gx-no-cache=1457106312549 HTTP/1.1" 200 5316
186.103.157.42 - - [04/Mar/2016:12:44:44 -0300] "POST /cormun/servlet/trautorizarsolicitud?021ea4622182f5d85aa455922d3fa685,,gx-no-cache=1457106312798 HTTP/1.1" 200 5262
186.103.157.42 - - [04/Mar/2016:12:44:46 -0300] "POST /cormun/servlet/trautorizarsolicitud?021ea4622182f5d85aa455922d3fa685,,gx-no-cache=1457106314084 HTTP/1.1" 200 5287
186.103.157.42 - - [04/Mar/2016:12:44:46 -0300] "POST /cormun/servlet/trautorizarsolicitud?021ea4622182f5d85aa455922d3fa685,,gx-no-cache=1457106314317 HTTP/1.1" 200 5287
186.103.157.42 - - [04/Mar/2016:12:44:46 -0300] "POST /cormun/servlet/trautorizarsolicitud?021ea4622182f5d85aa455922d3fa685,,gx-no-cache=1457106314524 HTTP/1.1" 200 5286
186.103.157.42 - - [04/Mar/2016:12:44:47 -0300] "POST /cormun/servlet/trautorizarsolicitud?021ea4622182f5d85aa455922d3fa685,,gx-no-cache=1457106315058 HTTP/1.1" 200 4957
186.103.157.42 - - [04/Mar/2016:12:44:47 -0300] "POST /cormun/servlet/trautorizarsolicitud?021ea4622182f5d85aa455922d3fa685,,gx-no-cache=1457106315314 HTTP/1.1" 200 4902
191.112.8.24 - - [04/Mar/2016:12:44:48 -0300] "GET /cormun/static/Resources/resize.gif HTTP/1.1" 200 77
191.112.8.24 - - [04/Mar/2016:12:44:48 -0300] "GET /cormun/servlet/prfichaempleado?,MD,,gxPopupLevel%3D0%3B HTTP/1.1" 200 7899
191.112.8.24 - - [04/Mar/2016:12:44:48 -0300] "GET /cormun/static/scaMessage/css/jquery-ui.css?104140 HTTP/1.1" 404 1045
191.112.8.24 - - [04/Mar/2016:12:44:48 -0300] "GET /cormun/static/gxcfg.js?201511151625694 HTTP/1.1" 200 953
191.112.8.24 - - [04/Mar/2016:12:44:48 -0300] "GET /cormun/static/prfichaempleado.js?201511151625857 HTTP/1.1" 200 14240
191.112.8.24 - - [04/Mar/2016:12:44:48 -0300] "GET /cormun/static/menusearch.js?20163219454787 HTTP/1.1" 200 1424
191.112.8.24 - - [04/Mar/2016:12:44:49 -0300] "GET /cormun/static/hmpwkw01.js?201511211495945 HTTP/1.1" 200 2037
186.103.157.42 - - [04/Mar/2016:12:44:49 -0300] "POST /cormun/servlet/trautorizarsolicitud?021ea4622182f5d85aa455922d3fa685,,gx-no-cache=1457106317030 HTTP/1.1" 200 4926
191.112.8.24 - - [04/Mar/2016:12:44:49 -0300] "GET /cormun/static/Resources/Spanish/PXTools.css?16184758 HTTP/1.1" 200 89042
186.103.157.42 - - [04/Mar/2016:12:44:49 -0300] "POST /cormun/servlet/trautorizarsolicitud?021ea4622182f5d85aa455922d3fa685,,gx-no-cache=1457106317258 HTTP/1.1" 200 4926
186.103.157.42 - - [04/Mar/2016:12:44:49 -0300] "POST /cormun/servlet/trautorizarsolicitud?021ea4622182f5d85aa455922d3fa685,,gx-no-cache=1457106317456 HTTP/1.1" 200 4926
186.103.157.42 - - [04/Mar/2016:12:44:49 -0300] "POST /cormun/servlet/trautorizarsolicitud?021ea4622182f5d85aa455922d3fa685,,gx-no-cache=1457106317653 HTTP/1.1" 200 3620
186.103.157.42 - - [04/Mar/2016:12:44:49 -0300] "POST /cormun/servlet/trautorizarsolicitud?021ea4622182f5d85aa455922d3fa685,,gx-no-cache=1457106317862 HTTP/1.1" 200 3461
191.112.8.24 - - [04/Mar/2016:12:44:56 -0300] "GET /cormun/servlet/prfichaempleado?1f8bdecb3ebd79507210178cce746e250c7ddcf25d2b41b5dc6dd0cb2ca9d8c57ee8dae2900e802d661316568fc961f57a90046674ae2b01dcc1fc685eb8a085,gx-no-cache=1457106325031 HTTP/1.1" 200 463
191.112.8.24 - - [04/Mar/2016:12:44:57 -0300] "GET /cormun/servlet/prfichaempleado?1f8bdecb3ebd79507210178cce746e25d6eecdd3b7de1ce53b3a6405c085a83f0abce94a7fcaab3444bfffb396dd8d5b21d47db4d4b82e73ac30dd3c1720ab5e,gx-no-cache=1457106325781 HTTP/1.1" 200 463
191.112.8.24 - - [04/Mar/2016:12:44:58 -0300] "GET /cormun/servlet/prfichaempleado?1f8bdecb3ebd79507210178cce746e25c9c7988caa8e2394733b12bea7ccc17abb239013445f054437d6875b68d456c1d85bb62f409fd7c98a2edc937fc0edf027eda132e9eb2b284c681eade41f4679,gx-no-cache=1457106326677 HTTP/1.1" 200 467
186.103.157.42 - - [04/Mar/2016:12:44:58 -0300] "GET /cormun/servlet/trvisualizadoreventos? HTTP/1.1" 200 5965
186.103.157.42 - - [04/Mar/2016:12:44:58 -0300] "GET /cormun/static/Resources/Spanish/PXTools.css?17554516 HTTP/1.1" 304 -
186.103.157.42 - - [04/Mar/2016:12:44:58 -0300] "GET /cormun/static/gxcfg.js?2016251828014 HTTP/1.1" 304 -
186.103.157.42 - - [04/Mar/2016:12:44:58 -0300] "GET /cormun/static/trvisualizadoreventos.js?2016251828276 HTTP/1.1" 304 -
186.103.157.42 - - [04/Mar/2016:12:44:59 -0300] "GET /cormun/servlet/trvisualizadoreventos? HTTP/1.1" 200 5965
191.112.8.24 - - [04/Mar/2016:12:44:59 -0300] "GET /cormun/servlet/prfichaempleado?1f8bdecb3ebd79507210178cce746e2524e953f94e0f69d1c6ad6405c7c4a1d50b3e91ebd39d165f7cb101ec0a4c7c931694bfc4d01f41cbe0b3866c2d800fb106221139d2ba23e66c87c66f594ae309,gx-no-cache=1457106328460 HTTP/1.1" 200 466
186.103.157.42 - - [04/Mar/2016:12:45:05 -0300] "GET /cormun/servlet/trvisualizadoreventos?645b99c9dfff56eb54d2f3bb5565cce8e6c2d2569aae5b4abe0d2a137b7f6c19c35a64efca92fec5eefacc2714d8b174f63da5d8511bad3f145d65dae9293f35447fd32c715adac08a42591be734e75f6ded0b6469592626989ecd77cf8ad677f299b0472f91a1570c8f08f578780213f3a8c24a3146c955dde4d3f5a2458e80ded80f8c38472eb5f92403de3bfd2d2577e8c3c291eb8c210c67f8bef1c99c3f5881d52d08d798fce1b6a5ab5b893cc97837d2c26b1aa06b1cd5e50beed7a3b6,gx-no-cache=1457106333896 HTTP/1.1" 200 570
191.112.8.24 - - [04/Mar/2016:12:45:22 -0300] "GET /cormun/servlet/prfichaempleado?1f8bdecb3ebd79507210178cce746e2524e953f94e0f69d1c6ad6405c7c4a1d5565057e6f161f41193c9cf31ed2b98b7d5a133f7340efd77456eda6a1aaaf00b53114b0b6fb07376a28dc046e3712360,gx-no-cache=1457106351484 HTTP/1.1" 200 465
191.112.8.24 - - [04/Mar/2016:12:45:24 -0300] "GET /cormun/servlet/prfichaempleado?1f8bdecb3ebd79507210178cce746e2524e953f94e0f69d1c6ad6405c7c4a1d5fbb42b0dd5ab3a36ef93894ee0143b254e2eadf4cebaecff50e9ba25470c9e04ac52bfcffcd2da25d71b3092df56ec7f,gx-no-cache=1457106352623 HTTP/1.1" 200 466
191.112.8.24 - - [04/Mar/2016:12:45:24 -0300] "GET /cormun/servlet/prfichaempleado?1f8bdecb3ebd79507210178cce746e2524e953f94e0f69d1c6ad6405c7c4a1d578e164a472d1cb8424d51b345261788e43366be335405c19bd576d054677cba28bb9913ff0e1013e0f09be18cb786a72,gx-no-cache=1457106353190 HTTP/1.1" 200 467
191.112.8.24 - - [04/Mar/2016:12:45:25 -0300] "GET /cormun/servlet/prfichaempleado?1f8bdecb3ebd79507210178cce746e2524e953f94e0f69d1c6ad6405c7c4a1d56d2bac250f2af8053932567c573c89e9ffe94f3df514208b0b554195ebd0c501d70c5976180e8a570439936471ad9cd6,gx-no-cache=1457106353823 HTTP/1.1" 200 468
191.112.8.24 - - [04/Mar/2016:12:45:25 -0300] "GET /cormun/servlet/prfichaempleado?1f8bdecb3ebd79507210178cce746e2524e953f94e0f69d1c6ad6405c7c4a1d57ec98e396b7014befcef1bbe513ab4f49df01ac35a57c00014c6193b3d4cb45aaacd6fc37f467ec2a3af598ffdf07905,gx-no-cache=1457106354470 HTTP/1.1" 200 468
191.112.8.24 - - [04/Mar/2016:12:45:31 -0300] "POST /cormun/servlet/prfichaempleado?81b84a17aa9e1c87c9eb6d2d504ea46a,,MD,,gxPopupLevel%3D0%3B,gx-no-cache=1457106360032 HTTP/1.1" 200 3017
191.112.8.24 - - [04/Mar/2016:12:45:42 -0300] "POST /cormun/servlet/solicitudot?gx-no-cache=1457106370498 HTTP/1.1" 200 1155
191.112.8.24 - - [04/Mar/2016:12:45:45 -0300] "GET /cormun/static/menuarrow.gif HTTP/1.1" 404 1015
191.112.8.24 - - [04/Mar/2016:12:46:07 -0300] "GET /cormun/servlet/solicitudot?252b294e74dfccd57fccf9140d73c20ec80990ce372135fe7bd0b11128590d3112d188a5cea2dbdacb9c8f1caf4189d2686bea9039ed48cb4825ce1343edc20e42477aa8a5f23afeb775e121aaa7bc8ae0f4efda867427afd77e6e3cebaa16391fb0d2b085187f3c059358c948924a6341c4a74b5d0fffbcab01b891ebceaf9f910316f2b3b275968e10486f1890280faf57a9cbef137dccd51aa0366227b43d,gx-no-cache=1457106395527 HTTP/1.1" 200 38
191.112.8.24 - - [04/Mar/2016:12:46:07 -0300] "GET /cormun/servlet/solicitudot?252b294e74dfccd57fccf9140d73c20e321475957218f48d47da5842f94ae202d408b75df43d5481dddf19d601a02835df11c57182eb6020c12ef2602da1c3409e2232c992d2b728f57b739b265c159255b3dbdde747240a8d0c2558305876ce2ba11928fac140dd13bdc4bf174c6e77febca1fa63c95a9e7aea0acdd09957fa2ab1abda018fe81235daac00b5cb607adf4212210685900dc30eb3ee276f2073,gx-no-cache=1457106395698 HTTP/1.1" 200 29
191.112.8.24 - - [04/Mar/2016:12:46:08 -0300] "POST /cormun/servlet/solicitudot?gx-no-cache=1457106396649 HTTP/1.1" 200 1116
191.112.8.24 - - [04/Mar/2016:12:48:55 -0300] "GET /cormun/servlet/solicitudot?252b294e74dfccd57fccf9140d73c20ed632800add6ed2763557e422c8349c625a0b366e8e1eb1f0c08748f178e1941e8275ad08397b0b43b2b61fe3a2177709013a51f7ec3f5ae97928da75509794ad2e3c4a4d5377f698030414b2424bbd8b915a03c7d86aa3c52558243225343c4e590bb4f14edbc17b3173654a890fa3429d648356295a59f05c0e1001462fc4d726e56784d51dfa37c2579ddf6b5f9015d28f9d3983bb1df36802f13967923de1601aa39e9dab03e623dc597304d07745,gx-no-cache=1457106564272 HTTP/1.1" 200 30
191.112.8.24 - - [04/Mar/2016:12:48:56 -0300] "POST /cormun/servlet/solicitudot?81b84a17aa9e1c87c9eb6d2d504ea46a,INS,0,0,,gx-no-cache=1457106564437 HTTP/1.1" 200 93
191.112.8.24 - - [04/Mar/2016:12:48:56 -0300] "GET /cormun/servlet/hpexe_return? HTTP/1.1" 200 996
191.112.8.24 - - [04/Mar/2016:12:48:56 -0300] "GET /cormun/static/gxcfg.js?2015111312145050 HTTP/1.1" 200 953
191.112.8.24 - - [04/Mar/2016:12:48:56 -0300] "GET /cormun/static/hpexe_return.js?2015111312145056 HTTP/1.1" 200 1633
191.112.8.24 - - [04/Mar/2016:12:48:56 -0300] "GET /cormun/static/Resources/Spanish/PXTools.css?12112540 HTTP/1.1" 200 89042
191.112.8.24 - - [04/Mar/2016:12:48:57 -0300] "GET /cormun/servlet/trsolicitudot HTTP/1.1" 200 7542
191.112.8.24 - - [04/Mar/2016:12:48:58 -0300] "GET /cormun/servlet/trsolicitudot HTTP/1.1" 200 7538
191.112.8.24 - - [04/Mar/2016:12:49:03 -0300] "POST /cormun/servlet/trsolicitudot?81b84a17aa9e1c87c9eb6d2d504ea46a,gx-no-cache=1457106571589 HTTP/1.1" 200 4956
191.112.8.24 - - [04/Mar/2016:12:49:03 -0300] "POST /cormun/servlet/trsolicitudot?81b84a17aa9e1c87c9eb6d2d504ea46a,gx-no-cache=1457106572160 HTTP/1.1" 200 4957
191.112.8.24 - - [04/Mar/2016:12:49:04 -0300] "POST /cormun/servlet/trsolicitudot?81b84a17aa9e1c87c9eb6d2d504ea46a,gx-no-cache=1457106572653 HTTP/1.1" 200 4957
191.112.8.24 - - [04/Mar/2016:12:49:04 -0300] "POST /cormun/servlet/trsolicitudot?81b84a17aa9e1c87c9eb6d2d504ea46a,gx-no-cache=1457106573132 HTTP/1.1" 200 4957
191.112.8.24 - - [04/Mar/2016:12:49:05 -0300] "POST /cormun/servlet/trsolicitudot?81b84a17aa9e1c87c9eb6d2d504ea46a,gx-no-cache=1457106573595 HTTP/1.1" 200 4956
191.112.8.24 - - [04/Mar/2016:12:49:05 -0300] "POST /cormun/servlet/trsolicitudot?81b84a17aa9e1c87c9eb6d2d504ea46a,gx-no-cache=1457106574098 HTTP/1.1" 200 4957
191.112.8.24 - - [04/Mar/2016:12:49:06 -0300] "POST /cormun/servlet/trsolicitudot?81b84a17aa9e1c87c9eb6d2d504ea46a,gx-no-cache=1457106574576 HTTP/1.1" 200 4956
191.112.8.24 - - [04/Mar/2016:12:49:06 -0300] "POST /cormun/servlet/trsolicitudot?81b84a17aa9e1c87c9eb6d2d504ea46a,gx-no-cache=1457106575103 HTTP/1.1" 200 105
191.112.8.24 - - [04/Mar/2016:12:49:06 -0300] "GET /cormun/servlet/trsolicitudadjuntos?2016,608, HTTP/1.1" 200 5393
191.112.8.24 - - [04/Mar/2016:12:49:07 -0300] "GET /cormun/static/gxcfg.js?2016311731090 HTTP/1.1" 200 953
191.112.8.24 - - [04/Mar/2016:12:49:07 -0300] "GET /cormun/static/trsolicitudadjuntos.js?2016311731342 HTTP/1.1" 200 17275
191.112.8.24 - - [04/Mar/2016:12:49:07 -0300] "GET /cormun/static/Resources/Spanish/PXTools.css?171692 HTTP/1.1" 200 89042
191.112.8.24 - - [04/Mar/2016:12:49:08 -0300] "GET /cormun/servlet/trsolicitudadjuntos?2016,608, HTTP/1.1" 200 5393
191.112.8.24 - - [04/Mar/2016:12:49:11 -0300] "GET /cormun/servlet/solicitudotadjuntos?INS,2016,608,,1, HTTP/1.1" 200 5480
191.112.8.24 - - [04/Mar/2016:12:49:11 -0300] "GET /cormun/static/gxcfg.js?2016311984045 HTTP/1.1" 200 953
191.112.8.24 - - [04/Mar/2016:12:49:12 -0300] "GET /cormun/static/solicitudotadjuntos.js?2016311984068 HTTP/1.1" 200 11762
191.112.8.24 - - [04/Mar/2016:12:49:12 -0300] "GET /cormun/static/about:blank HTTP/1.1" 404 1011
191.112.8.24 - - [04/Mar/2016:12:49:13 -0300] "GET /cormun/servlet/solicitudotadjuntos?INS,2016,608,,1, HTTP/1.1" 200 5474
191.112.8.24 - - [04/Mar/2016:12:49:13 -0300] "GET /cormun/servlet/solicitudotadjuntos?252b294e74dfccd57fccf9140d73c20efd75b065bfbb2c55388909444a8d0f1561a5454bfaef59e966b1c2e173f5457c,gx-no-cache=1457106582195 HTTP/1.1" 200 30
191.112.8.24 - - [04/Mar/2016:12:49:14 -0300] "POST /cormun/servlet/solicitudotadjuntos?81b84a17aa9e1c87c9eb6d2d504ea46a,INS,2016,608,,1,,gx-no-cache=1457106582378 HTTP/1.1" 200 3370
191.112.8.24 - - [04/Mar/2016:12:49:16 -0300] "POST /cormun/servlet/solicitudotadjuntos?gx-no-cache=1457106585240 HTTP/1.1" 200 26
191.112.8.24 - - [04/Mar/2016:12:49:40 -0300] "GET /cormun/servlet/solicitudotadjuntos?252b294e74dfccd57fccf9140d73c20e359ad74345a822c0c603ecce5511d33b,gx-no-cache=1457106608944 HTTP/1.1" 200 30
191.112.8.24 - - [04/Mar/2016:12:49:40 -0300] "GET /cormun/servlet/solicitudotadjuntos?252b294e74dfccd57fccf9140d73c20e359ad74345a822c0c603ecce5511d33b,gx-no-cache=1457106609058 HTTP/1.1" 200 30
186.103.157.246 - - [04/Mar/2016:12:49:41 -0300] "GET /cormun/servlet/hlogin HTTP/1.1" 200 1701
186.103.157.246 - - [04/Mar/2016:12:49:41 -0300] "GET /cormun/static/Resources/Spanish/PXTools.css?005343 HTTP/1.1" 304 -
186.103.157.246 - - [04/Mar/2016:12:49:41 -0300] "GET /cormun/static/gxtimezone.js?85251 HTTP/1.1" 304 -
186.103.157.246 - - [04/Mar/2016:12:49:42 -0300] "GET /cormun/static/gxgral.js?85251 HTTP/1.1" 304 -
186.103.157.246 - - [04/Mar/2016:12:49:42 -0300] "GET /cormun/static/gxcfg.js?20151120045111 HTTP/1.1" 304 -
186.103.157.246 - - [04/Mar/2016:12:49:42 -0300] "GET /cormun/static/messages.spa.js?85251 HTTP/1.1" 304 -
186.103.157.246 - - [04/Mar/2016:12:49:42 -0300] "GET /cormun/static/hlogin.js?20151120045126 HTTP/1.1" 304 -
186.103.157.246 - - [04/Mar/2016:12:49:42 -0300] "GET /cormun/static/Resources/ComunLogin.png HTTP/1.1" 304 -
186.103.157.246 - - [04/Mar/2016:12:49:42 -0300] "GET /cormun/static/Resources/PXToolsLoginTop.png HTTP/1.1" 304 -
186.103.157.246 - - [04/Mar/2016:12:49:42 -0300] "GET /cormun/static/Resources/PXToolsLoginBackground.png HTTP/1.1" 304 -
186.103.157.246 - - [04/Mar/2016:12:49:42 -0300] "GET /cormun/static/Resources/PXToolsButtonLeft21.png HTTP/1.1" 304 -
186.103.157.246 - - [04/Mar/2016:12:49:42 -0300] "GET /cormun/static/Resources/PXToolsButtonRight21.png HTTP/1.1" 304 -
186.103.157.246 - - [04/Mar/2016:12:49:42 -0300] "GET /cormun/static/Resources/PXToolsButtonBackground2.png HTTP/1.1" 304 -
