186.103.240.224 - - [04/Mar/2016:11:38:00 -0300] "GET /cormun/servlet/trsolicitudot?gx-no-cache=1457101716046 HTTP/1.1" 200 10881
186.103.159.44 - - [04/Mar/2016:11:38:03 -0300] "POST /cormun/servlet/prsolicitudot?7a067c42d78a90d22e66ca5a11c77c27,13912826,,,,,MD,,gxPopupLevel%3D0%3B,gx-no-cache=1457102289991 HTTP/1.1" 200 2943
186.103.240.224 - - [04/Mar/2016:11:38:03 -0300] "GET /cormun/servlet/trsolicitudot?gx-no-cache=1457101716046 HTTP/1.1" 200 10898
186.103.159.44 - - [04/Mar/2016:11:38:05 -0300] "POST /cormun/servlet/prsolicitudot?7a067c42d78a90d22e66ca5a11c77c27,13912826,,,,,MD,,gxPopupLevel%3D0%3B,gx-no-cache=1457102291851 HTTP/1.1" 200 2943
186.103.159.44 - - [04/Mar/2016:11:38:21 -0300] "POST /cormun/servlet/solicitudot?gx-no-cache=1457102308318 HTTP/1.1" 200 1158
186.103.159.44 - - [04/Mar/2016:11:38:21 -0300] "GET /cormun/servlet/solicitudot?fa05f6754cb1eb65350a26ae55bd43d8cd60b0e0b74dacf3ae745209ed55babe4ab1e18de601e8991274f695c273db692aae52e53f54c3fd61e9cd3a27d385df5ae83205c09c66a8a7b3643248ea784a422375ec4d61d95b7167c6ac890063c73b4b92325e777c1f75a7bc1d159ca27751fd77e0c7dd5ae4a5d04ec62c3da4ad19094f239e4095e68f19629587e940dd9d2e25fda4e26b6a273702fc1f7d76bd,gx-no-cache=1457102308374 HTTP/1.1" 200 41
186.103.159.44 - - [04/Mar/2016:11:38:21 -0300] "POST /cormun/servlet/solicitudot?gx-no-cache=1457102308416 HTTP/1.1" 200 1116
186.103.159.44 - - [04/Mar/2016:11:38:21 -0300] "GET /cormun/servlet/solicitudot?fa05f6754cb1eb65350a26ae55bd43d874d14f2a947082b21785b455c2d9219b6f81b6fd5916bb0db8fd1fd2a166597735c83dd5c719b78e77a2c95932ef5d9d1c2a1b2dc0be2a0d901bd131fb0c09eb29dab8c8512fc8a03d035120e4f8dfd3ed83af1ba0e0b42e78b9bf3266af313d8cafe4cbfcd72ceaa95f46a4dcbc8b2b580119b4c4e10beb94d324186624f11e8a80e4695bc1a45838a4c3990a64e9ba7981d46ebcf54e3d8c8d4c689979865a,gx-no-cache=1457102308478 HTTP/1.1" 200 30
186.103.159.44 - - [04/Mar/2016:11:38:21 -0300] "POST /cormun/servlet/solicitudot?7a067c42d78a90d22e66ca5a11c77c27,INS,0,0,,gx-no-cache=1457102308521 HTTP/1.1" 200 9807
186.103.240.224 - - [04/Mar/2016:11:38:22 -0300] "POST /cormun/servlet/trsolicitudot?2df4b8ed7e6b7fcf9c02b1bf31371bd7,gx-no-cache=1457101716046,gx-no-cache=1457102326054 HTTP/1.1" 200 8330
186.103.240.224 - - [04/Mar/2016:11:38:24 -0300] "POST /cormun/servlet/trsolicitudot?2df4b8ed7e6b7fcf9c02b1bf31371bd7,gx-no-cache=1457101716046,gx-no-cache=1457102327317 HTTP/1.1" 200 8330
186.103.240.224 - - [04/Mar/2016:11:38:25 -0300] "POST /cormun/servlet/trsolicitudot?2df4b8ed7e6b7fcf9c02b1bf31371bd7,gx-no-cache=1457101716046,gx-no-cache=1457102328662 HTTP/1.1" 200 8330
192.168.10.98 - - [04/Mar/2016:11:38:26 -0300] "GET /cormun/servlet/prpersonalsolicitud?13912826,,,,,MD,,gxPopupLevel%3D0%3B HTTP/1.1" 200 5714
186.103.240.224 - - [04/Mar/2016:11:38:26 -0300] "POST /cormun/servlet/trsolicitudot?2df4b8ed7e6b7fcf9c02b1bf31371bd7,gx-no-cache=1457101716046,gx-no-cache=1457102329982 HTTP/1.1" 200 8330
186.103.240.224 - - [04/Mar/2016:11:38:28 -0300] "POST /cormun/servlet/trsolicitudot?2df4b8ed7e6b7fcf9c02b1bf31371bd7,gx-no-cache=1457101716046,gx-no-cache=1457102331337 HTTP/1.1" 200 8330
192.168.10.98 - - [04/Mar/2016:11:38:29 -0300] "POST /cormun/servlet/solicitudot?gx-no-cache=1457102061240 HTTP/1.1" 200 1158
192.168.10.98 - - [04/Mar/2016:11:38:29 -0300] "GET /cormun/servlet/solicitudot?a64f1319e970778e21f9600c5542d98bc81ceeba14a4b5a76b6edc880f159cc72af2bdc889da4fc9364f048729d54250769ec19bd8ca8f241560b3b84648da056487aff80acbf9d056eba0d750aead3be539a5955444f81dfd591a019bb59dd2d9e2fc4252b53573e9ab4a12fcfc0ba4a19a3b32bcb6a6d6069a98b12a1c76bfa153794a0a95d8e7fe191ca874597365,gx-no-cache=1457102061325 HTTP/1.1" 200 38
192.168.10.98 - - [04/Mar/2016:11:38:29 -0300] "POST /cormun/servlet/solicitudot?gx-no-cache=1457102061369 HTTP/1.1" 200 1116
186.103.240.224 - - [04/Mar/2016:11:38:29 -0300] "POST /cormun/servlet/trsolicitudot?2df4b8ed7e6b7fcf9c02b1bf31371bd7,gx-no-cache=1457101716046,gx-no-cache=1457102332804 HTTP/1.1" 200 8330
186.103.157.98 - - [04/Mar/2016:11:38:30 -0300] "GET /cormun/servlet/trsolicitudot? HTTP/1.1" 200 6216
186.103.157.98 - - [04/Mar/2016:11:38:30 -0300] "GET /cormun/servlet/trsolicitudot? HTTP/1.1" 200 6216
186.103.240.224 - - [04/Mar/2016:11:38:30 -0300] "POST /cormun/servlet/trsolicitudot?2df4b8ed7e6b7fcf9c02b1bf31371bd7,gx-no-cache=1457101716046,gx-no-cache=1457102334262 HTTP/1.1" 200 8330
186.103.240.224 - - [04/Mar/2016:11:38:32 -0300] "POST /cormun/servlet/trsolicitudot?2df4b8ed7e6b7fcf9c02b1bf31371bd7,gx-no-cache=1457101716046,gx-no-cache=1457102335842 HTTP/1.1" 200 8584
186.103.157.98 - - [04/Mar/2016:11:38:34 -0300] "POST /cormun/servlet/trsolicitudot?d355115e45519160f3b9a0de750b38b7,,gx-no-cache=1457102362723 HTTP/1.1" 200 3518
186.103.157.98 - - [04/Mar/2016:11:38:34 -0300] "POST /cormun/servlet/trsolicitudot?d355115e45519160f3b9a0de750b38b7,,gx-no-cache=1457102362878 HTTP/1.1" 200 3518
186.103.157.98 - - [04/Mar/2016:11:38:34 -0300] "POST /cormun/servlet/trsolicitudot?d355115e45519160f3b9a0de750b38b7,,gx-no-cache=1457102363017 HTTP/1.1" 200 3518
186.103.157.98 - - [04/Mar/2016:11:38:37 -0300] "GET /cormun/servlet/trsolicitudot?6f0c5fed0a8ca8973f7481b5480cc26cd7ae33e353174cf8851af81ae2e4707c3a78460f105e3bcf2635a6b4aa7e214d66cedf5e7f90ab48d669fc79f3db175ffb4abd4e9ea8bcd23bb14923f7602c7c56314842dca0f643f05e9bab8919c1dc,gx-no-cache=1457102366167 HTTP/1.1" 200 768
186.103.157.98 - - [04/Mar/2016:11:38:39 -0300] "GET /cormun/servlet/trsolicitudot?6f0c5fed0a8ca8973f7481b5480cc26cd7ae33e353174cf8851af81ae2e4707c58cbb37bae03fa40d045d3c7326fbd8690b0397514ca82534e6ef96b96d23b25f3c71c523d42c0442c915ee72618af91493e4ad8e8ca36fc839c3533f5ff8bc7,gx-no-cache=1457102368000 HTTP/1.1" 200 768
186.103.157.98 - - [04/Mar/2016:11:38:42 -0300] "GET /cormun/servlet/trsolicitudot?6f0c5fed0a8ca8973f7481b5480cc26cd7ae33e353174cf8851af81ae2e4707c8c7af50db2eb88edf59d8f81894c47552a62fd1b8ff300d1e8d9f0b15bf9907732d93ef14bc14fa70fe51ef3ac225b2a78e957e33cc3e9b5f0c766da43e46371,gx-no-cache=1457102370801 HTTP/1.1" 200 768
186.103.157.98 - - [04/Mar/2016:11:38:46 -0300] "POST /cormun/servlet/trsolicitudot?d355115e45519160f3b9a0de750b38b7,,gx-no-cache=1457102374782 HTTP/1.1" 200 3527
186.103.157.98 - - [04/Mar/2016:11:38:48 -0300] "GET /cormun/servlet/trsolicitudot?6f0c5fed0a8ca8973f7481b5480cc26cd7ae33e353174cf8851af81ae2e4707c29523ad23d07488f6b637a8210907343c139b74fce61ced4b77752a5c6460d51e03c0ca1560e33364e286149f7954fcdb2f7410855ea37ca9cf09fe5cfcfef21d7f5b9cc9a06aa55d5ed77a2c79caa34,gx-no-cache=1457102377481 HTTP/1.1" 200 774
186.103.240.224 - - [04/Mar/2016:11:38:49 -0300] "POST /cormun/servlet/trsolicitudot?2df4b8ed7e6b7fcf9c02b1bf31371bd7,gx-no-cache=1457101716046,gx-no-cache=1457102353334 HTTP/1.1" 200 105
186.103.240.224 - - [04/Mar/2016:11:38:50 -0300] "GET /cormun/servlet/solicitudot?UPD,2016,586, HTTP/1.1" 200 12660
186.103.157.98 - - [04/Mar/2016:11:38:51 -0300] "POST /cormun/servlet/trsolicitudot?d355115e45519160f3b9a0de750b38b7,,gx-no-cache=1457102380184 HTTP/1.1" 200 3535
186.103.157.98 - - [04/Mar/2016:11:38:51 -0300] "POST /cormun/servlet/trsolicitudot?d355115e45519160f3b9a0de750b38b7,,gx-no-cache=1457102380353 HTTP/1.1" 200 3535
186.103.157.98 - - [04/Mar/2016:11:38:51 -0300] "POST /cormun/servlet/trsolicitudot?d355115e45519160f3b9a0de750b38b7,,gx-no-cache=1457102380502 HTTP/1.1" 200 3534
186.103.157.98 - - [04/Mar/2016:11:38:51 -0300] "POST /cormun/servlet/trsolicitudot?d355115e45519160f3b9a0de750b38b7,,gx-no-cache=1457102380649 HTTP/1.1" 200 3534
186.103.240.224 - - [04/Mar/2016:11:38:52 -0300] "GET /cormun/servlet/solicitudot?UPD,2016,586, HTTP/1.1" 200 12647
186.103.240.224 - - [04/Mar/2016:11:38:53 -0300] "POST /cormun/servlet/solicitudot?gx-no-cache=1457102357255 HTTP/1.1" 200 2783
186.103.240.224 - - [04/Mar/2016:11:38:54 -0300] "POST /cormun/servlet/solicitudot?2df4b8ed7e6b7fcf9c02b1bf31371bd7,UPD,2016,586,,gx-no-cache=1457102357741 HTTP/1.1" 200 9109
186.103.240.224 - - [04/Mar/2016:11:38:54 -0300] "GET /cormun/servlet/solicitudot?0383bd634d5d781fc75668c38a47112084932bfdba6b62ee11da16b004101116c14a4caf1e9e68aa3e21e8492bc47823,gx-no-cache=1457102358317 HTTP/1.1" 200 30
186.103.240.224 - - [04/Mar/2016:11:38:54 -0300] "POST /cormun/servlet/solicitudot?gx-no-cache=1457102358423 HTTP/1.1" 200 30
186.103.240.224 - - [04/Mar/2016:11:38:54 -0300] "POST /cormun/servlet/solicitudot?gx-no-cache=1457102358548 HTTP/1.1" 200 33
186.103.240.224 - - [04/Mar/2016:11:38:54 -0300] "POST /cormun/servlet/solicitudot?gx-no-cache=1457102358689 HTTP/1.1" 200 1157
186.103.240.224 - - [04/Mar/2016:11:38:55 -0300] "GET /cormun/servlet/solicitudot?0383bd634d5d781fc75668c38a471120fe724adf3f7cd186a7a26fff8e0b4458ec605b03747fe286ef8405051001641df766bfa748cfed51a2fe437dcd60c64d11d7debcaa4aa097d3bb4eecd7859ac4557ca1fbde44069b11620673e3e3f529561c5695bf4c027101ab7a574a8470b0c2caa446fcc2b08925d46e7ab30ad06692833914a20bac8c810db9d0097a2e65bbfd97f802b1e7a2fcfe332c85394d99,gx-no-cache=1457102358903 HTTP/1.1" 200 41
186.103.240.224 - - [04/Mar/2016:11:39:03 -0300] "POST /cormun/servlet/solicitudot?gx-no-cache=1457102367211 HTTP/1.1" 200 30
186.103.157.98 - - [04/Mar/2016:11:39:05 -0300] "GET /cormun/servlet/trsolicitudot? HTTP/1.1" 200 6238
186.103.157.98 - - [04/Mar/2016:11:39:06 -0300] "GET /cormun/servlet/trsolicitudot? HTTP/1.1" 200 6238
186.103.240.224 - - [04/Mar/2016:11:39:07 -0300] "GET /cormun/servlet/prcontratosol?15994692,,,,,MD,,gxPopupLevel%3D0%3B HTTP/1.1" 200 5744
192.168.10.98 - - [04/Mar/2016:11:39:21 -0300] "GET /cormun/servlet/solicitudot?a64f1319e970778e21f9600c5542d98bb2a7c5aa28ee607070f760009bd049a34e33f68faffae95274cbbbc16ac22203a1a0e2d2a838e21fc0dab6c4853e4573657557d174fb828884ebf8749e2c6b2bb8529d2ce9f59aa4502133492a1f2e55366150ad551706ea451734ab23af9850610dd78d1412d8a22dd9cc84deb8fc376ceb7d421d3a2e872ac3fb749f6cd453d818415bc064ddce830f6a8ee9658cb7e487cce4d0fede254be772e409130430,gx-no-cache=1457102113502 HTTP/1.1" 200 30
186.103.240.224 - - [04/Mar/2016:11:39:25 -0300] "POST /cormun/servlet/solicitudot?gx-no-cache=1457102389226 HTTP/1.1" 200 1157
186.103.240.224 - - [04/Mar/2016:11:39:25 -0300] "GET /cormun/servlet/solicitudot?0383bd634d5d781fc75668c38a471120fe724adf3f7cd186a7a26fff8e0b4458ec605b03747fe286ef8405051001641df766bfa748cfed51a2fe437dcd60c64d11d7debcaa4aa097d3bb4eecd7859ac4557ca1fbde44069b11620673e3e3f529561c5695bf4c027101ab7a574a8470b0c2caa446fcc2b08925d46e7ab30ad06692833914a20bac8c810db9d0097a2e65bbfd97f802b1e7a2fcfe332c85394d99,gx-no-cache=1457102389468 HTTP/1.1" 200 41
186.103.240.224 - - [04/Mar/2016:11:39:25 -0300] "GET /cormun/servlet/solicitudot?0383bd634d5d781fc75668c38a471120ee2d13b2f72be4be02c6acc9a37f19d373c05d909fdcb38258c36e03bb981bab69df558ed7935e86a36c7ffb032dc34d0e6061cc37be3acfaf6ae9505a44d8be68f272d30978f2112133b01dc2f5970659a5eb6122ef43d0eed6fa187079d0d60b614e8385cd6f5a707946eee8a9d4e636480ce8093723033266785a37fdc3c2ed693d4a623d3ec55391bf65bbb908bc673fa958d97d779320c7cb9a56fd784a447f3854ece035e26b56e8ed3af7e484420300e8a4b6afe6cbba917ea841f4d7,gx-no-cache=1457102389578 HTTP/1.1" 200 29
186.103.240.224 - - [04/Mar/2016:11:39:25 -0300] "POST /cormun/servlet/solicitudot?gx-no-cache=1457102389657 HTTP/1.1" 200 1116
186.103.240.224 - - [04/Mar/2016:11:39:33 -0300] "GET /cormun/static/menuarrow.gif HTTP/1.1" 404 1015
192.168.10.98 - - [04/Mar/2016:11:39:42 -0300] "POST /cormun/servlet/solicitudot?e03e5b14903f058cc218f9221dee9415,INS,0,0,,gx-no-cache=1457102134050 HTTP/1.1" 200 9373
192.168.10.98 - - [04/Mar/2016:11:39:42 -0300] "GET /cormun/static/Shared/jqueryui/images/ui-icons_82798d_256x240.png HTTP/1.1" 404 1089
192.168.10.98 - - [04/Mar/2016:11:39:42 -0300] "GET /cormun/static/Shared/jqueryui/images/ui-bg_flat_55_994d53_40x100.png HTTP/1.1" 404 1097
192.168.10.98 - - [04/Mar/2016:11:39:42 -0300] "GET /cormun/static/Shared/jqueryui/images/ui-bg_highlight-soft_100_c6c2c8_1x100.png HTTP/1.1" 404 1117
192.168.10.98 - - [04/Mar/2016:11:39:42 -0300] "GET /cormun/static/Shared/jqueryui/images/ui-icons_ebccce_256x240.png HTTP/1.1" 404 1089
186.103.240.224 - - [04/Mar/2016:11:39:46 -0300] "GET /cormun/servlet/solicitudot?0383bd634d5d781fc75668c38a4711209d88a8ad19c86f3e6fa0bca080ab2050c1535460c457758781a4c1fc316d92e3e3fce10c673634449e348e48589d0ebb7f06ed6ddc359f2f48c2881700a055ed14524142ff53a9e94b111ee70314ab5cee8c8d615bcc69320bc8a546dbfa7d9e410768953bee1ee9517568a80ac370fca430ea6091bf9f6382fbc102a7f3195bbea57160cc3353e145d3f9b233bd60b585dcea66f0594c03ec6126a33c5ebc5b,gx-no-cache=1457102410067 HTTP/1.1" 200 30
186.103.240.224 - - [04/Mar/2016:11:39:46 -0300] "POST /cormun/servlet/solicitudot?2df4b8ed7e6b7fcf9c02b1bf31371bd7,UPD,2016,586,,gx-no-cache=1457102410197 HTTP/1.1" 200 9394
186.103.240.224 - - [04/Mar/2016:11:39:47 -0300] "GET /cormun/static/Shared/jqueryui/images/ui-bg_flat_55_994d53_40x100.png HTTP/1.1" 404 1097
186.103.240.224 - - [04/Mar/2016:11:39:47 -0300] "GET /cormun/static/Shared/jqueryui/images/ui-icons_ebccce_256x240.png HTTP/1.1" 404 1089
186.103.240.224 - - [04/Mar/2016:11:39:54 -0300] "POST /cormun/servlet/solicitudot?gx-no-cache=1457102418008 HTTP/1.1" 200 2783
186.103.240.224 - - [04/Mar/2016:11:39:54 -0300] "POST /cormun/servlet/solicitudot?2df4b8ed7e6b7fcf9c02b1bf31371bd7,UPD,2016,586,,gx-no-cache=1457102418456 HTTP/1.1" 200 9218
186.103.240.224 - - [04/Mar/2016:11:39:55 -0300] "GET /cormun/servlet/solicitudot?0383bd634d5d781fc75668c38a47112084932bfdba6b62ee11da16b004101116c14a4caf1e9e68aa3e21e8492bc47823,gx-no-cache=1457102419080 HTTP/1.1" 200 30
186.103.240.224 - - [04/Mar/2016:11:39:55 -0300] "POST /cormun/servlet/solicitudot?gx-no-cache=1457102419274 HTTP/1.1" 200 30
186.103.240.224 - - [04/Mar/2016:11:39:55 -0300] "POST /cormun/servlet/solicitudot?gx-no-cache=1457102419432 HTTP/1.1" 200 30
186.103.240.224 - - [04/Mar/2016:11:39:55 -0300] "POST /cormun/servlet/solicitudot?gx-no-cache=1457102419542 HTTP/1.1" 200 1157
186.103.240.224 - - [04/Mar/2016:11:39:55 -0300] "GET /cormun/servlet/solicitudot?0383bd634d5d781fc75668c38a471120fe724adf3f7cd186a7a26fff8e0b4458ec605b03747fe286ef8405051001641df766bfa748cfed51a2fe437dcd60c64d11d7debcaa4aa097d3bb4eecd7859ac4557ca1fbde44069b11620673e3e3f529561c5695bf4c027101ab7a574a8470b0c2caa446fcc2b08925d46e7ab30ad06692833914a20bac8c810db9d0097a2e65bbfd97f802b1e7a2fcfe332c85394d99,gx-no-cache=1457102419746 HTTP/1.1" 200 41
186.103.240.224 - - [04/Mar/2016:11:39:56 -0300] "POST /cormun/servlet/solicitudot?gx-no-cache=1457102419830 HTTP/1.1" 200 1116
192.168.10.98 - - [04/Mar/2016:11:39:58 -0300] "GET /cormun/servlet/prpersonalsolicitud?13912826,,,,,MD,,gxPopupLevel%3D0%3B HTTP/1.1" 200 5714
186.103.240.224 - - [04/Mar/2016:11:39:59 -0300] "POST /cormun/servlet/solicitudot?gx-no-cache=1457102423396 HTTP/1.1" 200 2783
186.103.240.224 - - [04/Mar/2016:11:40:00 -0300] "POST /cormun/servlet/solicitudot?2df4b8ed7e6b7fcf9c02b1bf31371bd7,UPD,2016,586,,gx-no-cache=1457102423782 HTTP/1.1" 200 9267
186.103.240.224 - - [04/Mar/2016:11:40:00 -0300] "GET /cormun/servlet/solicitudot?0383bd634d5d781fc75668c38a47112084932bfdba6b62ee11da16b004101116c14a4caf1e9e68aa3e21e8492bc47823,gx-no-cache=1457102424444 HTTP/1.1" 200 30
186.103.240.224 - - [04/Mar/2016:11:40:00 -0300] "POST /cormun/servlet/solicitudot?gx-no-cache=1457102424548 HTTP/1.1" 200 30
186.103.240.224 - - [04/Mar/2016:11:40:00 -0300] "POST /cormun/servlet/solicitudot?gx-no-cache=1457102424627 HTTP/1.1" 200 30
186.103.240.224 - - [04/Mar/2016:11:40:00 -0300] "POST /cormun/servlet/solicitudot?gx-no-cache=1457102424740 HTTP/1.1" 200 1157
186.103.240.224 - - [04/Mar/2016:11:40:01 -0300] "GET /cormun/servlet/solicitudot?0383bd634d5d781fc75668c38a471120fe724adf3f7cd186a7a26fff8e0b4458ec605b03747fe286ef8405051001641df766bfa748cfed51a2fe437dcd60c64d11d7debcaa4aa097d3bb4eecd7859ac4557ca1fbde44069b11620673e3e3f529561c5695bf4c027101ab7a574a8470b0c2caa446fcc2b08925d46e7ab30ad06692833914a20bac8c810db9d0097a2e65bbfd97f802b1e7a2fcfe332c85394d99,gx-no-cache=1457102424943 HTTP/1.1" 200 41
186.103.240.224 - - [04/Mar/2016:11:40:01 -0300] "POST /cormun/servlet/solicitudot?gx-no-cache=1457102425029 HTTP/1.1" 200 1116
186.103.240.224 - - [04/Mar/2016:11:40:17 -0300] "GET /cormun/servlet/solicitudot?0383bd634d5d781fc75668c38a4711209d88a8ad19c86f3e6fa0bca080ab20504040dee68a99ce41a524d59661c4e2795ff6ad9328efa5763f0df2dc66bde6287f06ed6ddc359f2f48c2881700a055ed14524142ff53a9e94b111ee70314ab5cee8c8d615bcc69320bc8a546dbfa7d9e410768953bee1ee9517568a80ac370fca430ea6091bf9f6382fbc102a7f3195bbea57160cc3353e145d3f9b233bd60b585dcea66f0594c03ec6126a33c5ebc5b,gx-no-cache=1457102441585 HTTP/1.1" 200 30
186.103.240.224 - - [04/Mar/2016:11:40:18 -0300] "POST /cormun/servlet/solicitudot?2df4b8ed7e6b7fcf9c02b1bf31371bd7,UPD,2016,586,,gx-no-cache=1457102441681 HTTP/1.1" 200 9534
186.103.240.224 - - [04/Mar/2016:11:40:24 -0300] "GET /cormun/servlet/prcontratosol?15994692,,,,,MD,,gxPopupLevel%3D0%3B HTTP/1.1" 200 5744
186.103.240.224 - - [04/Mar/2016:11:40:31 -0300] "POST /cormun/servlet/solicitudot?gx-no-cache=1457102455525 HTTP/1.1" 200 2783
186.103.240.224 - - [04/Mar/2016:11:40:32 -0300] "POST /cormun/servlet/solicitudot?2df4b8ed7e6b7fcf9c02b1bf31371bd7,UPD,2016,586,,gx-no-cache=1457102456021 HTTP/1.1" 200 9360
186.103.240.224 - - [04/Mar/2016:11:40:32 -0300] "GET /cormun/servlet/solicitudot?0383bd634d5d781fc75668c38a47112084932bfdba6b62ee11da16b004101116c14a4caf1e9e68aa3e21e8492bc47823,gx-no-cache=1457102456836 HTTP/1.1" 200 30
186.103.240.224 - - [04/Mar/2016:11:40:33 -0300] "POST /cormun/servlet/solicitudot?gx-no-cache=1457102456942 HTTP/1.1" 200 30
186.103.240.224 - - [04/Mar/2016:11:40:33 -0300] "POST /cormun/servlet/solicitudot?gx-no-cache=1457102457024 HTTP/1.1" 200 30
186.103.240.224 - - [04/Mar/2016:11:40:33 -0300] "POST /cormun/servlet/solicitudot?gx-no-cache=1457102457141 HTTP/1.1" 200 1157
186.103.240.224 - - [04/Mar/2016:11:40:33 -0300] "GET /cormun/servlet/solicitudot?0383bd634d5d781fc75668c38a471120fe724adf3f7cd186a7a26fff8e0b4458ec605b03747fe286ef8405051001641df766bfa748cfed51a2fe437dcd60c64d11d7debcaa4aa097d3bb4eecd7859ac4557ca1fbde44069b11620673e3e3f529561c5695bf4c027101ab7a574a8470b0c2caa446fcc2b08925d46e7ab30ad06692833914a20bac8c810db9d0097a2e65bbfd97f802b1e7a2fcfe332c85394d99,gx-no-cache=1457102457345 HTTP/1.1" 200 41
186.103.240.224 - - [04/Mar/2016:11:40:33 -0300] "POST /cormun/servlet/solicitudot?gx-no-cache=1457102457423 HTTP/1.1" 200 1116
186.103.159.189 - - [04/Mar/2016:11:40:37 -0300] "GET /cormun/servlet/solicitudot?INS,0,0, HTTP/1.1" 200 11423
186.103.159.189 - - [04/Mar/2016:11:40:37 -0300] "GET /cormun/static/Resources/Spanish/PXTools.css?1944839 HTTP/1.1" 304 -
186.103.159.189 - - [04/Mar/2016:11:40:37 -0300] "GET /cormun/static/gxcfg.js?20163219435133 HTTP/1.1" 304 -
186.103.159.189 - - [04/Mar/2016:11:40:37 -0300] "GET /cormun/static/solicitudot.js?20163219435183 HTTP/1.1" 304 -
186.103.159.189 - - [04/Mar/2016:11:40:39 -0300] "GET /cormun/servlet/solicitudot?INS,0,0, HTTP/1.1" 200 11428
186.103.240.224 - - [04/Mar/2016:11:40:45 -0300] "GET /cormun/servlet/solicitudot?0383bd634d5d781fc75668c38a4711209d88a8ad19c86f3e6fa0bca080ab20508728ce4761fcaebcf1cf44244a5fa692a8b0d023ed2a3747e05045dd5d7230701ed31180ad634ec81c3479ecc0757363291e13ea39c293f3410f46a3130a60f970c48cc97cebdfdf0bdb1ec72c3934657c5f2d58a19a2d216e8087cd852e718644962343c030dd59132a437097530f36c166aca71bfdc791422a437a898033c6dd79358cc59f9609b4f637f941e45827,gx-no-cache=1457102469526 HTTP/1.1" 200 30
186.103.240.224 - - [04/Mar/2016:11:40:46 -0300] "POST /cormun/servlet/solicitudot?2df4b8ed7e6b7fcf9c02b1bf31371bd7,UPD,2016,586,,gx-no-cache=1457102469657 HTTP/1.1" 200 93
186.103.240.224 - - [04/Mar/2016:11:40:46 -0300] "GET /cormun/servlet/hpexe_return? HTTP/1.1" 200 1029
186.103.240.224 - - [04/Mar/2016:11:40:46 -0300] "GET /cormun/servlet/trsolicitudot?gx-no-cache=1457101716046 HTTP/1.1" 200 10883
186.103.240.224 - - [04/Mar/2016:11:40:49 -0300] "GET /cormun/servlet/trsolicitudot?gx-no-cache=1457101716046 HTTP/1.1" 200 10901
186.103.159.189 - - [04/Mar/2016:11:40:57 -0300] "POST /cormun/servlet/solicitudot?gx-no-cache=1457102484168 HTTP/1.1" 200 2668
186.103.159.189 - - [04/Mar/2016:11:40:57 -0300] "POST /cormun/servlet/solicitudot?3f05a12279fed320fdf13c2c3864915c,INS,0,0,,gx-no-cache=1457102484423 HTTP/1.1" 200 8263
186.103.240.224 - - [04/Mar/2016:11:40:57 -0300] "POST /cormun/servlet/trsolicitudot?2df4b8ed7e6b7fcf9c02b1bf31371bd7,gx-no-cache=1457101716046,gx-no-cache=1457102481243 HTTP/1.1" 200 8338
186.103.240.224 - - [04/Mar/2016:11:40:59 -0300] "POST /cormun/servlet/trsolicitudot?2df4b8ed7e6b7fcf9c02b1bf31371bd7,gx-no-cache=1457101716046,gx-no-cache=1457102482561 HTTP/1.1" 200 8338
186.103.240.224 - - [04/Mar/2016:11:41:00 -0300] "POST /cormun/servlet/trsolicitudot?2df4b8ed7e6b7fcf9c02b1bf31371bd7,gx-no-cache=1457101716046,gx-no-cache=1457102483826 HTTP/1.1" 200 8338
186.103.240.224 - - [04/Mar/2016:11:41:01 -0300] "POST /cormun/servlet/trsolicitudot?2df4b8ed7e6b7fcf9c02b1bf31371bd7,gx-no-cache=1457101716046,gx-no-cache=1457102485149 HTTP/1.1" 200 8338
186.103.240.224 - - [04/Mar/2016:11:41:03 -0300] "POST /cormun/servlet/trsolicitudot?2df4b8ed7e6b7fcf9c02b1bf31371bd7,gx-no-cache=1457101716046,gx-no-cache=1457102486505 HTTP/1.1" 200 8338
186.103.159.189 - - [04/Mar/2016:11:41:03 -0300] "POST /cormun/servlet/solicitudot?gx-no-cache=1457102490411 HTTP/1.1" 200 2771
186.103.159.189 - - [04/Mar/2016:11:41:04 -0300] "POST /cormun/servlet/solicitudot?3f05a12279fed320fdf13c2c3864915c,INS,0,0,,gx-no-cache=1457102490634 HTTP/1.1" 200 8435
186.103.159.189 - - [04/Mar/2016:11:41:04 -0300] "GET /cormun/servlet/solicitudot?7c4f5895db82bfafc7ecc326e7563a2688d5d3aa9d4b4eb1e032e5ef27bea7c0763a7c7bbbdeb237b52917510b000477,gx-no-cache=1457102490962 HTTP/1.1" 200 30
186.103.240.224 - - [04/Mar/2016:11:41:04 -0300] "POST /cormun/servlet/trsolicitudot?2df4b8ed7e6b7fcf9c02b1bf31371bd7,gx-no-cache=1457101716046,gx-no-cache=1457102487971 HTTP/1.1" 200 8338
186.103.240.224 - - [04/Mar/2016:11:41:06 -0300] "POST /cormun/servlet/trsolicitudot?2df4b8ed7e6b7fcf9c02b1bf31371bd7,gx-no-cache=1457101716046,gx-no-cache=1457102489415 HTTP/1.1" 200 8338
186.103.159.189 - - [04/Mar/2016:11:41:07 -0300] "POST /cormun/servlet/solicitudot?gx-no-cache=1457102493726 HTTP/1.1" 200 30
186.103.240.224 - - [04/Mar/2016:11:41:07 -0300] "POST /cormun/servlet/trsolicitudot?2df4b8ed7e6b7fcf9c02b1bf31371bd7,gx-no-cache=1457101716046,gx-no-cache=1457102490947 HTTP/1.1" 200 8059
186.103.240.224 - - [04/Mar/2016:11:41:08 -0300] "GET /cormun/static/Shared/jqueryui/images/ui-bg_highlight-soft_100_c6c2c8_1x100.png HTTP/1.1" 404 1117
186.103.240.224 - - [04/Mar/2016:11:41:08 -0300] "GET /cormun/static/Shared/jqueryui/images/ui-icons_82798d_256x240.png HTTP/1.1" 404 1089
186.103.240.224 - - [04/Mar/2016:11:41:08 -0300] "GET /cormun/static/Shared/jqueryui/images/ui-bg_flat_55_fafafa_40x100.png HTTP/1.1" 404 1097
186.103.240.224 - - [04/Mar/2016:11:41:08 -0300] "GET /cormun/static/Shared/jqueryui/images/ui-icons_8d78a5_256x240.png HTTP/1.1" 404 1089
186.103.240.224 - - [04/Mar/2016:11:41:09 -0300] "POST /cormun/servlet/trsolicitudot?2df4b8ed7e6b7fcf9c02b1bf31371bd7,gx-no-cache=1457101716046,gx-no-cache=1457102493001 HTTP/1.1" 200 7998
186.103.159.189 - - [04/Mar/2016:11:41:10 -0300] "POST /cormun/servlet/solicitudot?gx-no-cache=1457102496814 HTTP/1.1" 200 30
192.168.10.98 - - [04/Mar/2016:11:41:10 -0300] "POST /cormun/servlet/solicitudot?gx-no-cache=1457102222996 HTTP/1.1" 200 1158
192.168.10.98 - - [04/Mar/2016:11:41:11 -0300] "GET /cormun/servlet/solicitudot?a64f1319e970778e21f9600c5542d98bc81ceeba14a4b5a76b6edc880f159cc72af2bdc889da4fc9364f048729d54250769ec19bd8ca8f241560b3b84648da056487aff80acbf9d056eba0d750aead3be539a5955444f81dfd591a019bb59dd2d9e2fc4252b53573e9ab4a12fcfc0ba4a19a3b32bcb6a6d6069a98b12a1c76bfd53d009ce2b3355cbb607fe9ed7cadf9792d76d50800cafd51d30f0c9cae8b0b,gx-no-cache=1457102223096 HTTP/1.1" 200 41
192.168.10.98 - - [04/Mar/2016:11:41:11 -0300] "POST /cormun/servlet/solicitudot?gx-no-cache=1457102223153 HTTP/1.1" 200 1116
192.168.10.98 - - [04/Mar/2016:11:41:11 -0300] "GET /cormun/servlet/solicitudot?a64f1319e970778e21f9600c5542d98bb2a7c5aa28ee607070f760009bd049a34e33f68faffae95274cbbbc16ac22203bff9830f9d0d92a1e5b4891c67cf276a657557d174fb828884ebf8749e2c6b2bb8529d2ce9f59aa4502133492a1f2e55366150ad551706ea451734ab23af9850610dd78d1412d8a22dd9cc84deb8fc376ceb7d421d3a2e872ac3fb749f6cd453d818415bc064ddce830f6a8ee9658cb7e487cce4d0fede254be772e409130430,gx-no-cache=1457102223184 HTTP/1.1" 200 30
192.168.10.98 - - [04/Mar/2016:11:41:11 -0300] "POST /cormun/servlet/solicitudot?e03e5b14903f058cc218f9221dee9415,INS,0,0,,gx-no-cache=1457102223211 HTTP/1.1" 200 9419
186.103.240.224 - - [04/Mar/2016:11:41:17 -0300] "POST /cormun/servlet/trsolicitudot?2df4b8ed7e6b7fcf9c02b1bf31371bd7,gx-no-cache=1457101716046,gx-no-cache=1457102501330 HTTP/1.1" 200 105
186.103.240.224 - - [04/Mar/2016:11:41:18 -0300] "GET /cormun/servlet/solicitudot?UPD,2016,584, HTTP/1.1" 200 12672
186.103.240.224 - - [04/Mar/2016:11:41:20 -0300] "GET /cormun/servlet/solicitudot?UPD,2016,584, HTTP/1.1" 200 12659
186.103.240.224 - - [04/Mar/2016:11:41:21 -0300] "POST /cormun/servlet/solicitudot?gx-no-cache=1457102504644 HTTP/1.1" 200 2780
186.103.240.224 - - [04/Mar/2016:11:41:21 -0300] "POST /cormun/servlet/solicitudot?2df4b8ed7e6b7fcf9c02b1bf31371bd7,UPD,2016,584,,gx-no-cache=1457102505081 HTTP/1.1" 200 9115
186.103.240.224 - - [04/Mar/2016:11:41:21 -0300] "GET /cormun/servlet/solicitudot?0383bd634d5d781fc75668c38a47112036ebf94ab07c8408aec12bfb7f71c0c6c14a4caf1e9e68aa3e21e8492bc47823,gx-no-cache=1457102505630 HTTP/1.1" 200 30
186.103.240.224 - - [04/Mar/2016:11:41:21 -0300] "POST /cormun/servlet/solicitudot?gx-no-cache=1457102505742 HTTP/1.1" 200 30
186.103.240.224 - - [04/Mar/2016:11:41:21 -0300] "POST /cormun/servlet/solicitudot?gx-no-cache=1457102505822 HTTP/1.1" 200 33
186.103.240.224 - - [04/Mar/2016:11:41:22 -0300] "POST /cormun/servlet/solicitudot?gx-no-cache=1457102505939 HTTP/1.1" 200 1158
186.103.240.224 - - [04/Mar/2016:11:41:22 -0300] "GET /cormun/servlet/solicitudot?0383bd634d5d781fc75668c38a471120fe724adf3f7cd186a7a26fff8e0b4458ec605b03747fe286ef8405051001641df766bfa748cfed51a2fe437dcd60c64d11d7debcaa4aa097d3bb4eecd7859ac4557ca1fbde44069b11620673e3e3f529561c5695bf4c027101ab7a574a8470b0c2caa446fcc2b08925d46e7ab30ad06692833914a20bac8c810db9d0097a2e65bbfd97f802b1e7a2fcfe332c85394d99,gx-no-cache=1457102506148 HTTP/1.1" 200 41
192.168.10.98 - - [04/Mar/2016:11:41:22 -0300] "GET /cormun/servlet/prpersonalsolicitud?13912826,,,,,MD,,gxPopupLevel%3D0%3B HTTP/1.1" 200 5714
186.103.157.98 - - [04/Mar/2016:11:41:28 -0300] "GET /cormun/servlet/solicitudot?INS,0,0, HTTP/1.1" 200 11458
186.103.157.98 - - [04/Mar/2016:11:41:28 -0300] "GET /cormun/servlet/solicitudot?INS,0,0, HTTP/1.1" 200 11463
186.103.240.224 - - [04/Mar/2016:11:41:42 -0300] "POST /cormun/servlet/solicitudot?gx-no-cache=1457102526435 HTTP/1.1" 200 30
186.103.240.224 - - [04/Mar/2016:11:41:47 -0300] "GET /cormun/servlet/prcontratosol?16988200,,,,,MD,,gxPopupLevel%3D0%3B HTTP/1.1" 200 5668
186.103.240.224 - - [04/Mar/2016:11:41:52 -0300] "POST /cormun/servlet/solicitudot?gx-no-cache=1457102536383 HTTP/1.1" 200 1158
186.103.240.224 - - [04/Mar/2016:11:41:52 -0300] "GET /cormun/servlet/solicitudot?0383bd634d5d781fc75668c38a471120fe724adf3f7cd186a7a26fff8e0b4458ec605b03747fe286ef8405051001641df766bfa748cfed51a2fe437dcd60c64d11d7debcaa4aa097d3bb4eecd7859ac4557ca1fbde44069b11620673e3e3f529561c5695bf4c027101ab7a574a8470b0c2caa446fcc2b08925d46e7ab30ad06692833914a20bac8c810db9d0097a2e65bbfd97f802b1e7a2fcfe332c85394d99,gx-no-cache=1457102536647 HTTP/1.1" 200 41
186.103.240.224 - - [04/Mar/2016:11:41:52 -0300] "GET /cormun/servlet/solicitudot?0383bd634d5d781fc75668c38a471120ee2d13b2f72be4be02c6acc9a37f19d373c05d909fdcb38258c36e03bb981bab69df558ed7935e86a36c7ffb032dc34d0e6061cc37be3acfaf6ae9505a44d8be68f272d30978f2112133b01dc2f5970659a5eb6122ef43d0eed6fa187079d0d60b614e8385cd6f5a707946eee8a9d4e636480ce8093723033266785a37fdc3c2ed693d4a623d3ec55391bf65bbb908bc673fa958d97d779320c7cb9a56fd784a447f3854ece035e26b56e8ed3af7e484420300e8a4b6afe6cbba917ea841f4d7,gx-no-cache=1457102536747 HTTP/1.1" 200 29
186.103.240.224 - - [04/Mar/2016:11:41:53 -0300] "POST /cormun/servlet/solicitudot?gx-no-cache=1457102536853 HTTP/1.1" 200 1115
186.103.240.224 - - [04/Mar/2016:11:41:57 -0300] "GET /cormun/static/menuarrow.gif HTTP/1.1" 404 1015
186.103.157.98 - - [04/Mar/2016:11:42:00 -0300] "GET /cormun/static/Resources/resize.gif HTTP/1.1" 200 77
186.103.157.98 - - [04/Mar/2016:11:42:00 -0300] "GET /cormun/servlet/prfichaempleado?,MD,,gxPopupLevel%3D0%3B HTTP/1.1" 200 7884
186.103.157.98 - - [04/Mar/2016:11:42:00 -0300] "GET /cormun/static/gxui/gxui-all.css?1917420 HTTP/1.1" 200 2179
186.103.157.98 - - [04/Mar/2016:11:42:00 -0300] "GET /cormun/static/gxcfg.js?201511151625694 HTTP/1.1" 200 953
186.103.157.98 - - [04/Mar/2016:11:42:00 -0300] "GET /cormun/static/scaMessage/css/jquery-ui.css?104140 HTTP/1.1" 404 1045
186.103.157.98 - - [04/Mar/2016:11:42:00 -0300] "GET /cormun/static/prfichaempleado.js?201511151625857 HTTP/1.1" 200 14240
186.103.157.98 - - [04/Mar/2016:11:42:00 -0300] "GET /cormun/static/menusearch.js?20163219454787 HTTP/1.1" 200 1424
186.103.157.98 - - [04/Mar/2016:11:42:00 -0300] "GET /cormun/static/Resources/PXToolsMenuSearch.png HTTP/1.1" 200 2914
186.103.157.98 - - [04/Mar/2016:11:42:00 -0300] "GET /cormun/static/hmpwkw01.js?201511211495945 HTTP/1.1" 200 2037
186.103.157.98 - - [04/Mar/2016:11:42:00 -0300] "GET /cormun/static/Resources/PXToolsMenuSearchCancel.png HTTP/1.1" 200 2972
186.103.157.98 - - [04/Mar/2016:11:42:00 -0300] "GET /cormun/static/Resources/Spanish/PXTools.css?16184758 HTTP/1.1" 200 89042
186.103.157.98 - - [04/Mar/2016:11:42:00 -0300] "GET /cormun/static/Shared/jqueryui/jquery-ui.min-1.8.js HTTP/1.1" 200 213511
186.103.240.224 - - [04/Mar/2016:11:42:02 -0300] "GET /cormun/servlet/solicitudot?0383bd634d5d781fc75668c38a471120ce7393b0574122578046397d5ac82aa4e330338af04b576fcbce9d8874ea1694a8b0d023ed2a3747e05045dd5d7230701ed31180ad634ec81c3479ecc0757363291e13ea39c293f3410f46a3130a60f970c48cc97cebdfdf0bdb1ec72c3934657c5f2d58a19a2d216e8087cd852e718644962343c030dd59132a437097530f36c166aca71bfdc791422a437a898033c6dd79358cc59f9609b4f637f941e45827,gx-no-cache=1457102546800 HTTP/1.1" 200 30
186.103.240.224 - - [04/Mar/2016:11:42:03 -0300] "POST /cormun/servlet/solicitudot?2df4b8ed7e6b7fcf9c02b1bf31371bd7,UPD,2016,584,,gx-no-cache=1457102546934 HTTP/1.1" 200 93
186.103.240.224 - - [04/Mar/2016:11:42:03 -0300] "GET /cormun/servlet/hpexe_return? HTTP/1.1" 200 1029
186.103.240.224 - - [04/Mar/2016:11:42:04 -0300] "GET /cormun/servlet/trsolicitudot?gx-no-cache=1457101716046 HTTP/1.1" 200 10639
186.103.240.224 - - [04/Mar/2016:11:42:06 -0300] "GET /cormun/servlet/trsolicitudot?gx-no-cache=1457101716046 HTTP/1.1" 200 10656
186.103.240.224 - - [04/Mar/2016:11:42:15 -0300] "POST /cormun/servlet/trsolicitudot?2df4b8ed7e6b7fcf9c02b1bf31371bd7,gx-no-cache=1457101716046,gx-no-cache=1457102558492 HTTP/1.1" 200 8032
186.103.240.224 - - [04/Mar/2016:11:42:16 -0300] "POST /cormun/servlet/trsolicitudot?2df4b8ed7e6b7fcf9c02b1bf31371bd7,gx-no-cache=1457101716046,gx-no-cache=1457102559812 HTTP/1.1" 200 8032
186.103.240.224 - - [04/Mar/2016:11:42:17 -0300] "POST /cormun/servlet/trsolicitudot?2df4b8ed7e6b7fcf9c02b1bf31371bd7,gx-no-cache=1457101716046,gx-no-cache=1457102561063 HTTP/1.1" 200 8032
186.103.240.224 - - [04/Mar/2016:11:42:19 -0300] "POST /cormun/servlet/trsolicitudot?2df4b8ed7e6b7fcf9c02b1bf31371bd7,gx-no-cache=1457101716046,gx-no-cache=1457102562400 HTTP/1.1" 200 8032
186.103.240.224 - - [04/Mar/2016:11:42:20 -0300] "POST /cormun/servlet/trsolicitudot?2df4b8ed7e6b7fcf9c02b1bf31371bd7,gx-no-cache=1457101716046,gx-no-cache=1457102563712 HTTP/1.1" 200 8032
186.103.240.224 - - [04/Mar/2016:11:42:21 -0300] "POST /cormun/servlet/trsolicitudot?2df4b8ed7e6b7fcf9c02b1bf31371bd7,gx-no-cache=1457101716046,gx-no-cache=1457102565091 HTTP/1.1" 200 8032
186.103.240.224 - - [04/Mar/2016:11:42:23 -0300] "POST /cormun/servlet/trsolicitudot?2df4b8ed7e6b7fcf9c02b1bf31371bd7,gx-no-cache=1457101716046,gx-no-cache=1457102566517 HTTP/1.1" 200 8032
186.103.240.224 - - [04/Mar/2016:11:42:24 -0300] "POST /cormun/servlet/trsolicitudot?2df4b8ed7e6b7fcf9c02b1bf31371bd7,gx-no-cache=1457101716046,gx-no-cache=1457102567991 HTTP/1.1" 200 7755
186.103.240.224 - - [04/Mar/2016:11:42:25 -0300] "GET /cormun/static/Shared/jqueryui/images/ui-bg_highlight-soft_100_c6c2c8_1x100.png HTTP/1.1" 404 1117
186.103.240.224 - - [04/Mar/2016:11:42:25 -0300] "GET /cormun/static/Shared/jqueryui/images/ui-icons_82798d_256x240.png HTTP/1.1" 404 1089
186.103.240.224 - - [04/Mar/2016:11:42:25 -0300] "GET /cormun/static/Shared/jqueryui/images/ui-bg_flat_55_fafafa_40x100.png HTTP/1.1" 404 1097
186.103.240.224 - - [04/Mar/2016:11:42:25 -0300] "GET /cormun/static/Shared/jqueryui/images/ui-icons_8d78a5_256x240.png HTTP/1.1" 404 1089
186.103.240.224 - - [04/Mar/2016:11:42:26 -0300] "POST /cormun/servlet/trsolicitudot?2df4b8ed7e6b7fcf9c02b1bf31371bd7,gx-no-cache=1457101716046,gx-no-cache=1457102569930 HTTP/1.1" 200 7694
186.103.240.224 - - [04/Mar/2016:11:42:34 -0300] "POST /cormun/servlet/trsolicitudot?2df4b8ed7e6b7fcf9c02b1bf31371bd7,gx-no-cache=1457101716046,gx-no-cache=1457102577890 HTTP/1.1" 200 105
186.103.240.224 - - [04/Mar/2016:11:42:34 -0300] "GET /cormun/servlet/solicitudot?UPD,2016,583, HTTP/1.1" 200 12656
186.103.240.224 - - [04/Mar/2016:11:42:37 -0300] "GET /cormun/servlet/solicitudot?UPD,2016,583, HTTP/1.1" 200 12644
186.103.240.224 - - [04/Mar/2016:11:42:38 -0300] "POST /cormun/servlet/solicitudot?gx-no-cache=1457102581692 HTTP/1.1" 200 2780
186.103.240.224 - - [04/Mar/2016:11:42:38 -0300] "POST /cormun/servlet/solicitudot?2df4b8ed7e6b7fcf9c02b1bf31371bd7,UPD,2016,583,,gx-no-cache=1457102582125 HTTP/1.1" 200 9099
186.103.240.224 - - [04/Mar/2016:11:42:38 -0300] "GET /cormun/servlet/solicitudot?0383bd634d5d781fc75668c38a47112036ebf94ab07c8408aec12bfb7f71c0c6c14a4caf1e9e68aa3e21e8492bc47823,gx-no-cache=1457102582681 HTTP/1.1" 200 30
186.103.240.224 - - [04/Mar/2016:11:42:38 -0300] "POST /cormun/servlet/solicitudot?gx-no-cache=1457102582797 HTTP/1.1" 200 30
186.103.240.224 - - [04/Mar/2016:11:42:39 -0300] "POST /cormun/servlet/solicitudot?gx-no-cache=1457102582885 HTTP/1.1" 200 33
186.103.240.224 - - [04/Mar/2016:11:42:39 -0300] "POST /cormun/servlet/solicitudot?gx-no-cache=1457102583014 HTTP/1.1" 200 1158
186.103.240.224 - - [04/Mar/2016:11:42:39 -0300] "GET /cormun/servlet/solicitudot?0383bd634d5d781fc75668c38a471120fe724adf3f7cd186a7a26fff8e0b4458ec605b03747fe286ef8405051001641df766bfa748cfed51a2fe437dcd60c64d11d7debcaa4aa097d3bb4eecd7859ac4557ca1fbde44069b11620673e3e3f529561c5695bf4c027101ab7a574a8470b0c2caa446fcc2b08925d46e7ab30ad06692833914a20bac8c810db9d0097a2e65bbfd97f802b1e7a2fcfe332c85394d99,gx-no-cache=1457102583229 HTTP/1.1" 200 41
192.168.10.98 - - [04/Mar/2016:11:42:51 -0300] "GET /cormun/static/menuarrow.gif HTTP/1.1" 404 1015
186.103.240.224 - - [04/Mar/2016:11:42:52 -0300] "POST /cormun/servlet/solicitudot?gx-no-cache=1457102596427 HTTP/1.1" 200 30
186.103.240.224 - - [04/Mar/2016:11:42:55 -0300] "GET /cormun/servlet/prcontratosol?16988200,,,,,MD,,gxPopupLevel%3D0%3B HTTP/1.1" 200 5668
186.103.240.224 - - [04/Mar/2016:11:42:59 -0300] "POST /cormun/servlet/solicitudot?gx-no-cache=1457102603137 HTTP/1.1" 200 1158
186.103.240.224 - - [04/Mar/2016:11:42:59 -0300] "GET /cormun/servlet/solicitudot?0383bd634d5d781fc75668c38a471120fe724adf3f7cd186a7a26fff8e0b4458ec605b03747fe286ef8405051001641df766bfa748cfed51a2fe437dcd60c64d11d7debcaa4aa097d3bb4eecd7859ac4557ca1fbde44069b11620673e3e3f529561c5695bf4c027101ab7a574a8470b0c2caa446fcc2b08925d46e7ab30ad06692833914a20bac8c810db9d0097a2e65bbfd97f802b1e7a2fcfe332c85394d99,gx-no-cache=1457102603348 HTTP/1.1" 200 41
186.103.240.224 - - [04/Mar/2016:11:42:59 -0300] "GET /cormun/servlet/solicitudot?0383bd634d5d781fc75668c38a47112053cddceca0e4607909df93baf6caa8b273c05d909fdcb38258c36e03bb981bab5f0fc168b5280d963069421e3ea310720e6061cc37be3acfaf6ae9505a44d8be68f272d30978f2112133b01dc2f5970659a5eb6122ef43d0eed6fa187079d0d60b614e8385cd6f5a707946eee8a9d4e636480ce8093723033266785a37fdc3c2ed693d4a623d3ec55391bf65bbb908bc673fa958d97d779320c7cb9a56fd784a447f3854ece035e26b56e8ed3af7e484420300e8a4b6afe6cbba917ea841f4d7,gx-no-cache=1457102603458 HTTP/1.1" 200 29
186.103.240.224 - - [04/Mar/2016:11:42:59 -0300] "POST /cormun/servlet/solicitudot?gx-no-cache=1457102603564 HTTP/1.1" 200 1115
192.168.10.98 - - [04/Mar/2016:11:43:00 -0300] "GET /cormun/servlet/solicitudot?a64f1319e970778e21f9600c5542d98bb2a7c5aa28ee607070f760009bd049a34e33f68faffae95274cbbbc16ac22203bff9830f9d0d92a1e5b4891c67cf276a657557d174fb828884ebf8749e2c6b2bb8529d2ce9f59aa4502133492a1f2e55366150ad551706ea451734ab23af9850610dd78d1412d8a22dd9cc84deb8fc376ceb7d421d3a2e872ac3fb749f6cd453d818415bc064ddce830f6a8ee9658cb7e487cce4d0fede254be772e409130430,gx-no-cache=1457102332605 HTTP/1.1" 200 30
192.168.10.98 - - [04/Mar/2016:11:43:00 -0300] "POST /cormun/servlet/solicitudot?e03e5b14903f058cc218f9221dee9415,INS,0,0,,gx-no-cache=1457102332639 HTTP/1.1" 200 9470
186.103.240.224 - - [04/Mar/2016:11:43:02 -0300] "GET /cormun/static/menuarrow.gif HTTP/1.1" 404 1015
186.103.157.98 - - [04/Mar/2016:11:43:09 -0300] "GET /cormun/servlet/prfichaempleado?,MD,,gxPopupLevel%3D0%3B HTTP/1.1" 200 7884
186.103.157.98 - - [04/Mar/2016:11:43:09 -0300] "GET /cormun/static/scaMessage/css/jquery-ui.css?104140 HTTP/1.1" 404 1045
186.103.240.224 - - [04/Mar/2016:11:43:10 -0300] "GET /cormun/servlet/solicitudot?0383bd634d5d781fc75668c38a471120ce7393b0574122578046397d5ac82aa4e330338af04b576fcbce9d8874ea1694a8b0d023ed2a3747e05045dd5d7230701ed31180ad634ec81c3479ecc0757363291e13ea39c293f3410f46a3130a60f970c48cc97cebdfdf0bdb1ec72c3934657c5f2d58a19a2d216e8087cd852e718644962343c030dd59132a437097530f36c166aca71bfdc791422a437a898033c6dd79358cc59f9609b4f637f941e45827,gx-no-cache=1457102614061 HTTP/1.1" 200 30
186.103.240.224 - - [04/Mar/2016:11:43:10 -0300] "POST /cormun/servlet/solicitudot?2df4b8ed7e6b7fcf9c02b1bf31371bd7,UPD,2016,583,,gx-no-cache=1457102614165 HTTP/1.1" 200 93
186.103.240.224 - - [04/Mar/2016:11:43:10 -0300] "GET /cormun/servlet/hpexe_return? HTTP/1.1" 200 1029
186.103.240.224 - - [04/Mar/2016:11:43:11 -0300] "GET /cormun/servlet/trsolicitudot?gx-no-cache=1457101716046 HTTP/1.1" 200 10418
186.103.240.224 - - [04/Mar/2016:11:43:13 -0300] "GET /cormun/servlet/trsolicitudot?gx-no-cache=1457101716046 HTTP/1.1" 200 10435
186.103.157.98 - - [04/Mar/2016:11:43:14 -0300] "POST /cormun/servlet/solicitudot?gx-no-cache=1457102643314 HTTP/1.1" 200 2744
186.103.157.98 - - [04/Mar/2016:11:43:14 -0300] "POST /cormun/servlet/solicitudot?d355115e45519160f3b9a0de750b38b7,INS,0,0,,gx-no-cache=1457102643495 HTTP/1.1" 200 8396
186.103.240.224 - - [04/Mar/2016:11:43:19 -0300] "POST /cormun/servlet/trsolicitudot?2df4b8ed7e6b7fcf9c02b1bf31371bd7,gx-no-cache=1457101716046,gx-no-cache=1457102622609 HTTP/1.1" 200 7730
186.103.157.98 - - [04/Mar/2016:11:43:20 -0300] "POST /cormun/servlet/solicitudot?d355115e45519160f3b9a0de750b38b7,INS,0,0,,gx-no-cache=1457102648975 HTTP/1.1" 200 93
186.103.240.224 - - [04/Mar/2016:11:43:20 -0300] "POST /cormun/servlet/trsolicitudot?2df4b8ed7e6b7fcf9c02b1bf31371bd7,gx-no-cache=1457101716046,gx-no-cache=1457102623787 HTTP/1.1" 200 7730
186.103.157.98 - - [04/Mar/2016:11:43:20 -0300] "GET /cormun/servlet/hpexe_return? HTTP/1.1" 200 1010
186.103.157.98 - - [04/Mar/2016:11:43:20 -0300] "GET /cormun/servlet/trsolicitudot HTTP/1.1" 200 7502
186.103.157.98 - - [04/Mar/2016:11:43:21 -0300] "GET /cormun/servlet/trsolicitudot HTTP/1.1" 200 7498
186.103.240.224 - - [04/Mar/2016:11:43:21 -0300] "POST /cormun/servlet/trsolicitudot?2df4b8ed7e6b7fcf9c02b1bf31371bd7,gx-no-cache=1457101716046,gx-no-cache=1457102624939 HTTP/1.1" 200 7730
186.103.240.224 - - [04/Mar/2016:11:43:22 -0300] "POST /cormun/servlet/trsolicitudot?2df4b8ed7e6b7fcf9c02b1bf31371bd7,gx-no-cache=1457101716046,gx-no-cache=1457102626122 HTTP/1.1" 200 7730
186.103.240.224 - - [04/Mar/2016:11:43:23 -0300] "POST /cormun/servlet/trsolicitudot?2df4b8ed7e6b7fcf9c02b1bf31371bd7,gx-no-cache=1457101716046,gx-no-cache=1457102627321 HTTP/1.1" 200 7730
186.103.240.224 - - [04/Mar/2016:11:43:25 -0300] "POST /cormun/servlet/trsolicitudot?2df4b8ed7e6b7fcf9c02b1bf31371bd7,gx-no-cache=1457101716046,gx-no-cache=1457102628639 HTTP/1.1" 200 7730
186.103.240.224 - - [04/Mar/2016:11:43:26 -0300] "POST /cormun/servlet/trsolicitudot?2df4b8ed7e6b7fcf9c02b1bf31371bd7,gx-no-cache=1457101716046,gx-no-cache=1457102629941 HTTP/1.1" 200 7730
186.103.240.224 - - [04/Mar/2016:11:43:28 -0300] "POST /cormun/servlet/trsolicitudot?2df4b8ed7e6b7fcf9c02b1bf31371bd7,gx-no-cache=1457101716046,gx-no-cache=1457102631384 HTTP/1.1" 200 7473
186.103.240.224 - - [04/Mar/2016:11:43:28 -0300] "GET /cormun/static/Shared/jqueryui/images/ui-bg_highlight-soft_100_c6c2c8_1x100.png HTTP/1.1" 404 1117
186.103.240.224 - - [04/Mar/2016:11:43:28 -0300] "GET /cormun/static/Shared/jqueryui/images/ui-icons_82798d_256x240.png HTTP/1.1" 404 1089
186.103.240.224 - - [04/Mar/2016:11:43:28 -0300] "GET /cormun/static/Shared/jqueryui/images/ui-bg_flat_55_fafafa_40x100.png HTTP/1.1" 404 1097
186.103.240.224 - - [04/Mar/2016:11:43:28 -0300] "GET /cormun/static/Shared/jqueryui/images/ui-icons_8d78a5_256x240.png HTTP/1.1" 404 1089
186.103.240.224 - - [04/Mar/2016:11:43:29 -0300] "POST /cormun/servlet/trsolicitudot?2df4b8ed7e6b7fcf9c02b1bf31371bd7,gx-no-cache=1457101716046,gx-no-cache=1457102633175 HTTP/1.1" 200 7414
186.103.157.98 - - [04/Mar/2016:11:43:38 -0300] "POST /cormun/servlet/trsolicitudot?d355115e45519160f3b9a0de750b38b7,gx-no-cache=1457102667402 HTTP/1.1" 200 4925
186.103.157.98 - - [04/Mar/2016:11:43:38 -0300] "POST /cormun/servlet/trsolicitudot?d355115e45519160f3b9a0de750b38b7,gx-no-cache=1457102667565 HTTP/1.1" 200 4925
186.103.157.98 - - [04/Mar/2016:11:43:39 -0300] "POST /cormun/servlet/trsolicitudot?d355115e45519160f3b9a0de750b38b7,gx-no-cache=1457102667725 HTTP/1.1" 200 4925
186.103.157.98 - - [04/Mar/2016:11:43:39 -0300] "POST /cormun/servlet/trsolicitudot?d355115e45519160f3b9a0de750b38b7,gx-no-cache=1457102667883 HTTP/1.1" 200 4925
186.103.157.98 - - [04/Mar/2016:11:43:39 -0300] "POST /cormun/servlet/trsolicitudot?d355115e45519160f3b9a0de750b38b7,gx-no-cache=1457102668063 HTTP/1.1" 200 4924
192.168.10.98 - - [04/Mar/2016:11:43:39 -0300] "POST /cormun/servlet/solicitudot?e03e5b14903f058cc218f9221dee9415,INS,0,0,,gx-no-cache=1457102371448 HTTP/1.1" 200 93
192.168.10.98 - - [04/Mar/2016:11:43:39 -0300] "GET /cormun/servlet/hpexe_return? HTTP/1.1" 200 1006
186.103.157.98 - - [04/Mar/2016:11:43:39 -0300] "POST /cormun/servlet/trsolicitudot?d355115e45519160f3b9a0de750b38b7,gx-no-cache=1457102668204 HTTP/1.1" 200 4924
186.103.157.98 - - [04/Mar/2016:11:43:39 -0300] "POST /cormun/servlet/trsolicitudot?d355115e45519160f3b9a0de750b38b7,gx-no-cache=1457102668382 HTTP/1.1" 200 4926
192.168.10.98 - - [04/Mar/2016:11:43:39 -0300] "GET /cormun/servlet/trsolicitudgral HTTP/1.1" 200 10645
186.103.157.98 - - [04/Mar/2016:11:43:39 -0300] "POST /cormun/servlet/trsolicitudot?d355115e45519160f3b9a0de750b38b7,gx-no-cache=1457102668555 HTTP/1.1" 200 105
186.103.157.98 - - [04/Mar/2016:11:43:39 -0300] "GET /cormun/servlet/solicitudot?UPD,2016,599, HTTP/1.1" 200 12578
186.103.157.98 - - [04/Mar/2016:11:43:40 -0300] "GET /cormun/servlet/solicitudot?UPD,2016,599, HTTP/1.1" 200 12587
192.168.10.98 - - [04/Mar/2016:11:43:40 -0300] "GET /cormun/servlet/trsolicitudgral HTTP/1.1" 200 10641
186.103.157.98 - - [04/Mar/2016:11:43:40 -0300] "POST /cormun/servlet/solicitudot?gx-no-cache=1457102669603 HTTP/1.1" 200 2744
186.103.157.98 - - [04/Mar/2016:11:43:41 -0300] "POST /cormun/servlet/solicitudot?d355115e45519160f3b9a0de750b38b7,UPD,2016,599,,gx-no-cache=1457102669767 HTTP/1.1" 200 9030
186.103.157.98 - - [04/Mar/2016:11:43:41 -0300] "GET /cormun/servlet/solicitudot?770ffaf2b145718b361e7d2b5e0672f90f3aef0432695631ae1df056ee4f1cf666ee698027cf6a4f76a1c533f7f75b8a,gx-no-cache=1457102669939 HTTP/1.1" 200 30
186.103.157.98 - - [04/Mar/2016:11:43:41 -0300] "POST /cormun/servlet/solicitudot?gx-no-cache=1457102670022 HTTP/1.1" 200 30
186.103.157.98 - - [04/Mar/2016:11:43:41 -0300] "POST /cormun/servlet/solicitudot?gx-no-cache=1457102670066 HTTP/1.1" 200 33
186.103.157.98 - - [04/Mar/2016:11:43:41 -0300] "POST /cormun/servlet/solicitudot?gx-no-cache=1457102670152 HTTP/1.1" 200 1158
186.103.157.98 - - [04/Mar/2016:11:43:41 -0300] "GET /cormun/servlet/solicitudot?770ffaf2b145718b361e7d2b5e0672f9560b9f627e73c8e942868581ff60f446cce13cf615f0a48a9ac9bd64314b85be6915f82af0efabd4cb3b712e9cc168ecd28ab8d7c7bf314daac715fa1a096eebb5582ab5f4cfd12ec4c3b731db9e7244630c67e6e5f6767a0eb591aed31f224e4d6713393accd429156e2c0b40685875fc18b58eb178674a8d044609ea027b3b,gx-no-cache=1457102670226 HTTP/1.1" 200 38
186.103.240.224 - - [04/Mar/2016:11:43:43 -0300] "POST /cormun/servlet/trsolicitudot?2df4b8ed7e6b7fcf9c02b1bf31371bd7,gx-no-cache=1457101716046,gx-no-cache=1457102646377 HTTP/1.1" 200 7693
186.103.240.224 - - [04/Mar/2016:11:43:49 -0300] "POST /cormun/servlet/trsolicitudot?2df4b8ed7e6b7fcf9c02b1bf31371bd7,gx-no-cache=1457101716046,gx-no-cache=1457102652945 HTTP/1.1" 200 105
186.103.240.224 - - [04/Mar/2016:11:43:49 -0300] "GET /cormun/servlet/solicitudot?UPD,2016,579, HTTP/1.1" 200 12654
186.103.240.224 - - [04/Mar/2016:11:43:51 -0300] "GET /cormun/servlet/solicitudot?UPD,2016,579, HTTP/1.1" 200 12641
186.103.240.224 - - [04/Mar/2016:11:43:52 -0300] "POST /cormun/servlet/solicitudot?gx-no-cache=1457102656145 HTTP/1.1" 200 2770
186.103.240.224 - - [04/Mar/2016:11:43:53 -0300] "POST /cormun/servlet/solicitudot?2df4b8ed7e6b7fcf9c02b1bf31371bd7,UPD,2016,579,,gx-no-cache=1457102656575 HTTP/1.1" 200 9092
186.103.240.224 - - [04/Mar/2016:11:43:53 -0300] "GET /cormun/servlet/solicitudot?0383bd634d5d781fc75668c38a471120f7de3cd6025f6402cc6a03d869cacdfbc14a4caf1e9e68aa3e21e8492bc47823,gx-no-cache=1457102657178 HTTP/1.1" 200 30
186.103.240.224 - - [04/Mar/2016:11:43:53 -0300] "POST /cormun/servlet/solicitudot?gx-no-cache=1457102657326 HTTP/1.1" 200 30
186.103.240.224 - - [04/Mar/2016:11:43:53 -0300] "POST /cormun/servlet/solicitudot?gx-no-cache=1457102657421 HTTP/1.1" 200 33
186.103.240.224 - - [04/Mar/2016:11:43:53 -0300] "POST /cormun/servlet/solicitudot?gx-no-cache=1457102657556 HTTP/1.1" 200 1157
186.103.240.224 - - [04/Mar/2016:11:43:53 -0300] "GET /cormun/servlet/solicitudot?0383bd634d5d781fc75668c38a471120fe724adf3f7cd186a7a26fff8e0b4458ec605b03747fe286ef8405051001641df766bfa748cfed51a2fe437dcd60c64d11d7debcaa4aa097d3bb4eecd7859ac4557ca1fbde44069b11620673e3e3f529561c5695bf4c027101ab7a574a8470b0c2caa446fcc2b08925d46e7ab30ad06692833914a20bac8c810db9d0097a2e65bbfd97f802b1e7a2fcfe332c85394d99,gx-no-cache=1457102657772 HTTP/1.1" 200 41
186.103.157.98 - - [04/Mar/2016:11:44:12 -0300] "POST /cormun/servlet/solicitudot?gx-no-cache=1457102701261 HTTP/1.1" 200 30
186.103.157.98 - - [04/Mar/2016:11:44:14 -0300] "POST /cormun/servlet/solicitudot?gx-no-cache=1457102703666 HTTP/1.1" 200 1158
186.103.157.98 - - [04/Mar/2016:11:44:14 -0300] "GET /cormun/servlet/solicitudot?770ffaf2b145718b361e7d2b5e0672f9560b9f627e73c8e942868581ff60f446cce13cf615f0a48a9ac9bd64314b85be6915f82af0efabd4cb3b712e9cc168ecd28ab8d7c7bf314daac715fa1a096eebb5582ab5f4cfd12ec4c3b731db9e7244630c67e6e5f6767a0eb591aed31f224e4d6713393accd429156e2c0b40685875fc18b58eb178674a8d044609ea027b3b,gx-no-cache=1457102703745 HTTP/1.1" 200 38
186.103.157.98 - - [04/Mar/2016:11:44:15 -0300] "GET /cormun/servlet/solicitudot?770ffaf2b145718b361e7d2b5e0672f94b373b3d33cb003efc0352d74a6f8bc153cd70180ba06c8cd93dbfad6e46c9bd36b522b791e8ee92088a3b74774d94a9424394b305cbe3591126bf3784a0f72159088d62944a8bab309c3bf320c3a9fd27955336c0f7d1b58c3f724ca9358cb2c2afb06440bd78c8c5a564e06efd2ddb717a8ff4b0de5d77b19829cdea295a8a1bbea4f226f7984ab9aed13186c85f6a,gx-no-cache=1457102703775 HTTP/1.1" 200 29
186.103.157.98 - - [04/Mar/2016:11:44:15 -0300] "POST /cormun/servlet/solicitudot?gx-no-cache=1457102703804 HTTP/1.1" 200 1116
192.168.10.98 - - [04/Mar/2016:11:44:17 -0300] "GET /cormun/servlet/hlogin HTTP/1.1" 200 1713
186.103.240.224 - - [04/Mar/2016:11:44:22 -0300] "POST /cormun/servlet/solicitudot?gx-no-cache=1457102686250 HTTP/1.1" 200 30
186.103.240.224 - - [04/Mar/2016:11:44:24 -0300] "GET /cormun/servlet/prcontratosol?13776741,,,,,MD,,gxPopupLevel%3D0%3B HTTP/1.1" 200 5742
186.103.240.224 - - [04/Mar/2016:11:44:29 -0300] "POST /cormun/servlet/solicitudot?gx-no-cache=1457102693276 HTTP/1.1" 200 1157
186.103.240.224 - - [04/Mar/2016:11:44:29 -0300] "GET /cormun/servlet/solicitudot?0383bd634d5d781fc75668c38a471120fe724adf3f7cd186a7a26fff8e0b4458ec605b03747fe286ef8405051001641df766bfa748cfed51a2fe437dcd60c64d11d7debcaa4aa097d3bb4eecd7859ac4557ca1fbde44069b11620673e3e3f529561c5695bf4c027101ab7a574a8470b0c2caa446fcc2b08925d46e7ab30ad06692833914a20bac8c810db9d0097a2e65bbfd97f802b1e7a2fcfe332c85394d99,gx-no-cache=1457102693481 HTTP/1.1" 200 41
186.103.240.224 - - [04/Mar/2016:11:44:29 -0300] "GET /cormun/servlet/solicitudot?0383bd634d5d781fc75668c38a47112053cddceca0e4607909df93baf6caa8b273c05d909fdcb38258c36e03bb981bab5f0fc168b5280d963069421e3ea310720e6061cc37be3acfaf6ae9505a44d8be68f272d30978f2112133b01dc2f5970659a5eb6122ef43d0eed6fa187079d0d60b614e8385cd6f5a707946eee8a9d4e636480ce8093723033266785a37fdc3c2ed693d4a623d3ec55391bf65bbb908bc673fa958d97d779320c7cb9a56fd784a447f3854ece035e26b56e8ed3af7e484420300e8a4b6afe6cbba917ea841f4d7,gx-no-cache=1457102693567 HTTP/1.1" 200 29
186.103.240.224 - - [04/Mar/2016:11:44:29 -0300] "POST /cormun/servlet/solicitudot?gx-no-cache=1457102693653 HTTP/1.1" 200 1115
186.103.240.224 - - [04/Mar/2016:11:44:34 -0300] "GET /cormun/static/menuarrow.gif HTTP/1.1" 404 1015
