186.78.35.158 - - [04/Mar/2016:15:10:55 -0300] "GET /cormun/servlet/solicitudot?UPD,2016,623, HTTP/1.1" 200 12651
186.78.35.158 - - [04/Mar/2016:15:10:56 -0300] "POST /cormun/servlet/solicitudot?gx-no-cache=1457115086330 HTTP/1.1" 200 2746
186.78.35.158 - - [04/Mar/2016:15:10:56 -0300] "POST /cormun/servlet/solicitudot?22b782bf92132c1459bcafc858837446,UPD,2016,623,,gx-no-cache=1457115086870 HTTP/1.1" 200 9076
186.78.35.158 - - [04/Mar/2016:15:10:56 -0300] "GET /cormun/servlet/solicitudot?fea096bfebb2fad1f18ca89b637ff5ba58a82dac7b8362c84408501463b9ddc570b6e3f71ab232c7a8bae9fa2792ff12,gx-no-cache=1457115087397 HTTP/1.1" 200 30
186.78.35.158 - - [04/Mar/2016:15:10:56 -0300] "POST /cormun/servlet/solicitudot?gx-no-cache=1457115087513 HTTP/1.1" 200 30
186.78.35.158 - - [04/Mar/2016:15:10:57 -0300] "POST /cormun/servlet/solicitudot?gx-no-cache=1457115087605 HTTP/1.1" 200 30
186.78.35.158 - - [04/Mar/2016:15:10:57 -0300] "POST /cormun/servlet/solicitudot?gx-no-cache=1457115087781 HTTP/1.1" 200 1157
186.78.35.158 - - [04/Mar/2016:15:10:57 -0300] "GET /cormun/servlet/solicitudot?fea096bfebb2fad1f18ca89b637ff5ba3af4a51a49c0565c10ca9062fd2f2f1a6da445b44cbdda84f8eea80b33dac38e9c098bec03199592a76a61885336fdebc093810a11dd628c2e29ee519c67fe221bc76956e4ebb4a4cb965dc2d327d99221b488f728f9971bb2b6cf97545e7031ed534b5d6d68ba7bc9c02e7322d272207baf2fa12cf86e761ae50685d9454ee2,gx-no-cache=1457115087993 HTTP/1.1" 200 38
201.239.193.253 - - [04/Mar/2016:15:10:58 -0300] "GET /cormun/servlet/solicitudot?98339377c4ffe271f757ea0f8944fd593b94af3e8a8147cde99327ef0a949f89a7bf4a9262eefcccf8c6183df55c93419efe756d7a7101a0f4b38ca0c48c771126d677ec7b62221a37b14a45d34982b745832a065ae09511d1c570b1e406eff842395e32c44d2379b03e163d658f4c5aac3edda843406ca18087dda70eb5d09b96d37c9332f6394f55aab15e37a85ecb28aca0d4d93a914f12e9e38c55ef9ff98ed31431984996a9292aae1a839b3f06,gx-no-cache=1457115079794 HTTP/1.1" 200 30
191.112.101.245 - - [04/Mar/2016:15:11:36 -0300] "GET /cormun/servlet/solicitudot?551e052ef25e2b1edfb692ac4537a52af847379b0daa4b31552da7a3986d59766d79a03241ec61878999b3e220652901042154dc14cafb8051f5443569dc0d026beef3177281571800ecfcb763529878f0b08f520839e9abd87c671a3e95b5c67fd61756bd24dd20e3ea02499b66dd2f,gx-no-cache=1457115121499 HTTP/1.1" 200 29
191.112.101.245 - - [04/Mar/2016:15:11:37 -0300] "POST /cormun/servlet/solicitudot?gx-no-cache=1457115122943 HTTP/1.1" 200 1116
192.168.10.98 - - [04/Mar/2016:15:11:44 -0300] "POST /cormun/servlet/trsolicitudgral?7b8bf2c3e27eb7aaa6805823a248f9fb,,gx-no-cache=1457114856617 HTTP/1.1" 200 6224
192.168.10.98 - - [04/Mar/2016:15:11:45 -0300] "GET /cormun/servlet/trsolicitudgral?4f3b6b7e29929189945e5d8fc5d375ac1a97ed1bf8a3eb9273111f4b7941ef8a3e643e0436fb998d4e2440407b4c81a12a3a0afad046d17b3eee69fec0f188fdf4d40d4fe24bacf6c719385f7781b5640ea4643872d712ae070fc615e185c1c0,gx-no-cache=1457114857029 HTTP/1.1" 200 2577
201.239.193.253 - - [04/Mar/2016:15:11:53 -0300] "POST /cormun/servlet/solicitudot?21fb7234443c031564ea3aa53449426d,INS,0,0,,gx-no-cache=1457115134585 HTTP/1.1" 200 93
201.239.193.253 - - [04/Mar/2016:15:11:53 -0300] "GET /cormun/servlet/hpexe_return? HTTP/1.1" 200 1012
201.239.193.253 - - [04/Mar/2016:15:11:53 -0300] "GET /cormun/static/gxcfg.js?2015111312145050 HTTP/1.1" 200 953
201.239.193.253 - - [04/Mar/2016:15:11:53 -0300] "GET /cormun/static/hpexe_return.js?2015111312145056 HTTP/1.1" 200 1633
201.239.193.253 - - [04/Mar/2016:15:11:54 -0300] "GET /cormun/static/Resources/Spanish/PXTools.css?12112540 HTTP/1.1" 200 89042
201.239.193.253 - - [04/Mar/2016:15:11:54 -0300] "GET /cormun/servlet/hhome HTTP/1.1" 200 3441
201.239.193.253 - - [04/Mar/2016:15:11:55 -0300] "GET /cormun/servlet/hhome HTTP/1.1" 200 3435
192.168.10.98 - - [04/Mar/2016:15:11:57 -0300] "POST /cormun/servlet/trsolicitudgral?7b8bf2c3e27eb7aaa6805823a248f9fb,,gx-no-cache=1457114869719 HTTP/1.1" 200 4471
192.168.10.98 - - [04/Mar/2016:15:11:58 -0300] "GET /cormun/servlet/trsolicitudgral?4f3b6b7e29929189945e5d8fc5d375ac839528c15eecad2505fed72ad65f0bd62ff884c198ad3808e066a9750cb529012a3a0afad046d17b3eee69fec0f188fdf4d40d4fe24bacf6c719385f7781b5640ea4643872d712ae070fc615e185c1c0,gx-no-cache=1457114870127 HTTP/1.1" 200 636
192.168.10.98 - - [04/Mar/2016:15:12:00 -0300] "POST /cormun/servlet/trsolicitudgral?7b8bf2c3e27eb7aaa6805823a248f9fb,,gx-no-cache=1457114872413 HTTP/1.1" 200 4472
192.168.10.98 - - [04/Mar/2016:15:12:00 -0300] "GET /cormun/servlet/trsolicitudgral?4f3b6b7e29929189945e5d8fc5d375ac017f80fbedb522626e2e901f32dca2aa3e643e0436fb998d4e2440407b4c81a12a3a0afad046d17b3eee69fec0f188fdf4d40d4fe24bacf6c719385f7781b5640ea4643872d712ae070fc615e185c1c0,gx-no-cache=1457114872821 HTTP/1.1" 200 636
192.168.10.98 - - [04/Mar/2016:15:12:02 -0300] "POST /cormun/servlet/trsolicitudgral?7b8bf2c3e27eb7aaa6805823a248f9fb,,gx-no-cache=1457114874615 HTTP/1.1" 200 4472
192.168.10.98 - - [04/Mar/2016:15:12:03 -0300] "GET /cormun/servlet/trsolicitudgral?4f3b6b7e29929189945e5d8fc5d375ac4befcd39f98460c181550b3e67ac0fc33e643e0436fb998d4e2440407b4c81a12a3a0afad046d17b3eee69fec0f188fdf4d40d4fe24bacf6c719385f7781b5640ea4643872d712ae070fc615e185c1c0,gx-no-cache=1457114875022 HTTP/1.1" 200 636
201.239.193.253 - - [04/Mar/2016:15:12:04 -0300] "GET /cormun/servlet/trsolicitudot? HTTP/1.1" 200 7512
201.239.193.253 - - [04/Mar/2016:15:12:05 -0300] "GET /cormun/servlet/trsolicitudot? HTTP/1.1" 200 7511
201.239.193.253 - - [04/Mar/2016:15:12:05 -0300] "GET /cormun//static/Resources/PXToolsActionView.png HTTP/1.1" 200 2995
201.239.193.253 - - [04/Mar/2016:15:12:05 -0300] "GET /cormun//static/Resources/PXToolsGridUpdate.png HTTP/1.1" 200 2984
192.168.10.98 - - [04/Mar/2016:15:12:05 -0300] "POST /cormun/servlet/trsolicitudgral?7b8bf2c3e27eb7aaa6805823a248f9fb,,gx-no-cache=1457114877221 HTTP/1.1" 200 4473
201.239.193.253 - - [04/Mar/2016:15:12:05 -0300] "GET /cormun//static/Resources/PXToolsGridDelete.png HTTP/1.1" 200 357
201.239.193.253 - - [04/Mar/2016:15:12:05 -0300] "GET /cormun//static/Resources/PXToolsRemoveAllAction.png HTTP/1.1" 200 3558
201.239.193.253 - - [04/Mar/2016:15:12:05 -0300] "GET /cormun//static/Resources/PXTools/ActionInsert.png HTTP/1.1" 200 1482
192.168.10.98 - - [04/Mar/2016:15:12:05 -0300] "GET /cormun/servlet/trsolicitudgral?4f3b6b7e29929189945e5d8fc5d375ac06a795e1f533d374269cd15339862f723e643e0436fb998d4e2440407b4c81a12a3a0afad046d17b3eee69fec0f188fdf4d40d4fe24bacf6c719385f7781b5640ea4643872d712ae070fc615e185c1c0,gx-no-cache=1457114877626 HTTP/1.1" 200 639
192.168.10.98 - - [04/Mar/2016:15:12:07 -0300] "POST /cormun/servlet/trsolicitudgral?7b8bf2c3e27eb7aaa6805823a248f9fb,,gx-no-cache=1457114879035 HTTP/1.1" 200 4475
186.103.159.204 - - [04/Mar/2016:15:12:07 -0300] "POST /cormun/servlet/trsolicitudot?111494f600d2a608ac4de706bf872a4b,,gx-no-cache=1457115149299 HTTP/1.1" 200 105
186.103.159.204 - - [04/Mar/2016:15:12:07 -0300] "GET /cormun/servlet/trsolicitudadjuntos?2016,440, HTTP/1.1" 200 5430
186.103.159.204 - - [04/Mar/2016:15:12:07 -0300] "GET /cormun/static/Resources/Spanish/PXTools.css?171692 HTTP/1.1" 304 -
186.103.159.204 - - [04/Mar/2016:15:12:07 -0300] "GET /cormun/static/gxcfg.js?2016311731090 HTTP/1.1" 304 -
192.168.10.98 - - [04/Mar/2016:15:12:07 -0300] "GET /cormun/servlet/trsolicitudgral?4f3b6b7e29929189945e5d8fc5d375ac4906503eac6112ad7ca67683b80cbe6c3e643e0436fb998d4e2440407b4c81a12a3a0afad046d17b3eee69fec0f188fdf4d40d4fe24bacf6c719385f7781b5640ea4643872d712ae070fc615e185c1c0,gx-no-cache=1457114879448 HTTP/1.1" 200 638
186.103.159.204 - - [04/Mar/2016:15:12:07 -0300] "GET /cormun/static/trsolicitudadjuntos.js?2016311731342 HTTP/1.1" 304 -
186.103.159.204 - - [04/Mar/2016:15:12:08 -0300] "GET /cormun/servlet/trsolicitudadjuntos?2016,440, HTTP/1.1" 200 5430
192.168.10.98 - - [04/Mar/2016:15:12:08 -0300] "POST /cormun/servlet/trsolicitudgral?7b8bf2c3e27eb7aaa6805823a248f9fb,,gx-no-cache=1457114880870 HTTP/1.1" 200 4474
192.168.10.98 - - [04/Mar/2016:15:12:09 -0300] "GET /cormun/servlet/trsolicitudgral?4f3b6b7e29929189945e5d8fc5d375acfdaa27735a41b5cc7dc71498978b69703e643e0436fb998d4e2440407b4c81a12a3a0afad046d17b3eee69fec0f188fdf4d40d4fe24bacf6c719385f7781b5640ea4643872d712ae070fc615e185c1c0,gx-no-cache=1457114881277 HTTP/1.1" 200 637
192.168.10.98 - - [04/Mar/2016:15:12:12 -0300] "POST /cormun/servlet/trsolicitudgral?7b8bf2c3e27eb7aaa6805823a248f9fb,,gx-no-cache=1457114884075 HTTP/1.1" 200 6224
192.168.10.98 - - [04/Mar/2016:15:12:12 -0300] "GET /cormun/servlet/trsolicitudgral?4f3b6b7e29929189945e5d8fc5d375ac1a97ed1bf8a3eb9273111f4b7941ef8a3e643e0436fb998d4e2440407b4c81a12a3a0afad046d17b3eee69fec0f188fdf4d40d4fe24bacf6c719385f7781b5640ea4643872d712ae070fc615e185c1c0,gx-no-cache=1457114884602 HTTP/1.1" 200 2577
201.239.193.253 - - [04/Mar/2016:15:12:12 -0300] "POST /cormun/servlet/trsolicitudot?21fb7234443c031564ea3aa53449426d,,gx-no-cache=1457115153572 HTTP/1.1" 200 4950
201.239.193.253 - - [04/Mar/2016:15:12:12 -0300] "POST /cormun/servlet/trsolicitudot?21fb7234443c031564ea3aa53449426d,,gx-no-cache=1457115153830 HTTP/1.1" 200 4951
201.239.193.253 - - [04/Mar/2016:15:12:13 -0300] "POST /cormun/servlet/trsolicitudot?21fb7234443c031564ea3aa53449426d,,gx-no-cache=1457115154031 HTTP/1.1" 200 4950
186.103.159.204 - - [04/Mar/2016:15:12:13 -0300] "GET /cormun/servlet/solicitudotadjuntos?INS,2016,440,,1, HTTP/1.1" 200 5519
186.103.159.204 - - [04/Mar/2016:15:12:13 -0300] "GET /cormun/static/solicitudotadjuntos.js?2016311984068 HTTP/1.1" 200 11762
186.103.159.204 - - [04/Mar/2016:15:12:13 -0300] "GET /cormun/static/gxcfg.js?2016311984045 HTTP/1.1" 200 953
201.239.193.253 - - [04/Mar/2016:15:12:13 -0300] "POST /cormun/servlet/trsolicitudot?21fb7234443c031564ea3aa53449426d,,gx-no-cache=1457115154220 HTTP/1.1" 200 4951
201.239.193.253 - - [04/Mar/2016:15:12:13 -0300] "POST /cormun/servlet/trsolicitudot?21fb7234443c031564ea3aa53449426d,,gx-no-cache=1457115154423 HTTP/1.1" 200 4951
201.239.193.253 - - [04/Mar/2016:15:12:13 -0300] "POST /cormun/servlet/trsolicitudot?21fb7234443c031564ea3aa53449426d,,gx-no-cache=1457115154619 HTTP/1.1" 200 4951
186.103.159.204 - - [04/Mar/2016:15:12:13 -0300] "GET /cormun/static/about:blank HTTP/1.1" 404 1011
201.239.193.253 - - [04/Mar/2016:15:12:13 -0300] "POST /cormun/servlet/trsolicitudot?21fb7234443c031564ea3aa53449426d,,gx-no-cache=1457115154816 HTTP/1.1" 200 4950
186.103.159.204 - - [04/Mar/2016:15:12:13 -0300] "GET /cormun/servlet/solicitudotadjuntos?INS,2016,440,,1, HTTP/1.1" 200 5513
201.239.193.253 - - [04/Mar/2016:15:12:14 -0300] "POST /cormun/servlet/trsolicitudot?21fb7234443c031564ea3aa53449426d,,gx-no-cache=1457115155047 HTTP/1.1" 200 3649
201.239.193.253 - - [04/Mar/2016:15:12:14 -0300] "GET /cormun/static/Shared/jqueryui/images/ui-bg_highlight-soft_100_c6c2c8_1x100.png HTTP/1.1" 404 1117
201.239.193.253 - - [04/Mar/2016:15:12:14 -0300] "GET /cormun/static/Shared/jqueryui/images/ui-icons_82798d_256x240.png HTTP/1.1" 404 1089
201.239.193.253 - - [04/Mar/2016:15:12:14 -0300] "GET /cormun/static/Shared/jqueryui/images/ui-bg_flat_55_fafafa_40x100.png HTTP/1.1" 404 1097
201.239.193.253 - - [04/Mar/2016:15:12:14 -0300] "GET /cormun/static/Shared/jqueryui/images/ui-icons_8d78a5_256x240.png HTTP/1.1" 404 1089
186.103.159.204 - - [04/Mar/2016:15:12:14 -0300] "GET /cormun/servlet/solicitudotadjuntos?4125bd16977596057cfb4ea40890986be123563df1c5290f46beb7470e9ee4cc0b5b53913b049fb6c1e2f1cd1e4e95b6,gx-no-cache=1457115156581 HTTP/1.1" 200 30
186.103.159.204 - - [04/Mar/2016:15:12:14 -0300] "POST /cormun/servlet/solicitudotadjuntos?111494f600d2a608ac4de706bf872a4b,INS,2016,440,,1,,gx-no-cache=1457115156611 HTTP/1.1" 200 3345
201.239.193.253 - - [04/Mar/2016:15:12:14 -0300] "POST /cormun/servlet/trsolicitudot?21fb7234443c031564ea3aa53449426d,,gx-no-cache=1457115155322 HTTP/1.1" 200 3486
186.103.159.204 - - [04/Mar/2016:15:12:23 -0300] "POST /cormun/servlet/solicitudotadjuntos?gx-no-cache=1457115165528 HTTP/1.1" 200 26
186.103.159.46 - - [04/Mar/2016:15:12:35 -0300] "GET /cormun/servlet/hlogin HTTP/1.1" 200 1705
186.103.159.46 - - [04/Mar/2016:15:12:35 -0300] "GET /cormun/static/gxtimezone.js?85251 HTTP/1.1" 304 -
186.103.159.46 - - [04/Mar/2016:15:12:35 -0300] "GET /cormun/static/Resources/Spanish/PXTools.css?005343 HTTP/1.1" 200 89042
186.103.159.46 - - [04/Mar/2016:15:12:35 -0300] "GET /cormun/static/gxgral.js?85251 HTTP/1.1" 304 -
186.103.159.46 - - [04/Mar/2016:15:12:35 -0300] "GET /cormun/static/gxcfg.js?20151120045111 HTTP/1.1" 200 953
186.103.159.46 - - [04/Mar/2016:15:12:35 -0300] "GET /cormun/static/hlogin.js?20151120045126 HTTP/1.1" 200 2136
186.103.159.46 - - [04/Mar/2016:15:12:36 -0300] "GET /cormun/static/messages.spa.js?85251 HTTP/1.1" 200 30736
186.103.159.46 - - [04/Mar/2016:15:12:36 -0300] "GET /cormun/static/Resources/ComunLogin.png HTTP/1.1" 304 -
186.103.159.46 - - [04/Mar/2016:15:12:36 -0300] "GET /cormun/static/Resources/PXToolsLoginTop.png HTTP/1.1" 304 -
186.103.159.46 - - [04/Mar/2016:15:12:36 -0300] "GET /cormun/static/Resources/PXToolsLoginBackground.png HTTP/1.1" 304 -
186.103.159.46 - - [04/Mar/2016:15:12:36 -0300] "GET /cormun/static/Resources/PXToolsButtonRight21.png HTTP/1.1" 304 -
186.103.159.46 - - [04/Mar/2016:15:12:36 -0300] "GET /cormun/static/Resources/PXToolsButtonBackground2.png HTTP/1.1" 304 -
186.103.159.46 - - [04/Mar/2016:15:12:36 -0300] "GET /cormun/static/Resources/PXToolsButtonLeft21.png HTTP/1.1" 304 -
186.103.159.46 - - [04/Mar/2016:15:12:36 -0300] "GET /cormun/static/Resources/PXToolsLoginBottom.png HTTP/1.1" 304 -
186.103.159.46 - - [04/Mar/2016:15:12:36 -0300] "GET /cormun/servlet/hlogin HTTP/1.1" 200 1705
186.103.159.46 - - [04/Mar/2016:15:12:36 -0300] "GET /cormun/static/Resources/indicator.gif HTTP/1.1" 304 -
186.103.159.46 - - [04/Mar/2016:15:13:25 -0300] "POST /cormun/servlet/hlogin?e33a52cc57a1e7ce57880b0923df4273,gx-no-cache=1457115230220 HTTP/1.1" 200 414
201.239.193.253 - - [04/Mar/2016:15:13:44 -0300] "GET /cormun/servlet/solicitudot?INS,0,0, HTTP/1.1" 200 11459
201.239.193.253 - - [04/Mar/2016:15:13:45 -0300] "GET /cormun/servlet/solicitudot?INS,0,0, HTTP/1.1" 200 11464
186.103.159.46 - - [04/Mar/2016:15:13:46 -0300] "POST /cormun/servlet/hlogin?e33a52cc57a1e7ce57880b0923df4273,gx-no-cache=1457115250985 HTTP/1.1" 200 90
186.103.159.46 - - [04/Mar/2016:15:13:46 -0300] "GET /cormun/servlet/hpexe_link HTTP/1.1" 200 939
186.103.159.46 - - [04/Mar/2016:15:13:46 -0300] "GET /cormun/static/gxcfg.js?20151120044395 HTTP/1.1" 200 953
186.103.159.46 - - [04/Mar/2016:15:13:46 -0300] "GET /cormun/static/hpexe_link.js?20151120044398 HTTP/1.1" 200 625
186.103.159.46 - - [04/Mar/2016:15:13:46 -0300] "GET /cormun/servlet/hhome HTTP/1.1" 200 3413
186.103.159.46 - - [04/Mar/2016:15:13:46 -0300] "GET /cormun/static/Shared/jqueryui/jquery-ui.min.css?1345370 HTTP/1.1" 304 -
186.103.159.46 - - [04/Mar/2016:15:13:46 -0300] "GET /cormun/static/SmoothNavMenu/resources/ddsmoothmenu.css?1112540 HTTP/1.1" 304 -
186.103.159.46 - - [04/Mar/2016:15:13:46 -0300] "GET /cormun/static/SmoothNavMenu/resources/ddsmoothmenu-v.css?1112540 HTTP/1.1" 304 -
186.103.159.46 - - [04/Mar/2016:15:13:47 -0300] "GET /cormun/static/scaMessage/css/jquery.pnotify.default.css?1816380 HTTP/1.1" 304 -
186.103.159.46 - - [04/Mar/2016:15:13:47 -0300] "GET /cormun/static/Resources/Spanish/PXTools.css?10515224 HTTP/1.1" 200 89042
186.103.159.46 - - [04/Mar/2016:15:13:47 -0300] "GET /cormun/static/PXToolsJavascripts/pexe_autoreload.js HTTP/1.1" 304 -
186.103.159.46 - - [04/Mar/2016:15:13:47 -0300] "GET /cormun/static/gxcfg.js?2015112210564248 HTTP/1.1" 200 953
186.103.159.46 - - [04/Mar/2016:15:13:47 -0300] "GET /cormun/static/PXToolsJavascripts/pexe_cookies.js HTTP/1.1" 304 -
186.103.159.46 - - [04/Mar/2016:15:13:47 -0300] "GET /cormun/static/PXToolsJavascripts/pexe_windows.js HTTP/1.1" 304 -
186.103.159.46 - - [04/Mar/2016:15:13:47 -0300] "GET /cormun/static/PXToolsJavascripts/pexe_grid.js HTTP/1.1" 304 -
186.103.159.46 - - [04/Mar/2016:15:13:47 -0300] "GET /cormun/static/PXToolsJavascripts/pexe_griddivfix.js HTTP/1.1" 304 -
186.103.159.46 - - [04/Mar/2016:15:13:47 -0300] "GET /cormun/static/PXToolsJavascripts/pexe_link.js HTTP/1.1" 304 -
186.103.159.46 - - [04/Mar/2016:15:13:47 -0300] "GET /cormun/static/PXToolsJavascripts/pexe_menudivfix.js HTTP/1.1" 304 -
186.103.159.46 - - [04/Mar/2016:15:13:47 -0300] "GET /cormun/static/PXToolsJavascripts/pexe_menus.js HTTP/1.1" 304 -
186.103.159.46 - - [04/Mar/2016:15:13:47 -0300] "GET /cormun/static/PXToolsJavascripts/pexe_layers.js HTTP/1.1" 304 -
186.103.159.46 - - [04/Mar/2016:15:13:47 -0300] "GET /cormun/static/PXToolsJavascripts/pexe_oav.js HTTP/1.1" 304 -
186.103.159.46 - - [04/Mar/2016:15:13:47 -0300] "GET /cormun/static/PXToolsJavascripts/pexe_oavdivfix.js HTTP/1.1" 304 -
186.103.159.46 - - [04/Mar/2016:15:13:47 -0300] "GET /cormun/static/PXToolsJavascripts/pexe_picture.js HTTP/1.1" 304 -
186.103.159.46 - - [04/Mar/2016:15:13:47 -0300] "GET /cormun/static/PXToolsJavascripts/pexe_popup.js HTTP/1.1" 304 -
186.103.159.46 - - [04/Mar/2016:15:13:47 -0300] "GET /cormun/static/PXToolsJavascripts/pexe_scrolldiv.js HTTP/1.1" 304 -
186.103.159.46 - - [04/Mar/2016:15:13:47 -0300] "GET /cormun/static/PXToolsJavascripts/pexe_tabdivfix.js HTTP/1.1" 304 -
186.103.159.46 - - [04/Mar/2016:15:13:47 -0300] "GET /cormun/static/PXToolsJavascripts/pexe_tabs.js HTTP/1.1" 304 -
186.103.159.46 - - [04/Mar/2016:15:13:47 -0300] "GET /cormun/static/PXToolsJavascripts/pexe_upload.js HTTP/1.1" 304 -
186.103.159.46 - - [04/Mar/2016:15:13:47 -0300] "GET /cormun/static/PXToolsJavascripts/PXToolsJavascriptsRender.js HTTP/1.1" 304 -
186.103.159.46 - - [04/Mar/2016:15:13:47 -0300] "GET /cormun/static/RunJS/RunJS.js HTTP/1.1" 304 -
186.103.159.46 - - [04/Mar/2016:15:13:47 -0300] "GET /cormun/static/Shared/ext/ext-all.js HTTP/1.1" 304 -
186.103.159.46 - - [04/Mar/2016:15:13:47 -0300] "GET /cormun/static/gxui/gxui-all.js HTTP/1.1" 304 -
186.103.159.46 - - [04/Mar/2016:15:13:47 -0300] "GET /cormun/static/Shared/ext/locale/ext-lang-en.js HTTP/1.1" 304 -
186.103.159.46 - - [04/Mar/2016:15:13:47 -0300] "GET /cormun/static/hwchdr01.js?20162241650484 HTTP/1.1" 200 1183
186.103.159.46 - - [04/Mar/2016:15:13:47 -0300] "GET /cormun/static/hhome.js?2015112210564255 HTTP/1.1" 200 777
186.103.159.46 - - [04/Mar/2016:15:13:47 -0300] "GET /cormun/static/hpexe_recentlink.js?2015111312121342 HTTP/1.1" 200 2144
186.103.159.46 - - [04/Mar/2016:15:13:47 -0300] "GET /cormun/static/hpexe_scripts.js?20151120014546 HTTP/1.1" 200 1544
186.103.159.46 - - [04/Mar/2016:15:13:47 -0300] "GET /cormun/static/hpexe_messagecontroller.js?2015112210524422 HTTP/1.1" 200 870
186.103.159.46 - - [04/Mar/2016:15:13:47 -0300] "GET /cormun/static/hpexe_messagepopupcomponent.js?20163219454551 HTTP/1.1" 200 605
186.103.159.46 - - [04/Mar/2016:15:13:47 -0300] "GET /cormun/static/hpexe_messagegenexuscomponent.js?20151120014314 HTTP/1.1" 200 587
186.103.159.46 - - [04/Mar/2016:15:13:47 -0300] "GET /cormun/static/cmcontrolpreferences.js?20151120014525 HTTP/1.1" 200 1375
186.103.159.46 - - [04/Mar/2016:15:13:47 -0300] "GET /cormun/static/Shared/jquery/jquery-1.4.2.min.js HTTP/1.1" 304 -
186.103.159.46 - - [04/Mar/2016:15:13:47 -0300] "GET /cormun/static/Shared/jquery/jquery-1.10.2.min.js HTTP/1.1" 304 -
186.103.159.46 - - [04/Mar/2016:15:13:48 -0300] "GET /cormun/static/Shared/jqueryui/jquery-ui.min.js HTTP/1.1" 304 -
186.103.159.46 - - [04/Mar/2016:15:13:48 -0300] "GET /cormun/static/SmoothNavMenu/resources/ddsmoothmenu.js HTTP/1.1" 304 -
186.103.159.46 - - [04/Mar/2016:15:13:48 -0300] "GET /cormun/static/SmoothNavMenu/resources/SmoothNavMenuRender.js HTTP/1.1" 304 -
186.103.159.46 - - [04/Mar/2016:15:13:48 -0300] "GET /cormun/static/scaMessage/js/jquery.pnotify.min.js HTTP/1.1" 304 -
186.103.159.46 - - [04/Mar/2016:15:13:48 -0300] "GET /cormun/static/hmpwkw03.js?2016311993330 HTTP/1.1" 200 3898
186.103.159.46 - - [04/Mar/2016:15:13:48 -0300] "GET /cormun/static/scaMessage/scaMessageRender.js HTTP/1.1" 304 -
186.103.159.46 - - [04/Mar/2016:15:13:48 -0300] "GET /cormun/static/Resources/logo4.png HTTP/1.1" 304 -
186.103.159.46 - - [04/Mar/2016:15:13:48 -0300] "GET /cormun/static/Resources/PXToolsHeaderActionsLeft.png HTTP/1.1" 304 -
186.103.159.46 - - [04/Mar/2016:15:13:48 -0300] "GET /cormun/static/Resources/PXToolsFooterBackground2.png HTTP/1.1" 304 -
186.103.159.46 - - [04/Mar/2016:15:13:48 -0300] "GET /cormun/static/Resources/PXToolsHeaderHome.png HTTP/1.1" 304 -
186.103.159.46 - - [04/Mar/2016:15:13:48 -0300] "GET /cormun/static/Resources/PXToolsHeaderBackground2.png HTTP/1.1" 304 -
186.103.159.46 - - [04/Mar/2016:15:13:48 -0300] "GET /cormun/static/Resources/PXToolsHeaderLogin.png HTTP/1.1" 304 -
186.103.159.46 - - [04/Mar/2016:15:13:48 -0300] "GET /cormun/static/Resources/PXToolsHeaderActionsBackground.png HTTP/1.1" 304 -
186.103.159.46 - - [04/Mar/2016:15:13:48 -0300] "GET /cormun/static/Resources/PXToolsHeaderPreferences.png HTTP/1.1" 304 -
186.103.159.46 - - [04/Mar/2016:15:13:48 -0300] "GET /cormun/static/Resources/PXToolsHeaderSecurity.png HTTP/1.1" 304 -
186.103.159.46 - - [04/Mar/2016:15:13:48 -0300] "GET /cormun/static/Resources/PXToolsHeaderActionsRight.png HTTP/1.1" 304 -
186.103.159.46 - - [04/Mar/2016:15:13:48 -0300] "GET /cormun/static/Resources/PXToolsDataTitle.png HTTP/1.1" 304 -
186.103.159.46 - - [04/Mar/2016:15:13:49 -0300] "GET /cormun/static/SmoothNavMenu/resources/images/down.gif HTTP/1.1" 304 -
191.112.101.245 - - [04/Mar/2016:15:13:51 -0300] "GET /cormun/static/menuarrow.gif HTTP/1.1" 404 1015
192.168.10.89 - - [04/Mar/2016:15:14:47 -0300] "POST /cormun/servlet/hlogin?8df922cf9aa322126929eb9da4b4032a,gx-no-cache=1457115039735 HTTP/1.1" 200 441
192.168.10.89 - - [04/Mar/2016:15:14:53 -0300] "POST /cormun/servlet/hlogin?8df922cf9aa322126929eb9da4b4032a,gx-no-cache=1457115045640 HTTP/1.1" 200 90
192.168.10.89 - - [04/Mar/2016:15:14:53 -0300] "GET /cormun/servlet/hpexe_link HTTP/1.1" 200 950
192.168.10.89 - - [04/Mar/2016:15:14:53 -0300] "GET /cormun/servlet/hhome HTTP/1.1" 200 3415
192.168.10.89 - - [04/Mar/2016:15:14:56 -0300] "GET /cormun/servlet/trsolicitudot? HTTP/1.1" 200 6176
192.168.10.89 - - [04/Mar/2016:15:14:56 -0300] "GET /cormun/static/Resources/PXTools/calendar.png HTTP/1.1" 304 -
192.168.10.89 - - [04/Mar/2016:15:14:59 -0300] "GET /cormun/static/menuarrow.gif HTTP/1.1" 404 1015
192.168.10.89 - - [04/Mar/2016:15:15:02 -0300] "POST /cormun/servlet/trsolicitudot?8df922cf9aa322126929eb9da4b4032a,,gx-no-cache=1457115054219 HTTP/1.1" 200 4968
192.168.10.89 - - [04/Mar/2016:15:15:02 -0300] "GET /cormun//static/Resources/PXTools/ActionInsert.png HTTP/1.1" 304 -
192.168.10.89 - - [04/Mar/2016:15:15:02 -0300] "POST /cormun/servlet/trsolicitudot?8df922cf9aa322126929eb9da4b4032a,,gx-no-cache=1457115054513 HTTP/1.1" 200 4968
192.168.10.89 - - [04/Mar/2016:15:15:02 -0300] "POST /cormun/servlet/trsolicitudot?8df922cf9aa322126929eb9da4b4032a,,gx-no-cache=1457115054778 HTTP/1.1" 200 4968
192.168.10.89 - - [04/Mar/2016:15:15:03 -0300] "POST /cormun/servlet/trsolicitudot?8df922cf9aa322126929eb9da4b4032a,,gx-no-cache=1457115055117 HTTP/1.1" 200 4968
192.168.10.89 - - [04/Mar/2016:15:15:03 -0300] "POST /cormun/servlet/trsolicitudot?8df922cf9aa322126929eb9da4b4032a,,gx-no-cache=1457115055513 HTTP/1.1" 200 4968
191.112.101.245 - - [04/Mar/2016:15:15:03 -0300] "GET /cormun/servlet/solicitudot?551e052ef25e2b1edfb692ac4537a52a5d557a4a60d6548418b1da5eef7c370b54fd79ee39594679946639366120da7d0f04c411afe0954152205fdc6610e48cecf473fe6f89f64aa90c1bad6614d0bf95c4c232b518a21926de6a72a1c8f3aed79d855b7c68549b3a710926a8fa9b61262ac1073f2ae4694eb7cb656b3fb8ebcf055ba29b35c7fc19810761c33fcb18f36a29cee720b4c0e7f883ca251a2d79493d266269d6b956377cd207f55447a3,gx-no-cache=1457115329287 HTTP/1.1" 200 30
192.168.10.89 - - [04/Mar/2016:15:15:04 -0300] "POST /cormun/servlet/trsolicitudot?8df922cf9aa322126929eb9da4b4032a,,gx-no-cache=1457115055943 HTTP/1.1" 200 4968
192.168.10.89 - - [04/Mar/2016:15:15:04 -0300] "POST /cormun/servlet/trsolicitudot?8df922cf9aa322126929eb9da4b4032a,,gx-no-cache=1457115056423 HTTP/1.1" 200 4968
192.168.10.89 - - [04/Mar/2016:15:15:07 -0300] "POST /cormun/servlet/trsolicitudot?8df922cf9aa322126929eb9da4b4032a,,gx-no-cache=1457115056941 HTTP/1.1" 200 4968
192.168.10.89 - - [04/Mar/2016:15:15:12 -0300] "POST /cormun/servlet/trsolicitudot?8df922cf9aa322126929eb9da4b4032a,,gx-no-cache=1457115064619 HTTP/1.1" 200 5225
192.168.10.89 - - [04/Mar/2016:15:15:13 -0300] "GET /cormun/servlet/trsolicitudot?f8e3642ec2c97568667841021a36070511d20e721411cabf4c417d9b3a617f29cb2ea4698a7e923b39ce8d881d9c2e5c4e091283edd3b89b71e6758cb3e43a6b35ca8207ce6e814e4ead80278f6dc32aac6572cbae8c2374809c5208fc6c4e04d89e4f037cb96a7b6fdc51a72a26d922be1c62aed9a7f4eaacad36df850b1085,gx-no-cache=1457115065324 HTTP/1.1" 200 2564
192.168.10.89 - - [04/Mar/2016:15:15:15 -0300] "POST /cormun/servlet/trsolicitudot?8df922cf9aa322126929eb9da4b4032a,,gx-no-cache=1457115067486 HTTP/1.1" 200 5226
192.168.10.89 - - [04/Mar/2016:15:15:16 -0300] "POST /cormun/servlet/trsolicitudot?8df922cf9aa322126929eb9da4b4032a,,gx-no-cache=1457115068284 HTTP/1.1" 200 5225
192.168.10.89 - - [04/Mar/2016:15:15:17 -0300] "POST /cormun/servlet/trsolicitudot?8df922cf9aa322126929eb9da4b4032a,,gx-no-cache=1457115069116 HTTP/1.1" 200 5224
191.112.101.245 - - [04/Mar/2016:15:15:17 -0300] "POST /cormun/servlet/solicitudot?1610635b04b7717fa2104f036d8860ae,INS,0,0,,gx-no-cache=1457115342822 HTTP/1.1" 200 93
191.112.101.245 - - [04/Mar/2016:15:15:17 -0300] "GET /cormun/servlet/hpexe_return? HTTP/1.1" 200 1009
191.112.101.245 - - [04/Mar/2016:15:15:18 -0300] "GET /cormun/servlet/trsolicitudot HTTP/1.1" 200 7402
192.168.10.89 - - [04/Mar/2016:15:15:19 -0300] "POST /cormun/servlet/trsolicitudot?8df922cf9aa322126929eb9da4b4032a,,gx-no-cache=1457115070018 HTTP/1.1" 200 5224
191.112.101.245 - - [04/Mar/2016:15:15:21 -0300] "GET /cormun/servlet/trsolicitudot HTTP/1.1" 200 7399
192.168.10.89 - - [04/Mar/2016:15:15:24 -0300] "POST /cormun/servlet/trsolicitudot?8df922cf9aa322126929eb9da4b4032a,,gx-no-cache=1457115076071 HTTP/1.1" 200 3486
192.168.10.89 - - [04/Mar/2016:15:15:24 -0300] "GET /cormun/servlet/trsolicitudot?f8e3642ec2c97568667841021a360705c1f75656209252a5c2284e9a6e62eb8be6d5deb951520ea52b1eb24e963deb16835baebe6a98534f20b6c8775b72188e35ca8207ce6e814e4ead80278f6dc32a77950871470de7298d718ff5c6ca8221,gx-no-cache=1457115076942 HTTP/1.1" 200 781
192.168.10.89 - - [04/Mar/2016:15:15:26 -0300] "POST /cormun/servlet/trsolicitudot?8df922cf9aa322126929eb9da4b4032a,,gx-no-cache=1457115078305 HTTP/1.1" 200 3485
192.168.10.89 - - [04/Mar/2016:15:15:27 -0300] "POST /cormun/servlet/trsolicitudot?8df922cf9aa322126929eb9da4b4032a,,gx-no-cache=1457115079129 HTTP/1.1" 200 3486
192.168.10.89 - - [04/Mar/2016:15:15:28 -0300] "POST /cormun/servlet/trsolicitudot?8df922cf9aa322126929eb9da4b4032a,,gx-no-cache=1457115080038 HTTP/1.1" 200 3485
192.168.10.89 - - [04/Mar/2016:15:15:33 -0300] "POST /cormun/servlet/trsolicitudot?8df922cf9aa322126929eb9da4b4032a,,gx-no-cache=1457115080975 HTTP/1.1" 200 3486
191.112.101.245 - - [04/Mar/2016:15:15:36 -0300] "GET /cormun/servlet/solicitudot?INS,0,0, HTTP/1.1" 200 11458
191.112.101.245 - - [04/Mar/2016:15:15:39 -0300] "GET /cormun/servlet/solicitudot?INS,0,0, HTTP/1.1" 200 11463
192.168.10.89 - - [04/Mar/2016:15:15:41 -0300] "POST /cormun/servlet/trsolicitudot?8df922cf9aa322126929eb9da4b4032a,,gx-no-cache=1457115093437 HTTP/1.1" 200 3485
192.168.10.89 - - [04/Mar/2016:15:15:42 -0300] "GET /cormun/servlet/trsolicitudot?f8e3642ec2c97568667841021a360705622915992f72fbc7cd65dcc9f0d5b1537f46a9fccfff1e4864acbd71e2a6722b40481605f19883163e96ff014b8cc9b656908ab317e1af6b3f07e86d608950f7,gx-no-cache=1457115094525 HTTP/1.1" 200 768
191.112.101.245 - - [04/Mar/2016:15:15:45 -0300] "POST /cormun/servlet/solicitudot?gx-no-cache=1457115370320 HTTP/1.1" 200 2668
191.112.101.245 - - [04/Mar/2016:15:15:45 -0300] "POST /cormun/servlet/solicitudot?1610635b04b7717fa2104f036d8860ae,INS,0,0,,gx-no-cache=1457115370748 HTTP/1.1" 200 8265
191.112.101.245 - - [04/Mar/2016:15:15:46 -0300] "POST /cormun/servlet/solicitudot?1610635b04b7717fa2104f036d8860ae,INS,0,0,,gx-no-cache=1457115371991 HTTP/1.1" 200 8628
192.168.10.89 - - [04/Mar/2016:15:15:47 -0300] "POST /cormun/servlet/trsolicitudot?8df922cf9aa322126929eb9da4b4032a,,gx-no-cache=1457115098914 HTTP/1.1" 200 3485
191.112.101.245 - - [04/Mar/2016:15:15:47 -0300] "GET /cormun/static/Shared/jqueryui/images/ui-bg_highlight-soft_100_c6c2c8_1x100.png HTTP/1.1" 404 1117
191.112.101.245 - - [04/Mar/2016:15:15:47 -0300] "GET /cormun/static/Shared/jqueryui/images/ui-icons_82798d_256x240.png HTTP/1.1" 404 1089
191.112.101.245 - - [04/Mar/2016:15:15:47 -0300] "GET /cormun/static/Shared/jqueryui/images/ui-bg_flat_55_994d53_40x100.png HTTP/1.1" 404 1097
191.112.101.245 - - [04/Mar/2016:15:15:47 -0300] "GET /cormun/static/Shared/jqueryui/images/ui-icons_ebccce_256x240.png HTTP/1.1" 404 1089
192.168.10.89 - - [04/Mar/2016:15:15:48 -0300] "POST /cormun/servlet/trsolicitudot?8df922cf9aa322126929eb9da4b4032a,,gx-no-cache=1457115099994 HTTP/1.1" 200 3484
192.168.10.89 - - [04/Mar/2016:15:15:49 -0300] "POST /cormun/servlet/trsolicitudot?8df922cf9aa322126929eb9da4b4032a,,gx-no-cache=1457115101117 HTTP/1.1" 200 3485
191.112.101.245 - - [04/Mar/2016:15:15:52 -0300] "GET /cormun/servlet/solicitudot?551e052ef25e2b1edfb692ac4537a52a9c5d9d9e936647bdbfb14f70bb052311a728cc22b0779443a70ffff3516064d2,gx-no-cache=1457115377372 HTTP/1.1" 200 30
192.168.10.89 - - [04/Mar/2016:15:15:53 -0300] "POST /cormun/servlet/trsolicitudot?8df922cf9aa322126929eb9da4b4032a,,gx-no-cache=1457115102291 HTTP/1.1" 200 3484
192.168.10.89 - - [04/Mar/2016:15:16:02 -0300] "GET /cormun/servlet/hlogin HTTP/1.1" 200 1734
186.103.159.204 - - [04/Mar/2016:15:16:02 -0300] "GET /cormun/servlet/solicitudotadjuntos?4125bd16977596057cfb4ea40890986be3ed312a87f5c98e64521d5af59844b3,gx-no-cache=1457115385192 HTTP/1.1" 200 30
186.103.159.204 - - [04/Mar/2016:15:16:03 -0300] "GET /cormun/servlet/solicitudotadjuntos?4125bd16977596057cfb4ea40890986be3ed312a87f5c98e64521d5af59844b3,gx-no-cache=1457115385240 HTTP/1.1" 200 30
186.103.159.204 - - [04/Mar/2016:15:16:03 -0300] "POST /cormun/servlet/solicitudotadjuntos?111494f600d2a608ac4de706bf872a4b,INS,2016,440,,1, HTTP/1.1" 200 116
186.103.159.204 - - [04/Mar/2016:15:16:03 -0300] "GET /cormun/servlet/hpexe_return? HTTP/1.1" 200 1023
186.103.159.204 - - [04/Mar/2016:15:16:04 -0300] "GET /cormun/servlet/trsolicitudadjuntos?2016,440, HTTP/1.1" 200 7312
186.103.159.204 - - [04/Mar/2016:15:16:04 -0300] "GET /cormun/servlet/trsolicitudadjuntos?2016,440, HTTP/1.1" 200 7309
192.168.10.89 - - [04/Mar/2016:15:16:09 -0300] "POST /cormun/servlet/hlogin?8df922cf9aa322126929eb9da4b4032a,gx-no-cache=1457115121267 HTTP/1.1" 200 90
192.168.10.89 - - [04/Mar/2016:15:16:09 -0300] "GET /cormun/servlet/hpexe_link HTTP/1.1" 200 950
192.168.10.89 - - [04/Mar/2016:15:16:09 -0300] "GET /cormun/servlet/hhome HTTP/1.1" 200 3419
192.168.10.89 - - [04/Mar/2016:15:16:12 -0300] "GET /cormun/servlet/trsolicitudot? HTTP/1.1" 200 6186
186.103.159.204 - - [04/Mar/2016:15:16:16 -0300] "GET /cormun/servlet/trsolicitudot? HTTP/1.1" 200 13987
192.168.10.89 - - [04/Mar/2016:15:16:16 -0300] "POST /cormun/servlet/trsolicitudot?8df922cf9aa322126929eb9da4b4032a,,gx-no-cache=1457115128627 HTTP/1.1" 200 3485
192.168.10.89 - - [04/Mar/2016:15:16:16 -0300] "POST /cormun/servlet/trsolicitudot?8df922cf9aa322126929eb9da4b4032a,,gx-no-cache=1457115128839 HTTP/1.1" 200 3485
192.168.10.89 - - [04/Mar/2016:15:16:17 -0300] "POST /cormun/servlet/trsolicitudot?8df922cf9aa322126929eb9da4b4032a,,gx-no-cache=1457115129109 HTTP/1.1" 200 3484
192.168.10.89 - - [04/Mar/2016:15:16:17 -0300] "POST /cormun/servlet/trsolicitudot?8df922cf9aa322126929eb9da4b4032a,,gx-no-cache=1457115129413 HTTP/1.1" 200 3484
186.103.159.204 - - [04/Mar/2016:15:16:17 -0300] "GET /cormun/servlet/trsolicitudot? HTTP/1.1" 200 13982
192.168.10.89 - - [04/Mar/2016:15:16:20 -0300] "POST /cormun/servlet/trsolicitudot?8df922cf9aa322126929eb9da4b4032a,,gx-no-cache=1457115132072 HTTP/1.1" 200 3481
192.168.10.89 - - [04/Mar/2016:15:16:20 -0300] "GET /cormun/servlet/trsolicitudot?f8e3642ec2c97568667841021a360705237ac3bf6f0c87b452fe8d9cb1da99cf0daa378fbde059a233d756e28fd110a740481605f19883163e96ff014b8cc9b656908ab317e1af6b3f07e86d608950f7,gx-no-cache=1457115132549 HTTP/1.1" 200 765
192.168.10.89 - - [04/Mar/2016:15:16:21 -0300] "POST /cormun/servlet/trsolicitudot?8df922cf9aa322126929eb9da4b4032a,,gx-no-cache=1457115133351 HTTP/1.1" 200 3481
192.168.10.89 - - [04/Mar/2016:15:16:21 -0300] "POST /cormun/servlet/trsolicitudot?8df922cf9aa322126929eb9da4b4032a,,gx-no-cache=1457115133824 HTTP/1.1" 200 3481
192.168.10.89 - - [04/Mar/2016:15:16:22 -0300] "POST /cormun/servlet/trsolicitudot?8df922cf9aa322126929eb9da4b4032a,,gx-no-cache=1457115134323 HTTP/1.1" 200 3481
192.168.10.89 - - [04/Mar/2016:15:16:24 -0300] "POST /cormun/servlet/trsolicitudot?8df922cf9aa322126929eb9da4b4032a,,gx-no-cache=1457115134873 HTTP/1.1" 200 3481
186.103.159.204 - - [04/Mar/2016:15:16:27 -0300] "POST /cormun/servlet/trsolicitudot?111494f600d2a608ac4de706bf872a4b,,gx-no-cache=1457115409980 HTTP/1.1" 200 11717
186.103.159.204 - - [04/Mar/2016:15:16:28 -0300] "POST /cormun/servlet/trsolicitudot?111494f600d2a608ac4de706bf872a4b,,gx-no-cache=1457115410476 HTTP/1.1" 200 11717
192.168.10.89 - - [04/Mar/2016:15:16:28 -0300] "POST /cormun/servlet/trsolicitudot?8df922cf9aa322126929eb9da4b4032a,,gx-no-cache=1457115140526 HTTP/1.1" 200 3483
186.103.159.204 - - [04/Mar/2016:15:16:28 -0300] "POST /cormun/servlet/trsolicitudot?111494f600d2a608ac4de706bf872a4b,,gx-no-cache=1457115410969 HTTP/1.1" 200 11717
192.168.10.89 - - [04/Mar/2016:15:16:29 -0300] "GET /cormun/servlet/trsolicitudot?f8e3642ec2c97568667841021a36070598f469f9b4bcfe55708b89e6083722530daa378fbde059a233d756e28fd110a740481605f19883163e96ff014b8cc9b656908ab317e1af6b3f07e86d608950f7,gx-no-cache=1457115141242 HTTP/1.1" 200 767
186.103.159.204 - - [04/Mar/2016:15:16:29 -0300] "POST /cormun/servlet/trsolicitudot?111494f600d2a608ac4de706bf872a4b,,gx-no-cache=1457115411488 HTTP/1.1" 200 11717
186.103.159.204 - - [04/Mar/2016:15:16:30 -0300] "POST /cormun/servlet/trsolicitudot?111494f600d2a608ac4de706bf872a4b,,gx-no-cache=1457115412089 HTTP/1.1" 200 11717
186.103.159.204 - - [04/Mar/2016:15:16:30 -0300] "POST /cormun/servlet/trsolicitudot?111494f600d2a608ac4de706bf872a4b,,gx-no-cache=1457115412736 HTTP/1.1" 200 11716
186.103.159.204 - - [04/Mar/2016:15:16:31 -0300] "POST /cormun/servlet/trsolicitudot?111494f600d2a608ac4de706bf872a4b,,gx-no-cache=1457115413411 HTTP/1.1" 200 11716
186.103.159.204 - - [04/Mar/2016:15:16:32 -0300] "POST /cormun/servlet/trsolicitudot?111494f600d2a608ac4de706bf872a4b,,gx-no-cache=1457115414164 HTTP/1.1" 200 11937
186.103.159.204 - - [04/Mar/2016:15:16:32 -0300] "GET /cormun/static/Shared/jqueryui/images/ui-bg_highlight-soft_100_c6c2c8_1x100.png HTTP/1.1" 404 1117
186.103.159.204 - - [04/Mar/2016:15:16:32 -0300] "GET /cormun/static/Shared/jqueryui/images/ui-icons_8d78a5_256x240.png HTTP/1.1" 404 1089
186.103.159.204 - - [04/Mar/2016:15:16:32 -0300] "GET /cormun/static/Shared/jqueryui/images/ui-bg_flat_55_fafafa_40x100.png HTTP/1.1" 404 1097
186.103.159.204 - - [04/Mar/2016:15:16:32 -0300] "GET /cormun/static/Shared/jqueryui/images/ui-icons_82798d_256x240.png HTTP/1.1" 404 1089
192.168.10.89 - - [04/Mar/2016:15:16:33 -0300] "POST /cormun/servlet/trsolicitudot?8df922cf9aa322126929eb9da4b4032a,,gx-no-cache=1457115145051 HTTP/1.1" 200 5650
192.168.10.89 - - [04/Mar/2016:15:16:34 -0300] "GET /cormun/servlet/trsolicitudot?f8e3642ec2c97568667841021a36070511d20e721411cabf4c417d9b3a617f290daa378fbde059a233d756e28fd110a740481605f19883163e96ff014b8cc9b656908ab317e1af6b3f07e86d608950f7,gx-no-cache=1457115146077 HTTP/1.1" 200 3071
192.168.10.89 - - [04/Mar/2016:15:16:42 -0300] "POST /cormun/servlet/trsolicitudot?8df922cf9aa322126929eb9da4b4032a,,gx-no-cache=1457115154571 HTTP/1.1" 200 5254
192.168.10.89 - - [04/Mar/2016:15:16:43 -0300] "GET /cormun/servlet/trsolicitudot?f8e3642ec2c97568667841021a360705c1f75656209252a5c2284e9a6e62eb8bff4cce5f27ce0b5aec3f601ec6295df9f5bf42fc939fad12d1dd56a9d1b458cbfbfebeaa968af3a2e950186f144c981a46a83429532bafa83859daec6915feee,gx-no-cache=1457115155652 HTTP/1.1" 200 2607
192.168.10.89 - - [04/Mar/2016:15:16:46 -0300] "POST /cormun/servlet/trsolicitudot?8df922cf9aa322126929eb9da4b4032a,,gx-no-cache=1457115158410 HTTP/1.1" 200 5255
192.168.10.89 - - [04/Mar/2016:15:16:47 -0300] "POST /cormun/servlet/trsolicitudot?8df922cf9aa322126929eb9da4b4032a,,gx-no-cache=1457115159481 HTTP/1.1" 200 5255
192.168.10.89 - - [04/Mar/2016:15:16:48 -0300] "POST /cormun/servlet/trsolicitudot?8df922cf9aa322126929eb9da4b4032a,,gx-no-cache=1457115160612 HTTP/1.1" 200 5255
192.168.10.89 - - [04/Mar/2016:15:16:52 -0300] "POST /cormun/servlet/trsolicitudot?8df922cf9aa322126929eb9da4b4032a,,gx-no-cache=1457115161829 HTTP/1.1" 200 106
192.168.10.89 - - [04/Mar/2016:15:16:53 -0300] "GET /cormun/servlet/trsolicitudadjuntos?2016,430, HTTP/1.1" 200 7493
186.103.159.204 - - [04/Mar/2016:15:16:55 -0300] "POST /cormun/servlet/trsolicitudot?111494f600d2a608ac4de706bf872a4b,,gx-no-cache=1457115437892 HTTP/1.1" 200 11716
186.103.159.204 - - [04/Mar/2016:15:16:56 -0300] "POST /cormun/servlet/trsolicitudot?111494f600d2a608ac4de706bf872a4b,,gx-no-cache=1457115438701 HTTP/1.1" 200 11716
186.103.159.204 - - [04/Mar/2016:15:16:57 -0300] "POST /cormun/servlet/trsolicitudot?111494f600d2a608ac4de706bf872a4b,,gx-no-cache=1457115439479 HTTP/1.1" 200 11717
186.103.159.204 - - [04/Mar/2016:15:16:58 -0300] "POST /cormun/servlet/trsolicitudot?111494f600d2a608ac4de706bf872a4b,,gx-no-cache=1457115440298 HTTP/1.1" 200 11717
186.103.159.204 - - [04/Mar/2016:15:16:59 -0300] "POST /cormun/servlet/trsolicitudot?111494f600d2a608ac4de706bf872a4b,,gx-no-cache=1457115441150 HTTP/1.1" 200 11716
186.103.159.204 - - [04/Mar/2016:15:17:00 -0300] "POST /cormun/servlet/trsolicitudot?111494f600d2a608ac4de706bf872a4b,,gx-no-cache=1457115442049 HTTP/1.1" 200 11716
186.103.159.204 - - [04/Mar/2016:15:17:00 -0300] "POST /cormun/servlet/trsolicitudot?111494f600d2a608ac4de706bf872a4b,,gx-no-cache=1457115442988 HTTP/1.1" 200 11717
186.103.159.204 - - [04/Mar/2016:15:17:01 -0300] "POST /cormun/servlet/trsolicitudot?111494f600d2a608ac4de706bf872a4b,,gx-no-cache=1457115443987 HTTP/1.1" 200 105
186.103.159.204 - - [04/Mar/2016:15:17:02 -0300] "GET /cormun/servlet/trsolicitudadjuntos?2016,440, HTTP/1.1" 200 7308
192.168.10.89 - - [04/Mar/2016:15:17:02 -0300] "GET /cormun/PublicTempStorage/curriculum_%281%294110967.jpg HTTP/1.1" 200 177939
186.103.159.204 - - [04/Mar/2016:15:17:02 -0300] "GET /cormun/servlet/trsolicitudadjuntos?2016,440, HTTP/1.1" 200 7309
191.112.101.245 - - [04/Mar/2016:15:17:05 -0300] "POST /cormun/servlet/solicitudot?gx-no-cache=1457115451057 HTTP/1.1" 200 30
192.168.10.89 - - [04/Mar/2016:15:17:07 -0300] "GET /cormun/servlet/trsolicitudadjuntos?2016,430, HTTP/1.1" 200 7494
191.112.101.245 - - [04/Mar/2016:15:17:09 -0300] "POST /cormun/servlet/solicitudot?gx-no-cache=1457115454352 HTTP/1.1" 200 30
192.168.10.89 - - [04/Mar/2016:15:17:10 -0300] "GET /cormun/PublicTempStorage/certificado_antecedentes4278472.jpg HTTP/1.1" 200 295088
191.112.101.245 - - [04/Mar/2016:15:17:11 -0300] "GET /cormun/servlet/prsolicitudot?15804580,,,,,MD,,gxPopupLevel%3D0%3B HTTP/1.1" 200 5619
186.103.159.204 - - [04/Mar/2016:15:17:14 -0300] "GET /cormun/servlet/trautorizarsolicitud? HTTP/1.1" 200 6206
192.168.10.89 - - [04/Mar/2016:15:17:15 -0300] "GET /cormun/servlet/trsolicitudadjuntos?2016,430, HTTP/1.1" 200 7492
186.103.159.204 - - [04/Mar/2016:15:17:15 -0300] "GET /cormun/servlet/trautorizarsolicitud? HTTP/1.1" 200 6195
191.112.101.245 - - [04/Mar/2016:15:17:16 -0300] "POST /cormun/servlet/solicitudot?gx-no-cache=1457115461738 HTTP/1.1" 200 452
191.112.101.245 - - [04/Mar/2016:15:17:16 -0300] "GET /cormun/servlet/solicitudot?551e052ef25e2b1edfb692ac4537a52ae300f4d2fca63fe4de9ec909c76c04681e62f74b1473230edbcd0753801506dfe3af3f5f440788a047a1bdd4a9d3bfdcd5fb56ad02fafdfda140e8d6051795e67f82c688a4b8dec9a283feb92f99b77abf694b3a2e2bdfb5dd78efb59e6ed2bb67a132fe4968167076f5bda03a6c717612488a16dd90a1cc40232fefbb432271,gx-no-cache=1457115461923 HTTP/1.1" 200 38
191.112.101.245 - - [04/Mar/2016:15:17:16 -0300] "GET /cormun/servlet/solicitudot?551e052ef25e2b1edfb692ac4537a52af847379b0daa4b31552da7a3986d59766d79a03241ec61878999b3e220652901042154dc14cafb8051f5443569dc0d026beef3177281571800ecfcb763529878f0b08f520839e9abd87c671a3e95b5c67fd61756bd24dd20e3ea02499b66dd2f,gx-no-cache=1457115462031 HTTP/1.1" 200 29
191.112.101.245 - - [04/Mar/2016:15:17:16 -0300] "POST /cormun/servlet/solicitudot?gx-no-cache=1457115462132 HTTP/1.1" 200 404
192.168.10.89 - - [04/Mar/2016:15:17:17 -0300] "GET /cormun/PublicTempStorage/certificado_de_titulo2096368.jpg HTTP/1.1" 200 225728
186.103.159.204 - - [04/Mar/2016:15:17:17 -0300] "GET /cormun/static/menuarrow.gif HTTP/1.1" 404 1015
192.168.10.89 - - [04/Mar/2016:15:17:20 -0300] "GET /cormun/PublicTempStorage/certificado_de_titulo2096368.jpg HTTP/1.1" 304 -
192.168.10.89 - - [04/Mar/2016:15:17:20 -0300] "GET /cormun/PublicTempStorage/certificado_de_titulo2096368.jpg HTTP/1.1" 304 -
186.103.159.204 - - [04/Mar/2016:15:17:26 -0300] "POST /cormun/servlet/trautorizarsolicitud?111494f600d2a608ac4de706bf872a4b,,gx-no-cache=1457115468318 HTTP/1.1" 200 3483
186.103.159.204 - - [04/Mar/2016:15:17:26 -0300] "POST /cormun/servlet/trautorizarsolicitud?111494f600d2a608ac4de706bf872a4b,,gx-no-cache=1457115468486 HTTP/1.1" 200 3483
186.103.159.204 - - [04/Mar/2016:15:17:26 -0300] "POST /cormun/servlet/trautorizarsolicitud?111494f600d2a608ac4de706bf872a4b,,gx-no-cache=1457115468648 HTTP/1.1" 200 3483
186.103.159.204 - - [04/Mar/2016:15:17:26 -0300] "POST /cormun/servlet/trautorizarsolicitud?111494f600d2a608ac4de706bf872a4b,,gx-no-cache=1457115468800 HTTP/1.1" 200 3483
186.103.159.204 - - [04/Mar/2016:15:17:30 -0300] "POST /cormun/servlet/trautorizarsolicitud?111494f600d2a608ac4de706bf872a4b,,gx-no-cache=1457115472421 HTTP/1.1" 200 4898
186.103.159.204 - - [04/Mar/2016:15:17:30 -0300] "GET /cormun/servlet/trautorizarsolicitud?87a7ff5699b68491c0b8c2c1b448c378bfa27cd9f93c0c94221d49c7d31be3c0f7e5a1bf44066a7a71eb6247377189328fa5ea6ff39201e726667c9af22b690f86a22e80f22b6ac4786a1e4039519d98141db35a4bf64b207323464574ba82e0,gx-no-cache=1457115472826 HTTP/1.1" 200 2205
191.112.101.245 - - [04/Mar/2016:15:17:33 -0300] "POST /cormun/servlet/solicitudot?gx-no-cache=1457115478487 HTTP/1.1" 200 1116
186.103.159.204 - - [04/Mar/2016:15:17:34 -0300] "POST /cormun/servlet/trautorizarsolicitud?111494f600d2a608ac4de706bf872a4b,,gx-no-cache=1457115476531 HTTP/1.1" 200 4898
186.103.159.204 - - [04/Mar/2016:15:17:34 -0300] "POST /cormun/servlet/trautorizarsolicitud?111494f600d2a608ac4de706bf872a4b,,gx-no-cache=1457115476703 HTTP/1.1" 200 4898
186.103.159.204 - - [04/Mar/2016:15:17:34 -0300] "POST /cormun/servlet/trautorizarsolicitud?111494f600d2a608ac4de706bf872a4b,,gx-no-cache=1457115476878 HTTP/1.1" 200 4898
186.103.159.204 - - [04/Mar/2016:15:17:34 -0300] "POST /cormun/servlet/trautorizarsolicitud?111494f600d2a608ac4de706bf872a4b,,gx-no-cache=1457115477075 HTTP/1.1" 200 106
186.103.159.204 - - [04/Mar/2016:15:17:34 -0300] "GET /cormun/servlet/trsolicitudadjuntos?2016,554, HTTP/1.1" 200 5382
186.103.159.204 - - [04/Mar/2016:15:17:35 -0300] "GET /cormun/servlet/trsolicitudadjuntos?2016,554, HTTP/1.1" 200 5382
192.168.10.89 - - [04/Mar/2016:15:17:41 -0300] "GET /cormun/servlet/trsolicitudadjuntos?2016,430, HTTP/1.1" 200 7493
186.103.159.204 - - [04/Mar/2016:15:17:42 -0300] "GET /cormun/servlet/trsolicitudot? HTTP/1.1" 200 13989
191.112.101.245 - - [04/Mar/2016:15:17:42 -0300] "GET /cormun/servlet/solicitudot?551e052ef25e2b1edfb692ac4537a52a5d557a4a60d6548418b1da5eef7c370bf32483ae10fb67fb192203cba893d5c0b1c6ce88b2638926514ee5b8f97314fae3747a15163b7eddf9c5cd33536e9d32e7fcb45b00cb8f1f8af7962b130b70f31c2da0b0d9f9c19f2cc822e8c40bd12feae484072837bdde67dbb29f3f41ed868f15db45011b879c505fceedfe9b8219f108dc3f41dc9af306a53f561a5ac03b3f2953f43706c26ee4b249c9ead655c1,gx-no-cache=1457115487641 HTTP/1.1" 200 30
186.103.159.204 - - [04/Mar/2016:15:17:43 -0300] "GET /cormun/servlet/trsolicitudot? HTTP/1.1" 200 13982
192.168.10.89 - - [04/Mar/2016:15:17:45 -0300] "GET /cormun/servlet/trsolicitudot? HTTP/1.1" 200 7810
192.168.10.89 - - [04/Mar/2016:15:17:49 -0300] "GET /cormun/servlet/hlogin HTTP/1.1" 200 1734
191.112.101.245 - - [04/Mar/2016:15:17:52 -0300] "POST /cormun/servlet/solicitudot?1610635b04b7717fa2104f036d8860ae,INS,0,0,,gx-no-cache=1457115497695 HTTP/1.1" 200 93
191.112.101.245 - - [04/Mar/2016:15:17:52 -0300] "GET /cormun/servlet/hpexe_return? HTTP/1.1" 200 1009
191.112.101.245 - - [04/Mar/2016:15:17:53 -0300] "GET /cormun/servlet/trsolicitudot HTTP/1.1" 200 7657
191.112.101.245 - - [04/Mar/2016:15:17:56 -0300] "GET /cormun/servlet/trsolicitudot HTTP/1.1" 200 7653
191.112.101.245 - - [04/Mar/2016:15:18:04 -0300] "POST /cormun/servlet/trsolicitudot?1610635b04b7717fa2104f036d8860ae,gx-no-cache=1457115509399 HTTP/1.1" 200 5024
191.112.101.245 - - [04/Mar/2016:15:18:04 -0300] "POST /cormun/servlet/trsolicitudot?1610635b04b7717fa2104f036d8860ae,gx-no-cache=1457115510002 HTTP/1.1" 200 5023
191.112.101.245 - - [04/Mar/2016:15:18:05 -0300] "POST /cormun/servlet/trsolicitudot?1610635b04b7717fa2104f036d8860ae,gx-no-cache=1457115510637 HTTP/1.1" 200 5025
191.112.101.245 - - [04/Mar/2016:15:18:06 -0300] "POST /cormun/servlet/trsolicitudot?1610635b04b7717fa2104f036d8860ae,gx-no-cache=1457115511246 HTTP/1.1" 200 5024
191.112.101.245 - - [04/Mar/2016:15:18:06 -0300] "POST /cormun/servlet/trsolicitudot?1610635b04b7717fa2104f036d8860ae,gx-no-cache=1457115511866 HTTP/1.1" 200 5024
191.112.101.245 - - [04/Mar/2016:15:18:07 -0300] "POST /cormun/servlet/trsolicitudot?1610635b04b7717fa2104f036d8860ae,gx-no-cache=1457115512525 HTTP/1.1" 200 5024
191.112.101.245 - - [04/Mar/2016:15:18:08 -0300] "POST /cormun/servlet/trsolicitudot?1610635b04b7717fa2104f036d8860ae,gx-no-cache=1457115513177 HTTP/1.1" 200 5024
191.112.101.245 - - [04/Mar/2016:15:18:08 -0300] "POST /cormun/servlet/trsolicitudot?1610635b04b7717fa2104f036d8860ae,gx-no-cache=1457115513867 HTTP/1.1" 200 105
191.112.101.245 - - [04/Mar/2016:15:18:09 -0300] "GET /cormun/servlet/trsolicitudadjuntos?2016,625, HTTP/1.1" 200 5384
191.112.101.245 - - [04/Mar/2016:15:18:09 -0300] "GET /cormun/static/gxcfg.js?2016311731090 HTTP/1.1" 304 -
191.112.101.245 - - [04/Mar/2016:15:18:09 -0300] "GET /cormun/static/trsolicitudadjuntos.js?2016311731342 HTTP/1.1" 304 -
191.112.101.245 - - [04/Mar/2016:15:18:11 -0300] "GET /cormun/servlet/trsolicitudadjuntos?2016,625, HTTP/1.1" 200 5384
191.112.101.245 - - [04/Mar/2016:15:18:13 -0300] "GET /cormun/servlet/solicitudotadjuntos?INS,2016,625,,1, HTTP/1.1" 200 5472
191.112.101.245 - - [04/Mar/2016:15:18:13 -0300] "GET /cormun/static/gxcfg.js?2016311984045 HTTP/1.1" 304 -
191.112.101.245 - - [04/Mar/2016:15:18:13 -0300] "GET /cormun/static/solicitudotadjuntos.js?2016311984068 HTTP/1.1" 304 -
191.112.101.245 - - [04/Mar/2016:15:18:14 -0300] "GET /cormun/static/about:blank HTTP/1.1" 404 1011
191.112.101.245 - - [04/Mar/2016:15:18:15 -0300] "GET /cormun/servlet/solicitudotadjuntos?INS,2016,625,,1, HTTP/1.1" 200 5466
191.112.101.245 - - [04/Mar/2016:15:18:16 -0300] "GET /cormun/servlet/solicitudotadjuntos?551e052ef25e2b1edfb692ac4537a52a4b13dda1821b5e13eb7825aec369b0b39b865fac1c9371a33c26e9d4e05859bd,gx-no-cache=1457115521383 HTTP/1.1" 200 30
191.112.101.245 - - [04/Mar/2016:15:18:16 -0300] "POST /cormun/servlet/solicitudotadjuntos?1610635b04b7717fa2104f036d8860ae,INS,2016,625,,1,,gx-no-cache=1457115521513 HTTP/1.1" 200 3373
191.112.101.245 - - [04/Mar/2016:15:18:18 -0300] "POST /cormun/servlet/solicitudotadjuntos?gx-no-cache=1457115523775 HTTP/1.1" 200 26
201.239.193.253 - - [04/Mar/2016:15:18:36 -0300] "POST /cormun/servlet/solicitudot?gx-no-cache=1457115536886 HTTP/1.1" 200 2749
201.239.193.253 - - [04/Mar/2016:15:18:36 -0300] "POST /cormun/servlet/solicitudot?21fb7234443c031564ea3aa53449426d,INS,0,0,,gx-no-cache=1457115537149 HTTP/1.1" 200 8403
191.112.101.245 - - [04/Mar/2016:15:18:41 -0300] "GET /cormun/servlet/solicitudotadjuntos?551e052ef25e2b1edfb692ac4537a52a8937465ca4a6edb99ebaa2874b57da92,gx-no-cache=1457115546620 HTTP/1.1" 200 30
191.112.101.245 - - [04/Mar/2016:15:18:41 -0300] "GET /cormun/servlet/solicitudotadjuntos?551e052ef25e2b1edfb692ac4537a52a8937465ca4a6edb99ebaa2874b57da92,gx-no-cache=1457115546757 HTTP/1.1" 200 30
201.239.193.253 - - [04/Mar/2016:15:18:41 -0300] "GET /cormun/servlet/solicitudot?98339377c4ffe271f757ea0f8944fd5954b81e0fbcf8b3c7c34ba50f8d32590e82821641f1bac86ab5ea8fbd2f51bd21,gx-no-cache=1457115542815 HTTP/1.1" 200 30
201.239.193.253 - - [04/Mar/2016:15:18:41 -0300] "POST /cormun/servlet/solicitudot?gx-no-cache=1457115542886 HTTP/1.1" 200 30
191.112.101.245 - - [04/Mar/2016:15:18:43 -0300] "POST /cormun/servlet/solicitudotadjuntos?1610635b04b7717fa2104f036d8860ae,INS,2016,625,,1, HTTP/1.1" 200 116
191.112.101.245 - - [04/Mar/2016:15:18:44 -0300] "GET /cormun/servlet/hpexe_return? HTTP/1.1" 200 1026
191.112.101.245 - - [04/Mar/2016:15:18:44 -0300] "GET /cormun/servlet/trsolicitudadjuntos?2016,625, HTTP/1.1" 200 7292
201.239.193.253 - - [04/Mar/2016:15:18:46 -0300] "POST /cormun/servlet/solicitudot?gx-no-cache=1457115547685 HTTP/1.1" 200 30
186.103.159.204 - - [04/Mar/2016:15:18:46 -0300] "GET /cormun/servlet/treventos?2016,440, HTTP/1.1" 200 5237
191.112.101.245 - - [04/Mar/2016:15:18:46 -0300] "GET /cormun/servlet/trsolicitudadjuntos?2016,625, HTTP/1.1" 200 7288
186.103.159.204 - - [04/Mar/2016:15:18:47 -0300] "GET /cormun/static/gxcfg.js?2016311731661 HTTP/1.1" 304 -
186.103.159.204 - - [04/Mar/2016:15:18:47 -0300] "GET /cormun/static/treventos.js?2016311731865 HTTP/1.1" 304 -
186.103.159.204 - - [04/Mar/2016:15:18:47 -0300] "GET /cormun/servlet/treventos?2016,440, HTTP/1.1" 200 5237
191.112.101.245 - - [04/Mar/2016:15:18:49 -0300] "GET /cormun/servlet/solicitudotadjuntos?INS,2016,625,,1, HTTP/1.1" 200 5472
