200.30.225.218 - - [04/Mar/2016:16:25:28 -0300] "GET /cormun/static/solicitudot.js?20163219435183 HTTP/1.1" 200 44151
200.30.225.218 - - [04/Mar/2016:16:25:28 -0300] "GET /cormun/static/Resources/prompt.gif HTTP/1.1" 200 902
200.30.225.218 - - [04/Mar/2016:16:25:28 -0300] "GET /cormun/static/Resources/Spanish/PXTools.css?1944839 HTTP/1.1" 200 89042
200.30.225.218 - - [04/Mar/2016:16:25:33 -0300] "GET /cormun/servlet/solicitudot?INS,0,0, HTTP/1.1" 200 11493
200.30.225.218 - - [04/Mar/2016:16:25:39 -0300] "GET /cormun/static/Resources/resize.gif HTTP/1.1" 200 77
200.30.225.218 - - [04/Mar/2016:16:25:39 -0300] "GET /cormun/servlet/prfichaempleado?,MD,,gxPopupLevel%3D0%3B HTTP/1.1" 200 7925
200.30.225.218 - - [04/Mar/2016:16:25:39 -0300] "GET /cormun/static/gxui/gxui-all.css?1917420 HTTP/1.1" 200 2179
200.30.225.218 - - [04/Mar/2016:16:25:39 -0300] "GET /cormun/static/prfichaempleado.js?201511151625857 HTTP/1.1" 200 14240
200.30.225.218 - - [04/Mar/2016:16:25:39 -0300] "GET /cormun/static/scaMessage/css/jquery-ui.css?104140 HTTP/1.1" 404 1045
200.30.225.218 - - [04/Mar/2016:16:25:40 -0300] "GET /cormun/static/gxcfg.js?201511151625694 HTTP/1.1" 200 953
200.30.225.218 - - [04/Mar/2016:16:25:40 -0300] "GET /cormun/static/menusearch.js?20163219454787 HTTP/1.1" 200 1424
200.30.225.218 - - [04/Mar/2016:16:25:40 -0300] "GET /cormun/static/hmpwkw01.js?201511211495945 HTTP/1.1" 200 2037
200.30.225.218 - - [04/Mar/2016:16:25:40 -0300] "GET /cormun/static/Resources/PXToolsMenuSearchCancel.png HTTP/1.1" 200 2972
200.30.225.218 - - [04/Mar/2016:16:25:41 -0300] "GET /cormun/static/Resources/PXToolsMenuSearch.png HTTP/1.1" 200 2914
200.30.225.218 - - [04/Mar/2016:16:25:42 -0300] "GET /cormun/static/Resources/Spanish/PXTools.css?16184758 HTTP/1.1" 200 89042
200.30.225.218 - - [04/Mar/2016:16:25:42 -0300] "GET /cormun/static/Shared/jqueryui/jquery-ui.min-1.8.js HTTP/1.1" 200 213511
200.30.225.218 - - [04/Mar/2016:16:25:51 -0300] "GET /cormun/servlet/prfichaempleado?2146af8a7af1793780094fcd894b766f5de847da28cb08940b1c1a58a8a9cfae5d2de7988e006c221d7183ff9074ab0e56e9ae67e7ca0bb388916459697ad0aa,gx-no-cache=1457119585844 HTTP/1.1" 200 467
200.30.225.218 - - [04/Mar/2016:16:25:54 -0300] "GET /cormun/servlet/prfichaempleado?2146af8a7af1793780094fcd894b766f55ae8a2bf3d08d19edc60c8bc6d69587e4c8abc1f17d747c7a11f1a0cdaf3fb0cc4b225b7b65ce813e88bd95ff9444ed,gx-no-cache=1457119587939 HTTP/1.1" 200 464
200.30.225.218 - - [04/Mar/2016:16:25:58 -0300] "GET /cormun/servlet/prfichaempleado?2146af8a7af1793780094fcd894b766f18d85a0bc91ec4893f3adfed19319bf70be2ec879d9185402a49121174df1807d9bb54536610175047ec3b9eba98729f25da5e7fff0c2cc81f3145b8cf5c82fc,gx-no-cache=1457119593161 HTTP/1.1" 200 469
200.30.225.218 - - [04/Mar/2016:16:25:59 -0300] "GET /cormun/servlet/prfichaempleado?2146af8a7af1793780094fcd894b766ffcd6f2f71df7a1c6ada9f25ef6a2de70a781b4cefaa8b8570b190f40aecce742986fce683bb4628c16a8856c96854a78244ffd37e6fbf2947d58d48cca48885f,gx-no-cache=1457119594444 HTTP/1.1" 200 460
200.30.225.218 - - [04/Mar/2016:16:26:00 -0300] "GET /cormun/servlet/prfichaempleado?2146af8a7af1793780094fcd894b766ffcd6f2f71df7a1c6ada9f25ef6a2de703c077d2d0449e9a6756aa8b86188aa292b0c869e910c424be6aaa6a8c396df08280762f97bdd9ad8fc1b603379db9d09,gx-no-cache=1457119595049 HTTP/1.1" 200 461
200.30.225.218 - - [04/Mar/2016:16:26:04 -0300] "POST /cormun/servlet/prfichaempleado?635f31f76dffd0fe27f590a1634b3c17,,MD,,gxPopupLevel%3D0%3B,gx-no-cache=1457119598380 HTTP/1.1" 200 2893
201.239.193.253 - - [04/Mar/2016:16:26:08 -0300] "GET /cormun/servlet/hlogin HTTP/1.1" 200 1727
201.239.193.253 - - [04/Mar/2016:16:26:10 -0300] "POST /cormun/servlet/hlogin?21fb7234443c031564ea3aa53449426d,gx-no-cache=1457119591858 HTTP/1.1" 200 90
201.239.193.253 - - [04/Mar/2016:16:26:10 -0300] "GET /cormun/servlet/hpexe_link HTTP/1.1" 200 979
201.239.193.253 - - [04/Mar/2016:16:26:11 -0300] "GET /cormun/servlet/solicitudotadjuntos?INS,2016,632,,1, HTTP/1.1" 200 5462
201.239.193.253 - - [04/Mar/2016:16:26:11 -0300] "GET /cormun/static/about:blank HTTP/1.1" 404 1011
201.239.193.253 - - [04/Mar/2016:16:26:12 -0300] "GET /cormun/servlet/solicitudotadjuntos?INS,2016,632,,1, HTTP/1.1" 200 5461
201.239.193.253 - - [04/Mar/2016:16:26:13 -0300] "GET /cormun/servlet/solicitudotadjuntos?98339377c4ffe271f757ea0f8944fd593cbf40b0c8e7dd5483117e955e2c288b01e47e553269fe0b7cd807d0b7d95d28,gx-no-cache=1457119594083 HTTP/1.1" 200 30
201.239.193.253 - - [04/Mar/2016:16:26:13 -0300] "POST /cormun/servlet/solicitudotadjuntos?21fb7234443c031564ea3aa53449426d,INS,2016,632,,1,,gx-no-cache=1457119594151 HTTP/1.1" 200 3375
200.30.225.218 - - [04/Mar/2016:16:26:15 -0300] "POST /cormun/servlet/solicitudot?gx-no-cache=1457119610591 HTTP/1.1" 200 2763
200.30.225.218 - - [04/Mar/2016:16:26:16 -0300] "POST /cormun/servlet/solicitudot?635f31f76dffd0fe27f590a1634b3c17,INS,0,0,,gx-no-cache=1457119611053 HTTP/1.1" 200 8420
201.239.193.253 - - [04/Mar/2016:16:26:19 -0300] "POST /cormun/servlet/solicitudotadjuntos?gx-no-cache=1457119600893 HTTP/1.1" 200 26
201.239.193.253 - - [04/Mar/2016:16:26:19 -0300] "GET /cormun/servlet/solicitudotadjuntos?98339377c4ffe271f757ea0f8944fd599d40f42c61a218fba53b3fe626d21467,gx-no-cache=1457119600936 HTTP/1.1" 200 30
201.239.193.253 - - [04/Mar/2016:16:26:19 -0300] "GET /cormun/servlet/solicitudotadjuntos?98339377c4ffe271f757ea0f8944fd599d40f42c61a218fba53b3fe626d21467,gx-no-cache=1457119600973 HTTP/1.1" 200 30
201.239.193.253 - - [04/Mar/2016:16:26:20 -0300] "POST /cormun/servlet/solicitudotadjuntos?21fb7234443c031564ea3aa53449426d,INS,2016,632,,1,,gx-no-cache=1457119601009 HTTP/1.1" 200 3183
201.239.193.253 - - [04/Mar/2016:16:26:20 -0300] "GET /cormun/static/Shared/jqueryui/images/ui-bg_highlight-soft_100_c6c2c8_1x100.png HTTP/1.1" 404 1117
201.239.193.253 - - [04/Mar/2016:16:26:20 -0300] "GET /cormun/static/Shared/jqueryui/images/ui-icons_82798d_256x240.png HTTP/1.1" 404 1089
201.239.193.253 - - [04/Mar/2016:16:26:20 -0300] "GET /cormun/static/Shared/jqueryui/images/ui-bg_flat_55_994d53_40x100.png HTTP/1.1" 404 1097
201.239.193.253 - - [04/Mar/2016:16:26:20 -0300] "GET /cormun/static/Shared/jqueryui/images/ui-icons_ebccce_256x240.png HTTP/1.1" 404 1089
200.30.225.218 - - [04/Mar/2016:16:26:31 -0300] "GET /cormun/servlet/solicitudot?04775e3a9641b87025583158ae0c7baf2f872aab3134144de4dc924fcec9a52d9cde23531ef01b4bdbf3e92a07ba0eec,gx-no-cache=1457119626877 HTTP/1.1" 200 30
200.30.225.218 - - [04/Mar/2016:16:26:32 -0300] "POST /cormun/servlet/solicitudot?gx-no-cache=1457119627114 HTTP/1.1" 200 30
201.239.193.253 - - [04/Mar/2016:16:26:34 -0300] "GET /cormun/servlet/solicitudotadjuntos?98339377c4ffe271f757ea0f8944fd599d40f42c61a218fba53b3fe626d21467,gx-no-cache=1457119615225 HTTP/1.1" 200 30
201.239.193.253 - - [04/Mar/2016:16:26:34 -0300] "GET /cormun/servlet/solicitudotadjuntos?98339377c4ffe271f757ea0f8944fd599d40f42c61a218fba53b3fe626d21467,gx-no-cache=1457119615258 HTTP/1.1" 200 30
200.30.225.218 - - [04/Mar/2016:16:26:39 -0300] "POST /cormun/servlet/solicitudot?gx-no-cache=1457119634546 HTTP/1.1" 200 30
201.239.193.253 - - [04/Mar/2016:16:26:42 -0300] "POST /cormun/servlet/solicitudotadjuntos?21fb7234443c031564ea3aa53449426d,INS,2016,632,,1, HTTP/1.1" 200 5409
201.239.193.253 - - [04/Mar/2016:16:26:42 -0300] "GET /home/sistema/apache-tomcat-7.0.65/webapps/cormun/PrivateTempStorage/upload_00003087.html HTTP/1.1" 404 1137
201.239.193.253 - - [04/Mar/2016:16:26:42 -0300] "GET /cormun/PrivateTempStorage/(2464%20no%20le%C3%ADdos)%20-%20colegioabg%20-%20Yahoo%20Mail_files/combo(7) HTTP/1.1" 404 1165
201.239.193.253 - - [04/Mar/2016:16:26:42 -0300] "GET /cormun/PrivateTempStorage/(2464%20no%20le%C3%ADdos)%20-%20colegioabg%20-%20Yahoo%20Mail_files/combo(5) HTTP/1.1" 404 1165
201.239.193.253 - - [04/Mar/2016:16:26:42 -0300] "GET /cormun/PrivateTempStorage/(2464%20no%20le%C3%ADdos)%20-%20colegioabg%20-%20Yahoo%20Mail_files/combo HTTP/1.1" 404 1159
201.239.193.253 - - [04/Mar/2016:16:26:42 -0300] "GET /cormun/PrivateTempStorage/(2464%20no%20le%C3%ADdos)%20-%20colegioabg%20-%20Yahoo%20Mail_files/combo(1) HTTP/1.1" 404 1165
201.239.193.253 - - [04/Mar/2016:16:26:42 -0300] "GET /cormun/PrivateTempStorage/(2464%20no%20le%C3%ADdos)%20-%20colegioabg%20-%20Yahoo%20Mail_files/combo(2) HTTP/1.1" 404 1165
201.239.193.253 - - [04/Mar/2016:16:26:42 -0300] "GET /cormun/PrivateTempStorage/(2464%20no%20le%C3%ADdos)%20-%20colegioabg%20-%20Yahoo%20Mail_files/combo(3) HTTP/1.1" 404 1165
201.239.193.253 - - [04/Mar/2016:16:26:42 -0300] "GET /cormun/PrivateTempStorage/(2464%20no%20le%C3%ADdos)%20-%20colegioabg%20-%20Yahoo%20Mail_files/combo(4) HTTP/1.1" 404 1165
201.239.193.253 - - [04/Mar/2016:16:26:42 -0300] "GET /cormun/PrivateTempStorage/(2464%20no%20le%C3%ADdos)%20-%20colegioabg%20-%20Yahoo%20Mail_files/combo(9) HTTP/1.1" 404 1165
201.239.193.253 - - [04/Mar/2016:16:26:42 -0300] "GET /cormun/PrivateTempStorage/(2464%20no%20le%C3%ADdos)%20-%20colegioabg%20-%20Yahoo%20Mail_files/combo(6) HTTP/1.1" 404 1165
201.239.193.253 - - [04/Mar/2016:16:26:42 -0300] "GET /cormun/PrivateTempStorage/(2464%20no%20le%C3%ADdos)%20-%20colegioabg%20-%20Yahoo%20Mail_files/combo(8) HTTP/1.1" 404 1165
201.239.193.253 - - [04/Mar/2016:16:26:43 -0300] "GET /cormun/PrivateTempStorage/(2464%20no%20le%C3%ADdos)%20-%20colegioabg%20-%20Yahoo%20Mail_files/combo(10) HTTP/1.1" 404 1167
201.239.193.253 - - [04/Mar/2016:16:26:43 -0300] "GET /cormun/PrivateTempStorage/(2464%20no%20le%C3%ADdos)%20-%20colegioabg%20-%20Yahoo%20Mail_files/combo(11) HTTP/1.1" 404 1167
200.30.225.218 - - [04/Mar/2016:16:26:45 -0300] "POST /cormun/servlet/solicitudot?gx-no-cache=1457119640496 HTTP/1.1" 200 1157
200.30.225.218 - - [04/Mar/2016:16:26:45 -0300] "GET /cormun/servlet/solicitudot?04775e3a9641b87025583158ae0c7baf8f7f32220753fd9756b1eda4ce3371673c06b0b1c0d7c5c870997f97dc527973cab55551ad0296c91125e431ec47c09a91754cbe17e8ca0c32b7fb4fcbbb66ef20948abda095cfda552991ce3ac68b5f053f73d1876fa83c97476350a2bf0fc16649aad532b3f1a5b04e3fdece6f87c47ec178eba1c5980e948fc42fd9b8446c,gx-no-cache=1457119640849 HTTP/1.1" 200 38
200.30.225.218 - - [04/Mar/2016:16:26:57 -0300] "GET /cormun/servlet/solicitudot?04775e3a9641b87025583158ae0c7baf3b27b8c560a2cbc70b9080c8a98aa1695f2070a675a0ff31b3bc7a9d7493f28f88f1616ed78d181736dbbe0fa5e7965a0f9467deb8c8a43f009daa1f0244f81a30c46cd881d4b718bcb7bba67241acbca7f2a1c023a09ab9b9152e03c6d5eaa31133900e4a02be84a780dcb3cbb007a8f87091a65958e747b5aedba4cdaf23ca6f656bd16639f4fba4f4a80f68af268c86010f71fb6cb26cc123d316aeff0d5bc37f95322807a352d149672510254275af96e96db18b7182ff131cee4ee616da,gx-no-cache=1457119652186 HTTP/1.1" 200 29
200.30.225.218 - - [04/Mar/2016:16:26:57 -0300] "POST /cormun/servlet/solicitudot?gx-no-cache=1457119652260 HTTP/1.1" 200 1116
200.30.225.218 - - [04/Mar/2016:16:26:57 -0300] "GET /cormun/static/menuarrow.gif HTTP/1.1" 404 1015
200.30.225.218 - - [04/Mar/2016:16:27:35 -0300] "GET /cormun/servlet/solicitudot?04775e3a9641b87025583158ae0c7bafc66c36b8826ee6539e5beb688693e5555492e1cb02ba6764b2e86e944151ba1e9a7f8abb87f4b9699d8aea60329b5fca8f7b2a95a1cdda6197fdc1e490e43df291c9ff02d3a3415059f85f9bb7a21869fe3a12e6f12fbf0914a63acec6dbc30e7389070c42d2ca8b341a68d1ee0fe5795b8d7f6930d47fda2596f5c7faf74d51bc775e526179bb4f48fee3c688cfbd7cedc1bb39207625d1ecba56b60a89ccd0,gx-no-cache=1457119687369 HTTP/1.1" 200 30
200.30.225.218 - - [04/Mar/2016:16:28:09 -0300] "POST /cormun/servlet/solicitudot?635f31f76dffd0fe27f590a1634b3c17,INS,0,0,,gx-no-cache=1457119723478 HTTP/1.1" 200 93
200.30.225.218 - - [04/Mar/2016:16:28:09 -0300] "GET /cormun/servlet/hpexe_return? HTTP/1.1" 200 1008
200.30.225.218 - - [04/Mar/2016:16:28:10 -0300] "GET /cormun/static/gxcfg.js?2015111312145050 HTTP/1.1" 200 953
200.30.225.218 - - [04/Mar/2016:16:28:10 -0300] "GET /cormun/static/hpexe_return.js?2015111312145056 HTTP/1.1" 200 1633
200.30.225.218 - - [04/Mar/2016:16:28:13 -0300] "GET /cormun/static/Resources/Spanish/PXTools.css?12112540 HTTP/1.1" 200 89042
200.30.225.218 - - [04/Mar/2016:16:28:16 -0300] "GET /cormun/servlet/trsolicitudot HTTP/1.1" 200 7420
200.30.225.218 - - [04/Mar/2016:16:28:21 -0300] "GET /cormun/servlet/trsolicitudot HTTP/1.1" 200 7416
200.30.225.218 - - [04/Mar/2016:16:28:21 -0300] "GET /cormun//static/Resources/PXToolsGridUpdate.png HTTP/1.1" 200 2984
200.30.225.218 - - [04/Mar/2016:16:28:21 -0300] "GET /cormun//static/Resources/PXToolsGridDelete.png HTTP/1.1" 200 357
200.30.225.218 - - [04/Mar/2016:16:28:21 -0300] "GET /cormun//static/Resources/PXToolsActionView.png HTTP/1.1" 200 2995
200.30.225.218 - - [04/Mar/2016:16:28:21 -0300] "GET /cormun//static/Resources/PXToolsRemoveAllAction.png HTTP/1.1" 200 3558
200.30.225.218 - - [04/Mar/2016:16:28:22 -0300] "GET /cormun//static/Resources/PXTools/ActionInsert.png HTTP/1.1" 200 1482
200.30.225.218 - - [04/Mar/2016:16:28:28 -0300] "GET /cormun/servlet/solicitudot?INS,0,0, HTTP/1.1" 200 11490
200.30.225.218 - - [04/Mar/2016:16:28:32 -0300] "GET /cormun/servlet/solicitudot?INS,0,0, HTTP/1.1" 200 11494
200.30.225.218 - - [04/Mar/2016:16:28:37 -0300] "GET /cormun/servlet/prfichaempleado?,MD,,gxPopupLevel%3D0%3B HTTP/1.1" 200 7925
200.30.225.218 - - [04/Mar/2016:16:28:37 -0300] "GET /cormun/static/scaMessage/css/jquery-ui.css?104140 HTTP/1.1" 404 1045
200.30.225.218 - - [04/Mar/2016:16:28:45 -0300] "GET /cormun/servlet/prfichaempleado?2146af8a7af1793780094fcd894b766fdd44214b9994906fb0dc955d85ddd017ae189af63ab70a4dd65354c4e68559a65f2845e354fa6bb52cd46c0acd33dde7,gx-no-cache=1457119760194 HTTP/1.1" 200 469
200.30.225.218 - - [04/Mar/2016:16:28:48 -0300] "GET /cormun/servlet/prfichaempleado?2146af8a7af1793780094fcd894b766fa31e5a4b036a33651149d19e05e9cfb6e4c8abc1f17d747c7a11f1a0cdaf3fb0b525a4be3ebda71f5267efeb4b6b231f,gx-no-cache=1457119761783 HTTP/1.1" 200 460
201.239.193.253 - - [04/Mar/2016:16:28:49 -0300] "GET /cormun/servlet/hlogin HTTP/1.1" 200 1727
200.30.225.218 - - [04/Mar/2016:16:28:49 -0300] "GET /cormun/servlet/prfichaempleado?2146af8a7af1793780094fcd894b766f4f0ac474701966dfdee09a2fa6941ed7fe6c615338bd94ee76903cef62211dfddc10f873e97d74866d97217289bc331514b5e0e8b547e2e40b76440624bb6214,gx-no-cache=1457119764451 HTTP/1.1" 200 463
201.239.193.253 - - [04/Mar/2016:16:28:51 -0300] "POST /cormun/servlet/hlogin?21fb7234443c031564ea3aa53449426d,gx-no-cache=1457119752205 HTTP/1.1" 200 90
201.239.193.253 - - [04/Mar/2016:16:28:51 -0300] "GET /cormun/servlet/hpexe_link HTTP/1.1" 200 979
201.239.193.253 - - [04/Mar/2016:16:28:51 -0300] "GET /cormun/servlet/solicitudotadjuntos?INS,2016,632,,1, HTTP/1.1" 200 5463
201.239.193.253 - - [04/Mar/2016:16:28:51 -0300] "GET /cormun/static/about:blank HTTP/1.1" 404 1011
201.239.193.253 - - [04/Mar/2016:16:28:52 -0300] "GET /cormun/servlet/solicitudotadjuntos?INS,2016,632,,1, HTTP/1.1" 200 5462
201.239.193.253 - - [04/Mar/2016:16:28:53 -0300] "GET /cormun/servlet/solicitudotadjuntos?98339377c4ffe271f757ea0f8944fd593cbf40b0c8e7dd5483117e955e2c288b01e47e553269fe0b7cd807d0b7d95d28,gx-no-cache=1457119754029 HTTP/1.1" 200 30
201.239.193.253 - - [04/Mar/2016:16:28:53 -0300] "POST /cormun/servlet/solicitudotadjuntos?21fb7234443c031564ea3aa53449426d,INS,2016,632,,1,,gx-no-cache=1457119754109 HTTP/1.1" 200 3376
200.30.225.218 - - [04/Mar/2016:16:28:57 -0300] "GET /cormun/servlet/prfichaempleado?2146af8a7af1793780094fcd894b766f4f0ac474701966dfdee09a2fa6941ed70d3a02a7af094e5a9142e74afd731785d9d13a6ce23487a0fc6a34ccb70f083f600e8b837e008884ec731028da69c176,gx-no-cache=1457119772138 HTTP/1.1" 200 463
200.30.225.218 - - [04/Mar/2016:16:28:57 -0300] "GET /cormun/servlet/prfichaempleado?2146af8a7af1793780094fcd894b766f4f0ac474701966dfdee09a2fa6941ed71f609f98b84103de4bf7dedee8e048b3717ab7e05c187f63ea7de7ee84c5c9c041e6e1a258d6f08d7ebd6c0de92d4c93,gx-no-cache=1457119772750 HTTP/1.1" 200 463
200.30.225.218 - - [04/Mar/2016:16:29:00 -0300] "POST /cormun/servlet/prfichaempleado?635f31f76dffd0fe27f590a1634b3c17,,MD,,gxPopupLevel%3D0%3B,gx-no-cache=1457119774864 HTTP/1.1" 200 2894
201.239.193.253 - - [04/Mar/2016:16:29:01 -0300] "POST /cormun/servlet/solicitudotadjuntos?gx-no-cache=1457119762036 HTTP/1.1" 200 26
201.239.193.253 - - [04/Mar/2016:16:29:01 -0300] "GET /cormun/servlet/solicitudotadjuntos?98339377c4ffe271f757ea0f8944fd599d40f42c61a218fba53b3fe626d21467,gx-no-cache=1457119762085 HTTP/1.1" 200 30
201.239.193.253 - - [04/Mar/2016:16:29:01 -0300] "GET /cormun/servlet/solicitudotadjuntos?98339377c4ffe271f757ea0f8944fd599d40f42c61a218fba53b3fe626d21467,gx-no-cache=1457119762121 HTTP/1.1" 200 30
201.239.193.253 - - [04/Mar/2016:16:29:01 -0300] "POST /cormun/servlet/solicitudotadjuntos?21fb7234443c031564ea3aa53449426d,INS,2016,632,,1,,gx-no-cache=1457119762160 HTTP/1.1" 200 3184
201.239.193.253 - - [04/Mar/2016:16:29:01 -0300] "GET /cormun/static/Shared/jqueryui/images/ui-bg_highlight-soft_100_c6c2c8_1x100.png HTTP/1.1" 404 1117
201.239.193.253 - - [04/Mar/2016:16:29:01 -0300] "GET /cormun/static/Shared/jqueryui/images/ui-icons_82798d_256x240.png HTTP/1.1" 404 1089
201.239.193.253 - - [04/Mar/2016:16:29:01 -0300] "GET /cormun/static/Shared/jqueryui/images/ui-bg_flat_55_994d53_40x100.png HTTP/1.1" 404 1097
201.239.193.253 - - [04/Mar/2016:16:29:01 -0300] "GET /cormun/static/Shared/jqueryui/images/ui-icons_ebccce_256x240.png HTTP/1.1" 404 1089
201.239.193.253 - - [04/Mar/2016:16:29:03 -0300] "POST /cormun/servlet/solicitudotadjuntos?21fb7234443c031564ea3aa53449426d,INS,2016,632,,1,,gx-no-cache=1457119764705 HTTP/1.1" 200 93
201.239.193.253 - - [04/Mar/2016:16:29:03 -0300] "GET /cormun/servlet/hpexe_return? HTTP/1.1" 200 1029
201.239.193.253 - - [04/Mar/2016:16:29:04 -0300] "GET /cormun/servlet/trsolicitudadjuntos?2016,632, HTTP/1.1" 200 7405
201.239.193.253 - - [04/Mar/2016:16:29:05 -0300] "GET /cormun/servlet/trsolicitudadjuntos?2016,632, HTTP/1.1" 200 7402
200.30.225.218 - - [04/Mar/2016:16:29:20 -0300] "POST /cormun/servlet/solicitudot?gx-no-cache=1457119795014 HTTP/1.1" 200 2768
200.30.225.218 - - [04/Mar/2016:16:29:22 -0300] "POST /cormun/servlet/solicitudot?635f31f76dffd0fe27f590a1634b3c17,INS,0,0,,gx-no-cache=1457119795408 HTTP/1.1" 200 8420
200.30.225.218 - - [04/Mar/2016:16:29:23 -0300] "GET /cormun/servlet/solicitudot?04775e3a9641b87025583158ae0c7bafbed4d2768127f619c62ce2cf0c2a75ab9cde23531ef01b4bdbf3e92a07ba0eec,gx-no-cache=1457119798186 HTTP/1.1" 200 30
201.239.193.253 - - [04/Mar/2016:16:29:26 -0300] "GET /cormun/servlet/solicitudotadjuntos?INS,2016,632,,1, HTTP/1.1" 200 5467
201.239.193.253 - - [04/Mar/2016:16:29:27 -0300] "GET /cormun/static/about:blank HTTP/1.1" 404 1011
201.239.193.253 - - [04/Mar/2016:16:29:27 -0300] "GET /cormun/servlet/solicitudotadjuntos?INS,2016,632,,1, HTTP/1.1" 200 5461
201.239.193.253 - - [04/Mar/2016:16:29:28 -0300] "GET /cormun/servlet/solicitudotadjuntos?98339377c4ffe271f757ea0f8944fd593cbf40b0c8e7dd5483117e955e2c288b01e47e553269fe0b7cd807d0b7d95d28,gx-no-cache=1457119789174 HTTP/1.1" 200 30
201.239.193.253 - - [04/Mar/2016:16:29:28 -0300] "POST /cormun/servlet/solicitudotadjuntos?21fb7234443c031564ea3aa53449426d,INS,2016,632,,1,,gx-no-cache=1457119789242 HTTP/1.1" 200 3385
201.239.193.253 - - [04/Mar/2016:16:29:33 -0300] "POST /cormun/servlet/solicitudotadjuntos?gx-no-cache=1457119794390 HTTP/1.1" 200 26
200.30.225.218 - - [04/Mar/2016:16:29:34 -0300] "POST /cormun/servlet/solicitudot?gx-no-cache=1457119809892 HTTP/1.1" 200 30
200.30.225.218 - - [04/Mar/2016:16:29:37 -0300] "POST /cormun/servlet/solicitudot?gx-no-cache=1457119812840 HTTP/1.1" 200 30
200.30.225.218 - - [04/Mar/2016:16:29:41 -0300] "POST /cormun/servlet/solicitudot?gx-no-cache=1457119815951 HTTP/1.1" 200 1157
200.30.225.218 - - [04/Mar/2016:16:29:41 -0300] "GET /cormun/servlet/solicitudot?04775e3a9641b87025583158ae0c7baf8f7f32220753fd9756b1eda4ce3371673c06b0b1c0d7c5c870997f97dc527973cab55551ad0296c91125e431ec47c09a91754cbe17e8ca0c32b7fb4fcbbb66ef20948abda095cfda552991ce3ac68b5f053f73d1876fa83c97476350a2bf0fc16649aad532b3f1a5b04e3fdece6f87c47ec178eba1c5980e948fc42fd9b8446c,gx-no-cache=1457119816272 HTTP/1.1" 200 38
200.30.225.218 - - [04/Mar/2016:16:29:57 -0300] "GET /cormun/servlet/solicitudot?04775e3a9641b87025583158ae0c7baf3b27b8c560a2cbc70b9080c8a98aa1695f2070a675a0ff31b3bc7a9d7493f28f88f1616ed78d181736dbbe0fa5e7965a0f9467deb8c8a43f009daa1f0244f81a30c46cd881d4b718bcb7bba67241acbca7f2a1c023a09ab9b9152e03c6d5eaa31133900e4a02be84a780dcb3cbb007a8f87091a65958e747b5aedba4cdaf23ca6f656bd16639f4fba4f4a80f68af268c86010f71fb6cb26cc123d316aeff0d5bc37f95322807a352d149672510254275af96e96db18b7182ff131cee4ee616da,gx-no-cache=1457119832468 HTTP/1.1" 200 29
200.30.225.218 - - [04/Mar/2016:16:30:29 -0300] "POST /cormun/servlet/solicitudot?gx-no-cache=1457119863929 HTTP/1.1" 200 1116
200.30.225.218 - - [04/Mar/2016:16:30:29 -0300] "GET /cormun/static/menuarrow.gif HTTP/1.1" 404 1015
200.30.225.218 - - [04/Mar/2016:16:32:33 -0300] "GET /cormun/servlet/solicitudot?04775e3a9641b87025583158ae0c7baf5b3803d4f710d5e2c0f1e3882eae890761e8b7377bb3ca7a0ab8c2f5f10dda769a7f8abb87f4b9699d8aea60329b5fca8f7b2a95a1cdda6197fdc1e490e43df291c9ff02d3a3415059f85f9bb7a21869fe3a12e6f12fbf0914a63acec6dbc30e7389070c42d2ca8b341a68d1ee0fe5795b8d7f6930d47fda2596f5c7faf74d51bc775e526179bb4f48fee3c688cfbd7cedc1bb39207625d1ecba56b60a89ccd0,gx-no-cache=1457119988508 HTTP/1.1" 200 30
200.30.225.218 - - [04/Mar/2016:16:32:51 -0300] "POST /cormun/servlet/solicitudot?635f31f76dffd0fe27f590a1634b3c17,INS,0,0,,gx-no-cache=1457120006693 HTTP/1.1" 200 93
200.30.225.218 - - [04/Mar/2016:16:32:51 -0300] "GET /cormun/servlet/hpexe_return? HTTP/1.1" 200 1008
200.30.225.218 - - [04/Mar/2016:16:32:54 -0300] "GET /cormun/servlet/trsolicitudot HTTP/1.1" 200 7739
200.30.225.218 - - [04/Mar/2016:16:32:57 -0300] "GET /cormun/servlet/trsolicitudot HTTP/1.1" 200 7735
200.30.225.218 - - [04/Mar/2016:16:33:03 -0300] "GET /cormun/servlet/solicitudot?INS,0,0, HTTP/1.1" 200 11489
200.30.225.218 - - [04/Mar/2016:16:33:07 -0300] "GET /cormun/servlet/solicitudot?INS,0,0, HTTP/1.1" 200 11494
200.30.225.218 - - [04/Mar/2016:16:33:14 -0300] "GET /cormun/servlet/prfichaempleado?,MD,,gxPopupLevel%3D0%3B HTTP/1.1" 200 7925
200.30.225.218 - - [04/Mar/2016:16:33:16 -0300] "GET /cormun/static/scaMessage/css/jquery-ui.css?104140 HTTP/1.1" 404 1045
200.30.225.218 - - [04/Mar/2016:16:33:23 -0300] "GET /cormun/servlet/prfichaempleado?2146af8a7af1793780094fcd894b766f6ee9dae60a9e5bfc6aa655467dd18616574861c3e53f7905e0ac4ce285b04ac0922430c6f89c34a81500d85b200d5151,gx-no-cache=1457120038921 HTTP/1.1" 200 463
200.30.225.218 - - [04/Mar/2016:16:33:26 -0300] "GET /cormun/servlet/prfichaempleado?2146af8a7af1793780094fcd894b766f35e5df98ac477d403525f06e01649de10be2ec879d9185402a49121174df1807951d9170733f5a1be0208ccb1d3c27d925da5e7fff0c2cc81f3145b8cf5c82fc,gx-no-cache=1457120039688 HTTP/1.1" 200 462
200.30.225.218 - - [04/Mar/2016:16:33:27 -0300] "GET /cormun/servlet/prfichaempleado?2146af8a7af1793780094fcd894b766fe45ff283c76219a6313a9da6dfe76e08fe6c615338bd94ee76903cef62211dfdd3eee539359e02a3afaee9ae54fd3c6725da5e7fff0c2cc81f3145b8cf5c82fc,gx-no-cache=1457120042398 HTTP/1.1" 200 466
200.30.225.218 - - [04/Mar/2016:16:33:29 -0300] "POST /cormun/servlet/prfichaempleado?635f31f76dffd0fe27f590a1634b3c17,,MD,,gxPopupLevel%3D0%3B,gx-no-cache=1457120044336 HTTP/1.1" 200 5168
200.30.225.218 - - [04/Mar/2016:16:35:08 -0300] "POST /cormun/servlet/solicitudot?gx-no-cache=1457120143535 HTTP/1.1" 200 2668
200.30.225.218 - - [04/Mar/2016:16:35:09 -0300] "POST /cormun/servlet/solicitudot?635f31f76dffd0fe27f590a1634b3c17,INS,0,0,,gx-no-cache=1457120143978 HTTP/1.1" 200 8284
200.30.225.218 - - [04/Mar/2016:16:35:09 -0300] "GET /cormun/servlet/solicitudot?04775e3a9641b87025583158ae0c7bafaabbfb9a201b5fd8e3a0edfc5d2ea2a6,gx-no-cache=1457120144448 HTTP/1.1" 200 111
200.30.225.218 - - [04/Mar/2016:16:35:09 -0300] "GET /cormun/static/Shared/jqueryui/images/ui-bg_highlight-soft_100_c6c2c8_1x100.png HTTP/1.1" 404 1117
200.30.225.218 - - [04/Mar/2016:16:35:09 -0300] "GET /cormun/static/Shared/jqueryui/images/ui-icons_82798d_256x240.png HTTP/1.1" 404 1089
200.30.225.218 - - [04/Mar/2016:16:35:09 -0300] "GET /cormun/static/Shared/jqueryui/images/ui-bg_flat_55_994d53_40x100.png HTTP/1.1" 404 1097
200.30.225.218 - - [04/Mar/2016:16:35:09 -0300] "GET /cormun/static/Shared/jqueryui/images/ui-icons_ebccce_256x240.png HTTP/1.1" 404 1089
200.30.225.218 - - [04/Mar/2016:16:35:26 -0300] "GET /cormun/servlet/prfichaempleado?,MD,,gxPopupLevel%3D0%3B HTTP/1.1" 200 7925
200.30.225.218 - - [04/Mar/2016:16:35:28 -0300] "GET /cormun/static/scaMessage/css/jquery-ui.css?104140 HTTP/1.1" 404 1045
200.30.225.218 - - [04/Mar/2016:16:35:38 -0300] "GET /cormun/servlet/prfichaempleado?2146af8a7af1793780094fcd894b766fe40224ffd94526d3c2836272169af4cf5d2de7988e006c221d7183ff9074ab0e56e9ae67e7ca0bb388916459697ad0aa,gx-no-cache=1457120173961 HTTP/1.1" 200 459
200.30.225.218 - - [04/Mar/2016:16:35:40 -0300] "GET /cormun/servlet/prfichaempleado?2146af8a7af1793780094fcd894b766f0b5631646524dac53788b58dc06a55a40be2ec879d9185402a49121174df18070396428f2343860c8f52137736cce85925da5e7fff0c2cc81f3145b8cf5c82fc,gx-no-cache=1457120175343 HTTP/1.1" 200 466
200.30.225.218 - - [04/Mar/2016:16:35:42 -0300] "POST /cormun/servlet/prfichaempleado?635f31f76dffd0fe27f590a1634b3c17,,MD,,gxPopupLevel%3D0%3B,gx-no-cache=1457120177616 HTTP/1.1" 200 2994
200.30.225.218 - - [04/Mar/2016:16:36:33 -0300] "POST /cormun/servlet/solicitudot?gx-no-cache=1457120228320 HTTP/1.1" 200 2778
200.30.225.218 - - [04/Mar/2016:16:36:33 -0300] "POST /cormun/servlet/solicitudot?635f31f76dffd0fe27f590a1634b3c17,INS,0,0,,gx-no-cache=1457120228886 HTTP/1.1" 200 8463
201.239.193.253 - - [04/Mar/2016:16:36:35 -0300] "GET /cormun/servlet/solicitudotadjuntos?98339377c4ffe271f757ea0f8944fd599d40f42c61a218fba53b3fe626d21467,gx-no-cache=1457120216451 HTTP/1.1" 200 30
201.239.193.253 - - [04/Mar/2016:16:36:35 -0300] "GET /cormun/servlet/solicitudotadjuntos?98339377c4ffe271f757ea0f8944fd599d40f42c61a218fba53b3fe626d21467,gx-no-cache=1457120216582 HTTP/1.1" 200 30
200.30.225.218 - - [04/Mar/2016:16:36:36 -0300] "GET /cormun/servlet/solicitudot?04775e3a9641b87025583158ae0c7baf4d625c52fa82fdb4c248163ffcda155c9cde23531ef01b4bdbf3e92a07ba0eec,gx-no-cache=1457120229451 HTTP/1.1" 200 30
201.239.193.253 - - [04/Mar/2016:16:36:37 -0300] "POST /cormun/servlet/solicitudotadjuntos?21fb7234443c031564ea3aa53449426d,INS,2016,632,,1, HTTP/1.1" 200 5333
201.239.193.253 - - [04/Mar/2016:16:36:38 -0300] "GET /cormun/static/Shared/jqueryui/images/ui-bg_highlight-soft_100_c6c2c8_1x100.png HTTP/1.1" 404 1117
201.239.193.253 - - [04/Mar/2016:16:36:38 -0300] "GET /cormun/static/Shared/jqueryui/images/ui-icons_ebccce_256x240.png HTTP/1.1" 404 1089
201.239.193.253 - - [04/Mar/2016:16:36:38 -0300] "GET /cormun/static/Shared/jqueryui/images/ui-bg_flat_55_994d53_40x100.png HTTP/1.1" 404 1097
201.239.193.253 - - [04/Mar/2016:16:36:38 -0300] "GET /cormun/static/Shared/jqueryui/images/ui-icons_82798d_256x240.png HTTP/1.1" 404 1089
201.239.193.253 - - [04/Mar/2016:16:36:38 -0300] "GET /cormun/PrivateTempStorage/upload_00003099.docx HTTP/1.1" 200 189222
200.30.225.218 - - [04/Mar/2016:16:36:54 -0300] "POST /cormun/servlet/solicitudot?gx-no-cache=1457120249560 HTTP/1.1" 200 30
200.30.225.218 - - [04/Mar/2016:16:36:59 -0300] "POST /cormun/servlet/solicitudot?gx-no-cache=1457120254193 HTTP/1.1" 200 30
200.30.225.218 - - [04/Mar/2016:16:37:06 -0300] "POST /cormun/servlet/solicitudot?gx-no-cache=1457120261494 HTTP/1.1" 200 1158
200.30.225.218 - - [04/Mar/2016:16:37:06 -0300] "GET /cormun/servlet/solicitudot?04775e3a9641b87025583158ae0c7baf8f7f32220753fd9756b1eda4ce3371673c06b0b1c0d7c5c870997f97dc527973cab55551ad0296c91125e431ec47c09a91754cbe17e8ca0c32b7fb4fcbbb66ef20948abda095cfda552991ce3ac68b5f053f73d1876fa83c97476350a2bf0fc16649aad532b3f1a5b04e3fdece6f87c47ec178eba1c5980e948fc42fd9b8446c,gx-no-cache=1457120261979 HTTP/1.1" 200 38
200.30.225.218 - - [04/Mar/2016:16:37:21 -0300] "GET /cormun/servlet/solicitudot?04775e3a9641b87025583158ae0c7baf3b27b8c560a2cbc70b9080c8a98aa1695f2070a675a0ff31b3bc7a9d7493f28f8ebe0db4f3647c145eea8cc13326fa6773787884c6914d81347a74e4b7e7e3456d2168b6590fb7f203e3f067f50d89f80883182a3b974a4fca6a64810eedf3ae,gx-no-cache=1457120276735 HTTP/1.1" 200 29
200.30.225.218 - - [04/Mar/2016:16:37:21 -0300] "POST /cormun/servlet/solicitudot?gx-no-cache=1457120276819 HTTP/1.1" 200 1115
200.30.225.218 - - [04/Mar/2016:16:37:22 -0300] "GET /cormun/static/menuarrow.gif HTTP/1.1" 404 1015
200.30.225.218 - - [04/Mar/2016:16:37:36 -0300] "GET /cormun/servlet/solicitudot?04775e3a9641b87025583158ae0c7bafb0b8fbb1349772e1f09e924bc5df183561e8b7377bb3ca7a0ab8c2f5f10dda769a7f8abb87f4b9699d8aea60329b5fca8f7b2a95a1cdda6197fdc1e490e43df291c9ff02d3a3415059f85f9bb7a21869fe3a12e6f12fbf0914a63acec6dbc30e7389070c42d2ca8b341a68d1ee0fe5795b8d7f6930d47fda2596f5c7faf74d51bc775e526179bb4f48fee3c688cfbd7cedc1bb39207625d1ecba56b60a89ccd0,gx-no-cache=1457120291236 HTTP/1.1" 200 30
200.30.225.218 - - [04/Mar/2016:16:38:12 -0300] "POST /cormun/servlet/solicitudot?635f31f76dffd0fe27f590a1634b3c17,INS,0,0,,gx-no-cache=1457120327286 HTTP/1.1" 200 93
200.30.225.218 - - [04/Mar/2016:16:38:12 -0300] "GET /cormun/servlet/hpexe_return? HTTP/1.1" 200 1008
200.30.225.218 - - [04/Mar/2016:16:38:14 -0300] "GET /cormun/servlet/trsolicitudot HTTP/1.1" 200 8059
200.30.225.218 - - [04/Mar/2016:16:38:17 -0300] "GET /cormun/servlet/trsolicitudot HTTP/1.1" 200 8055
200.30.225.218 - - [04/Mar/2016:16:38:38 -0300] "POST /cormun/servlet/trsolicitudot?635f31f76dffd0fe27f590a1634b3c17,gx-no-cache=1457120353738 HTTP/1.1" 200 5397
200.30.225.218 - - [04/Mar/2016:16:38:39 -0300] "POST /cormun/servlet/trsolicitudot?635f31f76dffd0fe27f590a1634b3c17,gx-no-cache=1457120354462 HTTP/1.1" 200 5397
200.30.225.218 - - [04/Mar/2016:16:38:40 -0300] "POST /cormun/servlet/trsolicitudot?635f31f76dffd0fe27f590a1634b3c17,gx-no-cache=1457120354988 HTTP/1.1" 200 5397
200.30.225.218 - - [04/Mar/2016:16:38:44 -0300] "POST /cormun/servlet/trsolicitudot?635f31f76dffd0fe27f590a1634b3c17,gx-no-cache=1457120355553 HTTP/1.1" 200 5396
200.30.225.218 - - [04/Mar/2016:16:38:48 -0300] "POST /cormun/servlet/trsolicitudot?635f31f76dffd0fe27f590a1634b3c17,gx-no-cache=1457120359763 HTTP/1.1" 200 5397
200.30.225.218 - - [04/Mar/2016:16:38:49 -0300] "POST /cormun/servlet/trsolicitudot?635f31f76dffd0fe27f590a1634b3c17,gx-no-cache=1457120363889 HTTP/1.1" 200 5396
200.30.225.218 - - [04/Mar/2016:16:38:49 -0300] "POST /cormun/servlet/trsolicitudot?635f31f76dffd0fe27f590a1634b3c17,gx-no-cache=1457120364789 HTTP/1.1" 200 5397
200.30.225.218 - - [04/Mar/2016:16:38:50 -0300] "POST /cormun/servlet/trsolicitudot?635f31f76dffd0fe27f590a1634b3c17,gx-no-cache=1457120365338 HTTP/1.1" 200 105
200.30.225.218 - - [04/Mar/2016:16:38:53 -0300] "GET /cormun/servlet/solicitudot?UPD,2016,635, HTTP/1.1" 200 12708
115.231.222.40 - - [04/Mar/2016:16:38:54 -0300] "GET /cgi-bin/common/attr?id=260714&r=0.2221531006279735 HTTP/1.1" 404 999
200.30.225.218 - - [04/Mar/2016:16:38:57 -0300] "GET /cormun/servlet/solicitudot?UPD,2016,635, HTTP/1.1" 200 12717
200.30.225.218 - - [04/Mar/2016:16:38:58 -0300] "POST /cormun/servlet/solicitudot?gx-no-cache=1457120372882 HTTP/1.1" 200 2768
200.30.225.218 - - [04/Mar/2016:16:38:58 -0300] "POST /cormun/servlet/solicitudot?635f31f76dffd0fe27f590a1634b3c17,UPD,2016,635,,gx-no-cache=1457120373281 HTTP/1.1" 200 9089
200.30.225.218 - - [04/Mar/2016:16:39:05 -0300] "GET /cormun/servlet/solicitudot?04775e3a9641b87025583158ae0c7bafbed4d2768127f619c62ce2cf0c2a75ab540035c318652ee4a868884176bca858,gx-no-cache=1457120377462 HTTP/1.1" 200 30
200.30.225.218 - - [04/Mar/2016:16:39:09 -0300] "POST /cormun/servlet/solicitudot?gx-no-cache=1457120380458 HTTP/1.1" 200 30
200.30.225.218 - - [04/Mar/2016:16:39:19 -0300] "POST /cormun/servlet/solicitudot?gx-no-cache=1457120384707 HTTP/1.1" 200 30
200.30.225.218 - - [04/Mar/2016:16:39:19 -0300] "POST /cormun/servlet/solicitudot?gx-no-cache=1457120394305 HTTP/1.1" 200 1157
200.30.225.218 - - [04/Mar/2016:16:39:19 -0300] "GET /cormun/servlet/solicitudot?04775e3a9641b87025583158ae0c7baf8f7f32220753fd9756b1eda4ce3371673c06b0b1c0d7c5c870997f97dc527973cab55551ad0296c91125e431ec47c09a91754cbe17e8ca0c32b7fb4fcbbb66ef20948abda095cfda552991ce3ac68b5f053f73d1876fa83c97476350a2bf0fc16649aad532b3f1a5b04e3fdece6f87c4dde47331005dfca698286940e3db2e7925da5e7fff0c2cc81f3145b8cf5c82fc,gx-no-cache=1457120394490 HTTP/1.1" 200 41
200.30.225.218 - - [04/Mar/2016:16:39:25 -0300] "POST /cormun/servlet/solicitudot?635f31f76dffd0fe27f590a1634b3c17,UPD,2016,635,,gx-no-cache=1457120399974 HTTP/1.1" 200 93
200.30.225.218 - - [04/Mar/2016:16:39:25 -0300] "GET /cormun/servlet/hpexe_return? HTTP/1.1" 200 1034
200.30.225.218 - - [04/Mar/2016:16:39:28 -0300] "GET /cormun/servlet/trsolicitudot?gx-no-cache=1457120364789 HTTP/1.1" 200 8059
200.30.225.218 - - [04/Mar/2016:16:39:31 -0300] "GET /cormun/servlet/trsolicitudot?gx-no-cache=1457120364789 HTTP/1.1" 200 8076
200.30.225.218 - - [04/Mar/2016:16:39:41 -0300] "GET /cormun/servlet/solicitudot?INS,0,0, HTTP/1.1" 200 11511
200.30.225.218 - - [04/Mar/2016:16:39:44 -0300] "GET /cormun/servlet/solicitudot?INS,0,0, HTTP/1.1" 200 11493
201.239.193.253 - - [04/Mar/2016:16:39:51 -0300] "GET /cormun/servlet/solicitudotadjuntos?98339377c4ffe271f757ea0f8944fd590a8dda7beb17876708919983dfe0531082821641f1bac86ab5ea8fbd2f51bd21,gx-no-cache=1457120412258 HTTP/1.1" 200 30
200.30.225.218 - - [04/Mar/2016:16:40:00 -0300] "GET /cormun/servlet/prfichaempleado?,MD,,gxPopupLevel%3D0%3B HTTP/1.1" 200 7925
200.30.225.218 - - [04/Mar/2016:16:40:00 -0300] "GET /cormun/static/scaMessage/css/jquery-ui.css?104140 HTTP/1.1" 404 1045
200.30.225.218 - - [04/Mar/2016:16:40:07 -0300] "GET /cormun/servlet/prfichaempleado?2146af8a7af1793780094fcd894b766f062bc4b59b9f99c8df70182e3ecdf5e35d2de7988e006c221d7183ff9074ab0e56e9ae67e7ca0bb388916459697ad0aa,gx-no-cache=1457120442799 HTTP/1.1" 200 461
200.30.225.218 - - [04/Mar/2016:16:40:10 -0300] "GET /cormun/servlet/prfichaempleado?2146af8a7af1793780094fcd894b766fc7cf0a8a46bc3efb0e9141871dd60c02574861c3e53f7905e0ac4ce285b04ac057f120457789ed64108f09fca4cd9e10,gx-no-cache=1457120443999 HTTP/1.1" 200 461
200.30.225.218 - - [04/Mar/2016:16:40:10 -0300] "GET /cormun/servlet/prfichaempleado?2146af8a7af1793780094fcd894b766f9e3f32bdcb5596c389787702fc124effe4c8abc1f17d747c7a11f1a0cdaf3fb0c638c9ccec4f1a54b3710ea086d10272,gx-no-cache=1457120445747 HTTP/1.1" 200 462
201.239.193.253 - - [04/Mar/2016:16:40:11 -0300] "GET /cormun/servlet/solicitudotadjuntos?98339377c4ffe271f757ea0f8944fd590a8dda7beb17876708919983dfe05310003284ea4b0f1a862577e012104e899d,gx-no-cache=1457120432166 HTTP/1.1" 200 30
201.239.193.253 - - [04/Mar/2016:16:40:11 -0300] "GET /cormun/servlet/solicitudotadjuntos?98339377c4ffe271f757ea0f8944fd590a8dda7beb17876708919983dfe05310003284ea4b0f1a862577e012104e899d,gx-no-cache=1457120432210 HTTP/1.1" 200 30
200.30.225.218 - - [04/Mar/2016:16:40:14 -0300] "GET /cormun/servlet/prfichaempleado?2146af8a7af1793780094fcd894b766f6f975c86cdd7d74734b8576aa9e26ba1fe6c615338bd94ee76903cef62211dfdff038022a9983c6a22fbbbc63559d80914b5e0e8b547e2e40b76440624bb6214,gx-no-cache=1457120449555 HTTP/1.1" 200 463
200.30.225.218 - - [04/Mar/2016:16:40:16 -0300] "GET /cormun/servlet/prfichaempleado?2146af8a7af1793780094fcd894b766f6f975c86cdd7d74734b8576aa9e26ba10d5da06b2bae7e536097383a125e551006d06555b57757a9725c2cf6fab97d9613ab90d87ba71c3c1777e78e8ee6b8e5,gx-no-cache=1457120451047 HTTP/1.1" 200 466
200.30.225.218 - - [04/Mar/2016:16:40:17 -0300] "GET /cormun/servlet/prfichaempleado?2146af8a7af1793780094fcd894b766f6f975c86cdd7d74734b8576aa9e26ba11d250235816821a92207c8e716efcdb02404f2b2277dd85d73e688e3d8d52bbb2a987152b64334b6b0a073358ff16f60,gx-no-cache=1457120451925 HTTP/1.1" 200 468
200.30.225.218 - - [04/Mar/2016:16:40:18 -0300] "GET /cormun/servlet/prfichaempleado?2146af8a7af1793780094fcd894b766f6f975c86cdd7d74734b8576aa9e26ba17d0342567e948dc2000e4477836753f6dba65d43d92e1e323b0c07852c6e176dabec5a4d682d5c7339d97fcad6d759f4,gx-no-cache=1457120452872 HTTP/1.1" 200 468
200.30.225.218 - - [04/Mar/2016:16:40:23 -0300] "POST /cormun/servlet/prfichaempleado?635f31f76dffd0fe27f590a1634b3c17,,MD,,gxPopupLevel%3D0%3B,gx-no-cache=1457120456011 HTTP/1.1" 200 2790
201.239.193.253 - - [04/Mar/2016:16:40:27 -0300] "POST /cormun/servlet/solicitudotadjuntos?21fb7234443c031564ea3aa53449426d,INS,2016,632,,1, HTTP/1.1" 200 5327
201.239.193.253 - - [04/Mar/2016:16:40:29 -0300] "GET /cormun/PrivateTempStorage/upload_00003111.docx HTTP/1.1" 200 1133144
200.30.225.218 - - [04/Mar/2016:16:40:42 -0300] "POST /cormun/servlet/prfichaempleado?635f31f76dffd0fe27f590a1634b3c17,,MD,,gxPopupLevel%3D0%3B,gx-no-cache=1457120477095 HTTP/1.1" 200 2946
201.239.193.253 - - [04/Mar/2016:16:40:52 -0300] "POST /cormun/servlet/solicitudotadjuntos?21fb7234443c031564ea3aa53449426d,INS,2016,632,,1, HTTP/1.1" 200 116
201.239.193.253 - - [04/Mar/2016:16:40:52 -0300] "GET /cormun/servlet/hpexe_return? HTTP/1.1" 200 1029
201.239.193.253 - - [04/Mar/2016:16:40:53 -0300] "GET /cormun/servlet/trsolicitudadjuntos?2016,632, HTTP/1.1" 200 7406
201.239.193.253 - - [04/Mar/2016:16:40:54 -0300] "GET /cormun/servlet/trsolicitudadjuntos?2016,632, HTTP/1.1" 200 7402
201.239.193.253 - - [04/Mar/2016:16:41:02 -0300] "GET /cormun/servlet/solicitudotadjuntos?INS,2016,632,,1, HTTP/1.1" 200 5468
201.239.193.253 - - [04/Mar/2016:16:41:02 -0300] "GET /cormun/static/about:blank HTTP/1.1" 404 1011
201.239.193.253 - - [04/Mar/2016:16:41:03 -0300] "GET /cormun/servlet/solicitudotadjuntos?INS,2016,632,,1, HTTP/1.1" 200 5462
201.239.193.253 - - [04/Mar/2016:16:41:03 -0300] "GET /cormun/servlet/solicitudotadjuntos?98339377c4ffe271f757ea0f8944fd593cbf40b0c8e7dd5483117e955e2c288b01e47e553269fe0b7cd807d0b7d95d28,gx-no-cache=1457120484927 HTTP/1.1" 200 30
201.239.193.253 - - [04/Mar/2016:16:41:04 -0300] "POST /cormun/servlet/solicitudotadjuntos?21fb7234443c031564ea3aa53449426d,INS,2016,632,,1,,gx-no-cache=1457120484974 HTTP/1.1" 200 3385
201.239.193.253 - - [04/Mar/2016:16:41:16 -0300] "POST /cormun/servlet/solicitudotadjuntos?gx-no-cache=1457120497686 HTTP/1.1" 200 26
200.30.225.218 - - [04/Mar/2016:16:41:23 -0300] "POST /cormun/servlet/solicitudot?gx-no-cache=1457120518509 HTTP/1.1" 200 2785
200.30.225.218 - - [04/Mar/2016:16:41:24 -0300] "POST /cormun/servlet/solicitudot?635f31f76dffd0fe27f590a1634b3c17,INS,0,0,,gx-no-cache=1457120519027 HTTP/1.1" 200 8463
201.239.193.253 - - [04/Mar/2016:16:41:32 -0300] "POST /cormun/servlet/solicitudotadjuntos?gx-no-cache=1457120513785 HTTP/1.1" 200 26
200.30.225.218 - - [04/Mar/2016:16:41:39 -0300] "GET /cormun/servlet/solicitudot?04775e3a9641b87025583158ae0c7baf2ed3cbd63bcc230ee8b273a7cb7b918a14b5e0e8b547e2e40b76440624bb6214,gx-no-cache=1457120534094 HTTP/1.1" 200 30
200.30.225.218 - - [04/Mar/2016:16:41:39 -0300] "POST /cormun/servlet/solicitudot?gx-no-cache=1457120534529 HTTP/1.1" 200 30
201.239.193.253 - - [04/Mar/2016:16:41:43 -0300] "GET /cormun/servlet/solicitudotadjuntos?98339377c4ffe271f757ea0f8944fd599d40f42c61a218fba53b3fe626d21467,gx-no-cache=1457120524257 HTTP/1.1" 200 30
201.239.193.253 - - [04/Mar/2016:16:41:43 -0300] "GET /cormun/servlet/solicitudotadjuntos?98339377c4ffe271f757ea0f8944fd599d40f42c61a218fba53b3fe626d21467,gx-no-cache=1457120524304 HTTP/1.1" 200 30
201.239.193.253 - - [04/Mar/2016:16:41:45 -0300] "POST /cormun/servlet/solicitudotadjuntos?21fb7234443c031564ea3aa53449426d,INS,2016,632,,1, HTTP/1.1" 200 116
201.239.193.253 - - [04/Mar/2016:16:41:45 -0300] "GET /cormun/servlet/hpexe_return? HTTP/1.1" 200 1029
201.239.193.253 - - [04/Mar/2016:16:41:46 -0300] "GET /cormun/servlet/trsolicitudadjuntos?2016,632, HTTP/1.1" 200 7569
201.239.193.253 - - [04/Mar/2016:16:41:47 -0300] "GET /cormun/servlet/trsolicitudadjuntos?2016,632, HTTP/1.1" 200 7566
200.30.225.218 - - [04/Mar/2016:16:41:53 -0300] "POST /cormun/servlet/solicitudot?gx-no-cache=1457120548423 HTTP/1.1" 200 30
201.239.193.253 - - [04/Mar/2016:16:41:55 -0300] "GET /cormun/servlet/solicitudotadjuntos?INS,2016,632,,1, HTTP/1.1" 200 5468
201.239.193.253 - - [04/Mar/2016:16:41:56 -0300] "GET /cormun/static/about:blank HTTP/1.1" 404 1011
201.239.193.253 - - [04/Mar/2016:16:41:57 -0300] "GET /cormun/servlet/solicitudotadjuntos?INS,2016,632,,1, HTTP/1.1" 200 5462
201.239.193.253 - - [04/Mar/2016:16:41:57 -0300] "GET /cormun/servlet/solicitudotadjuntos?98339377c4ffe271f757ea0f8944fd593cbf40b0c8e7dd5483117e955e2c288b01e47e553269fe0b7cd807d0b7d95d28,gx-no-cache=1457120538483 HTTP/1.1" 200 30
201.239.193.253 - - [04/Mar/2016:16:41:57 -0300] "POST /cormun/servlet/solicitudotadjuntos?21fb7234443c031564ea3aa53449426d,INS,2016,632,,1,,gx-no-cache=1457120538550 HTTP/1.1" 200 3386
201.239.193.253 - - [04/Mar/2016:16:42:02 -0300] "POST /cormun/servlet/solicitudotadjuntos?gx-no-cache=1457120543504 HTTP/1.1" 200 26
200.30.225.218 - - [04/Mar/2016:16:42:08 -0300] "POST /cormun/servlet/solicitudot?gx-no-cache=1457120562719 HTTP/1.1" 200 30
200.30.225.218 - - [04/Mar/2016:16:42:11 -0300] "POST /cormun/servlet/solicitudot?gx-no-cache=1457120566551 HTTP/1.1" 200 1158
200.30.225.218 - - [04/Mar/2016:16:42:11 -0300] "GET /cormun/servlet/solicitudot?04775e3a9641b87025583158ae0c7baf8f7f32220753fd9756b1eda4ce3371673c06b0b1c0d7c5c870997f97dc527973cab55551ad0296c91125e431ec47c09a91754cbe17e8ca0c32b7fb4fcbbb66ef20948abda095cfda552991ce3ac68b5f053f73d1876fa83c97476350a2bf0fc16649aad532b3f1a5b04e3fdece6f87c47ec178eba1c5980e948fc42fd9b8446c,gx-no-cache=1457120566736 HTTP/1.1" 200 38
201.239.193.253 - - [04/Mar/2016:16:42:20 -0300] "GET /cormun/servlet/solicitudotadjuntos?98339377c4ffe271f757ea0f8944fd599d40f42c61a218fba53b3fe626d21467,gx-no-cache=1457120561168 HTTP/1.1" 200 30
201.239.193.253 - - [04/Mar/2016:16:42:20 -0300] "GET /cormun/servlet/solicitudotadjuntos?98339377c4ffe271f757ea0f8944fd599d40f42c61a218fba53b3fe626d21467,gx-no-cache=1457120561205 HTTP/1.1" 200 30
201.239.193.253 - - [04/Mar/2016:16:42:22 -0300] "POST /cormun/servlet/solicitudotadjuntos?21fb7234443c031564ea3aa53449426d,INS,2016,632,,1, HTTP/1.1" 200 5335
201.239.193.253 - - [04/Mar/2016:16:42:22 -0300] "GET /home/sistema/apache-tomcat-7.0.65/webapps/cormun/PrivateTempStorage/upload_00003147.docx HTTP/1.1" 404 1137
201.239.193.253 - - [04/Mar/2016:16:42:22 -0300] "GET /cormun/static/Shared/jqueryui/images/ui-icons_82798d_256x240.png HTTP/1.1" 404 1089
201.239.193.253 - - [04/Mar/2016:16:42:22 -0300] "GET /cormun/static/Shared/jqueryui/images/ui-icons_ebccce_256x240.png HTTP/1.1" 404 1089
201.239.193.253 - - [04/Mar/2016:16:42:22 -0300] "GET /cormun/static/Shared/jqueryui/images/ui-bg_highlight-soft_100_c6c2c8_1x100.png HTTP/1.1" 404 1117
201.239.193.253 - - [04/Mar/2016:16:42:22 -0300] "GET /cormun/static/Shared/jqueryui/images/ui-bg_flat_55_994d53_40x100.png HTTP/1.1" 404 1097
201.239.193.253 - - [04/Mar/2016:16:42:22 -0300] "GET /cormun/PrivateTempStorage/upload_00003147.docx HTTP/1.1" 200 189222
200.30.225.218 - - [04/Mar/2016:16:42:28 -0300] "GET /cormun/servlet/solicitudot?04775e3a9641b87025583158ae0c7baf3b27b8c560a2cbc70b9080c8a98aa1695f2070a675a0ff31b3bc7a9d7493f28f88f1616ed78d181736dbbe0fa5e7965a0f9467deb8c8a43f009daa1f0244f81a30c46cd881d4b718bcb7bba67241acbca7f2a1c023a09ab9b9152e03c6d5eaa31133900e4a02be84a780dcb3cbb007a8f87091a65958e747b5aedba4cdaf23ca6f656bd16639f4fba4f4a80f68af268c86010f71fb6cb26cc123d316aeff0d5bc37f95322807a352d149672510254275af96e96db18b7182ff131cee4ee616da,gx-no-cache=1457120583596 HTTP/1.1" 200 29
200.30.225.218 - - [04/Mar/2016:16:42:28 -0300] "POST /cormun/servlet/solicitudot?gx-no-cache=1457120583755 HTTP/1.1" 200 1116
200.30.225.218 - - [04/Mar/2016:16:42:28 -0300] "GET /cormun/static/menuarrow.gif HTTP/1.1" 404 1015
201.239.193.253 - - [04/Mar/2016:16:42:31 -0300] "POST /cormun/servlet/solicitudotadjuntos?gx-no-cache=1457120572491 HTTP/1.1" 200 26
200.30.225.218 - - [04/Mar/2016:16:42:48 -0300] "GET /cormun/servlet/solicitudot?04775e3a9641b87025583158ae0c7baf880bd1002cbb26145152bdac2f3e4643af4247b1c60fcb3723d417f311aa49df4ca748247b30c57524ebc3456606f96ad6b5a78ddbc8c2bf50c08d35875e45b3ba0d884ef5585a1366cea687c9bad650322cdf27350aef2a1599959d6347b7b50c7c6fc300674d0e483b128b34f8b6fcecb0d5bb984b35d7008915aee9359c61b3b3f895865451395fc2d9b6fcabacabde7e57ccb81cdf71eb9a8c71deb8f570,gx-no-cache=1457120603256 HTTP/1.1" 200 30
201.239.193.253 - - [04/Mar/2016:16:42:52 -0300] "GET /cormun/servlet/solicitudotadjuntos?98339377c4ffe271f757ea0f8944fd590a8dda7beb17876708919983dfe0531082821641f1bac86ab5ea8fbd2f51bd21,gx-no-cache=1457120593283 HTTP/1.1" 200 30
201.239.193.253 - - [04/Mar/2016:16:42:52 -0300] "GET /cormun/servlet/solicitudotadjuntos?98339377c4ffe271f757ea0f8944fd590a8dda7beb17876708919983dfe05310003284ea4b0f1a862577e012104e899d,gx-no-cache=1457120593386 HTTP/1.1" 200 30
201.239.193.253 - - [04/Mar/2016:16:43:09 -0300] "POST /cormun/servlet/solicitudotadjuntos?21fb7234443c031564ea3aa53449426d,INS,2016,632,,1, HTTP/1.1" 200 116
201.239.193.253 - - [04/Mar/2016:16:43:09 -0300] "GET /cormun/servlet/hpexe_return? HTTP/1.1" 200 1029
201.239.193.253 - - [04/Mar/2016:16:43:09 -0300] "GET /cormun/servlet/trsolicitudadjuntos?2016,632, HTTP/1.1" 200 7695
201.239.193.253 - - [04/Mar/2016:16:43:11 -0300] "GET /cormun/servlet/trsolicitudadjuntos?2016,632, HTTP/1.1" 200 7693
200.30.225.218 - - [04/Mar/2016:16:43:19 -0300] "POST /cormun/servlet/solicitudot?635f31f76dffd0fe27f590a1634b3c17,INS,0,0,,gx-no-cache=1457120634191 HTTP/1.1" 200 93
200.30.225.218 - - [04/Mar/2016:16:43:19 -0300] "GET /cormun/servlet/hpexe_return? HTTP/1.1" 200 1029
200.30.225.218 - - [04/Mar/2016:16:43:22 -0300] "GET /cormun/servlet/trsolicitudot?gx-no-cache=1457120364789 HTTP/1.1" 200 8368
200.30.225.218 - - [04/Mar/2016:16:43:27 -0300] "GET /cormun/servlet/trsolicitudot?gx-no-cache=1457120364789 HTTP/1.1" 200 8385
200.30.225.218 - - [04/Mar/2016:16:43:31 -0300] "GET /cormun/servlet/solicitudot?INS,0,0, HTTP/1.1" 200 11512
200.30.225.218 - - [04/Mar/2016:16:43:35 -0300] "GET /cormun/servlet/solicitudot?INS,0,0, HTTP/1.1" 200 11494
200.30.225.218 - - [04/Mar/2016:16:43:40 -0300] "GET /cormun/servlet/prfichaempleado?,MD,,gxPopupLevel%3D0%3B HTTP/1.1" 200 7925
200.30.225.218 - - [04/Mar/2016:16:43:44 -0300] "GET /cormun/static/scaMessage/css/jquery-ui.css?104140 HTTP/1.1" 404 1045
200.30.225.218 - - [04/Mar/2016:16:43:54 -0300] "GET /cormun/servlet/prfichaempleado?2146af8a7af1793780094fcd894b766fc247595b7f64b9844f39fbd999605d8f5d2de7988e006c221d7183ff9074ab0e56e9ae67e7ca0bb388916459697ad0aa,gx-no-cache=1457120668560 HTTP/1.1" 200 462
200.30.225.218 - - [04/Mar/2016:16:43:56 -0300] "GET /cormun/servlet/prfichaempleado?2146af8a7af1793780094fcd894b766f9dd2f13ea886174ee3b9b591c6c744920be2ec879d9185402a49121174df18071c2be8363abafd35edbd208fa19f594925da5e7fff0c2cc81f3145b8cf5c82fc,gx-no-cache=1457120669961 HTTP/1.1" 200 461
200.30.225.218 - - [04/Mar/2016:16:43:59 -0300] "GET /cormun/servlet/prfichaempleado?2146af8a7af1793780094fcd894b766ffff3a711d13297591cfb953c47fc5e26fe6c615338bd94ee76903cef62211dfd72b75ffbd21dd834c9139c0889de2ccd2de8df5bb37a27abf718851404e36541,gx-no-cache=1457120673206 HTTP/1.1" 200 461
200.30.225.218 - - [04/Mar/2016:16:44:00 -0300] "GET /cormun/servlet/prfichaempleado?2146af8a7af1793780094fcd894b766ffff3a711d13297591cfb953c47fc5e26ee43571da4cbd7f6e631aa4d99a17b406fe193ba051a5e14df38f516ecb53e79e4719357f3b852730e08e985f9941b96,gx-no-cache=1457120675262 HTTP/1.1" 200 432
186.103.159.46 - - [04/Mar/2016:16:44:02 -0300] "GET /cormun/servlet/hlogin HTTP/1.1" 200 1715
186.103.159.46 - - [04/Mar/2016:16:44:02 -0300] "GET /cormun/static/gxtimezone.js?85251 HTTP/1.1" 200 5781
186.103.159.46 - - [04/Mar/2016:16:44:02 -0300] "GET /cormun/static/gxcfg.js?20151120045111 HTTP/1.1" 200 953
186.103.159.46 - - [04/Mar/2016:16:44:02 -0300] "GET /cormun/static/messages.spa.js?85251 HTTP/1.1" 200 30736
186.103.159.46 - - [04/Mar/2016:16:44:02 -0300] "GET /cormun/static/Resources/ComunLogin.png HTTP/1.1" 200 17326
186.103.159.46 - - [04/Mar/2016:16:44:02 -0300] "GET /cormun/static/Resources/Spanish/PXTools.css?005343 HTTP/1.1" 200 89042
186.103.159.46 - - [04/Mar/2016:16:44:02 -0300] "GET /cormun/static/hlogin.js?20151120045126 HTTP/1.1" 200 2136
186.103.159.46 - - [04/Mar/2016:16:44:03 -0300] "GET /cormun/static/gxgral.js?85251 HTTP/1.1" 200 384558
200.30.225.218 - - [04/Mar/2016:16:44:03 -0300] "GET /cormun/servlet/prfichaempleado?2146af8a7af1793780094fcd894b766ffff3a711d13297591cfb953c47fc5e266414fcd7ea081d6088432e8a0849dd32a5a8c387a666f260339e9e0ade39d625,gx-no-cache=1457120675838 HTTP/1.1" 200 428
186.103.159.46 - - [04/Mar/2016:16:44:03 -0300] "GET /cormun/static/Resources/PXToolsLoginTop.png HTTP/1.1" 200 1337
186.103.159.46 - - [04/Mar/2016:16:44:03 -0300] "GET /cormun/static/Resources/PXToolsLoginBackground.png HTTP/1.1" 200 1164
186.103.159.46 - - [04/Mar/2016:16:44:03 -0300] "GET /cormun/static/Resources/PXToolsButtonRight21.png HTTP/1.1" 200 1283
186.103.159.46 - - [04/Mar/2016:16:44:03 -0300] "GET /cormun/static/Resources/PXToolsButtonLeft21.png HTTP/1.1" 200 1287
186.103.159.46 - - [04/Mar/2016:16:44:03 -0300] "GET /cormun/static/Resources/PXToolsLoginBottom.png HTTP/1.1" 200 1389
186.103.159.46 - - [04/Mar/2016:16:44:03 -0300] "GET /cormun/static/Resources/PXToolsButtonBackground2.png HTTP/1.1" 200 1181
186.103.159.46 - - [04/Mar/2016:16:44:03 -0300] "GET /cormun/static/Resources/indicator.gif HTTP/1.1" 200 1553
186.103.159.46 - - [04/Mar/2016:16:44:03 -0300] "GET /cormun/servlet/hlogin HTTP/1.1" 200 1725
186.103.159.46 - - [04/Mar/2016:16:44:04 -0300] "GET /cormun/static/Resources/PXToolsButtonLeft21.png HTTP/1.1" 200 1287
200.30.225.218 - - [04/Mar/2016:16:44:08 -0300] "POST /cormun/servlet/prfichaempleado?635f31f76dffd0fe27f590a1634b3c17,,MD,,gxPopupLevel%3D0%3B,gx-no-cache=1457120683000 HTTP/1.1" 200 2693
201.239.193.253 - - [04/Mar/2016:16:44:09 -0300] "GET /cormun/servlet/solicitudotadjuntos?INS,2016,632,,1, HTTP/1.1" 200 5469
201.239.193.253 - - [04/Mar/2016:16:44:10 -0300] "GET /cormun/static/about:blank HTTP/1.1" 404 1011
201.239.193.253 - - [04/Mar/2016:16:44:10 -0300] "GET /cormun/servlet/solicitudotadjuntos?INS,2016,632,,1, HTTP/1.1" 200 5463
