191.112.101.245 - - [04/Mar/2016:10:21:39 -0300] "GET /cormun/servlet/trsolicitudot?gx-no-cache=1457092391068 HTTP/1.1" 200 6051
191.112.101.245 - - [04/Mar/2016:10:21:41 -0300] "GET /cormun/static/menuarrow.gif HTTP/1.1" 404 1015
191.112.101.245 - - [04/Mar/2016:10:21:45 -0300] "POST /cormun/servlet/trsolicitudot?428d7be0fbe5204dc772c6c5d6b23893,gx-no-cache=1457092391068,gx-no-cache=1457097730118 HTTP/1.1" 200 4692
191.112.101.245 - - [04/Mar/2016:10:21:46 -0300] "POST /cormun/servlet/trsolicitudot?428d7be0fbe5204dc772c6c5d6b23893,gx-no-cache=1457092391068,gx-no-cache=1457097731276 HTTP/1.1" 200 4692
191.112.101.245 - - [04/Mar/2016:10:21:52 -0300] "POST /cormun/servlet/trsolicitudot?428d7be0fbe5204dc772c6c5d6b23893,gx-no-cache=1457092391068,gx-no-cache=1457097737523 HTTP/1.1" 200 4692
191.112.101.245 - - [04/Mar/2016:10:21:53 -0300] "POST /cormun/servlet/trsolicitudot?428d7be0fbe5204dc772c6c5d6b23893,gx-no-cache=1457092391068,gx-no-cache=1457097738078 HTTP/1.1" 200 4692
191.112.101.245 - - [04/Mar/2016:10:21:53 -0300] "POST /cormun/servlet/trsolicitudot?428d7be0fbe5204dc772c6c5d6b23893,gx-no-cache=1457092391068,gx-no-cache=1457097738709 HTTP/1.1" 200 4692
191.112.101.245 - - [04/Mar/2016:10:21:54 -0300] "POST /cormun/servlet/trsolicitudot?428d7be0fbe5204dc772c6c5d6b23893,gx-no-cache=1457092391068,gx-no-cache=1457097739296 HTTP/1.1" 200 4692
191.112.101.245 - - [04/Mar/2016:10:21:54 -0300] "POST /cormun/servlet/trsolicitudot?428d7be0fbe5204dc772c6c5d6b23893,gx-no-cache=1457092391068,gx-no-cache=1457097739878 HTTP/1.1" 200 4692
191.112.101.245 - - [04/Mar/2016:10:21:55 -0300] "POST /cormun/servlet/trsolicitudot?428d7be0fbe5204dc772c6c5d6b23893,gx-no-cache=1457092391068,gx-no-cache=1457097740504 HTTP/1.1" 200 105
191.112.101.245 - - [04/Mar/2016:10:21:55 -0300] "GET /cormun/servlet/trsolicitudadjuntos?2016,556, HTTP/1.1" 200 8002
191.112.101.245 - - [04/Mar/2016:10:21:57 -0300] "GET /cormun/servlet/trsolicitudadjuntos?2016,556, HTTP/1.1" 200 7988
191.112.101.245 - - [04/Mar/2016:10:22:03 -0300] "GET /cormun/servlet/solicitudotadjuntos?INS,2016,556,,1, HTTP/1.1" 200 5470
191.112.101.245 - - [04/Mar/2016:10:22:04 -0300] "GET /cormun/static/gxcfg.js?2016311984045 HTTP/1.1" 304 -
191.112.101.245 - - [04/Mar/2016:10:22:04 -0300] "GET /cormun/static/solicitudotadjuntos.js?2016311984068 HTTP/1.1" 304 -
191.112.101.245 - - [04/Mar/2016:10:22:04 -0300] "GET /cormun/static/about:blank HTTP/1.1" 404 1011
191.112.101.245 - - [04/Mar/2016:10:22:05 -0300] "GET /cormun/servlet/solicitudotadjuntos?INS,2016,556,,1, HTTP/1.1" 200 5464
191.112.101.245 - - [04/Mar/2016:10:22:06 -0300] "GET /cormun/servlet/solicitudotadjuntos?52b00dd4caec65c356e44f0f47c57a8916a49e5b1bd99bbe8492ae16e64fbd8b5c316a8d33e3b79a2323c63ea8f13c6f,gx-no-cache=1457097751679 HTTP/1.1" 200 30
191.112.101.245 - - [04/Mar/2016:10:22:06 -0300] "POST /cormun/servlet/solicitudotadjuntos?428d7be0fbe5204dc772c6c5d6b23893,INS,2016,556,,1,,gx-no-cache=1457097751817 HTTP/1.1" 200 3338
191.112.101.245 - - [04/Mar/2016:10:22:19 -0300] "POST /cormun/servlet/solicitudotadjuntos?gx-no-cache=1457097764676 HTTP/1.1" 200 26
186.103.159.44 - - [04/Mar/2016:10:22:19 -0300] "GET /cormun/servlet/solicitudot?fa05f6754cb1eb65350a26ae55bd43d85363f6f782aee6d7f73577836184a2ad5b9f05990f322e4ab3a104c54c2b6bd935c83dd5c719b78e77a2c95932ef5d9d1c2a1b2dc0be2a0d901bd131fb0c09eb29dab8c8512fc8a03d035120e4f8dfd3ed83af1ba0e0b42e78b9bf3266af313d8cafe4cbfcd72ceaa95f46a4dcbc8b2b580119b4c4e10beb94d324186624f11e8a80e4695bc1a45838a4c3990a64e9ba7935a2929c80342317ab9ee65f64fb3c,gx-no-cache=1457097746443 HTTP/1.1" 200 30
192.168.10.98 - - [04/Mar/2016:10:22:26 -0300] "GET /cormun/servlet/solicitudot?a64f1319e970778e21f9600c5542d98b6efad043f301ad134dd9065fdcbf79fff716eaf5c1967d5d0f0d7bba360ce360,gx-no-cache=1457097498072 HTTP/1.1" 200 30
192.168.10.98 - - [04/Mar/2016:10:22:26 -0300] "POST /cormun/servlet/solicitudot?gx-no-cache=1457097498117 HTTP/1.1" 200 30
192.168.10.98 - - [04/Mar/2016:10:22:26 -0300] "POST /cormun/servlet/solicitudot?gx-no-cache=1457097498135 HTTP/1.1" 200 33
192.168.10.98 - - [04/Mar/2016:10:22:26 -0300] "POST /cormun/servlet/solicitudot?gx-no-cache=1457097498223 HTTP/1.1" 200 452
192.168.10.98 - - [04/Mar/2016:10:22:26 -0300] "GET /cormun/servlet/solicitudot?a64f1319e970778e21f9600c5542d98bc81ceeba14a4b5a76b6edc880f159cc72af2bdc889da4fc9364f048729d54250769ec19bd8ca8f241560b3b84648da056487aff80acbf9d056eba0d750aead3be539a5955444f81dfd591a019bb59dd2d9e2fc4252b53573e9ab4a12fcfc0ba4a19a3b32bcb6a6d6069a98b12a1c76bfa153794a0a95d8e7fe191ca874597365,gx-no-cache=1457097498315 HTTP/1.1" 200 38
191.112.101.245 - - [04/Mar/2016:10:22:30 -0300] "GET /cormun/servlet/solicitudotadjuntos?52b00dd4caec65c356e44f0f47c57a89da827183b79bca6c8f1b796a23e4519d,gx-no-cache=1457097776184 HTTP/1.1" 200 30
191.112.101.245 - - [04/Mar/2016:10:22:31 -0300] "GET /cormun/servlet/solicitudotadjuntos?52b00dd4caec65c356e44f0f47c57a89da827183b79bca6c8f1b796a23e4519d,gx-no-cache=1457097776720 HTTP/1.1" 200 30
191.112.101.245 - - [04/Mar/2016:10:22:34 -0300] "POST /cormun/servlet/solicitudotadjuntos?428d7be0fbe5204dc772c6c5d6b23893,INS,2016,556,,1, HTTP/1.1" 200 116
191.112.101.245 - - [04/Mar/2016:10:22:34 -0300] "GET /cormun/servlet/hpexe_return? HTTP/1.1" 200 1024
191.112.101.245 - - [04/Mar/2016:10:22:36 -0300] "GET /cormun/servlet/trsolicitudadjuntos?2016,556, HTTP/1.1" 200 8238
192.168.10.98 - - [04/Mar/2016:10:22:38 -0300] "GET /cormun/servlet/solicitudot?a64f1319e970778e21f9600c5542d98bbd812d4d2cfd50c3a7b55e63018b29f41856524ec34736f542513abcb108270664ada141682785dba6db798e09e4adc404c6c725610d5f7140f60823cfa0f2846d4c963f0820daef9caf2b0b5547e614766af0bcf1a79c3979e83ac0893b06281f7aea40b73d3be7c6d49c1897802c471616b9230b274218b93fb0401cbc1582536812390df001dcad77de3b987fe3d0,gx-no-cache=1457097510575 HTTP/1.1" 200 29
191.112.101.245 - - [04/Mar/2016:10:22:39 -0300] "GET /cormun/servlet/trsolicitudadjuntos?2016,556, HTTP/1.1" 200 8243
192.168.10.98 - - [04/Mar/2016:10:22:39 -0300] "POST /cormun/servlet/solicitudot?gx-no-cache=1457097511752 HTTP/1.1" 200 1116
186.103.159.44 - - [04/Mar/2016:10:22:41 -0300] "POST /cormun/servlet/solicitudot?7a067c42d78a90d22e66ca5a11c77c27,INS,0,0,,gx-no-cache=1457097768267 HTTP/1.1" 200 93
186.103.159.44 - - [04/Mar/2016:10:22:41 -0300] "GET /cormun/servlet/hpexe_return? HTTP/1.1" 200 1028
186.103.159.44 - - [04/Mar/2016:10:22:42 -0300] "GET /cormun/servlet/trsolicitudot?gx-no-cache=1457097249383 HTTP/1.1" 200 7490
191.112.104.108 - - [04/Mar/2016:10:22:42 -0300] "GET /cormun/servlet/solicitudot?INS,0,0, HTTP/1.1" 200 11430
191.112.104.108 - - [04/Mar/2016:10:22:45 -0300] "GET /cormun/servlet/solicitudot?INS,0,0, HTTP/1.1" 200 11413
192.168.10.98 - - [04/Mar/2016:10:22:57 -0300] "GET /cormun/static/menuarrow.gif HTTP/1.1" 404 1015
192.168.10.98 - - [04/Mar/2016:10:23:10 -0300] "GET /cormun/servlet/solicitudot?a64f1319e970778e21f9600c5542d98b61320abb24fe55ec6bf46d8abd1857f41bb70fefa876a8171f699e4007311be058d76df3768eeb8de8c977146b3a399e70fb0da469707b6d65972a03f9f3cba72b4c99b9fd581ee887e8ff729c1c122f058cd50a3fdd7223f48b4e005ae21a55039bb281f5977634b6e26e1766bce374b801faa19b22f160fcd0dc43889c7150ea729493b49f4c5cb22f24e53f25288ba9e91d6bdef13b52284d76aa596a143e,gx-no-cache=1457097542595 HTTP/1.1" 200 30
191.112.104.108 - - [04/Mar/2016:10:23:29 -0300] "POST /cormun/servlet/solicitudot?gx-no-cache=1457097832562 HTTP/1.1" 200 2668
191.112.104.108 - - [04/Mar/2016:10:23:29 -0300] "POST /cormun/servlet/solicitudot?53548a419b0abf4d0b0647874261c9ad,INS,0,0,,gx-no-cache=1457097833212 HTTP/1.1" 200 8287
191.112.104.108 - - [04/Mar/2016:10:23:51 -0300] "POST /cormun/servlet/solicitudot?gx-no-cache=1457097854871 HTTP/1.1" 200 2783
191.112.104.108 - - [04/Mar/2016:10:23:51 -0300] "POST /cormun/servlet/solicitudot?53548a419b0abf4d0b0647874261c9ad,INS,0,0,,gx-no-cache=1457097855453 HTTP/1.1" 200 8490
191.112.104.108 - - [04/Mar/2016:10:23:58 -0300] "GET /cormun/servlet/solicitudot?b45c46adfaf7115fee39215409dfa1a6e6895231352acf6a9ef4b34bb44518cb77aa2280849861f08235227af5f228c8,gx-no-cache=1457097862235 HTTP/1.1" 200 30
191.112.104.108 - - [04/Mar/2016:10:23:58 -0300] "POST /cormun/servlet/solicitudot?gx-no-cache=1457097862451 HTTP/1.1" 200 30
191.112.104.108 - - [04/Mar/2016:10:23:58 -0300] "POST /cormun/servlet/solicitudot?gx-no-cache=1457097862572 HTTP/1.1" 200 33
191.112.104.108 - - [04/Mar/2016:10:23:58 -0300] "POST /cormun/servlet/solicitudot?gx-no-cache=1457097862750 HTTP/1.1" 200 1157
191.112.104.108 - - [04/Mar/2016:10:23:59 -0300] "GET /cormun/servlet/solicitudot?b45c46adfaf7115fee39215409dfa1a6969043cf3fc29cc56d6f2366aa991322531ed909a9a7e0d64ab6209c9e0899c1eb4602436abc66f7cebaf7577078ef1614fd3f42511980155bf954f55fecf196a633124049a022f857a8d62615d8a5bbdbf6b939cd3a025b77074de1cd578e0efa47e5bf234c9af1fd38bb3c3f658525831a6e647362b6e91f15dd0c85a8d0ed,gx-no-cache=1457097862994 HTTP/1.1" 200 38
191.112.104.108 - - [04/Mar/2016:10:24:07 -0300] "GET /cormun/servlet/solicitudot?b45c46adfaf7115fee39215409dfa1a6b01cbb3cb85588d14ea12be7a33c73ac32a0a9792d14f742c868ff8fd509cb1afbd913a12b196c06fd2800638197d1e2bcdb38423415ed4dbcc70b1ffefebc4994b5caf69d3efcdedd2f1276846ce2e40c4632b24154a6e74d937eef366906fab45ab16c42a312ec3340761411b7ffc5310adebee24c4c41e93418c1497f8d7f33594bbc8f8c7483d54299094228b5a131217ad089c8726c1a18acda7a9208cd3d65095aae906b5d1853d9be3a40849db58f7221ca2d6da9c542ebffe6c5c07d,gx-no-cache=1457097871481 HTTP/1.1" 200 29
191.112.104.108 - - [04/Mar/2016:10:24:07 -0300] "POST /cormun/servlet/solicitudot?gx-no-cache=1457097871610 HTTP/1.1" 200 1116
191.112.104.108 - - [04/Mar/2016:10:24:19 -0300] "GET /cormun/servlet/solicitudot?b45c46adfaf7115fee39215409dfa1a65aa9a711e0c8e599791057defc21be6317ede1bc6e149d34a88fc1c764e3acaf31255e089c7cc6f8fa6260a888998ab809f8458031b0b91037c1bb7cc1b98a2371b6369fde718dd4c520bf150e99fec3329a4dc2d93845aa861b958c6eba3c1c767eecf7221e796e95aaf8815c49e1de37aa4f2fcd6b1f80cc89a4bacace637b6486ce3b3e7790f6b47dd7452ef5bc1b8f7d09467f903584231a31d54eb65a4e,gx-no-cache=1457097883281 HTTP/1.1" 200 30
191.112.104.108 - - [04/Mar/2016:10:24:43 -0300] "POST /cormun/servlet/solicitudot?53548a419b0abf4d0b0647874261c9ad,INS,0,0,,gx-no-cache=1457097906704 HTTP/1.1" 200 93
191.112.104.108 - - [04/Mar/2016:10:24:43 -0300] "GET /cormun/servlet/hpexe_return? HTTP/1.1" 200 1033
191.112.104.108 - - [04/Mar/2016:10:24:44 -0300] "GET /cormun/servlet/trsolicitudot?gx-no-cache=1457097300552 HTTP/1.1" 200 11024
191.112.104.108 - - [04/Mar/2016:10:24:46 -0300] "GET /cormun/servlet/trsolicitudot?gx-no-cache=1457097300552 HTTP/1.1" 200 11040
191.112.104.108 - - [04/Mar/2016:10:24:55 -0300] "GET /cormun/servlet/solicitudot?INS,0,0, HTTP/1.1" 200 11428
191.112.104.108 - - [04/Mar/2016:10:24:57 -0300] "GET /cormun/servlet/solicitudot?INS,0,0, HTTP/1.1" 200 11411
191.112.104.108 - - [04/Mar/2016:10:25:08 -0300] "POST /cormun/servlet/solicitudot?gx-no-cache=1457097932163 HTTP/1.1" 200 2767
191.112.104.108 - - [04/Mar/2016:10:25:09 -0300] "POST /cormun/servlet/solicitudot?53548a419b0abf4d0b0647874261c9ad,INS,0,0,,gx-no-cache=1457097932735 HTTP/1.1" 200 8417
191.112.104.108 - - [04/Mar/2016:10:25:17 -0300] "GET /cormun/servlet/solicitudot?b45c46adfaf7115fee39215409dfa1a635e352ef23bf24a3ea3ccc719bb4c8cf77aa2280849861f08235227af5f228c8,gx-no-cache=1457097941438 HTTP/1.1" 200 30
191.112.104.108 - - [04/Mar/2016:10:25:17 -0300] "POST /cormun/servlet/solicitudot?gx-no-cache=1457097941627 HTTP/1.1" 200 30
191.112.104.108 - - [04/Mar/2016:10:25:17 -0300] "POST /cormun/servlet/solicitudot?gx-no-cache=1457097941753 HTTP/1.1" 200 33
191.112.104.108 - - [04/Mar/2016:10:25:18 -0300] "POST /cormun/servlet/solicitudot?gx-no-cache=1457097941903 HTTP/1.1" 200 1157
191.112.104.108 - - [04/Mar/2016:10:25:18 -0300] "GET /cormun/servlet/solicitudot?b45c46adfaf7115fee39215409dfa1a6969043cf3fc29cc56d6f2366aa991322531ed909a9a7e0d64ab6209c9e0899c1eb4602436abc66f7cebaf7577078ef1614fd3f42511980155bf954f55fecf196a633124049a022f857a8d62615d8a5bbdbf6b939cd3a025b77074de1cd578e0efa47e5bf234c9af1fd38bb3c3f658525831a6e647362b6e91f15dd0c85a8d0ed,gx-no-cache=1457097942102 HTTP/1.1" 200 38
191.112.104.108 - - [04/Mar/2016:10:25:26 -0300] "GET /cormun/servlet/solicitudot?b45c46adfaf7115fee39215409dfa1a6b01cbb3cb85588d14ea12be7a33c73ac32a0a9792d14f742c868ff8fd509cb1a3c87e22e3c2a350cd3ed26239a64b550bcdb38423415ed4dbcc70b1ffefebc4994b5caf69d3efcdedd2f1276846ce2e40c4632b24154a6e74d937eef366906fab45ab16c42a312ec3340761411b7ffc5310adebee24c4c41e93418c1497f8d7f33594bbc8f8c7483d54299094228b5a131217ad089c8726c1a18acda7a9208cd3d65095aae906b5d1853d9be3a40849db58f7221ca2d6da9c542ebffe6c5c07d,gx-no-cache=1457097950356 HTTP/1.1" 200 29
191.112.104.108 - - [04/Mar/2016:10:25:28 -0300] "POST /cormun/servlet/solicitudot?gx-no-cache=1457097952596 HTTP/1.1" 200 1115
191.112.101.245 - - [04/Mar/2016:10:25:40 -0300] "GET /cormun/PublicTempStorage/carolina_donoso_soto._c._alumno_regular.778715.jpg HTTP/1.1" 200 95906
191.112.104.108 - - [04/Mar/2016:10:25:41 -0300] "GET /cormun/servlet/solicitudot?b45c46adfaf7115fee39215409dfa1a68fc21b97d152fad0adfb345d2ffbe2df357f74be05af804f14b91690c7e37aba31255e089c7cc6f8fa6260a888998ab809f8458031b0b91037c1bb7cc1b98a2371b6369fde718dd4c520bf150e99fec3329a4dc2d93845aa861b958c6eba3c1c767eecf7221e796e95aaf8815c49e1de37aa4f2fcd6b1f80cc89a4bacace637b6486ce3b3e7790f6b47dd7452ef5bc1b8f7d09467f903584231a31d54eb65a4e,gx-no-cache=1457097965121 HTTP/1.1" 200 30
191.112.104.108 - - [04/Mar/2016:10:26:00 -0300] "POST /cormun/servlet/solicitudot?53548a419b0abf4d0b0647874261c9ad,INS,0,0,,gx-no-cache=1457097983712 HTTP/1.1" 200 93
191.112.104.108 - - [04/Mar/2016:10:26:00 -0300] "GET /cormun/servlet/hpexe_return? HTTP/1.1" 200 1033
191.112.104.108 - - [04/Mar/2016:10:26:00 -0300] "GET /cormun/servlet/trsolicitudot?gx-no-cache=1457097300552 HTTP/1.1" 200 11268
191.112.104.108 - - [04/Mar/2016:10:26:03 -0300] "GET /cormun/servlet/trsolicitudot?gx-no-cache=1457097300552 HTTP/1.1" 200 11285
191.112.104.108 - - [04/Mar/2016:10:26:07 -0300] "GET /cormun/servlet/solicitudot?INS,0,0, HTTP/1.1" 200 11430
191.112.104.108 - - [04/Mar/2016:10:26:10 -0300] "GET /cormun/servlet/solicitudot?INS,0,0, HTTP/1.1" 200 11413
191.112.101.245 - - [04/Mar/2016:10:26:13 -0300] "GET /cormun/servlet/trsolicitudadjuntos?2016,556, HTTP/1.1" 200 8242
191.112.101.245 - - [04/Mar/2016:10:26:16 -0300] "GET /cormun/servlet/trsolicitudadjuntos?2016,556, HTTP/1.1" 200 8242
191.112.101.245 - - [04/Mar/2016:10:26:19 -0300] "GET /cormun/PublicTempStorage/carolina_donoso_soto._c._alumno_regular.4552219.jpg HTTP/1.1" 200 95906
191.112.101.245 - - [04/Mar/2016:10:26:24 -0300] "GET /cormun/servlet/trsolicitudadjuntos?2016,556, HTTP/1.1" 200 8247
191.112.101.245 - - [04/Mar/2016:10:26:27 -0300] "GET /cormun/servlet/trsolicitudadjuntos?2016,556, HTTP/1.1" 200 8240
191.112.104.108 - - [04/Mar/2016:10:26:27 -0300] "POST /cormun/servlet/solicitudot?gx-no-cache=1457098011119 HTTP/1.1" 200 2775
191.112.104.108 - - [04/Mar/2016:10:26:28 -0300] "POST /cormun/servlet/solicitudot?53548a419b0abf4d0b0647874261c9ad,INS,0,0,,gx-no-cache=1457098011679 HTTP/1.1" 200 8430
191.112.104.108 - - [04/Mar/2016:10:26:31 -0300] "GET /cormun/servlet/solicitudot?b45c46adfaf7115fee39215409dfa1a6daea29a4ab4425b697945174efb9a48e77aa2280849861f08235227af5f228c8,gx-no-cache=1457098015060 HTTP/1.1" 200 30
191.112.104.108 - - [04/Mar/2016:10:26:31 -0300] "POST /cormun/servlet/solicitudot?gx-no-cache=1457098015185 HTTP/1.1" 200 30
191.112.104.108 - - [04/Mar/2016:10:26:31 -0300] "POST /cormun/servlet/solicitudot?gx-no-cache=1457098015303 HTTP/1.1" 200 33
191.112.104.108 - - [04/Mar/2016:10:26:31 -0300] "POST /cormun/servlet/solicitudot?gx-no-cache=1457098015472 HTTP/1.1" 200 1157
191.112.104.108 - - [04/Mar/2016:10:26:31 -0300] "GET /cormun/servlet/solicitudot?b45c46adfaf7115fee39215409dfa1a6969043cf3fc29cc56d6f2366aa991322531ed909a9a7e0d64ab6209c9e0899c1eb4602436abc66f7cebaf7577078ef1614fd3f42511980155bf954f55fecf196a633124049a022f857a8d62615d8a5bbdbf6b939cd3a025b77074de1cd578e0efa47e5bf234c9af1fd38bb3c3f658525831a6e647362b6e91f15dd0c85a8d0ed,gx-no-cache=1457098015676 HTTP/1.1" 200 38
191.112.101.245 - - [04/Mar/2016:10:26:36 -0300] "GET /cormun/servlet/solicitudotadjuntos?DLT,2016,556,CERTIF1,0, HTTP/1.1" 200 5497
191.112.101.245 - - [04/Mar/2016:10:26:37 -0300] "GET /cormun/PublicTempStorage/carolina_donoso_soto._c._alumno_regular.6984674.jpg HTTP/1.1" 200 95906
191.112.101.245 - - [04/Mar/2016:10:26:38 -0300] "GET /cormun/static/Shared/jqueryui/images/ui-bg_highlight-soft_100_c6c2c8_1x100.png HTTP/1.1" 404 1117
191.112.101.245 - - [04/Mar/2016:10:26:38 -0300] "GET /cormun/static/Shared/jqueryui/images/ui-icons_82798d_256x240.png HTTP/1.1" 404 1089
191.112.101.245 - - [04/Mar/2016:10:26:38 -0300] "GET /cormun/static/Shared/jqueryui/images/ui-bg_flat_55_fafafa_40x100.png HTTP/1.1" 404 1097
191.112.101.245 - - [04/Mar/2016:10:26:38 -0300] "GET /cormun/static/Shared/jqueryui/images/ui-icons_8d78a5_256x240.png HTTP/1.1" 404 1089
191.112.101.245 - - [04/Mar/2016:10:26:38 -0300] "GET /cormun/servlet/solicitudotadjuntos?DLT,2016,556,CERTIF1,0, HTTP/1.1" 200 5487
191.112.104.108 - - [04/Mar/2016:10:26:39 -0300] "GET /cormun/servlet/solicitudot?b45c46adfaf7115fee39215409dfa1a6b01cbb3cb85588d14ea12be7a33c73ac32a0a9792d14f742c868ff8fd509cb1a3c87e22e3c2a350cd3ed26239a64b550bcdb38423415ed4dbcc70b1ffefebc4994b5caf69d3efcdedd2f1276846ce2e40c4632b24154a6e74d937eef366906fab45ab16c42a312ec3340761411b7ffc5310adebee24c4c41e93418c1497f8d7f33594bbc8f8c7483d54299094228b5a131217ad089c8726c1a18acda7a9208cd3d65095aae906b5d1853d9be3a40849db58f7221ca2d6da9c542ebffe6c5c07d,gx-no-cache=1457098023438 HTTP/1.1" 200 29
191.112.101.245 - - [04/Mar/2016:10:26:41 -0300] "POST /cormun/servlet/solicitudotadjuntos?428d7be0fbe5204dc772c6c5d6b23893,DLT,2016,556,CERTIF1,0,,gx-no-cache=1457098026210 HTTP/1.1" 200 93
191.112.101.245 - - [04/Mar/2016:10:26:41 -0300] "GET /cormun/servlet/hpexe_return? HTTP/1.1" 200 1030
191.112.101.245 - - [04/Mar/2016:10:26:42 -0300] "GET /cormun/servlet/trsolicitudadjuntos?2016,556, HTTP/1.1" 200 7989
191.112.104.108 - - [04/Mar/2016:10:26:42 -0300] "POST /cormun/servlet/solicitudot?gx-no-cache=1457098026027 HTTP/1.1" 200 1115
191.112.101.245 - - [04/Mar/2016:10:26:44 -0300] "GET /cormun/servlet/trsolicitudadjuntos?2016,556, HTTP/1.1" 200 7987
191.112.101.245 - - [04/Mar/2016:10:26:46 -0300] "GET /cormun/servlet/solicitudotadjuntos?INS,2016,556,,1, HTTP/1.1" 200 5472
191.112.101.245 - - [04/Mar/2016:10:26:47 -0300] "GET /cormun/static/about:blank HTTP/1.1" 404 1011
191.112.101.245 - - [04/Mar/2016:10:26:48 -0300] "GET /cormun/servlet/solicitudotadjuntos?INS,2016,556,,1, HTTP/1.1" 200 5466
191.112.101.245 - - [04/Mar/2016:10:26:49 -0300] "GET /cormun/servlet/solicitudotadjuntos?52b00dd4caec65c356e44f0f47c57a8916a49e5b1bd99bbe8492ae16e64fbd8b5c316a8d33e3b79a2323c63ea8f13c6f,gx-no-cache=1457098034821 HTTP/1.1" 200 30
191.112.101.245 - - [04/Mar/2016:10:26:50 -0300] "POST /cormun/servlet/solicitudotadjuntos?428d7be0fbe5204dc772c6c5d6b23893,INS,2016,556,,1,,gx-no-cache=1457098034962 HTTP/1.1" 200 3339
191.112.104.108 - - [04/Mar/2016:10:26:53 -0300] "GET /cormun/servlet/solicitudot?b45c46adfaf7115fee39215409dfa1a6f521ddc9bf320033233322ea4798a7ca1a44f657de1730dfc867129890a36e9231255e089c7cc6f8fa6260a888998ab809f8458031b0b91037c1bb7cc1b98a2371b6369fde718dd4c520bf150e99fec3329a4dc2d93845aa861b958c6eba3c1c767eecf7221e796e95aaf8815c49e1de37aa4f2fcd6b1f80cc89a4bacace637b6486ce3b3e7790f6b47dd7452ef5bc1b8f7d09467f903584231a31d54eb65a4e,gx-no-cache=1457098037460 HTTP/1.1" 200 30
191.112.104.108 - - [04/Mar/2016:10:27:10 -0300] "POST /cormun/servlet/solicitudot?53548a419b0abf4d0b0647874261c9ad,INS,0,0,,gx-no-cache=1457098054293 HTTP/1.1" 200 93
191.112.104.108 - - [04/Mar/2016:10:27:10 -0300] "GET /cormun/servlet/hpexe_return? HTTP/1.1" 200 1033
191.112.104.108 - - [04/Mar/2016:10:27:11 -0300] "GET /cormun/servlet/trsolicitudot?gx-no-cache=1457097300552 HTTP/1.1" 200 11529
191.112.104.108 - - [04/Mar/2016:10:27:13 -0300] "GET /cormun/servlet/trsolicitudot?gx-no-cache=1457097300552 HTTP/1.1" 200 11545
191.112.104.108 - - [04/Mar/2016:10:27:31 -0300] "GET /cormun/servlet/solicitudot?INS,0,0, HTTP/1.1" 200 11430
191.112.101.245 - - [04/Mar/2016:10:27:32 -0300] "POST /cormun/servlet/solicitudotadjuntos?gx-no-cache=1457098077217 HTTP/1.1" 200 26
191.112.104.108 - - [04/Mar/2016:10:27:34 -0300] "GET /cormun/servlet/solicitudot?INS,0,0, HTTP/1.1" 200 11413
191.112.101.245 - - [04/Mar/2016:10:27:43 -0300] "GET /cormun/servlet/solicitudotadjuntos?52b00dd4caec65c356e44f0f47c57a89da827183b79bca6c8f1b796a23e4519d,gx-no-cache=1457098086123 HTTP/1.1" 200 30
191.112.101.245 - - [04/Mar/2016:10:27:46 -0300] "GET /cormun/servlet/solicitudotadjuntos?52b00dd4caec65c356e44f0f47c57a89da827183b79bca6c8f1b796a23e4519d,gx-no-cache=1457098088462 HTTP/1.1" 200 30
191.112.104.108 - - [04/Mar/2016:10:27:47 -0300] "POST /cormun/servlet/solicitudot?gx-no-cache=1457098090506 HTTP/1.1" 200 2773
191.112.104.108 - - [04/Mar/2016:10:27:49 -0300] "POST /cormun/servlet/solicitudot?53548a419b0abf4d0b0647874261c9ad,INS,0,0,,gx-no-cache=1457098091910 HTTP/1.1" 200 8422
191.112.104.108 - - [04/Mar/2016:10:27:52 -0300] "GET /cormun/servlet/solicitudot?b45c46adfaf7115fee39215409dfa1a6a95098f688dd728a06b1db2c883cd43412b9909470e74ec9d47f7e75c38622c8,gx-no-cache=1457098096785 HTTP/1.1" 200 30
191.112.104.108 - - [04/Mar/2016:10:27:54 -0300] "POST /cormun/servlet/solicitudot?gx-no-cache=1457098097028 HTTP/1.1" 200 30
191.112.104.108 - - [04/Mar/2016:10:28:17 -0300] "POST /cormun/servlet/solicitudot?gx-no-cache=1457098098328 HTTP/1.1" 200 33
191.112.104.108 - - [04/Mar/2016:10:28:17 -0300] "POST /cormun/servlet/solicitudot?gx-no-cache=1457098121575 HTTP/1.1" 200 1159
191.112.104.108 - - [04/Mar/2016:10:28:18 -0300] "GET /cormun/servlet/solicitudot?b45c46adfaf7115fee39215409dfa1a6969043cf3fc29cc56d6f2366aa991322531ed909a9a7e0d64ab6209c9e0899c1eb4602436abc66f7cebaf7577078ef1614fd3f42511980155bf954f55fecf196a633124049a022f857a8d62615d8a5bbdbf6b939cd3a025b77074de1cd578e0efa47e5bf234c9af1fd38bb3c3f658525831a6e647362b6e91f15dd0c85a8d0ed,gx-no-cache=1457098121852 HTTP/1.1" 200 38
191.112.104.108 - - [04/Mar/2016:10:28:20 -0300] "GET /cormun/servlet/solicitudot?b45c46adfaf7115fee39215409dfa1a6b01cbb3cb85588d14ea12be7a33c73ac32a0a9792d14f742c868ff8fd509cb1a35d30a79303276235ef0a72b8fa5b906bcdb38423415ed4dbcc70b1ffefebc4994b5caf69d3efcdedd2f1276846ce2e40c4632b24154a6e74d937eef366906fab45ab16c42a312ec3340761411b7ffc5310adebee24c4c41e93418c1497f8d7f33594bbc8f8c7483d54299094228b5a131217ad089c8726c1a18acda7a9208cd3d65095aae906b5d1853d9be3a40849db58f7221ca2d6da9c542ebffe6c5c07d,gx-no-cache=1457098123844 HTTP/1.1" 200 29
191.112.104.108 - - [04/Mar/2016:10:28:20 -0300] "POST /cormun/servlet/solicitudot?gx-no-cache=1457098124042 HTTP/1.1" 200 1117
191.112.101.245 - - [04/Mar/2016:10:28:33 -0300] "POST /cormun/servlet/solicitudotadjuntos?428d7be0fbe5204dc772c6c5d6b23893,INS,2016,556,,1, HTTP/1.1" 200 5665
191.112.104.108 - - [04/Mar/2016:10:28:55 -0300] "GET /cormun/servlet/solicitudot?b45c46adfaf7115fee39215409dfa1a6767570f160f8b34076eb9ec379949779cd847e2c57cd597e7c6bf54294b6d1d4a576329bb754734f4c44eed909014d1e831ba556f4e09dfad93af9712e742a3e90cba5188e16a7c78aabc3f73a50680dfbd0c09530e82d614c8c85ca440dfbe1aad7f2882d0d79beac82766ad47e52e05e6b1736aafbe34d6930e87efcb775f8eecdb0535b6041107602560cf860f5ad19dc612dbbd4524e4a2a1514d4a9b0e9,gx-no-cache=1457098159190 HTTP/1.1" 200 30
191.112.104.108 - - [04/Mar/2016:10:29:27 -0300] "POST /cormun/servlet/solicitudot?53548a419b0abf4d0b0647874261c9ad,INS,0,0,,gx-no-cache=1457098185381 HTTP/1.1" 200 93
191.112.104.108 - - [04/Mar/2016:10:29:27 -0300] "GET /cormun/servlet/hpexe_return? HTTP/1.1" 200 1033
191.112.104.108 - - [04/Mar/2016:10:29:28 -0300] "GET /cormun/servlet/trsolicitudot?gx-no-cache=1457097300552 HTTP/1.1" 200 11783
191.112.104.108 - - [04/Mar/2016:10:29:31 -0300] "GET /cormun/servlet/trsolicitudot?gx-no-cache=1457097300552 HTTP/1.1" 200 11800
192.168.10.98 - - [04/Mar/2016:10:29:31 -0300] "POST /cormun/servlet/solicitudot?gx-no-cache=1457097923977 HTTP/1.1" 200 30
191.112.101.245 - - [04/Mar/2016:10:29:58 -0300] "POST /cormun/servlet/solicitudotadjuntos?428d7be0fbe5204dc772c6c5d6b23893,INS,2016,556,,1, HTTP/1.1" 200 5300
191.112.101.245 - - [04/Mar/2016:10:29:58 -0300] "GET /cormun/static/Shared/jqueryui/images/ui-bg_highlight-soft_100_c6c2c8_1x100.png HTTP/1.1" 404 1117
191.112.101.245 - - [04/Mar/2016:10:29:58 -0300] "GET /cormun/static/Shared/jqueryui/images/ui-icons_82798d_256x240.png HTTP/1.1" 404 1089
191.112.101.245 - - [04/Mar/2016:10:29:58 -0300] "GET /cormun/static/Shared/jqueryui/images/ui-bg_flat_55_994d53_40x100.png HTTP/1.1" 404 1097
191.112.101.245 - - [04/Mar/2016:10:29:58 -0300] "GET /cormun/static/Shared/jqueryui/images/ui-icons_ebccce_256x240.png HTTP/1.1" 404 1089
191.112.101.245 - - [04/Mar/2016:10:29:58 -0300] "GET /cormun/PrivateTempStorage/upload_00002019.jpg HTTP/1.1" 200 103917
191.112.104.108 - - [04/Mar/2016:10:29:58 -0300] "GET /cormun/servlet/solicitudot?INS,0,0, HTTP/1.1" 200 11430
191.112.104.108 - - [04/Mar/2016:10:30:01 -0300] "GET /cormun/servlet/solicitudot?INS,0,0, HTTP/1.1" 200 11413
192.168.10.98 - - [04/Mar/2016:10:30:12 -0300] "POST /cormun/servlet/solicitudot?gx-no-cache=1457097964139 HTTP/1.1" 200 1153
192.168.10.98 - - [04/Mar/2016:10:30:12 -0300] "GET /cormun/servlet/solicitudot?a64f1319e970778e21f9600c5542d98bc81ceeba14a4b5a76b6edc880f159cc72af2bdc889da4fc9364f048729d54250769ec19bd8ca8f241560b3b84648da056487aff80acbf9d056eba0d750aead3be539a5955444f81dfd591a019bb59dd2d9e2fc4252b53573e9ab4a12fcfc0ba4a19a3b32bcb6a6d6069a98b12a1c76bfd53d009ce2b3355cbb607fe9ed7cadf9792d76d50800cafd51d30f0c9cae8b0b,gx-no-cache=1457097964214 HTTP/1.1" 200 41
192.168.10.98 - - [04/Mar/2016:10:30:12 -0300] "POST /cormun/servlet/solicitudot?gx-no-cache=1457097964264 HTTP/1.1" 200 1115
192.168.10.98 - - [04/Mar/2016:10:30:12 -0300] "GET /cormun/servlet/solicitudot?a64f1319e970778e21f9600c5542d98b61320abb24fe55ec6bf46d8abd1857f41bb70fefa876a8171f699e4007311be058d76df3768eeb8de8c977146b3a399e70fb0da469707b6d65972a03f9f3cba72b4c99b9fd581ee887e8ff729c1c122f058cd50a3fdd7223f48b4e005ae21a55039bb281f5977634b6e26e1766bce374b801faa19b22f160fcd0dc43889c7150ea729493b49f4c5cb22f24e53f25288ba9e91d6bdef13b52284d76aa596a143e,gx-no-cache=1457097964303 HTTP/1.1" 200 30
192.168.10.98 - - [04/Mar/2016:10:30:12 -0300] "POST /cormun/servlet/solicitudot?e03e5b14903f058cc218f9221dee9415,INS,0,0,,gx-no-cache=1457097964328 HTTP/1.1" 200 93
192.168.10.98 - - [04/Mar/2016:10:30:12 -0300] "GET /cormun/servlet/hpexe_return? HTTP/1.1" 200 1003
192.168.10.98 - - [04/Mar/2016:10:30:12 -0300] "GET /cormun/servlet/trsolicitudot HTTP/1.1" 200 7519
192.168.10.98 - - [04/Mar/2016:10:30:13 -0300] "GET /cormun/servlet/trsolicitudot HTTP/1.1" 200 7515
191.112.104.108 - - [04/Mar/2016:10:30:25 -0300] "POST /cormun/servlet/solicitudot?gx-no-cache=1457098243183 HTTP/1.1" 200 2773
192.168.10.98 - - [04/Mar/2016:10:30:38 -0300] "POST /cormun/servlet/trsolicitudot?e03e5b14903f058cc218f9221dee9415,gx-no-cache=1457097990989 HTTP/1.1" 200 4935
192.168.10.98 - - [04/Mar/2016:10:30:39 -0300] "POST /cormun/servlet/trsolicitudot?e03e5b14903f058cc218f9221dee9415,gx-no-cache=1457097991194 HTTP/1.1" 200 4935
192.168.10.98 - - [04/Mar/2016:10:30:39 -0300] "POST /cormun/servlet/trsolicitudot?e03e5b14903f058cc218f9221dee9415,gx-no-cache=1457097991366 HTTP/1.1" 200 4935
192.168.10.98 - - [04/Mar/2016:10:30:39 -0300] "POST /cormun/servlet/trsolicitudot?e03e5b14903f058cc218f9221dee9415,gx-no-cache=1457097991542 HTTP/1.1" 200 4935
192.168.10.98 - - [04/Mar/2016:10:30:39 -0300] "POST /cormun/servlet/trsolicitudot?e03e5b14903f058cc218f9221dee9415,gx-no-cache=1457097991719 HTTP/1.1" 200 4935
192.168.10.98 - - [04/Mar/2016:10:30:39 -0300] "POST /cormun/servlet/trsolicitudot?e03e5b14903f058cc218f9221dee9415,gx-no-cache=1457097991882 HTTP/1.1" 200 4936
192.168.10.98 - - [04/Mar/2016:10:30:40 -0300] "POST /cormun/servlet/trsolicitudot?e03e5b14903f058cc218f9221dee9415,gx-no-cache=1457097992091 HTTP/1.1" 200 4935
192.168.10.98 - - [04/Mar/2016:10:30:40 -0300] "POST /cormun/servlet/trsolicitudot?e03e5b14903f058cc218f9221dee9415,gx-no-cache=1457097992284 HTTP/1.1" 200 3631
192.168.10.98 - - [04/Mar/2016:10:30:40 -0300] "GET /cormun/static/Shared/jqueryui/images/ui-icons_8d78a5_256x240.png HTTP/1.1" 404 1089
192.168.10.98 - - [04/Mar/2016:10:30:40 -0300] "GET /cormun/static/Shared/jqueryui/images/ui-bg_flat_55_fafafa_40x100.png HTTP/1.1" 404 1097
192.168.10.98 - - [04/Mar/2016:10:30:40 -0300] "GET /cormun/static/Shared/jqueryui/images/ui-icons_82798d_256x240.png HTTP/1.1" 404 1089
192.168.10.98 - - [04/Mar/2016:10:30:40 -0300] "GET /cormun/static/Shared/jqueryui/images/ui-bg_highlight-soft_100_c6c2c8_1x100.png HTTP/1.1" 404 1117
192.168.10.98 - - [04/Mar/2016:10:30:40 -0300] "POST /cormun/servlet/trsolicitudot?e03e5b14903f058cc218f9221dee9415,gx-no-cache=1457097992506 HTTP/1.1" 200 3475
192.168.10.98 - - [04/Mar/2016:10:30:48 -0300] "GET /cormun/servlet/trautorizarsolicitud? HTTP/1.1" 200 7466
192.168.10.98 - - [04/Mar/2016:10:30:48 -0300] "GET /cormun/static/Resources/Spanish/PXTools.css?19444614 HTTP/1.1" 304 -
192.168.10.98 - - [04/Mar/2016:10:30:48 -0300] "GET /cormun/static/gxcfg.js?20163219504791 HTTP/1.1" 304 -
192.168.10.98 - - [04/Mar/2016:10:30:49 -0300] "GET /cormun/static/trautorizarsolicitud.js?20163219505323 HTTP/1.1" 304 -
192.168.10.98 - - [04/Mar/2016:10:30:49 -0300] "GET /cormun/servlet/trautorizarsolicitud? HTTP/1.1" 200 7466
191.112.104.108 - - [04/Mar/2016:10:30:57 -0300] "POST /cormun/servlet/solicitudot?53548a419b0abf4d0b0647874261c9ad,INS,0,0,,gx-no-cache=1457098249351 HTTP/1.1" 500 10
192.168.10.98 - - [04/Mar/2016:10:31:15 -0300] "GET /cormun/servlet/trautorizarsolicitud? HTTP/1.1" 200 7466
192.168.10.98 - - [04/Mar/2016:10:31:16 -0300] "GET /cormun/servlet/trautorizarsolicitud? HTTP/1.1" 200 7466
192.168.10.98 - - [04/Mar/2016:10:31:24 -0300] "POST /cormun/servlet/trautorizarsolicitud?e03e5b14903f058cc218f9221dee9415,,gx-no-cache=1457098036886 HTTP/1.1" 200 4908
192.168.10.98 - - [04/Mar/2016:10:31:25 -0300] "POST /cormun/servlet/trautorizarsolicitud?e03e5b14903f058cc218f9221dee9415,,gx-no-cache=1457098037048 HTTP/1.1" 200 4908
192.168.10.98 - - [04/Mar/2016:10:31:25 -0300] "POST /cormun/servlet/trautorizarsolicitud?e03e5b14903f058cc218f9221dee9415,,gx-no-cache=1457098037254 HTTP/1.1" 200 4909
192.168.10.98 - - [04/Mar/2016:10:31:25 -0300] "POST /cormun/servlet/trautorizarsolicitud?e03e5b14903f058cc218f9221dee9415,,gx-no-cache=1457098037434 HTTP/1.1" 200 4909
192.168.10.98 - - [04/Mar/2016:10:31:25 -0300] "POST /cormun/servlet/trautorizarsolicitud?e03e5b14903f058cc218f9221dee9415,,gx-no-cache=1457098037614 HTTP/1.1" 200 4909
192.168.10.98 - - [04/Mar/2016:10:31:25 -0300] "POST /cormun/servlet/trautorizarsolicitud?e03e5b14903f058cc218f9221dee9415,,gx-no-cache=1457098037798 HTTP/1.1" 200 4909
192.168.10.98 - - [04/Mar/2016:10:31:25 -0300] "POST /cormun/servlet/trautorizarsolicitud?e03e5b14903f058cc218f9221dee9415,,gx-no-cache=1457098037989 HTTP/1.1" 200 4908
192.168.10.98 - - [04/Mar/2016:10:31:26 -0300] "POST /cormun/servlet/trautorizarsolicitud?e03e5b14903f058cc218f9221dee9415,,gx-no-cache=1457098038202 HTTP/1.1" 200 3599
192.168.10.98 - - [04/Mar/2016:10:31:26 -0300] "GET /cormun/static/Shared/jqueryui/images/ui-icons_82798d_256x240.png HTTP/1.1" 404 1089
192.168.10.98 - - [04/Mar/2016:10:31:26 -0300] "GET /cormun/static/Shared/jqueryui/images/ui-bg_highlight-soft_100_c6c2c8_1x100.png HTTP/1.1" 404 1117
192.168.10.98 - - [04/Mar/2016:10:31:26 -0300] "GET /cormun/static/Shared/jqueryui/images/ui-bg_flat_55_fafafa_40x100.png HTTP/1.1" 404 1097
192.168.10.98 - - [04/Mar/2016:10:31:26 -0300] "GET /cormun/static/Shared/jqueryui/images/ui-icons_8d78a5_256x240.png HTTP/1.1" 404 1089
192.168.10.98 - - [04/Mar/2016:10:31:26 -0300] "POST /cormun/servlet/trautorizarsolicitud?e03e5b14903f058cc218f9221dee9415,,gx-no-cache=1457098038452 HTTP/1.1" 200 3450
191.112.104.108 - - [04/Mar/2016:10:31:35 -0300] "GET /cormun/servlet/solicitudot?INS,0,0, HTTP/1.1" 200 11430
191.112.104.108 - - [04/Mar/2016:10:31:36 -0300] "GET /cormun/static/Resources/Spanish/PXTools.css?1944839 HTTP/1.1" 304 -
191.112.104.108 - - [04/Mar/2016:10:31:36 -0300] "GET /cormun/static/Shared/jqueryui/jquery-ui.min.css?1345370 HTTP/1.1" 304 -
191.112.104.108 - - [04/Mar/2016:10:31:37 -0300] "GET /cormun/static/SmoothNavMenu/resources/ddsmoothmenu.css?1112540 HTTP/1.1" 304 -
191.112.104.108 - - [04/Mar/2016:10:31:37 -0300] "GET /cormun/static/SmoothNavMenu/resources/ddsmoothmenu-v.css?1112540 HTTP/1.1" 304 -
191.112.104.108 - - [04/Mar/2016:10:31:37 -0300] "GET /cormun/static/gxtimezone.js?85251 HTTP/1.1" 304 -
191.112.104.108 - - [04/Mar/2016:10:31:38 -0300] "GET /cormun/static/gxcfg.js?20163219435133 HTTP/1.1" 304 -
191.112.104.108 - - [04/Mar/2016:10:31:38 -0300] "GET /cormun/static/calendar.js?85251 HTTP/1.1" 304 -
191.112.104.108 - - [04/Mar/2016:10:31:39 -0300] "GET /cormun/static/calendar-system.css?85620 HTTP/1.1" 304 -
191.112.104.108 - - [04/Mar/2016:10:31:39 -0300] "GET /cormun/static/calendar-setup.js?85251 HTTP/1.1" 304 -
191.112.104.108 - - [04/Mar/2016:10:31:39 -0300] "GET /cormun/static/calendar-es.js?85251 HTTP/1.1" 304 -
191.112.104.108 - - [04/Mar/2016:10:31:39 -0300] "GET /cormun/static/gxgral.js?85251 HTTP/1.1" 304 -
191.112.104.108 - - [04/Mar/2016:10:31:39 -0300] "GET /cormun/static/RunJS/RunJS.js HTTP/1.1" 304 -
191.112.104.108 - - [04/Mar/2016:10:31:40 -0300] "GET /cormun/static/PXToolsJavascripts/pexe_autoreload.js HTTP/1.1" 304 -
191.112.104.108 - - [04/Mar/2016:10:31:40 -0300] "GET /cormun/static/PXToolsJavascripts/pexe_cookies.js HTTP/1.1" 304 -
191.112.104.108 - - [04/Mar/2016:10:31:40 -0300] "GET /cormun/static/scaMessage/css/jquery.pnotify.default.css?1816380 HTTP/1.1" 304 -
191.112.104.108 - - [04/Mar/2016:10:31:40 -0300] "GET /cormun/static/PXToolsJavascripts/pexe_grid.js HTTP/1.1" 304 -
191.112.104.108 - - [04/Mar/2016:10:31:40 -0300] "GET /cormun/static/PXToolsJavascripts/pexe_griddivfix.js HTTP/1.1" 304 -
191.112.104.108 - - [04/Mar/2016:10:31:41 -0300] "GET /cormun/static/PXToolsJavascripts/pexe_link.js HTTP/1.1" 304 -
191.112.104.108 - - [04/Mar/2016:10:31:42 -0300] "GET /cormun/static/PXToolsJavascripts/pexe_oav.js HTTP/1.1" 304 -
191.112.104.108 - - [04/Mar/2016:10:31:43 -0300] "GET /cormun/static/PXToolsJavascripts/pexe_oavdivfix.js HTTP/1.1" 304 -
191.112.104.108 - - [04/Mar/2016:10:31:43 -0300] "GET /cormun/static/PXToolsJavascripts/pexe_layers.js HTTP/1.1" 304 -
191.112.104.108 - - [04/Mar/2016:10:31:43 -0300] "GET /cormun/static/PXToolsJavascripts/pexe_menus.js HTTP/1.1" 304 -
191.112.104.108 - - [04/Mar/2016:10:31:44 -0300] "GET /cormun/static/PXToolsJavascripts/pexe_scrolldiv.js HTTP/1.1" 304 -
191.112.104.108 - - [04/Mar/2016:10:31:46 -0300] "GET /cormun/static/PXToolsJavascripts/pexe_windows.js HTTP/1.1" 304 -
191.112.104.108 - - [04/Mar/2016:10:31:47 -0300] "GET /cormun/static/PXToolsJavascripts/pexe_tabs.js HTTP/1.1" 304 -
191.112.104.108 - - [04/Mar/2016:10:31:47 -0300] "GET /cormun/static/PXToolsJavascripts/pexe_tabdivfix.js HTTP/1.1" 304 -
191.112.104.108 - - [04/Mar/2016:10:31:48 -0300] "GET /cormun/static/PXToolsJavascripts/pexe_picture.js HTTP/1.1" 304 -
191.112.104.108 - - [04/Mar/2016:10:31:49 -0300] "GET /cormun/static/PXToolsJavascripts/PXToolsJavascriptsRender.js HTTP/1.1" 304 -
191.112.104.108 - - [04/Mar/2016:10:31:49 -0300] "GET /cormun/static/Shared/ext/ext-all.js HTTP/1.1" 304 -
191.112.104.108 - - [04/Mar/2016:10:31:49 -0300] "GET /cormun/static/PXToolsJavascripts/pexe_popup.js HTTP/1.1" 304 -
191.112.104.108 - - [04/Mar/2016:10:31:49 -0300] "GET /cormun/static/gxui/gxui-all.js HTTP/1.1" 304 -
191.112.104.108 - - [04/Mar/2016:10:31:49 -0300] "GET /cormun/static/Shared/ext/locale/ext-lang-en.js HTTP/1.1" 304 -
191.112.104.108 - - [04/Mar/2016:10:31:50 -0300] "GET /cormun/static/PXToolsJavascripts/pexe_menudivfix.js HTTP/1.1" 304 -
191.112.104.108 - - [04/Mar/2016:10:31:50 -0300] "GET /cormun/static/messages.spa.js?85251 HTTP/1.1" 304 -
191.112.104.108 - - [04/Mar/2016:10:31:50 -0300] "GET /cormun/static/gxdec.js?85251 HTTP/1.1" 304 -
191.112.104.108 - - [04/Mar/2016:10:31:50 -0300] "GET /cormun/static/solicitudot.js?20163219435183 HTTP/1.1" 304 -
191.112.104.108 - - [04/Mar/2016:10:31:50 -0300] "GET /cormun/static/PXToolsJavascripts/pexe_upload.js HTTP/1.1" 304 -
191.112.104.108 - - [04/Mar/2016:10:31:50 -0300] "GET /cormun/static/hwchdr01.js?20162241650484 HTTP/1.1" 304 -
191.112.104.108 - - [04/Mar/2016:10:31:51 -0300] "GET /cormun/static/hpexe_recentlink.js?2015111312121342 HTTP/1.1" 304 -
191.112.104.108 - - [04/Mar/2016:10:31:51 -0300] "GET /cormun/static/hpexe_scripts.js?20151120014546 HTTP/1.1" 304 -
191.112.104.108 - - [04/Mar/2016:10:31:51 -0300] "GET /cormun/static/hpexe_messagecontroller.js?2015112210524422 HTTP/1.1" 304 -
191.112.104.108 - - [04/Mar/2016:10:31:51 -0300] "GET /cormun/static/hpexe_messagepopupcomponent.js?20163219454551 HTTP/1.1" 304 -
191.112.104.108 - - [04/Mar/2016:10:31:51 -0300] "GET /cormun/static/hpexe_messagegenexuscomponent.js?20151120014314 HTTP/1.1" 304 -
191.112.104.108 - - [04/Mar/2016:10:31:51 -0300] "GET /cormun/static/cmcontrolpreferences.js?20151120014525 HTTP/1.1" 304 -
191.112.104.108 - - [04/Mar/2016:10:31:51 -0300] "GET /cormun/static/Shared/jquery/jquery-1.4.2.min.js HTTP/1.1" 304 -
191.112.104.108 - - [04/Mar/2016:10:31:51 -0300] "GET /cormun/static/Shared/jquery/jquery-1.10.2.min.js HTTP/1.1" 304 -
191.112.104.108 - - [04/Mar/2016:10:31:51 -0300] "GET /cormun/static/Shared/jqueryui/jquery-ui.min.js HTTP/1.1" 304 -
191.112.104.108 - - [04/Mar/2016:10:31:51 -0300] "GET /cormun/static/SmoothNavMenu/resources/ddsmoothmenu.js HTTP/1.1" 304 -
191.112.104.108 - - [04/Mar/2016:10:31:52 -0300] "GET /cormun/static/SmoothNavMenu/resources/SmoothNavMenuRender.js HTTP/1.1" 304 -
191.112.104.108 - - [04/Mar/2016:10:31:52 -0300] "GET /cormun/static/scaMessage/js/jquery.pnotify.min.js HTTP/1.1" 304 -
191.112.104.108 - - [04/Mar/2016:10:31:52 -0300] "GET /cormun/static/scaMessage/scaMessageRender.js HTTP/1.1" 304 -
191.112.104.108 - - [04/Mar/2016:10:31:52 -0300] "GET /cormun/static/hmpwkw03.js?2016311993330 HTTP/1.1" 304 -
191.112.104.108 - - [04/Mar/2016:10:31:52 -0300] "GET /cormun/static/Resources/PXToolsFooterBackground2.png HTTP/1.1" 304 -
191.112.104.108 - - [04/Mar/2016:10:31:52 -0300] "GET /cormun/static/Resources/PXToolsHeaderBackground2.png HTTP/1.1" 304 -
191.112.104.108 - - [04/Mar/2016:10:31:53 -0300] "GET /cormun/static/Resources/PXToolsDataTitle.png HTTP/1.1" 304 -
191.112.104.108 - - [04/Mar/2016:10:31:53 -0300] "GET /cormun/static/Resources/PXToolsHeaderActionsBackground.png HTTP/1.1" 304 -
191.112.104.108 - - [04/Mar/2016:10:31:53 -0300] "GET /cormun/static/Resources/PXToolsHeaderSecurity.png HTTP/1.1" 304 -
191.112.104.108 - - [04/Mar/2016:10:31:53 -0300] "GET /cormun/static/Resources/logo4.png HTTP/1.1" 304 -
191.112.104.108 - - [04/Mar/2016:10:31:53 -0300] "GET /cormun/static/Resources/PXToolsHeaderActionsRight.png HTTP/1.1" 304 -
191.112.104.108 - - [04/Mar/2016:10:31:53 -0300] "GET /cormun/static/Resources/PXToolsHeaderLogin.png HTTP/1.1" 304 -
191.112.104.108 - - [04/Mar/2016:10:31:53 -0300] "GET /cormun/static/Resources/PXToolsHeaderActionsLeft.png HTTP/1.1" 304 -
191.112.104.108 - - [04/Mar/2016:10:31:54 -0300] "GET /cormun/static/Resources/PXToolsHeaderPreferences.png HTTP/1.1" 304 -
191.112.104.108 - - [04/Mar/2016:10:31:54 -0300] "GET /cormun/servlet/solicitudot?INS,0,0, HTTP/1.1" 200 11413
191.112.104.108 - - [04/Mar/2016:10:31:54 -0300] "GET /cormun/static/Resources/PXToolsButtonLeft21.png HTTP/1.1" 304 -
191.112.104.108 - - [04/Mar/2016:10:31:54 -0300] "GET /cormun/static/Resources/PXToolsButtonRight21.png HTTP/1.1" 304 -
191.112.104.108 - - [04/Mar/2016:10:31:54 -0300] "GET /cormun/static/Resources/PXToolsButtonBackground2.png HTTP/1.1" 304 -
191.112.104.108 - - [04/Mar/2016:10:31:54 -0300] "GET /cormun/static/Resources/PXToolsHeaderHome.png HTTP/1.1" 304 -
191.112.104.108 - - [04/Mar/2016:10:31:54 -0300] "GET /cormun/static/Resources/prompt.gif HTTP/1.1" 304 -
191.112.104.108 - - [04/Mar/2016:10:31:55 -0300] "GET /cormun/static/Resources/PXTools/calendar.png HTTP/1.1" 304 -
191.112.104.108 - - [04/Mar/2016:10:31:55 -0300] "GET /cormun/static/SmoothNavMenu/resources/images/down.gif HTTP/1.1" 304 -
191.112.104.108 - - [04/Mar/2016:10:31:55 -0300] "GET /cormun/static/Resources/indicator.gif HTTP/1.1" 304 -
191.112.104.108 - - [04/Mar/2016:10:31:56 -0300] "GET /favicon.ico HTTP/1.1" 200 21630
191.112.101.245 - - [04/Mar/2016:10:32:02 -0300] "GET /cormun/servlet/solicitudotadjuntos?52b00dd4caec65c356e44f0f47c57a8944683d5ff392a04713b944c2030b3b655c316a8d33e3b79a2323c63ea8f13c6f,gx-no-cache=1457098347666 HTTP/1.1" 200 30
191.112.101.245 - - [04/Mar/2016:10:32:10 -0300] "GET /cormun/servlet/solicitudotadjuntos?52b00dd4caec65c356e44f0f47c57a8996c74c37897c0cd3fd03988c3053d67f5c316a8d33e3b79a2323c63ea8f13c6f,gx-no-cache=1457098355619 HTTP/1.1" 200 30
191.112.101.245 - - [04/Mar/2016:10:32:12 -0300] "POST /cormun/servlet/solicitudotadjuntos?428d7be0fbe5204dc772c6c5d6b23893,INS,2016,556,,1, HTTP/1.1" 200 5302
191.112.101.245 - - [04/Mar/2016:10:32:12 -0300] "GET /cormun/PrivateTempStorage/upload_00002031.jpg HTTP/1.1" 200 103917
191.112.104.108 - - [04/Mar/2016:10:32:17 -0300] "POST /cormun/servlet/solicitudot?gx-no-cache=1457098351754 HTTP/1.1" 200 2773
191.112.104.108 - - [04/Mar/2016:10:32:19 -0300] "POST /cormun/servlet/solicitudot?53548a419b0abf4d0b0647874261c9ad,INS,0,0,,gx-no-cache=1457098361995 HTTP/1.1" 200 8423
191.112.101.245 - - [04/Mar/2016:10:32:20 -0300] "POST /cormun/servlet/solicitudotadjuntos?428d7be0fbe5204dc772c6c5d6b23893,INS,2016,556,,1, HTTP/1.1" 200 116
191.112.101.245 - - [04/Mar/2016:10:32:20 -0300] "GET /cormun/servlet/hpexe_return? HTTP/1.1" 200 1024
191.112.101.245 - - [04/Mar/2016:10:32:21 -0300] "GET /cormun/servlet/trsolicitudadjuntos?2016,556, HTTP/1.1" 200 7989
191.112.101.245 - - [04/Mar/2016:10:32:24 -0300] "GET /cormun/servlet/trsolicitudadjuntos?2016,556, HTTP/1.1" 200 7983
191.112.104.108 - - [04/Mar/2016:10:32:26 -0300] "GET /cormun/servlet/solicitudot?b45c46adfaf7115fee39215409dfa1a6a95098f688dd728a06b1db2c883cd43412b9909470e74ec9d47f7e75c38622c8,gx-no-cache=1457098367724 HTTP/1.1" 200 30
191.112.104.108 - - [04/Mar/2016:10:32:27 -0300] "POST /cormun/servlet/solicitudot?gx-no-cache=1457098370385 HTTP/1.1" 200 30
191.112.104.108 - - [04/Mar/2016:10:32:28 -0300] "POST /cormun/servlet/solicitudot?gx-no-cache=1457098371277 HTTP/1.1" 200 33
191.112.104.108 - - [04/Mar/2016:10:32:29 -0300] "POST /cormun/servlet/solicitudot?gx-no-cache=1457098372172 HTTP/1.1" 200 1159
191.112.104.108 - - [04/Mar/2016:10:32:30 -0300] "GET /cormun/servlet/solicitudot?b45c46adfaf7115fee39215409dfa1a6969043cf3fc29cc56d6f2366aa991322531ed909a9a7e0d64ab6209c9e0899c1eb4602436abc66f7cebaf7577078ef1614fd3f42511980155bf954f55fecf196a633124049a022f857a8d62615d8a5bbdbf6b939cd3a025b77074de1cd578e0efa47e5bf234c9af1fd38bb3c3f658525831a6e647362b6e91f15dd0c85a8d0ed,gx-no-cache=1457098373322 HTTP/1.1" 200 38
191.112.104.108 - - [04/Mar/2016:10:32:37 -0300] "GET /cormun/servlet/solicitudot?b45c46adfaf7115fee39215409dfa1a6b01cbb3cb85588d14ea12be7a33c73ac32a0a9792d14f742c868ff8fd509cb1a3c87e22e3c2a350cd3ed26239a64b550bcdb38423415ed4dbcc70b1ffefebc4994b5caf69d3efcdedd2f1276846ce2e40c4632b24154a6e74d937eef366906fab45ab16c42a312ec3340761411b7ffc5310adebee24c4c41e93418c1497f8d7f33594bbc8f8c7483d54299094228b5a131217ad089c8726c1a18acda7a9208cd3d65095aae906b5d1853d9be3a40849db58f7221ca2d6da9c542ebffe6c5c07d,gx-no-cache=1457098380730 HTTP/1.1" 200 29
191.112.104.108 - - [04/Mar/2016:10:32:42 -0300] "POST /cormun/servlet/solicitudot?gx-no-cache=1457098385295 HTTP/1.1" 200 1117
191.112.104.108 - - [04/Mar/2016:10:32:43 -0300] "GET /cormun/static/menuarrow.gif HTTP/1.1" 404 1015
191.112.104.108 - - [04/Mar/2016:10:32:56 -0300] "GET /cormun/servlet/solicitudot?b45c46adfaf7115fee39215409dfa1a6767570f160f8b34076eb9ec379949779cd847e2c57cd597e7c6bf54294b6d1d4a576329bb754734f4c44eed909014d1e831ba556f4e09dfad93af9712e742a3e90cba5188e16a7c78aabc3f73a50680dfbd0c09530e82d614c8c85ca440dfbe1aad7f2882d0d79beac82766ad47e52e05e6b1736aafbe34d6930e87efcb775f8eecdb0535b6041107602560cf860f5ad19dc612dbbd4524e4a2a1514d4a9b0e9,gx-no-cache=1457098398869 HTTP/1.1" 200 30
192.168.10.98 - - [04/Mar/2016:10:33:44 -0300] "GET /cormun/servlet/trsolicitudot? HTTP/1.1" 200 6213
191.112.104.108 - - [04/Mar/2016:10:33:44 -0300] "POST /cormun/servlet/solicitudot?53548a419b0abf4d0b0647874261c9ad,INS,0,0,,gx-no-cache=1457098440431 HTTP/1.1" 200 93
192.168.10.98 - - [04/Mar/2016:10:33:45 -0300] "GET /cormun/servlet/trsolicitudot? HTTP/1.1" 200 6213
191.112.104.108 - - [04/Mar/2016:10:33:45 -0300] "GET /cormun/servlet/hpexe_return? HTTP/1.1" 200 1033
191.112.104.108 - - [04/Mar/2016:10:33:46 -0300] "GET /cormun/servlet/trsolicitudot?gx-no-cache=1457097300552 HTTP/1.1" 200 11996
192.168.10.98 - - [04/Mar/2016:10:33:50 -0300] "GET /cormun/servlet/solicitudot?INS,0,0, HTTP/1.1" 200 11459
192.168.10.98 - - [04/Mar/2016:10:33:50 -0300] "GET /cormun/servlet/solicitudot?INS,0,0, HTTP/1.1" 200 11464
191.112.104.108 - - [04/Mar/2016:10:33:52 -0300] "GET /cormun/servlet/trsolicitudot?gx-no-cache=1457097300552 HTTP/1.1" 200 12012
191.112.104.108 - - [04/Mar/2016:10:33:55 -0300] "GET /cormun/servlet/solicitudot?INS,0,0, HTTP/1.1" 200 11430
191.112.104.108 - - [04/Mar/2016:10:33:58 -0300] "GET /cormun/servlet/solicitudot?INS,0,0, HTTP/1.1" 200 11412
191.112.104.108 - - [04/Mar/2016:10:34:10 -0300] "POST /cormun/servlet/solicitudot?gx-no-cache=1457098473511 HTTP/1.1" 200 2781
191.112.104.108 - - [04/Mar/2016:10:34:10 -0300] "POST /cormun/servlet/solicitudot?53548a419b0abf4d0b0647874261c9ad,INS,0,0,,gx-no-cache=1457098474257 HTTP/1.1" 200 8431
192.168.10.98 - - [04/Mar/2016:10:34:14 -0300] "POST /cormun/servlet/solicitudot?gx-no-cache=1457098206708 HTTP/1.1" 200 2774
192.168.10.98 - - [04/Mar/2016:10:34:14 -0300] "POST /cormun/servlet/solicitudot?e03e5b14903f058cc218f9221dee9415,INS,0,0,,gx-no-cache=1457098206846 HTTP/1.1" 200 8421
191.112.104.108 - - [04/Mar/2016:10:34:15 -0300] "GET /cormun/servlet/solicitudot?b45c46adfaf7115fee39215409dfa1a6018e7de100fb14bfad03c063578cd07277aa2280849861f08235227af5f228c8,gx-no-cache=1457098478921 HTTP/1.1" 200 30
191.112.104.108 - - [04/Mar/2016:10:34:15 -0300] "POST /cormun/servlet/solicitudot?gx-no-cache=1457098479070 HTTP/1.1" 200 30
191.112.104.108 - - [04/Mar/2016:10:34:15 -0300] "POST /cormun/servlet/solicitudot?gx-no-cache=1457098479287 HTTP/1.1" 200 33
191.112.104.108 - - [04/Mar/2016:10:34:15 -0300] "POST /cormun/servlet/solicitudot?gx-no-cache=1457098479437 HTTP/1.1" 200 1157
191.112.104.108 - - [04/Mar/2016:10:34:15 -0300] "GET /cormun/servlet/solicitudot?b45c46adfaf7115fee39215409dfa1a6969043cf3fc29cc56d6f2366aa991322531ed909a9a7e0d64ab6209c9e0899c1eb4602436abc66f7cebaf7577078ef1614fd3f42511980155bf954f55fecf196a633124049a022f857a8d62615d8a5bbdbf6b939cd3a025b77074de1cd578e0efa47e5bf234c9af1fd38bb3c3f658525831a6e647362b6e91f15dd0c85a8d0ed,gx-no-cache=1457098479630 HTTP/1.1" 200 38
191.112.104.108 - - [04/Mar/2016:10:34:22 -0300] "GET /cormun/servlet/solicitudot?b45c46adfaf7115fee39215409dfa1a6b01cbb3cb85588d14ea12be7a33c73ac32a0a9792d14f742c868ff8fd509cb1a3c87e22e3c2a350cd3ed26239a64b550bcdb38423415ed4dbcc70b1ffefebc4994b5caf69d3efcdedd2f1276846ce2e40c4632b24154a6e74d937eef366906fab45ab16c42a312ec3340761411b7ffc5310adebee24c4c41e93418c1497f8d7f33594bbc8f8c7483d54299094228b5a131217ad089c8726c1a18acda7a9208cd3d65095aae906b5d1853d9be3a40849db58f7221ca2d6da9c542ebffe6c5c07d,gx-no-cache=1457098485993 HTTP/1.1" 200 29
192.168.10.98 - - [04/Mar/2016:10:34:22 -0300] "GET /cormun/servlet/solicitudot?a64f1319e970778e21f9600c5542d98b6efad043f301ad134dd9065fdcbf79fff716eaf5c1967d5d0f0d7bba360ce360,gx-no-cache=1457098214389 HTTP/1.1" 200 30
192.168.10.98 - - [04/Mar/2016:10:34:22 -0300] "POST /cormun/servlet/solicitudot?gx-no-cache=1457098214436 HTTP/1.1" 200 30
191.112.104.108 - - [04/Mar/2016:10:34:24 -0300] "POST /cormun/servlet/solicitudot?gx-no-cache=1457098488594 HTTP/1.1" 200 1116
191.112.104.108 - - [04/Mar/2016:10:34:38 -0300] "GET /cormun/servlet/solicitudot?b45c46adfaf7115fee39215409dfa1a6dfe49204f96889169a33e803ff2147b92c37cccf40b4f24a0b16959a69b65a0331255e089c7cc6f8fa6260a888998ab809f8458031b0b91037c1bb7cc1b98a2371b6369fde718dd4c520bf150e99fec3329a4dc2d93845aa861b958c6eba3c1c767eecf7221e796e95aaf8815c49e1de37aa4f2fcd6b1f80cc89a4bacace637b6486ce3b3e7790f6b47dd7452ef5bc1b8f7d09467f903584231a31d54eb65a4e,gx-no-cache=1457098502102 HTTP/1.1" 200 30
186.103.248.189 - - [04/Mar/2016:10:34:55 -0300] "GET /cormun/servlet/hlogin HTTP/1.1" 200 1723
186.103.248.189 - - [04/Mar/2016:10:35:17 -0300] "POST /cormun/servlet/hlogin?dbfcece63b7dfb19db09e8e0aa02665b,gx-no-cache=1457098545382 HTTP/1.1" 200 90
186.103.248.189 - - [04/Mar/2016:10:35:17 -0300] "GET /cormun/servlet/hpexe_link HTTP/1.1" 200 952
186.103.248.189 - - [04/Mar/2016:10:35:17 -0300] "GET /cormun/servlet/hhome HTTP/1.1" 200 3446
186.103.248.189 - - [04/Mar/2016:10:35:18 -0300] "GET /cormun/servlet/hhome HTTP/1.1" 200 3443
186.103.248.189 - - [04/Mar/2016:10:35:22 -0300] "GET /cormun/servlet/trsolicitudot? HTTP/1.1" 200 6211
186.103.248.189 - - [04/Mar/2016:10:35:23 -0300] "GET /cormun/servlet/trsolicitudot? HTTP/1.1" 200 6210
186.103.248.189 - - [04/Mar/2016:10:35:24 -0300] "GET /cormun/servlet/solicitudot?INS,0,0, HTTP/1.1" 200 11460
186.103.248.189 - - [04/Mar/2016:10:35:25 -0300] "GET /cormun/servlet/solicitudot?INS,0,0, HTTP/1.1" 200 11465
191.112.104.108 - - [04/Mar/2016:10:35:50 -0300] "POST /cormun/servlet/solicitudot?53548a419b0abf4d0b0647874261c9ad,INS,0,0,,gx-no-cache=1457098537416 HTTP/1.1" 500 10
186.103.248.189 - - [04/Mar/2016:10:35:53 -0300] "POST /cormun/servlet/solicitudot?gx-no-cache=1457098578956 HTTP/1.1" 200 2791
