192.168.10.98 - - [04/Mar/2016:14:47:50 -0300] "GET /cormun/servlet/trsolicitudgral?4f3b6b7e29929189945e5d8fc5d375ac017f80fbedb522626e2e901f32dca2aa3e643e0436fb998d4e2440407b4c81a12a3a0afad046d17b3eee69fec0f188fdf4d40d4fe24bacf6c719385f7781b5640ea4643872d712ae070fc615e185c1c0,gx-no-cache=1457113422084 HTTP/1.1" 200 636
186.103.159.204 - - [04/Mar/2016:14:47:50 -0300] "POST /cormun/servlet/trsolicitudot?111494f600d2a608ac4de706bf872a4b,,gx-no-cache=1457113692337 HTTP/1.1" 200 104
186.103.159.204 - - [04/Mar/2016:14:47:50 -0300] "GET /cormun/servlet/solicitudot?DLT,2016,522, HTTP/1.1" 200 8421
186.103.159.204 - - [04/Mar/2016:14:47:51 -0300] "GET /cormun/static/Shared/jqueryui/images/ui-bg_highlight-soft_100_c6c2c8_1x100.png HTTP/1.1" 404 1117
186.103.159.204 - - [04/Mar/2016:14:47:51 -0300] "GET /cormun/static/Shared/jqueryui/images/ui-icons_82798d_256x240.png HTTP/1.1" 404 1089
186.103.159.204 - - [04/Mar/2016:14:47:51 -0300] "GET /cormun/static/Shared/jqueryui/images/ui-bg_flat_55_fafafa_40x100.png HTTP/1.1" 404 1097
186.103.159.204 - - [04/Mar/2016:14:47:51 -0300] "GET /cormun/static/Shared/jqueryui/images/ui-icons_8d78a5_256x240.png HTTP/1.1" 404 1089
186.103.159.204 - - [04/Mar/2016:14:47:51 -0300] "GET /cormun/servlet/solicitudot?DLT,2016,522, HTTP/1.1" 200 8427
192.168.10.98 - - [04/Mar/2016:14:47:51 -0300] "POST /cormun/servlet/trsolicitudgral?7b8bf2c3e27eb7aaa6805823a248f9fb,,gx-no-cache=1457113423646 HTTP/1.1" 200 4471
192.168.10.98 - - [04/Mar/2016:14:47:52 -0300] "GET /cormun/servlet/trsolicitudgral?4f3b6b7e29929189945e5d8fc5d375ac4befcd39f98460c181550b3e67ac0fc33e643e0436fb998d4e2440407b4c81a12a3a0afad046d17b3eee69fec0f188fdf4d40d4fe24bacf6c719385f7781b5640ea4643872d712ae070fc615e185c1c0,gx-no-cache=1457113424063 HTTP/1.1" 200 636
186.103.159.204 - - [04/Mar/2016:14:47:52 -0300] "POST /cormun/servlet/solicitudot?111494f600d2a608ac4de706bf872a4b,DLT,2016,522,,gx-no-cache=1457113694801 HTTP/1.1" 200 93
186.103.159.204 - - [04/Mar/2016:14:47:52 -0300] "GET /cormun/servlet/hpexe_return? HTTP/1.1" 200 1011
186.103.159.204 - - [04/Mar/2016:14:47:52 -0300] "GET /cormun/servlet/trsolicitudot? HTTP/1.1" 200 14360
192.168.10.98 - - [04/Mar/2016:14:47:53 -0300] "POST /cormun/servlet/trsolicitudgral?7b8bf2c3e27eb7aaa6805823a248f9fb,,gx-no-cache=1457113425816 HTTP/1.1" 200 4471
186.103.159.204 - - [04/Mar/2016:14:47:54 -0300] "GET /cormun/servlet/trsolicitudot? HTTP/1.1" 200 14356
192.168.10.98 - - [04/Mar/2016:14:47:54 -0300] "GET /cormun/servlet/trsolicitudgral?4f3b6b7e29929189945e5d8fc5d375ac06a795e1f533d374269cd15339862f723e643e0436fb998d4e2440407b4c81a12a3a0afad046d17b3eee69fec0f188fdf4d40d4fe24bacf6c719385f7781b5640ea4643872d712ae070fc615e185c1c0,gx-no-cache=1457113426220 HTTP/1.1" 200 639
192.168.10.98 - - [04/Mar/2016:14:47:56 -0300] "POST /cormun/servlet/trsolicitudgral?7b8bf2c3e27eb7aaa6805823a248f9fb,,gx-no-cache=1457113428055 HTTP/1.1" 200 4472
192.168.10.98 - - [04/Mar/2016:14:47:56 -0300] "GET /cormun/servlet/trsolicitudgral?4f3b6b7e29929189945e5d8fc5d375ac02a012d2cc3e67d9fd2f802f479da2303e643e0436fb998d4e2440407b4c81a12a3a0afad046d17b3eee69fec0f188fdf4d40d4fe24bacf6c719385f7781b5640ea4643872d712ae070fc615e185c1c0,gx-no-cache=1457113428462 HTTP/1.1" 200 637
192.168.10.98 - - [04/Mar/2016:14:47:58 -0300] "POST /cormun/servlet/trsolicitudgral?7b8bf2c3e27eb7aaa6805823a248f9fb,,gx-no-cache=1457113430246 HTTP/1.1" 200 4472
192.168.10.98 - - [04/Mar/2016:14:47:58 -0300] "GET /cormun/servlet/trsolicitudgral?4f3b6b7e29929189945e5d8fc5d375ac4906503eac6112ad7ca67683b80cbe6c3e643e0436fb998d4e2440407b4c81a12a3a0afad046d17b3eee69fec0f188fdf4d40d4fe24bacf6c719385f7781b5640ea4643872d712ae070fc615e185c1c0,gx-no-cache=1457113430653 HTTP/1.1" 200 638
192.168.10.98 - - [04/Mar/2016:14:48:00 -0300] "POST /cormun/servlet/trsolicitudgral?7b8bf2c3e27eb7aaa6805823a248f9fb,,gx-no-cache=1457113432614 HTTP/1.1" 200 4472
192.168.10.98 - - [04/Mar/2016:14:48:01 -0300] "GET /cormun/servlet/trsolicitudgral?4f3b6b7e29929189945e5d8fc5d375acfdaa27735a41b5cc7dc71498978b69703e643e0436fb998d4e2440407b4c81a12a3a0afad046d17b3eee69fec0f188fdf4d40d4fe24bacf6c719385f7781b5640ea4643872d712ae070fc615e185c1c0,gx-no-cache=1457113433040 HTTP/1.1" 200 637
186.103.159.44 - - [04/Mar/2016:14:48:01 -0300] "POST /cormun/servlet/solicitudot?gx-no-cache=1457113687881 HTTP/1.1" 200 1156
186.103.159.44 - - [04/Mar/2016:14:48:01 -0300] "POST /cormun/servlet/solicitudot?gx-no-cache=1457113688022 HTTP/1.1" 200 1116
186.103.159.44 - - [04/Mar/2016:14:48:01 -0300] "GET /cormun/servlet/solicitudot?aaea2c1ea464c18824a1d6029793d8ea40187afff09f76bc2d2ff0fbb5e6abc5b4e108b22740f5cf6c6e9cf1cbd9dff8fb05f025013afbcda5d4d3d8a76d46d6c95bb867e6be6f27436ee1dcf6aaef31be7ce288e4180f0dbdb4c62c009a8abd4a2958360d6a0c2d02197b374645a7d4e9698d56a32954de55776df9cfb52c8b04fcb0011510b54e8c3a83316a8b05a8e004c3ac2b9987a91eb080471d64b9f6664098db32c21ead148c6e02ac20ef9ce5ec120b223a4d395b1c6d5223d1f737,gx-no-cache=1457113688093 HTTP/1.1" 200 30
186.103.159.44 - - [04/Mar/2016:14:48:01 -0300] "POST /cormun/servlet/solicitudot?3f3ac1dc06d3015eb2c9339868906f64,INS,0,0,,gx-no-cache=1457113688133 HTTP/1.1" 200 93
186.103.159.44 - - [04/Mar/2016:14:48:01 -0300] "GET /cormun/servlet/hpexe_return? HTTP/1.1" 200 1024
186.103.159.44 - - [04/Mar/2016:14:48:02 -0300] "GET /cormun/servlet/trsolicitudot?gx-no-cache=1457112524877 HTTP/1.1" 200 7545
186.103.159.44 - - [04/Mar/2016:14:48:06 -0300] "POST /cormun/servlet/trsolicitudot?3f3ac1dc06d3015eb2c9339868906f64,gx-no-cache=1457112524877,gx-no-cache=1457113693258 HTTP/1.1" 200 4953
186.103.159.44 - - [04/Mar/2016:14:48:07 -0300] "POST /cormun/servlet/trsolicitudot?3f3ac1dc06d3015eb2c9339868906f64,gx-no-cache=1457112524877,gx-no-cache=1457113693590 HTTP/1.1" 200 4953
186.103.159.44 - - [04/Mar/2016:14:48:07 -0300] "POST /cormun/servlet/trsolicitudot?3f3ac1dc06d3015eb2c9339868906f64,gx-no-cache=1457112524877,gx-no-cache=1457113693969 HTTP/1.1" 200 4953
186.103.159.44 - - [04/Mar/2016:14:48:07 -0300] "POST /cormun/servlet/trsolicitudot?3f3ac1dc06d3015eb2c9339868906f64,gx-no-cache=1457112524877,gx-no-cache=1457113694418 HTTP/1.1" 200 4953
186.103.159.44 - - [04/Mar/2016:14:48:08 -0300] "POST /cormun/servlet/trsolicitudot?3f3ac1dc06d3015eb2c9339868906f64,gx-no-cache=1457112524877,gx-no-cache=1457113694991 HTTP/1.1" 200 4953
186.103.159.44 - - [04/Mar/2016:14:48:09 -0300] "POST /cormun/servlet/trsolicitudot?3f3ac1dc06d3015eb2c9339868906f64,gx-no-cache=1457112524877,gx-no-cache=1457113695598 HTTP/1.1" 200 4953
186.103.159.44 - - [04/Mar/2016:14:48:09 -0300] "POST /cormun/servlet/trsolicitudot?3f3ac1dc06d3015eb2c9339868906f64,gx-no-cache=1457112524877,gx-no-cache=1457113696295 HTTP/1.1" 200 4953
186.103.159.44 - - [04/Mar/2016:14:48:14 -0300] "POST /cormun/servlet/trsolicitudot?3f3ac1dc06d3015eb2c9339868906f64,gx-no-cache=1457112524877,gx-no-cache=1457113697090 HTTP/1.1" 200 106
186.103.159.44 - - [04/Mar/2016:14:48:14 -0300] "GET /cormun/servlet/trsolicitudadjuntos?2016,618, HTTP/1.1" 200 5396
186.103.159.44 - - [04/Mar/2016:14:48:23 -0300] "GET /cormun/servlet/solicitudotadjuntos?INS,2016,618,,1, HTTP/1.1" 200 5462
186.103.159.44 - - [04/Mar/2016:14:48:24 -0300] "HEAD /cormun/static/about:blank HTTP/1.1" 404 -
186.103.159.44 - - [04/Mar/2016:14:48:25 -0300] "GET /cormun/servlet/solicitudotadjuntos?aaea2c1ea464c18824a1d6029793d8ea796984779057087eeb206c3c3701d92bece9b29848d99ed3916098a8fd697ee3,gx-no-cache=1457113712212 HTTP/1.1" 200 30
186.103.159.44 - - [04/Mar/2016:14:48:25 -0300] "POST /cormun/servlet/solicitudotadjuntos?3f3ac1dc06d3015eb2c9339868906f64,INS,2016,618,,1,,gx-no-cache=1457113712248 HTTP/1.1" 200 3352
186.103.159.44 - - [04/Mar/2016:14:48:30 -0300] "POST /cormun/servlet/solicitudotadjuntos?gx-no-cache=1457113717495 HTTP/1.1" 200 26
186.103.159.204 - - [04/Mar/2016:14:48:38 -0300] "POST /cormun/servlet/trsolicitudot?111494f600d2a608ac4de706bf872a4b,,gx-no-cache=1457113740223 HTTP/1.1" 200 12155
186.103.159.204 - - [04/Mar/2016:14:48:38 -0300] "POST /cormun/servlet/trsolicitudot?111494f600d2a608ac4de706bf872a4b,,gx-no-cache=1457113740720 HTTP/1.1" 200 12155
186.103.159.204 - - [04/Mar/2016:14:48:39 -0300] "POST /cormun/servlet/trsolicitudot?111494f600d2a608ac4de706bf872a4b,,gx-no-cache=1457113741262 HTTP/1.1" 200 12155
186.103.159.204 - - [04/Mar/2016:14:48:39 -0300] "POST /cormun/servlet/trsolicitudot?111494f600d2a608ac4de706bf872a4b,,gx-no-cache=1457113741827 HTTP/1.1" 200 12155
186.103.159.204 - - [04/Mar/2016:14:48:40 -0300] "POST /cormun/servlet/trsolicitudot?111494f600d2a608ac4de706bf872a4b,,gx-no-cache=1457113742413 HTTP/1.1" 200 12155
186.103.159.204 - - [04/Mar/2016:14:48:41 -0300] "POST /cormun/servlet/trsolicitudot?111494f600d2a608ac4de706bf872a4b,,gx-no-cache=1457113743026 HTTP/1.1" 200 12154
186.103.159.204 - - [04/Mar/2016:14:48:41 -0300] "POST /cormun/servlet/trsolicitudot?111494f600d2a608ac4de706bf872a4b,,gx-no-cache=1457113743683 HTTP/1.1" 200 12156
186.103.159.204 - - [04/Mar/2016:14:48:42 -0300] "POST /cormun/servlet/trsolicitudot?111494f600d2a608ac4de706bf872a4b,,gx-no-cache=1457113744373 HTTP/1.1" 200 105
186.103.159.204 - - [04/Mar/2016:14:48:42 -0300] "GET /cormun/servlet/solicitudot?DLT,2016,536, HTTP/1.1" 200 8437
186.103.159.204 - - [04/Mar/2016:14:48:43 -0300] "GET /cormun/static/Shared/jqueryui/images/ui-bg_highlight-soft_100_c6c2c8_1x100.png HTTP/1.1" 404 1117
186.103.159.204 - - [04/Mar/2016:14:48:43 -0300] "GET /cormun/static/Shared/jqueryui/images/ui-icons_8d78a5_256x240.png HTTP/1.1" 404 1089
186.103.159.204 - - [04/Mar/2016:14:48:43 -0300] "GET /cormun/static/Shared/jqueryui/images/ui-icons_82798d_256x240.png HTTP/1.1" 404 1089
186.103.159.204 - - [04/Mar/2016:14:48:43 -0300] "GET /cormun/static/Shared/jqueryui/images/ui-bg_flat_55_fafafa_40x100.png HTTP/1.1" 404 1097
186.103.159.204 - - [04/Mar/2016:14:48:43 -0300] "GET /cormun/servlet/solicitudot?DLT,2016,536, HTTP/1.1" 200 8446
186.103.159.204 - - [04/Mar/2016:14:48:44 -0300] "POST /cormun/servlet/solicitudot?111494f600d2a608ac4de706bf872a4b,DLT,2016,536,,gx-no-cache=1457113746830 HTTP/1.1" 200 93
186.103.159.204 - - [04/Mar/2016:14:48:44 -0300] "GET /cormun/servlet/hpexe_return? HTTP/1.1" 200 1011
186.103.159.204 - - [04/Mar/2016:14:48:44 -0300] "GET /cormun/servlet/trsolicitudot? HTTP/1.1" 200 14175
186.103.159.204 - - [04/Mar/2016:14:48:46 -0300] "GET /cormun/servlet/trsolicitudot? HTTP/1.1" 200 14170
186.103.159.204 - - [04/Mar/2016:14:48:55 -0300] "POST /cormun/servlet/trsolicitudot?111494f600d2a608ac4de706bf872a4b,,gx-no-cache=1457113757096 HTTP/1.1" 200 11912
186.103.159.204 - - [04/Mar/2016:14:48:55 -0300] "POST /cormun/servlet/trsolicitudot?111494f600d2a608ac4de706bf872a4b,,gx-no-cache=1457113757610 HTTP/1.1" 200 11912
186.103.159.204 - - [04/Mar/2016:14:48:56 -0300] "POST /cormun/servlet/trsolicitudot?111494f600d2a608ac4de706bf872a4b,,gx-no-cache=1457113758121 HTTP/1.1" 200 11911
186.103.159.204 - - [04/Mar/2016:14:48:56 -0300] "POST /cormun/servlet/trsolicitudot?111494f600d2a608ac4de706bf872a4b,,gx-no-cache=1457113758694 HTTP/1.1" 200 11912
186.103.159.204 - - [04/Mar/2016:14:48:57 -0300] "POST /cormun/servlet/trsolicitudot?111494f600d2a608ac4de706bf872a4b,,gx-no-cache=1457113759312 HTTP/1.1" 200 11911
186.103.159.204 - - [04/Mar/2016:14:48:57 -0300] "POST /cormun/servlet/trsolicitudot?111494f600d2a608ac4de706bf872a4b,,gx-no-cache=1457113759983 HTTP/1.1" 200 11912
186.103.159.204 - - [04/Mar/2016:14:48:58 -0300] "POST /cormun/servlet/trsolicitudot?111494f600d2a608ac4de706bf872a4b,,gx-no-cache=1457113760692 HTTP/1.1" 200 11911
186.103.159.204 - - [04/Mar/2016:14:48:59 -0300] "POST /cormun/servlet/trsolicitudot?111494f600d2a608ac4de706bf872a4b,,gx-no-cache=1457113761701 HTTP/1.1" 200 105
186.103.159.204 - - [04/Mar/2016:14:48:59 -0300] "GET /cormun/servlet/solicitudot?DLT,2016,537, HTTP/1.1" 200 8453
186.103.159.204 - - [04/Mar/2016:14:49:00 -0300] "GET /cormun/static/Shared/jqueryui/images/ui-bg_flat_55_fafafa_40x100.png HTTP/1.1" 404 1097
186.103.159.204 - - [04/Mar/2016:14:49:00 -0300] "GET /cormun/static/Shared/jqueryui/images/ui-icons_82798d_256x240.png HTTP/1.1" 404 1089
186.103.159.204 - - [04/Mar/2016:14:49:00 -0300] "GET /cormun/static/Shared/jqueryui/images/ui-bg_highlight-soft_100_c6c2c8_1x100.png HTTP/1.1" 404 1117
186.103.159.204 - - [04/Mar/2016:14:49:00 -0300] "GET /cormun/static/Shared/jqueryui/images/ui-icons_8d78a5_256x240.png HTTP/1.1" 404 1089
186.103.159.204 - - [04/Mar/2016:14:49:00 -0300] "GET /cormun/servlet/solicitudot?DLT,2016,537, HTTP/1.1" 200 8462
186.103.159.204 - - [04/Mar/2016:14:49:02 -0300] "POST /cormun/servlet/solicitudot?111494f600d2a608ac4de706bf872a4b,DLT,2016,537,,gx-no-cache=1457113764429 HTTP/1.1" 200 93
186.103.159.204 - - [04/Mar/2016:14:49:02 -0300] "GET /cormun/servlet/hpexe_return? HTTP/1.1" 200 1011
186.103.159.204 - - [04/Mar/2016:14:49:02 -0300] "GET /cormun/servlet/trsolicitudot? HTTP/1.1" 200 13986
186.103.159.44 - - [04/Mar/2016:14:49:03 -0300] "GET /cormun/servlet/solicitudotadjuntos?aaea2c1ea464c18824a1d6029793d8eaf9e5e6dd7ec088910d4b437b990e9fe0,gx-no-cache=1457113749709 HTTP/1.1" 200 30
186.103.159.44 - - [04/Mar/2016:14:49:03 -0300] "GET /cormun/servlet/solicitudotadjuntos?aaea2c1ea464c18824a1d6029793d8eaf9e5e6dd7ec088910d4b437b990e9fe0,gx-no-cache=1457113749756 HTTP/1.1" 200 30
186.103.159.44 - - [04/Mar/2016:14:49:03 -0300] "POST /cormun/servlet/solicitudotadjuntos?3f3ac1dc06d3015eb2c9339868906f64,INS,2016,618,,1, HTTP/1.1" 200 116
186.103.159.44 - - [04/Mar/2016:14:49:03 -0300] "GET /cormun/servlet/hpexe_return? HTTP/1.1" 200 1021
186.103.159.204 - - [04/Mar/2016:14:49:03 -0300] "GET /cormun/servlet/trsolicitudot? HTTP/1.1" 200 13982
186.103.159.44 - - [04/Mar/2016:14:49:03 -0300] "GET /cormun/servlet/trsolicitudadjuntos?2016,618, HTTP/1.1" 200 7300
186.103.159.44 - - [04/Mar/2016:14:49:07 -0300] "GET /cormun/servlet/solicitudotadjuntos?INS,2016,618,,1, HTTP/1.1" 200 5462
186.103.159.44 - - [04/Mar/2016:14:49:08 -0300] "HEAD /cormun/static/about:blank HTTP/1.1" 404 -
186.103.159.44 - - [04/Mar/2016:14:49:09 -0300] "GET /cormun/servlet/solicitudotadjuntos?aaea2c1ea464c18824a1d6029793d8ea796984779057087eeb206c3c3701d92bece9b29848d99ed3916098a8fd697ee3,gx-no-cache=1457113756025 HTTP/1.1" 200 30
186.103.159.44 - - [04/Mar/2016:14:49:09 -0300] "POST /cormun/servlet/solicitudotadjuntos?3f3ac1dc06d3015eb2c9339868906f64,INS,2016,618,,1,,gx-no-cache=1457113756061 HTTP/1.1" 200 3352
186.103.159.44 - - [04/Mar/2016:14:49:12 -0300] "POST /cormun/servlet/solicitudotadjuntos?gx-no-cache=1457113758843 HTTP/1.1" 200 26
186.103.159.44 - - [04/Mar/2016:14:49:18 -0300] "GET /cormun/servlet/solicitudotadjuntos?aaea2c1ea464c18824a1d6029793d8eaf9e5e6dd7ec088910d4b437b990e9fe0,gx-no-cache=1457113765316 HTTP/1.1" 200 30
186.103.159.44 - - [04/Mar/2016:14:49:18 -0300] "GET /cormun/servlet/solicitudotadjuntos?aaea2c1ea464c18824a1d6029793d8eaf9e5e6dd7ec088910d4b437b990e9fe0,gx-no-cache=1457113765349 HTTP/1.1" 200 30
186.103.159.44 - - [04/Mar/2016:14:49:18 -0300] "POST /cormun/servlet/solicitudotadjuntos?3f3ac1dc06d3015eb2c9339868906f64,INS,2016,618,,1, HTTP/1.1" 200 116
186.103.159.44 - - [04/Mar/2016:14:49:18 -0300] "GET /cormun/servlet/hpexe_return? HTTP/1.1" 200 1021
186.103.159.44 - - [04/Mar/2016:14:49:19 -0300] "GET /cormun/servlet/trsolicitudadjuntos?2016,618, HTTP/1.1" 200 7454
186.103.159.44 - - [04/Mar/2016:14:49:22 -0300] "GET /cormun/servlet/solicitudotadjuntos?INS,2016,618,,1, HTTP/1.1" 200 5462
186.103.159.44 - - [04/Mar/2016:14:49:22 -0300] "HEAD /cormun/static/about:blank HTTP/1.1" 404 -
186.103.159.44 - - [04/Mar/2016:14:49:23 -0300] "GET /cormun/servlet/solicitudotadjuntos?aaea2c1ea464c18824a1d6029793d8ea796984779057087eeb206c3c3701d92bece9b29848d99ed3916098a8fd697ee3,gx-no-cache=1457113770548 HTTP/1.1" 200 30
186.103.159.44 - - [04/Mar/2016:14:49:24 -0300] "POST /cormun/servlet/solicitudotadjuntos?3f3ac1dc06d3015eb2c9339868906f64,INS,2016,618,,1,,gx-no-cache=1457113770587 HTTP/1.1" 200 3352
186.103.159.44 - - [04/Mar/2016:14:49:26 -0300] "POST /cormun/servlet/solicitudotadjuntos?gx-no-cache=1457113773299 HTTP/1.1" 200 26
186.103.159.44 - - [04/Mar/2016:14:49:34 -0300] "GET /cormun/servlet/solicitudotadjuntos?aaea2c1ea464c18824a1d6029793d8eaf9e5e6dd7ec088910d4b437b990e9fe0,gx-no-cache=1457113781436 HTTP/1.1" 200 30
186.103.159.44 - - [04/Mar/2016:14:49:34 -0300] "GET /cormun/servlet/solicitudotadjuntos?aaea2c1ea464c18824a1d6029793d8eaf9e5e6dd7ec088910d4b437b990e9fe0,gx-no-cache=1457113781470 HTTP/1.1" 200 30
186.103.159.44 - - [04/Mar/2016:14:49:34 -0300] "POST /cormun/servlet/solicitudotadjuntos?3f3ac1dc06d3015eb2c9339868906f64,INS,2016,618,,1, HTTP/1.1" 200 116
186.103.159.44 - - [04/Mar/2016:14:49:35 -0300] "GET /cormun/servlet/hpexe_return? HTTP/1.1" 200 1021
186.103.159.44 - - [04/Mar/2016:14:49:35 -0300] "GET /cormun/servlet/trsolicitudadjuntos?2016,618, HTTP/1.1" 200 7612
186.103.159.204 - - [04/Mar/2016:14:49:39 -0300] "POST /cormun/servlet/trsolicitudot?111494f600d2a608ac4de706bf872a4b,,gx-no-cache=1457113801344 HTTP/1.1" 200 11710
186.103.159.204 - - [04/Mar/2016:14:49:39 -0300] "POST /cormun/servlet/trsolicitudot?111494f600d2a608ac4de706bf872a4b,,gx-no-cache=1457113801849 HTTP/1.1" 200 11709
186.103.159.204 - - [04/Mar/2016:14:49:40 -0300] "POST /cormun/servlet/trsolicitudot?111494f600d2a608ac4de706bf872a4b,,gx-no-cache=1457113802359 HTTP/1.1" 200 11709
186.103.159.204 - - [04/Mar/2016:14:49:40 -0300] "POST /cormun/servlet/trsolicitudot?111494f600d2a608ac4de706bf872a4b,,gx-no-cache=1457113802918 HTTP/1.1" 200 11709
186.103.159.204 - - [04/Mar/2016:14:49:43 -0300] "POST /cormun/servlet/trsolicitudot?111494f600d2a608ac4de706bf872a4b,,gx-no-cache=1457113805825 HTTP/1.1" 200 4925
186.103.159.204 - - [04/Mar/2016:14:49:44 -0300] "GET /cormun/servlet/trsolicitudot?87a7ff5699b68491c0b8c2c1b448c378bfa27cd9f93c0c94221d49c7d31be3c005757859d3d1eea3021873d4274157a93e4a50677c5d26cba13dca775fa71e867d759901fad99c8bdbc964913f696d833ffc0485ae882b67a22ddd0e40b30d15,gx-no-cache=1457113806229 HTTP/1.1" 200 2210
186.103.159.44 - - [04/Mar/2016:14:49:48 -0300] "GET /cormun/servlet/solicitudotadjuntos?INS,2016,618,,1, HTTP/1.1" 200 5462
186.103.159.44 - - [04/Mar/2016:14:49:49 -0300] "HEAD /cormun/static/about:blank HTTP/1.1" 404 -
186.103.159.44 - - [04/Mar/2016:14:49:50 -0300] "GET /cormun/servlet/solicitudotadjuntos?aaea2c1ea464c18824a1d6029793d8ea796984779057087eeb206c3c3701d92bece9b29848d99ed3916098a8fd697ee3,gx-no-cache=1457113796909 HTTP/1.1" 200 30
186.103.159.44 - - [04/Mar/2016:14:49:50 -0300] "POST /cormun/servlet/solicitudotadjuntos?3f3ac1dc06d3015eb2c9339868906f64,INS,2016,618,,1,,gx-no-cache=1457113796947 HTTP/1.1" 200 3352
186.103.159.204 - - [04/Mar/2016:14:49:52 -0300] "POST /cormun/servlet/trsolicitudot?111494f600d2a608ac4de706bf872a4b,,gx-no-cache=1457113814630 HTTP/1.1" 200 3509
186.103.159.204 - - [04/Mar/2016:14:49:52 -0300] "GET /cormun/servlet/trsolicitudot?87a7ff5699b68491c0b8c2c1b448c378b81ae593b8eec94bdc22b791fc9c87320817d2dad571145879687c3ad5b6b4bfe4839c94797e26b56e169e850d2c2d30461762fbfe701c2d6ab41ee4913e0f0e6ddfcd295784879d3ea9095e3654f578,gx-no-cache=1457113815032 HTTP/1.1" 200 775
186.103.159.44 - - [04/Mar/2016:14:49:53 -0300] "POST /cormun/servlet/solicitudotadjuntos?gx-no-cache=1457113800176 HTTP/1.1" 200 26
186.103.159.204 - - [04/Mar/2016:14:49:57 -0300] "POST /cormun/servlet/trsolicitudot?111494f600d2a608ac4de706bf872a4b,,gx-no-cache=1457113819241 HTTP/1.1" 200 11709
186.103.159.204 - - [04/Mar/2016:14:49:57 -0300] "GET /cormun/servlet/trsolicitudot?87a7ff5699b68491c0b8c2c1b448c37862dd5f8e331e11b5eb5fb176f10c2653f7e5a1bf44066a7a71eb624737718932e4839c94797e26b56e169e850d2c2d30461762fbfe701c2d6ab41ee4913e0f0e6ddfcd295784879d3ea9095e3654f578,gx-no-cache=1457113819989 HTTP/1.1" 200 10090
186.103.159.44 - - [04/Mar/2016:14:50:01 -0300] "GET /cormun/servlet/solicitudotadjuntos?aaea2c1ea464c18824a1d6029793d8eaf9e5e6dd7ec088910d4b437b990e9fe0,gx-no-cache=1457113808041 HTTP/1.1" 200 30
186.103.159.44 - - [04/Mar/2016:14:50:01 -0300] "GET /cormun/servlet/solicitudotadjuntos?aaea2c1ea464c18824a1d6029793d8eaf9e5e6dd7ec088910d4b437b990e9fe0,gx-no-cache=1457113808074 HTTP/1.1" 200 30
186.103.159.44 - - [04/Mar/2016:14:50:01 -0300] "POST /cormun/servlet/solicitudotadjuntos?3f3ac1dc06d3015eb2c9339868906f64,INS,2016,618,,1, HTTP/1.1" 200 116
186.103.159.44 - - [04/Mar/2016:14:50:01 -0300] "GET /cormun/servlet/hpexe_return? HTTP/1.1" 200 1021
186.103.159.44 - - [04/Mar/2016:14:50:02 -0300] "GET /cormun/servlet/trsolicitudadjuntos?2016,618, HTTP/1.1" 200 7733
186.103.159.44 - - [04/Mar/2016:14:50:06 -0300] "GET /cormun/servlet/solicitudotadjuntos?INS,2016,618,,1, HTTP/1.1" 200 5462
186.103.159.44 - - [04/Mar/2016:14:50:06 -0300] "HEAD /cormun/static/about:blank HTTP/1.1" 404 -
186.103.159.44 - - [04/Mar/2016:14:50:08 -0300] "GET /cormun/servlet/solicitudotadjuntos?aaea2c1ea464c18824a1d6029793d8ea796984779057087eeb206c3c3701d92bece9b29848d99ed3916098a8fd697ee3,gx-no-cache=1457113814648 HTTP/1.1" 200 30
186.103.159.44 - - [04/Mar/2016:14:50:08 -0300] "POST /cormun/servlet/solicitudotadjuntos?3f3ac1dc06d3015eb2c9339868906f64,INS,2016,618,,1,,gx-no-cache=1457113814685 HTTP/1.1" 200 3352
186.103.159.44 - - [04/Mar/2016:14:50:10 -0300] "POST /cormun/servlet/solicitudotadjuntos?gx-no-cache=1457113817215 HTTP/1.1" 200 26
186.103.159.44 - - [04/Mar/2016:14:50:17 -0300] "GET /cormun/servlet/solicitudotadjuntos?aaea2c1ea464c18824a1d6029793d8eaf9e5e6dd7ec088910d4b437b990e9fe0,gx-no-cache=1457113824232 HTTP/1.1" 200 30
186.103.159.44 - - [04/Mar/2016:14:50:17 -0300] "GET /cormun/servlet/solicitudotadjuntos?aaea2c1ea464c18824a1d6029793d8eaf9e5e6dd7ec088910d4b437b990e9fe0,gx-no-cache=1457113824265 HTTP/1.1" 200 30
186.103.159.44 - - [04/Mar/2016:14:50:17 -0300] "POST /cormun/servlet/solicitudotadjuntos?3f3ac1dc06d3015eb2c9339868906f64,INS,2016,618,,1, HTTP/1.1" 200 116
186.103.159.44 - - [04/Mar/2016:14:50:17 -0300] "GET /cormun/servlet/hpexe_return? HTTP/1.1" 200 1021
186.103.159.44 - - [04/Mar/2016:14:50:18 -0300] "GET /cormun/servlet/trsolicitudadjuntos?2016,618, HTTP/1.1" 200 7874
186.103.159.44 - - [04/Mar/2016:14:50:22 -0300] "GET /cormun/servlet/solicitudotadjuntos?INS,2016,618,,1, HTTP/1.1" 200 5462
186.103.159.44 - - [04/Mar/2016:14:50:22 -0300] "HEAD /cormun/static/about:blank HTTP/1.1" 404 -
186.103.159.44 - - [04/Mar/2016:14:50:23 -0300] "GET /cormun/servlet/solicitudotadjuntos?aaea2c1ea464c18824a1d6029793d8ea796984779057087eeb206c3c3701d92bece9b29848d99ed3916098a8fd697ee3,gx-no-cache=1457113830468 HTTP/1.1" 200 30
186.103.159.44 - - [04/Mar/2016:14:50:23 -0300] "POST /cormun/servlet/solicitudotadjuntos?3f3ac1dc06d3015eb2c9339868906f64,INS,2016,618,,1,,gx-no-cache=1457113830503 HTTP/1.1" 200 3351
186.103.159.44 - - [04/Mar/2016:14:50:26 -0300] "POST /cormun/servlet/solicitudotadjuntos?gx-no-cache=1457113833452 HTTP/1.1" 200 26
186.103.159.44 - - [04/Mar/2016:14:50:31 -0300] "GET /cormun/servlet/solicitudotadjuntos?aaea2c1ea464c18824a1d6029793d8eaf9e5e6dd7ec088910d4b437b990e9fe0,gx-no-cache=1457113838237 HTTP/1.1" 200 30
186.103.159.44 - - [04/Mar/2016:14:50:31 -0300] "GET /cormun/servlet/solicitudotadjuntos?aaea2c1ea464c18824a1d6029793d8eaf9e5e6dd7ec088910d4b437b990e9fe0,gx-no-cache=1457113838270 HTTP/1.1" 200 30
186.103.159.44 - - [04/Mar/2016:14:50:33 -0300] "POST /cormun/servlet/solicitudotadjuntos?3f3ac1dc06d3015eb2c9339868906f64,INS,2016,618,,1, HTTP/1.1" 200 116
186.103.159.44 - - [04/Mar/2016:14:50:33 -0300] "GET /cormun/servlet/hpexe_return? HTTP/1.1" 200 1021
186.103.159.44 - - [04/Mar/2016:14:50:34 -0300] "GET /cormun/servlet/trsolicitudadjuntos?2016,618, HTTP/1.1" 200 7995
186.103.159.44 - - [04/Mar/2016:14:50:39 -0300] "GET /cormun/servlet/solicitudotadjuntos?INS,2016,618,,2, HTTP/1.1" 200 5461
186.103.159.44 - - [04/Mar/2016:14:50:39 -0300] "HEAD /cormun/static/about:blank HTTP/1.1" 404 -
186.103.159.44 - - [04/Mar/2016:14:50:40 -0300] "GET /cormun/servlet/solicitudotadjuntos?aaea2c1ea464c18824a1d6029793d8ea796984779057087eeb206c3c3701d92bece9b29848d99ed3916098a8fd697ee3,gx-no-cache=1457113847386 HTTP/1.1" 200 30
186.103.159.44 - - [04/Mar/2016:14:50:40 -0300] "POST /cormun/servlet/solicitudotadjuntos?3f3ac1dc06d3015eb2c9339868906f64,INS,2016,618,,2,,gx-no-cache=1457113847423 HTTP/1.1" 200 3496
186.103.159.44 - - [04/Mar/2016:14:50:43 -0300] "POST /cormun/servlet/solicitudotadjuntos?gx-no-cache=1457113849902 HTTP/1.1" 200 26
186.103.159.44 - - [04/Mar/2016:14:51:28 -0300] "POST /cormun/servlet/solicitudotadjuntos?3f3ac1dc06d3015eb2c9339868906f64,INS,2016,618,,2,,gx-no-cache=1457113894546 HTTP/1.1" 200 93
186.103.159.44 - - [04/Mar/2016:14:51:28 -0300] "GET /cormun/servlet/hpexe_return? HTTP/1.1" 200 1021
186.103.159.44 - - [04/Mar/2016:14:51:28 -0300] "GET /cormun/servlet/trsolicitudadjuntos?2016,618, HTTP/1.1" 200 7991
186.103.159.44 - - [04/Mar/2016:14:51:33 -0300] "GET /cormun/servlet/hpexe_return? HTTP/1.1" 200 1038
186.103.159.44 - - [04/Mar/2016:14:51:33 -0300] "GET /cormun/servlet/trsolicitudot?gx-no-cache=1457112524877 HTTP/1.1" 200 7545
186.103.159.44 - - [04/Mar/2016:14:51:40 -0300] "POST /cormun/servlet/trsolicitudot?3f3ac1dc06d3015eb2c9339868906f64,gx-no-cache=1457112524877,gx-no-cache=1457113907308 HTTP/1.1" 200 4953
186.103.159.44 - - [04/Mar/2016:14:51:41 -0300] "POST /cormun/servlet/trsolicitudot?3f3ac1dc06d3015eb2c9339868906f64,gx-no-cache=1457112524877,gx-no-cache=1457113907707 HTTP/1.1" 200 4953
186.103.159.44 - - [04/Mar/2016:14:51:41 -0300] "POST /cormun/servlet/trsolicitudot?3f3ac1dc06d3015eb2c9339868906f64,gx-no-cache=1457112524877,gx-no-cache=1457113908107 HTTP/1.1" 200 4953
186.103.159.44 - - [04/Mar/2016:14:51:42 -0300] "POST /cormun/servlet/trsolicitudot?3f3ac1dc06d3015eb2c9339868906f64,gx-no-cache=1457112524877,gx-no-cache=1457113908597 HTTP/1.1" 200 4953
186.103.159.44 - - [04/Mar/2016:14:51:42 -0300] "POST /cormun/servlet/trsolicitudot?3f3ac1dc06d3015eb2c9339868906f64,gx-no-cache=1457112524877,gx-no-cache=1457113909203 HTTP/1.1" 200 4953
186.103.159.44 - - [04/Mar/2016:14:51:43 -0300] "POST /cormun/servlet/trsolicitudot?3f3ac1dc06d3015eb2c9339868906f64,gx-no-cache=1457112524877,gx-no-cache=1457113909850 HTTP/1.1" 200 4953
186.103.159.44 - - [04/Mar/2016:14:51:44 -0300] "POST /cormun/servlet/trsolicitudot?3f3ac1dc06d3015eb2c9339868906f64,gx-no-cache=1457112524877,gx-no-cache=1457113910580 HTTP/1.1" 200 4953
186.103.159.44 - - [04/Mar/2016:14:51:49 -0300] "POST /cormun/servlet/trsolicitudot?3f3ac1dc06d3015eb2c9339868906f64,gx-no-cache=1457112524877,gx-no-cache=1457113911464 HTTP/1.1" 200 3642
186.103.159.44 - - [04/Mar/2016:14:51:50 -0300] "POST /cormun/servlet/trsolicitudot?3f3ac1dc06d3015eb2c9339868906f64,gx-no-cache=1457112524877,gx-no-cache=1457113916832 HTTP/1.1" 200 3458
186.103.159.44 - - [04/Mar/2016:14:51:51 -0300] "GET /cormun/static/Shared/jqueryui/images/ui-icons_8d78a5_256x240.png HTTP/1.1" 404 1089
186.103.159.44 - - [04/Mar/2016:14:51:51 -0300] "GET /cormun/static/Shared/jqueryui/images/ui-bg_flat_55_fafafa_40x100.png HTTP/1.1" 404 1097
186.103.159.44 - - [04/Mar/2016:14:51:51 -0300] "GET /cormun/static/Shared/jqueryui/images/ui-icons_82798d_256x240.png HTTP/1.1" 404 1089
186.103.159.44 - - [04/Mar/2016:14:51:51 -0300] "GET /cormun/static/Shared/jqueryui/images/ui-bg_highlight-soft_100_c6c2c8_1x100.png HTTP/1.1" 404 1117
186.103.159.44 - - [04/Mar/2016:14:51:55 -0300] "GET /cormun/servlet/solicitudot?INS,0,0, HTTP/1.1" 200 11467
186.103.159.44 - - [04/Mar/2016:14:52:11 -0300] "POST /cormun/servlet/solicitudot?gx-no-cache=1457113938231 HTTP/1.1" 200 2784
186.103.159.44 - - [04/Mar/2016:14:52:11 -0300] "POST /cormun/servlet/solicitudot?3f3ac1dc06d3015eb2c9339868906f64,INS,0,0,,gx-no-cache=1457113938375 HTTP/1.1" 200 8428
186.103.159.44 - - [04/Mar/2016:14:52:14 -0300] "GET /cormun/servlet/solicitudot?aaea2c1ea464c18824a1d6029793d8ea69960621a7a2904b457871313a97c44b8a3e49021385df56d043e5248d4c1029,gx-no-cache=1457113941425 HTTP/1.1" 200 30
186.103.159.44 - - [04/Mar/2016:14:52:14 -0300] "POST /cormun/servlet/solicitudot?gx-no-cache=1457113941476 HTTP/1.1" 200 30
186.103.159.44 - - [04/Mar/2016:14:52:23 -0300] "POST /cormun/servlet/solicitudot?gx-no-cache=1457113950442 HTTP/1.1" 200 30
186.103.159.44 - - [04/Mar/2016:14:52:50 -0300] "POST /cormun/servlet/solicitudot?gx-no-cache=1457113976832 HTTP/1.1" 200 30
186.78.35.158 - - [04/Mar/2016:14:53:15 -0300] "POST /cormun/servlet/hlogin?37735f30a621eb107f6066bd60d246a8,gx-no-cache=1457114025681 HTTP/1.1" 440 972
186.78.35.158 - - [04/Mar/2016:14:53:19 -0300] "GET /cormun/servlet/hlogin HTTP/1.1" 200 1733
186.103.159.44 - - [04/Mar/2016:14:53:25 -0300] "POST /cormun/servlet/solicitudot?gx-no-cache=1457114011687 HTTP/1.1" 200 574
186.103.159.44 - - [04/Mar/2016:14:53:25 -0300] "GET /cormun/static/Shared/jqueryui/images/ui-bg_flat_55_994d53_40x100.png HTTP/1.1" 404 1097
186.103.159.44 - - [04/Mar/2016:14:53:25 -0300] "GET /cormun/static/Shared/jqueryui/images/ui-icons_ebccce_256x240.png HTTP/1.1" 404 1089
186.103.159.44 - - [04/Mar/2016:14:53:25 -0300] "GET /cormun/static/Shared/jqueryui/images/ui-bg_highlight-soft_100_c6c2c8_1x100.png HTTP/1.1" 404 1117
186.103.159.44 - - [04/Mar/2016:14:53:25 -0300] "GET /cormun/static/Shared/jqueryui/images/ui-icons_82798d_256x240.png HTTP/1.1" 404 1089
186.78.35.158 - - [04/Mar/2016:14:53:37 -0300] "POST /cormun/servlet/hlogin?22b782bf92132c1459bcafc858837446,gx-no-cache=1457114048530 HTTP/1.1" 200 90
186.78.35.158 - - [04/Mar/2016:14:53:38 -0300] "GET /cormun/servlet/hpexe_link HTTP/1.1" 200 954
186.78.35.158 - - [04/Mar/2016:14:53:38 -0300] "GET /cormun/servlet/hhome HTTP/1.1" 200 3470
186.78.35.158 - - [04/Mar/2016:14:53:40 -0300] "GET /cormun/servlet/hhome HTTP/1.1" 200 3466
186.78.35.158 - - [04/Mar/2016:14:53:44 -0300] "GET /cormun/servlet/trsolicitudot? HTTP/1.1" 200 6231
186.78.35.158 - - [04/Mar/2016:14:53:47 -0300] "GET /cormun/servlet/trsolicitudot? HTTP/1.1" 200 6231
186.103.159.44 - - [04/Mar/2016:14:53:52 -0300] "POST /cormun/servlet/solicitudot?gx-no-cache=1457114039428 HTTP/1.1" 200 1156
186.103.159.44 - - [04/Mar/2016:14:53:53 -0300] "GET /cormun/servlet/solicitudot?aaea2c1ea464c18824a1d6029793d8ea91492d04bb834e2f379c1a4cd4530572280eba33eb248dee8d47893e1c7e5ffc006153a70e39a4c618412ee47047a139d0d16dfa6e716cceab17f67044ae43eabe6e8ab604c175b61a55bac17f403d854f6004f4badc31bc4088aac73f039f4d3544d86713ba1f06baf1e3ad6add25e5eac342a35b89c08c3c7e79d11605a522,gx-no-cache=1457114039596 HTTP/1.1" 200 38
186.103.159.44 - - [04/Mar/2016:14:54:05 -0300] "GET /cormun/servlet/solicitudot?aaea2c1ea464c18824a1d6029793d8eaa338b34e6402200b0c301d4d1ccf02341eca95ff11019fa5b21a5301bca33e3820be529382d35c67047a3a6f47f70813e0f5da4372f3e83e0e1abd25567dd3f3a1f34407a736a0f03eddbdf5262a984f286c56715744205a785d14dfb6fadb4544bbe89e748c7848509b5a98296f7a06cbba7ee5fa9ef6625e75569cec0bbfd4a3470099fbff2258d0439aacf15f617a,gx-no-cache=1457114051906 HTTP/1.1" 200 29
186.103.159.44 - - [04/Mar/2016:14:54:05 -0300] "POST /cormun/servlet/solicitudot?gx-no-cache=1457114051956 HTTP/1.1" 200 1116
186.103.159.44 - - [04/Mar/2016:14:54:21 -0300] "GET /cormun/servlet/solicitudot?aaea2c1ea464c18824a1d6029793d8ea40187afff09f76bc2d2ff0fbb5e6abc51d3c9b98174854ade2a2610ad7a17f45d881d9e0cc375a64784bf89dddd28ef3fbb4e7796b4acfaa67b786d7d80031feef6c2762804abfe0f59435565690758b4224512ebae00427bf974e07107b96d5389c3117f1b328dd3eedda3932cfe420a0c959dabf3a43556a44eb75094da343af2a56671baf4aa71d2c6675574e17bec9c7154d548837598c53826231a7a73368b28c59f726d126e29630c7e1ca7b39,gx-no-cache=1457114067641 HTTP/1.1" 200 30
186.103.159.44 - - [04/Mar/2016:14:54:30 -0300] "POST /cormun/servlet/solicitudot?3f3ac1dc06d3015eb2c9339868906f64,INS,0,0,,gx-no-cache=1457114075689 HTTP/1.1" 200 9374
186.103.159.44 - - [04/Mar/2016:14:55:12 -0300] "GET /cormun/static/menuarrow.gif HTTP/1.1" 404 1015
186.78.35.158 - - [04/Mar/2016:14:55:24 -0300] "GET /cormun/servlet/solicitudot?INS,0,0, HTTP/1.1" 200 11487
186.78.35.158 - - [04/Mar/2016:14:55:26 -0300] "GET /cormun/servlet/solicitudot?INS,0,0, HTTP/1.1" 200 11491
186.103.159.44 - - [04/Mar/2016:14:55:47 -0300] "GET /cormun/servlet/solicitudot?aaea2c1ea464c18824a1d6029793d8ea91492d04bb834e2f379c1a4cd4530572280eba33eb248dee8d47893e1c7e5ffc006153a70e39a4c618412ee47047a139d0d16dfa6e716cceab17f67044ae43eabe6e8ab604c175b61a55bac17f403d854f6004f4badc31bc4088aac73f039f4d3544d86713ba1f06baf1e3ad6add25e564981bbb531717dcd060e92b3dd3556b40f6e5539d722341b219596e8cf0ffdc,gx-no-cache=1457114153743 HTTP/1.1" 200 38
186.78.35.158 - - [04/Mar/2016:14:55:47 -0300] "GET /cormun/servlet/prfichaempleado?,MD,,gxPopupLevel%3D0%3B HTTP/1.1" 200 7917
186.78.35.158 - - [04/Mar/2016:14:55:47 -0300] "GET /cormun/static/scaMessage/css/jquery-ui.css?104140 HTTP/1.1" 404 1045
186.78.35.158 - - [04/Mar/2016:14:55:47 -0300] "GET /cormun/static/gxcfg.js?201511151625694 HTTP/1.1" 200 953
186.78.35.158 - - [04/Mar/2016:14:55:47 -0300] "GET /cormun/static/Resources/Spanish/PXTools.css?16184758 HTTP/1.1" 200 89042
186.78.35.158 - - [04/Mar/2016:14:55:47 -0300] "GET /cormun/static/prfichaempleado.js?201511151625857 HTTP/1.1" 200 14240
186.78.35.158 - - [04/Mar/2016:14:55:47 -0300] "GET /cormun/static/menusearch.js?20163219454787 HTTP/1.1" 200 1424
186.78.35.158 - - [04/Mar/2016:14:55:47 -0300] "GET /cormun/static/hmpwkw01.js?201511211495945 HTTP/1.1" 200 2037
186.103.159.44 - - [04/Mar/2016:14:56:12 -0300] "GET /cormun/servlet/solicitudot?aaea2c1ea464c18824a1d6029793d8ea40187afff09f76bc2d2ff0fbb5e6abc51d3c9b98174854ade2a2610ad7a17f45bae88a01dfba55ea75a48ed30281264e059e83c7c4e18b09b5679f69126cf53639ca0cab2672563489e0d9790897fa37fa26011f3a025fbe939b963a807dacd4da87fefdb15c1672a6f6e10b87693db836af226cfa8eec1e67fbae64485efbc9f265496fe66561d1d59b44473a8a1c4006e36a722056076e5025bca170cff75d3c3933c7f7caa298d682b5826da30c69,gx-no-cache=1457114179151 HTTP/1.1" 200 30
186.103.159.44 - - [04/Mar/2016:14:56:12 -0300] "POST /cormun/servlet/solicitudot?3f3ac1dc06d3015eb2c9339868906f64,INS,0,0,,gx-no-cache=1457114179211 HTTP/1.1" 200 93
186.103.159.44 - - [04/Mar/2016:14:56:12 -0300] "GET /cormun/servlet/hpexe_return? HTTP/1.1" 200 1024
186.103.159.44 - - [04/Mar/2016:14:56:13 -0300] "GET /cormun/servlet/trsolicitudot?gx-no-cache=1457112524877 HTTP/1.1" 200 7551
186.78.35.158 - - [04/Mar/2016:14:56:14 -0300] "GET /cormun/servlet/prfichaempleado?4be6ea3e75e64666916a9fb0c0a10f6f11dee3f95df8b58451305398f866cc1bd15f46af5c5614088ebf8f1112ce2414a65cbfb4b3370e1782c3aeefaeb159ba,gx-no-cache=1457114204780 HTTP/1.1" 200 460
186.78.35.158 - - [04/Mar/2016:14:56:14 -0300] "GET /cormun/servlet/prfichaempleado?4be6ea3e75e64666916a9fb0c0a10f6f21236fdceab6e01357078659cdf5e5e22d8af23d431aa66b0c9a72d7fdea1dc780275ea1e999f8794c6a1c7422f754c8dc7199f5a9c855f6dab22c8582c77054,gx-no-cache=1457114205452 HTTP/1.1" 200 460
186.78.35.158 - - [04/Mar/2016:14:56:16 -0300] "GET /cormun/servlet/prfichaempleado?4be6ea3e75e64666916a9fb0c0a10f6fc62660e3defb54498ec26b3ef12c612b0dc099dcfb2331a43c9de21133e5921a6384154590d319cee0615ba53185df82029a1818b92c299cf7ca5c308a20c74f,gx-no-cache=1457114207102 HTTP/1.1" 200 460
186.103.159.44 - - [04/Mar/2016:14:56:17 -0300] "POST /cormun/servlet/trsolicitudot?3f3ac1dc06d3015eb2c9339868906f64,gx-no-cache=1457112524877,gx-no-cache=1457114183809 HTTP/1.1" 200 4959
186.103.159.44 - - [04/Mar/2016:14:56:17 -0300] "POST /cormun/servlet/trsolicitudot?3f3ac1dc06d3015eb2c9339868906f64,gx-no-cache=1457112524877,gx-no-cache=1457114184158 HTTP/1.1" 200 4959
186.103.159.44 - - [04/Mar/2016:14:56:18 -0300] "POST /cormun/servlet/trsolicitudot?3f3ac1dc06d3015eb2c9339868906f64,gx-no-cache=1457112524877,gx-no-cache=1457114184548 HTTP/1.1" 200 4959
186.103.159.44 - - [04/Mar/2016:14:56:18 -0300] "POST /cormun/servlet/trsolicitudot?3f3ac1dc06d3015eb2c9339868906f64,gx-no-cache=1457112524877,gx-no-cache=1457114185000 HTTP/1.1" 200 4959
186.103.159.44 - - [04/Mar/2016:14:56:19 -0300] "POST /cormun/servlet/trsolicitudot?3f3ac1dc06d3015eb2c9339868906f64,gx-no-cache=1457112524877,gx-no-cache=1457114185584 HTTP/1.1" 200 4959
186.78.35.158 - - [04/Mar/2016:14:56:19 -0300] "GET /cormun/servlet/prfichaempleado?4be6ea3e75e64666916a9fb0c0a10f6fc62660e3defb54498ec26b3ef12c612b9ebf04bca5a2a8d1cf7a8784503da83f4157175e077e8b14c6e3283e7dda65ba86662e7825591ce5afc3b5e9db025b03,gx-no-cache=1457114210127 HTTP/1.1" 200 463
186.103.159.44 - - [04/Mar/2016:14:56:19 -0300] "POST /cormun/servlet/trsolicitudot?3f3ac1dc06d3015eb2c9339868906f64,gx-no-cache=1457112524877,gx-no-cache=1457114186191 HTTP/1.1" 200 4959
186.103.159.44 - - [04/Mar/2016:14:56:20 -0300] "POST /cormun/servlet/trsolicitudot?3f3ac1dc06d3015eb2c9339868906f64,gx-no-cache=1457112524877,gx-no-cache=1457114187004 HTTP/1.1" 200 4959
186.78.35.158 - - [04/Mar/2016:14:56:20 -0300] "GET /cormun/servlet/prfichaempleado?4be6ea3e75e64666916a9fb0c0a10f6fc62660e3defb54498ec26b3ef12c612b6bfd9e85b6c5dd7e54cf4ec2ebd47125df39370626cbd484975b157b4cf06af593d1dd334a4c809744067227e82d3790,gx-no-cache=1457114211555 HTTP/1.1" 200 464
186.78.35.158 - - [04/Mar/2016:14:56:23 -0300] "GET /cormun/servlet/prfichaempleado?4be6ea3e75e64666916a9fb0c0a10f6fc62660e3defb54498ec26b3ef12c612b7862c6d91cbb6e2443fa1abac917138b85cb17eff254923a780ca4e0568bb361bb4d02c49bbffcbe141f1a7c5e840f70,gx-no-cache=1457114213765 HTTP/1.1" 200 439
186.103.159.44 - - [04/Mar/2016:14:56:25 -0300] "POST /cormun/servlet/trsolicitudot?3f3ac1dc06d3015eb2c9339868906f64,gx-no-cache=1457112524877,gx-no-cache=1457114187817 HTTP/1.1" 200 4977
186.78.35.158 - - [04/Mar/2016:14:56:26 -0300] "GET /cormun/servlet/prfichaempleado?4be6ea3e75e64666916a9fb0c0a10f6fc62660e3defb54498ec26b3ef12c612b6bfd9e85b6c5dd7e54cf4ec2ebd4712543cfd28571ac79e972e1ef92bf093cca,gx-no-cache=1457114216857 HTTP/1.1" 200 460
186.103.159.44 - - [04/Mar/2016:14:56:26 -0300] "GET /cormun/static/Shared/jqueryui/images/ui-icons_8d78a5_256x240.png HTTP/1.1" 404 1089
186.103.159.44 - - [04/Mar/2016:14:56:26 -0300] "GET /cormun/static/Shared/jqueryui/images/ui-bg_flat_55_fafafa_40x100.png HTTP/1.1" 404 1097
186.103.159.44 - - [04/Mar/2016:14:56:26 -0300] "GET /cormun/static/Shared/jqueryui/images/ui-bg_highlight-soft_100_c6c2c8_1x100.png HTTP/1.1" 404 1117
186.103.159.44 - - [04/Mar/2016:14:56:26 -0300] "GET /cormun/static/Shared/jqueryui/images/ui-icons_82798d_256x240.png HTTP/1.1" 404 1089
186.78.35.158 - - [04/Mar/2016:14:56:27 -0300] "GET /cormun/servlet/prfichaempleado?4be6ea3e75e64666916a9fb0c0a10f6fc62660e3defb54498ec26b3ef12c612bf4067179537a5bbb7a11a9c1d815c7da16fb4e399e72483fcdb2ed873c4f6636b5e3e748243a10fa692328e860dcfd42,gx-no-cache=1457114217636 HTTP/1.1" 200 464
186.78.35.158 - - [04/Mar/2016:14:56:28 -0300] "GET /cormun/servlet/prfichaempleado?4be6ea3e75e64666916a9fb0c0a10f6fc62660e3defb54498ec26b3ef12c612be9d229fa5aaeb12fdd88b6b44c223e2c85cb17eff254923a780ca4e0568bb361bb4d02c49bbffcbe141f1a7c5e840f70,gx-no-cache=1457114218956 HTTP/1.1" 200 465
186.78.35.158 - - [04/Mar/2016:14:56:30 -0300] "POST /cormun/servlet/prfichaempleado?22b782bf92132c1459bcafc858837446,,MD,,gxPopupLevel%3D0%3B,gx-no-cache=1457114221039 HTTP/1.1" 200 2935
186.103.159.44 - - [04/Mar/2016:14:56:31 -0300] "POST /cormun/servlet/trsolicitudot?3f3ac1dc06d3015eb2c9339868906f64,gx-no-cache=1457112524877,gx-no-cache=1457114198217 HTTP/1.1" 200 4977
186.103.159.44 - - [04/Mar/2016:14:56:37 -0300] "GET /cormun/servlet/solicitudot?INS,0,0, HTTP/1.1" 200 11467
186.78.35.158 - - [04/Mar/2016:14:56:48 -0300] "POST /cormun/servlet/solicitudot?gx-no-cache=1457114238410 HTTP/1.1" 200 2781
186.78.35.158 - - [04/Mar/2016:14:56:48 -0300] "POST /cormun/servlet/solicitudot?22b782bf92132c1459bcafc858837446,INS,0,0,,gx-no-cache=1457114238844 HTTP/1.1" 200 8434
186.78.35.158 - - [04/Mar/2016:14:57:02 -0300] "GET /cormun/servlet/solicitudot?fea096bfebb2fad1f18ca89b637ff5bacdf5b7ded8d12220c0b2029aef21e546b88b8e54d73f84014152daa61cf4cde5,gx-no-cache=1457114253605 HTTP/1.1" 200 30
186.78.35.158 - - [04/Mar/2016:14:57:03 -0300] "POST /cormun/servlet/solicitudot?gx-no-cache=1457114253720 HTTP/1.1" 200 30
186.78.35.158 - - [04/Mar/2016:14:57:06 -0300] "POST /cormun/servlet/solicitudot?gx-no-cache=1457114256788 HTTP/1.1" 200 30
186.103.159.44 - - [04/Mar/2016:14:57:10 -0300] "POST /cormun/servlet/solicitudot?gx-no-cache=1457114236545 HTTP/1.1" 200 2784
186.103.159.44 - - [04/Mar/2016:14:57:10 -0300] "POST /cormun/servlet/solicitudot?3f3ac1dc06d3015eb2c9339868906f64,INS,0,0,,gx-no-cache=1457114236721 HTTP/1.1" 200 8428
186.78.35.158 - - [04/Mar/2016:14:57:12 -0300] "POST /cormun/servlet/solicitudot?gx-no-cache=1457114263480 HTTP/1.1" 200 1157
186.78.35.158 - - [04/Mar/2016:14:57:13 -0300] "GET /cormun/servlet/solicitudot?fea096bfebb2fad1f18ca89b637ff5ba3af4a51a49c0565c10ca9062fd2f2f1a6da445b44cbdda84f8eea80b33dac38e9c098bec03199592a76a61885336fdebc093810a11dd628c2e29ee519c67fe221bc76956e4ebb4a4cb965dc2d327d99221b488f728f9971bb2b6cf97545e7031ed534b5d6d68ba7bc9c02e7322d272207baf2fa12cf86e761ae50685d9454ee2,gx-no-cache=1457114263651 HTTP/1.1" 200 38
186.78.35.158 - - [04/Mar/2016:14:57:13 -0300] "GET /cormun/servlet/solicitudot?fea096bfebb2fad1f18ca89b637ff5ba3e4316537d3d85b55333c19c54cc050da909d72854e6a7b8a5854d5164881ba329200a41996d4b713260e7d4baa788f1babd296217eeb9fae68ba074848d9d9047df5d05a175a144df8ecda6f628df4dbd7d0d1f1238230570025dc0bfee5625ae5b5b4429faa90e6b0e0b88a55f4464e175b36a9209bd83de07d240211a46f970ae5e89b9e7948d07960dcbc3a368cb,gx-no-cache=1457114263744 HTTP/1.1" 200 29
186.78.35.158 - - [04/Mar/2016:14:57:17 -0300] "POST /cormun/servlet/solicitudot?gx-no-cache=1457114268092 HTTP/1.1" 200 1116
186.103.159.204 - - [04/Mar/2016:14:57:25 -0300] "POST /cormun/servlet/trsolicitudot?111494f600d2a608ac4de706bf872a4b,,gx-no-cache=1457114267794 HTTP/1.1" 200 11709
186.103.159.204 - - [04/Mar/2016:14:57:26 -0300] "POST /cormun/servlet/trsolicitudot?111494f600d2a608ac4de706bf872a4b,,gx-no-cache=1457114268701 HTTP/1.1" 200 11710
186.103.159.204 - - [04/Mar/2016:14:57:27 -0300] "POST /cormun/servlet/trsolicitudot?111494f600d2a608ac4de706bf872a4b,,gx-no-cache=1457114269579 HTTP/1.1" 200 11709
186.103.159.44 - - [04/Mar/2016:14:57:28 -0300] "GET /cormun/servlet/solicitudot?aaea2c1ea464c18824a1d6029793d8ea69960621a7a2904b457871313a97c44b8a3e49021385df56d043e5248d4c1029,gx-no-cache=1457114254731 HTTP/1.1" 200 30
186.103.159.44 - - [04/Mar/2016:14:57:28 -0300] "POST /cormun/servlet/solicitudot?gx-no-cache=1457114254784 HTTP/1.1" 200 30
186.103.159.204 - - [04/Mar/2016:14:57:28 -0300] "POST /cormun/servlet/trsolicitudot?111494f600d2a608ac4de706bf872a4b,,gx-no-cache=1457114270494 HTTP/1.1" 200 104
186.103.159.204 - - [04/Mar/2016:14:57:28 -0300] "GET /cormun/servlet/solicitudot?UPD,2016,440, HTTP/1.1" 200 12094
186.103.159.204 - - [04/Mar/2016:14:57:29 -0300] "GET /cormun/servlet/solicitudot?UPD,2016,440, HTTP/1.1" 200 12103
186.103.159.204 - - [04/Mar/2016:14:57:29 -0300] "POST /cormun/servlet/solicitudot?gx-no-cache=1457114271931 HTTP/1.1" 200 2775
186.103.159.204 - - [04/Mar/2016:14:57:29 -0300] "POST /cormun/servlet/solicitudot?111494f600d2a608ac4de706bf872a4b,UPD,2016,440,,gx-no-cache=1457114272065 HTTP/1.1" 200 8489
186.103.159.204 - - [04/Mar/2016:14:57:30 -0300] "GET /cormun/servlet/solicitudot?4125bd16977596057cfb4ea40890986b7fb4a2ae4858b114c2031a8084e9cbb16b96c41d15f6400e5d6aac9c7f6a8d0b,gx-no-cache=1457114272236 HTTP/1.1" 200 30
186.103.159.204 - - [04/Mar/2016:14:57:30 -0300] "POST /cormun/servlet/solicitudot?gx-no-cache=1457114272285 HTTP/1.1" 200 30
186.103.159.204 - - [04/Mar/2016:14:57:30 -0300] "POST /cormun/servlet/solicitudot?gx-no-cache=1457114272320 HTTP/1.1" 200 33
186.103.159.204 - - [04/Mar/2016:14:57:30 -0300] "POST /cormun/servlet/solicitudot?gx-no-cache=1457114272395 HTTP/1.1" 200 452
186.103.159.44 - - [04/Mar/2016:14:57:30 -0300] "POST /cormun/servlet/solicitudot?gx-no-cache=1457114256781 HTTP/1.1" 200 122
186.103.159.204 - - [04/Mar/2016:14:57:30 -0300] "GET /cormun/servlet/solicitudot?4125bd16977596057cfb4ea40890986bae9fb45c83df9208db48c458cbed2920ff74f1f73e109d74b90dacbed940b3d8e83793e9f9146a48934fb28dec07d9447f717c8bab5c8e0ca2ff511105c1a82e9ae0fe56bf17f1649c0665a0003e5bd42e3f82d263a974d87e17a11afc1e9deb293e1bcabd8a708d4fd3fc10e19a160417680ad1415e47ce604dfaa8b5eeba880b5b53913b049fb6c1e2f1cd1e4e95b6,gx-no-cache=1457114272483 HTTP/1.1" 200 41
186.103.159.44 - - [04/Mar/2016:14:57:30 -0300] "GET /cormun/static/Shared/jqueryui/images/ui-icons_8d78a5_256x240.png HTTP/1.1" 404 1089
186.103.159.44 - - [04/Mar/2016:14:57:30 -0300] "GET /cormun/static/Shared/jqueryui/images/ui-bg_flat_55_fafafa_40x100.png HTTP/1.1" 404 1097
186.103.159.44 - - [04/Mar/2016:14:57:30 -0300] "GET /cormun/static/Shared/jqueryui/images/ui-icons_82798d_256x240.png HTTP/1.1" 404 1089
186.103.159.44 - - [04/Mar/2016:14:57:30 -0300] "GET /cormun/static/Shared/jqueryui/images/ui-bg_highlight-soft_100_c6c2c8_1x100.png HTTP/1.1" 404 1117
192.168.10.89 - - [04/Mar/2016:14:57:35 -0300] "GET /cormun/servlet/hhome HTTP/1.1" 200 3225
192.168.10.89 - - [04/Mar/2016:14:57:36 -0300] "GET /cormun/servlet/hlogin HTTP/1.1" 200 1728
186.103.159.44 - - [04/Mar/2016:14:57:39 -0300] "POST /cormun/servlet/solicitudot?gx-no-cache=1457114265972 HTTP/1.1" 200 30
192.168.10.89 - - [04/Mar/2016:14:57:53 -0300] "POST /cormun/servlet/hlogin?8df922cf9aa322126929eb9da4b4032a,gx-no-cache=1457114025559 HTTP/1.1" 200 445
192.168.10.89 - - [04/Mar/2016:14:57:56 -0300] "POST /cormun/servlet/hlogin?8df922cf9aa322126929eb9da4b4032a,gx-no-cache=1457114028535 HTTP/1.1" 200 445
186.78.35.158 - - [04/Mar/2016:14:57:57 -0300] "GET /cormun/static/menuarrow.gif HTTP/1.1" 404 1015
186.103.159.44 - - [04/Mar/2016:14:58:03 -0300] "POST /cormun/servlet/solicitudot?gx-no-cache=1457114290468 HTTP/1.1" 200 1156
192.168.10.89 - - [04/Mar/2016:14:58:07 -0300] "POST /cormun/servlet/hlogin?8df922cf9aa322126929eb9da4b4032a,gx-no-cache=1457114039103 HTTP/1.1" 200 447
186.103.159.44 - - [04/Mar/2016:14:58:14 -0300] "GET /cormun/servlet/solicitudot?aaea2c1ea464c18824a1d6029793d8ea91492d04bb834e2f379c1a4cd4530572280eba33eb248dee8d47893e1c7e5ffc006153a70e39a4c618412ee47047a139d0d16dfa6e716cceab17f67044ae43eabe6e8ab604c175b61a55bac17f403d854f6004f4badc31bc4088aac73f039f4d3544d86713ba1f06baf1e3ad6add25e564981bbb531717dcd060e92b3dd3556b40f6e5539d722341b219596e8cf0ffdc,gx-no-cache=1457114300828 HTTP/1.1" 200 38
186.103.159.204 - - [04/Mar/2016:14:58:18 -0300] "GET /cormun/servlet/prfichaempleado?,MD,,gxPopupLevel%3D0%3B HTTP/1.1" 200 7947
186.103.159.204 - - [04/Mar/2016:14:58:18 -0300] "GET /cormun/static/Resources/Spanish/PXTools.css?16184758 HTTP/1.1" 304 -
186.103.159.204 - - [04/Mar/2016:14:58:18 -0300] "GET /cormun/static/scaMessage/css/jquery-ui.css?104140 HTTP/1.1" 404 1045
186.103.159.204 - - [04/Mar/2016:14:58:18 -0300] "GET /cormun/static/gxcfg.js?201511151625694 HTTP/1.1" 304 -
186.103.159.204 - - [04/Mar/2016:14:58:18 -0300] "GET /cormun/static/prfichaempleado.js?201511151625857 HTTP/1.1" 304 -
186.103.159.204 - - [04/Mar/2016:14:58:18 -0300] "GET /cormun/static/menusearch.js?20163219454787 HTTP/1.1" 304 -
186.103.159.204 - - [04/Mar/2016:14:58:18 -0300] "GET /cormun/static/hmpwkw01.js?201511211495945 HTTP/1.1" 304 -
186.103.159.44 - - [04/Mar/2016:14:58:21 -0300] "GET /cormun/servlet/solicitudot?aaea2c1ea464c18824a1d6029793d8eaa338b34e6402200b0c301d4d1ccf02341eca95ff11019fa5b21a5301bca33e3820be529382d35c67047a3a6f47f70813e0f5da4372f3e83e0e1abd25567dd3f3a1f34407a736a0f03eddbdf5262a984f286c56715744205a785d14dfb6fadb4544bbe89e748c7848509b5a98296f7a06cbba7ee5fa9ef6625e75569cec0bbfd4a3470099fbff2258d0439aacf15f617a,gx-no-cache=1457114307650 HTTP/1.1" 200 29
186.103.159.44 - - [04/Mar/2016:14:58:21 -0300] "POST /cormun/servlet/solicitudot?gx-no-cache=1457114307702 HTTP/1.1" 200 1116
186.78.35.158 - - [04/Mar/2016:14:58:24 -0300] "GET /cormun/servlet/solicitudot?fea096bfebb2fad1f18ca89b637ff5ba809a2475ee0ea1773d585e99998471d983e078f649d39ef7a14e80caf1fa484371fbcd8761f0ac9326168add2ceb51b0dd1e95351f0f59c0a26b837f3cd00bec5e3895c21bfb9167f293e4a9078c4ca8da4d72cdffdf0cece0e33ec8a79188c705116aec486d206249662e15dd52b3456a5b086e97b268675bae963f664ceafc2ff0c4a7e7dd769b8e62c125bd9e24de,gx-no-cache=1457114335074 HTTP/1.1" 200 30
186.78.35.158 - - [04/Mar/2016:14:58:24 -0300] "POST /cormun/servlet/solicitudot?22b782bf92132c1459bcafc858837446,INS,0,0,,gx-no-cache=1457114335233 HTTP/1.1" 200 93
186.78.35.158 - - [04/Mar/2016:14:58:25 -0300] "GET /cormun/servlet/hpexe_return? HTTP/1.1" 200 1011
186.78.35.158 - - [04/Mar/2016:14:58:25 -0300] "GET /cormun/servlet/trsolicitudot HTTP/1.1" 200 7530
192.168.10.98 - - [04/Mar/2016:14:58:26 -0300] "GET /cormun/servlet/trsolicitudgral? HTTP/1.1" 200 7203
192.168.10.98 - - [04/Mar/2016:14:58:27 -0300] "GET /cormun/servlet/trsolicitudgral? HTTP/1.1" 200 7203
186.78.35.158 - - [04/Mar/2016:14:58:27 -0300] "GET /cormun/servlet/trsolicitudot HTTP/1.1" 200 7526
186.103.159.204 - - [04/Mar/2016:14:58:30 -0300] "POST /cormun/servlet/solicitudot?111494f600d2a608ac4de706bf872a4b,UPD,2016,440,,gx-no-cache=1457114332355 HTTP/1.1" 200 93
186.103.159.204 - - [04/Mar/2016:14:58:30 -0300] "GET /cormun/servlet/hpexe_return? HTTP/1.1" 200 1011
186.103.159.204 - - [04/Mar/2016:14:58:30 -0300] "GET /cormun/servlet/trsolicitudot? HTTP/1.1" 200 13986
186.103.159.204 - - [04/Mar/2016:14:58:31 -0300] "GET /cormun/servlet/trsolicitudot? HTTP/1.1" 200 13982
192.168.10.98 - - [04/Mar/2016:14:58:32 -0300] "POST /cormun/servlet/trsolicitudgral?7b8bf2c3e27eb7aaa6805823a248f9fb,,gx-no-cache=1457114064249 HTTP/1.1" 200 4473
192.168.10.98 - - [04/Mar/2016:14:58:32 -0300] "POST /cormun/servlet/trsolicitudgral?7b8bf2c3e27eb7aaa6805823a248f9fb,,gx-no-cache=1457114064454 HTTP/1.1" 200 4473
192.168.10.98 - - [04/Mar/2016:14:58:32 -0300] "POST /cormun/servlet/trsolicitudgral?7b8bf2c3e27eb7aaa6805823a248f9fb,,gx-no-cache=1457114064628 HTTP/1.1" 200 4473
192.168.10.98 - - [04/Mar/2016:14:58:32 -0300] "POST /cormun/servlet/trsolicitudgral?7b8bf2c3e27eb7aaa6805823a248f9fb,,gx-no-cache=1457114064800 HTTP/1.1" 200 4473
192.168.10.98 - - [04/Mar/2016:14:58:33 -0300] "POST /cormun/servlet/trsolicitudgral?7b8bf2c3e27eb7aaa6805823a248f9fb,,gx-no-cache=1457114065292 HTTP/1.1" 200 6223
