191.112.17.11 - - [03/Mar/2016:12:46:14 -0300] "GET /cormun/servlet/solicitudot?4eda181fdd50b2d62d229ba088ba1c9d2c564a9d5d25d7b8137388f0be8bb90eb783d726883da2c7c91087e0632ba1499fd06a4b4016578e927fc11a5fc252353e40a15a85a208bd248865921318786ebb604b685802edf5ec49e64d78f0e669941f0e1df093e648deeb578d37a32767110b1c2c833d726a15b02e0342157ed0a868ac69fcb440180d16cd458537c1e5ce477556fc184cbc898e401c215cfe22,gx-no-cache=1457019998960 HTTP/1.1" 200 41
192.168.10.98 - - [03/Mar/2016:12:46:14 -0300] "POST /cormun/servlet/trsolicitudgral?781c95f129ad01d36aa9529c1c1c0e73,gx-no-cache=1457019727366 HTTP/1.1" 200 7099
192.168.10.98 - - [03/Mar/2016:12:46:15 -0300] "POST /cormun/servlet/trsolicitudgral?781c95f129ad01d36aa9529c1c1c0e73,gx-no-cache=1457019727718 HTTP/1.1" 200 7099
192.168.10.98 - - [03/Mar/2016:12:46:15 -0300] "POST /cormun/servlet/trsolicitudgral?781c95f129ad01d36aa9529c1c1c0e73,gx-no-cache=1457019728024 HTTP/1.1" 200 7100
192.168.10.98 - - [03/Mar/2016:12:46:15 -0300] "POST /cormun/servlet/trsolicitudgral?781c95f129ad01d36aa9529c1c1c0e73,gx-no-cache=1457019728379 HTTP/1.1" 200 7100
191.112.17.11 - - [03/Mar/2016:12:46:17 -0300] "GET /cormun/servlet/solicitudot?4eda181fdd50b2d62d229ba088ba1c9d79e207d219082f65d78b49df6865b5b7e08d124981724b827302aab909a36f55e69da32036ebbd1d7c6570309497144b208e0db2e53377d55625676d6e09c69eff2755f960bb091c5084b0a98b376567dfba8ade3a49e15cfb8c2631cec2aa103dd5775cb0b5a04d70061eac1377de79b74a2843a00c2af36b2955ded434e4217f9fac04a4e7fc19b9ebf9dafa1ee4dc,gx-no-cache=1457020001541 HTTP/1.1" 200 29
191.112.17.11 - - [03/Mar/2016:12:46:17 -0300] "POST /cormun/servlet/solicitudot?gx-no-cache=1457020001610 HTTP/1.1" 200 1116
191.112.17.11 - - [03/Mar/2016:12:46:17 -0300] "GET /cormun/servlet/solicitudot?4eda181fdd50b2d62d229ba088ba1c9da473d47248efcb7432f142659805758c1f5d289aca1a9f229f34d7deb2da5663299a16fe40e60d3960a81d4af8f18d043855aa1c7024c4547eb0f992050e93841371947ae7b0acfdb3b68523b839b1e3f2944366f5fd387e939ade3fdc8f1d966f7cbd23e72b2cd895a9d0946de58bd72269d21d48cec506dc324d03991e2be10ee2125499f61b20b8282a09e3759722431b65a66b79cb3446796403f7b37854,gx-no-cache=1457020001778 HTTP/1.1" 200 30
191.112.17.11 - - [03/Mar/2016:12:46:17 -0300] "POST /cormun/servlet/solicitudot?5619316feb5e38edb3968644c42d6612,UPD,2016,504,,gx-no-cache=1457020001844 HTTP/1.1" 200 93
191.112.17.11 - - [03/Mar/2016:12:46:18 -0300] "GET /cormun/servlet/hpexe_return? HTTP/1.1" 200 1016
191.112.17.11 - - [03/Mar/2016:12:46:18 -0300] "GET /cormun/servlet/trsolicitudot? HTTP/1.1" 200 7752
191.112.17.11 - - [03/Mar/2016:12:46:18 -0300] "GET /cormun/servlet/trsolicitudot? HTTP/1.1" 200 7749
191.112.17.11 - - [03/Mar/2016:12:46:21 -0300] "GET /cormun/servlet/vesolicitudot?2016,504,, HTTP/1.1" 200 7489
191.112.17.11 - - [03/Mar/2016:12:46:21 -0300] "GET /cormun/static/gxcfg.js?20163117275080 HTTP/1.1" 200 953
191.112.17.11 - - [03/Mar/2016:12:46:21 -0300] "GET /cormun/static/vesolicitudot.js?20163117275148 HTTP/1.1" 200 6091
191.112.17.11 - - [03/Mar/2016:12:46:21 -0300] "GET /cormun/pexe_scrolldiv.js HTTP/1.1" 404 1009
191.112.17.11 - - [03/Mar/2016:12:46:21 -0300] "GET /cormun/static/tbsolicitudot01.js?20163117273399 HTTP/1.1" 200 27008
191.112.17.11 - - [03/Mar/2016:12:46:21 -0300] "GET /cormun/servlet/vesolicitudot?2016,504,, HTTP/1.1" 200 7488
186.78.57.210 - - [03/Mar/2016:12:46:21 -0300] "POST /cormun/servlet/trsolicitudot?47b2748899f65881853b1d07e208b3a8,,gx-no-cache=1457020041305 HTTP/1.1" 200 104
186.78.57.210 - - [03/Mar/2016:12:46:22 -0300] "GET /cormun/servlet/solicitudot?UPD,2016,506, HTTP/1.1" 200 12653
192.168.10.98 - - [03/Mar/2016:12:46:22 -0300] "POST /cormun/servlet/trsolicitudgral?781c95f129ad01d36aa9529c1c1c0e73,gx-no-cache=1457019735329 HTTP/1.1" 200 7501
186.78.57.210 - - [03/Mar/2016:12:46:23 -0300] "GET /cormun/servlet/solicitudot?UPD,2016,506, HTTP/1.1" 200 12662
192.168.10.98 - - [03/Mar/2016:12:46:23 -0300] "GET /cormun/servlet/trsolicitudgral?d166f22428517c83fbb034ee8a4ef5ab3af5a4a52ea9a9c93e9ab44d8604c95dce7d2549e682efd3c2f155892ecdfd36b4c8f06ad6de04f0e3da1341e3c9a994630021177ddda7e5f34e354419fe9f842b8421fd179c36cfaefc2b206959c554,gx-no-cache=1457019735738 HTTP/1.1" 200 4587
191.112.17.11 - - [03/Mar/2016:12:46:23 -0300] "GET /cormun/servlet/vesolicitudot?2016,504,,SolicitudOTAdjuntos HTTP/1.1" 200 6485
191.112.17.11 - - [03/Mar/2016:12:46:23 -0300] "GET /cormun/pexe_scrolldiv.js HTTP/1.1" 404 1009
186.78.57.210 - - [03/Mar/2016:12:46:23 -0300] "POST /cormun/servlet/solicitudot?gx-no-cache=1457020043132 HTTP/1.1" 200 2768
191.112.17.11 - - [03/Mar/2016:12:46:23 -0300] "GET /cormun/static/tbsolicitudot02.js?20163117272879 HTTP/1.1" 200 14861
191.112.17.11 - - [03/Mar/2016:12:46:24 -0300] "GET /cormun/servlet/vesolicitudot?2016,504,,SolicitudOTAdjuntos HTTP/1.1" 200 6486
186.78.57.210 - - [03/Mar/2016:12:46:24 -0300] "POST /cormun/servlet/solicitudot?47b2748899f65881853b1d07e208b3a8,UPD,2016,506,,gx-no-cache=1457020043564 HTTP/1.1" 200 9043
186.78.57.210 - - [03/Mar/2016:12:46:24 -0300] "GET /cormun/servlet/solicitudot?6e39a9a0d1bc265ceaef7678f52d3ee7be25f7ef8d5ed2e59d5bde6527becc9b58e7eec6db14ff20517d1cad06b2fa04,gx-no-cache=1457020044165 HTTP/1.1" 200 30
186.78.57.210 - - [03/Mar/2016:12:46:24 -0300] "POST /cormun/servlet/solicitudot?gx-no-cache=1457020044429 HTTP/1.1" 200 30
191.112.17.11 - - [03/Mar/2016:12:46:24 -0300] "POST /cormun/servlet/acontrolpreferencessavestate?None,CD-12,true HTTP/1.1" 200 35
186.78.57.210 - - [03/Mar/2016:12:46:25 -0300] "POST /cormun/servlet/solicitudot?gx-no-cache=1457020044661 HTTP/1.1" 200 30
186.78.57.210 - - [03/Mar/2016:12:46:25 -0300] "POST /cormun/servlet/solicitudot?gx-no-cache=1457020044906 HTTP/1.1" 200 1153
186.78.57.210 - - [03/Mar/2016:12:46:25 -0300] "GET /cormun/servlet/solicitudot?6e39a9a0d1bc265ceaef7678f52d3ee73b42368082a26ed9f40176c1090a5dddefcc89cf04a7367b20aa0b15d0cf6d5cdd9bb71e5e34df6f44f03dc274bd650ccce8037730835b4e1fdd495fedd66039a22a0e058346304f2d6963602213d89e0cd63fdd396f3960549a642d5f3fcff4c788d90daf63e2a97475704b8c446bca570619ea29a87995fea23280d024c045cd8106e10bf6fb6bfa35e7d152094c1e,gx-no-cache=1457020045214 HTTP/1.1" 200 41
186.103.159.204 - - [03/Mar/2016:12:46:26 -0300] "POST /cormun/servlet/solicitudot?gx-no-cache=1457020009379 HTTP/1.1" 200 2771
186.103.159.204 - - [03/Mar/2016:12:46:26 -0300] "POST /cormun/servlet/solicitudot?c5a57deb935a1786ac7ad16113976082,INS,0,0,,gx-no-cache=1457020009541 HTTP/1.1" 200 8412
186.78.57.210 - - [03/Mar/2016:12:46:28 -0300] "POST /cormun/servlet/solicitudot?gx-no-cache=1457020048247 HTTP/1.1" 200 120
191.112.17.11 - - [03/Mar/2016:12:46:31 -0300] "POST /cormun/servlet/vesolicitudot?5619316feb5e38edb3968644c42d6612,2016,504,,SolicitudOTAdjuntos,gx-no-cache=1457020015142 HTTP/1.1" 200 90
191.112.17.11 - - [03/Mar/2016:12:46:31 -0300] "GET /cormun/servlet/hpexe_link HTTP/1.1" 200 979
191.112.17.11 - - [03/Mar/2016:12:46:31 -0300] "GET /cormun/servlet/trsolicitudot HTTP/1.1" 200 7766
192.168.10.98 - - [03/Mar/2016:12:46:31 -0300] "GET /cormun/static/menuarrow.gif HTTP/1.1" 404 1015
191.112.17.11 - - [03/Mar/2016:12:46:31 -0300] "GET /cormun/servlet/trsolicitudot HTTP/1.1" 200 7765
186.78.57.210 - - [03/Mar/2016:12:46:37 -0300] "POST /cormun/servlet/solicitudot?gx-no-cache=1457020056756 HTTP/1.1" 200 30
186.103.159.204 - - [03/Mar/2016:12:46:39 -0300] "GET /cormun/servlet/solicitudot?44f070aba3c2312cb35f9611f14490aa678ab436d5c19a4296b2adcc7aae97d0c6bb3ad9df827bdacb4b4d9102a16879,gx-no-cache=1457020022598 HTTP/1.1" 200 30
186.103.159.204 - - [03/Mar/2016:12:46:39 -0300] "POST /cormun/servlet/solicitudot?gx-no-cache=1457020022651 HTTP/1.1" 200 30
186.103.159.204 - - [03/Mar/2016:12:46:39 -0300] "POST /cormun/servlet/solicitudot?gx-no-cache=1457020022692 HTTP/1.1" 200 33
186.103.159.204 - - [03/Mar/2016:12:46:40 -0300] "POST /cormun/servlet/solicitudot?gx-no-cache=1457020022765 HTTP/1.1" 200 1156
186.103.159.204 - - [03/Mar/2016:12:46:40 -0300] "GET /cormun/servlet/solicitudot?44f070aba3c2312cb35f9611f14490aa40bbbe83126b6ab96c47416f84870f9b6aab69a742c1048d5f069a8a36ddd28ac07e14287bbc9cd25bb981696efb318bae3cd79b7250062e1947f309fdf3e9a25dd54a72514f7200fd7552150932f91de6c6733bacdde745c7ff76a76d9e67b33ffa81f55403d0d6bb456e525261c5a2fb348b0e275d1ce39502b756fef78e25,gx-no-cache=1457020022872 HTTP/1.1" 200 38
186.78.57.210 - - [03/Mar/2016:12:46:40 -0300] "POST /cormun/servlet/solicitudot?gx-no-cache=1457020060541 HTTP/1.1" 200 30
186.78.57.210 - - [03/Mar/2016:12:46:41 -0300] "POST /cormun/servlet/solicitudot?gx-no-cache=1457020060721 HTTP/1.1" 200 1153
186.78.57.210 - - [03/Mar/2016:12:46:41 -0300] "GET /cormun/servlet/solicitudot?6e39a9a0d1bc265ceaef7678f52d3ee73b42368082a26ed9f40176c1090a5dddefcc89cf04a7367b20aa0b15d0cf6d5cdd9bb71e5e34df6f44f03dc274bd650ccce8037730835b4e1fdd495fedd66039a22a0e058346304f2d6963602213d89e0cd63fdd396f3960549a642d5f3fcff4c788d90daf63e2a97475704b8c446bca570619ea29a87995fea23280d024c045cd8106e10bf6fb6bfa35e7d152094c1e,gx-no-cache=1457020060941 HTTP/1.1" 200 41
186.78.57.210 - - [03/Mar/2016:12:46:41 -0300] "GET /cormun/servlet/solicitudot?6e39a9a0d1bc265ceaef7678f52d3ee79758430a099ce6be1f8b7a0a35189ffbe4d98e422e3afde2b8e4604ba07932390f2eabf657dcd170dbf152b9807294e18eabc8207ab49b91de3451628a277aec1eaa88bf8aa4fb2abdf4a59a2a386e4c0969af542fbf0b2cf7c3990f4a1a85813a06360ad619e865ed05d11f85cc38c910c757158a4c393393c46c90dddd94e1e1a74df0baa8d2f3ee0c9d552a8c7df8,gx-no-cache=1457020061020 HTTP/1.1" 200 29
186.78.57.210 - - [03/Mar/2016:12:46:41 -0300] "POST /cormun/servlet/solicitudot?gx-no-cache=1457020061097 HTTP/1.1" 200 1116
186.78.57.210 - - [03/Mar/2016:12:46:41 -0300] "GET /cormun/servlet/solicitudot?6e39a9a0d1bc265ceaef7678f52d3ee70df9e95c63155ba449e478fe040d55190446df1bc46c485ed287bc745fb18115b12cefeb85c121336ca26571b1a11a8f197898cd665fb4dd4f0ec214789a202e413ab53818e1945ccb9fdfecf59007d3a6b030301367140c9ef7cf5dec91b7752802bcc69b37011aed529050ffe7687e556976f1633dfeb6dd8dbd24b114b7fc8c94c031966bb4feb62720c34cd051a8587be19ec5aba2b1734a330d04442ecc,gx-no-cache=1457020061283 HTTP/1.1" 200 30
186.78.57.210 - - [03/Mar/2016:12:46:42 -0300] "POST /cormun/servlet/solicitudot?47b2748899f65881853b1d07e208b3a8,UPD,2016,506,,gx-no-cache=1457020061368 HTTP/1.1" 200 93
186.78.57.210 - - [03/Mar/2016:12:46:42 -0300] "GET /cormun/servlet/hpexe_return? HTTP/1.1" 200 1013
186.78.57.210 - - [03/Mar/2016:12:46:42 -0300] "GET /cormun/servlet/trsolicitudot? HTTP/1.1" 200 7845
186.78.57.210 - - [03/Mar/2016:12:46:43 -0300] "GET /cormun/servlet/trsolicitudot? HTTP/1.1" 200 7841
186.78.57.210 - - [03/Mar/2016:12:46:45 -0300] "POST /cormun/servlet/trsolicitudot?47b2748899f65881853b1d07e208b3a8,,gx-no-cache=1457020065203 HTTP/1.1" 200 5513
186.103.159.204 - - [03/Mar/2016:12:46:46 -0300] "GET /cormun/servlet/solicitudot?44f070aba3c2312cb35f9611f14490aa65e9822035e7701110350be586a54156a49debbf8260a9c849f9fecbac4feffc416a11e2d023aa0e71ed2776ca4d7bbbc1749af8d75e962f89a5f3b4994ad9e74e977ace6e493fa13f4494d754c957be3537ff321e0a91f2dcee05ced21e1a6f8f54c6b9e569b30e3fc6510743f91a2a176030bf9da77d5a99a62518635680c83ce267472811d994bcce5ebdc27f86e4,gx-no-cache=1457020029690 HTTP/1.1" 200 29
186.103.159.204 - - [03/Mar/2016:12:46:47 -0300] "POST /cormun/servlet/solicitudot?gx-no-cache=1457020029746 HTTP/1.1" 200 1115
186.103.159.204 - - [03/Mar/2016:12:46:47 -0300] "GET /cormun/static/menuarrow.gif HTTP/1.1" 404 1015
186.78.45.190 - - [03/Mar/2016:12:46:47 -0300] "POST /cormun/servlet/solicitudot?gx-no-cache=1457020034210 HTTP/1.1" 200 1157
186.78.45.190 - - [03/Mar/2016:12:46:47 -0300] "GET /cormun/servlet/solicitudot?34c2ba13f0e2f72f70aa9450a7db897e386f0216d48c64b6168ebd70cfc326f9add90745515b9353b6f7ac47a647325e343d6cfe99296a9b16f49bd58f69928616d72756ceb17ea7f9e67b26c70b58448fbb91555d64daa8e88697b8d4a2eae3537035d2277029ba57188d4230e2a2c43730a9cb25fa664c17f068c953affee6eed9ce2492386a023b36243ac749ac5f9709054982f6a6cfa5ed0282ca1751f8,gx-no-cache=1457020034461 HTTP/1.1" 200 41
192.168.10.98 - - [03/Mar/2016:12:46:49 -0300] "POST /cormun/servlet/trsolicitudgral?781c95f129ad01d36aa9529c1c1c0e73,gx-no-cache=1457019761858 HTTP/1.1" 200 16736
192.168.10.98 - - [03/Mar/2016:12:46:51 -0300] "POST /cormun/servlet/trsolicitudgral?781c95f129ad01d36aa9529c1c1c0e73,gx-no-cache=1457019763285 HTTP/1.1" 200 16736
192.168.10.98 - - [03/Mar/2016:12:46:52 -0300] "POST /cormun/servlet/trsolicitudgral?781c95f129ad01d36aa9529c1c1c0e73,gx-no-cache=1457019764843 HTTP/1.1" 200 16737
186.78.57.210 - - [03/Mar/2016:12:46:52 -0300] "POST /cormun/servlet/trsolicitudot?47b2748899f65881853b1d07e208b3a8,,gx-no-cache=1457020072062 HTTP/1.1" 200 105
186.78.57.210 - - [03/Mar/2016:12:46:53 -0300] "GET /cormun/servlet/trsolicitudadjuntos?2016,506, HTTP/1.1" 200 5369
192.168.10.98 - - [03/Mar/2016:12:46:54 -0300] "POST /cormun/servlet/trsolicitudgral?781c95f129ad01d36aa9529c1c1c0e73,gx-no-cache=1457019766599 HTTP/1.1" 200 16737
186.78.57.210 - - [03/Mar/2016:12:46:56 -0300] "GET /cormun/servlet/trsolicitudadjuntos?2016,506, HTTP/1.1" 200 5369
186.78.57.210 - - [03/Mar/2016:12:47:00 -0300] "GET /cormun/servlet/solicitudotadjuntos?INS,2016,506,,1, HTTP/1.1" 200 5457
191.112.17.11 - - [03/Mar/2016:12:47:01 -0300] "GET /cormun/servlet/treventos?2016,504, HTTP/1.1" 200 5135
191.112.17.11 - - [03/Mar/2016:12:47:01 -0300] "GET /cormun/servlet/treventos?2016,504, HTTP/1.1" 200 5135
186.78.57.210 - - [03/Mar/2016:12:47:01 -0300] "GET /cormun/static/about:blank HTTP/1.1" 404 1011
186.78.57.210 - - [03/Mar/2016:12:47:02 -0300] "GET /cormun/servlet/solicitudotadjuntos?INS,2016,506,,1, HTTP/1.1" 200 5451
186.78.57.210 - - [03/Mar/2016:12:47:02 -0300] "GET /cormun/servlet/solicitudotadjuntos?6e39a9a0d1bc265ceaef7678f52d3ee7c9b82fe91e61f27dc46138151a3f2fa3cd8106e10bf6fb6bfa35e7d152094c1e,gx-no-cache=1457020082044 HTTP/1.1" 200 30
191.112.17.11 - - [03/Mar/2016:12:47:02 -0300] "POST /cormun/servlet/acontrolpreferencessavestate?None,CD-12,true HTTP/1.1" 200 35
186.78.57.210 - - [03/Mar/2016:12:47:03 -0300] "POST /cormun/servlet/solicitudotadjuntos?47b2748899f65881853b1d07e208b3a8,INS,2016,506,,1,,gx-no-cache=1457020082646 HTTP/1.1" 200 3324
191.112.17.11 - - [03/Mar/2016:12:47:08 -0300] "POST /cormun/servlet/treventos?5619316feb5e38edb3968644c42d6612,2016,504,,gx-no-cache=1457020052086 HTTP/1.1" 200 90
191.112.17.11 - - [03/Mar/2016:12:47:08 -0300] "GET /cormun/servlet/hpexe_link HTTP/1.1" 200 967
191.112.17.11 - - [03/Mar/2016:12:47:08 -0300] "GET /cormun/servlet/trsolicitudot HTTP/1.1" 200 7773
191.112.17.11 - - [03/Mar/2016:12:47:08 -0300] "GET /cormun/servlet/trsolicitudot HTTP/1.1" 200 7772
186.103.159.204 - - [03/Mar/2016:12:47:09 -0300] "GET /cormun/servlet/solicitudot?44f070aba3c2312cb35f9611f14490aaf8f356ea3f427ce13aa5f20e16f5d28f014c7f7cdb380c56918e5417ea39e09456f83e92c84ff895c8e2ca56e5d225efdeb305ff470f3bc295c708a917b7a3d7255bb45c60702f7ad63093b963bf5806d938cc30190b002e51f443713e59344e330ca23ac949d07463d2d967fdd48597e4d224273fde98bb952d31df1679d42df8e107e2ec664fea7dad8ed2d01877c54f0fc7f88cc2552acfe527e38c784053,gx-no-cache=1457020051998 HTTP/1.1" 200 30
186.103.159.204 - - [03/Mar/2016:12:47:09 -0300] "POST /cormun/servlet/solicitudot?c5a57deb935a1786ac7ad16113976082,INS,0,0,,gx-no-cache=1457020052037 HTTP/1.1" 200 93
186.103.159.204 - - [03/Mar/2016:12:47:09 -0300] "GET /cormun/servlet/hpexe_return? HTTP/1.1" 200 1005
186.103.159.204 - - [03/Mar/2016:12:47:09 -0300] "GET /cormun/static/messages.spa.js?85251 HTTP/1.1" 304 -
186.103.159.204 - - [03/Mar/2016:12:47:09 -0300] "GET /cormun/servlet/trsolicitudot HTTP/1.1" 200 8158
186.103.159.204 - - [03/Mar/2016:12:47:10 -0300] "GET /cormun/servlet/trsolicitudot HTTP/1.1" 200 8154
186.78.45.190 - - [03/Mar/2016:12:47:13 -0300] "POST /cormun/servlet/solicitudot?gx-no-cache=1457020060044 HTTP/1.1" 200 1116
186.78.45.190 - - [03/Mar/2016:12:47:13 -0300] "GET /cormun/servlet/solicitudot?34c2ba13f0e2f72f70aa9450a7db897e87d89511aaf6baf858baa4e670a6169e03f294e4fa5879aa25533b04a9c943d9a96dfc3ddd58f71f7f39d051e4e9fc1f2248158e64f34232d199017c63eaeff800e499a0859f9a8e26866ce44401e64deae86621a66a7af170e97ede1db842be227ffeb36c78cc3508b3990aa4111909605b0c83ec04003b405b4c4cac774ec79ad84662f1b0d035ede9b4e4f479059c2b584c4fe937e47e220aa2375b4b2e65,gx-no-cache=1457020060269 HTTP/1.1" 200 30
186.78.45.190 - - [03/Mar/2016:12:47:14 -0300] "POST /cormun/servlet/solicitudot?bbe20fa7627856f01390cbeeedc8c8ed,INS,0,0,,gx-no-cache=1457020060338 HTTP/1.1" 200 93
186.78.45.190 - - [03/Mar/2016:12:47:14 -0300] "GET /cormun/servlet/hpexe_return? HTTP/1.1" 200 1014
186.78.45.190 - - [03/Mar/2016:12:47:14 -0300] "GET /cormun/static/gxcfg.js?2015111312145050 HTTP/1.1" 200 953
186.78.45.190 - - [03/Mar/2016:12:47:14 -0300] "GET /cormun/static/hpexe_return.js?2015111312145056 HTTP/1.1" 200 1633
186.78.45.190 - - [03/Mar/2016:12:47:14 -0300] "GET /cormun/static/Resources/Spanish/PXTools.css?12112540 HTTP/1.1" 200 89042
186.78.45.190 - - [03/Mar/2016:12:47:14 -0300] "GET /cormun/servlet/trsolicitudot? HTTP/1.1" 200 6277
186.103.159.204 - - [03/Mar/2016:12:47:15 -0300] "GET /cormun/servlet/solicitudot?INS,0,0, HTTP/1.1" 200 11438
186.103.159.204 - - [03/Mar/2016:12:47:15 -0300] "GET /cormun/static/hpexe_scripts.js?20151120014546 HTTP/1.1" 304 -
186.103.159.204 - - [03/Mar/2016:12:47:15 -0300] "GET /cormun/static/hpexe_recentlink.js?2015111312121342 HTTP/1.1" 304 -
186.103.159.204 - - [03/Mar/2016:12:47:15 -0300] "GET /cormun/static/hpexe_messagecontroller.js?2015112210524422 HTTP/1.1" 304 -
186.103.159.204 - - [03/Mar/2016:12:47:15 -0300] "GET /cormun/static/hwchdr01.js?20162241650484 HTTP/1.1" 304 -
186.103.159.204 - - [03/Mar/2016:12:47:15 -0300] "GET /cormun/static/hpexe_messagepopupcomponent.js?20163219454551 HTTP/1.1" 304 -
186.103.159.204 - - [03/Mar/2016:12:47:15 -0300] "GET /cormun/static/hpexe_messagegenexuscomponent.js?20151120014314 HTTP/1.1" 304 -
186.103.159.204 - - [03/Mar/2016:12:47:15 -0300] "GET /cormun/static/cmcontrolpreferences.js?20151120014525 HTTP/1.1" 304 -
186.103.159.204 - - [03/Mar/2016:12:47:15 -0300] "GET /cormun/static/hmpwkw03.js?2016311993330 HTTP/1.1" 304 -
186.103.159.204 - - [03/Mar/2016:12:47:16 -0300] "GET /cormun/servlet/solicitudot?INS,0,0, HTTP/1.1" 200 11442
186.103.159.204 - - [03/Mar/2016:12:47:29 -0300] "POST /cormun/servlet/solicitudot?gx-no-cache=1457020072411 HTTP/1.1" 200 2771
186.103.159.204 - - [03/Mar/2016:12:47:29 -0300] "POST /cormun/servlet/solicitudot?c5a57deb935a1786ac7ad16113976082,INS,0,0,,gx-no-cache=1457020072550 HTTP/1.1" 200 8413
186.103.159.204 - - [03/Mar/2016:12:47:34 -0300] "GET /cormun/servlet/solicitudot?44f070aba3c2312cb35f9611f14490aa678ab436d5c19a4296b2adcc7aae97d0c6bb3ad9df827bdacb4b4d9102a16879,gx-no-cache=1457020077420 HTTP/1.1" 200 30
186.103.159.204 - - [03/Mar/2016:12:47:34 -0300] "POST /cormun/servlet/solicitudot?gx-no-cache=1457020077474 HTTP/1.1" 200 30
186.103.159.204 - - [03/Mar/2016:12:47:34 -0300] "POST /cormun/servlet/solicitudot?gx-no-cache=1457020077512 HTTP/1.1" 200 33
186.78.57.210 - - [03/Mar/2016:12:47:34 -0300] "POST /cormun/servlet/solicitudotadjuntos?gx-no-cache=1457020114330 HTTP/1.1" 200 26
186.103.159.204 - - [03/Mar/2016:12:47:34 -0300] "POST /cormun/servlet/solicitudot?gx-no-cache=1457020077588 HTTP/1.1" 200 1156
186.103.159.204 - - [03/Mar/2016:12:47:34 -0300] "GET /cormun/servlet/solicitudot?44f070aba3c2312cb35f9611f14490aa40bbbe83126b6ab96c47416f84870f9b6aab69a742c1048d5f069a8a36ddd28ac07e14287bbc9cd25bb981696efb318bae3cd79b7250062e1947f309fdf3e9a25dd54a72514f7200fd7552150932f91de6c6733bacdde745c7ff76a76d9e67b33ffa81f55403d0d6bb456e525261c5a2fb348b0e275d1ce39502b756fef78e25,gx-no-cache=1457020077696 HTTP/1.1" 200 38
186.78.57.210 - - [03/Mar/2016:12:47:36 -0300] "GET /cormun/servlet/solicitudotadjuntos?6e39a9a0d1bc265ceaef7678f52d3ee744c7ee0f437c4b3b34d7efedc0650c67,gx-no-cache=1457020115784 HTTP/1.1" 200 30
186.78.57.210 - - [03/Mar/2016:12:47:36 -0300] "GET /cormun/servlet/solicitudotadjuntos?6e39a9a0d1bc265ceaef7678f52d3ee744c7ee0f437c4b3b34d7efedc0650c67,gx-no-cache=1457020115856 HTTP/1.1" 200 30
186.78.57.210 - - [03/Mar/2016:12:47:36 -0300] "POST /cormun/servlet/solicitudotadjuntos?47b2748899f65881853b1d07e208b3a8,INS,2016,506,,1,,gx-no-cache=1457020115926 HTTP/1.1" 200 93
186.78.57.210 - - [03/Mar/2016:12:47:36 -0300] "GET /cormun/servlet/hpexe_return? HTTP/1.1" 200 1026
186.78.57.210 - - [03/Mar/2016:12:47:36 -0300] "GET /cormun/servlet/trsolicitudadjuntos?2016,506, HTTP/1.1" 200 7137
186.78.57.210 - - [03/Mar/2016:12:47:37 -0300] "GET /cormun/servlet/trsolicitudadjuntos?2016,506, HTTP/1.1" 200 7133
186.103.159.204 - - [03/Mar/2016:12:47:41 -0300] "GET /cormun/servlet/solicitudot?44f070aba3c2312cb35f9611f14490aa65e9822035e7701110350be586a54156a49debbf8260a9c849f9fecbac4feffc416a11e2d023aa0e71ed2776ca4d7bbbc1749af8d75e962f89a5f3b4994ad9e74e977ace6e493fa13f4494d754c957be3537ff321e0a91f2dcee05ced21e1a6f8f54c6b9e569b30e3fc6510743f91a2a176030bf9da77d5a99a62518635680c83ce267472811d994bcce5ebdc27f86e4,gx-no-cache=1457020084549 HTTP/1.1" 200 29
186.103.159.204 - - [03/Mar/2016:12:47:41 -0300] "POST /cormun/servlet/solicitudot?gx-no-cache=1457020084590 HTTP/1.1" 200 1115
192.168.10.98 - - [03/Mar/2016:12:47:42 -0300] "POST /cormun/servlet/trsolicitudgral?781c95f129ad01d36aa9529c1c1c0e73,gx-no-cache=1457019814341 HTTP/1.1" 200 16836
192.168.10.98 - - [03/Mar/2016:12:47:44 -0300] "POST /cormun/servlet/trsolicitudgral?781c95f129ad01d36aa9529c1c1c0e73,gx-no-cache=1457019816268 HTTP/1.1" 200 16837
192.168.10.98 - - [03/Mar/2016:12:47:46 -0300] "POST /cormun/servlet/trsolicitudgral?781c95f129ad01d36aa9529c1c1c0e73,gx-no-cache=1457019818178 HTTP/1.1" 200 16837
192.168.10.98 - - [03/Mar/2016:12:47:48 -0300] "POST /cormun/servlet/trsolicitudgral?781c95f129ad01d36aa9529c1c1c0e73,gx-no-cache=1457019820224 HTTP/1.1" 200 15497
192.168.10.98 - - [03/Mar/2016:12:47:54 -0300] "POST /cormun/servlet/trsolicitudgral?781c95f129ad01d36aa9529c1c1c0e73,gx-no-cache=1457019826927 HTTP/1.1" 200 6785
186.78.57.210 - - [03/Mar/2016:12:47:56 -0300] "GET /cormun/servlet/solicitudotadjuntos?INS,2016,506,,1, HTTP/1.1" 200 5457
186.78.57.210 - - [03/Mar/2016:12:47:56 -0300] "GET /cormun/static/about:blank HTTP/1.1" 404 1011
186.78.57.210 - - [03/Mar/2016:12:47:57 -0300] "GET /cormun/servlet/solicitudotadjuntos?INS,2016,506,,1, HTTP/1.1" 200 5451
186.78.57.210 - - [03/Mar/2016:12:47:57 -0300] "GET /cormun/servlet/solicitudotadjuntos?6e39a9a0d1bc265ceaef7678f52d3ee7c9b82fe91e61f27dc46138151a3f2fa3cd8106e10bf6fb6bfa35e7d152094c1e,gx-no-cache=1457020137096 HTTP/1.1" 200 30
186.78.57.210 - - [03/Mar/2016:12:47:57 -0300] "POST /cormun/servlet/solicitudotadjuntos?47b2748899f65881853b1d07e208b3a8,INS,2016,506,,1,,gx-no-cache=1457020137210 HTTP/1.1" 200 3325
191.112.17.11 - - [03/Mar/2016:12:48:00 -0300] "GET /cormun/servlet/solicitudot?INS,0,0, HTTP/1.1" 200 11406
191.112.17.11 - - [03/Mar/2016:12:48:00 -0300] "GET /cormun/servlet/solicitudot?INS,0,0, HTTP/1.1" 200 11411
186.78.57.210 - - [03/Mar/2016:12:48:00 -0300] "POST /cormun/servlet/solicitudotadjuntos?gx-no-cache=1457020140501 HTTP/1.1" 200 26
186.78.57.210 - - [03/Mar/2016:12:48:02 -0300] "GET /cormun/servlet/solicitudotadjuntos?6e39a9a0d1bc265ceaef7678f52d3ee744c7ee0f437c4b3b34d7efedc0650c67,gx-no-cache=1457020141788 HTTP/1.1" 200 30
191.112.17.11 - - [03/Mar/2016:12:48:02 -0300] "POST /cormun/servlet/solicitudot?5619316feb5e38edb3968644c42d6612,INS,0,0,,gx-no-cache=1457020106294 HTTP/1.1" 200 93
191.112.17.11 - - [03/Mar/2016:12:48:02 -0300] "GET /cormun/servlet/hpexe_return? HTTP/1.1" 200 1012
191.112.17.11 - - [03/Mar/2016:12:48:02 -0300] "GET /cormun/servlet/trsolicitudot HTTP/1.1" 200 7775
186.78.57.210 - - [03/Mar/2016:12:48:02 -0300] "GET /cormun/servlet/solicitudotadjuntos?6e39a9a0d1bc265ceaef7678f52d3ee744c7ee0f437c4b3b34d7efedc0650c67,gx-no-cache=1457020142259 HTTP/1.1" 200 30
191.112.17.11 - - [03/Mar/2016:12:48:03 -0300] "GET /cormun/servlet/trsolicitudot HTTP/1.1" 200 7772
186.78.57.210 - - [03/Mar/2016:12:48:03 -0300] "POST /cormun/servlet/solicitudotadjuntos?47b2748899f65881853b1d07e208b3a8,INS,2016,506,,1,,gx-no-cache=1457020142513 HTTP/1.1" 200 93
186.103.159.204 - - [03/Mar/2016:12:48:03 -0300] "GET /cormun/static/menuarrow.gif HTTP/1.1" 404 1015
186.78.57.210 - - [03/Mar/2016:12:48:03 -0300] "GET /cormun/servlet/hpexe_return? HTTP/1.1" 200 1026
186.78.57.210 - - [03/Mar/2016:12:48:03 -0300] "GET /cormun/servlet/trsolicitudadjuntos?2016,506, HTTP/1.1" 200 7251
186.78.57.210 - - [03/Mar/2016:12:48:04 -0300] "GET /cormun/servlet/trsolicitudadjuntos?2016,506, HTTP/1.1" 200 7248
186.78.57.210 - - [03/Mar/2016:12:48:07 -0300] "GET /cormun/servlet/solicitudotadjuntos?INS,2016,506,,1, HTTP/1.1" 200 5457
186.78.45.190 - - [03/Mar/2016:12:48:07 -0300] "GET /cormun/servlet/trvisualizadoreventos? HTTP/1.1" 200 5984
186.78.57.210 - - [03/Mar/2016:12:48:07 -0300] "GET /cormun/static/about:blank HTTP/1.1" 404 1011
186.78.57.210 - - [03/Mar/2016:12:48:07 -0300] "GET /cormun/servlet/solicitudotadjuntos?INS,2016,506,,1, HTTP/1.1" 200 5451
186.78.57.210 - - [03/Mar/2016:12:48:08 -0300] "GET /cormun/servlet/solicitudotadjuntos?6e39a9a0d1bc265ceaef7678f52d3ee7c9b82fe91e61f27dc46138151a3f2fa3cd8106e10bf6fb6bfa35e7d152094c1e,gx-no-cache=1457020148004 HTTP/1.1" 200 30
186.78.57.210 - - [03/Mar/2016:12:48:09 -0300] "POST /cormun/servlet/solicitudotadjuntos?47b2748899f65881853b1d07e208b3a8,INS,2016,506,,1,,gx-no-cache=1457020148359 HTTP/1.1" 200 3325
191.112.17.11 - - [03/Mar/2016:12:48:13 -0300] "POST /cormun/servlet/trsolicitudot?5619316feb5e38edb3968644c42d6612,gx-no-cache=1457020117151 HTTP/1.1" 200 5257
191.112.17.11 - - [03/Mar/2016:12:48:13 -0300] "POST /cormun/servlet/trsolicitudot?5619316feb5e38edb3968644c42d6612,gx-no-cache=1457020117531 HTTP/1.1" 200 5257
186.103.159.204 - - [03/Mar/2016:12:48:13 -0300] "GET /cormun/servlet/solicitudot?44f070aba3c2312cb35f9611f14490aaf8f356ea3f427ce13aa5f20e16f5d28f014c7f7cdb380c56918e5417ea39e09456f83e92c84ff895c8e2ca56e5d225efdeb305ff470f3bc295c708a917b7a3d7255bb45c60702f7ad63093b963bf5806d938cc30190b002e51f443713e59344e330ca23ac949d07463d2d967fdd48597e4d224273fde98bb952d31df1679d42df8e107e2ec664fea7dad8ed2d01877c54f0fc7f88cc2552acfe527e38c784053,gx-no-cache=1457020116349 HTTP/1.1" 200 30
191.112.17.11 - - [03/Mar/2016:12:48:13 -0300] "POST /cormun/servlet/trsolicitudot?5619316feb5e38edb3968644c42d6612,gx-no-cache=1457020117930 HTTP/1.1" 200 5258
191.112.17.11 - - [03/Mar/2016:12:48:14 -0300] "POST /cormun/servlet/trsolicitudot?5619316feb5e38edb3968644c42d6612,gx-no-cache=1457020118322 HTTP/1.1" 200 5257
191.112.17.11 - - [03/Mar/2016:12:48:14 -0300] "POST /cormun/servlet/trsolicitudot?5619316feb5e38edb3968644c42d6612,gx-no-cache=1457020118726 HTTP/1.1" 200 5257
186.78.45.190 - - [03/Mar/2016:12:48:14 -0300] "GET /cormun/servlet/trautorizarsolicitud? HTTP/1.1" 200 6165
186.78.45.190 - - [03/Mar/2016:12:48:15 -0300] "GET /cormun/static/gxcfg.js?20163219504791 HTTP/1.1" 200 953
186.78.45.190 - - [03/Mar/2016:12:48:15 -0300] "GET /cormun/static/Resources/Spanish/PXTools.css?19444614 HTTP/1.1" 200 89042
191.112.17.11 - - [03/Mar/2016:12:48:15 -0300] "POST /cormun/servlet/trsolicitudot?5619316feb5e38edb3968644c42d6612,gx-no-cache=1457020119147 HTTP/1.1" 200 5257
186.78.45.190 - - [03/Mar/2016:12:48:15 -0300] "GET /cormun/static/trautorizarsolicitud.js?20163219505323 HTTP/1.1" 200 45302
191.112.17.11 - - [03/Mar/2016:12:48:15 -0300] "POST /cormun/servlet/trsolicitudot?5619316feb5e38edb3968644c42d6612,gx-no-cache=1457020119569 HTTP/1.1" 200 5258
191.112.17.11 - - [03/Mar/2016:12:48:16 -0300] "POST /cormun/servlet/trsolicitudot?5619316feb5e38edb3968644c42d6612,gx-no-cache=1457020119983 HTTP/1.1" 200 5275
191.112.17.11 - - [03/Mar/2016:12:48:16 -0300] "GET /cormun/static/Shared/jqueryui/images/ui-bg_highlight-soft_100_c6c2c8_1x100.png HTTP/1.1" 404 1117
191.112.17.11 - - [03/Mar/2016:12:48:16 -0300] "GET /cormun/static/Shared/jqueryui/images/ui-icons_82798d_256x240.png HTTP/1.1" 404 1089
191.112.17.11 - - [03/Mar/2016:12:48:16 -0300] "GET /cormun/static/Shared/jqueryui/images/ui-bg_flat_55_fafafa_40x100.png HTTP/1.1" 404 1097
191.112.17.11 - - [03/Mar/2016:12:48:16 -0300] "GET /cormun/static/Shared/jqueryui/images/ui-icons_8d78a5_256x240.png HTTP/1.1" 404 1089
191.112.17.11 - - [03/Mar/2016:12:48:18 -0300] "POST /cormun/servlet/trsolicitudot?5619316feb5e38edb3968644c42d6612,gx-no-cache=1457020122313 HTTP/1.1" 200 5504
191.112.17.11 - - [03/Mar/2016:12:48:27 -0300] "GET /cormun/servlet/vesolicitudot?2016,504,, HTTP/1.1" 200 7507
191.112.17.11 - - [03/Mar/2016:12:48:27 -0300] "GET /cormun/pexe_scrolldiv.js HTTP/1.1" 404 1009
186.78.45.190 - - [03/Mar/2016:12:48:27 -0300] "GET /cormun/Manuales/manual.pdf HTTP/1.1" 200 850295
191.112.17.11 - - [03/Mar/2016:12:48:27 -0300] "GET /cormun/servlet/vesolicitudot?2016,504,, HTTP/1.1" 200 7507
186.78.57.210 - - [03/Mar/2016:12:48:30 -0300] "POST /cormun/servlet/solicitudotadjuntos?gx-no-cache=1457020169689 HTTP/1.1" 200 26
186.78.57.210 - - [03/Mar/2016:12:48:31 -0300] "GET /cormun/servlet/solicitudotadjuntos?6e39a9a0d1bc265ceaef7678f52d3ee744c7ee0f437c4b3b34d7efedc0650c67,gx-no-cache=1457020170905 HTTP/1.1" 200 30
186.78.57.210 - - [03/Mar/2016:12:48:31 -0300] "GET /cormun/servlet/solicitudotadjuntos?6e39a9a0d1bc265ceaef7678f52d3ee744c7ee0f437c4b3b34d7efedc0650c67,gx-no-cache=1457020170997 HTTP/1.1" 200 30
186.78.57.210 - - [03/Mar/2016:12:48:31 -0300] "POST /cormun/servlet/solicitudotadjuntos?47b2748899f65881853b1d07e208b3a8,INS,2016,506,,1,,gx-no-cache=1457020171100 HTTP/1.1" 200 93
186.78.57.210 - - [03/Mar/2016:12:48:31 -0300] "GET /cormun/servlet/hpexe_return? HTTP/1.1" 200 1026
186.78.57.210 - - [03/Mar/2016:12:48:32 -0300] "GET /cormun/servlet/trsolicitudadjuntos?2016,506, HTTP/1.1" 200 7396
186.78.57.210 - - [03/Mar/2016:12:48:32 -0300] "GET /cormun/servlet/trsolicitudadjuntos?2016,506, HTTP/1.1" 200 7392
186.103.159.204 - - [03/Mar/2016:12:48:32 -0300] "POST /cormun/servlet/solicitudot?c5a57deb935a1786ac7ad16113976082,INS,0,0,,gx-no-cache=1457020135210 HTTP/1.1" 200 93
186.103.159.204 - - [03/Mar/2016:12:48:32 -0300] "GET /cormun/servlet/hpexe_return? HTTP/1.1" 200 1005
186.103.159.204 - - [03/Mar/2016:12:48:32 -0300] "GET /cormun/servlet/trsolicitudot HTTP/1.1" 200 8388
186.103.159.204 - - [03/Mar/2016:12:48:32 -0300] "GET /cormun/static/Resources/Spanish/PXTools.css?18502099 HTTP/1.1" 304 -
186.103.159.204 - - [03/Mar/2016:12:48:32 -0300] "GET /cormun/static/gxcfg.js?201631185636 HTTP/1.1" 304 -
186.103.159.204 - - [03/Mar/2016:12:48:32 -0300] "GET /cormun/static/trsolicitudot.js?2016311856838 HTTP/1.1" 304 -
186.103.159.204 - - [03/Mar/2016:12:48:33 -0300] "GET /cormun/servlet/trsolicitudot HTTP/1.1" 200 8384
191.112.17.11 - - [03/Mar/2016:12:48:33 -0300] "POST /cormun/servlet/vesolicitudot?5619316feb5e38edb3968644c42d6612,2016,504,,,gx-no-cache=1457020137904 HTTP/1.1" 200 93
191.112.17.11 - - [03/Mar/2016:12:48:33 -0300] "GET /cormun/servlet/hpexe_return? HTTP/1.1" 200 1036
191.112.17.11 - - [03/Mar/2016:12:48:34 -0300] "GET /cormun/servlet/trsolicitudot?gx-no-cache=1457020122313 HTTP/1.1" 200 7775
191.112.17.11 - - [03/Mar/2016:12:48:34 -0300] "GET /cormun/servlet/trsolicitudot?gx-no-cache=1457020122313 HTTP/1.1" 200 7792
191.112.17.11 - - [03/Mar/2016:12:48:36 -0300] "POST /cormun/servlet/trsolicitudot?5619316feb5e38edb3968644c42d6612,gx-no-cache=1457020122313,gx-no-cache=1457020140758 HTTP/1.1" 200 5257
191.112.17.11 - - [03/Mar/2016:12:48:37 -0300] "POST /cormun/servlet/trsolicitudot?5619316feb5e38edb3968644c42d6612,gx-no-cache=1457020122313,gx-no-cache=1457020141168 HTTP/1.1" 200 5257
191.112.17.11 - - [03/Mar/2016:12:48:37 -0300] "POST /cormun/servlet/trsolicitudot?5619316feb5e38edb3968644c42d6612,gx-no-cache=1457020122313,gx-no-cache=1457020141575 HTTP/1.1" 200 5257
191.112.17.11 - - [03/Mar/2016:12:48:38 -0300] "POST /cormun/servlet/trsolicitudot?5619316feb5e38edb3968644c42d6612,gx-no-cache=1457020122313,gx-no-cache=1457020141972 HTTP/1.1" 200 5257
191.112.17.11 - - [03/Mar/2016:12:48:38 -0300] "POST /cormun/servlet/trsolicitudot?5619316feb5e38edb3968644c42d6612,gx-no-cache=1457020122313,gx-no-cache=1457020142394 HTTP/1.1" 200 5257
191.112.17.11 - - [03/Mar/2016:12:48:38 -0300] "POST /cormun/servlet/trsolicitudot?5619316feb5e38edb3968644c42d6612,gx-no-cache=1457020122313,gx-no-cache=1457020142813 HTTP/1.1" 200 5257
191.112.17.11 - - [03/Mar/2016:12:48:39 -0300] "POST /cormun/servlet/trsolicitudot?5619316feb5e38edb3968644c42d6612,gx-no-cache=1457020122313,gx-no-cache=1457020143225 HTTP/1.1" 200 5257
191.112.17.11 - - [03/Mar/2016:12:48:39 -0300] "POST /cormun/servlet/trsolicitudot?5619316feb5e38edb3968644c42d6612,gx-no-cache=1457020122313,gx-no-cache=1457020143655 HTTP/1.1" 200 5504
191.112.17.11 - - [03/Mar/2016:12:48:46 -0300] "POST /cormun/servlet/trsolicitudot?5619316feb5e38edb3968644c42d6612,gx-no-cache=1457020122313,gx-no-cache=1457020150445 HTTP/1.1" 200 5257
191.112.17.11 - - [03/Mar/2016:12:48:46 -0300] "POST /cormun/servlet/trsolicitudot?5619316feb5e38edb3968644c42d6612,gx-no-cache=1457020122313,gx-no-cache=1457020150894 HTTP/1.1" 200 5257
191.112.17.11 - - [03/Mar/2016:12:48:47 -0300] "POST /cormun/servlet/trsolicitudot?5619316feb5e38edb3968644c42d6612,gx-no-cache=1457020122313,gx-no-cache=1457020151302 HTTP/1.1" 200 5257
191.112.17.11 - - [03/Mar/2016:12:48:47 -0300] "POST /cormun/servlet/trsolicitudot?5619316feb5e38edb3968644c42d6612,gx-no-cache=1457020122313,gx-no-cache=1457020151799 HTTP/1.1" 200 5257
191.112.17.11 - - [03/Mar/2016:12:48:48 -0300] "POST /cormun/servlet/trsolicitudot?5619316feb5e38edb3968644c42d6612,gx-no-cache=1457020122313,gx-no-cache=1457020152222 HTTP/1.1" 200 5257
191.112.17.11 - - [03/Mar/2016:12:48:48 -0300] "POST /cormun/servlet/trsolicitudot?5619316feb5e38edb3968644c42d6612,gx-no-cache=1457020122313,gx-no-cache=1457020152656 HTTP/1.1" 200 5257
191.112.17.11 - - [03/Mar/2016:12:48:49 -0300] "POST /cormun/servlet/trsolicitudot?5619316feb5e38edb3968644c42d6612,gx-no-cache=1457020122313,gx-no-cache=1457020153109 HTTP/1.1" 200 5257
191.112.17.11 - - [03/Mar/2016:12:48:49 -0300] "POST /cormun/servlet/trsolicitudot?5619316feb5e38edb3968644c42d6612,gx-no-cache=1457020122313,gx-no-cache=1457020153573 HTTP/1.1" 200 5276
186.78.57.210 - - [03/Mar/2016:12:48:51 -0300] "GET /cormun/servlet/solicitudotadjuntos?INS,2016,506,,1, HTTP/1.1" 200 5457
186.78.57.210 - - [03/Mar/2016:12:48:51 -0300] "GET /cormun/static/about:blank HTTP/1.1" 404 1011
186.78.57.210 - - [03/Mar/2016:12:48:51 -0300] "GET /cormun/servlet/solicitudotadjuntos?INS,2016,506,,1, HTTP/1.1" 200 5451
186.78.57.210 - - [03/Mar/2016:12:48:52 -0300] "GET /cormun/servlet/solicitudotadjuntos?6e39a9a0d1bc265ceaef7678f52d3ee7c9b82fe91e61f27dc46138151a3f2fa3cd8106e10bf6fb6bfa35e7d152094c1e,gx-no-cache=1457020191944 HTTP/1.1" 200 30
186.78.57.210 - - [03/Mar/2016:12:48:52 -0300] "POST /cormun/servlet/solicitudotadjuntos?47b2748899f65881853b1d07e208b3a8,INS,2016,506,,1,,gx-no-cache=1457020192052 HTTP/1.1" 200 3325
186.78.57.210 - - [03/Mar/2016:12:48:57 -0300] "POST /cormun/servlet/solicitudotadjuntos?gx-no-cache=1457020196599 HTTP/1.1" 200 26
186.78.57.210 - - [03/Mar/2016:12:48:58 -0300] "GET /cormun/servlet/solicitudotadjuntos?6e39a9a0d1bc265ceaef7678f52d3ee744c7ee0f437c4b3b34d7efedc0650c67,gx-no-cache=1457020198385 HTTP/1.1" 200 30
186.78.57.210 - - [03/Mar/2016:12:48:58 -0300] "GET /cormun/servlet/solicitudotadjuntos?6e39a9a0d1bc265ceaef7678f52d3ee744c7ee0f437c4b3b34d7efedc0650c67,gx-no-cache=1457020198456 HTTP/1.1" 200 30
186.78.57.210 - - [03/Mar/2016:12:48:59 -0300] "POST /cormun/servlet/solicitudotadjuntos?47b2748899f65881853b1d07e208b3a8,INS,2016,506,,1,,gx-no-cache=1457020198525 HTTP/1.1" 200 93
186.78.57.210 - - [03/Mar/2016:12:48:59 -0300] "GET /cormun/servlet/hpexe_return? HTTP/1.1" 200 1026
186.78.57.210 - - [03/Mar/2016:12:48:59 -0300] "GET /cormun/servlet/trsolicitudadjuntos?2016,506, HTTP/1.1" 200 7488
186.78.57.210 - - [03/Mar/2016:12:48:59 -0300] "GET /cormun/servlet/trsolicitudadjuntos?2016,506, HTTP/1.1" 200 7486
186.103.159.204 - - [03/Mar/2016:12:49:00 -0300] "POST /cormun/servlet/trsolicitudot?c5a57deb935a1786ac7ad16113976082,gx-no-cache=1457020163368 HTTP/1.1" 200 5868
186.103.159.204 - - [03/Mar/2016:12:49:00 -0300] "POST /cormun/servlet/trsolicitudot?c5a57deb935a1786ac7ad16113976082,gx-no-cache=1457020163600 HTTP/1.1" 200 5868
186.103.159.204 - - [03/Mar/2016:12:49:01 -0300] "POST /cormun/servlet/trsolicitudot?c5a57deb935a1786ac7ad16113976082,gx-no-cache=1457020163821 HTTP/1.1" 200 5868
186.103.159.204 - - [03/Mar/2016:12:49:01 -0300] "POST /cormun/servlet/trsolicitudot?c5a57deb935a1786ac7ad16113976082,gx-no-cache=1457020164057 HTTP/1.1" 200 5868
186.103.159.204 - - [03/Mar/2016:12:49:01 -0300] "POST /cormun/servlet/trsolicitudot?c5a57deb935a1786ac7ad16113976082,gx-no-cache=1457020164277 HTTP/1.1" 200 5868
186.103.159.204 - - [03/Mar/2016:12:49:01 -0300] "POST /cormun/servlet/trsolicitudot?c5a57deb935a1786ac7ad16113976082,gx-no-cache=1457020164523 HTTP/1.1" 200 5868
186.103.159.204 - - [03/Mar/2016:12:49:02 -0300] "POST /cormun/servlet/trsolicitudot?c5a57deb935a1786ac7ad16113976082,gx-no-cache=1457020164769 HTTP/1.1" 200 5868
186.103.159.204 - - [03/Mar/2016:12:49:02 -0300] "POST /cormun/servlet/trsolicitudot?c5a57deb935a1786ac7ad16113976082,gx-no-cache=1457020165024 HTTP/1.1" 200 105
186.103.159.204 - - [03/Mar/2016:12:49:02 -0300] "GET /cormun/servlet/solicitudot?UPD,2016,488, HTTP/1.1" 200 12007
186.103.159.204 - - [03/Mar/2016:12:49:02 -0300] "GET /cormun/static/solicitudot.js?20163219435183 HTTP/1.1" 304 -
186.103.159.204 - - [03/Mar/2016:12:49:02 -0300] "GET /cormun/static/gxcfg.js?20163219435133 HTTP/1.1" 304 -
186.103.159.204 - - [03/Mar/2016:12:49:02 -0300] "GET /cormun/static/Resources/Spanish/PXTools.css?1944839 HTTP/1.1" 304 -
186.103.159.204 - - [03/Mar/2016:12:49:03 -0300] "GET /cormun/servlet/solicitudot?UPD,2016,488, HTTP/1.1" 200 12017
186.103.159.204 - - [03/Mar/2016:12:49:03 -0300] "POST /cormun/servlet/solicitudot?gx-no-cache=1457020166460 HTTP/1.1" 200 2746
186.103.159.204 - - [03/Mar/2016:12:49:03 -0300] "POST /cormun/servlet/solicitudot?c5a57deb935a1786ac7ad16113976082,UPD,2016,488,,gx-no-cache=1457020166610 HTTP/1.1" 200 8464
186.103.159.204 - - [03/Mar/2016:12:49:04 -0300] "GET /cormun/servlet/solicitudot?44f070aba3c2312cb35f9611f14490aa98204ac4876d4b8457415ee361326fc4dbdcb44c7e0718abf683f786592d6fd2,gx-no-cache=1457020166787 HTTP/1.1" 200 30
186.103.159.204 - - [03/Mar/2016:12:49:04 -0300] "POST /cormun/servlet/solicitudot?gx-no-cache=1457020166839 HTTP/1.1" 200 30
186.103.159.204 - - [03/Mar/2016:12:49:04 -0300] "POST /cormun/servlet/solicitudot?gx-no-cache=1457020166878 HTTP/1.1" 200 30
186.103.159.204 - - [03/Mar/2016:12:49:04 -0300] "POST /cormun/servlet/solicitudot?gx-no-cache=1457020166950 HTTP/1.1" 200 452
186.103.159.204 - - [03/Mar/2016:12:49:04 -0300] "GET /cormun/servlet/solicitudot?44f070aba3c2312cb35f9611f14490aa40bbbe83126b6ab96c47416f84870f9b6aab69a742c1048d5f069a8a36ddd28ac07e14287bbc9cd25bb981696efb318bae3cd79b7250062e1947f309fdf3e9a25dd54a72514f7200fd7552150932f91de6c6733bacdde745c7ff76a76d9e67b33ffa81f55403d0d6bb456e525261c5a210e08d92dc3a81977b659da56ef8d27e55fb056a7c9551ddf376112ab9f2b968,gx-no-cache=1457020167038 HTTP/1.1" 200 41
186.103.159.204 - - [03/Mar/2016:12:49:08 -0300] "GET /cormun/servlet/solicitudot?44f070aba3c2312cb35f9611f14490aa26a300b7fd4bd009604cc03320d28b99263b593110c319870b616311c7a3d858f38040d6d012e7377cf613c5398ec899566f0d6931f45962d6d748e5e5d1b17b8d27344bbf8169bf7f4adb5125de3bad80af742325d10cc2c9ebb77d7a5d864b9635ef71185d2aafe00760f083b8a44f25a27bb4dafa8aeeee8cae20089142638fef1701e162668f1a3594596ed2d09b,gx-no-cache=1457020171285 HTTP/1.1" 200 29
186.103.159.204 - - [03/Mar/2016:12:49:08 -0300] "POST /cormun/servlet/solicitudot?gx-no-cache=1457020171320 HTTP/1.1" 200 404
186.78.57.210 - - [03/Mar/2016:12:49:12 -0300] "GET /cormun/servlet/trsolicitudot? HTTP/1.1" 200 7847
186.78.57.210 - - [03/Mar/2016:12:49:13 -0300] "GET /cormun/servlet/trsolicitudot? HTTP/1.1" 200 7841
186.78.57.210 - - [03/Mar/2016:12:49:15 -0300] "POST /cormun/servlet/trsolicitudot?47b2748899f65881853b1d07e208b3a8,,gx-no-cache=1457020215215 HTTP/1.1" 200 5372
192.168.10.98 - - [03/Mar/2016:12:49:20 -0300] "POST /cormun/servlet/trsolicitudgral?781c95f129ad01d36aa9529c1c1c0e73,gx-no-cache=1457019912191 HTTP/1.1" 200 15501
191.112.17.11 - - [03/Mar/2016:12:49:24 -0300] "POST /cormun/servlet/trsolicitudot?5619316feb5e38edb3968644c42d6612,gx-no-cache=1457020122313,gx-no-cache=1457020188807 HTTP/1.1" 200 5257
191.112.17.11 - - [03/Mar/2016:12:49:25 -0300] "POST /cormun/servlet/trsolicitudot?5619316feb5e38edb3968644c42d6612,gx-no-cache=1457020122313,gx-no-cache=1457020189295 HTTP/1.1" 200 5257
191.112.17.11 - - [03/Mar/2016:12:49:25 -0300] "POST /cormun/servlet/trsolicitudot?5619316feb5e38edb3968644c42d6612,gx-no-cache=1457020122313,gx-no-cache=1457020189721 HTTP/1.1" 200 5257
191.112.17.11 - - [03/Mar/2016:12:49:26 -0300] "POST /cormun/servlet/trsolicitudot?5619316feb5e38edb3968644c42d6612,gx-no-cache=1457020122313,gx-no-cache=1457020190167 HTTP/1.1" 200 5257
191.112.17.11 - - [03/Mar/2016:12:49:26 -0300] "POST /cormun/servlet/trsolicitudot?5619316feb5e38edb3968644c42d6612,gx-no-cache=1457020122313,gx-no-cache=1457020190646 HTTP/1.1" 200 5257
191.112.17.11 - - [03/Mar/2016:12:49:27 -0300] "POST /cormun/servlet/trsolicitudot?5619316feb5e38edb3968644c42d6612,gx-no-cache=1457020122313,gx-no-cache=1457020191095 HTTP/1.1" 200 5257
191.112.17.11 - - [03/Mar/2016:12:49:27 -0300] "POST /cormun/servlet/trsolicitudot?5619316feb5e38edb3968644c42d6612,gx-no-cache=1457020122313,gx-no-cache=1457020191548 HTTP/1.1" 200 5257
191.112.17.11 - - [03/Mar/2016:12:49:28 -0300] "POST /cormun/servlet/trsolicitudot?5619316feb5e38edb3968644c42d6612,gx-no-cache=1457020122313,gx-no-cache=1457020192003 HTTP/1.1" 200 5257
191.112.17.11 - - [03/Mar/2016:12:49:28 -0300] "POST /cormun/servlet/trsolicitudot?5619316feb5e38edb3968644c42d6612,gx-no-cache=1457020122313,gx-no-cache=1457020192455 HTTP/1.1" 200 5257
191.112.17.11 - - [03/Mar/2016:12:49:29 -0300] "POST /cormun/servlet/trsolicitudot?5619316feb5e38edb3968644c42d6612,gx-no-cache=1457020122313,gx-no-cache=1457020192920 HTTP/1.1" 200 5257
191.112.17.11 - - [03/Mar/2016:12:49:29 -0300] "POST /cormun/servlet/trsolicitudot?5619316feb5e38edb3968644c42d6612,gx-no-cache=1457020122313,gx-no-cache=1457020193392 HTTP/1.1" 200 5257
191.112.17.11 - - [03/Mar/2016:12:49:29 -0300] "POST /cormun/servlet/trsolicitudot?5619316feb5e38edb3968644c42d6612,gx-no-cache=1457020122313,gx-no-cache=1457020193863 HTTP/1.1" 200 5257
191.112.17.11 - - [03/Mar/2016:12:49:30 -0300] "POST /cormun/servlet/trsolicitudot?5619316feb5e38edb3968644c42d6612,gx-no-cache=1457020122313,gx-no-cache=1457020194327 HTTP/1.1" 200 5257
191.112.17.11 - - [03/Mar/2016:12:49:30 -0300] "POST /cormun/servlet/trsolicitudot?5619316feb5e38edb3968644c42d6612,gx-no-cache=1457020122313,gx-no-cache=1457020194801 HTTP/1.1" 200 5257
191.112.78.213 - - [03/Mar/2016:12:49:32 -0300] "GET /cormun/servlet/trsolicitudot? HTTP/1.1" 200 10340
192.168.10.98 - - [03/Mar/2016:12:49:34 -0300] "POST /cormun/servlet/trsolicitudgral?781c95f129ad01d36aa9529c1c1c0e73,gx-no-cache=1457019926451 HTTP/1.1" 200 16792
191.112.78.213 - - [03/Mar/2016:12:49:36 -0300] "GET /cormun/servlet/trsolicitudot? HTTP/1.1" 200 10334
191.112.17.11 - - [03/Mar/2016:12:49:37 -0300] "POST /cormun/servlet/trsolicitudot?5619316feb5e38edb3968644c42d6612,gx-no-cache=1457020122313,gx-no-cache=1457020201244 HTTP/1.1" 200 5276
191.112.17.11 - - [03/Mar/2016:12:49:40 -0300] "GET /cormun/servlet/vesolicitudot?2016,504,, HTTP/1.1" 200 7527
191.112.17.11 - - [03/Mar/2016:12:49:40 -0300] "GET /cormun/pexe_scrolldiv.js HTTP/1.1" 404 1009
191.112.17.11 - - [03/Mar/2016:12:49:41 -0300] "GET /cormun/servlet/vesolicitudot?2016,504,, HTTP/1.1" 200 7507
186.103.159.204 - - [03/Mar/2016:12:49:43 -0300] "POST /cormun/servlet/solicitudot?gx-no-cache=1457020206192 HTTP/1.1" 200 30
186.103.159.204 - - [03/Mar/2016:12:49:43 -0300] "POST /cormun/servlet/solicitudot?gx-no-cache=1457020206369 HTTP/1.1" 200 454
191.112.17.11 - - [03/Mar/2016:12:49:43 -0300] "GET /cormun/servlet/vesolicitudot?2016,504,,SolicitudOTAdjuntos HTTP/1.1" 200 6503
186.103.159.204 - - [03/Mar/2016:12:49:43 -0300] "GET /cormun/servlet/solicitudot?44f070aba3c2312cb35f9611f14490aa40bbbe83126b6ab96c47416f84870f9b6aab69a742c1048d5f069a8a36ddd28ac07e14287bbc9cd25bb981696efb318bae3cd79b7250062e1947f309fdf3e9a25dd54a72514f7200fd7552150932f91de6c6733bacdde745c7ff76a76d9e67b33ffa81f55403d0d6bb456e525261c5a210e08d92dc3a81977b659da56ef8d27e55fb056a7c9551ddf376112ab9f2b968,gx-no-cache=1457020206478 HTTP/1.1" 200 41
191.112.17.11 - - [03/Mar/2016:12:49:43 -0300] "GET /cormun/pexe_scrolldiv.js HTTP/1.1" 404 1009
186.103.159.204 - - [03/Mar/2016:12:49:43 -0300] "POST /cormun/servlet/solicitudot?gx-no-cache=1457020206570 HTTP/1.1" 200 406
191.112.17.11 - - [03/Mar/2016:12:49:44 -0300] "GET /cormun/servlet/vesolicitudot?2016,504,,SolicitudOTAdjuntos HTTP/1.1" 200 6503
191.112.17.11 - - [03/Mar/2016:12:49:45 -0300] "POST /cormun/servlet/acontrolpreferencessavestate?None,CD-12,true HTTP/1.1" 200 35
191.112.78.213 - - [03/Mar/2016:12:49:49 -0300] "POST /cormun/servlet/trsolicitudot?78a791391b8286a9b26165191b25347f,,gx-no-cache=1457020214036 HTTP/1.1" 200 7788
191.112.78.213 - - [03/Mar/2016:12:49:50 -0300] "POST /cormun/servlet/trsolicitudot?78a791391b8286a9b26165191b25347f,,gx-no-cache=1457020215131 HTTP/1.1" 200 7788
191.112.78.213 - - [03/Mar/2016:12:49:51 -0300] "POST /cormun/servlet/trsolicitudot?78a791391b8286a9b26165191b25347f,,gx-no-cache=1457020216257 HTTP/1.1" 200 7788
191.112.78.213 - - [03/Mar/2016:12:49:52 -0300] "POST /cormun/servlet/trsolicitudot?78a791391b8286a9b26165191b25347f,,gx-no-cache=1457020217396 HTTP/1.1" 200 7789
191.112.78.213 - - [03/Mar/2016:12:49:53 -0300] "POST /cormun/servlet/trsolicitudot?78a791391b8286a9b26165191b25347f,,gx-no-cache=1457020218648 HTTP/1.1" 200 7789
191.112.78.213 - - [03/Mar/2016:12:49:55 -0300] "POST /cormun/servlet/trsolicitudot?78a791391b8286a9b26165191b25347f,,gx-no-cache=1457020219858 HTTP/1.1" 200 7789
186.103.159.204 - - [03/Mar/2016:12:49:55 -0300] "POST /cormun/servlet/solicitudot?c5a57deb935a1786ac7ad16113976082,UPD,2016,488,,gx-no-cache=1457020217975 HTTP/1.1" 200 93
186.103.159.204 - - [03/Mar/2016:12:49:55 -0300] "GET /cormun/servlet/hpexe_return? HTTP/1.1" 200 1032
186.103.159.204 - - [03/Mar/2016:12:49:55 -0300] "GET /cormun/servlet/trsolicitudot?gx-no-cache=1457020164769 HTTP/1.1" 200 8388
191.112.78.213 - - [03/Mar/2016:12:49:56 -0300] "POST /cormun/servlet/trsolicitudot?78a791391b8286a9b26165191b25347f,,gx-no-cache=1457020221127 HTTP/1.1" 200 7789
186.103.159.204 - - [03/Mar/2016:12:49:56 -0300] "GET /cormun/servlet/trsolicitudot?gx-no-cache=1457020164769 HTTP/1.1" 200 8404
191.112.78.213 - - [03/Mar/2016:12:49:57 -0300] "POST /cormun/servlet/trsolicitudot?78a791391b8286a9b26165191b25347f,,gx-no-cache=1457020222442 HTTP/1.1" 200 106
191.112.78.213 - - [03/Mar/2016:12:49:57 -0300] "GET /cormun/servlet/trsolicitudadjuntos?2016,469, HTTP/1.1" 200 5389
192.168.10.98 - - [03/Mar/2016:12:49:58 -0300] "POST /cormun/servlet/trsolicitudgral?781c95f129ad01d36aa9529c1c1c0e73,gx-no-cache=1457019951124 HTTP/1.1" 200 15481
191.112.78.213 - - [03/Mar/2016:12:50:00 -0300] "GET /cormun/servlet/trsolicitudadjuntos?2016,469, HTTP/1.1" 200 5389
192.168.10.98 - - [03/Mar/2016:12:50:01 -0300] "GET /cormun/servlet/trsolicitudgral?d166f22428517c83fbb034ee8a4ef5aba6641e3a2cee0a2d4576a9dd05087870a85fd1dc7bd47ecac0ff9e83dba97e37007bae126c2633c9a7d8fcc255f4dbb5753df072e47442c4d517dcd23049273a3eafff5aa83daaec4c2f6b7065bf34b4,gx-no-cache=1457019953331 HTTP/1.1" 200 14699
186.103.159.204 - - [03/Mar/2016:12:50:02 -0300] "GET /cormun/servlet/solicitudot?INS,0,0, HTTP/1.1" 200 11459
186.103.159.204 - - [03/Mar/2016:12:50:02 -0300] "GET /cormun/servlet/solicitudot?INS,0,0, HTTP/1.1" 200 11442
191.112.78.213 - - [03/Mar/2016:12:50:04 -0300] "GET /cormun/servlet/solicitudotadjuntos?INS,2016,469,,1, HTTP/1.1" 200 5474
191.112.78.213 - - [03/Mar/2016:12:50:04 -0300] "GET /cormun/static/about:blank HTTP/1.1" 404 1011
191.112.78.213 - - [03/Mar/2016:12:50:06 -0300] "GET /cormun/servlet/solicitudotadjuntos?INS,2016,469,,1, HTTP/1.1" 200 5468
191.112.78.213 - - [03/Mar/2016:12:50:06 -0300] "GET /cormun/servlet/solicitudotadjuntos?5dc64e72aa6460987ed563b8bb772a1ee076bb238cdd5169760b57dd20588da9cc79a545b9cadcb53d627544da7dec2e,gx-no-cache=1457020231902 HTTP/1.1" 200 30
191.112.78.213 - - [03/Mar/2016:12:50:06 -0300] "POST /cormun/servlet/solicitudotadjuntos?78a791391b8286a9b26165191b25347f,INS,2016,469,,1,,gx-no-cache=1457020232048 HTTP/1.1" 200 3375
186.78.57.210 - - [03/Mar/2016:12:50:07 -0300] "POST /cormun/servlet/trsolicitudot?47b2748899f65881853b1d07e208b3a8,,gx-no-cache=1457020266828 HTTP/1.1" 200 105
186.78.57.210 - - [03/Mar/2016:12:50:07 -0300] "GET /cormun/servlet/trsolicitudadjuntos?2016,506, HTTP/1.1" 200 7484
186.78.57.210 - - [03/Mar/2016:12:50:08 -0300] "GET /cormun/servlet/trsolicitudadjuntos?2016,506, HTTP/1.1" 200 7486
191.112.78.213 - - [03/Mar/2016:12:50:10 -0300] "POST /cormun/servlet/solicitudotadjuntos?gx-no-cache=1457020235294 HTTP/1.1" 200 26
186.78.57.210 - - [03/Mar/2016:12:50:12 -0300] "GET /cormun/servlet/solicitudotadjuntos?INS,2016,506,,1, HTTP/1.1" 200 5456
186.78.57.210 - - [03/Mar/2016:12:50:12 -0300] "GET /cormun/static/about:blank HTTP/1.1" 404 1011
186.78.57.210 - - [03/Mar/2016:12:50:12 -0300] "GET /cormun/servlet/solicitudotadjuntos?INS,2016,506,,1, HTTP/1.1" 200 5450
186.78.57.210 - - [03/Mar/2016:12:50:13 -0300] "GET /cormun/servlet/solicitudotadjuntos?6e39a9a0d1bc265ceaef7678f52d3ee7c9b82fe91e61f27dc46138151a3f2fa3cd8106e10bf6fb6bfa35e7d152094c1e,gx-no-cache=1457020272653 HTTP/1.1" 200 30
186.78.57.210 - - [03/Mar/2016:12:50:13 -0300] "POST /cormun/servlet/solicitudotadjuntos?47b2748899f65881853b1d07e208b3a8,INS,2016,506,,1,,gx-no-cache=1457020272756 HTTP/1.1" 200 3324
186.103.159.204 - - [03/Mar/2016:12:50:15 -0300] "POST /cormun/servlet/solicitudot?gx-no-cache=1457020237780 HTTP/1.1" 200 2769
