186.103.159.182 - - [03/Mar/2016:12:06:05 -0300] "GET /cormun/servlet/trsolicitudot?3fb763a8c48fe9c19d55e073ef3c54bc42c2d7e1cef31b497ab9dc8d4ccf84bd28963c8ec0cb9b1f1cff3e90f8f3fc47e63c25f36dc95132401f0e9b4ff31c73c989ec6d98ee60b9a6d9287e56e0a7100807d3355cbb34ca103938725a805a9a,gx-no-cache=1457017593529 HTTP/1.1" 200 770
186.78.57.210 - - [03/Mar/2016:12:06:05 -0300] "POST /cormun/servlet/solicitudotadjuntos?47b2748899f65881853b1d07e208b3a8,INS,2016,485,,1,,gx-no-cache=1457017624945 HTTP/1.1" 200 3358
186.103.159.182 - - [03/Mar/2016:12:06:06 -0300] "POST /cormun/servlet/trsolicitudot?705ec4271f7a59328d523fa32fe3920a,gx-no-cache=1457017594374 HTTP/1.1" 200 3484
186.103.159.182 - - [03/Mar/2016:12:06:06 -0300] "POST /cormun/servlet/trsolicitudot?705ec4271f7a59328d523fa32fe3920a,gx-no-cache=1457017594696 HTTP/1.1" 200 3485
186.103.159.182 - - [03/Mar/2016:12:06:06 -0300] "POST /cormun/servlet/trsolicitudot?705ec4271f7a59328d523fa32fe3920a,gx-no-cache=1457017595013 HTTP/1.1" 200 3485
186.103.159.182 - - [03/Mar/2016:12:06:07 -0300] "POST /cormun/servlet/trsolicitudot?705ec4271f7a59328d523fa32fe3920a,gx-no-cache=1457017595314 HTTP/1.1" 200 3485
186.103.159.44 - - [03/Mar/2016:12:06:08 -0300] "POST /cormun/servlet/solicitudotadjuntos?gx-no-cache=1457017576964 HTTP/1.1" 200 26
186.78.57.210 - - [03/Mar/2016:12:06:14 -0300] "POST /cormun/servlet/solicitudotadjuntos?gx-no-cache=1457017632522 HTTP/1.1" 200 26
186.78.57.210 - - [03/Mar/2016:12:06:14 -0300] "GET /cormun/servlet/solicitudotadjuntos?6e39a9a0d1bc265ceaef7678f52d3ee744c7ee0f437c4b3b34d7efedc0650c67,gx-no-cache=1457017633957 HTTP/1.1" 200 30
186.103.159.182 - - [03/Mar/2016:12:06:14 -0300] "GET /cormun/servlet/trsolicitudot?3fb763a8c48fe9c19d55e073ef3c54bc42c2d7e1cef31b497ab9dc8d4ccf84bd397872578b375e8ac9bb59447ca55e41a54b49eba0aae1042a3fb4bffe2025c1d98dbac07da578b414e97876b4ccfbf38e551014df6234ad0ad79ea8f9847b64,gx-no-cache=1457017602933 HTTP/1.1" 200 770
186.78.57.210 - - [03/Mar/2016:12:06:14 -0300] "GET /cormun/servlet/solicitudotadjuntos?6e39a9a0d1bc265ceaef7678f52d3ee744c7ee0f437c4b3b34d7efedc0650c67,gx-no-cache=1457017634469 HTTP/1.1" 200 30
186.103.159.182 - - [03/Mar/2016:12:06:15 -0300] "POST /cormun/servlet/trsolicitudot?705ec4271f7a59328d523fa32fe3920a,gx-no-cache=1457017603211 HTTP/1.1" 200 3488
186.103.159.182 - - [03/Mar/2016:12:06:15 -0300] "POST /cormun/servlet/trsolicitudot?705ec4271f7a59328d523fa32fe3920a,gx-no-cache=1457017603543 HTTP/1.1" 200 3488
186.103.159.182 - - [03/Mar/2016:12:06:15 -0300] "POST /cormun/servlet/trsolicitudot?705ec4271f7a59328d523fa32fe3920a,gx-no-cache=1457017603863 HTTP/1.1" 200 3488
186.78.57.210 - - [03/Mar/2016:12:06:16 -0300] "POST /cormun/servlet/solicitudotadjuntos?47b2748899f65881853b1d07e208b3a8,INS,2016,485,,1,,gx-no-cache=1457017634943 HTTP/1.1" 200 93
186.78.57.210 - - [03/Mar/2016:12:06:16 -0300] "GET /cormun/servlet/hpexe_return? HTTP/1.1" 200 1026
186.103.159.44 - - [03/Mar/2016:12:06:16 -0300] "GET /cormun/servlet/solicitudotadjuntos?c4f1039a28ef4ff96a24962f861638db6ec3d3b0b73b9e8b1d0360ddaa0ed37f,gx-no-cache=1457017584597 HTTP/1.1" 200 30
186.103.159.44 - - [03/Mar/2016:12:06:16 -0300] "GET /cormun/servlet/solicitudotadjuntos?c4f1039a28ef4ff96a24962f861638db6ec3d3b0b73b9e8b1d0360ddaa0ed37f,gx-no-cache=1457017584632 HTTP/1.1" 200 30
186.103.159.44 - - [03/Mar/2016:12:06:16 -0300] "POST /cormun/servlet/solicitudotadjuntos?90407dd04215d27dd591a38f9863650e,INS,2016,495,,1, HTTP/1.1" 200 116
186.103.159.44 - - [03/Mar/2016:12:06:16 -0300] "GET /cormun/servlet/hpexe_return? HTTP/1.1" 200 1028
186.103.159.44 - - [03/Mar/2016:12:06:17 -0300] "GET /cormun/servlet/trsolicitudadjuntos?2016,495, HTTP/1.1" 200 7434
186.78.57.210 - - [03/Mar/2016:12:06:17 -0300] "GET /cormun/servlet/trsolicitudadjuntos?2016,485, HTTP/1.1" 200 7721
186.78.57.210 - - [03/Mar/2016:12:06:17 -0300] "GET /cormun/servlet/trsolicitudadjuntos?2016,485, HTTP/1.1" 200 7719
186.103.159.44 - - [03/Mar/2016:12:06:20 -0300] "GET /cormun/servlet/solicitudotadjuntos?INS,2016,495,,1, HTTP/1.1" 200 5441
186.103.159.44 - - [03/Mar/2016:12:06:20 -0300] "HEAD /cormun/static/about:blank HTTP/1.1" 404 -
186.103.159.44 - - [03/Mar/2016:12:06:22 -0300] "GET /cormun/servlet/solicitudotadjuntos?c4f1039a28ef4ff96a24962f861638db901e3b474fc42de8473904dfab5a042dc26a155f97a671629f57f3d6ad120663,gx-no-cache=1457017590215 HTTP/1.1" 200 30
186.103.159.44 - - [03/Mar/2016:12:06:22 -0300] "POST /cormun/servlet/solicitudotadjuntos?90407dd04215d27dd591a38f9863650e,INS,2016,495,,1,,gx-no-cache=1457017590254 HTTP/1.1" 200 3358
186.78.57.210 - - [03/Mar/2016:12:06:23 -0300] "POST /cormun/servlet/acontrolpreferencessavestate?None,CA-L%2FE,true HTTP/1.1" 200 35
186.103.159.44 - - [03/Mar/2016:12:06:24 -0300] "POST /cormun/servlet/solicitudotadjuntos?gx-no-cache=1457017593079 HTTP/1.1" 200 26
186.78.57.210 - - [03/Mar/2016:12:06:26 -0300] "GET /cormun/servlet/trsolicitudot? HTTP/1.1" 200 7895
186.78.57.210 - - [03/Mar/2016:12:06:26 -0300] "GET /cormun/servlet/trsolicitudot? HTTP/1.1" 200 7889
186.78.57.210 - - [03/Mar/2016:12:06:30 -0300] "POST /cormun/servlet/trsolicitudot?47b2748899f65881853b1d07e208b3a8,,gx-no-cache=1457017650022 HTTP/1.1" 200 4963
186.78.57.210 - - [03/Mar/2016:12:06:30 -0300] "GET /cormun/static/Shared/jqueryui/images/ui-bg_highlight-soft_100_c6c2c8_1x100.png HTTP/1.1" 404 1117
186.78.57.210 - - [03/Mar/2016:12:06:30 -0300] "GET /cormun/static/Shared/jqueryui/images/ui-icons_8d78a5_256x240.png HTTP/1.1" 404 1089
186.78.57.210 - - [03/Mar/2016:12:06:30 -0300] "GET /cormun/static/Shared/jqueryui/images/ui-icons_82798d_256x240.png HTTP/1.1" 404 1089
186.78.57.210 - - [03/Mar/2016:12:06:30 -0300] "GET /cormun/static/Shared/jqueryui/images/ui-bg_flat_55_fafafa_40x100.png HTTP/1.1" 404 1097
186.78.57.210 - - [03/Mar/2016:12:06:31 -0300] "POST /cormun/servlet/trsolicitudot?47b2748899f65881853b1d07e208b3a8,,gx-no-cache=1457017650439 HTTP/1.1" 200 4907
186.103.159.182 - - [03/Mar/2016:12:06:36 -0300] "POST /cormun/servlet/trsolicitudot?705ec4271f7a59328d523fa32fe3920a,gx-no-cache=1457017624614 HTTP/1.1" 200 3487
186.103.159.182 - - [03/Mar/2016:12:06:36 -0300] "GET /cormun/servlet/trsolicitudot?3fb763a8c48fe9c19d55e073ef3c54bc42c2d7e1cef31b497ab9dc8d4ccf84bd01c984e074bdc378acbe4d3e94c470b5a54b49eba0aae1042a3fb4bffe2025c1d98dbac07da578b414e97876b4ccfbf38e551014df6234ad0ad79ea8f9847b64,gx-no-cache=1457017625025 HTTP/1.1" 200 770
186.103.159.182 - - [03/Mar/2016:12:06:40 -0300] "POST /cormun/servlet/trsolicitudot?705ec4271f7a59328d523fa32fe3920a,gx-no-cache=1457017628410 HTTP/1.1" 200 3487
186.103.159.182 - - [03/Mar/2016:12:06:40 -0300] "POST /cormun/servlet/trsolicitudot?705ec4271f7a59328d523fa32fe3920a,gx-no-cache=1457017628805 HTTP/1.1" 200 3486
186.103.159.182 - - [03/Mar/2016:12:06:41 -0300] "POST /cormun/servlet/trsolicitudot?705ec4271f7a59328d523fa32fe3920a,gx-no-cache=1457017629154 HTTP/1.1" 200 3488
186.103.159.44 - - [03/Mar/2016:12:06:41 -0300] "GET /cormun/servlet/solicitudotadjuntos?c4f1039a28ef4ff96a24962f861638db6ec3d3b0b73b9e8b1d0360ddaa0ed37f,gx-no-cache=1457017609600 HTTP/1.1" 200 30
186.103.159.182 - - [03/Mar/2016:12:06:41 -0300] "POST /cormun/servlet/trsolicitudot?705ec4271f7a59328d523fa32fe3920a,gx-no-cache=1457017629561 HTTP/1.1" 200 3488
186.103.159.44 - - [03/Mar/2016:12:06:41 -0300] "GET /cormun/servlet/solicitudotadjuntos?c4f1039a28ef4ff96a24962f861638db6ec3d3b0b73b9e8b1d0360ddaa0ed37f,gx-no-cache=1457017609634 HTTP/1.1" 200 30
186.103.159.44 - - [03/Mar/2016:12:06:41 -0300] "POST /cormun/servlet/solicitudotadjuntos?90407dd04215d27dd591a38f9863650e,INS,2016,495,,1, HTTP/1.1" 200 116
186.103.159.44 - - [03/Mar/2016:12:06:41 -0300] "GET /cormun/servlet/hpexe_return? HTTP/1.1" 200 1028
186.103.159.44 - - [03/Mar/2016:12:06:42 -0300] "GET /cormun/servlet/trsolicitudadjuntos?2016,495, HTTP/1.1" 200 7595
186.78.57.210 - - [03/Mar/2016:12:06:43 -0300] "POST /cormun/servlet/trsolicitudot?47b2748899f65881853b1d07e208b3a8,,gx-no-cache=1457017662882 HTTP/1.1" 200 106
186.78.57.210 - - [03/Mar/2016:12:06:43 -0300] "GET /cormun/servlet/trsolicitudadjuntos?2016,496, HTTP/1.1" 200 5370
186.103.159.182 - - [03/Mar/2016:12:06:43 -0300] "GET /cormun/servlet/trvisualizadoreventos? HTTP/1.1" 200 5882
186.78.57.210 - - [03/Mar/2016:12:06:44 -0300] "GET /cormun/servlet/trsolicitudadjuntos?2016,496, HTTP/1.1" 200 5370
186.103.159.182 - - [03/Mar/2016:12:06:45 -0300] "GET /cormun/servlet/trvisualizadoreventos? HTTP/1.1" 200 5882
186.103.159.182 - - [03/Mar/2016:12:06:47 -0300] "POST /cormun/servlet/trvisualizadoreventos?705ec4271f7a59328d523fa32fe3920a,,gx-no-cache=1457017635870 HTTP/1.1" 200 3236
186.103.159.182 - - [03/Mar/2016:12:06:47 -0300] "POST /cormun/servlet/trvisualizadoreventos?705ec4271f7a59328d523fa32fe3920a,,gx-no-cache=1457017636107 HTTP/1.1" 200 3236
186.103.159.182 - - [03/Mar/2016:12:06:48 -0300] "POST /cormun/servlet/trvisualizadoreventos?705ec4271f7a59328d523fa32fe3920a,,gx-no-cache=1457017636305 HTTP/1.1" 200 3236
186.103.159.44 - - [03/Mar/2016:12:06:48 -0300] "GET /cormun/servlet/solicitudotadjuntos?INS,2016,495,,1, HTTP/1.1" 200 5441
186.103.159.44 - - [03/Mar/2016:12:06:48 -0300] "HEAD /cormun/static/about:blank HTTP/1.1" 404 -
186.103.159.182 - - [03/Mar/2016:12:06:48 -0300] "POST /cormun/servlet/trvisualizadoreventos?705ec4271f7a59328d523fa32fe3920a,,gx-no-cache=1457017636924 HTTP/1.1" 200 3236
186.103.159.182 - - [03/Mar/2016:12:06:49 -0300] "POST /cormun/servlet/trvisualizadoreventos?705ec4271f7a59328d523fa32fe3920a,,gx-no-cache=1457017638015 HTTP/1.1" 200 3233
186.103.159.44 - - [03/Mar/2016:12:06:49 -0300] "GET /cormun/servlet/solicitudotadjuntos?c4f1039a28ef4ff96a24962f861638db901e3b474fc42de8473904dfab5a042dc26a155f97a671629f57f3d6ad120663,gx-no-cache=1457017618112 HTTP/1.1" 200 30
186.103.159.44 - - [03/Mar/2016:12:06:50 -0300] "POST /cormun/servlet/solicitudotadjuntos?90407dd04215d27dd591a38f9863650e,INS,2016,495,,1,,gx-no-cache=1457017618150 HTTP/1.1" 200 3358
186.103.159.182 - - [03/Mar/2016:12:06:50 -0300] "GET /cormun/servlet/trvisualizadoreventos?3fb763a8c48fe9c19d55e073ef3c54bc3dedc6c2f079c651432409b15d8520d695dd3dee1f49a8ba6549f9a42aac3bb3f0746970df33bb3df006ac8450a3c7d7c959c7f3fc476d7a83ad4ff9dbaadd94acb3683c901aeb3498605afdfb7f7e98ab567413f348f1d64b60ec5e7c15a0d6cfa60f8f78cbfff23a0799fddbf0a97b797e3855461b4dd2f74e247e97d93f6b4f1ca667663a7087acf8cfcf73f0476355eb36f1b29dd4546463aa430ad40f900c75373fdd22ef9e471e288b680cf77f,gx-no-cache=1457017638433 HTTP/1.1" 200 562
186.103.159.182 - - [03/Mar/2016:12:06:50 -0300] "POST /cormun/servlet/trvisualizadoreventos?705ec4271f7a59328d523fa32fe3920a,,gx-no-cache=1457017639072 HTTP/1.1" 200 3233
186.103.159.44 - - [03/Mar/2016:12:06:53 -0300] "POST /cormun/servlet/solicitudotadjuntos?gx-no-cache=1457017621197 HTTP/1.1" 200 26
186.78.57.210 - - [03/Mar/2016:12:06:57 -0300] "GET /cormun/servlet/solicitudotadjuntos?INS,2016,496,,1, HTTP/1.1" 200 5456
186.103.159.182 - - [03/Mar/2016:12:06:57 -0300] "GET /cormun/servlet/trvisualizadoreventos?3fb763a8c48fe9c19d55e073ef3c54bcf2ca2d5417d58dc4c8f12d7516aef5f7a4a169b3a4b19879b25a486fc5f3481e960c2f3d3533494900006387d9d13bce6f0737147159047b36ae7fca6cddc78dee8833b0ab9cdea1326ba86d9a7e3de737f89b3c111c55f79d6759f51fdff0fe83b404aed95490f32124b6bf901e8161a5f862cff4fdaa2a3380f06f9fb2a8319e00cd2bc3a8ff9973999a4426556d189890b0ea73774aaffbff53f3e0ae7e92c8e3025155daf806c9e770c1d3914c1e,gx-no-cache=1457017646071 HTTP/1.1" 200 562
186.78.57.210 - - [03/Mar/2016:12:06:58 -0300] "GET /cormun/static/about:blank HTTP/1.1" 404 1011
186.103.159.182 - - [03/Mar/2016:12:06:58 -0300] "POST /cormun/servlet/trvisualizadoreventos?705ec4271f7a59328d523fa32fe3920a,,gx-no-cache=1457017646259 HTTP/1.1" 200 3238
186.78.57.210 - - [03/Mar/2016:12:06:58 -0300] "GET /cormun/servlet/solicitudotadjuntos?INS,2016,496,,1, HTTP/1.1" 200 5450
186.78.57.210 - - [03/Mar/2016:12:06:58 -0300] "GET /cormun/servlet/solicitudotadjuntos?6e39a9a0d1bc265ceaef7678f52d3ee78f7ad3bcc5ca5bb9b1232319eda98a80cd8106e10bf6fb6bfa35e7d152094c1e,gx-no-cache=1457017678206 HTTP/1.1" 200 30
186.78.57.210 - - [03/Mar/2016:12:06:58 -0300] "POST /cormun/servlet/solicitudotadjuntos?47b2748899f65881853b1d07e208b3a8,INS,2016,496,,1,,gx-no-cache=1457017678311 HTTP/1.1" 200 3356
186.103.159.182 - - [03/Mar/2016:12:07:01 -0300] "GET /cormun/servlet/trvisualizadoreventos?3fb763a8c48fe9c19d55e073ef3c54bcf2ca2d5417d58dc4c8f12d7516aef5f7a4a169b3a4b19879b25a486fc5f3481e960c2f3d3533494900006387d9d13bce6f0737147159047b36ae7fca6cddc78dee8833b0ab9cdea1326ba86d9a7e3de737f89b3c111c55f79d6759f51fdff0fe83b404aed95490f32124b6bf901e8161a5f862cff4fdaa2a3380f06f9fb2a8319e00cd2bc3a8ff9973999a4426556d189890b0ea73774aaffbff53f3e0ae7e92006890ef2ed08f71c194a2f2e6cabcd5,gx-no-cache=1457017649453 HTTP/1.1" 200 565
186.78.57.210 - - [03/Mar/2016:12:07:01 -0300] "POST /cormun/servlet/solicitudotadjuntos?gx-no-cache=1457017681092 HTTP/1.1" 200 26
186.78.57.210 - - [03/Mar/2016:12:07:02 -0300] "GET /cormun/servlet/solicitudotadjuntos?6e39a9a0d1bc265ceaef7678f52d3ee744c7ee0f437c4b3b34d7efedc0650c67,gx-no-cache=1457017681829 HTTP/1.1" 200 30
186.78.57.210 - - [03/Mar/2016:12:07:02 -0300] "GET /cormun/servlet/solicitudotadjuntos?6e39a9a0d1bc265ceaef7678f52d3ee744c7ee0f437c4b3b34d7efedc0650c67,gx-no-cache=1457017681906 HTTP/1.1" 200 30
186.78.57.210 - - [03/Mar/2016:12:07:02 -0300] "POST /cormun/servlet/solicitudotadjuntos?47b2748899f65881853b1d07e208b3a8,INS,2016,496,,1,,gx-no-cache=1457017681980 HTTP/1.1" 200 93
186.78.57.210 - - [03/Mar/2016:12:07:02 -0300] "GET /cormun/servlet/hpexe_return? HTTP/1.1" 200 1026
186.78.57.210 - - [03/Mar/2016:12:07:02 -0300] "GET /cormun/servlet/trsolicitudadjuntos?2016,496, HTTP/1.1" 200 7138
186.78.57.210 - - [03/Mar/2016:12:07:03 -0300] "GET /cormun/servlet/trsolicitudadjuntos?2016,496, HTTP/1.1" 200 7135
186.103.159.182 - - [03/Mar/2016:12:07:05 -0300] "GET /cormun/servlet/trvisualizadoreventos?3fb763a8c48fe9c19d55e073ef3c54bcf2ca2d5417d58dc4c8f12d7516aef5f7a4a169b3a4b19879b25a486fc5f3481e960c2f3d3533494900006387d9d13bce6f0737147159047b36ae7fca6cddc78dee8833b0ab9cdea1326ba86d9a7e3de737f89b3c111c55f79d6759f51fdff0fe83b404aed95490f32124b6bf901e8161a5f862cff4fdaa2a3380f06f9fb2a8319e00cd2bc3a8ff9973999a4426556d189890b0ea73774aaffbff53f3e0ae7e92f7450fec3db376aa764816d3cdce2dd8,gx-no-cache=1457017653462 HTTP/1.1" 200 567
186.103.159.182 - - [03/Mar/2016:12:07:05 -0300] "POST /cormun/servlet/trvisualizadoreventos?705ec4271f7a59328d523fa32fe3920a,,gx-no-cache=1457017653671 HTTP/1.1" 200 3243
186.103.159.44 - - [03/Mar/2016:12:07:06 -0300] "GET /cormun/servlet/solicitudotadjuntos?c4f1039a28ef4ff96a24962f861638db6ec3d3b0b73b9e8b1d0360ddaa0ed37f,gx-no-cache=1457017634550 HTTP/1.1" 200 30
186.103.159.44 - - [03/Mar/2016:12:07:06 -0300] "GET /cormun/servlet/solicitudotadjuntos?c4f1039a28ef4ff96a24962f861638db6ec3d3b0b73b9e8b1d0360ddaa0ed37f,gx-no-cache=1457017634584 HTTP/1.1" 200 30
186.103.159.182 - - [03/Mar/2016:12:07:06 -0300] "POST /cormun/servlet/trvisualizadoreventos?705ec4271f7a59328d523fa32fe3920a,,gx-no-cache=1457017654673 HTTP/1.1" 200 3243
186.103.159.44 - - [03/Mar/2016:12:07:06 -0300] "POST /cormun/servlet/solicitudotadjuntos?90407dd04215d27dd591a38f9863650e,INS,2016,495,,1, HTTP/1.1" 200 116
186.78.57.210 - - [03/Mar/2016:12:07:06 -0300] "GET /cormun/servlet/solicitudotadjuntos?INS,2016,496,,1, HTTP/1.1" 200 5456
186.103.159.44 - - [03/Mar/2016:12:07:06 -0300] "GET /cormun/servlet/hpexe_return? HTTP/1.1" 200 1028
186.78.57.210 - - [03/Mar/2016:12:07:06 -0300] "GET /cormun/static/about:blank HTTP/1.1" 404 1011
186.78.57.210 - - [03/Mar/2016:12:07:07 -0300] "GET /cormun/servlet/solicitudotadjuntos?INS,2016,496,,1, HTTP/1.1" 200 5450
186.103.159.44 - - [03/Mar/2016:12:07:07 -0300] "GET /cormun/servlet/trsolicitudadjuntos?2016,495, HTTP/1.1" 200 7713
186.78.57.210 - - [03/Mar/2016:12:07:07 -0300] "GET /cormun/servlet/solicitudotadjuntos?6e39a9a0d1bc265ceaef7678f52d3ee78f7ad3bcc5ca5bb9b1232319eda98a80cd8106e10bf6fb6bfa35e7d152094c1e,gx-no-cache=1457017687237 HTTP/1.1" 200 30
186.78.57.210 - - [03/Mar/2016:12:07:07 -0300] "POST /cormun/servlet/solicitudotadjuntos?47b2748899f65881853b1d07e208b3a8,INS,2016,496,,1,,gx-no-cache=1457017687326 HTTP/1.1" 200 3356
186.103.159.44 - - [03/Mar/2016:12:07:10 -0300] "GET /cormun/servlet/solicitudotadjuntos?INS,2016,495,,1, HTTP/1.1" 200 5442
186.103.159.44 - - [03/Mar/2016:12:07:11 -0300] "HEAD /cormun/static/about:blank HTTP/1.1" 404 -
186.103.159.44 - - [03/Mar/2016:12:07:12 -0300] "GET /cormun/servlet/solicitudotadjuntos?c4f1039a28ef4ff96a24962f861638db901e3b474fc42de8473904dfab5a042dc26a155f97a671629f57f3d6ad120663,gx-no-cache=1457017640557 HTTP/1.1" 200 30
186.103.159.44 - - [03/Mar/2016:12:07:12 -0300] "POST /cormun/servlet/solicitudotadjuntos?90407dd04215d27dd591a38f9863650e,INS,2016,495,,1,,gx-no-cache=1457017640598 HTTP/1.1" 200 3359
186.103.159.44 - - [03/Mar/2016:12:07:18 -0300] "POST /cormun/servlet/solicitudotadjuntos?gx-no-cache=1457017646600 HTTP/1.1" 200 26
186.103.159.182 - - [03/Mar/2016:12:07:19 -0300] "POST /cormun/servlet/trvisualizadoreventos?705ec4271f7a59328d523fa32fe3920a,,gx-no-cache=1457017667228 HTTP/1.1" 200 3243
186.103.159.182 - - [03/Mar/2016:12:07:22 -0300] "GET /cormun/servlet/trvisualizadoreventos?3fb763a8c48fe9c19d55e073ef3c54bc7debc48b4b19e977c7b8134a6287596aa4a169b3a4b19879b25a486fc5f3481e960c2f3d3533494900006387d9d13bce6f0737147159047b36ae7fca6cddc78dee8833b0ab9cdea1326ba86d9a7e3de737f89b3c111c55f79d6759f51fdff0fe83b404aed95490f32124b6bf901e8161a5f862cff4fdaa2a3380f06f9fb2a8319e00cd2bc3a8ff9973999a4426556d189890b0ea73774aaffbff53f3e0ae7e92f7450fec3db376aa764816d3cdce2dd8,gx-no-cache=1457017670450 HTTP/1.1" 200 569
186.103.159.182 - - [03/Mar/2016:12:07:22 -0300] "POST /cormun/servlet/trvisualizadoreventos?705ec4271f7a59328d523fa32fe3920a,,gx-no-cache=1457017670652 HTTP/1.1" 200 3247
186.103.159.182 - - [03/Mar/2016:12:07:25 -0300] "GET /cormun/static/menuarrow.gif HTTP/1.1" 404 1015
186.103.159.44 - - [03/Mar/2016:12:07:25 -0300] "GET /cormun/servlet/solicitudotadjuntos?c4f1039a28ef4ff96a24962f861638db6ec3d3b0b73b9e8b1d0360ddaa0ed37f,gx-no-cache=1457017653585 HTTP/1.1" 200 30
186.103.159.44 - - [03/Mar/2016:12:07:25 -0300] "GET /cormun/servlet/solicitudotadjuntos?c4f1039a28ef4ff96a24962f861638db6ec3d3b0b73b9e8b1d0360ddaa0ed37f,gx-no-cache=1457017653625 HTTP/1.1" 200 30
186.103.159.44 - - [03/Mar/2016:12:07:25 -0300] "POST /cormun/servlet/solicitudotadjuntos?90407dd04215d27dd591a38f9863650e,INS,2016,495,,1, HTTP/1.1" 200 116
186.103.159.44 - - [03/Mar/2016:12:07:25 -0300] "GET /cormun/servlet/hpexe_return? HTTP/1.1" 200 1028
186.103.159.44 - - [03/Mar/2016:12:07:26 -0300] "GET /cormun/servlet/trsolicitudadjuntos?2016,495, HTTP/1.1" 200 7857
186.78.57.210 - - [03/Mar/2016:12:07:26 -0300] "POST /cormun/servlet/solicitudotadjuntos?gx-no-cache=1457017706518 HTTP/1.1" 200 26
186.103.159.182 - - [03/Mar/2016:12:07:27 -0300] "GET /cormun/servlet/trvisualizadoreventos?3fb763a8c48fe9c19d55e073ef3c54bc7debc48b4b19e977c7b8134a6287596aa4a169b3a4b19879b25a486fc5f3481e960c2f3d3533494900006387d9d13bce6f0737147159047b36ae7fca6cddc78dee8833b0ab9cdea1326ba86d9a7e3de737f89b3c111c55f79d6759f51fdff0fe83b404aed95490f32124b6bf901e8161a5f862cff4fdaa2a3380f06f9fb2a8319e00cd2bc3a8ff9973999a4426556d189890b0ea73774aaffbff53f3e0ae7e929abaa8153bec1add6de02d9037d1b532,gx-no-cache=1457017676054 HTTP/1.1" 200 572
186.103.159.182 - - [03/Mar/2016:12:07:28 -0300] "POST /cormun/servlet/trvisualizadoreventos?705ec4271f7a59328d523fa32fe3920a,,gx-no-cache=1457017676582 HTTP/1.1" 200 3249
186.103.159.182 - - [03/Mar/2016:12:07:28 -0300] "POST /cormun/servlet/trvisualizadoreventos?705ec4271f7a59328d523fa32fe3920a,,gx-no-cache=1457017676841 HTTP/1.1" 200 3249
186.103.159.182 - - [03/Mar/2016:12:07:29 -0300] "POST /cormun/servlet/trvisualizadoreventos?705ec4271f7a59328d523fa32fe3920a,,gx-no-cache=1457017677432 HTTP/1.1" 200 3249
186.103.159.44 - - [03/Mar/2016:12:07:33 -0300] "GET /cormun/servlet/solicitudotadjuntos?INS,2016,495,,1, HTTP/1.1" 200 5442
186.103.159.44 - - [03/Mar/2016:12:07:34 -0300] "HEAD /cormun/static/about:blank HTTP/1.1" 404 -
186.103.159.44 - - [03/Mar/2016:12:07:35 -0300] "GET /cormun/servlet/solicitudotadjuntos?c4f1039a28ef4ff96a24962f861638db901e3b474fc42de8473904dfab5a042dc26a155f97a671629f57f3d6ad120663,gx-no-cache=1457017663624 HTTP/1.1" 200 30
186.103.159.44 - - [03/Mar/2016:12:07:35 -0300] "POST /cormun/servlet/solicitudotadjuntos?90407dd04215d27dd591a38f9863650e,INS,2016,495,,1,,gx-no-cache=1457017663661 HTTP/1.1" 200 3359
186.103.159.44 - - [03/Mar/2016:12:07:39 -0300] "POST /cormun/servlet/solicitudotadjuntos?gx-no-cache=1457017667316 HTTP/1.1" 200 26
186.103.159.44 - - [03/Mar/2016:12:07:45 -0300] "GET /cormun/servlet/solicitudotadjuntos?c4f1039a28ef4ff96a24962f861638db6ec3d3b0b73b9e8b1d0360ddaa0ed37f,gx-no-cache=1457017673501 HTTP/1.1" 200 30
186.103.159.44 - - [03/Mar/2016:12:07:45 -0300] "GET /cormun/servlet/solicitudotadjuntos?c4f1039a28ef4ff96a24962f861638db6ec3d3b0b73b9e8b1d0360ddaa0ed37f,gx-no-cache=1457017673561 HTTP/1.1" 200 30
186.103.159.44 - - [03/Mar/2016:12:07:47 -0300] "POST /cormun/servlet/solicitudotadjuntos?90407dd04215d27dd591a38f9863650e,INS,2016,495,,1, HTTP/1.1" 200 116
186.103.159.44 - - [03/Mar/2016:12:07:47 -0300] "GET /cormun/servlet/hpexe_return? HTTP/1.1" 200 1028
186.103.159.44 - - [03/Mar/2016:12:07:47 -0300] "GET /cormun/servlet/trsolicitudadjuntos?2016,495, HTTP/1.1" 200 7977
186.78.57.210 - - [03/Mar/2016:12:07:50 -0300] "GET /cormun/servlet/solicitudotadjuntos?6e39a9a0d1bc265ceaef7678f52d3ee744c7ee0f437c4b3b34d7efedc0650c67,gx-no-cache=1457017729830 HTTP/1.1" 200 30
186.78.57.210 - - [03/Mar/2016:12:07:50 -0300] "GET /cormun/servlet/solicitudotadjuntos?6e39a9a0d1bc265ceaef7678f52d3ee744c7ee0f437c4b3b34d7efedc0650c67,gx-no-cache=1457017730107 HTTP/1.1" 200 30
186.103.159.44 - - [03/Mar/2016:12:07:51 -0300] "GET /cormun/servlet/solicitudotadjuntos?INS,2016,495,,2, HTTP/1.1" 200 5440
186.103.159.44 - - [03/Mar/2016:12:07:52 -0300] "HEAD /cormun/static/about:blank HTTP/1.1" 404 -
186.103.159.44 - - [03/Mar/2016:12:07:53 -0300] "GET /cormun/servlet/solicitudotadjuntos?c4f1039a28ef4ff96a24962f861638db901e3b474fc42de8473904dfab5a042dc26a155f97a671629f57f3d6ad120663,gx-no-cache=1457017681566 HTTP/1.1" 200 30
186.103.159.44 - - [03/Mar/2016:12:07:53 -0300] "POST /cormun/servlet/solicitudotadjuntos?90407dd04215d27dd591a38f9863650e,INS,2016,495,,2,,gx-no-cache=1457017681602 HTTP/1.1" 200 3504
186.78.57.210 - - [03/Mar/2016:12:08:06 -0300] "POST /cormun/servlet/solicitudotadjuntos?47b2748899f65881853b1d07e208b3a8,INS,2016,496,,1, HTTP/1.1" 200 116
186.78.57.210 - - [03/Mar/2016:12:08:06 -0300] "GET /cormun/servlet/hpexe_return? HTTP/1.1" 200 1026
186.78.57.210 - - [03/Mar/2016:12:08:06 -0300] "GET /cormun/servlet/trsolicitudadjuntos?2016,496, HTTP/1.1" 200 7334
186.78.57.210 - - [03/Mar/2016:12:08:07 -0300] "GET /cormun/servlet/trsolicitudadjuntos?2016,496, HTTP/1.1" 200 7330
186.103.159.44 - - [03/Mar/2016:12:08:09 -0300] "POST /cormun/servlet/solicitudotadjuntos?90407dd04215d27dd591a38f9863650e,INS,2016,495,,2,,gx-no-cache=1457017697150 HTTP/1.1" 200 93
186.103.159.44 - - [03/Mar/2016:12:08:09 -0300] "GET /cormun/servlet/hpexe_return? HTTP/1.1" 200 1028
186.103.159.44 - - [03/Mar/2016:12:08:09 -0300] "GET /cormun/servlet/trsolicitudadjuntos?2016,495, HTTP/1.1" 200 7971
186.78.57.210 - - [03/Mar/2016:12:08:15 -0300] "GET /cormun/servlet/solicitudotadjuntos?INS,2016,496,,1, HTTP/1.1" 200 5456
186.78.57.210 - - [03/Mar/2016:12:08:15 -0300] "GET /cormun/static/about:blank HTTP/1.1" 404 1011
186.78.57.210 - - [03/Mar/2016:12:08:15 -0300] "GET /cormun/servlet/solicitudotadjuntos?INS,2016,496,,1, HTTP/1.1" 200 5450
186.78.57.210 - - [03/Mar/2016:12:08:16 -0300] "GET /cormun/servlet/solicitudotadjuntos?6e39a9a0d1bc265ceaef7678f52d3ee78f7ad3bcc5ca5bb9b1232319eda98a80cd8106e10bf6fb6bfa35e7d152094c1e,gx-no-cache=1457017755817 HTTP/1.1" 200 30
186.78.57.210 - - [03/Mar/2016:12:08:16 -0300] "POST /cormun/servlet/solicitudotadjuntos?47b2748899f65881853b1d07e208b3a8,INS,2016,496,,1,,gx-no-cache=1457017755903 HTTP/1.1" 200 3356
186.103.159.44 - - [03/Mar/2016:12:08:17 -0300] "GET /cormun/servlet/hpexe_return? HTTP/1.1" 200 1044
186.103.159.44 - - [03/Mar/2016:12:08:18 -0300] "GET /cormun/servlet/trsolicitudot?gx-no-cache=1457017357053 HTTP/1.1" 200 7753
186.103.159.44 - - [03/Mar/2016:12:08:24 -0300] "POST /cormun/servlet/trsolicitudot?90407dd04215d27dd591a38f9863650e,gx-no-cache=1457017357053,gx-no-cache=1457017712723 HTTP/1.1" 200 5209
186.103.159.44 - - [03/Mar/2016:12:08:25 -0300] "POST /cormun/servlet/trsolicitudot?90407dd04215d27dd591a38f9863650e,gx-no-cache=1457017357053,gx-no-cache=1457017713104 HTTP/1.1" 200 5209
186.103.159.44 - - [03/Mar/2016:12:08:25 -0300] "POST /cormun/servlet/trsolicitudot?90407dd04215d27dd591a38f9863650e,gx-no-cache=1457017357053,gx-no-cache=1457017713581 HTTP/1.1" 200 5209
186.103.159.44 - - [03/Mar/2016:12:08:26 -0300] "POST /cormun/servlet/trsolicitudot?90407dd04215d27dd591a38f9863650e,gx-no-cache=1457017357053,gx-no-cache=1457017714169 HTTP/1.1" 200 5209
186.103.159.44 - - [03/Mar/2016:12:08:26 -0300] "POST /cormun/servlet/trsolicitudot?90407dd04215d27dd591a38f9863650e,gx-no-cache=1457017357053,gx-no-cache=1457017714835 HTTP/1.1" 200 5209
186.103.159.44 - - [03/Mar/2016:12:08:27 -0300] "POST /cormun/servlet/trsolicitudot?90407dd04215d27dd591a38f9863650e,gx-no-cache=1457017357053,gx-no-cache=1457017715545 HTTP/1.1" 200 5209
186.103.159.44 - - [03/Mar/2016:12:08:28 -0300] "POST /cormun/servlet/trsolicitudot?90407dd04215d27dd591a38f9863650e,gx-no-cache=1457017357053,gx-no-cache=1457017716384 HTTP/1.1" 200 5209
186.103.159.44 - - [03/Mar/2016:12:08:34 -0300] "POST /cormun/servlet/trsolicitudot?90407dd04215d27dd591a38f9863650e,gx-no-cache=1457017357053,gx-no-cache=1457017717311 HTTP/1.1" 200 4960
186.103.159.44 - - [03/Mar/2016:12:08:35 -0300] "POST /cormun/servlet/trsolicitudot?90407dd04215d27dd591a38f9863650e,gx-no-cache=1457017357053,gx-no-cache=1457017723244 HTTP/1.1" 200 4901
186.103.159.44 - - [03/Mar/2016:12:08:36 -0300] "GET /cormun/static/Shared/jqueryui/images/ui-icons_8d78a5_256x240.png HTTP/1.1" 404 1089
186.103.159.44 - - [03/Mar/2016:12:08:36 -0300] "GET /cormun/static/Shared/jqueryui/images/ui-bg_flat_55_fafafa_40x100.png HTTP/1.1" 404 1097
186.103.159.44 - - [03/Mar/2016:12:08:36 -0300] "GET /cormun/static/Shared/jqueryui/images/ui-icons_82798d_256x240.png HTTP/1.1" 404 1089
186.103.159.44 - - [03/Mar/2016:12:08:36 -0300] "GET /cormun/static/Shared/jqueryui/images/ui-bg_highlight-soft_100_c6c2c8_1x100.png HTTP/1.1" 404 1117
186.78.57.210 - - [03/Mar/2016:12:08:40 -0300] "POST /cormun/servlet/solicitudotadjuntos?gx-no-cache=1457017780225 HTTP/1.1" 200 26
186.78.57.210 - - [03/Mar/2016:12:08:41 -0300] "GET /cormun/servlet/solicitudotadjuntos?6e39a9a0d1bc265ceaef7678f52d3ee744c7ee0f437c4b3b34d7efedc0650c67,gx-no-cache=1457017781177 HTTP/1.1" 200 30
186.78.57.210 - - [03/Mar/2016:12:08:41 -0300] "GET /cormun/servlet/solicitudotadjuntos?6e39a9a0d1bc265ceaef7678f52d3ee744c7ee0f437c4b3b34d7efedc0650c67,gx-no-cache=1457017781257 HTTP/1.1" 200 30
186.78.57.210 - - [03/Mar/2016:12:08:41 -0300] "POST /cormun/servlet/solicitudotadjuntos?47b2748899f65881853b1d07e208b3a8,INS,2016,496,,1,,gx-no-cache=1457017781330 HTTP/1.1" 200 93
186.78.57.210 - - [03/Mar/2016:12:08:41 -0300] "GET /cormun/servlet/hpexe_return? HTTP/1.1" 200 1026
186.78.57.210 - - [03/Mar/2016:12:08:42 -0300] "GET /cormun/servlet/trsolicitudadjuntos?2016,496, HTTP/1.1" 200 7484
186.78.57.210 - - [03/Mar/2016:12:08:43 -0300] "GET /cormun/servlet/trsolicitudadjuntos?2016,496, HTTP/1.1" 200 7481
186.78.57.210 - - [03/Mar/2016:12:08:46 -0300] "GET /cormun/servlet/solicitudotadjuntos?INS,2016,496,,1, HTTP/1.1" 200 5456
186.78.57.210 - - [03/Mar/2016:12:08:47 -0300] "GET /cormun/static/about:blank HTTP/1.1" 404 1011
186.78.57.210 - - [03/Mar/2016:12:08:47 -0300] "GET /cormun/servlet/solicitudotadjuntos?INS,2016,496,,1, HTTP/1.1" 200 5450
186.78.57.210 - - [03/Mar/2016:12:08:47 -0300] "GET /cormun/servlet/solicitudotadjuntos?6e39a9a0d1bc265ceaef7678f52d3ee78f7ad3bcc5ca5bb9b1232319eda98a80cd8106e10bf6fb6bfa35e7d152094c1e,gx-no-cache=1457017787194 HTTP/1.1" 200 30
186.78.57.210 - - [03/Mar/2016:12:08:47 -0300] "POST /cormun/servlet/solicitudotadjuntos?47b2748899f65881853b1d07e208b3a8,INS,2016,496,,1,,gx-no-cache=1457017787345 HTTP/1.1" 200 3356
186.103.159.44 - - [03/Mar/2016:12:08:59 -0300] "POST /cormun/servlet/trsolicitudot?90407dd04215d27dd591a38f9863650e,gx-no-cache=1457017357053,gx-no-cache=1457017747867 HTTP/1.1" 200 4925
186.103.159.44 - - [03/Mar/2016:12:09:01 -0300] "POST /cormun/servlet/trsolicitudot?90407dd04215d27dd591a38f9863650e,gx-no-cache=1457017357053,gx-no-cache=1457017749014 HTTP/1.1" 200 4925
186.103.159.44 - - [03/Mar/2016:12:09:02 -0300] "POST /cormun/servlet/trsolicitudot?90407dd04215d27dd591a38f9863650e,gx-no-cache=1457017357053,gx-no-cache=1457017750215 HTTP/1.1" 200 4925
186.103.159.44 - - [03/Mar/2016:12:09:03 -0300] "POST /cormun/servlet/trsolicitudot?90407dd04215d27dd591a38f9863650e,gx-no-cache=1457017357053,gx-no-cache=1457017751381 HTTP/1.1" 200 4925
186.103.159.44 - - [03/Mar/2016:12:09:04 -0300] "POST /cormun/servlet/trsolicitudot?90407dd04215d27dd591a38f9863650e,gx-no-cache=1457017357053,gx-no-cache=1457017752646 HTTP/1.1" 200 4925
186.103.159.44 - - [03/Mar/2016:12:09:05 -0300] "POST /cormun/servlet/trsolicitudot?90407dd04215d27dd591a38f9863650e,gx-no-cache=1457017357053,gx-no-cache=1457017753996 HTTP/1.1" 200 4925
186.103.159.44 - - [03/Mar/2016:12:09:07 -0300] "POST /cormun/servlet/trsolicitudot?90407dd04215d27dd591a38f9863650e,gx-no-cache=1457017357053,gx-no-cache=1457017755390 HTTP/1.1" 200 4925
186.78.57.210 - - [03/Mar/2016:12:09:16 -0300] "POST /cormun/servlet/solicitudotadjuntos?gx-no-cache=1457017815962 HTTP/1.1" 200 26
186.103.159.44 - - [03/Mar/2016:12:09:17 -0300] "POST /cormun/servlet/trsolicitudot?90407dd04215d27dd591a38f9863650e,gx-no-cache=1457017357053,gx-no-cache=1457017756928 HTTP/1.1" 200 106
186.103.159.44 - - [03/Mar/2016:12:09:17 -0300] "GET /cormun/servlet/trsolicitudadjuntos?2016,492, HTTP/1.1" 200 5377
186.78.57.210 - - [03/Mar/2016:12:09:18 -0300] "GET /cormun/servlet/solicitudotadjuntos?6e39a9a0d1bc265ceaef7678f52d3ee744c7ee0f437c4b3b34d7efedc0650c67,gx-no-cache=1457017817673 HTTP/1.1" 200 30
186.78.57.210 - - [03/Mar/2016:12:09:18 -0300] "GET /cormun/servlet/solicitudotadjuntos?6e39a9a0d1bc265ceaef7678f52d3ee744c7ee0f437c4b3b34d7efedc0650c67,gx-no-cache=1457017818241 HTTP/1.1" 200 30
186.78.57.210 - - [03/Mar/2016:12:09:19 -0300] "POST /cormun/servlet/solicitudotadjuntos?47b2748899f65881853b1d07e208b3a8,INS,2016,496,,1,,gx-no-cache=1457017818791 HTTP/1.1" 200 93
186.78.57.210 - - [03/Mar/2016:12:09:20 -0300] "GET /cormun/servlet/hpexe_return? HTTP/1.1" 200 1026
186.78.57.210 - - [03/Mar/2016:12:09:20 -0300] "GET /cormun/servlet/trsolicitudadjuntos?2016,496, HTTP/1.1" 200 7585
186.78.57.210 - - [03/Mar/2016:12:09:21 -0300] "GET /cormun/servlet/trsolicitudadjuntos?2016,496, HTTP/1.1" 200 7582
186.78.57.210 - - [03/Mar/2016:12:09:24 -0300] "GET /cormun/servlet/solicitudotadjuntos?INS,2016,496,,1, HTTP/1.1" 200 5456
186.78.57.210 - - [03/Mar/2016:12:09:25 -0300] "GET /cormun/static/about:blank HTTP/1.1" 404 1011
186.78.57.210 - - [03/Mar/2016:12:09:25 -0300] "GET /cormun/servlet/solicitudotadjuntos?INS,2016,496,,1, HTTP/1.1" 200 5450
186.78.57.210 - - [03/Mar/2016:12:09:25 -0300] "GET /cormun/servlet/solicitudotadjuntos?6e39a9a0d1bc265ceaef7678f52d3ee78f7ad3bcc5ca5bb9b1232319eda98a80cd8106e10bf6fb6bfa35e7d152094c1e,gx-no-cache=1457017825337 HTTP/1.1" 200 30
186.78.57.210 - - [03/Mar/2016:12:09:26 -0300] "POST /cormun/servlet/solicitudotadjuntos?47b2748899f65881853b1d07e208b3a8,INS,2016,496,,1,,gx-no-cache=1457017825841 HTTP/1.1" 200 3356
186.103.159.44 - - [03/Mar/2016:12:09:35 -0300] "GET /cormun/servlet/solicitudotadjuntos?INS,2016,492,,1, HTTP/1.1" 200 5441
186.103.159.44 - - [03/Mar/2016:12:09:35 -0300] "HEAD /cormun/static/about:blank HTTP/1.1" 404 -
186.103.159.44 - - [03/Mar/2016:12:09:36 -0300] "GET /cormun/servlet/solicitudotadjuntos?c4f1039a28ef4ff96a24962f861638db36d6ad9f853dab7127a95657a0990be1c26a155f97a671629f57f3d6ad120663,gx-no-cache=1457017784803 HTTP/1.1" 200 30
186.103.159.44 - - [03/Mar/2016:12:09:36 -0300] "POST /cormun/servlet/solicitudotadjuntos?90407dd04215d27dd591a38f9863650e,INS,2016,492,,1,,gx-no-cache=1457017784840 HTTP/1.1" 200 3357
186.103.159.44 - - [03/Mar/2016:12:09:45 -0300] "POST /cormun/servlet/solicitudotadjuntos?gx-no-cache=1457017794049 HTTP/1.1" 200 26
186.78.57.210 - - [03/Mar/2016:12:09:55 -0300] "POST /cormun/servlet/solicitudotadjuntos?gx-no-cache=1457017854130 HTTP/1.1" 200 26
186.78.57.210 - - [03/Mar/2016:12:09:56 -0300] "GET /cormun/servlet/solicitudotadjuntos?6e39a9a0d1bc265ceaef7678f52d3ee744c7ee0f437c4b3b34d7efedc0650c67,gx-no-cache=1457017856206 HTTP/1.1" 200 30
186.78.57.210 - - [03/Mar/2016:12:09:56 -0300] "GET /cormun/servlet/solicitudotadjuntos?6e39a9a0d1bc265ceaef7678f52d3ee744c7ee0f437c4b3b34d7efedc0650c67,gx-no-cache=1457017856521 HTTP/1.1" 200 30
186.78.57.210 - - [03/Mar/2016:12:09:57 -0300] "POST /cormun/servlet/solicitudotadjuntos?47b2748899f65881853b1d07e208b3a8,INS,2016,496,,1,,gx-no-cache=1457017856915 HTTP/1.1" 200 93
186.78.57.210 - - [03/Mar/2016:12:09:58 -0300] "GET /cormun/servlet/hpexe_return? HTTP/1.1" 200 1026
186.78.57.210 - - [03/Mar/2016:12:09:58 -0300] "GET /cormun/servlet/trsolicitudadjuntos?2016,496, HTTP/1.1" 200 7701
186.78.57.210 - - [03/Mar/2016:12:09:59 -0300] "GET /cormun/servlet/trsolicitudadjuntos?2016,496, HTTP/1.1" 200 7701
186.103.159.44 - - [03/Mar/2016:12:10:03 -0300] "GET /cormun/servlet/solicitudotadjuntos?c4f1039a28ef4ff96a24962f861638db6ec3d3b0b73b9e8b1d0360ddaa0ed37f,gx-no-cache=1457017811367 HTTP/1.1" 200 30
186.103.159.44 - - [03/Mar/2016:12:10:03 -0300] "GET /cormun/servlet/solicitudotadjuntos?c4f1039a28ef4ff96a24962f861638db6ec3d3b0b73b9e8b1d0360ddaa0ed37f,gx-no-cache=1457017811400 HTTP/1.1" 200 30
186.103.159.44 - - [03/Mar/2016:12:10:03 -0300] "POST /cormun/servlet/solicitudotadjuntos?90407dd04215d27dd591a38f9863650e,INS,2016,492,,1, HTTP/1.1" 200 116
186.103.159.44 - - [03/Mar/2016:12:10:03 -0300] "GET /cormun/servlet/hpexe_return? HTTP/1.1" 200 1028
186.103.159.44 - - [03/Mar/2016:12:10:03 -0300] "GET /cormun/servlet/trsolicitudadjuntos?2016,492, HTTP/1.1" 200 7279
186.103.159.44 - - [03/Mar/2016:12:10:07 -0300] "GET /cormun/servlet/solicitudotadjuntos?INS,2016,492,,1, HTTP/1.1" 200 5441
186.103.159.44 - - [03/Mar/2016:12:10:07 -0300] "HEAD /cormun/static/about:blank HTTP/1.1" 404 -
186.103.159.44 - - [03/Mar/2016:12:10:08 -0300] "GET /cormun/servlet/solicitudotadjuntos?c4f1039a28ef4ff96a24962f861638db36d6ad9f853dab7127a95657a0990be1c26a155f97a671629f57f3d6ad120663,gx-no-cache=1457017816791 HTTP/1.1" 200 30
186.103.159.44 - - [03/Mar/2016:12:10:08 -0300] "POST /cormun/servlet/solicitudotadjuntos?90407dd04215d27dd591a38f9863650e,INS,2016,492,,1,,gx-no-cache=1457017816832 HTTP/1.1" 200 3357
186.103.159.44 - - [03/Mar/2016:12:10:10 -0300] "POST /cormun/servlet/solicitudotadjuntos?gx-no-cache=1457017818979 HTTP/1.1" 200 26
186.103.159.44 - - [03/Mar/2016:12:10:16 -0300] "GET /cormun/servlet/solicitudotadjuntos?c4f1039a28ef4ff96a24962f861638db6ec3d3b0b73b9e8b1d0360ddaa0ed37f,gx-no-cache=1457017824621 HTTP/1.1" 200 30
186.103.159.44 - - [03/Mar/2016:12:10:16 -0300] "GET /cormun/servlet/solicitudotadjuntos?c4f1039a28ef4ff96a24962f861638db6ec3d3b0b73b9e8b1d0360ddaa0ed37f,gx-no-cache=1457017824666 HTTP/1.1" 200 30
186.103.159.44 - - [03/Mar/2016:12:10:16 -0300] "POST /cormun/servlet/solicitudotadjuntos?90407dd04215d27dd591a38f9863650e,INS,2016,492,,1, HTTP/1.1" 200 116
186.103.159.44 - - [03/Mar/2016:12:10:16 -0300] "GET /cormun/servlet/hpexe_return? HTTP/1.1" 200 1028
186.103.159.44 - - [03/Mar/2016:12:10:17 -0300] "GET /cormun/servlet/trsolicitudadjuntos?2016,492, HTTP/1.1" 200 7433
186.78.57.210 - - [03/Mar/2016:12:10:21 -0300] "GET /cormun/servlet/solicitudotadjuntos?INS,2016,496,,1, HTTP/1.1" 200 5456
186.78.57.210 - - [03/Mar/2016:12:10:21 -0300] "GET /cormun/static/about:blank HTTP/1.1" 404 1011
186.78.57.210 - - [03/Mar/2016:12:10:22 -0300] "GET /cormun/servlet/solicitudotadjuntos?INS,2016,496,,1, HTTP/1.1" 200 5450
186.78.57.210 - - [03/Mar/2016:12:10:22 -0300] "GET /cormun/servlet/solicitudotadjuntos?6e39a9a0d1bc265ceaef7678f52d3ee78f7ad3bcc5ca5bb9b1232319eda98a80cd8106e10bf6fb6bfa35e7d152094c1e,gx-no-cache=1457017882156 HTTP/1.1" 200 30
186.78.57.210 - - [03/Mar/2016:12:10:22 -0300] "POST /cormun/servlet/solicitudotadjuntos?47b2748899f65881853b1d07e208b3a8,INS,2016,496,,1,,gx-no-cache=1457017882358 HTTP/1.1" 200 3355
186.103.159.44 - - [03/Mar/2016:12:10:23 -0300] "GET /cormun/servlet/solicitudotadjuntos?INS,2016,492,,1, HTTP/1.1" 200 5441
186.103.159.44 - - [03/Mar/2016:12:10:24 -0300] "HEAD /cormun/static/about:blank HTTP/1.1" 404 -
186.103.159.44 - - [03/Mar/2016:12:10:25 -0300] "GET /cormun/servlet/solicitudotadjuntos?c4f1039a28ef4ff96a24962f861638db36d6ad9f853dab7127a95657a0990be1c26a155f97a671629f57f3d6ad120663,gx-no-cache=1457017833553 HTTP/1.1" 200 30
186.103.159.44 - - [03/Mar/2016:12:10:25 -0300] "POST /cormun/servlet/solicitudotadjuntos?90407dd04215d27dd591a38f9863650e,INS,2016,492,,1,,gx-no-cache=1457017833590 HTTP/1.1" 200 3356
186.103.159.44 - - [03/Mar/2016:12:10:28 -0300] "POST /cormun/servlet/solicitudotadjuntos?gx-no-cache=1457017836249 HTTP/1.1" 200 26
186.103.159.44 - - [03/Mar/2016:12:10:35 -0300] "GET /cormun/servlet/solicitudotadjuntos?c4f1039a28ef4ff96a24962f861638db6ec3d3b0b73b9e8b1d0360ddaa0ed37f,gx-no-cache=1457017843931 HTTP/1.1" 200 30
186.103.159.44 - - [03/Mar/2016:12:10:35 -0300] "GET /cormun/servlet/solicitudotadjuntos?c4f1039a28ef4ff96a24962f861638db6ec3d3b0b73b9e8b1d0360ddaa0ed37f,gx-no-cache=1457017843965 HTTP/1.1" 200 30
186.103.159.44 - - [03/Mar/2016:12:10:36 -0300] "POST /cormun/servlet/solicitudotadjuntos?90407dd04215d27dd591a38f9863650e,INS,2016,492,,1, HTTP/1.1" 200 116
186.103.159.44 - - [03/Mar/2016:12:10:36 -0300] "GET /cormun/servlet/hpexe_return? HTTP/1.1" 200 1028
186.103.159.44 - - [03/Mar/2016:12:10:36 -0300] "GET /cormun/servlet/trsolicitudadjuntos?2016,492, HTTP/1.1" 200 7596
186.103.159.44 - - [03/Mar/2016:12:10:40 -0300] "GET /cormun/servlet/solicitudotadjuntos?INS,2016,492,,1, HTTP/1.1" 200 5441
186.103.159.44 - - [03/Mar/2016:12:10:40 -0300] "HEAD /cormun/static/about:blank HTTP/1.1" 404 -
186.103.159.44 - - [03/Mar/2016:12:10:41 -0300] "GET /cormun/servlet/solicitudotadjuntos?c4f1039a28ef4ff96a24962f861638db36d6ad9f853dab7127a95657a0990be1c26a155f97a671629f57f3d6ad120663,gx-no-cache=1457017849784 HTTP/1.1" 200 30
186.103.159.44 - - [03/Mar/2016:12:10:42 -0300] "POST /cormun/servlet/solicitudotadjuntos?90407dd04215d27dd591a38f9863650e,INS,2016,492,,1,,gx-no-cache=1457017849821 HTTP/1.1" 200 3356
186.103.159.44 - - [03/Mar/2016:12:10:45 -0300] "POST /cormun/servlet/solicitudotadjuntos?gx-no-cache=1457017853711 HTTP/1.1" 200 26
186.103.159.44 - - [03/Mar/2016:12:10:47 -0300] "GET /cormun/servlet/solicitudotadjuntos?c4f1039a28ef4ff96a24962f861638db6ec3d3b0b73b9e8b1d0360ddaa0ed37f,gx-no-cache=1457017855226 HTTP/1.1" 200 30
186.103.159.44 - - [03/Mar/2016:12:10:47 -0300] "GET /cormun/servlet/solicitudotadjuntos?c4f1039a28ef4ff96a24962f861638db6ec3d3b0b73b9e8b1d0360ddaa0ed37f,gx-no-cache=1457017855258 HTTP/1.1" 200 30
186.103.159.44 - - [03/Mar/2016:12:10:47 -0300] "POST /cormun/servlet/solicitudotadjuntos?90407dd04215d27dd591a38f9863650e,INS,2016,492,,1,,gx-no-cache=1457017855297 HTTP/1.1" 200 93
186.103.159.44 - - [03/Mar/2016:12:10:47 -0300] "GET /cormun/servlet/hpexe_return? HTTP/1.1" 200 1028
186.103.159.44 - - [03/Mar/2016:12:10:47 -0300] "GET /cormun/servlet/trsolicitudadjuntos?2016,492, HTTP/1.1" 200 7656
186.103.159.44 - - [03/Mar/2016:12:10:51 -0300] "GET /cormun/servlet/solicitudotadjuntos?INS,2016,492,,1, HTTP/1.1" 200 5441
186.103.159.44 - - [03/Mar/2016:12:10:52 -0300] "HEAD /cormun/static/about:blank HTTP/1.1" 404 -
186.103.159.44 - - [03/Mar/2016:12:10:53 -0300] "GET /cormun/servlet/solicitudotadjuntos?c4f1039a28ef4ff96a24962f861638db36d6ad9f853dab7127a95657a0990be1c26a155f97a671629f57f3d6ad120663,gx-no-cache=1457017861605 HTTP/1.1" 200 30
186.103.159.44 - - [03/Mar/2016:12:10:53 -0300] "POST /cormun/servlet/solicitudotadjuntos?90407dd04215d27dd591a38f9863650e,INS,2016,492,,1,,gx-no-cache=1457017861641 HTTP/1.1" 200 3356
186.103.159.44 - - [03/Mar/2016:12:10:58 -0300] "POST /cormun/servlet/solicitudotadjuntos?gx-no-cache=1457017866893 HTTP/1.1" 200 26
186.103.159.44 - - [03/Mar/2016:12:11:00 -0300] "GET /cormun/servlet/solicitudotadjuntos?c4f1039a28ef4ff96a24962f861638db6ec3d3b0b73b9e8b1d0360ddaa0ed37f,gx-no-cache=1457017868415 HTTP/1.1" 200 30
186.103.159.44 - - [03/Mar/2016:12:11:00 -0300] "GET /cormun/servlet/solicitudotadjuntos?c4f1039a28ef4ff96a24962f861638db6ec3d3b0b73b9e8b1d0360ddaa0ed37f,gx-no-cache=1457017868470 HTTP/1.1" 200 30
186.103.159.44 - - [03/Mar/2016:12:11:00 -0300] "POST /cormun/servlet/solicitudotadjuntos?90407dd04215d27dd591a38f9863650e,INS,2016,492,,1,,gx-no-cache=1457017868541 HTTP/1.1" 200 3166
186.103.159.44 - - [03/Mar/2016:12:11:00 -0300] "GET /cormun/static/Shared/jqueryui/images/ui-icons_ebccce_256x240.png HTTP/1.1" 404 1089
186.103.159.44 - - [03/Mar/2016:12:11:00 -0300] "GET /cormun/static/Shared/jqueryui/images/ui-bg_flat_55_994d53_40x100.png HTTP/1.1" 404 1097
186.103.159.44 - - [03/Mar/2016:12:11:00 -0300] "GET /cormun/static/Shared/jqueryui/images/ui-bg_highlight-soft_100_c6c2c8_1x100.png HTTP/1.1" 404 1117
186.103.159.44 - - [03/Mar/2016:12:11:00 -0300] "GET /cormun/static/Shared/jqueryui/images/ui-icons_82798d_256x240.png HTTP/1.1" 404 1089
186.103.159.44 - - [03/Mar/2016:12:11:05 -0300] "POST /cormun/servlet/solicitudotadjuntos?gx-no-cache=1457017873324 HTTP/1.1" 200 26
186.103.159.44 - - [03/Mar/2016:12:11:10 -0300] "GET /cormun/servlet/solicitudotadjuntos?c4f1039a28ef4ff96a24962f861638db6ec3d3b0b73b9e8b1d0360ddaa0ed37f,gx-no-cache=1457017879093 HTTP/1.1" 200 30
186.103.159.44 - - [03/Mar/2016:12:11:11 -0300] "GET /cormun/servlet/solicitudotadjuntos?c4f1039a28ef4ff96a24962f861638db6ec3d3b0b73b9e8b1d0360ddaa0ed37f,gx-no-cache=1457017879133 HTTP/1.1" 200 30
186.103.159.44 - - [03/Mar/2016:12:11:11 -0300] "POST /cormun/servlet/solicitudotadjuntos?90407dd04215d27dd591a38f9863650e,INS,2016,492,,1, HTTP/1.1" 200 116
186.103.159.44 - - [03/Mar/2016:12:11:11 -0300] "GET /cormun/servlet/hpexe_return? HTTP/1.1" 200 1028
186.103.159.44 - - [03/Mar/2016:12:11:11 -0300] "GET /cormun/servlet/trsolicitudadjuntos?2016,492, HTTP/1.1" 200 7843
186.78.57.210 - - [03/Mar/2016:12:11:14 -0300] "GET /cormun/servlet/trsolicitudot? HTTP/1.1" 200 7502
186.78.57.210 - - [03/Mar/2016:12:11:14 -0300] "GET /cormun/servlet/trsolicitudot? HTTP/1.1" 200 7491
186.78.57.210 - - [03/Mar/2016:12:11:18 -0300] "POST /cormun/servlet/trsolicitudot?47b2748899f65881853b1d07e208b3a8,,gx-no-cache=1457017937155 HTTP/1.1" 200 3633
186.78.57.210 - - [03/Mar/2016:12:11:19 -0300] "GET /cormun/static/Shared/jqueryui/images/ui-bg_highlight-soft_100_c6c2c8_1x100.png HTTP/1.1" 404 1117
186.78.57.210 - - [03/Mar/2016:12:11:19 -0300] "GET /cormun/static/Shared/jqueryui/images/ui-icons_82798d_256x240.png HTTP/1.1" 404 1089
186.78.57.210 - - [03/Mar/2016:12:11:19 -0300] "GET /cormun/static/Shared/jqueryui/images/ui-icons_8d78a5_256x240.png HTTP/1.1" 404 1089
186.78.57.210 - - [03/Mar/2016:12:11:19 -0300] "GET /cormun/static/Shared/jqueryui/images/ui-bg_flat_55_fafafa_40x100.png HTTP/1.1" 404 1097
186.78.57.210 - - [03/Mar/2016:12:11:19 -0300] "POST /cormun/servlet/trsolicitudot?47b2748899f65881853b1d07e208b3a8,,gx-no-cache=1457017938349 HTTP/1.1" 200 3479
186.103.159.44 - - [03/Mar/2016:12:11:25 -0300] "GET /cormun/servlet/solicitudotadjuntos?DLT,2016,492,CERTIF5,0, HTTP/1.1" 200 5340
186.103.159.44 - - [03/Mar/2016:12:11:25 -0300] "HEAD /cormun/static/about:blank HTTP/1.1" 404 -
186.103.159.44 - - [03/Mar/2016:12:11:26 -0300] "GET /cormun/static/Shared/jqueryui/images/ui-bg_flat_55_fafafa_40x100.png HTTP/1.1" 404 1097
186.103.159.44 - - [03/Mar/2016:12:11:26 -0300] "GET /cormun/static/Shared/jqueryui/images/ui-icons_8d78a5_256x240.png HTTP/1.1" 404 1089
186.103.159.44 - - [03/Mar/2016:12:11:26 -0300] "GET /cormun/static/Shared/jqueryui/images/ui-icons_82798d_256x240.png HTTP/1.1" 404 1089
186.103.159.44 - - [03/Mar/2016:12:11:26 -0300] "GET /cormun/static/Shared/jqueryui/images/ui-bg_highlight-soft_100_c6c2c8_1x100.png HTTP/1.1" 404 1117
186.103.159.44 - - [03/Mar/2016:12:11:29 -0300] "POST /cormun/servlet/solicitudotadjuntos?90407dd04215d27dd591a38f9863650e,DLT,2016,492,CERTIF5,0,,gx-no-cache=1457017897923 HTTP/1.1" 200 93
186.103.159.44 - - [03/Mar/2016:12:11:29 -0300] "GET /cormun/servlet/hpexe_return? HTTP/1.1" 200 1034
186.103.159.44 - - [03/Mar/2016:12:11:30 -0300] "GET /cormun/servlet/trsolicitudadjuntos?2016,492, HTTP/1.1" 200 7729
186.103.159.44 - - [03/Mar/2016:12:11:35 -0300] "GET /cormun/servlet/solicitudotadjuntos?INS,2016,492,,1, HTTP/1.1" 200 5441
186.78.57.210 - - [03/Mar/2016:12:11:35 -0300] "GET /cormun/servlet/trsolicitudot? HTTP/1.1" 200 6194
186.103.159.44 - - [03/Mar/2016:12:11:35 -0300] "HEAD /cormun/static/about:blank HTTP/1.1" 404 -
186.103.159.44 - - [03/Mar/2016:12:11:37 -0300] "GET /cormun/servlet/solicitudotadjuntos?c4f1039a28ef4ff96a24962f861638db36d6ad9f853dab7127a95657a0990be1c26a155f97a671629f57f3d6ad120663,gx-no-cache=1457017905313 HTTP/1.1" 200 30
186.103.159.44 - - [03/Mar/2016:12:11:37 -0300] "POST /cormun/servlet/solicitudotadjuntos?90407dd04215d27dd591a38f9863650e,INS,2016,492,,1,,gx-no-cache=1457017905398 HTTP/1.1" 200 3357
186.103.159.44 - - [03/Mar/2016:12:11:41 -0300] "POST /cormun/servlet/solicitudotadjuntos?gx-no-cache=1457017909228 HTTP/1.1" 200 26
186.78.57.210 - - [03/Mar/2016:12:11:42 -0300] "GET /cormun/servlet/trsolicitudot? HTTP/1.1" 200 6194
186.103.159.44 - - [03/Mar/2016:12:11:47 -0300] "GET /cormun/servlet/solicitudotadjuntos?c4f1039a28ef4ff96a24962f861638db6ec3d3b0b73b9e8b1d0360ddaa0ed37f,gx-no-cache=1457017915597 HTTP/1.1" 200 30
186.103.159.44 - - [03/Mar/2016:12:11:47 -0300] "GET /cormun/servlet/solicitudotadjuntos?c4f1039a28ef4ff96a24962f861638db6ec3d3b0b73b9e8b1d0360ddaa0ed37f,gx-no-cache=1457017915631 HTTP/1.1" 200 30
186.103.159.44 - - [03/Mar/2016:12:11:47 -0300] "POST /cormun/servlet/solicitudotadjuntos?90407dd04215d27dd591a38f9863650e,INS,2016,492,,1, HTTP/1.1" 200 116
186.103.159.44 - - [03/Mar/2016:12:11:47 -0300] "GET /cormun/servlet/hpexe_return? HTTP/1.1" 200 1028
186.103.159.44 - - [03/Mar/2016:12:11:48 -0300] "GET /cormun/servlet/trsolicitudadjuntos?2016,492, HTTP/1.1" 200 7859
186.78.57.210 - - [03/Mar/2016:12:11:50 -0300] "GET /cormun/servlet/trsolicitudot? HTTP/1.1" 200 6194
186.78.57.210 - - [03/Mar/2016:12:11:50 -0300] "GET /cormun/servlet/trsolicitudot? HTTP/1.1" 200 6194
186.78.57.210 - - [03/Mar/2016:12:11:53 -0300] "GET /cormun/servlet/solicitudot?INS,0,0, HTTP/1.1" 200 11424
186.103.159.44 - - [03/Mar/2016:12:11:53 -0300] "GET /cormun/servlet/solicitudotadjuntos?INS,2016,492,,1, HTTP/1.1" 200 5441
186.103.159.44 - - [03/Mar/2016:12:11:54 -0300] "HEAD /cormun/static/about:blank HTTP/1.1" 404 -
186.78.57.210 - - [03/Mar/2016:12:11:54 -0300] "GET /cormun/servlet/solicitudot?INS,0,0, HTTP/1.1" 200 11429
186.103.159.44 - - [03/Mar/2016:12:11:55 -0300] "GET /cormun/servlet/solicitudotadjuntos?c4f1039a28ef4ff96a24962f861638db36d6ad9f853dab7127a95657a0990be1c26a155f97a671629f57f3d6ad120663,gx-no-cache=1457017923542 HTTP/1.1" 200 30
186.103.159.44 - - [03/Mar/2016:12:11:55 -0300] "POST /cormun/servlet/solicitudotadjuntos?90407dd04215d27dd591a38f9863650e,INS,2016,492,,1,,gx-no-cache=1457017923580 HTTP/1.1" 200 3357
186.78.57.210 - - [03/Mar/2016:12:11:56 -0300] "GET /cormun/servlet/prfichaempleado?,MD,,gxPopupLevel%3D0%3B HTTP/1.1" 200 7902
186.78.57.210 - - [03/Mar/2016:12:11:57 -0300] "GET /cormun/static/scaMessage/css/jquery-ui.css?104140 HTTP/1.1" 404 1045
186.78.57.210 - - [03/Mar/2016:12:12:00 -0300] "GET /cormun/servlet/prfichaempleado?5a49bdae2c68333ab4144f9181a5167aad12d461167c5b6618d998baa1e30520cc06f4f2360a0902f82b0287cb5d7dea9d62b9eaaba74a3b5f843e4e9fd06d4e,gx-no-cache=1457017980294 HTTP/1.1" 200 461
186.103.159.44 - - [03/Mar/2016:12:12:00 -0300] "POST /cormun/servlet/solicitudotadjuntos?gx-no-cache=1457017928975 HTTP/1.1" 200 26
186.78.57.210 - - [03/Mar/2016:12:12:01 -0300] "GET /cormun/servlet/prfichaempleado?5a49bdae2c68333ab4144f9181a5167ab25952102cb74942ba819b745fa79fa66867068ab4a299d3116a9605f244a80f850f2b4871cc5e17117a1c732ad2c30f,gx-no-cache=1457017981480 HTTP/1.1" 200 467
186.78.57.210 - - [03/Mar/2016:12:12:02 -0300] "GET /cormun/servlet/prfichaempleado?5a49bdae2c68333ab4144f9181a5167aab9ca6909400a9216eb287b99144a148f391e492211b210274634aaeccfb9f2869f6dde3d4461cd37ac71a73a18e0eabdd9e96aa7d8ea484af62e47c500cb145,gx-no-cache=1457017982368 HTTP/1.1" 200 468
186.78.57.210 - - [03/Mar/2016:12:12:06 -0300] "GET /cormun/servlet/prfichaempleado?5a49bdae2c68333ab4144f9181a5167aab9ca6909400a9216eb287b99144a1480ae00c93833331b9621342f60c65367c3797ee3aa947a73c79cd02a437a57faff9f7374e4bc2e4db2334c9f66e8d17ad,gx-no-cache=1457017986565 HTTP/1.1" 200 434
186.103.159.44 - - [03/Mar/2016:12:12:07 -0300] "GET /cormun/servlet/solicitudotadjuntos?c4f1039a28ef4ff96a24962f861638db6ec3d3b0b73b9e8b1d0360ddaa0ed37f,gx-no-cache=1457017935721 HTTP/1.1" 200 30
186.103.159.44 - - [03/Mar/2016:12:12:07 -0300] "GET /cormun/servlet/solicitudotadjuntos?c4f1039a28ef4ff96a24962f861638db6ec3d3b0b73b9e8b1d0360ddaa0ed37f,gx-no-cache=1457017935756 HTTP/1.1" 200 30
191.112.17.11 - - [03/Mar/2016:12:12:07 -0300] "GET /cormun/servlet/hlogin HTTP/1.1" 200 1725
191.112.17.11 - - [03/Mar/2016:12:12:08 -0300] "GET /cormun/static/gxcfg.js?20151120045111 HTTP/1.1" 200 953
191.112.17.11 - - [03/Mar/2016:12:12:08 -0300] "GET /cormun/static/hlogin.js?20151120045126 HTTP/1.1" 200 2136
191.112.17.11 - - [03/Mar/2016:12:12:08 -0300] "GET /cormun/static/gxtimezone.js?85251 HTTP/1.1" 200 5781
