186.78.57.210 - - [03/Mar/2016:12:54:08 -0300] "GET /cormun/servlet/solicitudot?6e39a9a0d1bc265ceaef7678f52d3ee73b42368082a26ed9f40176c1090a5dddefcc89cf04a7367b20aa0b15d0cf6d5cdd9bb71e5e34df6f44f03dc274bd650ccce8037730835b4e1fdd495fedd66039a22a0e058346304f2d6963602213d89e0cd63fdd396f3960549a642d5f3fcff4c788d90daf63e2a97475704b8c446bca96c2ca1fe29d013f13e3bc74be01c2b9,gx-no-cache=1457020507778 HTTP/1.1" 200 38
192.168.10.98 - - [03/Mar/2016:12:54:41 -0300] "GET /cormun/servlet/hlogin HTTP/1.1" 200 1715
186.78.57.210 - - [03/Mar/2016:12:54:47 -0300] "GET /cormun/servlet/solicitudot?6e39a9a0d1bc265ceaef7678f52d3ee760e6ddc2d33d5a9f4849f6e5f2ec557a57926716032d05535c6c9a99fdb061594c8c087191093b0d881d0803b6641c86d5c5bde1f4277370a316ff7200920f6610c757158a4c393393c46c90dddd94e1e1a74df0baa8d2f3ee0c9d552a8c7df8,gx-no-cache=1457020547446 HTTP/1.1" 200 29
186.78.57.210 - - [03/Mar/2016:12:54:49 -0300] "POST /cormun/servlet/solicitudot?gx-no-cache=1457020549064 HTTP/1.1" 200 1116
192.168.10.89 - - [03/Mar/2016:12:55:28 -0300] "POST /cormun/servlet/hlogin?7b9a0b984182fb58c201f8394d2285aa,gx-no-cache=1457020281400 HTTP/1.1" 440 972
192.168.10.89 - - [03/Mar/2016:12:55:31 -0300] "GET /cormun/servlet/hlogin HTTP/1.1" 200 1726
192.168.10.89 - - [03/Mar/2016:12:55:43 -0300] "POST /cormun/servlet/hlogin?8d44697cdf7251ddbe88297224e94190,gx-no-cache=1457020296179 HTTP/1.1" 200 90
192.168.10.89 - - [03/Mar/2016:12:55:43 -0300] "GET /cormun/servlet/hpexe_link HTTP/1.1" 200 949
192.168.10.89 - - [03/Mar/2016:12:55:45 -0300] "GET /cormun/servlet/hhome HTTP/1.1" 200 3853
192.168.10.89 - - [03/Mar/2016:12:55:49 -0300] "GET /cormun/servlet/trformatos? HTTP/1.1" 200 6190
192.168.10.89 - - [03/Mar/2016:12:55:49 -0300] "GET /cormun/static/gxcfg.js?2015112210583832 HTTP/1.1" 200 953
192.168.10.89 - - [03/Mar/2016:12:55:49 -0300] "GET /cormun/static/trformatos.js?2015112210584021 HTTP/1.1" 200 12559
192.168.10.89 - - [03/Mar/2016:12:55:52 -0300] "GET /cormun/servlet/hhome HTTP/1.1" 200 3853
192.168.10.89 - - [03/Mar/2016:12:55:55 -0300] "GET /cormun/servlet/trsolicitudgral? HTTP/1.1" 200 10104
192.168.10.89 - - [03/Mar/2016:12:55:55 -0300] "GET /cormun/static/gxcfg.js?2016311844946 HTTP/1.1" 200 953
192.168.10.89 - - [03/Mar/2016:12:55:55 -0300] "GET /cormun/static/trsolicitudgral.js?20163118441420 HTTP/1.1" 200 41365
192.168.10.89 - - [03/Mar/2016:12:56:08 -0300] "POST /cormun/servlet/trsolicitudgral?8d44697cdf7251ddbe88297224e94190,,gx-no-cache=1457020320400 HTTP/1.1" 200 7329
192.168.10.89 - - [03/Mar/2016:12:56:08 -0300] "POST /cormun/servlet/trsolicitudgral?8d44697cdf7251ddbe88297224e94190,,gx-no-cache=1457020320837 HTTP/1.1" 200 7329
192.168.10.89 - - [03/Mar/2016:12:56:09 -0300] "POST /cormun/servlet/trsolicitudgral?8d44697cdf7251ddbe88297224e94190,,gx-no-cache=1457020321351 HTTP/1.1" 200 7329
192.168.10.89 - - [03/Mar/2016:12:56:09 -0300] "POST /cormun/servlet/trsolicitudgral?8d44697cdf7251ddbe88297224e94190,,gx-no-cache=1457020321908 HTTP/1.1" 200 7329
192.168.10.89 - - [03/Mar/2016:12:56:14 -0300] "GET /cormun/servlet/trsolicitudgral?d42152fa9d9b2ce24574fa1f898e7f7d4088f6c59b597ecc3c904510404b034d1b9b85360c68d57b98c1f9e3cb6fd20f028cb009c6ad04c95872c2f1ec59da21ad8ec6cc1e561e7211a827a15c283a2fbdb871007138a2322f1cf2abeb339040,gx-no-cache=1457020326923 HTTP/1.1" 200 4020
192.168.10.89 - - [03/Mar/2016:12:56:14 -0300] "POST /cormun/servlet/trsolicitudgral?8d44697cdf7251ddbe88297224e94190,,gx-no-cache=1457020326139 HTTP/1.1" 200 9183
192.168.10.89 - - [03/Mar/2016:12:56:18 -0300] "POST /cormun/servlet/trsolicitudgral?8d44697cdf7251ddbe88297224e94190,,gx-no-cache=1457020330723 HTTP/1.1" 200 9183
192.168.10.89 - - [03/Mar/2016:12:56:19 -0300] "POST /cormun/servlet/trsolicitudgral?8d44697cdf7251ddbe88297224e94190,,gx-no-cache=1457020332038 HTTP/1.1" 200 9182
192.168.10.89 - - [03/Mar/2016:12:56:21 -0300] "POST /cormun/servlet/trsolicitudgral?8d44697cdf7251ddbe88297224e94190,,gx-no-cache=1457020333435 HTTP/1.1" 200 9183
192.168.10.89 - - [03/Mar/2016:12:56:25 -0300] "POST /cormun/servlet/trsolicitudgral?8d44697cdf7251ddbe88297224e94190,,gx-no-cache=1457020334967 HTTP/1.1" 200 9183
191.112.17.11 - - [03/Mar/2016:12:56:28 -0300] "POST /cormun/servlet/solicitudotadjuntos?gx-no-cache=1457020612597 HTTP/1.1" 200 26
192.168.10.89 - - [03/Mar/2016:12:56:29 -0300] "GET /cormun/static/menuarrow.gif HTTP/1.1" 404 1015
186.103.159.204 - - [03/Mar/2016:12:56:29 -0300] "GET /cormun/servlet/solicitudot?INS,0,0, HTTP/1.1" 200 11459
186.103.159.204 - - [03/Mar/2016:12:56:30 -0300] "GET /cormun/servlet/solicitudot?INS,0,0, HTTP/1.1" 200 11442
192.168.10.89 - - [03/Mar/2016:12:56:35 -0300] "POST /cormun/servlet/trsolicitudgral?8d44697cdf7251ddbe88297224e94190,,gx-no-cache=1457020348014 HTTP/1.1" 200 16891
191.112.17.11 - - [03/Mar/2016:12:56:36 -0300] "GET /cormun/servlet/solicitudotadjuntos?4eda181fdd50b2d62d229ba088ba1c9df6f9f8a68158dac5a71cdec539444443,gx-no-cache=1457020620833 HTTP/1.1" 200 30
191.112.17.11 - - [03/Mar/2016:12:56:36 -0300] "GET /cormun/servlet/solicitudotadjuntos?4eda181fdd50b2d62d229ba088ba1c9df6f9f8a68158dac5a71cdec539444443,gx-no-cache=1457020620902 HTTP/1.1" 200 30
191.112.17.11 - - [03/Mar/2016:12:56:37 -0300] "POST /cormun/servlet/solicitudotadjuntos?5619316feb5e38edb3968644c42d6612,INS,2016,504,,1, HTTP/1.1" 200 116
191.112.17.11 - - [03/Mar/2016:12:56:38 -0300] "GET /cormun/servlet/hpexe_return? HTTP/1.1" 200 1029
191.112.17.11 - - [03/Mar/2016:12:56:38 -0300] "GET /cormun/servlet/trsolicitudadjuntos?2016,504, HTTP/1.1" 200 7228
191.112.17.11 - - [03/Mar/2016:12:56:38 -0300] "GET /cormun/servlet/trsolicitudadjuntos?2016,504, HTTP/1.1" 200 7224
192.168.10.89 - - [03/Mar/2016:12:56:39 -0300] "POST /cormun/servlet/trsolicitudgral?8d44697cdf7251ddbe88297224e94190,,gx-no-cache=1457020351956 HTTP/1.1" 200 16892
186.78.57.210 - - [03/Mar/2016:12:56:40 -0300] "GET /cormun/servlet/solicitudot?6e39a9a0d1bc265ceaef7678f52d3ee7b9ed3e7162951cf8a28f0248fed05a430013544c982e340a085ff5fd41c8266db12cefeb85c121336ca26571b1a11a8f197898cd665fb4dd4f0ec214789a202e413ab53818e1945ccb9fdfecf59007d3a6b030301367140c9ef7cf5dec91b7752802bcc69b37011aed529050ffe7687e556976f1633dfeb6dd8dbd24b114b7fc8c94c031966bb4feb62720c34cd051a8587be19ec5aba2b1734a330d04442ecc,gx-no-cache=1457020660350 HTTP/1.1" 200 30
192.168.10.89 - - [03/Mar/2016:12:56:44 -0300] "POST /cormun/servlet/trsolicitudgral?8d44697cdf7251ddbe88297224e94190,,gx-no-cache=1457020356413 HTTP/1.1" 200 16892
192.168.10.89 - - [03/Mar/2016:12:56:49 -0300] "POST /cormun/servlet/trsolicitudgral?8d44697cdf7251ddbe88297224e94190,,gx-no-cache=1457020361312 HTTP/1.1" 200 16894
186.78.57.210 - - [03/Mar/2016:12:56:53 -0300] "POST /cormun/servlet/solicitudot?47b2748899f65881853b1d07e208b3a8,INS,0,0,,gx-no-cache=1457020672311 HTTP/1.1" 200 9228
192.168.10.89 - - [03/Mar/2016:12:56:54 -0300] "POST /cormun/servlet/trsolicitudgral?8d44697cdf7251ddbe88297224e94190,,gx-no-cache=1457020366463 HTTP/1.1" 200 16892
191.112.17.11 - - [03/Mar/2016:12:56:54 -0300] "GET /cormun/servlet/solicitudotadjuntos?INS,2016,504,,1, HTTP/1.1" 200 5421
191.112.17.11 - - [03/Mar/2016:12:56:55 -0300] "GET /cormun/static/about:blank HTTP/1.1" 404 1011
191.112.17.11 - - [03/Mar/2016:12:56:55 -0300] "GET /cormun/servlet/solicitudotadjuntos?INS,2016,504,,1, HTTP/1.1" 200 5415
191.112.17.11 - - [03/Mar/2016:12:56:55 -0300] "GET /cormun/servlet/solicitudotadjuntos?4eda181fdd50b2d62d229ba088ba1c9d2eb66f9a7751bf82c26a967f19e5839fce477556fc184cbc898e401c215cfe22,gx-no-cache=1457020639807 HTTP/1.1" 200 30
191.112.17.11 - - [03/Mar/2016:12:56:55 -0300] "POST /cormun/servlet/solicitudotadjuntos?5619316feb5e38edb3968644c42d6612,INS,2016,504,,1,,gx-no-cache=1457020639880 HTTP/1.1" 200 3357
192.168.10.89 - - [03/Mar/2016:12:56:59 -0300] "POST /cormun/servlet/trsolicitudgral?8d44697cdf7251ddbe88297224e94190,,gx-no-cache=1457020371948 HTTP/1.1" 200 16892
191.112.17.11 - - [03/Mar/2016:12:57:00 -0300] "POST /cormun/servlet/solicitudotadjuntos?gx-no-cache=1457020644646 HTTP/1.1" 200 26
191.112.17.11 - - [03/Mar/2016:12:57:02 -0300] "POST /cormun/servlet/solicitudotadjuntos?gx-no-cache=1457020646707 HTTP/1.1" 200 26
192.168.10.89 - - [03/Mar/2016:12:57:05 -0300] "POST /cormun/servlet/trsolicitudgral?8d44697cdf7251ddbe88297224e94190,,gx-no-cache=1457020377461 HTTP/1.1" 200 16892
186.103.159.204 - - [03/Mar/2016:12:57:13 -0300] "POST /cormun/servlet/solicitudot?gx-no-cache=1457020656139 HTTP/1.1" 200 2759
186.103.159.204 - - [03/Mar/2016:12:57:13 -0300] "POST /cormun/servlet/solicitudot?c5a57deb935a1786ac7ad16113976082,INS,0,0,,gx-no-cache=1457020656304 HTTP/1.1" 200 8408
191.112.17.11 - - [03/Mar/2016:12:57:19 -0300] "GET /cormun/servlet/solicitudotadjuntos?4eda181fdd50b2d62d229ba088ba1c9df6f9f8a68158dac5a71cdec539444443,gx-no-cache=1457020664120 HTTP/1.1" 200 30
191.112.17.11 - - [03/Mar/2016:12:57:19 -0300] "GET /cormun/servlet/solicitudotadjuntos?4eda181fdd50b2d62d229ba088ba1c9df6f9f8a68158dac5a71cdec539444443,gx-no-cache=1457020664194 HTTP/1.1" 200 30
192.168.10.89 - - [03/Mar/2016:12:57:20 -0300] "GET /cormun/servlet/trsolicitudgral? HTTP/1.1" 200 18675
191.112.17.11 - - [03/Mar/2016:12:57:21 -0300] "POST /cormun/servlet/solicitudotadjuntos?5619316feb5e38edb3968644c42d6612,INS,2016,504,,1, HTTP/1.1" 200 116
191.112.17.11 - - [03/Mar/2016:12:57:21 -0300] "GET /cormun/servlet/hpexe_return? HTTP/1.1" 200 1029
191.112.17.11 - - [03/Mar/2016:12:57:21 -0300] "GET /cormun/servlet/trsolicitudadjuntos?2016,504, HTTP/1.1" 200 7367
191.112.17.11 - - [03/Mar/2016:12:57:21 -0300] "GET /cormun/servlet/trsolicitudadjuntos?2016,504, HTTP/1.1" 200 7363
186.103.159.204 - - [03/Mar/2016:12:57:22 -0300] "GET /cormun/servlet/solicitudot?44f070aba3c2312cb35f9611f14490aaabae53d6ab6d1f3fd41ee34d32161f09c6bb3ad9df827bdacb4b4d9102a16879,gx-no-cache=1457020665187 HTTP/1.1" 200 30
186.103.159.204 - - [03/Mar/2016:12:57:22 -0300] "POST /cormun/servlet/solicitudot?gx-no-cache=1457020665247 HTTP/1.1" 200 120
186.103.159.204 - - [03/Mar/2016:12:57:22 -0300] "GET /cormun/static/Shared/jqueryui/images/ui-bg_highlight-soft_100_c6c2c8_1x100.png HTTP/1.1" 404 1117
186.103.159.204 - - [03/Mar/2016:12:57:22 -0300] "GET /cormun/static/Shared/jqueryui/images/ui-icons_82798d_256x240.png HTTP/1.1" 404 1089
186.103.159.204 - - [03/Mar/2016:12:57:22 -0300] "GET /cormun/static/Shared/jqueryui/images/ui-bg_flat_55_994d53_40x100.png HTTP/1.1" 404 1097
186.103.159.204 - - [03/Mar/2016:12:57:22 -0300] "GET /cormun/static/Shared/jqueryui/images/ui-icons_ebccce_256x240.png HTTP/1.1" 404 1089
191.112.17.11 - - [03/Mar/2016:12:57:30 -0300] "GET /cormun/servlet/solicitudotadjuntos?DLT,2016,504,CARNET,0, HTTP/1.1" 200 5421
191.112.17.11 - - [03/Mar/2016:12:57:30 -0300] "GET /cormun/PublicTempStorage/certificado_antecedente_20165801685.pdf HTTP/1.1" 200 34490
191.112.17.11 - - [03/Mar/2016:12:57:30 -0300] "GET /cormun/servlet/solicitudotadjuntos?DLT,2016,504,CARNET,0, HTTP/1.1" 200 5416
186.103.159.204 - - [03/Mar/2016:12:57:34 -0300] "POST /cormun/servlet/solicitudot?gx-no-cache=1457020677595 HTTP/1.1" 200 30
191.112.17.11 - - [03/Mar/2016:12:57:37 -0300] "POST /cormun/servlet/solicitudotadjuntos?5619316feb5e38edb3968644c42d6612,DLT,2016,504,CARNET,0,,gx-no-cache=1457020681403 HTTP/1.1" 200 93
191.112.17.11 - - [03/Mar/2016:12:57:37 -0300] "GET /cormun/servlet/hpexe_return? HTTP/1.1" 200 1035
191.112.17.11 - - [03/Mar/2016:12:57:37 -0300] "GET /cormun/servlet/trsolicitudadjuntos?2016,504, HTTP/1.1" 200 7366
191.112.17.11 - - [03/Mar/2016:12:57:37 -0300] "GET /cormun/servlet/trsolicitudadjuntos?2016,504, HTTP/1.1" 200 7364
191.112.17.11 - - [03/Mar/2016:12:57:42 -0300] "GET /cormun/servlet/solicitudotadjuntos?DLT,2016,504,CARNET,0, HTTP/1.1" 200 5422
191.112.17.11 - - [03/Mar/2016:12:57:42 -0300] "GET /cormun/PublicTempStorage/certificado_antecedente_20168639830.pdf HTTP/1.1" 200 34490
191.112.17.11 - - [03/Mar/2016:12:57:42 -0300] "GET /cormun/servlet/solicitudotadjuntos?DLT,2016,504,CARNET,0, HTTP/1.1" 200 5416
191.112.17.11 - - [03/Mar/2016:12:57:44 -0300] "POST /cormun/servlet/solicitudotadjuntos?5619316feb5e38edb3968644c42d6612,DLT,2016,504,CARNET,0,,gx-no-cache=1457020688663 HTTP/1.1" 200 93
191.112.17.11 - - [03/Mar/2016:12:57:44 -0300] "GET /cormun/servlet/hpexe_return? HTTP/1.1" 200 1035
191.112.17.11 - - [03/Mar/2016:12:57:44 -0300] "GET /cormun/servlet/trsolicitudadjuntos?2016,504, HTTP/1.1" 200 7229
191.112.17.11 - - [03/Mar/2016:12:57:45 -0300] "GET /cormun/servlet/trsolicitudadjuntos?2016,504, HTTP/1.1" 200 7225
186.103.159.204 - - [03/Mar/2016:12:57:55 -0300] "POST /cormun/servlet/solicitudot?gx-no-cache=1457020698177 HTTP/1.1" 200 452
186.103.159.204 - - [03/Mar/2016:12:57:55 -0300] "GET /cormun/servlet/solicitudot?44f070aba3c2312cb35f9611f14490aa40bbbe83126b6ab96c47416f84870f9b6aab69a742c1048d5f069a8a36ddd28ac07e14287bbc9cd25bb981696efb318bae3cd79b7250062e1947f309fdf3e9a25dd54a72514f7200fd7552150932f91de6c6733bacdde745c7ff76a76d9e67b33ffa81f55403d0d6bb456e525261c5a2fb348b0e275d1ce39502b756fef78e25,gx-no-cache=1457020698280 HTTP/1.1" 200 38
186.103.159.204 - - [03/Mar/2016:12:57:55 -0300] "GET /cormun/servlet/solicitudot?44f070aba3c2312cb35f9611f14490aa65e9822035e7701110350be586a54156a49debbf8260a9c849f9fecbac4feffc43845142defc78ba4d17e44623e2ee259bfd81c9202c6ecbec192d7485d9d4147b7507ae9785adc1a2c55a0fa44b7ee971a31ba75b339cfb627c792c21a20676,gx-no-cache=1457020698345 HTTP/1.1" 200 29
186.103.159.204 - - [03/Mar/2016:12:57:55 -0300] "POST /cormun/servlet/solicitudot?gx-no-cache=1457020698397 HTTP/1.1" 200 404
186.103.159.204 - - [03/Mar/2016:12:57:55 -0300] "GET /cormun/static/menuarrow.gif HTTP/1.1" 404 1015
186.103.159.204 - - [03/Mar/2016:12:57:56 -0300] "POST /cormun/servlet/solicitudot?gx-no-cache=1457020699726 HTTP/1.1" 200 30
186.103.159.204 - - [03/Mar/2016:12:57:57 -0300] "POST /cormun/servlet/solicitudot?gx-no-cache=1457020699792 HTTP/1.1" 200 452
186.103.159.204 - - [03/Mar/2016:12:57:57 -0300] "GET /cormun/servlet/solicitudot?44f070aba3c2312cb35f9611f14490aa40bbbe83126b6ab96c47416f84870f9b6aab69a742c1048d5f069a8a36ddd28ac07e14287bbc9cd25bb981696efb318bae3cd79b7250062e1947f309fdf3e9a25dd54a72514f7200fd7552150932f91de6c6733bacdde745c7ff76a76d9e67b33ffa81f55403d0d6bb456e525261c5a2fb348b0e275d1ce39502b756fef78e25,gx-no-cache=1457020699870 HTTP/1.1" 200 38
186.103.159.204 - - [03/Mar/2016:12:57:57 -0300] "POST /cormun/servlet/solicitudot?gx-no-cache=1457020699927 HTTP/1.1" 200 404
191.112.17.11 - - [03/Mar/2016:12:58:00 -0300] "POST /cormun/servlet/trsolicitudadjuntos?5619316feb5e38edb3968644c42d6612,2016,504,,gx-no-cache=1457020704903 HTTP/1.1" 200 90
191.112.17.11 - - [03/Mar/2016:12:58:00 -0300] "GET /cormun/servlet/hpexe_link HTTP/1.1" 200 993
191.112.17.11 - - [03/Mar/2016:12:58:01 -0300] "GET /cormun/servlet/trsolicitudot?gx-no-cache=1457020122313 HTTP/1.1" 200 7785
191.112.17.11 - - [03/Mar/2016:12:58:01 -0300] "GET /cormun/servlet/trsolicitudot?gx-no-cache=1457020122313 HTTP/1.1" 200 7804
191.112.17.11 - - [03/Mar/2016:12:58:06 -0300] "POST /cormun/servlet/trsolicitudot?5619316feb5e38edb3968644c42d6612,gx-no-cache=1457020122313,gx-no-cache=1457020709972 HTTP/1.1" 200 5263
191.112.17.11 - - [03/Mar/2016:12:58:06 -0300] "POST /cormun/servlet/trsolicitudot?5619316feb5e38edb3968644c42d6612,gx-no-cache=1457020122313,gx-no-cache=1457020710354 HTTP/1.1" 200 5263
191.112.17.11 - - [03/Mar/2016:12:58:06 -0300] "POST /cormun/servlet/trsolicitudot?5619316feb5e38edb3968644c42d6612,gx-no-cache=1457020122313,gx-no-cache=1457020710767 HTTP/1.1" 200 5263
191.112.17.11 - - [03/Mar/2016:12:58:07 -0300] "POST /cormun/servlet/trsolicitudot?5619316feb5e38edb3968644c42d6612,gx-no-cache=1457020122313,gx-no-cache=1457020711162 HTTP/1.1" 200 5263
191.112.17.11 - - [03/Mar/2016:12:58:07 -0300] "POST /cormun/servlet/trsolicitudot?5619316feb5e38edb3968644c42d6612,gx-no-cache=1457020122313,gx-no-cache=1457020711585 HTTP/1.1" 200 5263
191.112.17.11 - - [03/Mar/2016:12:58:08 -0300] "POST /cormun/servlet/trsolicitudot?5619316feb5e38edb3968644c42d6612,gx-no-cache=1457020122313,gx-no-cache=1457020712006 HTTP/1.1" 200 5263
191.112.17.11 - - [03/Mar/2016:12:58:08 -0300] "POST /cormun/servlet/trsolicitudot?5619316feb5e38edb3968644c42d6612,gx-no-cache=1457020122313,gx-no-cache=1457020712417 HTTP/1.1" 200 5263
191.112.17.11 - - [03/Mar/2016:12:58:08 -0300] "POST /cormun/servlet/trsolicitudot?5619316feb5e38edb3968644c42d6612,gx-no-cache=1457020122313,gx-no-cache=1457020712823 HTTP/1.1" 200 104
191.112.17.11 - - [03/Mar/2016:12:58:09 -0300] "GET /cormun/servlet/solicitudot?UPD,2016,502, HTTP/1.1" 200 12661
191.112.17.11 - - [03/Mar/2016:12:58:09 -0300] "GET /cormun/servlet/solicitudot?UPD,2016,502, HTTP/1.1" 200 12648
191.112.17.11 - - [03/Mar/2016:12:58:10 -0300] "POST /cormun/servlet/solicitudot?gx-no-cache=1457020714203 HTTP/1.1" 200 2770
191.112.17.11 - - [03/Mar/2016:12:58:10 -0300] "POST /cormun/servlet/solicitudot?5619316feb5e38edb3968644c42d6612,UPD,2016,502,,gx-no-cache=1457020714551 HTTP/1.1" 200 9088
191.112.17.11 - - [03/Mar/2016:12:58:10 -0300] "GET /cormun/servlet/solicitudot?4eda181fdd50b2d62d229ba088ba1c9dbf5fb1c037688da3c10ae5260e43d7383537eba584022b2a2f15dadf71360f32,gx-no-cache=1457020714937 HTTP/1.1" 200 30
191.112.17.11 - - [03/Mar/2016:12:58:10 -0300] "POST /cormun/servlet/solicitudot?gx-no-cache=1457020715017 HTTP/1.1" 200 30
191.112.17.11 - - [03/Mar/2016:12:58:10 -0300] "POST /cormun/servlet/solicitudot?gx-no-cache=1457020715160 HTTP/1.1" 200 30
191.112.17.11 - - [03/Mar/2016:12:58:11 -0300] "POST /cormun/servlet/solicitudot?gx-no-cache=1457020715265 HTTP/1.1" 200 1159
191.112.17.11 - - [03/Mar/2016:12:58:11 -0300] "GET /cormun/servlet/solicitudot?4eda181fdd50b2d62d229ba088ba1c9d2c564a9d5d25d7b8137388f0be8bb90eb783d726883da2c7c91087e0632ba1499fd06a4b4016578e927fc11a5fc252353e40a15a85a208bd248865921318786ebb604b685802edf5ec49e64d78f0e669941f0e1df093e648deeb578d37a32767110b1c2c833d726a15b02e0342157ed0a868ac69fcb440180d16cd458537c1e5ce477556fc184cbc898e401c215cfe22,gx-no-cache=1457020715450 HTTP/1.1" 200 41
192.168.10.89 - - [03/Mar/2016:12:58:21 -0300] "POST /cormun/servlet/trsolicitudgral?8d44697cdf7251ddbe88297224e94190,,gx-no-cache=1457020453670 HTTP/1.1" 200 16892
192.168.10.89 - - [03/Mar/2016:12:58:23 -0300] "POST /cormun/servlet/trsolicitudgral?8d44697cdf7251ddbe88297224e94190,,gx-no-cache=1457020455126 HTTP/1.1" 200 16892
192.168.10.89 - - [03/Mar/2016:12:58:24 -0300] "POST /cormun/servlet/trsolicitudgral?8d44697cdf7251ddbe88297224e94190,,gx-no-cache=1457020456838 HTTP/1.1" 200 16892
192.168.10.89 - - [03/Mar/2016:12:58:26 -0300] "POST /cormun/servlet/trsolicitudgral?8d44697cdf7251ddbe88297224e94190,,gx-no-cache=1457020458816 HTTP/1.1" 200 16892
191.112.17.11 - - [03/Mar/2016:12:58:32 -0300] "POST /cormun/servlet/solicitudot?gx-no-cache=1457020736489 HTTP/1.1" 200 30
191.112.17.11 - - [03/Mar/2016:12:58:34 -0300] "POST /cormun/servlet/solicitudot?gx-no-cache=1457020737589 HTTP/1.1" 200 1159
191.112.17.11 - - [03/Mar/2016:12:58:36 -0300] "GET /cormun/servlet/solicitudot?4eda181fdd50b2d62d229ba088ba1c9d2c564a9d5d25d7b8137388f0be8bb90eb783d726883da2c7c91087e0632ba1499fd06a4b4016578e927fc11a5fc252353e40a15a85a208bd248865921318786ebb604b685802edf5ec49e64d78f0e669941f0e1df093e648deeb578d37a32767110b1c2c833d726a15b02e0342157ed0a868ac69fcb440180d16cd458537c1e5ce477556fc184cbc898e401c215cfe22,gx-no-cache=1457020738732 HTTP/1.1" 200 41
191.112.17.11 - - [03/Mar/2016:12:58:36 -0300] "GET /cormun/servlet/solicitudot?4eda181fdd50b2d62d229ba088ba1c9d79e207d219082f65d78b49df6865b5b7e08d124981724b827302aab909a36f55e69da32036ebbd1d7c6570309497144b208e0db2e53377d55625676d6e09c69eff2755f960bb091c5084b0a98b376567dfba8ade3a49e15cfb8c2631cec2aa103dd5775cb0b5a04d70061eac1377de79b74a2843a00c2af36b2955ded434e4217f9fac04a4e7fc19b9ebf9dafa1ee4dc,gx-no-cache=1457020740917 HTTP/1.1" 200 29
191.112.17.11 - - [03/Mar/2016:12:58:36 -0300] "POST /cormun/servlet/solicitudot?gx-no-cache=1457020740988 HTTP/1.1" 200 1116
191.112.17.11 - - [03/Mar/2016:12:58:37 -0300] "GET /cormun/servlet/solicitudot?4eda181fdd50b2d62d229ba088ba1c9daca87ebf9936d93fcf87a1e6bff3fbede7748abd3cba41074ba37d6e23c051e2299a16fe40e60d3960a81d4af8f18d043855aa1c7024c4547eb0f992050e93841371947ae7b0acfdb3b68523b839b1e3f2944366f5fd387e939ade3fdc8f1d966f7cbd23e72b2cd895a9d0946de58bd72269d21d48cec506dc324d03991e2be10ee2125499f61b20b8282a09e3759722431b65a66b79cb3446796403f7b37854,gx-no-cache=1457020741192 HTTP/1.1" 200 30
191.112.17.11 - - [03/Mar/2016:12:58:37 -0300] "POST /cormun/servlet/solicitudot?5619316feb5e38edb3968644c42d6612,UPD,2016,502,,gx-no-cache=1457020741271 HTTP/1.1" 200 93
191.112.17.11 - - [03/Mar/2016:12:58:37 -0300] "GET /cormun/servlet/hpexe_return? HTTP/1.1" 200 1038
192.168.10.89 - - [03/Mar/2016:12:58:37 -0300] "POST /cormun/servlet/trsolicitudgral?8d44697cdf7251ddbe88297224e94190,,gx-no-cache=1457020469671 HTTP/1.1" 200 16719
191.112.17.11 - - [03/Mar/2016:12:58:37 -0300] "GET /cormun/servlet/trsolicitudot?gx-no-cache=1457020122313 HTTP/1.1" 200 7781
192.168.10.89 - - [03/Mar/2016:12:58:38 -0300] "GET /cormun/servlet/trsolicitudgral?d42152fa9d9b2ce24574fa1f898e7f7d9958cb203d9a0d876f0c9436714de1a72a66bd4b17bf4d1161b01e40b4d4d283abb80fd9e871fc1e17a202028eaae61f4f1b25b20f411d9766a859383d9e66221810c5cabd1507361b3d24b83b4307ef,gx-no-cache=1457020470083 HTTP/1.1" 200 15556
191.112.17.11 - - [03/Mar/2016:12:58:38 -0300] "GET /cormun/servlet/trsolicitudot?gx-no-cache=1457020122313 HTTP/1.1" 200 7798
191.112.17.11 - - [03/Mar/2016:12:58:41 -0300] "POST /cormun/servlet/trsolicitudot?5619316feb5e38edb3968644c42d6612,gx-no-cache=1457020122313,gx-no-cache=1457020745202 HTTP/1.1" 200 5253
191.112.17.11 - - [03/Mar/2016:12:58:42 -0300] "POST /cormun/servlet/trsolicitudot?5619316feb5e38edb3968644c42d6612,gx-no-cache=1457020122313,gx-no-cache=1457020745966 HTTP/1.1" 200 5253
191.112.17.11 - - [03/Mar/2016:12:58:42 -0300] "POST /cormun/servlet/trsolicitudot?5619316feb5e38edb3968644c42d6612,gx-no-cache=1457020122313,gx-no-cache=1457020746585 HTTP/1.1" 200 5253
191.112.17.11 - - [03/Mar/2016:12:58:43 -0300] "POST /cormun/servlet/trsolicitudot?5619316feb5e38edb3968644c42d6612,gx-no-cache=1457020122313,gx-no-cache=1457020747097 HTTP/1.1" 200 5253
191.112.17.11 - - [03/Mar/2016:12:58:44 -0300] "POST /cormun/servlet/trsolicitudot?5619316feb5e38edb3968644c42d6612,gx-no-cache=1457020122313,gx-no-cache=1457020747558 HTTP/1.1" 200 5253
191.112.17.11 - - [03/Mar/2016:12:58:44 -0300] "POST /cormun/servlet/trsolicitudot?5619316feb5e38edb3968644c42d6612,gx-no-cache=1457020122313,gx-no-cache=1457020748395 HTTP/1.1" 200 5253
191.112.17.11 - - [03/Mar/2016:12:58:45 -0300] "POST /cormun/servlet/trsolicitudot?5619316feb5e38edb3968644c42d6612,gx-no-cache=1457020122313,gx-no-cache=1457020748938 HTTP/1.1" 200 5253
191.112.17.11 - - [03/Mar/2016:12:58:45 -0300] "POST /cormun/servlet/trsolicitudot?5619316feb5e38edb3968644c42d6612,gx-no-cache=1457020122313,gx-no-cache=1457020749363 HTTP/1.1" 200 106
191.112.17.11 - - [03/Mar/2016:12:58:45 -0300] "GET /cormun/servlet/trsolicitudadjuntos?2016,504, HTTP/1.1" 200 7244
191.112.17.11 - - [03/Mar/2016:12:58:45 -0300] "GET /cormun/servlet/trsolicitudadjuntos?2016,504, HTTP/1.1" 200 7225
192.168.10.89 - - [03/Mar/2016:12:58:49 -0300] "POST /cormun/servlet/trsolicitudgral?8d44697cdf7251ddbe88297224e94190,,gx-no-cache=1457020481256 HTTP/1.1" 200 16719
191.112.17.11 - - [03/Mar/2016:12:58:50 -0300] "GET /cormun/servlet/solicitudotadjuntos?INS,2016,504,,2, HTTP/1.1" 200 5419
191.112.17.11 - - [03/Mar/2016:12:58:51 -0300] "GET /cormun/static/about:blank HTTP/1.1" 404 1011
191.112.17.11 - - [03/Mar/2016:12:58:51 -0300] "GET /cormun/servlet/solicitudotadjuntos?INS,2016,504,,2, HTTP/1.1" 200 5413
191.112.17.11 - - [03/Mar/2016:12:58:51 -0300] "GET /cormun/servlet/solicitudotadjuntos?4eda181fdd50b2d62d229ba088ba1c9d2eb66f9a7751bf82c26a967f19e5839fce477556fc184cbc898e401c215cfe22,gx-no-cache=1457020755903 HTTP/1.1" 200 30
191.112.17.11 - - [03/Mar/2016:12:58:51 -0300] "POST /cormun/servlet/solicitudotadjuntos?5619316feb5e38edb3968644c42d6612,INS,2016,504,,2,,gx-no-cache=1457020755964 HTTP/1.1" 200 3503
192.168.10.89 - - [03/Mar/2016:12:58:52 -0300] "POST /cormun/servlet/trsolicitudgral?8d44697cdf7251ddbe88297224e94190,,gx-no-cache=1457020484305 HTTP/1.1" 200 16719
192.168.10.89 - - [03/Mar/2016:12:58:55 -0300] "POST /cormun/servlet/trsolicitudgral?8d44697cdf7251ddbe88297224e94190,,gx-no-cache=1457020487677 HTTP/1.1" 200 16720
186.78.57.210 - - [03/Mar/2016:12:58:55 -0300] "POST /cormun/servlet/solicitudot?gx-no-cache=1457020795310 HTTP/1.1" 200 30
186.78.57.210 - - [03/Mar/2016:12:58:56 -0300] "POST /cormun/servlet/solicitudot?gx-no-cache=1457020795507 HTTP/1.1" 200 1153
186.78.57.210 - - [03/Mar/2016:12:58:56 -0300] "GET /cormun/servlet/solicitudot?6e39a9a0d1bc265ceaef7678f52d3ee73b42368082a26ed9f40176c1090a5dddefcc89cf04a7367b20aa0b15d0cf6d5cdd9bb71e5e34df6f44f03dc274bd650ccce8037730835b4e1fdd495fedd66039a22a0e058346304f2d6963602213d89e0cd63fdd396f3960549a642d5f3fcff4c788d90daf63e2a97475704b8c446bca570619ea29a87995fea23280d024c045cd8106e10bf6fb6bfa35e7d152094c1e,gx-no-cache=1457020795768 HTTP/1.1" 200 41
191.112.17.11 - - [03/Mar/2016:12:58:56 -0300] "POST /cormun/servlet/solicitudotadjuntos?5619316feb5e38edb3968644c42d6612,INS,2016,504,,2,,gx-no-cache=1457020760369 HTTP/1.1" 200 93
186.78.57.210 - - [03/Mar/2016:12:58:56 -0300] "POST /cormun/servlet/solicitudot?gx-no-cache=1457020795876 HTTP/1.1" 200 1116
191.112.17.11 - - [03/Mar/2016:12:58:56 -0300] "GET /cormun/servlet/hpexe_return? HTTP/1.1" 200 1029
186.78.57.210 - - [03/Mar/2016:12:58:56 -0300] "GET /cormun/servlet/solicitudot?6e39a9a0d1bc265ceaef7678f52d3ee7b9ed3e7162951cf8a28f0248fed05a430013544c982e340a085ff5fd41c8266db12cefeb85c121336ca26571b1a11a8f197898cd665fb4dd4f0ec214789a202e413ab53818e1945ccb9fdfecf59007d3a6b030301367140c9ef7cf5dec91b7752802bcc69b37011aed529050ffe7687e556976f1633dfeb6dd8dbd24b114b7fc8c94c031966bb4feb62720c34cd051a8587be19ec5aba2b1734a330d04442ecc,gx-no-cache=1457020796076 HTTP/1.1" 200 30
191.112.17.11 - - [03/Mar/2016:12:58:56 -0300] "GET /cormun/servlet/trsolicitudadjuntos?2016,504, HTTP/1.1" 200 7228
186.78.57.210 - - [03/Mar/2016:12:58:56 -0300] "POST /cormun/servlet/solicitudot?47b2748899f65881853b1d07e208b3a8,INS,0,0,,gx-no-cache=1457020796190 HTTP/1.1" 200 93
191.112.17.11 - - [03/Mar/2016:12:58:57 -0300] "GET /cormun/servlet/trsolicitudadjuntos?2016,504, HTTP/1.1" 200 7226
186.78.57.210 - - [03/Mar/2016:12:58:57 -0300] "GET /cormun/servlet/hpexe_return? HTTP/1.1" 200 1008
186.78.57.210 - - [03/Mar/2016:12:58:57 -0300] "GET /cormun/servlet/trsolicitudot? HTTP/1.1" 200 8171
186.78.57.210 - - [03/Mar/2016:12:58:57 -0300] "GET /cormun/servlet/trsolicitudot? HTTP/1.1" 200 8167
191.112.17.11 - - [03/Mar/2016:12:58:58 -0300] "GET /cormun/servlet/solicitudotadjuntos?INS,2016,504,,1, HTTP/1.1" 200 5421
191.112.17.11 - - [03/Mar/2016:12:58:58 -0300] "GET /cormun/static/about:blank HTTP/1.1" 404 1011
191.112.17.11 - - [03/Mar/2016:12:58:59 -0300] "GET /cormun/servlet/solicitudotadjuntos?INS,2016,504,,1, HTTP/1.1" 200 5415
191.112.17.11 - - [03/Mar/2016:12:58:59 -0300] "GET /cormun/servlet/solicitudotadjuntos?4eda181fdd50b2d62d229ba088ba1c9d2eb66f9a7751bf82c26a967f19e5839fce477556fc184cbc898e401c215cfe22,gx-no-cache=1457020763651 HTTP/1.1" 200 30
191.112.17.11 - - [03/Mar/2016:12:58:59 -0300] "POST /cormun/servlet/solicitudotadjuntos?5619316feb5e38edb3968644c42d6612,INS,2016,504,,1,,gx-no-cache=1457020763764 HTTP/1.1" 200 3358
186.103.159.204 - - [03/Mar/2016:12:59:04 -0300] "POST /cormun/servlet/solicitudot?gx-no-cache=1457020766695 HTTP/1.1" 200 120
186.103.159.204 - - [03/Mar/2016:12:59:04 -0300] "POST /cormun/servlet/solicitudot?gx-no-cache=1457020766832 HTTP/1.1" 200 30
186.103.159.204 - - [03/Mar/2016:12:59:04 -0300] "POST /cormun/servlet/solicitudot?gx-no-cache=1457020766930 HTTP/1.1" 200 452
186.103.159.204 - - [03/Mar/2016:12:59:04 -0300] "GET /cormun/servlet/solicitudot?44f070aba3c2312cb35f9611f14490aa40bbbe83126b6ab96c47416f84870f9b6aab69a742c1048d5f069a8a36ddd28ac07e14287bbc9cd25bb981696efb318bae3cd79b7250062e1947f309fdf3e9a25dd54a72514f7200fd7552150932f91de6c6733bacdde745c7ff76a76d9e67b33ffa81f55403d0d6bb456e525261c5a210e08d92dc3a81977b659da56ef8d27e55fb056a7c9551ddf376112ab9f2b968,gx-no-cache=1457020767049 HTTP/1.1" 200 41
186.78.57.210 - - [03/Mar/2016:12:59:04 -0300] "POST /cormun/servlet/trsolicitudot?47b2748899f65881853b1d07e208b3a8,,gx-no-cache=1457020803678 HTTP/1.1" 200 106
186.78.57.210 - - [03/Mar/2016:12:59:04 -0300] "GET /cormun/servlet/trsolicitudadjuntos?2016,513, HTTP/1.1" 200 5369
186.78.57.210 - - [03/Mar/2016:12:59:05 -0300] "GET /cormun/servlet/trsolicitudadjuntos?2016,513, HTTP/1.1" 200 5369
186.78.57.210 - - [03/Mar/2016:12:59:07 -0300] "GET /cormun/servlet/solicitudotadjuntos?INS,2016,513,,1, HTTP/1.1" 200 5457
186.78.57.210 - - [03/Mar/2016:12:59:07 -0300] "GET /cormun/static/about:blank HTTP/1.1" 404 1011
186.78.57.210 - - [03/Mar/2016:12:59:07 -0300] "GET /cormun/servlet/solicitudotadjuntos?INS,2016,513,,1, HTTP/1.1" 200 5451
186.78.57.210 - - [03/Mar/2016:12:59:08 -0300] "GET /cormun/servlet/solicitudotadjuntos?6e39a9a0d1bc265ceaef7678f52d3ee723e4394e617115d49eb0e7afa083a747cd8106e10bf6fb6bfa35e7d152094c1e,gx-no-cache=1457020807588 HTTP/1.1" 200 30
186.78.57.210 - - [03/Mar/2016:12:59:08 -0300] "POST /cormun/servlet/solicitudotadjuntos?47b2748899f65881853b1d07e208b3a8,INS,2016,513,,1,,gx-no-cache=1457020807703 HTTP/1.1" 200 3357
186.78.57.210 - - [03/Mar/2016:12:59:12 -0300] "POST /cormun/servlet/solicitudotadjuntos?gx-no-cache=1457020812155 HTTP/1.1" 200 26
186.78.57.210 - - [03/Mar/2016:12:59:14 -0300] "GET /cormun/servlet/solicitudotadjuntos?6e39a9a0d1bc265ceaef7678f52d3ee744c7ee0f437c4b3b34d7efedc0650c67,gx-no-cache=1457020813639 HTTP/1.1" 200 30
186.78.57.210 - - [03/Mar/2016:12:59:14 -0300] "GET /cormun/servlet/solicitudotadjuntos?6e39a9a0d1bc265ceaef7678f52d3ee744c7ee0f437c4b3b34d7efedc0650c67,gx-no-cache=1457020813745 HTTP/1.1" 200 30
186.78.57.210 - - [03/Mar/2016:12:59:14 -0300] "POST /cormun/servlet/solicitudotadjuntos?47b2748899f65881853b1d07e208b3a8,INS,2016,513,,1,,gx-no-cache=1457020813861 HTTP/1.1" 200 93
186.78.57.210 - - [03/Mar/2016:12:59:14 -0300] "GET /cormun/servlet/hpexe_return? HTTP/1.1" 200 1026
186.78.57.210 - - [03/Mar/2016:12:59:14 -0300] "GET /cormun/servlet/trsolicitudadjuntos?2016,513, HTTP/1.1" 200 7138
186.78.57.210 - - [03/Mar/2016:12:59:15 -0300] "GET /cormun/servlet/trsolicitudadjuntos?2016,513, HTTP/1.1" 200 7134
192.168.10.89 - - [03/Mar/2016:12:59:19 -0300] "POST /cormun/servlet/trsolicitudgral?8d44697cdf7251ddbe88297224e94190,,gx-no-cache=1457020512250 HTTP/1.1" 200 5595
192.168.10.89 - - [03/Mar/2016:12:59:20 -0300] "GET /cormun/servlet/trsolicitudgral?d42152fa9d9b2ce24574fa1f898e7f7d9958cb203d9a0d876f0c9436714de1a71d0d84d7f74c35f4915c5055e37afdfb170e7a07c0ad7356bc99806820d16654195175d0aa5f597ef7436a3966f56dd6fc985ac8fc70af0a92cb48367fbd6104,gx-no-cache=1457020513056 HTTP/1.1" 200 1827
186.103.159.204 - - [03/Mar/2016:12:59:25 -0300] "POST /cormun/servlet/solicitudot?gx-no-cache=1457020787571 HTTP/1.1" 200 404
186.103.159.204 - - [03/Mar/2016:12:59:25 -0300] "GET /cormun/servlet/solicitudot?44f070aba3c2312cb35f9611f14490aa07c617785fd844f2b61811ad8ab742244b8e9f4366c5f62933f8391e54a6fca756f83e92c84ff895c8e2ca56e5d225efdeb305ff470f3bc295c708a917b7a3d7255bb45c60702f7ad63093b963bf5806d938cc30190b002e51f443713e59344e330ca23ac949d07463d2d967fdd48597e4d224273fde98bb952d31df1679d42df8e107e2ec664fea7dad8ed2d01877c54f0fc7f88cc2552acfe527e38c784053,gx-no-cache=1457020787987 HTTP/1.1" 200 30
186.103.159.204 - - [03/Mar/2016:12:59:25 -0300] "POST /cormun/servlet/solicitudot?c5a57deb935a1786ac7ad16113976082,INS,0,0,,gx-no-cache=1457020788074 HTTP/1.1" 200 8743
192.168.10.89 - - [03/Mar/2016:12:59:29 -0300] "POST /cormun/servlet/trsolicitudgral?8d44697cdf7251ddbe88297224e94190,,gx-no-cache=1457020522036 HTTP/1.1" 200 5596
192.168.10.89 - - [03/Mar/2016:12:59:42 -0300] "POST /cormun/servlet/trsolicitudgral?8d44697cdf7251ddbe88297224e94190,,gx-no-cache=1457020534983 HTTP/1.1" 200 5604
192.168.10.89 - - [03/Mar/2016:12:59:43 -0300] "GET /cormun/servlet/trsolicitudgral?d42152fa9d9b2ce24574fa1f898e7f7d4088f6c59b597ecc3c904510404b034d48555d76f1fcfa81011f5b5e7abb510db85d660bececc8d2ac4c85f4a80016eeff2f693e6e921c1da96eadfc734ae3097440647ad9c088f499817edb672f31ba,gx-no-cache=1457020535871 HTTP/1.1" 200 1840
192.168.10.89 - - [03/Mar/2016:12:59:44 -0300] "POST /cormun/servlet/trsolicitudgral?8d44697cdf7251ddbe88297224e94190,,gx-no-cache=1457020537210 HTTP/1.1" 200 5604
192.168.10.89 - - [03/Mar/2016:12:59:45 -0300] "POST /cormun/servlet/trsolicitudgral?8d44697cdf7251ddbe88297224e94190,,gx-no-cache=1457020538136 HTTP/1.1" 200 5603
192.168.10.89 - - [03/Mar/2016:12:59:46 -0300] "POST /cormun/servlet/trsolicitudgral?8d44697cdf7251ddbe88297224e94190,,gx-no-cache=1457020539088 HTTP/1.1" 200 5603
192.168.10.89 - - [03/Mar/2016:12:59:47 -0300] "POST /cormun/servlet/trsolicitudgral?8d44697cdf7251ddbe88297224e94190,,gx-no-cache=1457020540133 HTTP/1.1" 200 5603
186.103.159.204 - - [03/Mar/2016:13:00:20 -0300] "POST /cormun/servlet/solicitudot?c5a57deb935a1786ac7ad16113976082,INS,0,0,,gx-no-cache=1457020842680 HTTP/1.1" 200 93
186.103.159.204 - - [03/Mar/2016:13:00:20 -0300] "GET /cormun/servlet/hpexe_return? HTTP/1.1" 200 1027
186.103.159.204 - - [03/Mar/2016:13:00:20 -0300] "GET /cormun/static/Resources/Spanish/PXTools.css?12112540 HTTP/1.1" 304 -
186.103.159.204 - - [03/Mar/2016:13:00:20 -0300] "GET /cormun/static/gxcfg.js?2015111312145050 HTTP/1.1" 304 -
186.103.159.204 - - [03/Mar/2016:13:00:20 -0300] "GET /cormun/static/hpexe_return.js?2015111312145056 HTTP/1.1" 304 -
186.103.159.204 - - [03/Mar/2016:13:00:20 -0300] "GET /cormun/servlet/trsolicitudot?gx-no-cache=1457020164769 HTTP/1.1" 200 9220
186.103.159.204 - - [03/Mar/2016:13:00:21 -0300] "GET /cormun/servlet/trsolicitudot?gx-no-cache=1457020164769 HTTP/1.1" 200 9235
186.103.159.204 - - [03/Mar/2016:13:00:25 -0300] "GET /cormun/servlet/solicitudot?INS,0,0, HTTP/1.1" 200 11458
186.103.159.204 - - [03/Mar/2016:13:00:26 -0300] "GET /cormun/servlet/solicitudot?INS,0,0, HTTP/1.1" 200 11441
186.78.57.210 - - [03/Mar/2016:13:00:27 -0300] "GET /cormun/servlet/solicitudotadjuntos?INS,2016,513,,1, HTTP/1.1" 200 5457
186.78.57.210 - - [03/Mar/2016:13:00:27 -0300] "GET /cormun/static/about:blank HTTP/1.1" 404 1011
186.78.57.210 - - [03/Mar/2016:13:00:28 -0300] "GET /cormun/servlet/solicitudotadjuntos?INS,2016,513,,1, HTTP/1.1" 200 5451
186.78.57.210 - - [03/Mar/2016:13:00:28 -0300] "GET /cormun/servlet/solicitudotadjuntos?6e39a9a0d1bc265ceaef7678f52d3ee723e4394e617115d49eb0e7afa083a747cd8106e10bf6fb6bfa35e7d152094c1e,gx-no-cache=1457020888026 HTTP/1.1" 200 30
186.78.57.210 - - [03/Mar/2016:13:00:28 -0300] "POST /cormun/servlet/solicitudotadjuntos?47b2748899f65881853b1d07e208b3a8,INS,2016,513,,1,,gx-no-cache=1457020888245 HTTP/1.1" 200 3356
192.168.10.89 - - [03/Mar/2016:13:00:33 -0300] "POST /cormun/servlet/trsolicitudgral?8d44697cdf7251ddbe88297224e94190,,gx-no-cache=1457020585454 HTTP/1.1" 200 5929
192.168.10.89 - - [03/Mar/2016:13:00:34 -0300] "GET /cormun/servlet/trsolicitudgral?d42152fa9d9b2ce24574fa1f898e7f7d1bba9dedf60ddc78c4851bf809ee6c1548555d76f1fcfa81011f5b5e7abb510d7b8638df847e082d2c3269b04193d948ea0896319291cf26e5f1ef016e79114c7440647ad9c088f499817edb672f31ba,gx-no-cache=1457020586727 HTTP/1.1" 200 2239
186.103.159.204 - - [03/Mar/2016:13:00:38 -0300] "POST /cormun/servlet/solicitudot?gx-no-cache=1457020861281 HTTP/1.1" 200 2784
186.103.159.204 - - [03/Mar/2016:13:00:38 -0300] "POST /cormun/servlet/solicitudot?c5a57deb935a1786ac7ad16113976082,INS,0,0,,gx-no-cache=1457020861535 HTTP/1.1" 200 8448
186.103.159.204 - - [03/Mar/2016:13:00:44 -0300] "GET /cormun/servlet/solicitudot?44f070aba3c2312cb35f9611f14490aabfc4faddca674a14951a33304a66394dc6bb3ad9df827bdacb4b4d9102a16879,gx-no-cache=1457020867160 HTTP/1.1" 200 30
186.103.159.204 - - [03/Mar/2016:13:00:44 -0300] "POST /cormun/servlet/solicitudot?gx-no-cache=1457020867427 HTTP/1.1" 200 30
186.103.159.204 - - [03/Mar/2016:13:00:44 -0300] "POST /cormun/servlet/solicitudot?gx-no-cache=1457020867493 HTTP/1.1" 200 33
186.103.159.204 - - [03/Mar/2016:13:00:44 -0300] "POST /cormun/servlet/solicitudot?gx-no-cache=1457020867586 HTTP/1.1" 200 452
186.103.159.204 - - [03/Mar/2016:13:00:45 -0300] "GET /cormun/servlet/solicitudot?44f070aba3c2312cb35f9611f14490aa40bbbe83126b6ab96c47416f84870f9b6aab69a742c1048d5f069a8a36ddd28ac07e14287bbc9cd25bb981696efb318bae3cd79b7250062e1947f309fdf3e9a25dd54a72514f7200fd7552150932f91de6c6733bacdde745c7ff76a76d9e67b33ffa81f55403d0d6bb456e525261c5a2fb348b0e275d1ce39502b756fef78e25,gx-no-cache=1457020867714 HTTP/1.1" 200 38
191.112.78.213 - - [03/Mar/2016:13:01:06 -0300] "GET /cormun/servlet/solicitudotadjuntos?5dc64e72aa6460987ed563b8bb772a1eb7d76dcf35d15f6dca7db02f4044a319,gx-no-cache=1457020892046 HTTP/1.1" 200 30
191.112.78.213 - - [03/Mar/2016:13:01:07 -0300] "GET /cormun/servlet/solicitudotadjuntos?5dc64e72aa6460987ed563b8bb772a1eb7d76dcf35d15f6dca7db02f4044a319,gx-no-cache=1457020892272 HTTP/1.1" 200 30
191.112.78.213 - - [03/Mar/2016:13:01:10 -0300] "POST /cormun/servlet/solicitudotadjuntos?78a791391b8286a9b26165191b25347f,INS,2016,469,,1, HTTP/1.1" 200 116
191.112.78.213 - - [03/Mar/2016:13:01:10 -0300] "GET /cormun/servlet/hpexe_return? HTTP/1.1" 200 1029
191.112.78.213 - - [03/Mar/2016:13:01:11 -0300] "GET /cormun/static/Resources/Spanish/PXTools.css?12112540 HTTP/1.1" 304 -
191.112.78.213 - - [03/Mar/2016:13:01:11 -0300] "GET /cormun/static/gxcfg.js?2015111312145050 HTTP/1.1" 304 -
191.112.78.213 - - [03/Mar/2016:13:01:11 -0300] "GET /cormun/static/hpexe_return.js?2015111312145056 HTTP/1.1" 304 -
191.112.78.213 - - [03/Mar/2016:13:01:11 -0300] "GET /cormun/servlet/trsolicitudadjuntos?2016,469, HTTP/1.1" 200 7987
191.112.78.213 - - [03/Mar/2016:13:01:15 -0300] "GET /cormun/servlet/trsolicitudadjuntos?2016,469, HTTP/1.1" 200 7990
186.78.57.210 - - [03/Mar/2016:13:01:16 -0300] "GET /cormun/servlet/trsolicitudot? HTTP/1.1" 200 8177
186.78.57.210 - - [03/Mar/2016:13:01:17 -0300] "GET /cormun/servlet/trsolicitudot? HTTP/1.1" 200 8167
186.78.57.210 - - [03/Mar/2016:13:01:21 -0300] "POST /cormun/servlet/trsolicitudot?47b2748899f65881853b1d07e208b3a8,,gx-no-cache=1457020940581 HTTP/1.1" 200 105
186.78.57.210 - - [03/Mar/2016:13:01:22 -0300] "GET /cormun/servlet/trsolicitudadjuntos?2016,506, HTTP/1.1" 200 7609
186.78.57.210 - - [03/Mar/2016:13:01:23 -0300] "GET /cormun/servlet/trsolicitudadjuntos?2016,506, HTTP/1.1" 200 7611
186.78.57.210 - - [03/Mar/2016:13:01:27 -0300] "GET /cormun/servlet/solicitudotadjuntos?INS,2016,506,,1, HTTP/1.1" 200 5457
186.78.57.210 - - [03/Mar/2016:13:01:27 -0300] "GET /cormun/static/about:blank HTTP/1.1" 404 1011
186.78.57.210 - - [03/Mar/2016:13:01:27 -0300] "GET /cormun/servlet/solicitudotadjuntos?INS,2016,506,,1, HTTP/1.1" 200 5451
186.78.57.210 - - [03/Mar/2016:13:01:28 -0300] "GET /cormun/servlet/solicitudotadjuntos?6e39a9a0d1bc265ceaef7678f52d3ee7c9b82fe91e61f27dc46138151a3f2fa3cd8106e10bf6fb6bfa35e7d152094c1e,gx-no-cache=1457020947789 HTTP/1.1" 200 30
186.78.57.210 - - [03/Mar/2016:13:01:28 -0300] "POST /cormun/servlet/solicitudotadjuntos?47b2748899f65881853b1d07e208b3a8,INS,2016,506,,1,,gx-no-cache=1457020947895 HTTP/1.1" 200 3325
186.78.57.210 - - [03/Mar/2016:13:01:42 -0300] "POST /cormun/servlet/solicitudotadjuntos?gx-no-cache=1457020962262 HTTP/1.1" 200 26
186.78.57.210 - - [03/Mar/2016:13:01:42 -0300] "GET /cormun/servlet/solicitudotadjuntos?6e39a9a0d1bc265ceaef7678f52d3ee744c7ee0f437c4b3b34d7efedc0650c67,gx-no-cache=1457020962384 HTTP/1.1" 200 30
186.78.57.210 - - [03/Mar/2016:13:01:43 -0300] "GET /cormun/servlet/solicitudotadjuntos?6e39a9a0d1bc265ceaef7678f52d3ee744c7ee0f437c4b3b34d7efedc0650c67,gx-no-cache=1457020962487 HTTP/1.1" 200 30
186.78.57.210 - - [03/Mar/2016:13:01:43 -0300] "POST /cormun/servlet/solicitudotadjuntos?47b2748899f65881853b1d07e208b3a8,INS,2016,506,,1,,gx-no-cache=1457020962894 HTTP/1.1" 200 93
186.78.57.210 - - [03/Mar/2016:13:01:43 -0300] "GET /cormun/servlet/hpexe_return? HTTP/1.1" 200 1026
186.78.57.210 - - [03/Mar/2016:13:01:44 -0300] "GET /cormun/servlet/trsolicitudadjuntos?2016,506, HTTP/1.1" 200 7705
186.78.57.210 - - [03/Mar/2016:13:01:44 -0300] "GET /cormun/servlet/trsolicitudadjuntos?2016,506, HTTP/1.1" 200 7703
186.78.57.210 - - [03/Mar/2016:13:01:49 -0300] "GET /cormun/servlet/trsolicitudot? HTTP/1.1" 200 8173
186.78.57.210 - - [03/Mar/2016:13:01:50 -0300] "GET /cormun/servlet/trsolicitudot? HTTP/1.1" 200 8167
186.78.57.210 - - [03/Mar/2016:13:01:55 -0300] "POST /cormun/servlet/trsolicitudot?47b2748899f65881853b1d07e208b3a8,,gx-no-cache=1457020974737 HTTP/1.1" 200 5339
186.78.57.210 - - [03/Mar/2016:13:01:55 -0300] "POST /cormun/servlet/trsolicitudot?47b2748899f65881853b1d07e208b3a8,,gx-no-cache=1457020975236 HTTP/1.1" 200 5280
186.103.159.204 - - [03/Mar/2016:13:02:01 -0300] "GET /cormun/servlet/solicitudot?44f070aba3c2312cb35f9611f14490aa65e9822035e7701110350be586a54156a49debbf8260a9c849f9fecbac4feffc416a11e2d023aa0e71ed2776ca4d7bbbc1749af8d75e962f89a5f3b4994ad9e74e977ace6e493fa13f4494d754c957be3537ff321e0a91f2dcee05ced21e1a6f8f54c6b9e569b30e3fc6510743f91a2a176030bf9da77d5a99a62518635680c83ce267472811d994bcce5ebdc27f86e4,gx-no-cache=1457020944570 HTTP/1.1" 200 29
186.78.57.210 - - [03/Mar/2016:13:02:04 -0300] "POST /cormun/servlet/trsolicitudot?47b2748899f65881853b1d07e208b3a8,,gx-no-cache=1457020984059 HTTP/1.1" 200 106
186.78.57.210 - - [03/Mar/2016:13:02:04 -0300] "GET /cormun/servlet/trsolicitudadjuntos?2016,513, HTTP/1.1" 200 7134
186.78.57.210 - - [03/Mar/2016:13:02:05 -0300] "GET /cormun/servlet/trsolicitudadjuntos?2016,513, HTTP/1.1" 200 7134
186.103.159.204 - - [03/Mar/2016:13:02:05 -0300] "POST /cormun/servlet/solicitudot?gx-no-cache=1457020948680 HTTP/1.1" 200 1116
186.78.57.210 - - [03/Mar/2016:13:02:29 -0300] "GET /cormun/servlet/solicitudotadjuntos?INS,2016,513,,1, HTTP/1.1" 200 5455
186.78.57.210 - - [03/Mar/2016:13:02:30 -0300] "GET /cormun/static/about:blank HTTP/1.1" 404 1011
186.78.57.210 - - [03/Mar/2016:13:02:30 -0300] "GET /cormun/servlet/solicitudotadjuntos?INS,2016,513,,1, HTTP/1.1" 200 5449
186.78.57.210 - - [03/Mar/2016:13:02:30 -0300] "GET /cormun/servlet/solicitudotadjuntos?6e39a9a0d1bc265ceaef7678f52d3ee723e4394e617115d49eb0e7afa083a747cd8106e10bf6fb6bfa35e7d152094c1e,gx-no-cache=1457021010273 HTTP/1.1" 200 30
186.78.57.210 - - [03/Mar/2016:13:02:31 -0300] "POST /cormun/servlet/solicitudotadjuntos?47b2748899f65881853b1d07e208b3a8,INS,2016,513,,1,,gx-no-cache=1457021010403 HTTP/1.1" 200 3356
186.78.57.210 - - [03/Mar/2016:13:02:43 -0300] "POST /cormun/servlet/solicitudotadjuntos?gx-no-cache=1457021022472 HTTP/1.1" 200 26
186.78.57.210 - - [03/Mar/2016:13:02:43 -0300] "GET /cormun/servlet/solicitudotadjuntos?6e39a9a0d1bc265ceaef7678f52d3ee744c7ee0f437c4b3b34d7efedc0650c67,gx-no-cache=1457021022967 HTTP/1.1" 200 30
186.78.57.210 - - [03/Mar/2016:13:02:43 -0300] "GET /cormun/servlet/solicitudotadjuntos?6e39a9a0d1bc265ceaef7678f52d3ee744c7ee0f437c4b3b34d7efedc0650c67,gx-no-cache=1457021023058 HTTP/1.1" 200 30
186.78.57.210 - - [03/Mar/2016:13:02:43 -0300] "POST /cormun/servlet/solicitudotadjuntos?47b2748899f65881853b1d07e208b3a8,INS,2016,513,,1,,gx-no-cache=1457021023150 HTTP/1.1" 200 93
186.78.57.210 - - [03/Mar/2016:13:02:43 -0300] "GET /cormun/servlet/hpexe_return? HTTP/1.1" 200 1026
186.78.57.210 - - [03/Mar/2016:13:02:44 -0300] "GET /cormun/servlet/trsolicitudadjuntos?2016,513, HTTP/1.1" 200 7263
186.78.57.210 - - [03/Mar/2016:13:02:44 -0300] "GET /cormun/servlet/trsolicitudadjuntos?2016,513, HTTP/1.1" 200 7260
186.78.57.210 - - [03/Mar/2016:13:02:47 -0300] "GET /cormun/servlet/solicitudotadjuntos?INS,2016,513,,1, HTTP/1.1" 200 5455
186.78.57.210 - - [03/Mar/2016:13:02:48 -0300] "GET /cormun/static/about:blank HTTP/1.1" 404 1011
186.78.57.210 - - [03/Mar/2016:13:02:48 -0300] "GET /cormun/servlet/solicitudotadjuntos?INS,2016,513,,1, HTTP/1.1" 200 5449
186.78.57.210 - - [03/Mar/2016:13:02:48 -0300] "GET /cormun/servlet/solicitudotadjuntos?6e39a9a0d1bc265ceaef7678f52d3ee723e4394e617115d49eb0e7afa083a747cd8106e10bf6fb6bfa35e7d152094c1e,gx-no-cache=1457021028481 HTTP/1.1" 200 30
186.78.57.210 - - [03/Mar/2016:13:02:49 -0300] "POST /cormun/servlet/solicitudotadjuntos?47b2748899f65881853b1d07e208b3a8,INS,2016,513,,1,,gx-no-cache=1457021028593 HTTP/1.1" 200 3356
186.78.57.210 - - [03/Mar/2016:13:03:00 -0300] "POST /cormun/servlet/solicitudotadjuntos?gx-no-cache=1457021039699 HTTP/1.1" 200 26
186.78.57.210 - - [03/Mar/2016:13:03:01 -0300] "GET /cormun/servlet/solicitudotadjuntos?6e39a9a0d1bc265ceaef7678f52d3ee744c7ee0f437c4b3b34d7efedc0650c67,gx-no-cache=1457021040657 HTTP/1.1" 200 30
186.78.57.210 - - [03/Mar/2016:13:03:01 -0300] "GET /cormun/servlet/solicitudotadjuntos?6e39a9a0d1bc265ceaef7678f52d3ee744c7ee0f437c4b3b34d7efedc0650c67,gx-no-cache=1457021040749 HTTP/1.1" 200 30
186.78.57.210 - - [03/Mar/2016:13:03:01 -0300] "POST /cormun/servlet/solicitudotadjuntos?47b2748899f65881853b1d07e208b3a8,INS,2016,513,,1,,gx-no-cache=1457021040850 HTTP/1.1" 200 93
186.78.57.210 - - [03/Mar/2016:13:03:01 -0300] "GET /cormun/servlet/hpexe_return? HTTP/1.1" 200 1026
186.78.57.210 - - [03/Mar/2016:13:03:01 -0300] "GET /cormun/servlet/trsolicitudadjuntos?2016,513, HTTP/1.1" 200 7404
186.78.57.210 - - [03/Mar/2016:13:03:02 -0300] "GET /cormun/servlet/trsolicitudadjuntos?2016,513, HTTP/1.1" 200 7401
186.78.57.210 - - [03/Mar/2016:13:03:05 -0300] "GET /cormun/servlet/solicitudotadjuntos?INS,2016,513,,1, HTTP/1.1" 200 5455
186.78.57.210 - - [03/Mar/2016:13:03:05 -0300] "GET /cormun/static/about:blank HTTP/1.1" 404 1011
186.78.57.210 - - [03/Mar/2016:13:03:05 -0300] "GET /cormun/servlet/solicitudotadjuntos?INS,2016,513,,1, HTTP/1.1" 200 5449
186.78.57.210 - - [03/Mar/2016:13:03:06 -0300] "GET /cormun/servlet/solicitudotadjuntos?6e39a9a0d1bc265ceaef7678f52d3ee723e4394e617115d49eb0e7afa083a747cd8106e10bf6fb6bfa35e7d152094c1e,gx-no-cache=1457021045589 HTTP/1.1" 200 30
186.78.57.210 - - [03/Mar/2016:13:03:06 -0300] "POST /cormun/servlet/solicitudotadjuntos?47b2748899f65881853b1d07e208b3a8,INS,2016,513,,1,,gx-no-cache=1457021045705 HTTP/1.1" 200 3356
186.78.57.210 - - [03/Mar/2016:13:03:27 -0300] "POST /cormun/servlet/solicitudotadjuntos?gx-no-cache=1457021067370 HTTP/1.1" 200 26
186.78.57.210 - - [03/Mar/2016:13:03:28 -0300] "GET /cormun/servlet/solicitudotadjuntos?6e39a9a0d1bc265ceaef7678f52d3ee744c7ee0f437c4b3b34d7efedc0650c67,gx-no-cache=1457021068448 HTTP/1.1" 200 30
186.78.57.210 - - [03/Mar/2016:13:03:28 -0300] "GET /cormun/servlet/solicitudotadjuntos?6e39a9a0d1bc265ceaef7678f52d3ee744c7ee0f437c4b3b34d7efedc0650c67,gx-no-cache=1457021068524 HTTP/1.1" 200 30
191.112.78.213 - - [03/Mar/2016:13:03:28 -0300] "GET /cormun/servlet/trsolicitudot? HTTP/1.1" 200 10340
186.78.57.210 - - [03/Mar/2016:13:03:29 -0300] "POST /cormun/servlet/solicitudotadjuntos?47b2748899f65881853b1d07e208b3a8,INS,2016,513,,1,,gx-no-cache=1457021068593 HTTP/1.1" 200 93
186.78.57.210 - - [03/Mar/2016:13:03:29 -0300] "GET /cormun/servlet/hpexe_return? HTTP/1.1" 200 1026
186.78.57.210 - - [03/Mar/2016:13:03:29 -0300] "GET /cormun/servlet/trsolicitudadjuntos?2016,513, HTTP/1.1" 200 7505
186.78.57.210 - - [03/Mar/2016:13:03:30 -0300] "GET /cormun/servlet/trsolicitudadjuntos?2016,513, HTTP/1.1" 200 7504
191.112.78.213 - - [03/Mar/2016:13:03:31 -0300] "GET /cormun/servlet/trsolicitudot? HTTP/1.1" 200 10334
191.112.78.213 - - [03/Mar/2016:13:03:41 -0300] "POST /cormun/servlet/trsolicitudot?78a791391b8286a9b26165191b25347f,,gx-no-cache=1457021046514 HTTP/1.1" 200 7789
191.112.78.213 - - [03/Mar/2016:13:03:42 -0300] "POST /cormun/servlet/trsolicitudot?78a791391b8286a9b26165191b25347f,,gx-no-cache=1457021047601 HTTP/1.1" 200 7789
186.78.57.210 - - [03/Mar/2016:13:03:43 -0300] "GET /cormun/servlet/solicitudotadjuntos?INS,2016,513,,1, HTTP/1.1" 200 5458
186.78.57.210 - - [03/Mar/2016:13:03:43 -0300] "GET /cormun/static/about:blank HTTP/1.1" 404 1011
186.78.57.210 - - [03/Mar/2016:13:03:43 -0300] "GET /cormun/servlet/solicitudotadjuntos?INS,2016,513,,1, HTTP/1.1" 200 5452
191.112.78.213 - - [03/Mar/2016:13:03:43 -0300] "POST /cormun/servlet/trsolicitudot?78a791391b8286a9b26165191b25347f,,gx-no-cache=1457021048724 HTTP/1.1" 200 7789
186.78.57.210 - - [03/Mar/2016:13:03:44 -0300] "GET /cormun/servlet/solicitudotadjuntos?6e39a9a0d1bc265ceaef7678f52d3ee723e4394e617115d49eb0e7afa083a747cd8106e10bf6fb6bfa35e7d152094c1e,gx-no-cache=1457021083918 HTTP/1.1" 200 30
186.78.57.210 - - [03/Mar/2016:13:03:44 -0300] "POST /cormun/servlet/solicitudotadjuntos?47b2748899f65881853b1d07e208b3a8,INS,2016,513,,1,,gx-no-cache=1457021084037 HTTP/1.1" 200 3357
191.112.78.213 - - [03/Mar/2016:13:03:45 -0300] "POST /cormun/servlet/trsolicitudot?78a791391b8286a9b26165191b25347f,,gx-no-cache=1457021049880 HTTP/1.1" 200 7789
191.112.78.213 - - [03/Mar/2016:13:03:46 -0300] "POST /cormun/servlet/trsolicitudot?78a791391b8286a9b26165191b25347f,,gx-no-cache=1457021051078 HTTP/1.1" 200 7789
191.112.78.213 - - [03/Mar/2016:13:03:47 -0300] "POST /cormun/servlet/trsolicitudot?78a791391b8286a9b26165191b25347f,,gx-no-cache=1457021052275 HTTP/1.1" 200 7790
191.112.78.213 - - [03/Mar/2016:13:03:48 -0300] "POST /cormun/servlet/trsolicitudot?78a791391b8286a9b26165191b25347f,,gx-no-cache=1457021053550 HTTP/1.1" 200 7789
186.78.57.210 - - [03/Mar/2016:13:03:49 -0300] "POST /cormun/servlet/solicitudotadjuntos?gx-no-cache=1457021088740 HTTP/1.1" 200 26
191.112.78.213 - - [03/Mar/2016:13:03:50 -0300] "POST /cormun/servlet/trsolicitudot?78a791391b8286a9b26165191b25347f,,gx-no-cache=1457021054860 HTTP/1.1" 200 106
186.78.57.210 - - [03/Mar/2016:13:03:50 -0300] "GET /cormun/servlet/solicitudotadjuntos?6e39a9a0d1bc265ceaef7678f52d3ee744c7ee0f437c4b3b34d7efedc0650c67,gx-no-cache=1457021089759 HTTP/1.1" 200 30
186.78.57.210 - - [03/Mar/2016:13:03:50 -0300] "GET /cormun/servlet/solicitudotadjuntos?6e39a9a0d1bc265ceaef7678f52d3ee744c7ee0f437c4b3b34d7efedc0650c67,gx-no-cache=1457021089825 HTTP/1.1" 200 30
