186.103.159.182 - - [03/Mar/2016:12:01:37 -0300] "GET /cormun/servlet/trsolicitudot HTTP/1.1" 200 6145
186.103.159.182 - - [03/Mar/2016:12:01:38 -0300] "GET /cormun/servlet/trsolicitudot HTTP/1.1" 200 6142
186.103.157.42 - - [03/Mar/2016:12:01:44 -0300] "GET /cormun/static/menuarrow.gif HTTP/1.1" 404 1015
186.103.159.182 - - [03/Mar/2016:12:01:45 -0300] "GET /cormun/servlet/solicitudot?INS,0,0, HTTP/1.1" 200 11383
191.112.78.213 - - [03/Mar/2016:12:01:45 -0300] "POST /cormun/servlet/solicitudotadjuntos?gx-no-cache=1457017330528 HTTP/1.1" 200 26
186.103.159.182 - - [03/Mar/2016:12:01:46 -0300] "GET /cormun/servlet/solicitudot?INS,0,0, HTTP/1.1" 200 11388
186.103.159.182 - - [03/Mar/2016:12:01:51 -0300] "POST /cormun/servlet/solicitudot?gx-no-cache=1457017339667 HTTP/1.1" 200 2790
186.103.157.42 - - [03/Mar/2016:12:01:51 -0300] "POST /cormun/servlet/trsolicitudot?119fcdbc79273f32bc01795cff52d571,,gx-no-cache=1457017339817 HTTP/1.1" 200 5323
186.103.159.182 - - [03/Mar/2016:12:01:51 -0300] "POST /cormun/servlet/solicitudot?705ec4271f7a59328d523fa32fe3920a,INS,0,0,,gx-no-cache=1457017339913 HTTP/1.1" 200 8397
186.103.157.42 - - [03/Mar/2016:12:01:51 -0300] "POST /cormun/servlet/trsolicitudot?119fcdbc79273f32bc01795cff52d571,,gx-no-cache=1457017340072 HTTP/1.1" 200 5323
186.103.159.182 - - [03/Mar/2016:12:01:52 -0300] "GET /cormun/servlet/solicitudot?83b595024b3ef2ba08bb50c01f341b85b6ee7abd15d8e2f9c52a77e5729171512df1760c6d29dd2fb5ec3b8c04d69c5e,gx-no-cache=1457017340316 HTTP/1.1" 200 30
186.103.157.42 - - [03/Mar/2016:12:01:52 -0300] "POST /cormun/servlet/trsolicitudot?119fcdbc79273f32bc01795cff52d571,,gx-no-cache=1457017340252 HTTP/1.1" 200 5323
186.103.157.42 - - [03/Mar/2016:12:01:52 -0300] "POST /cormun/servlet/trsolicitudot?119fcdbc79273f32bc01795cff52d571,,gx-no-cache=1457017340449 HTTP/1.1" 200 5322
186.103.157.42 - - [03/Mar/2016:12:01:55 -0300] "POST /cormun/servlet/trsolicitudot?119fcdbc79273f32bc01795cff52d571,,gx-no-cache=1457017343486 HTTP/1.1" 200 5323
186.103.157.42 - - [03/Mar/2016:12:01:55 -0300] "POST /cormun/servlet/trsolicitudot?119fcdbc79273f32bc01795cff52d571,,gx-no-cache=1457017343685 HTTP/1.1" 200 5323
186.103.157.42 - - [03/Mar/2016:12:01:55 -0300] "POST /cormun/servlet/trsolicitudot?119fcdbc79273f32bc01795cff52d571,,gx-no-cache=1457017343878 HTTP/1.1" 200 5323
186.103.157.42 - - [03/Mar/2016:12:01:55 -0300] "POST /cormun/servlet/trsolicitudot?119fcdbc79273f32bc01795cff52d571,,gx-no-cache=1457017344065 HTTP/1.1" 200 106
186.103.159.182 - - [03/Mar/2016:12:01:56 -0300] "POST /cormun/servlet/solicitudot?gx-no-cache=1457017344336 HTTP/1.1" 200 30
186.103.157.42 - - [03/Mar/2016:12:01:56 -0300] "GET /cormun/servlet/trsolicitudadjuntos?2016,305, HTTP/1.1" 200 7881
186.103.157.42 - - [03/Mar/2016:12:01:56 -0300] "GET /cormun/static/gxcfg.js?2016311731090 HTTP/1.1" 200 953
186.103.157.42 - - [03/Mar/2016:12:01:56 -0300] "GET /cormun/static/trsolicitudadjuntos.js?2016311731342 HTTP/1.1" 200 17275
186.103.157.42 - - [03/Mar/2016:12:01:56 -0300] "GET /cormun/static/Resources/Spanish/PXTools.css?171692 HTTP/1.1" 200 89042
186.103.157.42 - - [03/Mar/2016:12:01:58 -0300] "GET /cormun/servlet/trsolicitudadjuntos?2016,305, HTTP/1.1" 200 7880
186.103.157.42 - - [03/Mar/2016:12:02:00 -0300] "GET /cormun/servlet/solicitudotadjuntos?INS,2016,305,,1, HTTP/1.1" 200 5481
186.103.157.42 - - [03/Mar/2016:12:02:00 -0300] "GET /cormun/static/Resources/Spanish/PXTools.css?1944839 HTTP/1.1" 200 89042
186.103.157.42 - - [03/Mar/2016:12:02:00 -0300] "GET /cormun/static/gxcfg.js?2016311984045 HTTP/1.1" 200 953
186.103.157.42 - - [03/Mar/2016:12:02:00 -0300] "GET /cormun/static/solicitudotadjuntos.js?2016311984068 HTTP/1.1" 200 11762
186.103.157.42 - - [03/Mar/2016:12:02:00 -0300] "GET /cormun/static/about:blank HTTP/1.1" 404 1011
186.103.157.42 - - [03/Mar/2016:12:02:00 -0300] "GET /cormun/servlet/solicitudotadjuntos?INS,2016,305,,1, HTTP/1.1" 200 5475
186.103.157.42 - - [03/Mar/2016:12:02:01 -0300] "GET /cormun/servlet/solicitudotadjuntos?e958407a5fb987110fa75d8db8f03ea52b09d6005f13b790c1b01bd66d793feca94f09f97502feb773d2d57250917a0b,gx-no-cache=1457017349585 HTTP/1.1" 200 30
186.103.157.42 - - [03/Mar/2016:12:02:01 -0300] "POST /cormun/servlet/solicitudotadjuntos?119fcdbc79273f32bc01795cff52d571,INS,2016,305,,1,,gx-no-cache=1457017349650 HTTP/1.1" 200 3383
186.78.57.210 - - [03/Mar/2016:12:02:04 -0300] "GET /cormun/servlet/solicitudot?INS,0,0, HTTP/1.1" 200 11424
186.103.157.42 - - [03/Mar/2016:12:02:04 -0300] "POST /cormun/servlet/solicitudotadjuntos?gx-no-cache=1457017352601 HTTP/1.1" 200 26
186.78.57.210 - - [03/Mar/2016:12:02:04 -0300] "GET /cormun/servlet/solicitudot?INS,0,0, HTTP/1.1" 200 11429
191.112.78.213 - - [03/Mar/2016:12:02:06 -0300] "GET /cormun/servlet/solicitudotadjuntos?5dc64e72aa6460987ed563b8bb772a1eb7d76dcf35d15f6dca7db02f4044a319,gx-no-cache=1457017351517 HTTP/1.1" 200 30
191.112.78.213 - - [03/Mar/2016:12:02:06 -0300] "GET /cormun/servlet/solicitudotadjuntos?5dc64e72aa6460987ed563b8bb772a1eb7d76dcf35d15f6dca7db02f4044a319,gx-no-cache=1457017351632 HTTP/1.1" 200 30
186.103.159.44 - - [03/Mar/2016:12:02:06 -0300] "GET /cormun/servlet/solicitudot?c4f1039a28ef4ff96a24962f861638db78234deefe64ec5c2a019f633e83121ac3899632464b1dbd30823772065ba86526e7d1aafff8f2ffdfe7d6eeadeb297f52e7186e4763bcb8216e64ed73347d15870706c37d6a004a045f0d5fa5f1f0f17fc2b953d67553e429e2b2affd0ee0eb52f5662db976319f4dd0e7d6e6c9260dbf125dd983bc3fd612111404d86bfe6bf1136ae98fdfc658eb00276fa1924ac45a9b1a15193ee95cadb5a86eb804a1f5,gx-no-cache=1457017334929 HTTP/1.1" 200 30
191.112.78.213 - - [03/Mar/2016:12:02:08 -0300] "POST /cormun/servlet/solicitudotadjuntos?78a791391b8286a9b26165191b25347f,INS,2016,465,,1, HTTP/1.1" 200 116
191.112.78.213 - - [03/Mar/2016:12:02:08 -0300] "GET /cormun/servlet/hpexe_return? HTTP/1.1" 200 1028
191.112.78.213 - - [03/Mar/2016:12:02:09 -0300] "GET /cormun/servlet/trsolicitudadjuntos?2016,465, HTTP/1.1" 200 7310
191.112.78.213 - - [03/Mar/2016:12:02:12 -0300] "GET /cormun/servlet/trsolicitudadjuntos?2016,465, HTTP/1.1" 200 7307
191.112.78.213 - - [03/Mar/2016:12:02:14 -0300] "GET /cormun/servlet/solicitudotadjuntos?INS,2016,465,,1, HTTP/1.1" 200 5473
191.112.78.213 - - [03/Mar/2016:12:02:15 -0300] "GET /cormun/static/about:blank HTTP/1.1" 404 1011
186.103.159.44 - - [03/Mar/2016:12:02:16 -0300] "POST /cormun/servlet/solicitudot?90407dd04215d27dd591a38f9863650e,INS,0,0,,gx-no-cache=1457017344230 HTTP/1.1" 200 93
186.103.159.44 - - [03/Mar/2016:12:02:16 -0300] "GET /cormun/servlet/hpexe_return? HTTP/1.1" 200 1010
186.103.159.44 - - [03/Mar/2016:12:02:16 -0300] "GET /cormun/servlet/trsolicitudot HTTP/1.1" 200 7753
191.112.78.213 - - [03/Mar/2016:12:02:17 -0300] "GET /cormun/servlet/solicitudotadjuntos?INS,2016,465,,1, HTTP/1.1" 200 5467
191.112.78.213 - - [03/Mar/2016:12:02:17 -0300] "GET /cormun/servlet/solicitudotadjuntos?5dc64e72aa6460987ed563b8bb772a1ece18c4513963a906f7eaebea24f6ac0ccc79a545b9cadcb53d627544da7dec2e,gx-no-cache=1457017362832 HTTP/1.1" 200 30
191.112.78.213 - - [03/Mar/2016:12:02:17 -0300] "POST /cormun/servlet/solicitudotadjuntos?78a791391b8286a9b26165191b25347f,INS,2016,465,,1,,gx-no-cache=1457017362984 HTTP/1.1" 200 3376
186.103.159.182 - - [03/Mar/2016:12:02:18 -0300] "POST /cormun/servlet/solicitudot?gx-no-cache=1457017367068 HTTP/1.1" 200 33
186.103.159.182 - - [03/Mar/2016:12:02:18 -0300] "POST /cormun/servlet/solicitudot?gx-no-cache=1457017367140 HTTP/1.1" 200 1157
186.103.159.182 - - [03/Mar/2016:12:02:19 -0300] "GET /cormun/servlet/solicitudot?83b595024b3ef2ba08bb50c01f341b85e97200e67c3fa638d5037ce864ba01f8826548408f297dd46354a055ef6b7dcc31f2be8452d09281b52a00d957febbe6f070a0739b29b2fc8294fcbc76e73afa711634ac9f2ced22b5f701f6719fd0540891a7062c3262e5425f61f67d9cb31ebdf4a45c4661dce79d415399e7131c9b71f0b3054b20f62e4c78e6776e7277fc,gx-no-cache=1457017367230 HTTP/1.1" 200 38
186.78.57.210 - - [03/Mar/2016:12:02:21 -0300] "GET /cormun/servlet/prfichaempleado?,MD,,gxPopupLevel%3D0%3B HTTP/1.1" 200 7902
186.78.57.210 - - [03/Mar/2016:12:02:21 -0300] "GET /cormun/static/scaMessage/css/jquery-ui.css?104140 HTTP/1.1" 404 1045
191.112.78.213 - - [03/Mar/2016:12:02:21 -0300] "POST /cormun/servlet/solicitudotadjuntos?gx-no-cache=1457017367083 HTTP/1.1" 200 26
186.103.159.44 - - [03/Mar/2016:12:02:25 -0300] "POST /cormun/servlet/trsolicitudot?90407dd04215d27dd591a38f9863650e,gx-no-cache=1457017352972 HTTP/1.1" 200 5211
186.103.159.44 - - [03/Mar/2016:12:02:25 -0300] "POST /cormun/servlet/trsolicitudot?90407dd04215d27dd591a38f9863650e,gx-no-cache=1457017353488 HTTP/1.1" 200 5211
186.103.157.42 - - [03/Mar/2016:12:02:25 -0300] "GET /cormun/servlet/solicitudotadjuntos?e958407a5fb987110fa75d8db8f03ea50b1995851f6736a0159a2e056ed8c255,gx-no-cache=1457017374002 HTTP/1.1" 200 30
186.103.157.42 - - [03/Mar/2016:12:02:25 -0300] "GET /cormun/servlet/solicitudotadjuntos?e958407a5fb987110fa75d8db8f03ea50b1995851f6736a0159a2e056ed8c255,gx-no-cache=1457017374048 HTTP/1.1" 200 30
186.103.159.44 - - [03/Mar/2016:12:02:25 -0300] "POST /cormun/servlet/trsolicitudot?90407dd04215d27dd591a38f9863650e,gx-no-cache=1457017353965 HTTP/1.1" 200 5211
186.103.159.44 - - [03/Mar/2016:12:02:26 -0300] "POST /cormun/servlet/trsolicitudot?90407dd04215d27dd591a38f9863650e,gx-no-cache=1457017354509 HTTP/1.1" 200 5210
186.103.159.44 - - [03/Mar/2016:12:02:27 -0300] "POST /cormun/servlet/trsolicitudot?90407dd04215d27dd591a38f9863650e,gx-no-cache=1457017355161 HTTP/1.1" 200 5210
186.78.57.210 - - [03/Mar/2016:12:02:27 -0300] "GET /cormun/servlet/prfichaempleado?5a49bdae2c68333ab4144f9181a5167a0a627121f73bfaf62c65015997479ac7dd1fb2780603ec18d98eaececceb40a9a9e4834f3040cc2bbc947266ea2fca97cd8106e10bf6fb6bfa35e7d152094c1e,gx-no-cache=1457017407255 HTTP/1.1" 200 460
191.112.78.213 - - [03/Mar/2016:12:02:27 -0300] "GET /cormun/servlet/solicitudotadjuntos?5dc64e72aa6460987ed563b8bb772a1eb7d76dcf35d15f6dca7db02f4044a319,gx-no-cache=1457017373063 HTTP/1.1" 200 30
191.112.78.213 - - [03/Mar/2016:12:02:27 -0300] "GET /cormun/servlet/solicitudotadjuntos?5dc64e72aa6460987ed563b8bb772a1eb7d76dcf35d15f6dca7db02f4044a319,gx-no-cache=1457017373201 HTTP/1.1" 200 30
186.103.159.44 - - [03/Mar/2016:12:02:28 -0300] "POST /cormun/servlet/trsolicitudot?90407dd04215d27dd591a38f9863650e,gx-no-cache=1457017355871 HTTP/1.1" 200 5210
186.78.57.210 - - [03/Mar/2016:12:02:28 -0300] "GET /cormun/servlet/prfichaempleado?5a49bdae2c68333ab4144f9181a5167a5dae956cb28822631e73c53184fad137f391e492211b210274634aaeccfb9f281ac92f50cafbc095f303eba02c545b0cdd9e96aa7d8ea484af62e47c500cb145,gx-no-cache=1457017408208 HTTP/1.1" 200 461
186.103.159.44 - - [03/Mar/2016:12:02:28 -0300] "POST /cormun/servlet/trsolicitudot?90407dd04215d27dd591a38f9863650e,gx-no-cache=1457017357053 HTTP/1.1" 200 5209
191.112.78.213 - - [03/Mar/2016:12:02:29 -0300] "POST /cormun/servlet/solicitudotadjuntos?78a791391b8286a9b26165191b25347f,INS,2016,465,,1, HTTP/1.1" 200 116
191.112.78.213 - - [03/Mar/2016:12:02:29 -0300] "GET /cormun/servlet/hpexe_return? HTTP/1.1" 200 1028
191.112.78.213 - - [03/Mar/2016:12:02:30 -0300] "GET /cormun/servlet/trsolicitudadjuntos?2016,465, HTTP/1.1" 200 7466
186.103.157.42 - - [03/Mar/2016:12:02:30 -0300] "POST /cormun/servlet/solicitudotadjuntos?119fcdbc79273f32bc01795cff52d571,INS,2016,305,,1, HTTP/1.1" 200 116
186.103.157.42 - - [03/Mar/2016:12:02:30 -0300] "GET /cormun/servlet/hpexe_return? HTTP/1.1" 200 1029
186.103.157.42 - - [03/Mar/2016:12:02:30 -0300] "GET /cormun/static/gxcfg.js?2015111312145050 HTTP/1.1" 200 953
186.103.157.42 - - [03/Mar/2016:12:02:30 -0300] "GET /cormun/static/hpexe_return.js?2015111312145056 HTTP/1.1" 200 1633
186.103.157.42 - - [03/Mar/2016:12:02:30 -0300] "GET /cormun/static/Resources/Spanish/PXTools.css?12112540 HTTP/1.1" 200 89042
186.103.157.42 - - [03/Mar/2016:12:02:31 -0300] "GET /cormun/servlet/trsolicitudadjuntos?2016,305, HTTP/1.1" 200 8007
186.78.57.210 - - [03/Mar/2016:12:02:32 -0300] "GET /cormun/servlet/prfichaempleado?5a49bdae2c68333ab4144f9181a5167a5dae956cb28822631e73c53184fad137691d02ee10c7c6ed05c41f2969a3177ac9accdd51006e319e2ae3ef93ee8275332595a51dab5a29958bae1456a5fae4d,gx-no-cache=1457017412170 HTTP/1.1" 200 467
191.112.78.213 - - [03/Mar/2016:12:02:32 -0300] "GET /cormun/servlet/trsolicitudadjuntos?2016,465, HTTP/1.1" 200 7462
186.103.157.42 - - [03/Mar/2016:12:02:32 -0300] "GET /cormun/servlet/trsolicitudadjuntos?2016,305, HTTP/1.1" 200 8007
186.78.57.210 - - [03/Mar/2016:12:02:33 -0300] "GET /cormun/servlet/prfichaempleado?5a49bdae2c68333ab4144f9181a5167a5dae956cb28822631e73c53184fad1374d2b2675d7c4893ee51f1496c9674ead635e49d8139f3a4540fae5568b5b639a9c6b239f6452cd208d56eb0603fb2fc8,gx-no-cache=1457017413359 HTTP/1.1" 200 468
186.103.159.44 - - [03/Mar/2016:12:02:34 -0300] "POST /cormun/servlet/trsolicitudot?90407dd04215d27dd591a38f9863650e,gx-no-cache=1457017357935 HTTP/1.1" 200 106
186.103.159.44 - - [03/Mar/2016:12:02:34 -0300] "GET /cormun/servlet/trsolicitudadjuntos?2016,495, HTTP/1.1" 200 5357
186.103.159.44 - - [03/Mar/2016:12:02:34 -0300] "GET /cormun/static/gxcfg.js?2016311731090 HTTP/1.1" 200 953
186.103.159.44 - - [03/Mar/2016:12:02:35 -0300] "GET /cormun/static/Resources/Spanish/PXTools.css?171692 HTTP/1.1" 200 89042
191.112.78.213 - - [03/Mar/2016:12:02:35 -0300] "GET /cormun/servlet/solicitudotadjuntos?INS,2016,465,,1, HTTP/1.1" 200 5473
186.78.57.210 - - [03/Mar/2016:12:02:35 -0300] "POST /cormun/servlet/prfichaempleado?47b2748899f65881853b1d07e208b3a8,,MD,,gxPopupLevel%3D0%3B,gx-no-cache=1457017414581 HTTP/1.1" 200 2878
186.103.159.44 - - [03/Mar/2016:12:02:35 -0300] "GET /cormun/static/trsolicitudadjuntos.js?2016311731342 HTTP/1.1" 200 17275
186.103.157.42 - - [03/Mar/2016:12:02:35 -0300] "GET /cormun/servlet/trsolicitudot? HTTP/1.1" 200 7878
191.112.78.213 - - [03/Mar/2016:12:02:35 -0300] "GET /cormun/static/about:blank HTTP/1.1" 404 1011
186.103.157.42 - - [03/Mar/2016:12:02:36 -0300] "GET /cormun/servlet/trsolicitudot? HTTP/1.1" 200 7873
191.112.78.213 - - [03/Mar/2016:12:02:37 -0300] "GET /cormun/servlet/solicitudotadjuntos?INS,2016,465,,1, HTTP/1.1" 200 5467
191.112.78.213 - - [03/Mar/2016:12:02:38 -0300] "GET /cormun/servlet/solicitudotadjuntos?5dc64e72aa6460987ed563b8bb772a1ece18c4513963a906f7eaebea24f6ac0ccc79a545b9cadcb53d627544da7dec2e,gx-no-cache=1457017383247 HTTP/1.1" 200 30
191.112.78.213 - - [03/Mar/2016:12:02:38 -0300] "POST /cormun/servlet/solicitudotadjuntos?78a791391b8286a9b26165191b25347f,INS,2016,465,,1,,gx-no-cache=1457017383473 HTTP/1.1" 200 3376
186.78.57.210 - - [03/Mar/2016:12:02:39 -0300] "POST /cormun/servlet/solicitudot?gx-no-cache=1457017418762 HTTP/1.1" 200 2778
186.103.159.44 - - [03/Mar/2016:12:02:39 -0300] "GET /cormun/servlet/solicitudotadjuntos?INS,2016,495,,1, HTTP/1.1" 200 5441
186.103.159.44 - - [03/Mar/2016:12:02:39 -0300] "GET /cormun/static/gxcfg.js?2016311984045 HTTP/1.1" 200 953
186.78.57.210 - - [03/Mar/2016:12:02:39 -0300] "POST /cormun/servlet/solicitudot?47b2748899f65881853b1d07e208b3a8,INS,0,0,,gx-no-cache=1457017419103 HTTP/1.1" 200 8400
186.103.159.44 - - [03/Mar/2016:12:02:39 -0300] "HEAD /cormun/static/about:blank HTTP/1.1" 404 -
186.78.57.210 - - [03/Mar/2016:12:02:39 -0300] "GET /cormun/servlet/solicitudot?6e39a9a0d1bc265ceaef7678f52d3ee7e52a7cd99dbaa9123ff46f6d6c502ac3dd9e96aa7d8ea484af62e47c500cb145,gx-no-cache=1457017419488 HTTP/1.1" 200 30
186.103.159.44 - - [03/Mar/2016:12:02:40 -0300] "GET /cormun/static/solicitudotadjuntos.js?2016311984068 HTTP/1.1" 200 11762
186.103.159.44 - - [03/Mar/2016:12:02:41 -0300] "GET /cormun/servlet/solicitudotadjuntos?c4f1039a28ef4ff96a24962f861638db901e3b474fc42de8473904dfab5a042dc26a155f97a671629f57f3d6ad120663,gx-no-cache=1457017369325 HTTP/1.1" 200 30
186.103.159.44 - - [03/Mar/2016:12:02:41 -0300] "POST /cormun/servlet/solicitudotadjuntos?90407dd04215d27dd591a38f9863650e,INS,2016,495,,1,,gx-no-cache=1457017369363 HTTP/1.1" 200 3358
191.112.78.213 - - [03/Mar/2016:12:02:42 -0300] "POST /cormun/servlet/solicitudotadjuntos?gx-no-cache=1457017387578 HTTP/1.1" 200 26
186.78.57.210 - - [03/Mar/2016:12:02:49 -0300] "POST /cormun/servlet/solicitudot?gx-no-cache=1457017429525 HTTP/1.1" 200 30
186.78.57.210 - - [03/Mar/2016:12:02:53 -0300] "POST /cormun/servlet/solicitudot?gx-no-cache=1457017432619 HTTP/1.1" 200 30
186.103.157.42 - - [03/Mar/2016:12:02:55 -0300] "POST /cormun/servlet/trsolicitudot?119fcdbc79273f32bc01795cff52d571,,gx-no-cache=1457017403632 HTTP/1.1" 200 5336
186.103.157.42 - - [03/Mar/2016:12:02:55 -0300] "POST /cormun/servlet/trsolicitudot?119fcdbc79273f32bc01795cff52d571,,gx-no-cache=1457017403852 HTTP/1.1" 200 5336
186.103.157.42 - - [03/Mar/2016:12:02:55 -0300] "POST /cormun/servlet/trsolicitudot?119fcdbc79273f32bc01795cff52d571,,gx-no-cache=1457017404045 HTTP/1.1" 200 5336
186.78.57.210 - - [03/Mar/2016:12:02:56 -0300] "POST /cormun/servlet/solicitudot?gx-no-cache=1457017435714 HTTP/1.1" 200 452
186.103.157.42 - - [03/Mar/2016:12:02:56 -0300] "POST /cormun/servlet/trsolicitudot?119fcdbc79273f32bc01795cff52d571,,gx-no-cache=1457017404225 HTTP/1.1" 200 5336
186.103.157.42 - - [03/Mar/2016:12:02:56 -0300] "POST /cormun/servlet/trsolicitudot?119fcdbc79273f32bc01795cff52d571,,gx-no-cache=1457017404475 HTTP/1.1" 200 5336
186.103.157.42 - - [03/Mar/2016:12:02:56 -0300] "POST /cormun/servlet/trsolicitudot?119fcdbc79273f32bc01795cff52d571,,gx-no-cache=1457017404659 HTTP/1.1" 200 5336
186.78.57.210 - - [03/Mar/2016:12:02:56 -0300] "GET /cormun/servlet/solicitudot?6e39a9a0d1bc265ceaef7678f52d3ee73b42368082a26ed9f40176c1090a5dddefcc89cf04a7367b20aa0b15d0cf6d5cdd9bb71e5e34df6f44f03dc274bd650ccce8037730835b4e1fdd495fedd66039a22a0e058346304f2d6963602213d89e0cd63fdd396f3960549a642d5f3fcff4c788d90daf63e2a97475704b8c446bca96c2ca1fe29d013f13e3bc74be01c2b9,gx-no-cache=1457017436275 HTTP/1.1" 200 38
186.103.157.42 - - [03/Mar/2016:12:02:56 -0300] "POST /cormun/servlet/trsolicitudot?119fcdbc79273f32bc01795cff52d571,,gx-no-cache=1457017404861 HTTP/1.1" 200 5335
186.103.157.42 - - [03/Mar/2016:12:02:56 -0300] "POST /cormun/servlet/trsolicitudot?119fcdbc79273f32bc01795cff52d571,,gx-no-cache=1457017405049 HTTP/1.1" 200 4987
186.103.157.42 - - [03/Mar/2016:12:02:57 -0300] "GET /cormun/static/Shared/jqueryui/images/ui-bg_highlight-soft_100_c6c2c8_1x100.png HTTP/1.1" 404 1117
186.103.157.42 - - [03/Mar/2016:12:02:57 -0300] "GET /cormun/static/Shared/jqueryui/images/ui-icons_82798d_256x240.png HTTP/1.1" 404 1089
186.103.157.42 - - [03/Mar/2016:12:02:57 -0300] "GET /cormun/static/Shared/jqueryui/images/ui-icons_8d78a5_256x240.png HTTP/1.1" 404 1089
186.103.157.42 - - [03/Mar/2016:12:02:57 -0300] "GET /cormun/static/Shared/jqueryui/images/ui-bg_flat_55_fafafa_40x100.png HTTP/1.1" 404 1097
186.103.157.42 - - [03/Mar/2016:12:02:57 -0300] "POST /cormun/servlet/trsolicitudot?119fcdbc79273f32bc01795cff52d571,,gx-no-cache=1457017405279 HTTP/1.1" 200 4928
186.103.157.42 - - [03/Mar/2016:12:03:03 -0300] "POST /cormun/servlet/trsolicitudot?119fcdbc79273f32bc01795cff52d571,,gx-no-cache=1457017411087 HTTP/1.1" 200 5328
186.103.157.42 - - [03/Mar/2016:12:03:03 -0300] "GET /cormun/servlet/trsolicitudot?a14817ea9603a3eb63edbed26e5a4e2f199ecb6ecb93d4632101873dc619eb4a9b70f95b03e501a080fddda4d22c10a60638dfd6664fe3bfb8736fca8cea7dc293a823221ef5edea0b929c60879c60c8dc5b64fec49076ed33d0c4cb6e739a48,gx-no-cache=1457017411497 HTTP/1.1" 200 2636
186.78.57.210 - - [03/Mar/2016:12:03:07 -0300] "GET /cormun/servlet/solicitudot?6e39a9a0d1bc265ceaef7678f52d3ee760e6ddc2d33d5a9f4849f6e5f2ec557a57926716032d05535c6c9a99fdb06159c37cad2572351a3b687a5ebf2669e662146d4ef7a3ba2f544a569bd405aed887385e9d8292df8c5caa0b7ad1b460a0692728fccf829fc0cfb1daff54a318bef7fde91b14049e73553d8978b4281c6e11e3e7f7cddd2a4f24abc65b9162edad9fb3f1761fedace1a1045ad6670cc4a0af,gx-no-cache=1457017446967 HTTP/1.1" 200 29
186.103.157.42 - - [03/Mar/2016:12:03:08 -0300] "POST /cormun/servlet/trsolicitudot?119fcdbc79273f32bc01795cff52d571,,gx-no-cache=1457017416836 HTTP/1.1" 200 5329
186.103.157.42 - - [03/Mar/2016:12:03:08 -0300] "POST /cormun/servlet/trsolicitudot?119fcdbc79273f32bc01795cff52d571,,gx-no-cache=1457017417075 HTTP/1.1" 200 5329
186.103.157.42 - - [03/Mar/2016:12:03:09 -0300] "POST /cormun/servlet/trsolicitudot?119fcdbc79273f32bc01795cff52d571,,gx-no-cache=1457017417271 HTTP/1.1" 200 5328
186.103.157.42 - - [03/Mar/2016:12:03:09 -0300] "POST /cormun/servlet/trsolicitudot?119fcdbc79273f32bc01795cff52d571,,gx-no-cache=1457017417471 HTTP/1.1" 200 5328
186.78.57.210 - - [03/Mar/2016:12:03:09 -0300] "POST /cormun/servlet/solicitudot?gx-no-cache=1457017449054 HTTP/1.1" 200 1116
186.103.157.42 - - [03/Mar/2016:12:03:10 -0300] "POST /cormun/servlet/trsolicitudot?119fcdbc79273f32bc01795cff52d571,,gx-no-cache=1457017418336 HTTP/1.1" 200 5329
186.103.157.42 - - [03/Mar/2016:12:03:10 -0300] "POST /cormun/servlet/trsolicitudot?119fcdbc79273f32bc01795cff52d571,,gx-no-cache=1457017418790 HTTP/1.1" 200 5329
186.103.157.42 - - [03/Mar/2016:12:03:11 -0300] "POST /cormun/servlet/trsolicitudot?119fcdbc79273f32bc01795cff52d571,,gx-no-cache=1457017419066 HTTP/1.1" 200 5328
186.103.157.42 - - [03/Mar/2016:12:03:11 -0300] "POST /cormun/servlet/trsolicitudot?119fcdbc79273f32bc01795cff52d571,,gx-no-cache=1457017419464 HTTP/1.1" 200 5361
186.103.157.42 - - [03/Mar/2016:12:03:11 -0300] "POST /cormun/servlet/trsolicitudot?119fcdbc79273f32bc01795cff52d571,,gx-no-cache=1457017419787 HTTP/1.1" 200 5303
186.103.157.42 - - [03/Mar/2016:12:03:16 -0300] "POST /cormun/servlet/trsolicitudot?119fcdbc79273f32bc01795cff52d571,,gx-no-cache=1457017424114 HTTP/1.1" 200 5328
186.103.157.42 - - [03/Mar/2016:12:03:16 -0300] "POST /cormun/servlet/trsolicitudot?119fcdbc79273f32bc01795cff52d571,,gx-no-cache=1457017424365 HTTP/1.1" 200 5329
186.103.157.42 - - [03/Mar/2016:12:03:17 -0300] "POST /cormun/servlet/trsolicitudot?119fcdbc79273f32bc01795cff52d571,,gx-no-cache=1457017425240 HTTP/1.1" 200 5329
186.103.157.42 - - [03/Mar/2016:12:03:17 -0300] "POST /cormun/servlet/trsolicitudot?119fcdbc79273f32bc01795cff52d571,,gx-no-cache=1457017425515 HTTP/1.1" 200 5329
186.103.157.42 - - [03/Mar/2016:12:03:17 -0300] "POST /cormun/servlet/trsolicitudot?119fcdbc79273f32bc01795cff52d571,,gx-no-cache=1457017425748 HTTP/1.1" 200 5328
186.103.157.42 - - [03/Mar/2016:12:03:17 -0300] "POST /cormun/servlet/trsolicitudot?119fcdbc79273f32bc01795cff52d571,,gx-no-cache=1457017425994 HTTP/1.1" 200 5329
186.103.157.42 - - [03/Mar/2016:12:03:18 -0300] "POST /cormun/servlet/trsolicitudot?119fcdbc79273f32bc01795cff52d571,,gx-no-cache=1457017426252 HTTP/1.1" 200 5329
186.103.157.42 - - [03/Mar/2016:12:03:18 -0300] "POST /cormun/servlet/trsolicitudot?119fcdbc79273f32bc01795cff52d571,,gx-no-cache=1457017426502 HTTP/1.1" 200 5363
186.103.157.42 - - [03/Mar/2016:12:03:18 -0300] "POST /cormun/servlet/trsolicitudot?119fcdbc79273f32bc01795cff52d571,,gx-no-cache=1457017426889 HTTP/1.1" 200 5304
186.103.157.42 - - [03/Mar/2016:12:03:27 -0300] "GET /cormun/servlet/trvisualizadoreventos? HTTP/1.1" 200 5976
186.103.157.42 - - [03/Mar/2016:12:03:28 -0300] "GET /cormun/static/gxcfg.js?2016251828014 HTTP/1.1" 200 953
186.103.157.42 - - [03/Mar/2016:12:03:28 -0300] "GET /cormun/static/Resources/PXToolsActionPrint.png HTTP/1.1" 200 3317
186.103.157.42 - - [03/Mar/2016:12:03:28 -0300] "GET /cormun/static/trvisualizadoreventos.js?2016251828276 HTTP/1.1" 200 19096
186.103.157.42 - - [03/Mar/2016:12:03:28 -0300] "GET /cormun/static/Resources/Spanish/PXTools.css?17554516 HTTP/1.1" 200 89042
186.103.157.42 - - [03/Mar/2016:12:03:29 -0300] "GET /cormun/servlet/trvisualizadoreventos? HTTP/1.1" 200 5976
186.103.157.42 - - [03/Mar/2016:12:03:35 -0300] "GET /cormun/servlet/trvisualizadoreventos?a14817ea9603a3eb63edbed26e5a4e2fbcaebcddb439ca5b871a6b32a9383e6093d39ecbee8581fe110759b24b8451302ff557ae3cf545029f8e15b6c4496391cbf763954666dbfcdd804189ff127802c46504913925673f57684263e99c4cf1fc06dfaf83e72d37c60add722d4fdbdb10b5f9a931b0c20f0cbbc239749f834623e42e7c8d0a048e9afc6d6c7424696644637fe19abbff0b1d15c3630cf481d0466d6e4eea1c199f2d2db414a4f0163cbf065ae757ad218354fc86b61a1d6b5b,gx-no-cache=1457017443368 HTTP/1.1" 200 569
186.78.57.210 - - [03/Mar/2016:12:03:35 -0300] "GET /cormun/servlet/solicitudot?6e39a9a0d1bc265ceaef7678f52d3ee7bbec25a2c8ac73cf41feac862aa1da547378e838525ac40447376187b6a9b931b12cefeb85c121336ca26571b1a11a8f197898cd665fb4dd4f0ec214789a202e413ab53818e1945ccb9fdfecf59007d3a6b030301367140c9ef7cf5dec91b7752802bcc69b37011aed529050ffe7687e556976f1633dfeb6dd8dbd24b114b7fc8c94c031966bb4feb62720c34cd051a8587be19ec5aba2b1734a330d04442ecc,gx-no-cache=1457017474826 HTTP/1.1" 200 30
186.103.157.42 - - [03/Mar/2016:12:03:40 -0300] "GET /cormun/servlet/trautorizarsolicitud? HTTP/1.1" 200 6156
186.103.157.42 - - [03/Mar/2016:12:03:40 -0300] "GET /cormun/static/gxcfg.js?20163219504791 HTTP/1.1" 200 953
186.103.157.42 - - [03/Mar/2016:12:03:40 -0300] "GET /cormun/static/trautorizarsolicitud.js?20163219505323 HTTP/1.1" 200 45302
186.103.157.42 - - [03/Mar/2016:12:03:40 -0300] "GET /cormun/static/Resources/Spanish/PXTools.css?19444614 HTTP/1.1" 200 89042
186.103.157.42 - - [03/Mar/2016:12:03:41 -0300] "GET /cormun/servlet/trautorizarsolicitud? HTTP/1.1" 200 6155
186.103.157.42 - - [03/Mar/2016:12:03:49 -0300] "POST /cormun/servlet/trautorizarsolicitud?119fcdbc79273f32bc01795cff52d571,,gx-no-cache=1457017457851 HTTP/1.1" 200 5287
186.103.157.42 - - [03/Mar/2016:12:03:50 -0300] "POST /cormun/servlet/trautorizarsolicitud?119fcdbc79273f32bc01795cff52d571,,gx-no-cache=1457017458104 HTTP/1.1" 200 5287
186.103.157.42 - - [03/Mar/2016:12:03:50 -0300] "POST /cormun/servlet/trautorizarsolicitud?119fcdbc79273f32bc01795cff52d571,,gx-no-cache=1457017458284 HTTP/1.1" 200 5288
186.103.157.42 - - [03/Mar/2016:12:03:50 -0300] "POST /cormun/servlet/trautorizarsolicitud?119fcdbc79273f32bc01795cff52d571,,gx-no-cache=1457017458482 HTTP/1.1" 200 5288
186.78.57.210 - - [03/Mar/2016:12:03:51 -0300] "POST /cormun/servlet/solicitudot?47b2748899f65881853b1d07e208b3a8,INS,0,0,,gx-no-cache=1457017490321 HTTP/1.1" 200 93
186.78.57.210 - - [03/Mar/2016:12:03:51 -0300] "GET /cormun/servlet/hpexe_return? HTTP/1.1" 200 1008
186.78.57.210 - - [03/Mar/2016:12:03:52 -0300] "GET /cormun/servlet/trsolicitudot HTTP/1.1" 200 7893
186.78.57.210 - - [03/Mar/2016:12:03:52 -0300] "GET /cormun/servlet/trsolicitudot HTTP/1.1" 200 7889
186.103.157.42 - - [03/Mar/2016:12:03:55 -0300] "GET /cormun/servlet/veautorizarsolicitud?2016,305,, HTTP/1.1" 200 7575
186.103.157.42 - - [03/Mar/2016:12:03:55 -0300] "GET /cormun/static/gxcfg.js?20163117315759 HTTP/1.1" 200 953
186.103.157.42 - - [03/Mar/2016:12:03:55 -0300] "GET /cormun/pexe_scrolldiv.js HTTP/1.1" 404 1009
186.103.157.42 - - [03/Mar/2016:12:03:55 -0300] "GET /cormun/static/Resources/PXToolsTabFirstSelected.png HTTP/1.1" 200 1259
186.103.157.42 - - [03/Mar/2016:12:03:55 -0300] "GET /cormun/static/hwcviewtabs.js?20151120014372 HTTP/1.1" 200 1074
186.103.157.42 - - [03/Mar/2016:12:03:55 -0300] "GET /cormun/static/hpexe_tabsview.js?20151120014350 HTTP/1.1" 200 1661
186.103.157.42 - - [03/Mar/2016:12:03:55 -0300] "GET /cormun/static/veautorizarsolicitud.js?20163117315822 HTTP/1.1" 200 6140
186.103.157.42 - - [03/Mar/2016:12:03:55 -0300] "GET /cormun/static/tbautorizarsolicitud01.js?20163117314344 HTTP/1.1" 200 27022
186.103.157.42 - - [03/Mar/2016:12:03:55 -0300] "GET /cormun/static/Resources/PXToolsTabLastUnselected.png HTTP/1.1" 200 1291
186.103.157.42 - - [03/Mar/2016:12:03:55 -0300] "GET /cormun/static/Resources/PXToolsTabPrevious.gif HTTP/1.1" 200 172
186.103.157.42 - - [03/Mar/2016:12:03:55 -0300] "GET /cormun/static/Resources/PXToolsTabNext.gif HTTP/1.1" 200 168
186.103.157.42 - - [03/Mar/2016:12:03:55 -0300] "GET /cormun/pexe_scrolldiv.js HTTP/1.1" 404 1009
186.103.157.42 - - [03/Mar/2016:12:03:56 -0300] "GET /cormun/static/calendar-system.css HTTP/1.1" 200 5572
186.103.157.42 - - [03/Mar/2016:12:03:56 -0300] "GET /cormun/static/Resources/PXToolsTabBackUnselected.png HTTP/1.1" 200 1175
186.103.157.42 - - [03/Mar/2016:12:03:56 -0300] "GET /cormun/static/Resources/PXToolsTabBackSelected.png HTTP/1.1" 200 1157
186.103.157.42 - - [03/Mar/2016:12:03:56 -0300] "GET /cormun/static/Resources/PXToolsTabUnselectedUnselected.png HTTP/1.1" 200 1459
186.103.157.42 - - [03/Mar/2016:12:03:56 -0300] "GET /cormun/static/Resources/PXToolsTabSelectedUnselected.png HTTP/1.1" 200 1428
186.103.157.42 - - [03/Mar/2016:12:03:56 -0300] "GET /cormun/servlet/veautorizarsolicitud?2016,305,, HTTP/1.1" 200 7573
186.78.57.210 - - [03/Mar/2016:12:03:57 -0300] "POST /cormun/servlet/trsolicitudot?47b2748899f65881853b1d07e208b3a8,gx-no-cache=1457017497177 HTTP/1.1" 200 106
186.78.57.210 - - [03/Mar/2016:12:03:58 -0300] "GET /cormun/servlet/trsolicitudadjuntos?2016,496, HTTP/1.1" 200 5369
186.78.57.210 - - [03/Mar/2016:12:03:58 -0300] "GET /cormun/servlet/trsolicitudadjuntos?2016,496, HTTP/1.1" 200 5369
186.103.157.42 - - [03/Mar/2016:12:03:58 -0300] "GET /cormun/servlet/veautorizarsolicitud?2016,305,,SolicitudOTLog HTTP/1.1" 200 7700
186.103.157.42 - - [03/Mar/2016:12:03:59 -0300] "GET /cormun/pexe_scrolldiv.js HTTP/1.1" 404 1009
186.103.157.42 - - [03/Mar/2016:12:03:59 -0300] "GET /cormun/static/tbautorizarsolicitud03.js?20163117313579 HTTP/1.1" 200 12400
186.103.157.42 - - [03/Mar/2016:12:03:59 -0300] "GET /cormun/static/Resources/PXToolsTabLastSelected.png HTTP/1.1" 200 1262
186.103.157.42 - - [03/Mar/2016:12:03:59 -0300] "GET /cormun/pexe_scrolldiv.js HTTP/1.1" 404 1009
186.103.157.42 - - [03/Mar/2016:12:03:59 -0300] "GET /cormun/static/gxui/gxui-all.css HTTP/1.1" 200 2179
186.103.157.42 - - [03/Mar/2016:12:03:59 -0300] "GET /cormun/static/Resources/PXToolsTabFirstUnselected.png HTTP/1.1" 200 1264
186.103.157.42 - - [03/Mar/2016:12:03:59 -0300] "GET /cormun/static/Resources/PXToolsTabUnselectedSelected.png HTTP/1.1" 200 1444
186.103.157.42 - - [03/Mar/2016:12:03:59 -0300] "GET /cormun/servlet/veautorizarsolicitud?2016,305,,SolicitudOTLog HTTP/1.1" 200 7700
186.103.157.42 - - [03/Mar/2016:12:04:00 -0300] "POST /cormun/servlet/acontrolpreferencessavestate?None,RPEREZ,true HTTP/1.1" 200 35
186.103.159.182 - - [03/Mar/2016:12:04:01 -0300] "POST /cormun/servlet/solicitudot?gx-no-cache=1457017469201 HTTP/1.1" 200 30
186.78.57.210 - - [03/Mar/2016:12:04:01 -0300] "GET /cormun/servlet/solicitudotadjuntos?INS,2016,496,,1, HTTP/1.1" 200 5456
186.103.159.182 - - [03/Mar/2016:12:04:02 -0300] "POST /cormun/servlet/solicitudot?gx-no-cache=1457017470251 HTTP/1.1" 200 1157
186.103.159.182 - - [03/Mar/2016:12:04:02 -0300] "GET /cormun/servlet/solicitudot?83b595024b3ef2ba08bb50c01f341b85e97200e67c3fa638d5037ce864ba01f8826548408f297dd46354a055ef6b7dcc31f2be8452d09281b52a00d957febbe6f070a0739b29b2fc8294fcbc76e73afa711634ac9f2ced22b5f701f6719fd0540891a7062c3262e5425f61f67d9cb31ebdf4a45c4661dce79d415399e7131c9b71f0b3054b20f62e4c78e6776e7277fc,gx-no-cache=1457017470336 HTTP/1.1" 200 38
186.78.57.210 - - [03/Mar/2016:12:04:02 -0300] "GET /cormun/static/about:blank HTTP/1.1" 404 1011
186.78.57.210 - - [03/Mar/2016:12:04:02 -0300] "GET /cormun/servlet/solicitudotadjuntos?INS,2016,496,,1, HTTP/1.1" 200 5450
186.78.57.210 - - [03/Mar/2016:12:04:02 -0300] "GET /cormun/servlet/solicitudotadjuntos?6e39a9a0d1bc265ceaef7678f52d3ee78f7ad3bcc5ca5bb9b1232319eda98a80cd8106e10bf6fb6bfa35e7d152094c1e,gx-no-cache=1457017502432 HTTP/1.1" 200 30
186.78.57.210 - - [03/Mar/2016:12:04:03 -0300] "POST /cormun/servlet/solicitudotadjuntos?47b2748899f65881853b1d07e208b3a8,INS,2016,496,,1,,gx-no-cache=1457017502839 HTTP/1.1" 200 3356
186.103.159.182 - - [03/Mar/2016:12:04:08 -0300] "GET /cormun/servlet/solicitudot?83b595024b3ef2ba08bb50c01f341b8513b641669b44fd0df862b30ad9c259ce2f36f844a165e26a6bf33a7568a8c5d79df1bd208ada7df0ca8be0d891c8099fbb94b70c3dd8558ce6fb556c9654f40eea750fd1cde847ce74931d850f90b6cae6380033786cda5d76f0a1c8a98e81d0,gx-no-cache=1457017476901 HTTP/1.1" 200 29
186.103.159.182 - - [03/Mar/2016:12:04:08 -0300] "POST /cormun/servlet/solicitudot?gx-no-cache=1457017476962 HTTP/1.1" 200 1116
186.103.157.42 - - [03/Mar/2016:12:04:55 -0300] "GET /cormun/servlet/trsolicitudot? HTTP/1.1" 200 7878
186.103.159.182 - - [03/Mar/2016:12:04:56 -0300] "POST /cormun/servlet/solicitudot?705ec4271f7a59328d523fa32fe3920a,INS,0,0,,gx-no-cache=1457017524041 HTTP/1.1" 200 93
186.103.159.182 - - [03/Mar/2016:12:04:56 -0300] "GET /cormun/servlet/hpexe_return? HTTP/1.1" 200 1006
186.103.159.182 - - [03/Mar/2016:12:04:56 -0300] "GET /cormun/servlet/trsolicitudot HTTP/1.1" 200 6145
186.103.157.42 - - [03/Mar/2016:12:04:56 -0300] "GET /cormun/servlet/trsolicitudot? HTTP/1.1" 200 7868
186.103.159.182 - - [03/Mar/2016:12:04:58 -0300] "GET /cormun/servlet/trsolicitudot HTTP/1.1" 200 6142
186.103.157.42 - - [03/Mar/2016:12:05:01 -0300] "POST /cormun/servlet/trsolicitudot?119fcdbc79273f32bc01795cff52d571,,gx-no-cache=1457017529342 HTTP/1.1" 200 5332
186.103.157.42 - - [03/Mar/2016:12:05:01 -0300] "POST /cormun/servlet/trsolicitudot?119fcdbc79273f32bc01795cff52d571,,gx-no-cache=1457017529646 HTTP/1.1" 200 5332
186.103.159.182 - - [03/Mar/2016:12:05:01 -0300] "GET /cormun/servlet/solicitudot?INS,0,0, HTTP/1.1" 200 11381
186.103.157.42 - - [03/Mar/2016:12:05:01 -0300] "POST /cormun/servlet/trsolicitudot?119fcdbc79273f32bc01795cff52d571,,gx-no-cache=1457017529867 HTTP/1.1" 200 5333
186.103.157.42 - - [03/Mar/2016:12:05:01 -0300] "POST /cormun/servlet/trsolicitudot?119fcdbc79273f32bc01795cff52d571,,gx-no-cache=1457017530028 HTTP/1.1" 200 5332
186.103.159.182 - - [03/Mar/2016:12:05:03 -0300] "GET /cormun/servlet/solicitudot?INS,0,0, HTTP/1.1" 200 11386
186.103.157.42 - - [03/Mar/2016:12:05:04 -0300] "POST /cormun/servlet/trsolicitudot?119fcdbc79273f32bc01795cff52d571,,gx-no-cache=1457017532265 HTTP/1.1" 200 4957
186.103.157.42 - - [03/Mar/2016:12:05:04 -0300] "GET /cormun/servlet/trsolicitudot?a14817ea9603a3eb63edbed26e5a4e2fbc32d93b486986a4c76b34a4d22b51a3329234a257e45abd90f6288b212581066708c6f5473b9ac67afacc09cc7513ab93a823221ef5edea0b929c60879c60c89b7ae6d3759e9d423ce42d0c77588a6a,gx-no-cache=1457017532675 HTTP/1.1" 200 2213
186.103.157.42 - - [03/Mar/2016:12:05:08 -0300] "POST /cormun/servlet/trsolicitudot?119fcdbc79273f32bc01795cff52d571,,gx-no-cache=1457017536077 HTTP/1.1" 200 4956
186.103.157.42 - - [03/Mar/2016:12:05:08 -0300] "POST /cormun/servlet/trsolicitudot?119fcdbc79273f32bc01795cff52d571,,gx-no-cache=1457017536280 HTTP/1.1" 200 4957
186.103.157.42 - - [03/Mar/2016:12:05:08 -0300] "POST /cormun/servlet/trsolicitudot?119fcdbc79273f32bc01795cff52d571,,gx-no-cache=1457017536442 HTTP/1.1" 200 4957
186.103.157.42 - - [03/Mar/2016:12:05:08 -0300] "POST /cormun/servlet/trsolicitudot?119fcdbc79273f32bc01795cff52d571,,gx-no-cache=1457017536668 HTTP/1.1" 200 4974
186.103.159.182 - - [03/Mar/2016:12:05:10 -0300] "POST /cormun/servlet/solicitudot?gx-no-cache=1457017539076 HTTP/1.1" 200 2790
186.103.159.182 - - [03/Mar/2016:12:05:11 -0300] "POST /cormun/servlet/solicitudot?705ec4271f7a59328d523fa32fe3920a,INS,0,0,,gx-no-cache=1457017539301 HTTP/1.1" 200 8396
186.103.159.182 - - [03/Mar/2016:12:05:11 -0300] "GET /cormun/servlet/solicitudot?83b595024b3ef2ba08bb50c01f341b85b6ee7abd15d8e2f9c52a77e5729171512df1760c6d29dd2fb5ec3b8c04d69c5e,gx-no-cache=1457017539646 HTTP/1.1" 200 30
186.103.159.44 - - [03/Mar/2016:12:05:13 -0300] "POST /cormun/servlet/solicitudotadjuntos?gx-no-cache=1457017521223 HTTP/1.1" 200 26
186.103.159.182 - - [03/Mar/2016:12:05:14 -0300] "POST /cormun/servlet/solicitudot?gx-no-cache=1457017542464 HTTP/1.1" 200 30
186.103.159.182 - - [03/Mar/2016:12:05:14 -0300] "POST /cormun/servlet/solicitudot?gx-no-cache=1457017542494 HTTP/1.1" 200 33
186.103.159.182 - - [03/Mar/2016:12:05:14 -0300] "POST /cormun/servlet/solicitudot?gx-no-cache=1457017542561 HTTP/1.1" 200 1157
186.103.159.182 - - [03/Mar/2016:12:05:14 -0300] "GET /cormun/servlet/solicitudot?83b595024b3ef2ba08bb50c01f341b85e97200e67c3fa638d5037ce864ba01f8826548408f297dd46354a055ef6b7dcc31f2be8452d09281b52a00d957febbe6f070a0739b29b2fc8294fcbc76e73afa711634ac9f2ced22b5f701f6719fd0540891a7062c3262e5425f61f67d9cb31ebdf4a45c4661dce79d415399e7131c9b71f0b3054b20f62e4c78e6776e7277fc,gx-no-cache=1457017542645 HTTP/1.1" 200 38
186.103.157.42 - - [03/Mar/2016:12:05:18 -0300] "POST /cormun/servlet/trsolicitudot?119fcdbc79273f32bc01795cff52d571,,gx-no-cache=1457017546734 HTTP/1.1" 200 104
186.103.157.42 - - [03/Mar/2016:12:05:18 -0300] "GET /cormun/servlet/solicitudot?UPD,2016,313, HTTP/1.1" 200 12697
186.103.157.42 - - [03/Mar/2016:12:05:18 -0300] "GET /cormun/static/gxcfg.js?20163219435133 HTTP/1.1" 200 953
186.103.157.42 - - [03/Mar/2016:12:05:19 -0300] "GET /cormun/static/solicitudot.js?20163219435183 HTTP/1.1" 200 44151
186.103.157.42 - - [03/Mar/2016:12:05:19 -0300] "GET /cormun/servlet/solicitudot?UPD,2016,313, HTTP/1.1" 200 12706
186.103.159.182 - - [03/Mar/2016:12:05:20 -0300] "GET /cormun/servlet/solicitudot?83b595024b3ef2ba08bb50c01f341b8513b641669b44fd0df862b30ad9c259ce2f36f844a165e26a6bf33a7568a8c5d79df1bd208ada7df0ca8be0d891c8099fbb94b70c3dd8558ce6fb556c9654f40eea750fd1cde847ce74931d850f90b6cae6380033786cda5d76f0a1c8a98e81d0,gx-no-cache=1457017548253 HTTP/1.1" 200 29
186.103.159.182 - - [03/Mar/2016:12:05:20 -0300] "POST /cormun/servlet/solicitudot?gx-no-cache=1457017548300 HTTP/1.1" 200 1116
186.103.157.42 - - [03/Mar/2016:12:05:20 -0300] "POST /cormun/servlet/solicitudot?gx-no-cache=1457017548343 HTTP/1.1" 200 2772
186.103.157.42 - - [03/Mar/2016:12:05:20 -0300] "POST /cormun/servlet/solicitudot?119fcdbc79273f32bc01795cff52d571,UPD,2016,313,,gx-no-cache=1457017548486 HTTP/1.1" 200 9085
186.103.157.42 - - [03/Mar/2016:12:05:20 -0300] "GET /cormun/servlet/solicitudot?e958407a5fb987110fa75d8db8f03ea59d8b45b0fa042ab1c648f2676e909a0ee5d55d3a03019f813162c6f510a76a4f,gx-no-cache=1457017548692 HTTP/1.1" 200 30
186.103.157.42 - - [03/Mar/2016:12:05:20 -0300] "POST /cormun/servlet/solicitudot?gx-no-cache=1457017548732 HTTP/1.1" 200 30
186.103.157.42 - - [03/Mar/2016:12:05:20 -0300] "POST /cormun/servlet/solicitudot?gx-no-cache=1457017548761 HTTP/1.1" 200 30
186.103.157.42 - - [03/Mar/2016:12:05:20 -0300] "POST /cormun/servlet/solicitudot?gx-no-cache=1457017548804 HTTP/1.1" 200 1158
186.103.157.42 - - [03/Mar/2016:12:05:20 -0300] "GET /cormun/servlet/solicitudot?e958407a5fb987110fa75d8db8f03ea5247c69f9d6f1c7f5cd25fcc9d1688851df970cead3baf43f2f0a6bcdc0e68296716334c94019a153a5fa51fe1bfec47b0245a85c0136e5fb7e560e376a70a0e7f99911ac2dacba5ec4b4256d88ef562629cee658e321620492d729bfe0d41f88bc6c66d0913021835ed8b947d3eac4f3f16c9c4ca9cf0cf16c9744f3663dc1f1a94f09f97502feb773d2d57250917a0b,gx-no-cache=1457017548856 HTTP/1.1" 200 41
186.103.159.182 - - [03/Mar/2016:12:05:30 -0300] "GET /cormun/servlet/solicitudot?83b595024b3ef2ba08bb50c01f341b85873c307f4b58198e641d7521c9a322deca8d104be3a1fc510b72256386c0904b59b1bebe16d719f6be047f0927ccd371d245cd25758af00c5d851493edd673ef7270ddf7d96ebfbec7024a1ac54bdb9406bfa99cfc65ab2dc42dd124b20bc31de7e7ccbcedbf3a4bb5ecc09e3f5ade5af26f9cc232fda7766b933b7a8413eb1be0e480a6bb4b083d9650c1382be6637b4d836b8980781f2f10015e95750dfe62,gx-no-cache=1457017558622 HTTP/1.1" 200 30
186.78.57.210 - - [03/Mar/2016:12:05:30 -0300] "GET /cormun/servlet/trsolicitudot? HTTP/1.1" 200 7899
186.103.159.182 - - [03/Mar/2016:12:05:30 -0300] "POST /cormun/servlet/solicitudot?705ec4271f7a59328d523fa32fe3920a,INS,0,0,,gx-no-cache=1457017558670 HTTP/1.1" 200 93
186.103.159.182 - - [03/Mar/2016:12:05:30 -0300] "GET /cormun/servlet/hpexe_return? HTTP/1.1" 200 1006
186.103.159.182 - - [03/Mar/2016:12:05:30 -0300] "GET /cormun/servlet/trsolicitudot HTTP/1.1" 200 6145
186.78.57.210 - - [03/Mar/2016:12:05:31 -0300] "GET /cormun/servlet/trsolicitudot? HTTP/1.1" 200 7889
186.103.159.182 - - [03/Mar/2016:12:05:32 -0300] "GET /cormun/servlet/trsolicitudot HTTP/1.1" 200 6142
186.78.57.210 - - [03/Mar/2016:12:05:35 -0300] "POST /cormun/servlet/trsolicitudot?47b2748899f65881853b1d07e208b3a8,,gx-no-cache=1457017594685 HTTP/1.1" 200 106
186.78.57.210 - - [03/Mar/2016:12:05:35 -0300] "GET /cormun/servlet/trsolicitudadjuntos?2016,485, HTTP/1.1" 200 7619
186.78.57.210 - - [03/Mar/2016:12:05:36 -0300] "GET /cormun/servlet/trsolicitudadjuntos?2016,485, HTTP/1.1" 200 7621
186.103.157.42 - - [03/Mar/2016:12:05:37 -0300] "POST /cormun/servlet/solicitudot?gx-no-cache=1457017565552 HTTP/1.1" 200 30
186.103.157.42 - - [03/Mar/2016:12:05:37 -0300] "POST /cormun/servlet/solicitudot?gx-no-cache=1457017565590 HTTP/1.1" 200 1158
186.103.157.42 - - [03/Mar/2016:12:05:37 -0300] "GET /cormun/servlet/solicitudot?e958407a5fb987110fa75d8db8f03ea5247c69f9d6f1c7f5cd25fcc9d1688851df970cead3baf43f2f0a6bcdc0e68296716334c94019a153a5fa51fe1bfec47b0245a85c0136e5fb7e560e376a70a0e7f99911ac2dacba5ec4b4256d88ef562629cee658e321620492d729bfe0d41f88bc6c66d0913021835ed8b947d3eac4f3f16c9c4ca9cf0cf16c9744f3663dc1f1a94f09f97502feb773d2d57250917a0b,gx-no-cache=1457017565664 HTTP/1.1" 200 41
186.78.57.210 - - [03/Mar/2016:12:05:40 -0300] "GET /cormun/servlet/solicitudotadjuntos?INS,2016,485,,1, HTTP/1.1" 200 5456
186.78.57.210 - - [03/Mar/2016:12:05:40 -0300] "GET /cormun/static/about:blank HTTP/1.1" 404 1011
186.78.57.210 - - [03/Mar/2016:12:05:40 -0300] "GET /cormun/servlet/solicitudotadjuntos?INS,2016,485,,1, HTTP/1.1" 200 5450
186.78.57.210 - - [03/Mar/2016:12:05:41 -0300] "GET /cormun/servlet/solicitudotadjuntos?6e39a9a0d1bc265ceaef7678f52d3ee7a1210adf5d940ce565b43ec79cc06e15cd8106e10bf6fb6bfa35e7d152094c1e,gx-no-cache=1457017600768 HTTP/1.1" 200 30
186.78.57.210 - - [03/Mar/2016:12:05:42 -0300] "POST /cormun/servlet/solicitudotadjuntos?47b2748899f65881853b1d07e208b3a8,INS,2016,485,,1,,gx-no-cache=1457017601105 HTTP/1.1" 200 3358
186.103.159.182 - - [03/Mar/2016:12:05:42 -0300] "POST /cormun/servlet/trsolicitudot?705ec4271f7a59328d523fa32fe3920a,gx-no-cache=1457017570756 HTTP/1.1" 200 3483
186.103.157.42 - - [03/Mar/2016:12:05:42 -0300] "GET /cormun/servlet/solicitudot?e958407a5fb987110fa75d8db8f03ea54da0e807715b0b55a4a883c7d6c32b5d1a1bd7e9044bbbb7067384a00f724024513cc14be9dea249ca3a3f2b62051910e8e55913ee5ef19a574890d55fdb48a3d8143db91be1c5172edf08f4663a36e8532503ca03861d98efd1d214fbda8e91a473f1081bfbf658f42f52dbf64afe285c7828862804330a4d056431f1e1a85bd7f9bb45a91d11644c77daac3a877356,gx-no-cache=1457017570923 HTTP/1.1" 200 29
186.103.157.42 - - [03/Mar/2016:12:05:42 -0300] "POST /cormun/servlet/solicitudot?gx-no-cache=1457017570958 HTTP/1.1" 200 1116
186.103.157.42 - - [03/Mar/2016:12:05:42 -0300] "GET /cormun/servlet/solicitudot?e958407a5fb987110fa75d8db8f03ea5611c1eb2e1ea2d369a188545ddc0c36b820e26d6016988a64a810551c1e6233e4bb4f1c7ad26bc3794266f5e4803981ec5affb8162b8065a682c11259bb0dc1d74d8752c8b415de289686e3e611cd9f8db8c3575ae99893c69ab38dc38dd2d56a473f1081bfbf658f42f52dbf64afe283ae36dd02d86c9f011ea0ade31df6fa719ebaf6100f2b8eabc51ed2255ac765da24c609d1ae1bae5fe7e19dbd7af7195,gx-no-cache=1457017571031 HTTP/1.1" 200 32
186.103.157.42 - - [03/Mar/2016:12:05:43 -0300] "POST /cormun/servlet/solicitudot?119fcdbc79273f32bc01795cff52d571,UPD,2016,313,,gx-no-cache=1457017571068 HTTP/1.1" 200 93
186.103.157.42 - - [03/Mar/2016:12:05:43 -0300] "GET /cormun/servlet/hpexe_return? HTTP/1.1" 200 1017
186.103.157.42 - - [03/Mar/2016:12:05:43 -0300] "GET /cormun/servlet/trsolicitudot? HTTP/1.1" 200 7513
186.103.157.42 - - [03/Mar/2016:12:05:44 -0300] "GET /cormun/servlet/trsolicitudot? HTTP/1.1" 200 7510
186.78.57.210 - - [03/Mar/2016:12:05:44 -0300] "POST /cormun/servlet/solicitudotadjuntos?gx-no-cache=1457017604258 HTTP/1.1" 200 26
186.78.57.210 - - [03/Mar/2016:12:05:45 -0300] "GET /cormun/servlet/solicitudotadjuntos?6e39a9a0d1bc265ceaef7678f52d3ee744c7ee0f437c4b3b34d7efedc0650c67,gx-no-cache=1457017604742 HTTP/1.1" 200 30
186.78.57.210 - - [03/Mar/2016:12:05:45 -0300] "GET /cormun/servlet/solicitudotadjuntos?6e39a9a0d1bc265ceaef7678f52d3ee744c7ee0f437c4b3b34d7efedc0650c67,gx-no-cache=1457017605252 HTTP/1.1" 200 30
186.78.57.210 - - [03/Mar/2016:12:05:46 -0300] "POST /cormun/servlet/solicitudotadjuntos?47b2748899f65881853b1d07e208b3a8,INS,2016,485,,1,,gx-no-cache=1457017605911 HTTP/1.1" 200 93
186.78.57.210 - - [03/Mar/2016:12:05:46 -0300] "GET /cormun/servlet/hpexe_return? HTTP/1.1" 200 1026
186.78.57.210 - - [03/Mar/2016:12:05:47 -0300] "GET /cormun/servlet/trsolicitudadjuntos?2016,485, HTTP/1.1" 200 7721
186.78.57.210 - - [03/Mar/2016:12:05:48 -0300] "GET /cormun/servlet/trsolicitudadjuntos?2016,485, HTTP/1.1" 200 7719
186.103.159.182 - - [03/Mar/2016:12:05:51 -0300] "POST /cormun/servlet/trsolicitudot?705ec4271f7a59328d523fa32fe3920a,gx-no-cache=1457017579268 HTTP/1.1" 200 3483
186.103.159.182 - - [03/Mar/2016:12:05:51 -0300] "POST /cormun/servlet/trsolicitudot?705ec4271f7a59328d523fa32fe3920a,gx-no-cache=1457017579472 HTTP/1.1" 200 3483
186.103.159.182 - - [03/Mar/2016:12:05:51 -0300] "POST /cormun/servlet/trsolicitudot?705ec4271f7a59328d523fa32fe3920a,gx-no-cache=1457017579692 HTTP/1.1" 200 3482
186.78.57.210 - - [03/Mar/2016:12:05:53 -0300] "GET /cormun/servlet/solicitudotadjuntos?DLT,2016,485,CARNET,0, HTTP/1.1" 200 5350
186.78.57.210 - - [03/Mar/2016:12:05:54 -0300] "GET /cormun/servlet/solicitudotadjuntos?DLT,2016,485,CARNET,0, HTTP/1.1" 200 5350
186.78.57.210 - - [03/Mar/2016:12:05:54 -0300] "GET /cormun/static/about:blank HTTP/1.1" 404 1011
186.78.57.210 - - [03/Mar/2016:12:05:55 -0300] "GET /cormun/static/Shared/jqueryui/images/ui-bg_highlight-soft_100_c6c2c8_1x100.png HTTP/1.1" 404 1117
186.78.57.210 - - [03/Mar/2016:12:05:55 -0300] "GET /cormun/static/Shared/jqueryui/images/ui-icons_82798d_256x240.png HTTP/1.1" 404 1089
186.78.57.210 - - [03/Mar/2016:12:05:55 -0300] "GET /cormun/static/Shared/jqueryui/images/ui-bg_flat_55_fafafa_40x100.png HTTP/1.1" 404 1097
186.78.57.210 - - [03/Mar/2016:12:05:55 -0300] "GET /cormun/static/Shared/jqueryui/images/ui-icons_8d78a5_256x240.png HTTP/1.1" 404 1089
186.78.57.210 - - [03/Mar/2016:12:05:55 -0300] "GET /cormun/servlet/solicitudotadjuntos?DLT,2016,485,CARNET,0, HTTP/1.1" 200 5344
186.103.159.182 - - [03/Mar/2016:12:05:55 -0300] "POST /cormun/servlet/trsolicitudot?705ec4271f7a59328d523fa32fe3920a,gx-no-cache=1457017583991 HTTP/1.1" 200 3483
186.103.159.182 - - [03/Mar/2016:12:05:56 -0300] "POST /cormun/servlet/trsolicitudot?705ec4271f7a59328d523fa32fe3920a,gx-no-cache=1457017584259 HTTP/1.1" 200 3483
186.103.159.182 - - [03/Mar/2016:12:05:56 -0300] "POST /cormun/servlet/trsolicitudot?705ec4271f7a59328d523fa32fe3920a,gx-no-cache=1457017584498 HTTP/1.1" 200 3481
186.103.159.182 - - [03/Mar/2016:12:05:56 -0300] "POST /cormun/servlet/trsolicitudot?705ec4271f7a59328d523fa32fe3920a,gx-no-cache=1457017584737 HTTP/1.1" 200 3483
186.103.159.44 - - [03/Mar/2016:12:05:57 -0300] "GET /cormun/servlet/solicitudotadjuntos?c4f1039a28ef4ff96a24962f861638db6ec3d3b0b73b9e8b1d0360ddaa0ed37f,gx-no-cache=1457017565566 HTTP/1.1" 200 30
186.103.159.44 - - [03/Mar/2016:12:05:57 -0300] "GET /cormun/servlet/solicitudotadjuntos?c4f1039a28ef4ff96a24962f861638db6ec3d3b0b73b9e8b1d0360ddaa0ed37f,gx-no-cache=1457017565675 HTTP/1.1" 200 30
186.103.159.44 - - [03/Mar/2016:12:05:57 -0300] "POST /cormun/servlet/solicitudotadjuntos?90407dd04215d27dd591a38f9863650e,INS,2016,495,,1, HTTP/1.1" 200 116
186.103.159.44 - - [03/Mar/2016:12:05:57 -0300] "GET /cormun/servlet/hpexe_return? HTTP/1.1" 200 1028
186.103.159.44 - - [03/Mar/2016:12:05:58 -0300] "GET /cormun/servlet/trsolicitudadjuntos?2016,495, HTTP/1.1" 200 7279
186.103.159.182 - - [03/Mar/2016:12:05:58 -0300] "POST /cormun/servlet/trsolicitudot?705ec4271f7a59328d523fa32fe3920a,gx-no-cache=1457017586562 HTTP/1.1" 200 3482
186.78.57.210 - - [03/Mar/2016:12:05:59 -0300] "POST /cormun/servlet/solicitudotadjuntos?47b2748899f65881853b1d07e208b3a8,DLT,2016,485,CARNET,0,,gx-no-cache=1457017618225 HTTP/1.1" 200 93
186.78.57.210 - - [03/Mar/2016:12:05:59 -0300] "GET /cormun/servlet/hpexe_return? HTTP/1.1" 200 1030
186.78.57.210 - - [03/Mar/2016:12:06:00 -0300] "GET /cormun/servlet/trsolicitudadjuntos?2016,485, HTTP/1.1" 200 7623
186.78.57.210 - - [03/Mar/2016:12:06:00 -0300] "GET /cormun/servlet/trsolicitudadjuntos?2016,485, HTTP/1.1" 200 7621
186.103.159.182 - - [03/Mar/2016:12:06:01 -0300] "POST /cormun/servlet/trsolicitudot?705ec4271f7a59328d523fa32fe3920a,gx-no-cache=1457017589519 HTTP/1.1" 200 3485
186.103.159.182 - - [03/Mar/2016:12:06:01 -0300] "GET /cormun/servlet/trsolicitudot?3fb763a8c48fe9c19d55e073ef3c54bc42c2d7e1cef31b497ab9dc8d4ccf84bd4c20048c3f7bf3854a742b2a2cb09d09e63c25f36dc95132401f0e9b4ff31c73c989ec6d98ee60b9a6d9287e56e0a7100807d3355cbb34ca103938725a805a9a,gx-no-cache=1457017589935 HTTP/1.1" 200 770
186.103.159.44 - - [03/Mar/2016:12:06:02 -0300] "GET /cormun/servlet/solicitudotadjuntos?INS,2016,495,,1, HTTP/1.1" 200 5441
186.103.159.44 - - [03/Mar/2016:12:06:02 -0300] "HEAD /cormun/static/about:blank HTTP/1.1" 404 -
186.78.57.210 - - [03/Mar/2016:12:06:03 -0300] "GET /cormun/servlet/solicitudotadjuntos?INS,2016,485,,1, HTTP/1.1" 200 5456
186.103.159.44 - - [03/Mar/2016:12:06:03 -0300] "GET /cormun/servlet/solicitudotadjuntos?c4f1039a28ef4ff96a24962f861638db901e3b474fc42de8473904dfab5a042dc26a155f97a671629f57f3d6ad120663,gx-no-cache=1457017571962 HTTP/1.1" 200 30
186.103.159.44 - - [03/Mar/2016:12:06:03 -0300] "POST /cormun/servlet/solicitudotadjuntos?90407dd04215d27dd591a38f9863650e,INS,2016,495,,1,,gx-no-cache=1457017572003 HTTP/1.1" 200 3358
186.78.57.210 - - [03/Mar/2016:12:06:04 -0300] "GET /cormun/static/about:blank HTTP/1.1" 404 1011
186.78.57.210 - - [03/Mar/2016:12:06:04 -0300] "GET /cormun/servlet/solicitudotadjuntos?INS,2016,485,,1, HTTP/1.1" 200 5450
186.78.57.210 - - [03/Mar/2016:12:06:04 -0300] "GET /cormun/servlet/solicitudotadjuntos?6e39a9a0d1bc265ceaef7678f52d3ee7a1210adf5d940ce565b43ec79cc06e15cd8106e10bf6fb6bfa35e7d152094c1e,gx-no-cache=1457017624366 HTTP/1.1" 200 30
186.103.159.182 - - [03/Mar/2016:12:06:05 -0300] "POST /cormun/servlet/trsolicitudot?705ec4271f7a59328d523fa32fe3920a,gx-no-cache=1457017593117 HTTP/1.1" 200 3485
