191.112.78.213 - - [03/Mar/2016:13:03:50 -0300] "GET /cormun/servlet/trsolicitudadjuntos?2016,469, HTTP/1.1" 200 7984
186.78.57.210 - - [03/Mar/2016:13:03:50 -0300] "POST /cormun/servlet/solicitudotadjuntos?47b2748899f65881853b1d07e208b3a8,INS,2016,513,,1,,gx-no-cache=1457021089893 HTTP/1.1" 200 93
186.78.57.210 - - [03/Mar/2016:13:03:50 -0300] "GET /cormun/servlet/hpexe_return? HTTP/1.1" 200 1026
186.78.57.210 - - [03/Mar/2016:13:03:50 -0300] "GET /cormun/servlet/trsolicitudadjuntos?2016,513, HTTP/1.1" 200 7626
186.78.57.210 - - [03/Mar/2016:13:03:51 -0300] "GET /cormun/servlet/trsolicitudadjuntos?2016,513, HTTP/1.1" 200 7624
191.112.78.213 - - [03/Mar/2016:13:03:52 -0300] "GET /cormun/servlet/trsolicitudadjuntos?2016,469, HTTP/1.1" 200 7989
191.112.78.213 - - [03/Mar/2016:13:03:55 -0300] "GET /cormun/servlet/solicitudotadjuntos?INS,2016,469,,2, HTTP/1.1" 200 5471
191.112.78.213 - - [03/Mar/2016:13:03:56 -0300] "GET /cormun/static/about:blank HTTP/1.1" 404 1011
191.112.78.213 - - [03/Mar/2016:13:03:57 -0300] "GET /cormun/servlet/solicitudotadjuntos?INS,2016,469,,2, HTTP/1.1" 200 5465
191.112.78.213 - - [03/Mar/2016:13:03:58 -0300] "GET /cormun/servlet/solicitudotadjuntos?5dc64e72aa6460987ed563b8bb772a1ee076bb238cdd5169760b57dd20588da9cc79a545b9cadcb53d627544da7dec2e,gx-no-cache=1457021063683 HTTP/1.1" 200 30
191.112.78.213 - - [03/Mar/2016:13:03:58 -0300] "POST /cormun/servlet/solicitudotadjuntos?78a791391b8286a9b26165191b25347f,INS,2016,469,,2,,gx-no-cache=1457021063838 HTTP/1.1" 200 3519
186.78.57.210 - - [03/Mar/2016:13:04:01 -0300] "GET /cormun/servlet/solicitudotadjuntos?INS,2016,513,,1, HTTP/1.1" 200 5458
186.78.57.210 - - [03/Mar/2016:13:04:02 -0300] "GET /cormun/static/about:blank HTTP/1.1" 404 1011
186.78.57.210 - - [03/Mar/2016:13:04:02 -0300] "GET /cormun/servlet/solicitudotadjuntos?INS,2016,513,,1, HTTP/1.1" 200 5452
186.78.57.210 - - [03/Mar/2016:13:04:02 -0300] "GET /cormun/servlet/solicitudotadjuntos?6e39a9a0d1bc265ceaef7678f52d3ee723e4394e617115d49eb0e7afa083a747cd8106e10bf6fb6bfa35e7d152094c1e,gx-no-cache=1457021102339 HTTP/1.1" 200 30
186.78.57.210 - - [03/Mar/2016:13:04:03 -0300] "POST /cormun/servlet/solicitudotadjuntos?47b2748899f65881853b1d07e208b3a8,INS,2016,513,,1,,gx-no-cache=1457021102421 HTTP/1.1" 200 3357
186.78.57.210 - - [03/Mar/2016:13:04:06 -0300] "POST /cormun/servlet/solicitudotadjuntos?gx-no-cache=1457021106381 HTTP/1.1" 200 26
186.78.57.210 - - [03/Mar/2016:13:04:07 -0300] "GET /cormun/servlet/solicitudotadjuntos?6e39a9a0d1bc265ceaef7678f52d3ee744c7ee0f437c4b3b34d7efedc0650c67,gx-no-cache=1457021107170 HTTP/1.1" 200 30
186.78.57.210 - - [03/Mar/2016:13:04:07 -0300] "GET /cormun/servlet/solicitudotadjuntos?6e39a9a0d1bc265ceaef7678f52d3ee744c7ee0f437c4b3b34d7efedc0650c67,gx-no-cache=1457021107249 HTTP/1.1" 200 30
186.78.57.210 - - [03/Mar/2016:13:04:07 -0300] "POST /cormun/servlet/solicitudotadjuntos?47b2748899f65881853b1d07e208b3a8,INS,2016,513,,1,,gx-no-cache=1457021107318 HTTP/1.1" 200 93
186.78.57.210 - - [03/Mar/2016:13:04:08 -0300] "GET /cormun/servlet/hpexe_return? HTTP/1.1" 200 1026
186.78.57.210 - - [03/Mar/2016:13:04:08 -0300] "GET /cormun/servlet/trsolicitudadjuntos?2016,513, HTTP/1.1" 200 7715
186.78.57.210 - - [03/Mar/2016:13:04:08 -0300] "GET /cormun/servlet/trsolicitudadjuntos?2016,513, HTTP/1.1" 200 7713
186.103.156.166 - - [03/Mar/2016:13:04:09 -0300] "GET /cormun/servlet/hlogin HTTP/1.1" 200 1722
186.103.156.166 - - [03/Mar/2016:13:04:09 -0300] "GET /cormun/static/hlogin.js?20151120045126 HTTP/1.1" 200 2136
186.103.156.166 - - [03/Mar/2016:13:04:09 -0300] "GET /cormun/static/gxcfg.js?20151120045111 HTTP/1.1" 200 953
186.103.156.166 - - [03/Mar/2016:13:04:09 -0300] "GET /cormun/static/gxtimezone.js?85251 HTTP/1.1" 200 5781
186.103.156.166 - - [03/Mar/2016:13:04:09 -0300] "GET /cormun/static/messages.spa.js?85251 HTTP/1.1" 200 30736
186.103.156.166 - - [03/Mar/2016:13:04:09 -0300] "GET /cormun/static/Resources/Spanish/PXTools.css?005343 HTTP/1.1" 200 89042
186.103.156.166 - - [03/Mar/2016:13:04:09 -0300] "GET /cormun/static/Resources/ComunLogin.png HTTP/1.1" 200 17326
186.103.156.166 - - [03/Mar/2016:13:04:09 -0300] "GET /cormun/static/gxgral.js?85251 HTTP/1.1" 200 384558
186.103.156.166 - - [03/Mar/2016:13:04:09 -0300] "GET /cormun/static/Resources/PXToolsLoginTop.png HTTP/1.1" 200 1337
186.103.156.166 - - [03/Mar/2016:13:04:09 -0300] "GET /cormun/static/Resources/PXToolsLoginBackground.png HTTP/1.1" 200 1164
186.103.156.166 - - [03/Mar/2016:13:04:09 -0300] "GET /cormun/static/Resources/PXToolsButtonLeft21.png HTTP/1.1" 200 1287
186.103.156.166 - - [03/Mar/2016:13:04:09 -0300] "GET /cormun/static/Resources/PXToolsButtonRight21.png HTTP/1.1" 200 1283
186.103.156.166 - - [03/Mar/2016:13:04:09 -0300] "GET /cormun/static/Resources/PXToolsLoginBottom.png HTTP/1.1" 200 1389
186.103.156.166 - - [03/Mar/2016:13:04:09 -0300] "GET /cormun/static/Resources/PXToolsButtonBackground2.png HTTP/1.1" 200 1181
186.103.156.166 - - [03/Mar/2016:13:04:09 -0300] "GET /cormun/static/Resources/indicator.gif HTTP/1.1" 200 1553
186.103.156.166 - - [03/Mar/2016:13:04:09 -0300] "GET /cormun/servlet/hlogin HTTP/1.1" 200 1728
186.103.156.166 - - [03/Mar/2016:13:04:10 -0300] "GET /favicon.ico HTTP/1.1" 200 21630
186.78.57.210 - - [03/Mar/2016:13:04:12 -0300] "GET /cormun/servlet/trsolicitudot? HTTP/1.1" 200 7847
186.78.57.210 - - [03/Mar/2016:13:04:13 -0300] "GET /cormun/servlet/trsolicitudot? HTTP/1.1" 200 7841
186.78.57.210 - - [03/Mar/2016:13:04:17 -0300] "POST /cormun/servlet/trsolicitudot?47b2748899f65881853b1d07e208b3a8,,gx-no-cache=1457021117249 HTTP/1.1" 200 4973
186.78.57.210 - - [03/Mar/2016:13:04:18 -0300] "GET /cormun/static/Shared/jqueryui/images/ui-bg_highlight-soft_100_c6c2c8_1x100.png HTTP/1.1" 404 1117
186.78.57.210 - - [03/Mar/2016:13:04:18 -0300] "GET /cormun/static/Shared/jqueryui/images/ui-icons_82798d_256x240.png HTTP/1.1" 404 1089
186.78.57.210 - - [03/Mar/2016:13:04:18 -0300] "GET /cormun/static/Shared/jqueryui/images/ui-icons_8d78a5_256x240.png HTTP/1.1" 404 1089
186.78.57.210 - - [03/Mar/2016:13:04:18 -0300] "GET /cormun/static/Shared/jqueryui/images/ui-bg_flat_55_fafafa_40x100.png HTTP/1.1" 404 1097
186.78.57.210 - - [03/Mar/2016:13:04:18 -0300] "POST /cormun/servlet/trsolicitudot?47b2748899f65881853b1d07e208b3a8,,gx-no-cache=1457021117653 HTTP/1.1" 200 4916
186.103.156.166 - - [03/Mar/2016:13:04:30 -0300] "POST /cormun/servlet/hlogin?aa7238f6a4beac059659890cda4d488e,gx-no-cache=1457021119370 HTTP/1.1" 200 90
186.103.156.166 - - [03/Mar/2016:13:04:30 -0300] "GET /cormun/servlet/hpexe_link HTTP/1.1" 200 952
186.103.156.166 - - [03/Mar/2016:13:04:30 -0300] "GET /cormun/static/gxcfg.js?20151120044395 HTTP/1.1" 200 953
186.103.156.166 - - [03/Mar/2016:13:04:30 -0300] "GET /cormun/static/hpexe_link.js?20151120044398 HTTP/1.1" 200 625
186.103.156.166 - - [03/Mar/2016:13:04:31 -0300] "GET /cormun/servlet/hhome HTTP/1.1" 200 3417
186.103.156.166 - - [03/Mar/2016:13:04:31 -0300] "GET /cormun/static/SmoothNavMenu/resources/ddsmoothmenu.css?1112540 HTTP/1.1" 200 2223
186.103.156.166 - - [03/Mar/2016:13:04:31 -0300] "GET /cormun/static/SmoothNavMenu/resources/ddsmoothmenu-v.css?1112540 HTTP/1.1" 200 1188
186.103.156.166 - - [03/Mar/2016:13:04:31 -0300] "GET /cormun/static/gxcfg.js?2015112210564248 HTTP/1.1" 200 953
186.103.156.166 - - [03/Mar/2016:13:04:31 -0300] "GET /cormun/static/scaMessage/css/jquery.pnotify.default.css?1816380 HTTP/1.1" 200 1707
186.103.156.166 - - [03/Mar/2016:13:04:31 -0300] "GET /cormun/static/Shared/jqueryui/jquery-ui.min.css?1345370 HTTP/1.1" 200 30288
186.103.156.166 - - [03/Mar/2016:13:04:31 -0300] "GET /cormun/static/Resources/Spanish/PXTools.css?10515224 HTTP/1.1" 200 89042
186.103.156.166 - - [03/Mar/2016:13:04:31 -0300] "GET /cormun/static/PXToolsJavascripts/pexe_autoreload.js HTTP/1.1" 200 1762
186.103.156.166 - - [03/Mar/2016:13:04:31 -0300] "GET /cormun/static/PXToolsJavascripts/pexe_windows.js HTTP/1.1" 200 15207
186.103.156.166 - - [03/Mar/2016:13:04:31 -0300] "GET /cormun/static/PXToolsJavascripts/pexe_grid.js HTTP/1.1" 200 7559
186.103.156.166 - - [03/Mar/2016:13:04:31 -0300] "GET /cormun/static/PXToolsJavascripts/pexe_cookies.js HTTP/1.1" 200 792
186.103.156.166 - - [03/Mar/2016:13:04:31 -0300] "GET /cormun/static/PXToolsJavascripts/pexe_link.js HTTP/1.1" 200 5671
186.103.156.166 - - [03/Mar/2016:13:04:31 -0300] "GET /cormun/static/PXToolsJavascripts/pexe_griddivfix.js HTTP/1.1" 200 6644
186.103.156.166 - - [03/Mar/2016:13:04:31 -0300] "GET /cormun/static/PXToolsJavascripts/pexe_menus.js HTTP/1.1" 200 1286
186.103.156.166 - - [03/Mar/2016:13:04:31 -0300] "GET /cormun/static/PXToolsJavascripts/pexe_layers.js HTTP/1.1" 200 4114
186.103.156.166 - - [03/Mar/2016:13:04:31 -0300] "GET /cormun/static/PXToolsJavascripts/pexe_menudivfix.js HTTP/1.1" 200 333
186.103.156.166 - - [03/Mar/2016:13:04:31 -0300] "GET /cormun/static/PXToolsJavascripts/pexe_oav.js HTTP/1.1" 200 645
186.103.156.166 - - [03/Mar/2016:13:04:31 -0300] "GET /cormun/static/PXToolsJavascripts/pexe_oavdivfix.js HTTP/1.1" 200 639
186.103.156.166 - - [03/Mar/2016:13:04:31 -0300] "GET /cormun/static/PXToolsJavascripts/pexe_picture.js HTTP/1.1" 200 689
186.103.156.166 - - [03/Mar/2016:13:04:31 -0300] "GET /cormun/static/PXToolsJavascripts/pexe_popup.js HTTP/1.1" 200 13458
186.103.156.166 - - [03/Mar/2016:13:04:31 -0300] "GET /cormun/static/PXToolsJavascripts/pexe_scrolldiv.js HTTP/1.1" 200 4138
186.103.156.166 - - [03/Mar/2016:13:04:31 -0300] "GET /cormun/static/PXToolsJavascripts/pexe_tabdivfix.js HTTP/1.1" 200 876
186.103.156.166 - - [03/Mar/2016:13:04:31 -0300] "GET /cormun/static/PXToolsJavascripts/pexe_tabs.js HTTP/1.1" 200 3748
186.103.156.166 - - [03/Mar/2016:13:04:31 -0300] "GET /cormun/static/PXToolsJavascripts/pexe_upload.js HTTP/1.1" 200 1423
186.103.156.166 - - [03/Mar/2016:13:04:31 -0300] "GET /cormun/static/PXToolsJavascripts/PXToolsJavascriptsRender.js HTTP/1.1" 200 367
186.103.156.166 - - [03/Mar/2016:13:04:31 -0300] "GET /cormun/static/RunJS/RunJS.js HTTP/1.1" 200 288
186.103.156.166 - - [03/Mar/2016:13:04:31 -0300] "GET /cormun/static/Shared/ext/locale/ext-lang-en.js HTTP/1.1" 200 10940
186.103.156.166 - - [03/Mar/2016:13:04:31 -0300] "GET /cormun/static/hhome.js?2015112210564255 HTTP/1.1" 200 777
186.103.156.166 - - [03/Mar/2016:13:04:31 -0300] "GET /cormun/static/hwchdr01.js?20162241650484 HTTP/1.1" 200 1183
186.103.156.166 - - [03/Mar/2016:13:04:31 -0300] "GET /cormun/static/hpexe_recentlink.js?2015111312121342 HTTP/1.1" 200 2144
186.103.156.166 - - [03/Mar/2016:13:04:31 -0300] "GET /cormun/static/hpexe_scripts.js?20151120014546 HTTP/1.1" 200 1544
186.103.156.166 - - [03/Mar/2016:13:04:31 -0300] "GET /cormun/static/gxui/gxui-all.js HTTP/1.1" 200 107772
186.103.156.166 - - [03/Mar/2016:13:04:31 -0300] "GET /cormun/static/hpexe_messagecontroller.js?2015112210524422 HTTP/1.1" 200 870
186.103.156.166 - - [03/Mar/2016:13:04:31 -0300] "GET /cormun/static/hpexe_messagepopupcomponent.js?20163219454551 HTTP/1.1" 200 605
186.103.156.166 - - [03/Mar/2016:13:04:31 -0300] "GET /cormun/static/hpexe_messagegenexuscomponent.js?20151120014314 HTTP/1.1" 200 587
186.103.156.166 - - [03/Mar/2016:13:04:31 -0300] "GET /cormun/static/cmcontrolpreferences.js?20151120014525 HTTP/1.1" 200 1375
186.103.156.166 - - [03/Mar/2016:13:04:31 -0300] "GET /cormun/static/SmoothNavMenu/resources/ddsmoothmenu.js HTTP/1.1" 200 12712
186.103.156.166 - - [03/Mar/2016:13:04:31 -0300] "GET /cormun/static/SmoothNavMenu/resources/SmoothNavMenuRender.js HTTP/1.1" 200 5951
186.103.156.166 - - [03/Mar/2016:13:04:31 -0300] "GET /cormun/static/Shared/jquery/jquery-1.4.2.min.js HTTP/1.1" 200 72174
186.103.156.166 - - [03/Mar/2016:13:04:31 -0300] "GET /cormun/static/scaMessage/js/jquery.pnotify.min.js HTTP/1.1" 200 13038
186.103.156.166 - - [03/Mar/2016:13:04:31 -0300] "GET /cormun/static/Shared/jquery/jquery-1.10.2.min.js HTTP/1.1" 200 273199
186.103.156.166 - - [03/Mar/2016:13:04:31 -0300] "GET /cormun/static/Shared/jqueryui/jquery-ui.min.js HTTP/1.1" 200 240427
186.103.156.166 - - [03/Mar/2016:13:04:31 -0300] "GET /cormun/static/scaMessage/scaMessageRender.js HTTP/1.1" 200 11977
186.103.156.166 - - [03/Mar/2016:13:04:32 -0300] "GET /cormun/static/hmpwkw03.js?2016311993330 HTTP/1.1" 200 3898
186.103.156.166 - - [03/Mar/2016:13:04:32 -0300] "GET /cormun/static/Resources/PXToolsFooterBackground2.png HTTP/1.1" 200 1172
186.103.156.166 - - [03/Mar/2016:13:04:32 -0300] "GET /cormun/static/Resources/PXToolsHeaderBackground2.png HTTP/1.1" 200 1174
186.103.156.166 - - [03/Mar/2016:13:04:32 -0300] "GET /cormun/static/Resources/PXToolsDataTitle.png HTTP/1.1" 200 1173
186.103.156.166 - - [03/Mar/2016:13:04:32 -0300] "GET /cormun/static/Resources/PXToolsHeaderActionsBackground.png HTTP/1.1" 200 484
186.103.156.166 - - [03/Mar/2016:13:04:32 -0300] "GET /cormun/static/Resources/PXToolsHeaderLogin.png HTTP/1.1" 200 4279
186.103.156.166 - - [03/Mar/2016:13:04:32 -0300] "GET /cormun/static/Resources/PXToolsHeaderPreferences.png HTTP/1.1" 200 4189
186.103.156.166 - - [03/Mar/2016:13:04:32 -0300] "GET /cormun/static/Resources/logo4.png HTTP/1.1" 200 6582
186.103.156.166 - - [03/Mar/2016:13:04:32 -0300] "GET /cormun/static/Resources/PXToolsHeaderActionsRight.png HTTP/1.1" 200 1201
186.103.156.166 - - [03/Mar/2016:13:04:32 -0300] "GET /cormun/static/Resources/PXToolsHeaderActionsLeft.png HTTP/1.1" 200 1118
186.103.156.166 - - [03/Mar/2016:13:04:32 -0300] "GET /cormun/static/Resources/PXToolsHeaderHome.png HTTP/1.1" 200 4147
186.103.156.166 - - [03/Mar/2016:13:04:32 -0300] "GET /cormun/static/Resources/PXToolsHeaderSecurity.png HTTP/1.1" 200 4166
186.103.156.166 - - [03/Mar/2016:13:04:34 -0300] "GET /cormun/static/Shared/ext/ext-all.js HTTP/1.1" 200 1289687
186.103.156.166 - - [03/Mar/2016:13:04:35 -0300] "GET /cormun/servlet/hhome HTTP/1.1" 200 3413
186.103.156.166 - - [03/Mar/2016:13:04:35 -0300] "GET /cormun/static/SmoothNavMenu/resources/images/down.gif HTTP/1.1" 200 854
186.78.45.190 - - [03/Mar/2016:13:04:44 -0300] "GET /cormun/servlet/trautorizarsolicitud? HTTP/1.1" 200 6165
186.103.156.166 - - [03/Mar/2016:13:04:45 -0300] "GET /cormun/servlet/trvisualizadoreventos? HTTP/1.1" 200 5933
186.103.156.166 - - [03/Mar/2016:13:04:45 -0300] "GET /cormun/static/gxui/gxui-all.css?120300 HTTP/1.1" 200 2179
186.103.156.166 - - [03/Mar/2016:13:04:45 -0300] "GET /cormun/static/calendar-system.css?85620 HTTP/1.1" 200 5572
186.103.156.166 - - [03/Mar/2016:13:04:45 -0300] "GET /cormun/static/gxcfg.js?2016251828014 HTTP/1.1" 200 953
186.103.156.166 - - [03/Mar/2016:13:04:45 -0300] "GET /cormun/static/calendar.js?85251 HTTP/1.1" 200 26246
186.103.156.166 - - [03/Mar/2016:13:04:45 -0300] "GET /cormun/static/calendar-setup.js?85251 HTTP/1.1" 200 2588
186.103.156.166 - - [03/Mar/2016:13:04:45 -0300] "GET /cormun/static/calendar-es.js?85251 HTTP/1.1" 200 1901
186.103.156.166 - - [03/Mar/2016:13:04:45 -0300] "GET /cormun/static/trvisualizadoreventos.js?2016251828276 HTTP/1.1" 200 19096
186.103.156.166 - - [03/Mar/2016:13:04:45 -0300] "GET /cormun/static/gxdec.js?85251 HTTP/1.1" 200 19579
186.103.156.166 - - [03/Mar/2016:13:04:45 -0300] "GET /cormun/static/Resources/PXTools/calendar.png HTTP/1.1" 200 1306
186.103.156.166 - - [03/Mar/2016:13:04:45 -0300] "GET /cormun/static/Resources/Spanish/PXTools.css?17554516 HTTP/1.1" 200 89042
186.103.156.166 - - [03/Mar/2016:13:04:45 -0300] "GET /cormun/static/Resources/PXToolsDataSearch.png HTTP/1.1" 200 419
186.103.156.166 - - [03/Mar/2016:13:04:45 -0300] "GET /cormun/static/Shared/ext/resources/css/ext-all.css?215870 HTTP/1.1" 200 416045
186.103.156.166 - - [03/Mar/2016:13:04:45 -0300] "GET /cormun/static/Resources/PXToolsGridFirst.gif HTTP/1.1" 200 379
186.103.156.166 - - [03/Mar/2016:13:04:45 -0300] "GET /cormun/static/Resources/PXToolsGridPrevious.gif HTTP/1.1" 200 369
186.103.156.166 - - [03/Mar/2016:13:04:45 -0300] "GET /cormun/static/Resources/PXToolsGridNext.gif HTTP/1.1" 200 369
186.103.156.166 - - [03/Mar/2016:13:04:45 -0300] "GET /cormun/static/Resources/PXToolsGridLast.gif HTTP/1.1" 200 370
186.103.156.166 - - [03/Mar/2016:13:04:45 -0300] "GET /cormun/static/Resources/PXToolsActionPrint.png HTTP/1.1" 200 3317
186.103.156.166 - - [03/Mar/2016:13:04:45 -0300] "GET /cormun/static/Resources/PXToolsActionExcel.png HTTP/1.1" 200 3187
186.103.156.166 - - [03/Mar/2016:13:04:46 -0300] "GET /cormun/static/Resources/desc.gif HTTP/1.1" 200 65
186.103.156.166 - - [03/Mar/2016:13:04:46 -0300] "GET /cormun/static/Resources/asc.gif HTTP/1.1" 200 67
186.103.156.166 - - [03/Mar/2016:13:04:46 -0300] "GET /cormun/servlet/trvisualizadoreventos? HTTP/1.1" 200 5933
186.103.156.166 - - [03/Mar/2016:13:04:46 -0300] "GET /cormun/static/Shared/ext/resources/themes/images/default/tools/tool-sprites.gif HTTP/1.1" 200 5434
186.103.156.166 - - [03/Mar/2016:13:04:46 -0300] "GET /cormun/static/Shared/ext/resources/themes/images/default/panel/bg-headersPanel.png HTTP/1.1" 200 255
191.112.78.213 - - [03/Mar/2016:13:04:53 -0300] "POST /cormun/servlet/solicitudotadjuntos?78a791391b8286a9b26165191b25347f,INS,2016,469,,2,,gx-no-cache=1457021118375 HTTP/1.1" 200 93
191.112.78.213 - - [03/Mar/2016:13:04:53 -0300] "GET /cormun/servlet/hpexe_return? HTTP/1.1" 200 1029
191.112.78.213 - - [03/Mar/2016:13:04:54 -0300] "GET /cormun/servlet/trsolicitudadjuntos?2016,469, HTTP/1.1" 200 7990
191.112.78.213 - - [03/Mar/2016:13:04:57 -0300] "GET /cormun/servlet/trsolicitudadjuntos?2016,469, HTTP/1.1" 200 7989
191.112.78.213 - - [03/Mar/2016:13:04:59 -0300] "GET /cormun/servlet/solicitudotadjuntos?INS,2016,469,,1, HTTP/1.1" 200 5474
191.112.78.213 - - [03/Mar/2016:13:05:00 -0300] "GET /cormun/static/about:blank HTTP/1.1" 404 1011
191.112.78.213 - - [03/Mar/2016:13:05:02 -0300] "GET /cormun/servlet/solicitudotadjuntos?INS,2016,469,,1, HTTP/1.1" 200 5468
191.112.78.213 - - [03/Mar/2016:13:05:02 -0300] "GET /cormun/servlet/solicitudotadjuntos?5dc64e72aa6460987ed563b8bb772a1ee076bb238cdd5169760b57dd20588da9cc79a545b9cadcb53d627544da7dec2e,gx-no-cache=1457021127986 HTTP/1.1" 200 30
191.112.78.213 - - [03/Mar/2016:13:05:03 -0300] "POST /cormun/servlet/solicitudotadjuntos?78a791391b8286a9b26165191b25347f,INS,2016,469,,1,,gx-no-cache=1457021128134 HTTP/1.1" 200 3372
191.112.78.213 - - [03/Mar/2016:13:05:08 -0300] "POST /cormun/servlet/solicitudotadjuntos?78a791391b8286a9b26165191b25347f,INS,2016,469,,1,,gx-no-cache=1457021133961 HTTP/1.1" 200 93
191.112.78.213 - - [03/Mar/2016:13:05:08 -0300] "GET /cormun/servlet/hpexe_return? HTTP/1.1" 200 1029
191.112.78.213 - - [03/Mar/2016:13:05:09 -0300] "GET /cormun/servlet/trsolicitudadjuntos?2016,469, HTTP/1.1" 200 7988
191.112.78.213 - - [03/Mar/2016:13:05:12 -0300] "GET /cormun/servlet/trsolicitudadjuntos?2016,469, HTTP/1.1" 200 7989
186.78.57.210 - - [03/Mar/2016:13:05:14 -0300] "POST /cormun/servlet/trsolicitudot?47b2748899f65881853b1d07e208b3a8,,gx-no-cache=1457021173929 HTTP/1.1" 200 4995
186.103.159.204 - - [03/Mar/2016:13:05:36 -0300] "GET /cormun/static/menuarrow.gif HTTP/1.1" 404 1015
186.103.159.204 - - [03/Mar/2016:13:05:50 -0300] "GET /cormun/servlet/solicitudot?44f070aba3c2312cb35f9611f14490aacfc677f436b17216032b8e10c4a169c724541246b0542d8d40d0a26ae8fd5a4d56f83e92c84ff895c8e2ca56e5d225efdeb305ff470f3bc295c708a917b7a3d7255bb45c60702f7ad63093b963bf5806d938cc30190b002e51f443713e59344e330ca23ac949d07463d2d967fdd48597e4d224273fde98bb952d31df1679d42df8e107e2ec664fea7dad8ed2d01877c54f0fc7f88cc2552acfe527e38c784053,gx-no-cache=1457021172914 HTTP/1.1" 200 30
186.103.159.204 - - [03/Mar/2016:13:06:13 -0300] "GET /cormun/servlet/solicitudot?44f070aba3c2312cb35f9611f14490aacfc677f436b17216032b8e10c4a169c724541246b0542d8d40d0a26ae8fd5a4d56f83e92c84ff895c8e2ca56e5d225efdeb305ff470f3bc295c708a917b7a3d7255bb45c60702f7ad63093b963bf5806d938cc30190b002e51f443713e59344e330ca23ac949d07463d2d967fdd48597e4d224273fde98bb952d31df1679d42df8e107e2ec664fea7dad8ed2d01877c54f0fc7f88cc2552acfe527e38c784053,gx-no-cache=1457021195980 HTTP/1.1" 200 30
186.103.159.204 - - [03/Mar/2016:13:06:13 -0300] "POST /cormun/servlet/solicitudot?c5a57deb935a1786ac7ad16113976082,INS,0,0,,gx-no-cache=1457021196026 HTTP/1.1" 200 93
186.103.159.204 - - [03/Mar/2016:13:06:13 -0300] "GET /cormun/servlet/hpexe_return? HTTP/1.1" 200 1027
186.103.159.204 - - [03/Mar/2016:13:06:13 -0300] "GET /cormun/servlet/trsolicitudot?gx-no-cache=1457020164769 HTTP/1.1" 200 9541
186.103.159.204 - - [03/Mar/2016:13:06:14 -0300] "GET /cormun/servlet/trsolicitudot?gx-no-cache=1457020164769 HTTP/1.1" 200 9556
186.103.159.204 - - [03/Mar/2016:13:06:24 -0300] "GET /cormun/servlet/solicitudot?INS,0,0, HTTP/1.1" 200 11459
186.103.159.204 - - [03/Mar/2016:13:06:24 -0300] "GET /cormun/servlet/solicitudot?INS,0,0, HTTP/1.1" 200 11442
186.78.57.210 - - [03/Mar/2016:13:06:28 -0300] "GET /cormun/servlet/wbsecusr01? HTTP/1.1" 200 5117
186.78.57.210 - - [03/Mar/2016:13:06:28 -0300] "GET /cormun/static/Resources/Spanish/PXTools.css?005343 HTTP/1.1" 304 -
186.78.57.210 - - [03/Mar/2016:13:06:28 -0300] "GET /cormun/static/scaMessage/css/jquery-ui.css?104140 HTTP/1.1" 404 1045
186.78.57.210 - - [03/Mar/2016:13:06:28 -0300] "GET /cormun/static/gxcfg.js?20151120054269 HTTP/1.1" 200 953
186.78.57.210 - - [03/Mar/2016:13:06:29 -0300] "GET /cormun/static/wbsecusr01.js?2015112005432 HTTP/1.1" 200 4681
186.78.57.210 - - [03/Mar/2016:13:06:29 -0300] "GET /cormun/static/hpexe_topmenus.js?2015111923314393 HTTP/1.1" 200 743
186.78.57.210 - - [03/Mar/2016:13:06:29 -0300] "GET /cormun/static/hpexe_tabsmenus.js?2015112210524244 HTTP/1.1" 200 1952
186.103.156.166 - - [03/Mar/2016:13:06:30 -0300] "POST /cormun/servlet/trvisualizadoreventos?aa7238f6a4beac059659890cda4d488e,,gx-no-cache=1457021238541 HTTP/1.1" 200 3237
186.103.156.166 - - [03/Mar/2016:13:06:30 -0300] "POST /cormun/servlet/trvisualizadoreventos?aa7238f6a4beac059659890cda4d488e,,gx-no-cache=1457021238836 HTTP/1.1" 200 3237
186.103.156.166 - - [03/Mar/2016:13:06:30 -0300] "POST /cormun/servlet/trvisualizadoreventos?aa7238f6a4beac059659890cda4d488e,,gx-no-cache=1457021238969 HTTP/1.1" 200 3237
186.103.156.166 - - [03/Mar/2016:13:06:30 -0300] "POST /cormun/servlet/trvisualizadoreventos?aa7238f6a4beac059659890cda4d488e,,gx-no-cache=1457021239117 HTTP/1.1" 200 3237
186.103.156.166 - - [03/Mar/2016:13:06:34 -0300] "POST /cormun/servlet/trvisualizadoreventos?aa7238f6a4beac059659890cda4d488e,,gx-no-cache=1457021242933 HTTP/1.1" 200 3638
186.103.156.166 - - [03/Mar/2016:13:06:34 -0300] "GET /cormun/servlet/trvisualizadoreventos?bc24669c2edad9cfb0017c899942c5eaa54897db6b5055bc168c7159e8b73cb1022e21d0512a3e9cf5a4c14663e677d0a3c016e944e206ca3bb9c792c3e1eb56f8ef33aec0cffb0f52207c03abfb9d4c62d82e4de5dffefffa5a10f7db7bd66233e669cdb92cb6cc65d9756b9c4858b15697bc2dfd39796150e52a621a0e57b16bded915841b0161a8b65b1e7802d5d7d05fecae63e49cac29623039fe636703612eb9bb76f1dc0c7d3929480d3d64d044747b58fcb6680306b841c7574f8697,gx-no-cache=1457021243365 HTTP/1.1" 200 1009
186.78.57.210 - - [03/Mar/2016:13:06:35 -0300] "GET /cormun/servlet/hlogin HTTP/1.1" 200 1733
186.78.57.210 - - [03/Mar/2016:13:06:35 -0300] "GET /cormun/static/hlogin.js?20151120045126 HTTP/1.1" 304 -
186.78.57.210 - - [03/Mar/2016:13:06:35 -0300] "GET /cormun/static/gxcfg.js?20151120045111 HTTP/1.1" 304 -
186.103.159.204 - - [03/Mar/2016:13:06:39 -0300] "POST /cormun/servlet/solicitudot?gx-no-cache=1457021222219 HTTP/1.1" 200 2772
186.103.159.204 - - [03/Mar/2016:13:06:39 -0300] "POST /cormun/servlet/solicitudot?c5a57deb935a1786ac7ad16113976082,INS,0,0,,gx-no-cache=1457021222386 HTTP/1.1" 200 8439
186.103.159.204 - - [03/Mar/2016:13:06:42 -0300] "GET /cormun/servlet/solicitudot?44f070aba3c2312cb35f9611f14490aa5da6a4989fa055044528be7e59054e11c6bb3ad9df827bdacb4b4d9102a16879,gx-no-cache=1457021225373 HTTP/1.1" 200 30
186.103.159.204 - - [03/Mar/2016:13:06:42 -0300] "POST /cormun/servlet/solicitudot?gx-no-cache=1457021225430 HTTP/1.1" 200 30
186.103.159.204 - - [03/Mar/2016:13:06:42 -0300] "POST /cormun/servlet/solicitudot?gx-no-cache=1457021225468 HTTP/1.1" 200 33
186.103.159.204 - - [03/Mar/2016:13:06:42 -0300] "POST /cormun/servlet/solicitudot?gx-no-cache=1457021225541 HTTP/1.1" 200 452
186.103.159.204 - - [03/Mar/2016:13:06:42 -0300] "GET /cormun/servlet/solicitudot?44f070aba3c2312cb35f9611f14490aa40bbbe83126b6ab96c47416f84870f9b6aab69a742c1048d5f069a8a36ddd28ac07e14287bbc9cd25bb981696efb318bae3cd79b7250062e1947f309fdf3e9a25dd54a72514f7200fd7552150932f91de6c6733bacdde745c7ff76a76d9e67b33ffa81f55403d0d6bb456e525261c5a2fb348b0e275d1ce39502b756fef78e25,gx-no-cache=1457021225643 HTTP/1.1" 200 38
191.112.17.11 - - [03/Mar/2016:13:07:05 -0300] "GET /cormun/servlet/hlogin HTTP/1.1" 200 1733
186.103.156.166 - - [03/Mar/2016:13:07:08 -0300] "GET /cormun/servlet/trvisualizadoreventos?bc24669c2edad9cfb0017c899942c5eac1241759d9297793527afb71e7dec69ac5e432ee94d63d5973e7cecd252d6275a7101e740387af309bd76408645aa8006d095931cf3cadd312cc7eb7b4498f5219e0f1b9fe94bd808d5d275a67ce62384eb9bef095c9fc4a4a792aff270247c0bf0d9b0d7c1cc6fc9e11f4fc61421c83e43587a8ae171cd3ff5c3847ec31b5607658f6ac084f6f61ee5c42366186347962630a6a84da88fea4480f79fa208c340175b59cc3a50b5981c350b8b792ae20c1cf4321c39aed4bf0e1815b4fa9f21d,gx-no-cache=1457021277001 HTTP/1.1" 200 1010
186.103.156.166 - - [03/Mar/2016:13:07:17 -0300] "GET /cormun/servlet/avisualizareventos?0,479,APR,20160303,20160303,PU HTTP/1.1" 200 1122
186.103.159.204 - - [03/Mar/2016:13:07:27 -0300] "GET /cormun/servlet/solicitudot?44f070aba3c2312cb35f9611f14490aa65e9822035e7701110350be586a54156a49debbf8260a9c849f9fecbac4feffc416a11e2d023aa0e71ed2776ca4d7bbbc1749af8d75e962f89a5f3b4994ad9e74e977ace6e493fa13f4494d754c957be3537ff321e0a91f2dcee05ced21e1a6f8f54c6b9e569b30e3fc6510743f91a2a176030bf9da77d5a99a62518635680c83ce267472811d994bcce5ebdc27f86e4,gx-no-cache=1457021270061 HTTP/1.1" 200 29
186.103.159.204 - - [03/Mar/2016:13:07:28 -0300] "POST /cormun/servlet/solicitudot?gx-no-cache=1457021270900 HTTP/1.1" 200 1116
192.168.10.89 - - [03/Mar/2016:13:07:29 -0300] "GET /cormun/servlet/hlogin HTTP/1.1" 200 1735
186.103.156.166 - - [03/Mar/2016:13:07:35 -0300] "POST /cormun/servlet/trvisualizadoreventos?aa7238f6a4beac059659890cda4d488e,,gx-no-cache=1457021303988 HTTP/1.1" 200 3546
186.103.156.166 - - [03/Mar/2016:13:07:40 -0300] "POST /cormun/servlet/trvisualizadoreventos?aa7238f6a4beac059659890cda4d488e,,gx-no-cache=1457021309042 HTTP/1.1" 200 3246
186.103.156.166 - - [03/Mar/2016:13:07:40 -0300] "GET /cormun/servlet/trvisualizadoreventos?bc24669c2edad9cfb0017c899942c5eac4fecff4f442723b3a1acebea934b5cc22e8944b49ab9c8ed25e15986e88adcca7101e740387af309bd76408645aa8006d095931cf3cadd312cc7eb7b4498f5219e0f1b9fe94bd808d5d275a67ce62384eb9bef095c9fc4a4a792aff270247c0bf0d9b0d7c1cc6fc9e11f4fc61421c83e43587a8ae171cd3ff5c3847ec31b5607658f6ac084f6f61ee5c42366186347962630a6a84da88fea4480f79fa208c340175b59cc3a50b5981c350b8b792ae20c1cf4321c39aed4bf0e1815b4fa9f21d,gx-no-cache=1457021309449 HTTP/1.1" 200 574
186.103.156.166 - - [03/Mar/2016:13:07:43 -0300] "POST /cormun/servlet/trvisualizadoreventos?aa7238f6a4beac059659890cda4d488e,,gx-no-cache=1457021312479 HTTP/1.1" 200 3546
186.103.156.166 - - [03/Mar/2016:13:07:44 -0300] "GET /cormun/servlet/trvisualizadoreventos?bc24669c2edad9cfb0017c899942c5eac1241759d9297793527afb71e7dec69aa8f4ddb63027be0c9b9e59e2e5113b46a7101e740387af309bd76408645aa8006d095931cf3cadd312cc7eb7b4498f5219e0f1b9fe94bd808d5d275a67ce62384eb9bef095c9fc4a4a792aff270247c0bf0d9b0d7c1cc6fc9e11f4fc61421c83e43587a8ae171cd3ff5c3847ec31b5607658f6ac084f6f61ee5c42366186347962630a6a84da88fea4480f79fa208c340175b59cc3a50b5981c350b8b792ae20c1cf4321c39aed4bf0e1815b4fa9f21d,gx-no-cache=1457021312914 HTTP/1.1" 200 908
191.112.17.11 - - [03/Mar/2016:13:07:47 -0300] "POST /cormun/servlet/hlogin?c6c3adaa3617a9c7b683dfdaa7551cef,gx-no-cache=1457021291275 HTTP/1.1" 200 90
191.112.17.11 - - [03/Mar/2016:13:07:47 -0300] "GET /cormun/servlet/hpexe_link HTTP/1.1" 200 947
191.112.17.11 - - [03/Mar/2016:13:07:48 -0300] "GET /cormun/servlet/hhome HTTP/1.1" 200 3386
186.103.156.166 - - [03/Mar/2016:13:07:49 -0300] "GET /cormun/servlet/avisualizareventos?0,479,APR,20160303,20160303,PU HTTP/1.1" 200 1111
191.112.17.11 - - [03/Mar/2016:13:07:52 -0300] "GET /cormun/servlet/hhome HTTP/1.1" 200 3383
191.112.17.11 - - [03/Mar/2016:13:08:00 -0300] "GET /cormun/servlet/trsolicitudot? HTTP/1.1" 200 7764
186.103.159.204 - - [03/Mar/2016:13:08:02 -0300] "GET /cormun/static/menuarrow.gif HTTP/1.1" 404 1015
191.112.17.11 - - [03/Mar/2016:13:08:04 -0300] "GET /cormun/servlet/trsolicitudot? HTTP/1.1" 200 7762
191.112.17.11 - - [03/Mar/2016:13:08:05 -0300] "GET /cormun//static/Resources/PXToolsActionView.png HTTP/1.1" 200 2995
191.112.17.11 - - [03/Mar/2016:13:08:05 -0300] "GET /cormun//static/Resources/PXToolsGridDelete.png HTTP/1.1" 200 357
191.112.17.11 - - [03/Mar/2016:13:08:05 -0300] "GET /cormun//static/Resources/PXToolsGridUpdate.png HTTP/1.1" 200 2984
191.112.17.11 - - [03/Mar/2016:13:08:05 -0300] "GET /cormun//static/Resources/PXToolsRemoveAllAction.png HTTP/1.1" 200 3558
191.112.17.11 - - [03/Mar/2016:13:08:05 -0300] "GET /cormun//static/Resources/PXTools/ActionInsert.png HTTP/1.1" 200 1482
192.168.10.89 - - [03/Mar/2016:13:08:07 -0300] "POST /cormun/servlet/hlogin?8d44697cdf7251ddbe88297224e94190,gx-no-cache=1457021039616 HTTP/1.1" 200 90
192.168.10.89 - - [03/Mar/2016:13:08:07 -0300] "GET /cormun/servlet/hpexe_link HTTP/1.1" 200 949
192.168.10.89 - - [03/Mar/2016:13:08:07 -0300] "GET /cormun/servlet/hhome HTTP/1.1" 200 3349
186.103.159.204 - - [03/Mar/2016:13:08:16 -0300] "GET /cormun/servlet/solicitudot?44f070aba3c2312cb35f9611f14490aada3725882a0b9dd06b8cb330c6de971e51387677f4d3ae42ac693889db62e24456f83e92c84ff895c8e2ca56e5d225efdeb305ff470f3bc295c708a917b7a3d7255bb45c60702f7ad63093b963bf5806d938cc30190b002e51f443713e59344e330ca23ac949d07463d2d967fdd48597e4d224273fde98bb952d31df1679d42df8e107e2ec664fea7dad8ed2d01877c54f0fc7f88cc2552acfe527e38c784053,gx-no-cache=1457021319151 HTTP/1.1" 200 30
186.103.159.204 - - [03/Mar/2016:13:08:16 -0300] "POST /cormun/servlet/solicitudot?c5a57deb935a1786ac7ad16113976082,INS,0,0,,gx-no-cache=1457021319206 HTTP/1.1" 200 93
186.103.159.204 - - [03/Mar/2016:13:08:16 -0300] "GET /cormun/servlet/hpexe_return? HTTP/1.1" 200 1027
186.103.159.204 - - [03/Mar/2016:13:08:16 -0300] "GET /cormun/servlet/trsolicitudot?gx-no-cache=1457020164769 HTTP/1.1" 200 9883
186.103.159.204 - - [03/Mar/2016:13:08:17 -0300] "GET /cormun/servlet/trsolicitudot?gx-no-cache=1457020164769 HTTP/1.1" 200 9898
191.112.17.11 - - [03/Mar/2016:13:08:21 -0300] "POST /cormun/servlet/trsolicitudot?c6c3adaa3617a9c7b683dfdaa7551cef,,gx-no-cache=1457021324500 HTTP/1.1" 200 5242
191.112.17.11 - - [03/Mar/2016:13:08:22 -0300] "POST /cormun/servlet/trsolicitudot?c6c3adaa3617a9c7b683dfdaa7551cef,,gx-no-cache=1457021326542 HTTP/1.1" 200 5242
191.112.17.11 - - [03/Mar/2016:13:08:23 -0300] "POST /cormun/servlet/trsolicitudot?c6c3adaa3617a9c7b683dfdaa7551cef,,gx-no-cache=1457021327105 HTTP/1.1" 200 5242
191.112.17.11 - - [03/Mar/2016:13:08:24 -0300] "POST /cormun/servlet/trsolicitudot?c6c3adaa3617a9c7b683dfdaa7551cef,,gx-no-cache=1457021327613 HTTP/1.1" 200 5242
186.103.156.166 - - [03/Mar/2016:13:08:31 -0300] "GET /cormun/servlet/trvisualizadoreventos?bc24669c2edad9cfb0017c899942c5eaa54897db6b5055bc168c7159e8b73cb1489f84fa79e082aaba50a117117dd890a3c016e944e206ca3bb9c792c3e1eb56f8ef33aec0cffb0f52207c03abfb9d4c62d82e4de5dffefffa5a10f7db7bd66233e669cdb92cb6cc65d9756b9c4858b15697bc2dfd39796150e52a621a0e57b16bded915841b0161a8b65b1e7802d5d7d05fecae63e49cac29623039fe636703612eb9bb76f1dc0c7d3929480d3d64d086b7f4bc266065f1074629e4913678f0,gx-no-cache=1457021360355 HTTP/1.1" 200 907
186.103.156.166 - - [03/Mar/2016:13:08:31 -0300] "POST /cormun/servlet/trvisualizadoreventos?aa7238f6a4beac059659890cda4d488e,,gx-no-cache=1457021360513 HTTP/1.1" 200 3546
192.168.10.89 - - [03/Mar/2016:13:08:34 -0300] "GET /cormun/servlet/trsolicitudot? HTTP/1.1" 200 7919
192.168.10.89 - - [03/Mar/2016:13:08:36 -0300] "POST /cormun/servlet/acontrolpreferencessavestate?None,SGONGORA,true HTTP/1.1" 200 35
186.103.156.166 - - [03/Mar/2016:13:08:40 -0300] "GET /cormun/servlet/trvisualizadoreventos?bc24669c2edad9cfb0017c899942c5eaa54897db6b5055bc168c7159e8b73cb1489f84fa79e082aaba50a117117dd890a3c016e944e206ca3bb9c792c3e1eb56f8ef33aec0cffb0f52207c03abfb9d4c62d82e4de5dffefffa5a10f7db7bd66233e669cdb92cb6cc65d9756b9c4858b15697bc2dfd39796150e52a621a0e57b16bded915841b0161a8b65b1e7802d5d7d05fecae63e49cac29623039fe636703612eb9bb76f1dc0c7d3929480d3d64d086b7f4bc266065f1074629e4913678f0,gx-no-cache=1457021368743 HTTP/1.1" 200 907
186.103.156.166 - - [03/Mar/2016:13:08:40 -0300] "POST /cormun/servlet/trvisualizadoreventos?aa7238f6a4beac059659890cda4d488e,,gx-no-cache=1457021368876 HTTP/1.1" 200 3638
191.112.17.11 - - [03/Mar/2016:13:08:43 -0300] "POST /cormun/servlet/trsolicitudot?c6c3adaa3617a9c7b683dfdaa7551cef,,gx-no-cache=1457021345140 HTTP/1.1" 200 5242
191.112.17.11 - - [03/Mar/2016:13:08:46 -0300] "POST /cormun/servlet/trsolicitudot?c6c3adaa3617a9c7b683dfdaa7551cef,,gx-no-cache=1457021347623 HTTP/1.1" 200 5242
191.112.17.11 - - [03/Mar/2016:13:08:47 -0300] "POST /cormun/servlet/trsolicitudot?c6c3adaa3617a9c7b683dfdaa7551cef,,gx-no-cache=1457021351119 HTTP/1.1" 200 5242
191.112.17.11 - - [03/Mar/2016:13:08:48 -0300] "POST /cormun/servlet/trsolicitudot?c6c3adaa3617a9c7b683dfdaa7551cef,,gx-no-cache=1457021352088 HTTP/1.1" 200 106
191.112.17.11 - - [03/Mar/2016:13:08:49 -0300] "GET /cormun/servlet/trsolicitudadjuntos?2016,504, HTTP/1.1" 200 7218
191.112.17.11 - - [03/Mar/2016:13:08:49 -0300] "GET /cormun/static/gxcfg.js?2016311731090 HTTP/1.1" 200 953
191.112.17.11 - - [03/Mar/2016:13:08:49 -0300] "GET /cormun/static/Resources/Spanish/PXTools.css?171692 HTTP/1.1" 200 89042
191.112.17.11 - - [03/Mar/2016:13:08:49 -0300] "GET /cormun/static/trsolicitudadjuntos.js?2016311731342 HTTP/1.1" 200 17275
191.112.17.11 - - [03/Mar/2016:13:08:57 -0300] "GET /cormun/servlet/trsolicitudadjuntos?2016,504, HTTP/1.1" 200 7218
191.112.17.11 - - [03/Mar/2016:13:09:01 -0300] "GET /cormun/servlet/solicitudotadjuntos?INS,2016,504,,1, HTTP/1.1" 200 5411
191.112.17.11 - - [03/Mar/2016:13:09:01 -0300] "GET /cormun/static/gxcfg.js?2016311984045 HTTP/1.1" 200 953
191.112.17.11 - - [03/Mar/2016:13:09:02 -0300] "GET /cormun/static/solicitudotadjuntos.js?2016311984068 HTTP/1.1" 200 11762
191.112.17.11 - - [03/Mar/2016:13:09:02 -0300] "GET /cormun/static/Resources/Spanish/PXTools.css?1944839 HTTP/1.1" 200 89042
192.168.10.89 - - [03/Mar/2016:13:09:02 -0300] "POST /cormun/servlet/trsolicitudot?8d44697cdf7251ddbe88297224e94190,,gx-no-cache=1457021094579 HTTP/1.1" 200 5447
192.168.10.89 - - [03/Mar/2016:13:09:02 -0300] "POST /cormun/servlet/trsolicitudot?8d44697cdf7251ddbe88297224e94190,,gx-no-cache=1457021094924 HTTP/1.1" 200 5448
192.168.10.89 - - [03/Mar/2016:13:09:02 -0300] "POST /cormun/servlet/trsolicitudot?8d44697cdf7251ddbe88297224e94190,,gx-no-cache=1457021095282 HTTP/1.1" 200 5448
186.103.156.166 - - [03/Mar/2016:13:09:03 -0300] "POST /cormun/servlet/trvisualizadoreventos?aa7238f6a4beac059659890cda4d488e,,gx-no-cache=1457021391603 HTTP/1.1" 200 3638
192.168.10.89 - - [03/Mar/2016:13:09:03 -0300] "POST /cormun/servlet/trsolicitudot?8d44697cdf7251ddbe88297224e94190,,gx-no-cache=1457021095689 HTTP/1.1" 200 5448
191.112.17.11 - - [03/Mar/2016:13:09:03 -0300] "GET /cormun/static/about:blank HTTP/1.1" 404 1011
191.112.17.11 - - [03/Mar/2016:13:09:03 -0300] "GET /cormun/servlet/solicitudotadjuntos?INS,2016,504,,1, HTTP/1.1" 200 5405
192.168.10.89 - - [03/Mar/2016:13:09:03 -0300] "POST /cormun/servlet/trsolicitudot?8d44697cdf7251ddbe88297224e94190,,gx-no-cache=1457021096180 HTTP/1.1" 200 5448
192.168.10.89 - - [03/Mar/2016:13:09:04 -0300] "POST /cormun/servlet/trsolicitudot?8d44697cdf7251ddbe88297224e94190,,gx-no-cache=1457021096700 HTTP/1.1" 200 5448
191.112.17.11 - - [03/Mar/2016:13:09:04 -0300] "GET /cormun/servlet/solicitudotadjuntos?5eed636fa4438d9350721e2438ae44f0dad454d236f572448c4ef2ab2b3d347fd7bbf1c259088851964071d103d34377,gx-no-cache=1457021368949 HTTP/1.1" 200 30
192.168.10.89 - - [03/Mar/2016:13:09:04 -0300] "POST /cormun/servlet/trsolicitudot?8d44697cdf7251ddbe88297224e94190,,gx-no-cache=1457021097263 HTTP/1.1" 200 5447
191.112.17.11 - - [03/Mar/2016:13:09:04 -0300] "POST /cormun/servlet/solicitudotadjuntos?c6c3adaa3617a9c7b683dfdaa7551cef,INS,2016,504,,1,,gx-no-cache=1457021369096 HTTP/1.1" 200 3348
192.168.10.89 - - [03/Mar/2016:13:09:05 -0300] "POST /cormun/servlet/trsolicitudot?8d44697cdf7251ddbe88297224e94190,,gx-no-cache=1457021097879 HTTP/1.1" 200 105
192.168.10.89 - - [03/Mar/2016:13:09:08 -0300] "GET /cormun/servlet/solicitudot?DLT,2016,498, HTTP/1.1" 200 8372
191.112.17.11 - - [03/Mar/2016:13:09:08 -0300] "POST /cormun/servlet/solicitudotadjuntos?gx-no-cache=1457021373118 HTTP/1.1" 200 26
192.168.10.89 - - [03/Mar/2016:13:09:09 -0300] "GET /cormun/static/Shared/jqueryui/images/ui-bg_flat_55_fafafa_40x100.png HTTP/1.1" 404 1097
192.168.10.89 - - [03/Mar/2016:13:09:09 -0300] "GET /cormun/static/Shared/jqueryui/images/ui-icons_82798d_256x240.png HTTP/1.1" 404 1089
192.168.10.89 - - [03/Mar/2016:13:09:09 -0300] "GET /cormun/static/Shared/jqueryui/images/ui-icons_8d78a5_256x240.png HTTP/1.1" 404 1089
192.168.10.89 - - [03/Mar/2016:13:09:09 -0300] "GET /cormun/static/Shared/jqueryui/images/ui-bg_highlight-soft_100_c6c2c8_1x100.png HTTP/1.1" 404 1117
192.168.10.89 - - [03/Mar/2016:13:09:12 -0300] "POST /cormun/servlet/solicitudot?8d44697cdf7251ddbe88297224e94190,DLT,2016,498,,gx-no-cache=1457021104424 HTTP/1.1" 200 93
192.168.10.89 - - [03/Mar/2016:13:09:12 -0300] "GET /cormun/servlet/hpexe_return? HTTP/1.1" 200 1011
192.168.10.89 - - [03/Mar/2016:13:09:12 -0300] "GET /cormun/servlet/trsolicitudot? HTTP/1.1" 200 7696
186.103.159.204 - - [03/Mar/2016:13:09:14 -0300] "GET /cormun/servlet/solicitudot?INS,0,0, HTTP/1.1" 200 11459
186.103.159.204 - - [03/Mar/2016:13:09:15 -0300] "GET /cormun/servlet/solicitudot?INS,0,0, HTTP/1.1" 200 11443
192.168.10.89 - - [03/Mar/2016:13:09:16 -0300] "POST /cormun/servlet/trsolicitudot?8d44697cdf7251ddbe88297224e94190,,gx-no-cache=1457021108539 HTTP/1.1" 200 5196
192.168.10.89 - - [03/Mar/2016:13:09:16 -0300] "POST /cormun/servlet/trsolicitudot?8d44697cdf7251ddbe88297224e94190,,gx-no-cache=1457021108802 HTTP/1.1" 200 5195
192.168.10.89 - - [03/Mar/2016:13:09:16 -0300] "POST /cormun/servlet/trsolicitudot?8d44697cdf7251ddbe88297224e94190,,gx-no-cache=1457021109135 HTTP/1.1" 200 5195
192.168.10.89 - - [03/Mar/2016:13:09:17 -0300] "POST /cormun/servlet/trsolicitudot?8d44697cdf7251ddbe88297224e94190,,gx-no-cache=1457021109507 HTTP/1.1" 200 5196
192.168.10.89 - - [03/Mar/2016:13:09:17 -0300] "POST /cormun/servlet/trsolicitudot?8d44697cdf7251ddbe88297224e94190,,gx-no-cache=1457021109927 HTTP/1.1" 200 5195
192.168.10.89 - - [03/Mar/2016:13:09:18 -0300] "POST /cormun/servlet/trsolicitudot?8d44697cdf7251ddbe88297224e94190,,gx-no-cache=1457021110424 HTTP/1.1" 200 5196
192.168.10.89 - - [03/Mar/2016:13:09:18 -0300] "POST /cormun/servlet/trsolicitudot?8d44697cdf7251ddbe88297224e94190,,gx-no-cache=1457021111009 HTTP/1.1" 200 5195
192.168.10.89 - - [03/Mar/2016:13:09:21 -0300] "POST /cormun/servlet/trsolicitudot?8d44697cdf7251ddbe88297224e94190,,gx-no-cache=1457021111621 HTTP/1.1" 200 105
192.168.10.89 - - [03/Mar/2016:13:09:21 -0300] "GET /cormun/servlet/solicitudot?DLT,2016,497, HTTP/1.1" 200 8379
192.168.10.89 - - [03/Mar/2016:13:09:22 -0300] "GET /cormun/static/Shared/jqueryui/images/ui-bg_highlight-soft_100_c6c2c8_1x100.png HTTP/1.1" 404 1117
192.168.10.89 - - [03/Mar/2016:13:09:22 -0300] "GET /cormun/static/Shared/jqueryui/images/ui-icons_82798d_256x240.png HTTP/1.1" 404 1089
192.168.10.89 - - [03/Mar/2016:13:09:22 -0300] "GET /cormun/static/Shared/jqueryui/images/ui-bg_flat_55_fafafa_40x100.png HTTP/1.1" 404 1097
192.168.10.89 - - [03/Mar/2016:13:09:22 -0300] "GET /cormun/static/Shared/jqueryui/images/ui-icons_8d78a5_256x240.png HTTP/1.1" 404 1089
192.168.10.89 - - [03/Mar/2016:13:09:24 -0300] "POST /cormun/servlet/solicitudot?8d44697cdf7251ddbe88297224e94190,DLT,2016,497,,gx-no-cache=1457021116819 HTTP/1.1" 200 93
192.168.10.89 - - [03/Mar/2016:13:09:24 -0300] "GET /cormun/servlet/hpexe_return? HTTP/1.1" 200 1011
192.168.10.89 - - [03/Mar/2016:13:09:24 -0300] "GET /cormun/servlet/trsolicitudot? HTTP/1.1" 200 7418
192.168.10.89 - - [03/Mar/2016:13:09:27 -0300] "POST /cormun/servlet/trsolicitudot?8d44697cdf7251ddbe88297224e94190,,gx-no-cache=1457021119748 HTTP/1.1" 200 4888
192.168.10.89 - - [03/Mar/2016:13:09:27 -0300] "POST /cormun/servlet/trsolicitudot?8d44697cdf7251ddbe88297224e94190,,gx-no-cache=1457021120009 HTTP/1.1" 200 4888
192.168.10.89 - - [03/Mar/2016:13:09:27 -0300] "POST /cormun/servlet/trsolicitudot?8d44697cdf7251ddbe88297224e94190,,gx-no-cache=1457021120341 HTTP/1.1" 200 4888
192.168.10.89 - - [03/Mar/2016:13:09:28 -0300] "POST /cormun/servlet/trsolicitudot?8d44697cdf7251ddbe88297224e94190,,gx-no-cache=1457021120675 HTTP/1.1" 200 4888
192.168.10.89 - - [03/Mar/2016:13:09:28 -0300] "POST /cormun/servlet/trsolicitudot?8d44697cdf7251ddbe88297224e94190,,gx-no-cache=1457021121074 HTTP/1.1" 200 4888
192.168.10.89 - - [03/Mar/2016:13:09:29 -0300] "POST /cormun/servlet/trsolicitudot?8d44697cdf7251ddbe88297224e94190,,gx-no-cache=1457021121501 HTTP/1.1" 200 4887
192.168.10.89 - - [03/Mar/2016:13:09:29 -0300] "POST /cormun/servlet/trsolicitudot?8d44697cdf7251ddbe88297224e94190,,gx-no-cache=1457021121989 HTTP/1.1" 200 4888
192.168.10.89 - - [03/Mar/2016:13:09:32 -0300] "POST /cormun/servlet/trsolicitudot?8d44697cdf7251ddbe88297224e94190,,gx-no-cache=1457021122531 HTTP/1.1" 200 105
192.168.10.89 - - [03/Mar/2016:13:09:32 -0300] "GET /cormun/servlet/solicitudot?DLT,2016,494, HTTP/1.1" 200 8337
192.168.10.89 - - [03/Mar/2016:13:09:33 -0300] "GET /cormun/static/Shared/jqueryui/images/ui-icons_8d78a5_256x240.png HTTP/1.1" 404 1089
192.168.10.89 - - [03/Mar/2016:13:09:33 -0300] "GET /cormun/static/Shared/jqueryui/images/ui-bg_highlight-soft_100_c6c2c8_1x100.png HTTP/1.1" 404 1117
192.168.10.89 - - [03/Mar/2016:13:09:33 -0300] "GET /cormun/static/Shared/jqueryui/images/ui-bg_flat_55_fafafa_40x100.png HTTP/1.1" 404 1097
192.168.10.89 - - [03/Mar/2016:13:09:33 -0300] "GET /cormun/static/Shared/jqueryui/images/ui-icons_82798d_256x240.png HTTP/1.1" 404 1089
192.168.10.89 - - [03/Mar/2016:13:09:35 -0300] "POST /cormun/servlet/solicitudot?8d44697cdf7251ddbe88297224e94190,DLT,2016,494,,gx-no-cache=1457021127443 HTTP/1.1" 200 93
192.168.10.89 - - [03/Mar/2016:13:09:35 -0300] "GET /cormun/servlet/hpexe_return? HTTP/1.1" 200 1011
192.168.10.89 - - [03/Mar/2016:13:09:35 -0300] "GET /cormun/servlet/trsolicitudot? HTTP/1.1" 200 6145
186.103.156.166 - - [03/Mar/2016:13:09:53 -0300] "POST /cormun/servlet/trvisualizadoreventos?aa7238f6a4beac059659890cda4d488e,,gx-no-cache=1457021442144 HTTP/1.1" 200 3239
186.103.156.166 - - [03/Mar/2016:13:09:53 -0300] "GET /cormun/servlet/trvisualizadoreventos?bc24669c2edad9cfb0017c899942c5ea4e71dd45a34d9a19dae06d25d9357dbc63c2d4036c9c33eef9c78af9a302456ba3c016e944e206ca3bb9c792c3e1eb56f8ef33aec0cffb0f52207c03abfb9d4c62d82e4de5dffefffa5a10f7db7bd66233e669cdb92cb6cc65d9756b9c4858b15697bc2dfd39796150e52a621a0e57b16bded915841b0161a8b65b1e7802d5d7d05fecae63e49cac29623039fe636703612eb9bb76f1dc0c7d3929480d3d64d086b7f4bc266065f1074629e4913678f0,gx-no-cache=1457021442561 HTTP/1.1" 200 568
186.103.156.166 - - [03/Mar/2016:13:10:07 -0300] "POST /cormun/servlet/trvisualizadoreventos?aa7238f6a4beac059659890cda4d488e,,gx-no-cache=1457021456565 HTTP/1.1" 200 3627
186.103.156.166 - - [03/Mar/2016:13:10:08 -0300] "GET /cormun/servlet/trvisualizadoreventos?bc24669c2edad9cfb0017c899942c5ea926318c780276fcabb6d969229599cec022e21d0512a3e9cf5a4c14663e677d0a3c016e944e206ca3bb9c792c3e1eb56f8ef33aec0cffb0f52207c03abfb9d4c62d82e4de5dffefffa5a10f7db7bd66233e669cdb92cb6cc65d9756b9c4858b15697bc2dfd39796150e52a621a0e57b16bded915841b0161a8b65b1e7802d5d7d05fecae63e49cac29623039fe636703612eb9bb76f1dc0c7d3929480d3d64d086b7f4bc266065f1074629e4913678f0,gx-no-cache=1457021456965 HTTP/1.1" 200 1008
191.112.78.213 - - [03/Mar/2016:13:10:09 -0300] "GET /cormun/servlet/trsolicitudot? HTTP/1.1" 200 10340
191.112.78.213 - - [03/Mar/2016:13:10:12 -0300] "GET /cormun/servlet/trsolicitudot? HTTP/1.1" 200 10334
186.103.156.166 - - [03/Mar/2016:13:10:17 -0300] "POST /cormun/servlet/trvisualizadoreventos?aa7238f6a4beac059659890cda4d488e,,gx-no-cache=1457021465605 HTTP/1.1" 200 3240
186.103.156.166 - - [03/Mar/2016:13:10:17 -0300] "GET /cormun/servlet/trvisualizadoreventos?bc24669c2edad9cfb0017c899942c5ea38cff722c8ce86a6822e3344cd4a73f563c2d4036c9c33eef9c78af9a302456ba3c016e944e206ca3bb9c792c3e1eb56f8ef33aec0cffb0f52207c03abfb9d4c62d82e4de5dffefffa5a10f7db7bd66233e669cdb92cb6cc65d9756b9c4858b15697bc2dfd39796150e52a621a0e57b16bded915841b0161a8b65b1e7802d5d7d05fecae63e49cac29623039fe636703612eb9bb76f1dc0c7d3929480d3d64d0da697cd9e7f1d98aaab8101249d0a873,gx-no-cache=1457021466008 HTTP/1.1" 200 569
186.103.156.166 - - [03/Mar/2016:13:10:20 -0300] "POST /cormun/servlet/trvisualizadoreventos?aa7238f6a4beac059659890cda4d488e,,gx-no-cache=1457021469075 HTTP/1.1" 200 3237
186.103.156.166 - - [03/Mar/2016:13:10:20 -0300] "GET /cormun/servlet/trvisualizadoreventos?bc24669c2edad9cfb0017c899942c5ea2d6eee96b8716bb33ee8ffdf4815ec23022e21d0512a3e9cf5a4c14663e677d0a3c016e944e206ca3bb9c792c3e1eb56f8ef33aec0cffb0f52207c03abfb9d4c62d82e4de5dffefffa5a10f7db7bd66233e669cdb92cb6cc65d9756b9c4858b15697bc2dfd39796150e52a621a0e57b16bded915841b0161a8b65b1e7802d5d7d05fecae63e49cac29623039fe636703612eb9bb76f1dc0c7d3929480d3d64d0da697cd9e7f1d98aaab8101249d0a873,gx-no-cache=1457021469480 HTTP/1.1" 200 565
186.103.156.166 - - [03/Mar/2016:13:10:24 -0300] "POST /cormun/servlet/trvisualizadoreventos?aa7238f6a4beac059659890cda4d488e,,gx-no-cache=1457021473404 HTTP/1.1" 200 3638
186.103.156.166 - - [03/Mar/2016:13:10:25 -0300] "GET /cormun/servlet/trvisualizadoreventos?bc24669c2edad9cfb0017c899942c5eaa54897db6b5055bc168c7159e8b73cb1022e21d0512a3e9cf5a4c14663e677d0a3c016e944e206ca3bb9c792c3e1eb56f8ef33aec0cffb0f52207c03abfb9d4c62d82e4de5dffefffa5a10f7db7bd66233e669cdb92cb6cc65d9756b9c4858b15697bc2dfd39796150e52a621a0e57b16bded915841b0161a8b65b1e7802d5d7d05fecae63e49cac29623039fe636703612eb9bb76f1dc0c7d3929480d3d64d0da697cd9e7f1d98aaab8101249d0a873,gx-no-cache=1457021473805 HTTP/1.1" 200 1009
191.112.17.11 - - [03/Mar/2016:13:10:34 -0300] "GET /cormun/servlet/solicitudotadjuntos?5eed636fa4438d9350721e2438ae44f096b3dae9ad98d8f2e96ea381819b4714,gx-no-cache=1457021459093 HTTP/1.1" 200 30
191.112.17.11 - - [03/Mar/2016:13:10:35 -0300] "GET /cormun/servlet/solicitudotadjuntos?5eed636fa4438d9350721e2438ae44f096b3dae9ad98d8f2e96ea381819b4714,gx-no-cache=1457021459362 HTTP/1.1" 200 30
191.112.17.11 - - [03/Mar/2016:13:10:36 -0300] "POST /cormun/servlet/solicitudotadjuntos?c6c3adaa3617a9c7b683dfdaa7551cef,INS,2016,504,,1, HTTP/1.1" 200 116
191.112.17.11 - - [03/Mar/2016:13:10:36 -0300] "GET /cormun/servlet/hpexe_return? HTTP/1.1" 200 1022
191.112.17.11 - - [03/Mar/2016:13:10:37 -0300] "GET /cormun/static/gxcfg.js?2015111312145050 HTTP/1.1" 200 953
191.112.17.11 - - [03/Mar/2016:13:10:37 -0300] "GET /cormun/static/hpexe_return.js?2015111312145056 HTTP/1.1" 200 1633
191.112.17.11 - - [03/Mar/2016:13:10:37 -0300] "GET /cormun/static/Resources/Spanish/PXTools.css?12112540 HTTP/1.1" 200 89042
191.112.17.11 - - [03/Mar/2016:13:10:37 -0300] "GET /cormun/servlet/trsolicitudadjuntos?2016,504, HTTP/1.1" 200 7382
191.112.17.11 - - [03/Mar/2016:13:10:38 -0300] "GET /cormun/servlet/trsolicitudadjuntos?2016,504, HTTP/1.1" 200 7379
191.112.78.213 - - [03/Mar/2016:13:10:40 -0300] "POST /cormun/servlet/trsolicitudot?78a791391b8286a9b26165191b25347f,,gx-no-cache=1457021465562 HTTP/1.1" 200 7790
191.112.78.213 - - [03/Mar/2016:13:10:41 -0300] "POST /cormun/servlet/trsolicitudot?78a791391b8286a9b26165191b25347f,,gx-no-cache=1457021466727 HTTP/1.1" 200 7790
191.112.17.11 - - [03/Mar/2016:13:10:41 -0300] "POST /cormun/servlet/trsolicitudadjuntos?c6c3adaa3617a9c7b683dfdaa7551cef,2016,504,,gx-no-cache=1457021465891 HTTP/1.1" 200 6073
186.103.159.204 - - [03/Mar/2016:13:10:42 -0300] "POST /cormun/servlet/solicitudot?gx-no-cache=1457021465161 HTTP/1.1" 200 2769
186.103.159.204 - - [03/Mar/2016:13:10:42 -0300] "POST /cormun/servlet/solicitudot?c5a57deb935a1786ac7ad16113976082,INS,0,0,,gx-no-cache=1457021465377 HTTP/1.1" 200 8427
191.112.78.213 - - [03/Mar/2016:13:10:43 -0300] "POST /cormun/servlet/trsolicitudot?78a791391b8286a9b26165191b25347f,,gx-no-cache=1457021467852 HTTP/1.1" 200 7790
191.112.78.213 - - [03/Mar/2016:13:10:44 -0300] "POST /cormun/servlet/trsolicitudot?78a791391b8286a9b26165191b25347f,,gx-no-cache=1457021468977 HTTP/1.1" 200 7791
191.112.78.213 - - [03/Mar/2016:13:10:45 -0300] "POST /cormun/servlet/trsolicitudot?78a791391b8286a9b26165191b25347f,,gx-no-cache=1457021470169 HTTP/1.1" 200 7790
186.103.159.204 - - [03/Mar/2016:13:10:46 -0300] "GET /cormun/servlet/solicitudot?44f070aba3c2312cb35f9611f14490aa29b7185938be773f96026a01e523ce6ec6bb3ad9df827bdacb4b4d9102a16879,gx-no-cache=1457021469149 HTTP/1.1" 200 30
186.103.159.204 - - [03/Mar/2016:13:10:46 -0300] "POST /cormun/servlet/solicitudot?gx-no-cache=1457021469206 HTTP/1.1" 200 30
186.103.159.204 - - [03/Mar/2016:13:10:46 -0300] "POST /cormun/servlet/solicitudot?gx-no-cache=1457021469244 HTTP/1.1" 200 33
191.112.78.213 - - [03/Mar/2016:13:10:46 -0300] "POST /cormun/servlet/trsolicitudot?78a791391b8286a9b26165191b25347f,,gx-no-cache=1457021471372 HTTP/1.1" 200 7790
186.103.159.204 - - [03/Mar/2016:13:10:46 -0300] "POST /cormun/servlet/solicitudot?gx-no-cache=1457021469332 HTTP/1.1" 200 452
186.103.159.204 - - [03/Mar/2016:13:10:46 -0300] "GET /cormun/servlet/solicitudot?44f070aba3c2312cb35f9611f14490aa40bbbe83126b6ab96c47416f84870f9b6aab69a742c1048d5f069a8a36ddd28ac07e14287bbc9cd25bb981696efb318bae3cd79b7250062e1947f309fdf3e9a25dd54a72514f7200fd7552150932f91de6c6733bacdde745c7ff76a76d9e67b33ffa81f55403d0d6bb456e525261c5a2fb348b0e275d1ce39502b756fef78e25,gx-no-cache=1457021469430 HTTP/1.1" 200 38
