186.103.158.250 - - [03/Mar/2016:16:06:56 -0300] "GET /cormun/static/gxcfg.js?2016251828014 HTTP/1.1" 200 953
186.103.158.250 - - [03/Mar/2016:16:06:56 -0300] "GET /cormun/static/Resources/Spanish/PXTools.css?17554516 HTTP/1.1" 200 89042
186.103.158.250 - - [03/Mar/2016:16:06:56 -0300] "GET /cormun/static/trvisualizadoreventos.js?2016251828276 HTTP/1.1" 200 19096
192.168.10.89 - - [03/Mar/2016:16:07:00 -0300] "POST /cormun/servlet/hlogin?5872026955bf51786e398244f8b16930,gx-no-cache=1457031773306 HTTP/1.1" 200 446
186.78.45.190 - - [03/Mar/2016:16:07:04 -0300] "GET /cormun/servlet/trsolicitudot? HTTP/1.1" 200 7484
192.168.10.89 - - [03/Mar/2016:16:07:05 -0300] "POST /cormun/servlet/hlogin?5872026955bf51786e398244f8b16930,gx-no-cache=1457031778032 HTTP/1.1" 200 446
186.103.159.204 - - [03/Mar/2016:16:07:07 -0300] "POST /cormun/servlet/solicitudot?gx-no-cache=1457032050328 HTTP/1.1" 200 30
186.103.159.204 - - [03/Mar/2016:16:07:07 -0300] "POST /cormun/servlet/solicitudot?gx-no-cache=1457032050374 HTTP/1.1" 200 33
186.103.159.204 - - [03/Mar/2016:16:07:07 -0300] "POST /cormun/servlet/solicitudot?gx-no-cache=1457032050435 HTTP/1.1" 200 1156
186.103.159.204 - - [03/Mar/2016:16:07:07 -0300] "GET /cormun/servlet/solicitudot?f930c3ed7b1e443843e42b7c8396729d2e6997e18dc2ed5912b464857a3b8ce8a08cc7e6286a2d550c44a7bbf8461bfafffbdde5a3c1c908852364e3e3d5dd21b4ef7aeb08d297b01bad275767a39bdf196861abd2bd7ae429ffcded4f4f9ce37940a7cb9a158190c7429e766dd962808f4561b4373d86d3d6ce2abe1132095e0072fdfc415ea6a26508b3cc670688cb,gx-no-cache=1457032050528 HTTP/1.1" 200 38
186.103.159.204 - - [03/Mar/2016:16:07:07 -0300] "POST /cormun/servlet/solicitudot?gx-no-cache=1457032050587 HTTP/1.1" 200 1115
186.103.159.204 - - [03/Mar/2016:16:07:07 -0300] "GET /cormun/servlet/solicitudot?f930c3ed7b1e443843e42b7c8396729d74193c6a63fe8310a6dc71a16111f7326f9bc2d49ec35a08b08a809c9b3ccc1191140520c1c7855512aeacc0cbd8d58fd1d74c19aa9ba95fd573a46c9896cdf3d957d95555581130ea0df203430e2f00c3050a8335ce62fd21ab8951fc37592c7fc17de08caec6b07e7d202a390609473f4915a47ed7cec10f0ba1ab2bb3809237754b2d1c41db50ecca65f40980cfbc,gx-no-cache=1457032050638 HTTP/1.1" 200 30
186.103.158.250 - - [03/Mar/2016:16:07:08 -0300] "GET /cormun/servlet/trvisualizadoreventos?7dcaef518dcfcd528e5175f8aacb9cd0661d6b133ce3ec85632d52ba98da30e3e1369c253f1bc675e29d912c4d55ae1d3e1a46d396fb040b915e0f564a498e5930fb5b3419746b7917a7bc4bca3dc14ea10307aa6019cb2c3213c2d9631d414b992bec9e27617159a9dfc3097f543d899c95aa16c91c5e943900a739a83f880b6928bd6b4061a939b05c37bfbae956388b4c6473fc926e7f82fa794d6aa55aa133607723ee79061f2b2f8e436238e612f9ad582bd9269381109b7b50d228da13,gx-no-cache=1457032048648 HTTP/1.1" 200 570
186.103.158.250 - - [03/Mar/2016:16:07:09 -0300] "GET /cormun/servlet/trvisualizadoreventos?7dcaef518dcfcd528e5175f8aacb9cd0661d6b133ce3ec85632d52ba98da30e3e1369c253f1bc675e29d912c4d55ae1d3e1a46d396fb040b915e0f564a498e5930fb5b3419746b7917a7bc4bca3dc14ea10307aa6019cb2c3213c2d9631d414b992bec9e27617159a9dfc3097f543d899c95aa16c91c5e943900a739a83f880b6928bd6b4061a939b05c37bfbae956388b4c6473fc926e7f82fa794d6aa55aa133607723ee79061f2b2f8e436238e612c7900bd06f7ce2342da5b21abcc4807a,gx-no-cache=1457032049529 HTTP/1.1" 200 565
192.168.10.89 - - [03/Mar/2016:16:07:10 -0300] "POST /cormun/servlet/hlogin?5872026955bf51786e398244f8b16930,gx-no-cache=1457031782648 HTTP/1.1" 200 90
192.168.10.89 - - [03/Mar/2016:16:07:10 -0300] "GET /cormun/servlet/hpexe_link HTTP/1.1" 200 952
192.168.10.89 - - [03/Mar/2016:16:07:10 -0300] "GET /cormun/static/gxcfg.js?20151120044395 HTTP/1.1" 304 -
192.168.10.89 - - [03/Mar/2016:16:07:10 -0300] "GET /cormun/static/hpexe_link.js?20151120044398 HTTP/1.1" 304 -
192.168.10.89 - - [03/Mar/2016:16:07:10 -0300] "GET /cormun/servlet/hhome HTTP/1.1" 200 3857
192.168.10.89 - - [03/Mar/2016:16:07:10 -0300] "GET /cormun/static/Resources/Spanish/PXTools.css?10515224 HTTP/1.1" 304 -
192.168.10.89 - - [03/Mar/2016:16:07:10 -0300] "GET /cormun/static/gxcfg.js?2015112210564248 HTTP/1.1" 304 -
192.168.10.89 - - [03/Mar/2016:16:07:10 -0300] "GET /cormun/static/hhome.js?2015112210564255 HTTP/1.1" 304 -
192.168.10.89 - - [03/Mar/2016:16:07:10 -0300] "GET /cormun/static/hwchdr01.js?20162241650484 HTTP/1.1" 304 -
192.168.10.89 - - [03/Mar/2016:16:07:10 -0300] "GET /cormun/static/hpexe_recentlink.js?2015111312121342 HTTP/1.1" 304 -
192.168.10.89 - - [03/Mar/2016:16:07:10 -0300] "GET /cormun/static/hpexe_scripts.js?20151120014546 HTTP/1.1" 304 -
192.168.10.89 - - [03/Mar/2016:16:07:10 -0300] "GET /cormun/static/hpexe_messagecontroller.js?2015112210524422 HTTP/1.1" 304 -
192.168.10.89 - - [03/Mar/2016:16:07:10 -0300] "GET /cormun/static/hpexe_messagepopupcomponent.js?20163219454551 HTTP/1.1" 304 -
192.168.10.89 - - [03/Mar/2016:16:07:10 -0300] "GET /cormun/static/cmcontrolpreferences.js?20151120014525 HTTP/1.1" 304 -
192.168.10.89 - - [03/Mar/2016:16:07:10 -0300] "GET /cormun/static/hpexe_messagegenexuscomponent.js?20151120014314 HTTP/1.1" 304 -
192.168.10.89 - - [03/Mar/2016:16:07:10 -0300] "GET /cormun/static/hmpwkw03.js?2016311993330 HTTP/1.1" 304 -
186.103.158.250 - - [03/Mar/2016:16:07:11 -0300] "GET /cormun/servlet/trvisualizadoreventos?7dcaef518dcfcd528e5175f8aacb9cd0661d6b133ce3ec85632d52ba98da30e3e1369c253f1bc675e29d912c4d55ae1d3e1a46d396fb040b915e0f564a498e5930fb5b3419746b7917a7bc4bca3dc14ea10307aa6019cb2c3213c2d9631d414b992bec9e27617159a9dfc3097f543d899c95aa16c91c5e943900a739a83f880b6928bd6b4061a939b05c37bfbae956388b4c6473fc926e7f82fa794d6aa55aa133607723ee79061f2b2f8e436238e612f5f17fd5e77b3a058a574a671f88e668,gx-no-cache=1457032052149 HTTP/1.1" 200 566
186.78.45.190 - - [03/Mar/2016:16:07:14 -0300] "GET /cormun/servlet/trsolicitudot? HTTP/1.1" 200 7484
186.103.158.250 - - [03/Mar/2016:16:07:15 -0300] "GET /cormun/servlet/trvisualizadoreventos?7dcaef518dcfcd528e5175f8aacb9cd0661d6b133ce3ec85632d52ba98da30e3e1369c253f1bc675e29d912c4d55ae1d3e1a46d396fb040b915e0f564a498e5930fb5b3419746b7917a7bc4bca3dc14ea10307aa6019cb2c3213c2d9631d414b992bec9e27617159a9dfc3097f543d899c95aa16c91c5e943900a739a83f880b6928bd6b4061a939b05c37bfbae956388b4c6473fc926e7f82fa794d6aa55aa133607723ee79061f2b2f8e436238e612c7900bd06f7ce2342da5b21abcc4807a,gx-no-cache=1457032055726 HTTP/1.1" 200 565
186.103.159.204 - - [03/Mar/2016:16:07:15 -0300] "GET /cormun/static/menuarrow.gif HTTP/1.1" 404 1015
186.103.158.250 - - [03/Mar/2016:16:07:17 -0300] "GET /cormun/servlet/trvisualizadoreventos?7dcaef518dcfcd528e5175f8aacb9cd0661d6b133ce3ec85632d52ba98da30e3e1369c253f1bc675e29d912c4d55ae1d3e1a46d396fb040b915e0f564a498e5930fb5b3419746b7917a7bc4bca3dc14ea10307aa6019cb2c3213c2d9631d414b992bec9e27617159a9dfc3097f543d899c95aa16c91c5e943900a739a83f880b6928bd6b4061a939b05c37bfbae956388b4c6473fc926e7f82fa794d6aa55aa133607723ee79061f2b2f8e436238e612b36d074509f085f122edf57a6eb40224,gx-no-cache=1457032058080 HTTP/1.1" 200 569
186.103.158.250 - - [03/Mar/2016:16:07:20 -0300] "POST /cormun/servlet/trvisualizadoreventos?b63b9c16ca88f40a1cf4006f80fdcd90,,gx-no-cache=1457032060791 HTTP/1.1" 200 3351
186.103.158.250 - - [03/Mar/2016:16:07:21 -0300] "POST /cormun/servlet/trvisualizadoreventos?b63b9c16ca88f40a1cf4006f80fdcd90,,gx-no-cache=1457032061928 HTTP/1.1" 200 3351
186.103.158.250 - - [03/Mar/2016:16:07:22 -0300] "POST /cormun/servlet/trvisualizadoreventos?b63b9c16ca88f40a1cf4006f80fdcd90,,gx-no-cache=1457032063310 HTTP/1.1" 200 3351
186.103.159.204 - - [03/Mar/2016:16:07:22 -0300] "GET /cormun/servlet/solicitudot?f930c3ed7b1e443843e42b7c8396729d74193c6a63fe8310a6dc71a16111f7324c2e7cd57eccc59798df20c62860c7e79abb06b8aedc88b9e2fd32726fc894d578956364c5a7af6a21d6b88fe79cb7d943e970b5b81f5cc9df33925f69286abd5c399a01059cbe907801163d9ef55a1b6dd2961ab2623f34aa0172a9a6a6b0497ce4c719d4aeeac6df5b1c89e4d22b6d44f94eca0fa26937221a3ddc22c6036a4ca96e76df55061c05d6e8822c3ff095,gx-no-cache=1457032065806 HTTP/1.1" 200 30
186.103.158.250 - - [03/Mar/2016:16:07:24 -0300] "POST /cormun/servlet/trvisualizadoreventos?b63b9c16ca88f40a1cf4006f80fdcd90,,gx-no-cache=1457032064707 HTTP/1.1" 200 3351
186.103.159.204 - - [03/Mar/2016:16:07:28 -0300] "GET /cormun/servlet/solicitudot?f930c3ed7b1e443843e42b7c8396729d74193c6a63fe8310a6dc71a16111f7324c2e7cd57eccc59798df20c62860c7e79abb06b8aedc88b9e2fd32726fc894d578956364c5a7af6a21d6b88fe79cb7d943e970b5b81f5cc9df33925f69286abd5c399a01059cbe907801163d9ef55a1b6dd2961ab2623f34aa0172a9a6a6b0497ce4c719d4aeeac6df5b1c89e4d22b6d44f94eca0fa26937221a3ddc22c6036a4ca96e76df55061c05d6e8822c3ff095,gx-no-cache=1457032071435 HTTP/1.1" 200 30
186.103.159.204 - - [03/Mar/2016:16:07:28 -0300] "POST /cormun/servlet/solicitudot?4881528fdb2991efe7e1984e33761af8,INS,0,0,,gx-no-cache=1457032071485 HTTP/1.1" 200 93
186.103.159.204 - - [03/Mar/2016:16:07:28 -0300] "GET /cormun/servlet/hpexe_return? HTTP/1.1" 200 1027
186.103.159.204 - - [03/Mar/2016:16:07:29 -0300] "GET /cormun/servlet/trsolicitudot?gx-no-cache=1457030550885 HTTP/1.1" 200 15528
186.103.159.204 - - [03/Mar/2016:16:07:30 -0300] "GET /cormun/servlet/trsolicitudot?gx-no-cache=1457030550885 HTTP/1.1" 200 15545
186.78.45.190 - - [03/Mar/2016:16:07:32 -0300] "POST /cormun/servlet/trsolicitudot?43896ddcbec13b6f1ec32c8943553023,,gx-no-cache=1457032078380 HTTP/1.1" 200 3498
186.78.45.190 - - [03/Mar/2016:16:07:32 -0300] "POST /cormun/servlet/trsolicitudot?43896ddcbec13b6f1ec32c8943553023,,gx-no-cache=1457032078791 HTTP/1.1" 200 3498
186.78.45.190 - - [03/Mar/2016:16:07:32 -0300] "GET /cormun/static/menuarrow.gif HTTP/1.1" 404 1015
192.168.10.89 - - [03/Mar/2016:16:07:33 -0300] "GET /cormun/servlet/trsolicitudgral? HTTP/1.1" 200 9366
192.168.10.89 - - [03/Mar/2016:16:07:33 -0300] "GET /cormun/static/Resources/Spanish/PXTools.css?171692 HTTP/1.1" 304 -
192.168.10.89 - - [03/Mar/2016:16:07:33 -0300] "GET /cormun/static/gxcfg.js?2016311844946 HTTP/1.1" 304 -
192.168.10.89 - - [03/Mar/2016:16:07:33 -0300] "GET /cormun/static/trsolicitudgral.js?20163118441420 HTTP/1.1" 304 -
186.103.159.204 - - [03/Mar/2016:16:07:37 -0300] "GET /cormun/servlet/solicitudot?INS,0,0, HTTP/1.1" 200 11462
186.103.159.204 - - [03/Mar/2016:16:07:38 -0300] "GET /cormun/servlet/solicitudot?INS,0,0, HTTP/1.1" 200 11445
192.168.10.89 - - [03/Mar/2016:16:07:39 -0300] "GET /cormun/static/menuarrow.gif HTTP/1.1" 404 1015
192.168.10.89 - - [03/Mar/2016:16:07:44 -0300] "POST /cormun/servlet/trsolicitudgral?5872026955bf51786e398244f8b16930,,gx-no-cache=1457031816516 HTTP/1.1" 200 16370
192.168.10.89 - - [03/Mar/2016:16:07:45 -0300] "POST /cormun/servlet/trsolicitudgral?5872026955bf51786e398244f8b16930,,gx-no-cache=1457031817653 HTTP/1.1" 200 16370
192.168.10.89 - - [03/Mar/2016:16:07:47 -0300] "POST /cormun/servlet/trsolicitudgral?5872026955bf51786e398244f8b16930,,gx-no-cache=1457031819319 HTTP/1.1" 200 16371
186.103.159.204 - - [03/Mar/2016:16:07:47 -0300] "POST /cormun/servlet/solicitudot?gx-no-cache=1457032090002 HTTP/1.1" 200 2740
186.103.159.204 - - [03/Mar/2016:16:07:47 -0300] "POST /cormun/servlet/solicitudot?4881528fdb2991efe7e1984e33761af8,INS,0,0,,gx-no-cache=1457032090168 HTTP/1.1" 200 8389
186.103.159.204 - - [03/Mar/2016:16:07:47 -0300] "GET /cormun/servlet/solicitudot?f930c3ed7b1e443843e42b7c8396729db45f99c5b2b85c3f116f0f756d895ac5218a4421d639f7f8d178f07a273103ae,gx-no-cache=1457032090344 HTTP/1.1" 200 30
192.168.10.89 - - [03/Mar/2016:16:07:48 -0300] "POST /cormun/servlet/trsolicitudgral?5872026955bf51786e398244f8b16930,,gx-no-cache=1457031821185 HTTP/1.1" 200 16371
186.103.159.204 - - [03/Mar/2016:16:07:50 -0300] "POST /cormun/servlet/solicitudot?gx-no-cache=1457032093725 HTTP/1.1" 200 30
186.103.159.204 - - [03/Mar/2016:16:07:50 -0300] "POST /cormun/servlet/solicitudot?gx-no-cache=1457032093764 HTTP/1.1" 200 33
186.103.159.204 - - [03/Mar/2016:16:07:51 -0300] "POST /cormun/servlet/solicitudot?gx-no-cache=1457032093839 HTTP/1.1" 200 1156
186.103.159.204 - - [03/Mar/2016:16:07:51 -0300] "GET /cormun/servlet/solicitudot?f930c3ed7b1e443843e42b7c8396729d2e6997e18dc2ed5912b464857a3b8ce8a08cc7e6286a2d550c44a7bbf8461bfafffbdde5a3c1c908852364e3e3d5dd21b4ef7aeb08d297b01bad275767a39bdf196861abd2bd7ae429ffcded4f4f9ce37940a7cb9a158190c7429e766dd962808f4561b4373d86d3d6ce2abe1132095e0072fdfc415ea6a26508b3cc670688cb,gx-no-cache=1457032093946 HTTP/1.1" 200 38
186.103.159.204 - - [03/Mar/2016:16:07:51 -0300] "GET /cormun/servlet/solicitudot?f930c3ed7b1e443843e42b7c8396729dc2123ce853801a4ce4163372b056ae3e691d0907274c9a67bc72386e3c6f0b819ecc97637fa540571f58461f9bc804a8e24b815c10a8aef6927c811f9ffe140dc52d326bd84d8cc3716663b6a2205f659372123b4cdd8d65db3488c269e3836f,gx-no-cache=1457032094011 HTTP/1.1" 200 29
186.103.159.204 - - [03/Mar/2016:16:07:51 -0300] "POST /cormun/servlet/solicitudot?gx-no-cache=1457032094050 HTTP/1.1" 200 1115
186.103.159.204 - - [03/Mar/2016:16:07:51 -0300] "GET /cormun/servlet/solicitudot?f930c3ed7b1e443843e42b7c8396729d31072478d4a4d5a4909bad35bb1dc45d6f9bc2d49ec35a08b08a809c9b3ccc1191140520c1c7855512aeacc0cbd8d58fd1d74c19aa9ba95fd573a46c9896cdf3d957d95555581130ea0df203430e2f00c3050a8335ce62fd21ab8951fc37592c7fc17de08caec6b07e7d202a390609473f4915a47ed7cec10f0ba1ab2bb3809237754b2d1c41db50ecca65f40980cfbc,gx-no-cache=1457032094091 HTTP/1.1" 200 30
186.103.159.204 - - [03/Mar/2016:16:07:58 -0300] "GET /cormun/static/menuarrow.gif HTTP/1.1" 404 1015
192.168.10.89 - - [03/Mar/2016:16:07:59 -0300] "POST /cormun/servlet/trsolicitudgral?5872026955bf51786e398244f8b16930,,gx-no-cache=1457031831546 HTTP/1.1" 200 16370
192.168.10.89 - - [03/Mar/2016:16:08:01 -0300] "POST /cormun/servlet/trsolicitudgral?5872026955bf51786e398244f8b16930,,gx-no-cache=1457031833895 HTTP/1.1" 200 16371
192.168.10.89 - - [03/Mar/2016:16:08:04 -0300] "POST /cormun/servlet/trsolicitudgral?5872026955bf51786e398244f8b16930,,gx-no-cache=1457031836637 HTTP/1.1" 200 16370
186.103.158.250 - - [03/Mar/2016:16:08:08 -0300] "POST /cormun/servlet/trvisualizadoreventos?b63b9c16ca88f40a1cf4006f80fdcd90,,gx-no-cache=1457032108177 HTTP/1.1" 200 3890
186.103.158.250 - - [03/Mar/2016:16:08:09 -0300] "GET /cormun/servlet/trvisualizadoreventos?7dcaef518dcfcd528e5175f8aacb9cd036bf739555677bc6ec91255e80ef041ce1369c253f1bc675e29d912c4d55ae1d3e1a46d396fb040b915e0f564a498e5930fb5b3419746b7917a7bc4bca3dc14ea10307aa6019cb2c3213c2d9631d414b992bec9e27617159a9dfc3097f543d899c95aa16c91c5e943900a739a83f880b6928bd6b4061a939b05c37bfbae956388b4c6473fc926e7f82fa794d6aa55aa133607723ee79061f2b2f8e436238e612b36d074509f085f122edf57a6eb40224,gx-no-cache=1457032110304 HTTP/1.1" 200 1166
192.168.10.89 - - [03/Mar/2016:16:08:13 -0300] "POST /cormun/servlet/trsolicitudgral?5872026955bf51786e398244f8b16930,,gx-no-cache=1457031845714 HTTP/1.1" 200 4475
192.168.10.89 - - [03/Mar/2016:16:08:14 -0300] "GET /cormun/servlet/trsolicitudgral?2b336db018958dc70f794ca70d0b11c4e1440534b396fb1cbdab3cc1d2d55cda876205f00263114b67201b2af16b4139c482e336cec432a12787b8dc942dd772c968bae74fcf121ebca8cdda2f9b0dc885db8c9607f97a86eacbe32653fdc1fe,gx-no-cache=1457031846638 HTTP/1.1" 200 639
186.103.159.204 - - [03/Mar/2016:16:08:15 -0300] "GET /cormun/servlet/solicitudot?f930c3ed7b1e443843e42b7c8396729d31072478d4a4d5a4909bad35bb1dc45d4c2e7cd57eccc59798df20c62860c7e79abb06b8aedc88b9e2fd32726fc894d578956364c5a7af6a21d6b88fe79cb7d943e970b5b81f5cc9df33925f69286abd5c399a01059cbe907801163d9ef55a1b6dd2961ab2623f34aa0172a9a6a6b0497ce4c719d4aeeac6df5b1c89e4d22b6d44f94eca0fa26937221a3ddc22c6036a4ca96e76df55061c05d6e8822c3ff095,gx-no-cache=1457032117995 HTTP/1.1" 200 30
186.103.159.204 - - [03/Mar/2016:16:08:15 -0300] "POST /cormun/servlet/solicitudot?4881528fdb2991efe7e1984e33761af8,INS,0,0,,gx-no-cache=1457032118033 HTTP/1.1" 200 9299
186.103.159.204 - - [03/Mar/2016:16:08:15 -0300] "GET /cormun/static/Shared/jqueryui/images/ui-bg_highlight-soft_100_c6c2c8_1x100.png HTTP/1.1" 404 1117
186.103.159.204 - - [03/Mar/2016:16:08:15 -0300] "GET /cormun/static/Shared/jqueryui/images/ui-bg_flat_55_994d53_40x100.png HTTP/1.1" 404 1097
186.103.159.204 - - [03/Mar/2016:16:08:15 -0300] "GET /cormun/static/Shared/jqueryui/images/ui-icons_82798d_256x240.png HTTP/1.1" 404 1089
186.103.159.204 - - [03/Mar/2016:16:08:15 -0300] "GET /cormun/static/Shared/jqueryui/images/ui-icons_ebccce_256x240.png HTTP/1.1" 404 1089
192.168.10.89 - - [03/Mar/2016:16:08:17 -0300] "POST /cormun/servlet/trsolicitudgral?5872026955bf51786e398244f8b16930,,gx-no-cache=1457031849470 HTTP/1.1" 200 4475
192.168.10.89 - - [03/Mar/2016:16:08:17 -0300] "GET /cormun/servlet/trsolicitudgral?2b336db018958dc70f794ca70d0b11c41cea0a50870ec5dff58cedf676d969dd1ff3d602f14f75d6cf2b27cca71c89222d142bc060aed9da67b5ad50fc546af0794de59f0b3cd4998743afc3e419c913407658e8a3c02c8520c6937eb3b0b071,gx-no-cache=1457031850310 HTTP/1.1" 200 638
192.168.10.89 - - [03/Mar/2016:16:08:19 -0300] "POST /cormun/servlet/trsolicitudgral?5872026955bf51786e398244f8b16930,,gx-no-cache=1457031852349 HTTP/1.1" 200 4475
192.168.10.89 - - [03/Mar/2016:16:08:20 -0300] "POST /cormun/servlet/trsolicitudgral?5872026955bf51786e398244f8b16930,,gx-no-cache=1457031853021 HTTP/1.1" 200 4475
192.168.10.89 - - [03/Mar/2016:16:08:21 -0300] "POST /cormun/servlet/trsolicitudgral?5872026955bf51786e398244f8b16930,,gx-no-cache=1457031853794 HTTP/1.1" 200 4475
192.168.10.89 - - [03/Mar/2016:16:08:24 -0300] "POST /cormun/servlet/trsolicitudgral?5872026955bf51786e398244f8b16930,,gx-no-cache=1457031854635 HTTP/1.1" 200 4475
186.78.45.190 - - [03/Mar/2016:16:08:24 -0300] "GET /cormun/servlet/trsolicitudot?3d22f27dfbf8059085bd2ddf108ef88ec36bf30cec30ba931596eaddd37dd340e31cde773b42c966bffc2d70bdf59de74162fbcaa108e5505bbf7a057292e6a2d33ce9d58b96d7a41fe9d7e27bc42023058f6c9cb0c46aa493942a4e551a80d4,gx-no-cache=1457032130988 HTTP/1.1" 200 762
186.103.159.204 - - [03/Mar/2016:16:08:26 -0300] "POST /cormun/servlet/solicitudot?gx-no-cache=1457032129307 HTTP/1.1" 200 30
186.103.159.204 - - [03/Mar/2016:16:08:26 -0300] "POST /cormun/servlet/solicitudot?gx-no-cache=1457032129350 HTTP/1.1" 200 33
186.103.159.204 - - [03/Mar/2016:16:08:26 -0300] "POST /cormun/servlet/solicitudot?gx-no-cache=1457032129414 HTTP/1.1" 200 1156
186.103.159.204 - - [03/Mar/2016:16:08:26 -0300] "GET /cormun/servlet/solicitudot?f930c3ed7b1e443843e42b7c8396729d2e6997e18dc2ed5912b464857a3b8ce8a08cc7e6286a2d550c44a7bbf8461bfafffbdde5a3c1c908852364e3e3d5dd21b4ef7aeb08d297b01bad275767a39bdf196861abd2bd7ae429ffcded4f4f9ce37940a7cb9a158190c7429e766dd962808f4561b4373d86d3d6ce2abe1132095e819a5f37010adf39e6a304067c3f2e6c1cae846d1c9b2873835509691c57620a,gx-no-cache=1457032129513 HTTP/1.1" 200 41
186.103.159.204 - - [03/Mar/2016:16:08:26 -0300] "POST /cormun/servlet/solicitudot?gx-no-cache=1457032129576 HTTP/1.1" 200 1115
186.103.159.204 - - [03/Mar/2016:16:08:26 -0300] "GET /cormun/servlet/solicitudot?f930c3ed7b1e443843e42b7c8396729d31072478d4a4d5a4909bad35bb1dc45d4c2e7cd57eccc59798df20c62860c7e79abb06b8aedc88b9e2fd32726fc894d578956364c5a7af6a21d6b88fe79cb7d943e970b5b81f5cc9df33925f69286abd5c399a01059cbe907801163d9ef55a1b6dd2961ab2623f34aa0172a9a6a6b0497ce4c719d4aeeac6df5b1c89e4d22b6d44f94eca0fa26937221a3ddc22c6036a4ca96e76df55061c05d6e8822c3ff095,gx-no-cache=1457032129625 HTTP/1.1" 200 30
186.103.159.204 - - [03/Mar/2016:16:08:26 -0300] "POST /cormun/servlet/solicitudot?4881528fdb2991efe7e1984e33761af8,INS,0,0,,gx-no-cache=1457032129654 HTTP/1.1" 200 93
186.103.159.204 - - [03/Mar/2016:16:08:27 -0300] "GET /cormun/servlet/hpexe_return? HTTP/1.1" 200 1027
186.103.159.204 - - [03/Mar/2016:16:08:27 -0300] "GET /cormun/servlet/trsolicitudot?gx-no-cache=1457030550885 HTTP/1.1" 200 15846
192.168.10.89 - - [03/Mar/2016:16:08:28 -0300] "POST /cormun/servlet/trsolicitudgral?5872026955bf51786e398244f8b16930,,gx-no-cache=1457031860227 HTTP/1.1" 200 5877
186.103.159.204 - - [03/Mar/2016:16:08:28 -0300] "GET /cormun/servlet/trsolicitudot?gx-no-cache=1457030550885 HTTP/1.1" 200 15862
192.168.10.89 - - [03/Mar/2016:16:08:29 -0300] "GET /cormun/servlet/trsolicitudgral?2b336db018958dc70f794ca70d0b11c42a46ef7547e31aadd0d333be2303157b1ff3d602f14f75d6cf2b27cca71c8922436c2975beda40bbab1bd8dc2d2244117c5028b9dddb468aaf36020051e6494e,gx-no-cache=1457031861575 HTTP/1.1" 200 2160
186.78.45.190 - - [03/Mar/2016:16:08:32 -0300] "GET /cormun/servlet/trsolicitudot?3d22f27dfbf8059085bd2ddf108ef88ec36bf30cec30ba931596eaddd37dd340e31cde773b42c966bffc2d70bdf59de74162fbcaa108e5505bbf7a057292e6a2d33ce9d58b96d7a41fe9d7e27bc42023058f6c9cb0c46aa493942a4e551a80d4,gx-no-cache=1457032138823 HTTP/1.1" 200 762
186.78.45.190 - - [03/Mar/2016:16:08:33 -0300] "POST /cormun/servlet/trsolicitudot?43896ddcbec13b6f1ec32c8943553023,,gx-no-cache=1457032139806 HTTP/1.1" 200 3507
186.78.45.190 - - [03/Mar/2016:16:08:33 -0300] "POST /cormun/servlet/trsolicitudot?43896ddcbec13b6f1ec32c8943553023,,gx-no-cache=1457032140338 HTTP/1.1" 200 3506
192.168.10.89 - - [03/Mar/2016:16:08:34 -0300] "POST /cormun/servlet/trsolicitudgral?5872026955bf51786e398244f8b16930,,gx-no-cache=1457031866679 HTTP/1.1" 200 4478
186.103.159.204 - - [03/Mar/2016:16:08:35 -0300] "GET /cormun/servlet/solicitudot?INS,0,0, HTTP/1.1" 200 11463
192.168.10.89 - - [03/Mar/2016:16:08:35 -0300] "GET /cormun/servlet/trsolicitudgral?2b336db018958dc70f794ca70d0b11c4686ce1f111e5b9f72a83320855c3737d1c975f782477f6477a0128929e5d49236992f41df466250949e9d7a2c6d571b89e1e573d1b25004b5d526fddcc3119b1407658e8a3c02c8520c6937eb3b0b071,gx-no-cache=1457031867951 HTTP/1.1" 200 639
186.103.159.204 - - [03/Mar/2016:16:08:36 -0300] "GET /cormun/servlet/solicitudot?INS,0,0, HTTP/1.1" 200 11446
186.78.45.190 - - [03/Mar/2016:16:08:37 -0300] "GET /cormun/servlet/trsolicitudot?3d22f27dfbf8059085bd2ddf108ef88ec36bf30cec30ba931596eaddd37dd340f44e7b8bd43ee5030523481813c0c2210e989d7b324a4d85e737faa6da208c0c9de604e18ee9f388d655f6092fd154e33f3f6e8f2a53174a1b8a29c8165a3b81,gx-no-cache=1457032143578 HTTP/1.1" 200 771
186.78.45.190 - - [03/Mar/2016:16:08:38 -0300] "GET /cormun/servlet/trsolicitudot?3d22f27dfbf8059085bd2ddf108ef88ec36bf30cec30ba931596eaddd37dd3404aedbfd07e6484d054b0ad2bd8b9ea18b7cad8bc97c29ea12e8d321e7b2a3e2bc806f6e82ed8bba040d6b9606ab0396bd3d54681c5090e62f94f2dbb121fe7dc,gx-no-cache=1457032144692 HTTP/1.1" 200 771
186.78.45.190 - - [03/Mar/2016:16:08:39 -0300] "GET /cormun/servlet/trsolicitudot?3d22f27dfbf8059085bd2ddf108ef88ec36bf30cec30ba931596eaddd37dd340e4713f5ec33a522b061a5a61dffd9a3eecd3ed26b8d90bf593ebab21fdeaf641557ccd020a2420b745a56d7f04152a793bbee22595cbb14e39a7083f32e62731,gx-no-cache=1457032145610 HTTP/1.1" 200 771
186.103.158.250 - - [03/Mar/2016:16:08:39 -0300] "POST /cormun/servlet/trvisualizadoreventos?b63b9c16ca88f40a1cf4006f80fdcd90,,gx-no-cache=1457032139294 HTTP/1.1" 200 3879
186.78.45.190 - - [03/Mar/2016:16:08:40 -0300] "GET /cormun/servlet/trsolicitudot?3d22f27dfbf8059085bd2ddf108ef88ec36bf30cec30ba931596eaddd37dd3405f51d2bc299d80e55ba2a2112a670b2bcf5fc4b93f44fc1af2d7e73b6c822e65cb905a9f5bf7ba42891d1b5ffded85062dc551c35a631d50f41bfc2c1976a1df,gx-no-cache=1457032146877 HTTP/1.1" 200 771
186.103.158.250 - - [03/Mar/2016:16:08:41 -0300] "GET /cormun/servlet/trvisualizadoreventos?7dcaef518dcfcd528e5175f8aacb9cd060a0137f804966ef944bef3c5bffc8a3f641a12f0a6e45ca57a4c573ad995ab73e1a46d396fb040b915e0f564a498e5930fb5b3419746b7917a7bc4bca3dc14ea10307aa6019cb2c3213c2d9631d414b992bec9e27617159a9dfc3097f543d899c95aa16c91c5e943900a739a83f880b6928bd6b4061a939b05c37bfbae956388b4c6473fc926e7f82fa794d6aa55aa133607723ee79061f2b2f8e436238e612005fee60c7ca72a70573fe373ee2583e,gx-no-cache=1457032141568 HTTP/1.1" 200 1158
192.168.10.89 - - [03/Mar/2016:16:08:44 -0300] "POST /cormun/servlet/trsolicitudgral?5872026955bf51786e398244f8b16930,,gx-no-cache=1457031876532 HTTP/1.1" 200 4477
192.168.10.89 - - [03/Mar/2016:16:08:45 -0300] "GET /cormun/servlet/trsolicitudgral?2b336db018958dc70f794ca70d0b11c4e1440534b396fb1cbdab3cc1d2d55cda1ff3d602f14f75d6cf2b27cca71c89226992f41df466250949e9d7a2c6d571b89e1e573d1b25004b5d526fddcc3119b1407658e8a3c02c8520c6937eb3b0b071,gx-no-cache=1457031877822 HTTP/1.1" 200 638
186.103.159.204 - - [03/Mar/2016:16:08:45 -0300] "POST /cormun/servlet/solicitudot?gx-no-cache=1457032148544 HTTP/1.1" 200 2744
186.103.159.204 - - [03/Mar/2016:16:08:45 -0300] "POST /cormun/servlet/solicitudot?4881528fdb2991efe7e1984e33761af8,INS,0,0,,gx-no-cache=1457032148713 HTTP/1.1" 200 8400
186.103.159.204 - - [03/Mar/2016:16:08:46 -0300] "GET /cormun/servlet/solicitudot?f930c3ed7b1e443843e42b7c8396729dc84fa19ceefdd11c060ee483880d38e1218a4421d639f7f8d178f07a273103ae,gx-no-cache=1457032148893 HTTP/1.1" 200 30
186.103.159.204 - - [03/Mar/2016:16:08:48 -0300] "POST /cormun/servlet/solicitudot?gx-no-cache=1457032151575 HTTP/1.1" 200 30
186.103.159.204 - - [03/Mar/2016:16:08:48 -0300] "POST /cormun/servlet/solicitudot?gx-no-cache=1457032151668 HTTP/1.1" 200 33
186.103.159.204 - - [03/Mar/2016:16:08:48 -0300] "POST /cormun/servlet/solicitudot?gx-no-cache=1457032151763 HTTP/1.1" 200 1157
186.103.159.204 - - [03/Mar/2016:16:08:49 -0300] "GET /cormun/servlet/solicitudot?f930c3ed7b1e443843e42b7c8396729d2e6997e18dc2ed5912b464857a3b8ce8a08cc7e6286a2d550c44a7bbf8461bfafffbdde5a3c1c908852364e3e3d5dd21b4ef7aeb08d297b01bad275767a39bdf196861abd2bd7ae429ffcded4f4f9ce37940a7cb9a158190c7429e766dd962808f4561b4373d86d3d6ce2abe1132095e0072fdfc415ea6a26508b3cc670688cb,gx-no-cache=1457032151868 HTTP/1.1" 200 38
186.103.159.204 - - [03/Mar/2016:16:08:49 -0300] "GET /cormun/servlet/solicitudot?f930c3ed7b1e443843e42b7c8396729dc2123ce853801a4ce4163372b056ae3e691d0907274c9a67bc72386e3c6f0b819ecc97637fa540571f58461f9bc804a8e24b815c10a8aef6927c811f9ffe140dc52d326bd84d8cc3716663b6a2205f659372123b4cdd8d65db3488c269e3836f,gx-no-cache=1457032151935 HTTP/1.1" 200 29
186.103.159.204 - - [03/Mar/2016:16:08:49 -0300] "POST /cormun/servlet/solicitudot?gx-no-cache=1457032151977 HTTP/1.1" 200 1113
186.103.159.204 - - [03/Mar/2016:16:08:49 -0300] "GET /cormun/servlet/solicitudot?f930c3ed7b1e443843e42b7c8396729df931e784ade0d953509037c5e397b9cd6f9bc2d49ec35a08b08a809c9b3ccc1191140520c1c7855512aeacc0cbd8d58fd1d74c19aa9ba95fd573a46c9896cdf3d957d95555581130ea0df203430e2f00c3050a8335ce62fd21ab8951fc37592c7fc17de08caec6b07e7d202a390609473f4915a47ed7cec10f0ba1ab2bb3809237754b2d1c41db50ecca65f40980cfbc,gx-no-cache=1457032152023 HTTP/1.1" 200 30
186.78.45.190 - - [03/Mar/2016:16:08:49 -0300] "POST /cormun/servlet/trsolicitudot?43896ddcbec13b6f1ec32c8943553023,,gx-no-cache=1457032156191 HTTP/1.1" 200 3515
192.168.10.89 - - [03/Mar/2016:16:08:51 -0300] "POST /cormun/servlet/trsolicitudgral?5872026955bf51786e398244f8b16930,,gx-no-cache=1457031884073 HTTP/1.1" 200 6137
186.78.45.190 - - [03/Mar/2016:16:08:52 -0300] "GET /cormun/servlet/trsolicitudot?3d22f27dfbf8059085bd2ddf108ef88ec36bf30cec30ba931596eaddd37dd34074d2ad365e56771a7ffa62f2fd77fef14320b4aa8d273ceb14621016e63384b980ab4a59d140e23a76155377dbe3b80bf6086dc6391c1ac5d74bdbcf6b690d2c,gx-no-cache=1457032158918 HTTP/1.1" 200 776
192.168.10.89 - - [03/Mar/2016:16:08:53 -0300] "GET /cormun/servlet/trsolicitudgral?2b336db018958dc70f794ca70d0b11c425d0c5748b87d3fc90ed8054f8a202341ff3d602f14f75d6cf2b27cca71c89226992f41df466250949e9d7a2c6d571b89e1e573d1b25004b5d526fddcc3119b1407658e8a3c02c8520c6937eb3b0b071,gx-no-cache=1457031885790 HTTP/1.1" 200 2456
186.78.45.190 - - [03/Mar/2016:16:08:53 -0300] "GET /cormun/servlet/trsolicitudot?3d22f27dfbf8059085bd2ddf108ef88ec36bf30cec30ba931596eaddd37dd3401f6be1aec4e41f037e020ebbf3fd5d04bf12d7e050eaaf89fac2fb14c03cbb12ddc797324be3c82a69e27af0d681522055b15e6a01062ad43de9ce6502d8a799,gx-no-cache=1457032160355 HTTP/1.1" 200 776
186.78.45.190 - - [03/Mar/2016:16:08:54 -0300] "GET /cormun/servlet/trsolicitudot?3d22f27dfbf8059085bd2ddf108ef88ec36bf30cec30ba931596eaddd37dd3401f6be1aec4e41f037e020ebbf3fd5d04521a1440b2dc8f972405fdff2c47619fb55532def794b4ff6621d6476e29ed970a4edf15039921b2cbad73c042a1030fea6e63e7d7f197ae9b0caf5eb7e8fd03,gx-no-cache=1457032161312 HTTP/1.1" 200 776
186.78.45.190 - - [03/Mar/2016:16:08:59 -0300] "POST /cormun/servlet/trsolicitudot?43896ddcbec13b6f1ec32c8943553023,,gx-no-cache=1457032166223 HTTP/1.1" 200 3523
186.78.45.190 - - [03/Mar/2016:16:09:00 -0300] "POST /cormun/servlet/trsolicitudot?43896ddcbec13b6f1ec32c8943553023,,gx-no-cache=1457032167007 HTTP/1.1" 200 3522
186.78.45.190 - - [03/Mar/2016:16:09:01 -0300] "POST /cormun/servlet/trsolicitudot?43896ddcbec13b6f1ec32c8943553023,,gx-no-cache=1457032167853 HTTP/1.1" 200 3523
186.78.45.190 - - [03/Mar/2016:16:09:04 -0300] "POST /cormun/servlet/trsolicitudot?43896ddcbec13b6f1ec32c8943553023,,gx-no-cache=1457032168749 HTTP/1.1" 200 3523
186.103.159.204 - - [03/Mar/2016:16:09:04 -0300] "GET /cormun/static/menuarrow.gif HTTP/1.1" 404 1015
186.78.45.190 - - [03/Mar/2016:16:09:12 -0300] "POST /cormun/servlet/trsolicitudot?43896ddcbec13b6f1ec32c8943553023,,gx-no-cache=1457032178669 HTTP/1.1" 200 3523
186.78.45.190 - - [03/Mar/2016:16:09:25 -0300] "GET /cormun/servlet/trsolicitudot?3d22f27dfbf8059085bd2ddf108ef88ec36bf30cec30ba931596eaddd37dd3401f6be1aec4e41f037e020ebbf3fd5d04176c80d93df21f3cd5dd588174d2bf740e989d7b324a4d85e737faa6da208c0c9de604e18ee9f388d655f6092fd154e33f3f6e8f2a53174a1b8a29c8165a3b81,gx-no-cache=1457032192475 HTTP/1.1" 200 783
186.103.159.204 - - [03/Mar/2016:16:09:26 -0300] "POST /cormun/servlet/solicitudot?gx-no-cache=1457032189430 HTTP/1.1" 200 30
186.103.159.204 - - [03/Mar/2016:16:09:26 -0300] "POST /cormun/servlet/solicitudot?gx-no-cache=1457032189498 HTTP/1.1" 200 33
186.103.159.204 - - [03/Mar/2016:16:09:26 -0300] "POST /cormun/servlet/solicitudot?gx-no-cache=1457032189561 HTTP/1.1" 200 1157
186.103.159.204 - - [03/Mar/2016:16:09:26 -0300] "GET /cormun/servlet/solicitudot?f930c3ed7b1e443843e42b7c8396729d2e6997e18dc2ed5912b464857a3b8ce8a08cc7e6286a2d550c44a7bbf8461bfafffbdde5a3c1c908852364e3e3d5dd21b4ef7aeb08d297b01bad275767a39bdf196861abd2bd7ae429ffcded4f4f9ce37940a7cb9a158190c7429e766dd962808f4561b4373d86d3d6ce2abe1132095e819a5f37010adf39e6a304067c3f2e6c1cae846d1c9b2873835509691c57620a,gx-no-cache=1457032189658 HTTP/1.1" 200 41
186.103.159.204 - - [03/Mar/2016:16:09:26 -0300] "POST /cormun/servlet/solicitudot?gx-no-cache=1457032189717 HTTP/1.1" 200 1113
186.103.159.204 - - [03/Mar/2016:16:09:26 -0300] "GET /cormun/servlet/solicitudot?f930c3ed7b1e443843e42b7c8396729df931e784ade0d953509037c5e397b9cd4c2e7cd57eccc59798df20c62860c7e79abb06b8aedc88b9e2fd32726fc894d578956364c5a7af6a21d6b88fe79cb7d943e970b5b81f5cc9df33925f69286abd5c399a01059cbe907801163d9ef55a1b6dd2961ab2623f34aa0172a9a6a6b0497ce4c719d4aeeac6df5b1c89e4d22b6d44f94eca0fa26937221a3ddc22c6036a4ca96e76df55061c05d6e8822c3ff095,gx-no-cache=1457032189767 HTTP/1.1" 200 30
186.103.159.204 - - [03/Mar/2016:16:09:27 -0300] "POST /cormun/servlet/solicitudot?4881528fdb2991efe7e1984e33761af8,INS,0,0,,gx-no-cache=1457032189810 HTTP/1.1" 200 93
186.103.159.204 - - [03/Mar/2016:16:09:27 -0300] "GET /cormun/servlet/hpexe_return? HTTP/1.1" 200 1027
186.103.159.204 - - [03/Mar/2016:16:09:27 -0300] "GET /cormun/servlet/trsolicitudot?gx-no-cache=1457030550885 HTTP/1.1" 200 16084
186.103.159.204 - - [03/Mar/2016:16:09:28 -0300] "GET /cormun/servlet/trsolicitudot?gx-no-cache=1457030550885 HTTP/1.1" 200 16100
192.168.10.89 - - [03/Mar/2016:16:09:47 -0300] "POST /cormun/servlet/trsolicitudgral?5872026955bf51786e398244f8b16930,,gx-no-cache=1457031939866 HTTP/1.1" 200 4479
192.168.10.89 - - [03/Mar/2016:16:09:48 -0300] "GET /cormun/servlet/trsolicitudgral?2b336db018958dc70f794ca70d0b11c46fe3337e53c37bce171ccef64d74f17b2b5539eec708ccfe79784138406bb88ff5e2665ad8b4f1d8ab232bcdf9f44e48be370e0947b226539daaf6cdc344ceca407658e8a3c02c8520c6937eb3b0b071,gx-no-cache=1457031941389 HTTP/1.1" 200 641
192.168.10.89 - - [03/Mar/2016:16:09:52 -0300] "POST /cormun/servlet/trsolicitudgral?5872026955bf51786e398244f8b16930,,gx-no-cache=1457031945362 HTTP/1.1" 200 4479
192.168.10.89 - - [03/Mar/2016:16:09:54 -0300] "POST /cormun/servlet/trsolicitudgral?5872026955bf51786e398244f8b16930,,gx-no-cache=1457031946619 HTTP/1.1" 200 4479
192.168.10.89 - - [03/Mar/2016:16:09:55 -0300] "POST /cormun/servlet/trsolicitudgral?5872026955bf51786e398244f8b16930,,gx-no-cache=1457031947994 HTTP/1.1" 200 4479
186.78.45.190 - - [03/Mar/2016:16:09:56 -0300] "POST /cormun/servlet/trsolicitudot?43896ddcbec13b6f1ec32c8943553023,,gx-no-cache=1457032223086 HTTP/1.1" 200 3533
186.78.45.190 - - [03/Mar/2016:16:09:57 -0300] "POST /cormun/servlet/trsolicitudot?43896ddcbec13b6f1ec32c8943553023,,gx-no-cache=1457032224130 HTTP/1.1" 200 3533
186.78.45.190 - - [03/Mar/2016:16:09:58 -0300] "POST /cormun/servlet/trsolicitudot?43896ddcbec13b6f1ec32c8943553023,,gx-no-cache=1457032225129 HTTP/1.1" 200 3533
192.168.10.89 - - [03/Mar/2016:16:10:01 -0300] "POST /cormun/servlet/trsolicitudgral?5872026955bf51786e398244f8b16930,,gx-no-cache=1457031949403 HTTP/1.1" 200 4479
186.78.45.190 - - [03/Mar/2016:16:10:02 -0300] "POST /cormun/servlet/trsolicitudot?43896ddcbec13b6f1ec32c8943553023,,gx-no-cache=1457032226218 HTTP/1.1" 200 3533
191.112.39.34 - - [03/Mar/2016:16:10:06 -0300] "GET /cormun/servlet/solicitudot?b4ac67235eab516809eacf8981c1aec0e2834b5c6649678616f492a5534952a26aec4111605908f0ab01947efa53e797d2b6644150dbed8f2407c837fa45415093bd316af00939b63757a261c94c43807288ae7b71103b6839bb52553a7c5111546cda3a66c01f95c4d29d62e3eb99263d5cb360a07db6435655218760f2edf076025d5aec98711a8dcb8a9190078a1ed15b036e48e52c82290316a552e814680a392c4e7c78aa22e15622a32fbc25d5,gx-no-cache=1457032230804 HTTP/1.1" 200 30
191.112.39.34 - - [03/Mar/2016:16:10:07 -0300] "POST /cormun/servlet/solicitudot?c79f15f7c1260718f5f4744821fa0ab4,INS,0,0,,gx-no-cache=1457032231488 HTTP/1.1" 200 9484
192.168.10.89 - - [03/Mar/2016:16:10:08 -0300] "POST /cormun/servlet/trsolicitudgral?5872026955bf51786e398244f8b16930,,gx-no-cache=1457031960869 HTTP/1.1" 200 6136
192.168.10.89 - - [03/Mar/2016:16:10:10 -0300] "GET /cormun/servlet/trsolicitudgral?2b336db018958dc70f794ca70d0b11c425d0c5748b87d3fc90ed8054f8a202341ff3d602f14f75d6cf2b27cca71c8922436c2975beda40bbab1bd8dc2d2244117c5028b9dddb468aaf36020051e6494e,gx-no-cache=1457031963071 HTTP/1.1" 200 2456
186.78.45.190 - - [03/Mar/2016:16:10:11 -0300] "GET /cormun/servlet/solicitudot?INS,0,0, HTTP/1.1" 200 11462
186.78.45.190 - - [03/Mar/2016:16:10:20 -0300] "GET /cormun/servlet/prfichaempleado?,MD,,gxPopupLevel%3D0%3B HTTP/1.1" 200 7906
186.78.45.190 - - [03/Mar/2016:16:10:20 -0300] "GET /cormun/static/scaMessage/css/jquery-ui.css?104140 HTTP/1.1" 404 1045
191.112.39.34 - - [03/Mar/2016:16:10:28 -0300] "GET /cormun/servlet/solicitudot?b4ac67235eab516809eacf8981c1aec0e2834b5c6649678616f492a5534952a2b3565a8aba00dffad1057691e3d5b68aaaf021f5a6023f007fc7302d3eec6a5811164f4c75088c3ec73b1be4db1072fe57cbaaa6baab265d2c9534391007f3deef7885ee65ccbf911db95cf41436383a53b164eb7451ba1290904286dc46000dee0917b0b8ee175a2cc38dcc9a5aec8254ee755c91e15978811d7b401ca11609,gx-no-cache=1457032253383 HTTP/1.1" 200 30
191.112.39.34 - - [03/Mar/2016:16:10:29 -0300] "POST /cormun/servlet/solicitudot?c79f15f7c1260718f5f4744821fa0ab4,INS,0,0,,gx-no-cache=1457032253534 HTTP/1.1" 200 93
191.112.39.34 - - [03/Mar/2016:16:10:29 -0300] "GET /cormun/servlet/hpexe_return? HTTP/1.1" 200 1008
191.112.39.34 - - [03/Mar/2016:16:10:29 -0300] "GET /cormun/servlet/trsolicitudot? HTTP/1.1" 200 7450
191.112.39.34 - - [03/Mar/2016:16:10:32 -0300] "GET /cormun/servlet/trsolicitudot? HTTP/1.1" 200 7446
186.78.45.190 - - [03/Mar/2016:16:10:32 -0300] "GET /cormun/servlet/prfichaempleado?,MD,,gxPopupLevel%3D0%3B HTTP/1.1" 200 7906
186.78.45.190 - - [03/Mar/2016:16:10:33 -0300] "GET /cormun/static/scaMessage/css/jquery-ui.css?104140 HTTP/1.1" 404 1045
186.78.45.190 - - [03/Mar/2016:16:10:39 -0300] "POST /cormun/servlet/solicitudot?gx-no-cache=1457032265606 HTTP/1.1" 200 2781
186.78.45.190 - - [03/Mar/2016:16:10:39 -0300] "POST /cormun/servlet/solicitudot?43896ddcbec13b6f1ec32c8943553023,INS,0,0,,gx-no-cache=1457032266026 HTTP/1.1" 200 8408
186.78.45.190 - - [03/Mar/2016:16:10:44 -0300] "GET /cormun/servlet/solicitudot?b3cf69e64e00e722e8672d4701ed3699811902d520ebb65c9156916241e31998ea6e63e7d7f197ae9b0caf5eb7e8fd03,gx-no-cache=1457032270779 HTTP/1.1" 200 30
186.78.45.190 - - [03/Mar/2016:16:10:44 -0300] "POST /cormun/servlet/solicitudot?gx-no-cache=1457032270852 HTTP/1.1" 200 30
186.78.45.190 - - [03/Mar/2016:16:10:48 -0300] "POST /cormun/servlet/solicitudot?gx-no-cache=1457032275423 HTTP/1.1" 200 30
186.78.45.190 - - [03/Mar/2016:16:10:53 -0300] "POST /cormun/servlet/solicitudot?gx-no-cache=1457032280203 HTTP/1.1" 200 1156
186.78.45.190 - - [03/Mar/2016:16:10:53 -0300] "GET /cormun/servlet/solicitudot?b3cf69e64e00e722e8672d4701ed369943413f86b3b91be86d9e816251262b141c32e80bb42aedc947dbf4b28a705035f9280552b75fda51d795d8ae0f74f9ca8155908a6788f42214b65c5d31653e0660dea82bda88ba93045f0b88270b367a2f8ce72f723dc6a6a525f2e618a42ea3291775c4da9752d8ad095aae16512dc81c5906054f41bbb607df110faf97eefb,gx-no-cache=1457032280505 HTTP/1.1" 200 38
186.103.159.204 - - [03/Mar/2016:16:10:58 -0300] "GET /cormun/servlet/solicitudot?INS,0,0, HTTP/1.1" 200 11460
186.103.159.204 - - [03/Mar/2016:16:10:59 -0300] "GET /cormun/servlet/solicitudot?INS,0,0, HTTP/1.1" 200 11443
192.168.10.89 - - [03/Mar/2016:16:11:02 -0300] "POST /cormun/servlet/trsolicitudgral?5872026955bf51786e398244f8b16930,,gx-no-cache=1457032014840 HTTP/1.1" 200 4478
191.112.39.34 - - [03/Mar/2016:16:11:02 -0300] "POST /cormun/servlet/trsolicitudot?c79f15f7c1260718f5f4744821fa0ab4,,gx-no-cache=1457032287127 HTTP/1.1" 200 4906
191.112.39.34 - - [03/Mar/2016:16:11:03 -0300] "POST /cormun/servlet/trsolicitudot?c79f15f7c1260718f5f4744821fa0ab4,,gx-no-cache=1457032287765 HTTP/1.1" 200 4906
191.112.39.34 - - [03/Mar/2016:16:11:03 -0300] "POST /cormun/servlet/trsolicitudot?c79f15f7c1260718f5f4744821fa0ab4,,gx-no-cache=1457032288246 HTTP/1.1" 200 4906
192.168.10.89 - - [03/Mar/2016:16:11:04 -0300] "GET /cormun/servlet/trsolicitudgral?2b336db018958dc70f794ca70d0b11c46fe3337e53c37bce171ccef64d74f17b2b5539eec708ccfe79784138406bb88ff5e2665ad8b4f1d8ab232bcdf9f44e48be370e0947b226539daaf6cdc344ceca407658e8a3c02c8520c6937eb3b0b071,gx-no-cache=1457032016669 HTTP/1.1" 200 641
191.112.39.34 - - [03/Mar/2016:16:11:04 -0300] "POST /cormun/servlet/trsolicitudot?c79f15f7c1260718f5f4744821fa0ab4,,gx-no-cache=1457032288739 HTTP/1.1" 200 4906
191.112.39.34 - - [03/Mar/2016:16:11:04 -0300] "POST /cormun/servlet/trsolicitudot?c79f15f7c1260718f5f4744821fa0ab4,,gx-no-cache=1457032289240 HTTP/1.1" 200 4906
191.112.39.34 - - [03/Mar/2016:16:11:05 -0300] "POST /cormun/servlet/trsolicitudot?c79f15f7c1260718f5f4744821fa0ab4,,gx-no-cache=1457032289739 HTTP/1.1" 200 4906
191.112.39.34 - - [03/Mar/2016:16:11:05 -0300] "POST /cormun/servlet/trsolicitudot?c79f15f7c1260718f5f4744821fa0ab4,,gx-no-cache=1457032290253 HTTP/1.1" 200 4905
191.112.39.34 - - [03/Mar/2016:16:11:06 -0300] "POST /cormun/servlet/trsolicitudot?c79f15f7c1260718f5f4744821fa0ab4,,gx-no-cache=1457032290820 HTTP/1.1" 200 106
191.112.39.34 - - [03/Mar/2016:16:11:06 -0300] "GET /cormun/servlet/trsolicitudadjuntos?2016,547, HTTP/1.1" 200 5345
191.112.39.34 - - [03/Mar/2016:16:11:08 -0300] "GET /cormun/servlet/trsolicitudadjuntos?2016,547, HTTP/1.1" 200 5345
186.103.159.204 - - [03/Mar/2016:16:11:10 -0300] "POST /cormun/servlet/solicitudot?gx-no-cache=1457032293643 HTTP/1.1" 200 2737
186.103.159.204 - - [03/Mar/2016:16:11:11 -0300] "POST /cormun/servlet/solicitudot?4881528fdb2991efe7e1984e33761af8,INS,0,0,,gx-no-cache=1457032293815 HTTP/1.1" 200 8403
186.103.159.204 - - [03/Mar/2016:16:11:11 -0300] "GET /cormun/servlet/solicitudot?f930c3ed7b1e443843e42b7c8396729d525feafdd5fa6e9058141b6099f27b04218a4421d639f7f8d178f07a273103ae,gx-no-cache=1457032293999 HTTP/1.1" 200 30
191.112.39.34 - - [03/Mar/2016:16:11:13 -0300] "GET /cormun/servlet/solicitudotadjuntos?INS,2016,547,,1, HTTP/1.1" 200 5432
191.112.39.34 - - [03/Mar/2016:16:11:13 -0300] "GET /cormun/static/about:blank HTTP/1.1" 404 1011
186.103.159.204 - - [03/Mar/2016:16:11:14 -0300] "POST /cormun/servlet/solicitudot?gx-no-cache=1457032297593 HTTP/1.1" 200 30
186.103.159.204 - - [03/Mar/2016:16:11:14 -0300] "POST /cormun/servlet/solicitudot?gx-no-cache=1457032297630 HTTP/1.1" 200 33
186.103.159.204 - - [03/Mar/2016:16:11:15 -0300] "POST /cormun/servlet/solicitudot?gx-no-cache=1457032297889 HTTP/1.1" 200 1159
186.103.159.204 - - [03/Mar/2016:16:11:15 -0300] "GET /cormun/servlet/solicitudot?f930c3ed7b1e443843e42b7c8396729d2e6997e18dc2ed5912b464857a3b8ce8a08cc7e6286a2d550c44a7bbf8461bfafffbdde5a3c1c908852364e3e3d5dd21b4ef7aeb08d297b01bad275767a39bdf196861abd2bd7ae429ffcded4f4f9ce37940a7cb9a158190c7429e766dd962808f4561b4373d86d3d6ce2abe1132095e0072fdfc415ea6a26508b3cc670688cb,gx-no-cache=1457032298006 HTTP/1.1" 200 38
186.103.159.204 - - [03/Mar/2016:16:11:15 -0300] "GET /cormun/servlet/solicitudot?f930c3ed7b1e443843e42b7c8396729dc2123ce853801a4ce4163372b056ae3e691d0907274c9a67bc72386e3c6f0b81941b5d69bbd04a8c5ea8e092c06d1010ff71b3d014d714464a595e1d92944abb417a4106d475a44efa3c50de6007947f14d37b9ac4d0ecee50588720f8331313b34e96f18d4f75ef252d8dec9004c7cd555d15c207b413d07d58d2c004375ed69f5647410a39da724dd4bf1e0e79f6af,gx-no-cache=1457032298074 HTTP/1.1" 200 29
186.103.159.204 - - [03/Mar/2016:16:11:15 -0300] "POST /cormun/servlet/solicitudot?gx-no-cache=1457032298117 HTTP/1.1" 200 1117
191.112.39.34 - - [03/Mar/2016:16:11:15 -0300] "GET /cormun/servlet/solicitudotadjuntos?INS,2016,547,,1, HTTP/1.1" 200 5426
186.103.159.204 - - [03/Mar/2016:16:11:15 -0300] "GET /cormun/servlet/solicitudot?f930c3ed7b1e443843e42b7c8396729d53560ddff3f992db0376ce986f4d5e466f9bc2d49ec35a08b08a809c9b3ccc1191140520c1c7855512aeacc0cbd8d58fd1d74c19aa9ba95fd573a46c9896cdf3d957d95555581130ea0df203430e2f00c3050a8335ce62fd21ab8951fc37592c7fc17de08caec6b07e7d202a390609473f4915a47ed7cec10f0ba1ab2bb3809237754b2d1c41db50ecca65f40980cfbc,gx-no-cache=1457032298161 HTTP/1.1" 200 30
191.112.39.34 - - [03/Mar/2016:16:11:15 -0300] "GET /cormun/servlet/solicitudotadjuntos?b4ac67235eab516809eacf8981c1aec03e981a12c6a6e485042e95f2056a33a198d99f8235ecb1c3367428be0993f9f7,gx-no-cache=1457032300505 HTTP/1.1" 200 30
191.112.39.34 - - [03/Mar/2016:16:11:16 -0300] "POST /cormun/servlet/solicitudotadjuntos?c79f15f7c1260718f5f4744821fa0ab4,INS,2016,547,,1,,gx-no-cache=1457032300620 HTTP/1.1" 200 3352
191.112.39.34 - - [03/Mar/2016:16:11:20 -0300] "POST /cormun/servlet/solicitudotadjuntos?gx-no-cache=1457032305083 HTTP/1.1" 200 26
186.103.159.204 - - [03/Mar/2016:16:11:25 -0300] "GET /cormun/static/menuarrow.gif HTTP/1.1" 404 1015
186.103.159.204 - - [03/Mar/2016:16:11:34 -0300] "GET /cormun/servlet/solicitudot?f930c3ed7b1e443843e42b7c8396729d53560ddff3f992db0376ce986f4d5e464c2e7cd57eccc59798df20c62860c7e79abb06b8aedc88b9e2fd32726fc894d578956364c5a7af6a21d6b88fe79cb7d943e970b5b81f5cc9df33925f69286abd5c399a01059cbe907801163d9ef55a1b6dd2961ab2623f34aa0172a9a6a6b0497ce4c719d4aeeac6df5b1c89e4d22b6d44f94eca0fa26937221a3ddc22c6036a4ca96e76df55061c05d6e8822c3ff095,gx-no-cache=1457032317237 HTTP/1.1" 200 30
186.103.159.204 - - [03/Mar/2016:16:11:34 -0300] "POST /cormun/servlet/solicitudot?4881528fdb2991efe7e1984e33761af8,INS,0,0,,gx-no-cache=1457032317280 HTTP/1.1" 200 9293
186.103.159.204 - - [03/Mar/2016:16:11:34 -0300] "GET /cormun/static/Shared/jqueryui/images/ui-bg_highlight-soft_100_c6c2c8_1x100.png HTTP/1.1" 404 1117
186.103.159.204 - - [03/Mar/2016:16:11:34 -0300] "GET /cormun/static/Shared/jqueryui/images/ui-icons_82798d_256x240.png HTTP/1.1" 404 1089
186.103.159.204 - - [03/Mar/2016:16:11:34 -0300] "GET /cormun/static/Shared/jqueryui/images/ui-bg_flat_55_994d53_40x100.png HTTP/1.1" 404 1097
186.103.159.204 - - [03/Mar/2016:16:11:34 -0300] "GET /cormun/static/Shared/jqueryui/images/ui-icons_ebccce_256x240.png HTTP/1.1" 404 1089
192.168.10.89 - - [03/Mar/2016:16:11:45 -0300] "POST /cormun/servlet/trsolicitudgral?5872026955bf51786e398244f8b16930,,gx-no-cache=1457032057342 HTTP/1.1" 200 6137
192.168.10.89 - - [03/Mar/2016:16:11:47 -0300] "GET /cormun/servlet/trsolicitudgral?2b336db018958dc70f794ca70d0b11c425d0c5748b87d3fc90ed8054f8a202341ff3d602f14f75d6cf2b27cca71c8922f5e2665ad8b4f1d8ab232bcdf9f44e48be370e0947b226539daaf6cdc344ceca407658e8a3c02c8520c6937eb3b0b071,gx-no-cache=1457032059796 HTTP/1.1" 200 2456
186.103.159.204 - - [03/Mar/2016:16:11:52 -0300] "POST /cormun/servlet/solicitudot?gx-no-cache=1457032334898 HTTP/1.1" 200 30
186.103.159.204 - - [03/Mar/2016:16:11:52 -0300] "POST /cormun/servlet/solicitudot?gx-no-cache=1457032334939 HTTP/1.1" 200 33
186.103.159.204 - - [03/Mar/2016:16:11:52 -0300] "POST /cormun/servlet/solicitudot?gx-no-cache=1457032335009 HTTP/1.1" 200 1159
186.103.159.204 - - [03/Mar/2016:16:11:52 -0300] "GET /cormun/servlet/solicitudot?f930c3ed7b1e443843e42b7c8396729d2e6997e18dc2ed5912b464857a3b8ce8a08cc7e6286a2d550c44a7bbf8461bfafffbdde5a3c1c908852364e3e3d5dd21b4ef7aeb08d297b01bad275767a39bdf196861abd2bd7ae429ffcded4f4f9ce37940a7cb9a158190c7429e766dd962808f4561b4373d86d3d6ce2abe1132095e819a5f37010adf39e6a304067c3f2e6c1cae846d1c9b2873835509691c57620a,gx-no-cache=1457032335110 HTTP/1.1" 200 41
186.103.159.204 - - [03/Mar/2016:16:11:52 -0300] "POST /cormun/servlet/solicitudot?gx-no-cache=1457032335194 HTTP/1.1" 200 1117
186.103.159.204 - - [03/Mar/2016:16:11:52 -0300] "GET /cormun/servlet/solicitudot?f930c3ed7b1e443843e42b7c8396729d53560ddff3f992db0376ce986f4d5e464c2e7cd57eccc59798df20c62860c7e79abb06b8aedc88b9e2fd32726fc894d578956364c5a7af6a21d6b88fe79cb7d943e970b5b81f5cc9df33925f69286abd5c399a01059cbe907801163d9ef55a1b6dd2961ab2623f34aa0172a9a6a6b0497ce4c719d4aeeac6df5b1c89e4d22b6d44f94eca0fa26937221a3ddc22c6036a4ca96e76df55061c05d6e8822c3ff095,gx-no-cache=1457032335271 HTTP/1.1" 200 30
186.103.159.204 - - [03/Mar/2016:16:11:52 -0300] "POST /cormun/servlet/solicitudot?4881528fdb2991efe7e1984e33761af8,INS,0,0,,gx-no-cache=1457032335325 HTTP/1.1" 200 93
186.103.159.204 - - [03/Mar/2016:16:11:52 -0300] "GET /cormun/servlet/hpexe_return? HTTP/1.1" 200 1027
186.103.159.204 - - [03/Mar/2016:16:11:52 -0300] "GET /cormun/servlet/trsolicitudot?gx-no-cache=1457030550885 HTTP/1.1" 200 16317
186.103.159.204 - - [03/Mar/2016:16:11:54 -0300] "GET /cormun/servlet/trsolicitudot?gx-no-cache=1457030550885 HTTP/1.1" 200 16334
186.103.159.204 - - [03/Mar/2016:16:12:02 -0300] "GET /cormun/servlet/solicitudot?INS,0,0, HTTP/1.1" 200 11462
186.103.159.204 - - [03/Mar/2016:16:12:03 -0300] "GET /cormun/servlet/solicitudot?INS,0,0, HTTP/1.1" 200 11445
191.112.39.34 - - [03/Mar/2016:16:12:07 -0300] "GET /cormun/servlet/solicitudotadjuntos?b4ac67235eab516809eacf8981c1aec0ddd0df0be715c94ef7a91b83284ad6b2,gx-no-cache=1457032351776 HTTP/1.1" 200 30
191.112.39.34 - - [03/Mar/2016:16:12:07 -0300] "GET /cormun/servlet/solicitudotadjuntos?b4ac67235eab516809eacf8981c1aec0ddd0df0be715c94ef7a91b83284ad6b2,gx-no-cache=1457032351884 HTTP/1.1" 200 30
186.103.159.204 - - [03/Mar/2016:16:12:09 -0300] "POST /cormun/servlet/solicitudot?gx-no-cache=1457032351900 HTTP/1.1" 200 2761
186.103.159.204 - - [03/Mar/2016:16:12:09 -0300] "POST /cormun/servlet/solicitudot?4881528fdb2991efe7e1984e33761af8,INS,0,0,,gx-no-cache=1457032352077 HTTP/1.1" 200 8426
186.103.159.204 - - [03/Mar/2016:16:12:09 -0300] "GET /cormun/servlet/solicitudot?f930c3ed7b1e443843e42b7c8396729d1824afb299ec9826e4afdcd6c12bc1f5019aad6d3f76b779f0da539c2451225c,gx-no-cache=1457032352255 HTTP/1.1" 200 30
186.103.159.204 - - [03/Mar/2016:16:12:16 -0300] "POST /cormun/servlet/solicitudot?gx-no-cache=1457032358943 HTTP/1.1" 200 30
186.103.159.204 - - [03/Mar/2016:16:12:16 -0300] "POST /cormun/servlet/solicitudot?gx-no-cache=1457032358981 HTTP/1.1" 200 33
186.103.159.204 - - [03/Mar/2016:16:12:16 -0300] "POST /cormun/servlet/solicitudot?gx-no-cache=1457032359062 HTTP/1.1" 200 1156
186.103.159.204 - - [03/Mar/2016:16:12:16 -0300] "GET /cormun/servlet/solicitudot?f930c3ed7b1e443843e42b7c8396729d2e6997e18dc2ed5912b464857a3b8ce8a08cc7e6286a2d550c44a7bbf8461bfafffbdde5a3c1c908852364e3e3d5dd21b4ef7aeb08d297b01bad275767a39bdf196861abd2bd7ae429ffcded4f4f9ce37940a7cb9a158190c7429e766dd962808f4561b4373d86d3d6ce2abe1132095e0072fdfc415ea6a26508b3cc670688cb,gx-no-cache=1457032359169 HTTP/1.1" 200 38
191.112.39.34 - - [03/Mar/2016:16:12:20 -0300] "POST /cormun/servlet/solicitudotadjuntos?c79f15f7c1260718f5f4744821fa0ab4,INS,2016,547,,1, HTTP/1.1" 200 116
186.103.159.204 - - [03/Mar/2016:16:12:20 -0300] "GET /cormun/servlet/solicitudot?f930c3ed7b1e443843e42b7c8396729dc2123ce853801a4ce4163372b056ae3e691d0907274c9a67bc72386e3c6f0b81941b5d69bbd04a8c5ea8e092c06d1010ff71b3d014d714464a595e1d92944abb417a4106d475a44efa3c50de6007947f14d37b9ac4d0ecee50588720f8331313b34e96f18d4f75ef252d8dec9004c7cd555d15c207b413d07d58d2c004375ed69f5647410a39da724dd4bf1e0e79f6af,gx-no-cache=1457032363260 HTTP/1.1" 200 29
191.112.39.34 - - [03/Mar/2016:16:12:20 -0300] "GET /cormun/servlet/hpexe_return? HTTP/1.1" 200 1025
186.103.159.204 - - [03/Mar/2016:16:12:20 -0300] "POST /cormun/servlet/solicitudot?gx-no-cache=1457032363300 HTTP/1.1" 200 1114
186.103.159.204 - - [03/Mar/2016:16:12:20 -0300] "GET /cormun/servlet/solicitudot?f930c3ed7b1e443843e42b7c8396729dc62dcd57c0b9e25da6b4ec3c462e90ad2837f7bfee5c5ee829630c084d649e4dd6c33f736ba81f1f16ceabed07d92cae1c140f4bcf13b64a2481f70a02856e9865bf3f9aa0676473bc65c69b23a0b2684f9bca17535a209329b9f28ddc2ae64b875996efc59ca7d8401f04a31dedd1255180f797893ec938189d7893c136e221d6c8807f11d5c11b40c01813481ae9ba,gx-no-cache=1457032363351 HTTP/1.1" 200 30
191.112.39.34 - - [03/Mar/2016:16:12:20 -0300] "GET /cormun/servlet/trsolicitudadjuntos?2016,547, HTTP/1.1" 200 7223
191.112.39.34 - - [03/Mar/2016:16:12:23 -0300] "GET /cormun/servlet/trsolicitudadjuntos?2016,547, HTTP/1.1" 200 7221
191.112.39.34 - - [03/Mar/2016:16:12:38 -0300] "GET /cormun/servlet/solicitudotadjuntos?INS,2016,547,,2, HTTP/1.1" 200 5431
191.112.39.34 - - [03/Mar/2016:16:12:38 -0300] "GET /cormun/static/about:blank HTTP/1.1" 404 1011
191.112.39.34 - - [03/Mar/2016:16:12:40 -0300] "GET /cormun/servlet/solicitudotadjuntos?INS,2016,547,,2, HTTP/1.1" 200 5425
191.112.39.34 - - [03/Mar/2016:16:12:41 -0300] "GET /cormun/servlet/solicitudotadjuntos?b4ac67235eab516809eacf8981c1aec03e981a12c6a6e485042e95f2056a33a198d99f8235ecb1c3367428be0993f9f7,gx-no-cache=1457032385784 HTTP/1.1" 200 30
