186.78.57.210 - - [03/Mar/2016:10:45:34 -0300] "POST /cormun/servlet/solicitudotadjuntos?47b2748899f65881853b1d07e208b3a8,INS,2016,485,,1,,gx-no-cache=1457012793864 HTTP/1.1" 200 93
186.78.57.210 - - [03/Mar/2016:10:45:34 -0300] "GET /cormun/servlet/hpexe_return? HTTP/1.1" 200 1026
186.78.57.210 - - [03/Mar/2016:10:45:34 -0300] "GET /cormun/servlet/trsolicitudadjuntos?2016,485, HTTP/1.1" 200 7135
186.78.57.210 - - [03/Mar/2016:10:45:35 -0300] "GET /cormun/servlet/trsolicitudadjuntos?2016,485, HTTP/1.1" 200 7132
192.168.10.98 - - [03/Mar/2016:10:45:36 -0300] "POST /cormun/servlet/solicitudot?gx-no-cache=1457012488777 HTTP/1.1" 200 30
191.112.78.213 - - [03/Mar/2016:10:45:38 -0300] "POST /cormun/servlet/trsolicitudot?ce8710eb05ffb8382246fb5787dceb90,,gx-no-cache=1457012763508 HTTP/1.1" 440 972
192.168.10.98 - - [03/Mar/2016:10:45:38 -0300] "GET /cormun/servlet/prcontratosol?11889900,,,,,MD,,gxPopupLevel%3D0%3B HTTP/1.1" 200 5735
186.78.57.210 - - [03/Mar/2016:10:45:38 -0300] "GET /cormun/servlet/solicitudotadjuntos?INS,2016,485,,1, HTTP/1.1" 200 5453
186.78.57.210 - - [03/Mar/2016:10:45:38 -0300] "GET /cormun/static/about:blank HTTP/1.1" 404 1011
186.78.57.210 - - [03/Mar/2016:10:45:38 -0300] "GET /cormun/servlet/solicitudotadjuntos?INS,2016,485,,1, HTTP/1.1" 200 5447
186.78.57.210 - - [03/Mar/2016:10:45:39 -0300] "GET /cormun/servlet/solicitudotadjuntos?6e39a9a0d1bc265ceaef7678f52d3ee7a1210adf5d940ce565b43ec79cc06e15cd8106e10bf6fb6bfa35e7d152094c1e,gx-no-cache=1457012799037 HTTP/1.1" 200 30
186.78.57.210 - - [03/Mar/2016:10:45:39 -0300] "POST /cormun/servlet/solicitudotadjuntos?47b2748899f65881853b1d07e208b3a8,INS,2016,485,,1,,gx-no-cache=1457012799131 HTTP/1.1" 200 3358
191.112.78.213 - - [03/Mar/2016:10:45:40 -0300] "POST /cormun/servlet/trsolicitudot?ce8710eb05ffb8382246fb5787dceb90,,gx-no-cache=1457012765388 HTTP/1.1" 440 972
186.78.57.210 - - [03/Mar/2016:10:45:42 -0300] "POST /cormun/servlet/solicitudotadjuntos?gx-no-cache=1457012801645 HTTP/1.1" 200 26
191.112.78.213 - - [03/Mar/2016:10:45:43 -0300] "POST /cormun/servlet/trsolicitudot?ce8710eb05ffb8382246fb5787dceb90,,gx-no-cache=1457012768318 HTTP/1.1" 440 972
192.168.10.98 - - [03/Mar/2016:10:45:43 -0300] "POST /cormun/servlet/solicitudot?gx-no-cache=1457012495699 HTTP/1.1" 200 1158
192.168.10.98 - - [03/Mar/2016:10:45:43 -0300] "GET /cormun/servlet/solicitudot?b64882242ea5433cbd53000cfeead40b3ed42848c31e05dfd384dcde64ce0ff2c50b4b60bfd5751fc6c438b680bbae235f0eb9a8fdac9473d9d04d891355088dd65a25236c4f8113022852c0b3c6b2b394c9736f461075046587183721c4f6960329fd488e2a9c58f3e63dfc85914c0b7c9bda76fbe4f76a0b7b46331c9516ffd89fa3986bcc73440ffc0b02c2aa8dde108db941e19a350ba040fc4a1a6420ce,gx-no-cache=1457012495800 HTTP/1.1" 200 41
192.168.10.98 - - [03/Mar/2016:10:45:43 -0300] "GET /cormun/servlet/solicitudot?b64882242ea5433cbd53000cfeead40bd62d0b07a75017735f5daaaed01fae3222f4264b55fac1179daea0534f237c6fa0a32c2eefae8ca384f11040882f00bec9e04001a1344809a9948aeb966292b4b262eebae3706a22a98c02f16ac9c998693117b5eda592faaa04bc03dc76c94b6f6b7d5548c669276006e9cc0a2ab4884d18cb976a4e2ca8c504900f937aec86d0b8d6a8f48dcf0278e2a608edcf996f,gx-no-cache=1457012495865 HTTP/1.1" 200 29
192.168.10.98 - - [03/Mar/2016:10:45:43 -0300] "POST /cormun/servlet/solicitudot?gx-no-cache=1457012495881 HTTP/1.1" 200 1116
191.112.78.213 - - [03/Mar/2016:10:45:43 -0300] "POST /cormun/servlet/trsolicitudot?ce8710eb05ffb8382246fb5787dceb90,,gx-no-cache=1457012768436 HTTP/1.1" 440 972
191.112.78.213 - - [03/Mar/2016:10:45:43 -0300] "POST /cormun/servlet/trsolicitudot?ce8710eb05ffb8382246fb5787dceb90,,gx-no-cache=1457012768799 HTTP/1.1" 440 972
191.112.78.213 - - [03/Mar/2016:10:45:44 -0300] "POST /cormun/servlet/trsolicitudot?ce8710eb05ffb8382246fb5787dceb90,,gx-no-cache=1457012769160 HTTP/1.1" 440 972
191.112.78.213 - - [03/Mar/2016:10:45:44 -0300] "POST /cormun/servlet/trsolicitudot?ce8710eb05ffb8382246fb5787dceb90,,gx-no-cache=1457012769526 HTTP/1.1" 440 972
191.112.78.213 - - [03/Mar/2016:10:45:44 -0300] "POST /cormun/servlet/trsolicitudot?ce8710eb05ffb8382246fb5787dceb90,,gx-no-cache=1457012769909 HTTP/1.1" 440 972
191.112.78.213 - - [03/Mar/2016:10:45:45 -0300] "GET /cormun/servlet/trsolicitudot? HTTP/1.1" 200 5815
191.112.78.213 - - [03/Mar/2016:10:45:45 -0300] "GET /cormun/static/Resources/Spanish/PXTools.css?18502099 HTTP/1.1" 304 -
191.112.78.213 - - [03/Mar/2016:10:45:45 -0300] "GET /cormun/static/gxcfg.js?201631185636 HTTP/1.1" 304 -
191.112.78.213 - - [03/Mar/2016:10:45:45 -0300] "GET /cormun/static/messages.spa.js?85251 HTTP/1.1" 304 -
191.112.78.213 - - [03/Mar/2016:10:45:45 -0300] "GET /cormun/static/trsolicitudot.js?2016311856838 HTTP/1.1" 304 -
191.112.78.213 - - [03/Mar/2016:10:45:45 -0300] "GET /cormun/static/hwchdr01.js?20162241650484 HTTP/1.1" 304 -
191.112.78.213 - - [03/Mar/2016:10:45:45 -0300] "GET /cormun/static/hpexe_recentlink.js?2015111312121342 HTTP/1.1" 304 -
191.112.78.213 - - [03/Mar/2016:10:45:45 -0300] "GET /cormun/static/hpexe_scripts.js?20151120014546 HTTP/1.1" 304 -
191.112.78.213 - - [03/Mar/2016:10:45:45 -0300] "GET /cormun/static/hpexe_messagecontroller.js?2015112210524422 HTTP/1.1" 304 -
191.112.78.213 - - [03/Mar/2016:10:45:45 -0300] "GET /cormun/static/hpexe_messagepopupcomponent.js?20163219454551 HTTP/1.1" 304 -
191.112.78.213 - - [03/Mar/2016:10:45:45 -0300] "GET /cormun/static/hpexe_messagegenexuscomponent.js?20151120014314 HTTP/1.1" 304 -
191.112.78.213 - - [03/Mar/2016:10:45:45 -0300] "GET /cormun/static/cmcontrolpreferences.js?20151120014525 HTTP/1.1" 304 -
191.112.78.213 - - [03/Mar/2016:10:45:45 -0300] "GET /cormun/static/hmpwkw03.js?2016311993330 HTTP/1.1" 304 -
191.112.78.213 - - [03/Mar/2016:10:45:48 -0300] "GET /cormun/servlet/trsolicitudot? HTTP/1.1" 200 5815
191.112.78.213 - - [03/Mar/2016:10:45:48 -0300] "GET /cormun/servlet/hlogin HTTP/1.1" 200 1735
191.112.78.213 - - [03/Mar/2016:10:45:49 -0300] "GET /cormun/static/Resources/Spanish/PXTools.css?005343 HTTP/1.1" 304 -
191.112.78.213 - - [03/Mar/2016:10:45:49 -0300] "GET /cormun/static/gxcfg.js?20151120045111 HTTP/1.1" 304 -
191.112.78.213 - - [03/Mar/2016:10:45:49 -0300] "GET /cormun/static/hlogin.js?20151120045126 HTTP/1.1" 304 -
192.168.10.98 - - [03/Mar/2016:10:45:55 -0300] "GET /cormun/servlet/solicitudot?b64882242ea5433cbd53000cfeead40ba0725c37919baf58ed2a0798748ce0f52d3b64e7c83eac559a530c13e21857fa9ee089a22d518499c840e0dfe85a9edb9daca64f44eabc3b2794639263b47141ed451ea2af5b8f4e7a867449d24b6f8f9750b2065de428451ba9c6ca8b93ec6e4a24de7ec849f08a411f1eb873288a4c9c961fbd8701a0fab01533c03cbe83c98755097271278af6b79d06f3fcca103eb2bf094ea1a3d30d0a61f0e96a64f0c7,gx-no-cache=1457012507837 HTTP/1.1" 200 30
192.168.10.98 - - [03/Mar/2016:10:45:55 -0300] "POST /cormun/servlet/solicitudot?4e4f347e7296876dddfe60efedbcaae4,UPD,2016,390,,gx-no-cache=1457012507866 HTTP/1.1" 200 93
192.168.10.98 - - [03/Mar/2016:10:45:55 -0300] "GET /cormun/servlet/hpexe_return? HTTP/1.1" 200 1016
192.168.10.98 - - [03/Mar/2016:10:45:55 -0300] "GET /cormun/servlet/trsolicitudot? HTTP/1.1" 200 8733
191.112.78.213 - - [03/Mar/2016:10:45:55 -0300] "POST /cormun/servlet/hlogin?c532087cca13d562c3b63ed6682e1a36,gx-no-cache=1457012781041 HTTP/1.1" 200 90
191.112.78.213 - - [03/Mar/2016:10:45:55 -0300] "GET /cormun/servlet/hpexe_link HTTP/1.1" 200 955
191.112.78.213 - - [03/Mar/2016:10:45:56 -0300] "GET /cormun/static/gxcfg.js?20151120044395 HTTP/1.1" 304 -
191.112.78.213 - - [03/Mar/2016:10:45:56 -0300] "GET /cormun/static/hpexe_link.js?20151120044398 HTTP/1.1" 304 -
191.112.78.213 - - [03/Mar/2016:10:45:56 -0300] "GET /cormun/servlet/trsolicitudot HTTP/1.1" 200 6033
192.168.10.98 - - [03/Mar/2016:10:45:56 -0300] "GET /cormun/servlet/trsolicitudot? HTTP/1.1" 200 8729
186.103.159.189 - - [03/Mar/2016:10:45:57 -0300] "POST /cormun/servlet/solicitudotadjuntos?cc9a2a94163d3422237000fdd44494cf,INS,2016,484,,1,,gx-no-cache=1457012785671 HTTP/1.1" 200 93
186.103.159.189 - - [03/Mar/2016:10:45:57 -0300] "GET /cormun/servlet/hpexe_return? HTTP/1.1" 200 1029
186.103.159.189 - - [03/Mar/2016:10:45:58 -0300] "GET /cormun/servlet/trsolicitudadjuntos?2016,484, HTTP/1.1" 200 5361
191.112.78.213 - - [03/Mar/2016:10:45:58 -0300] "GET /cormun/servlet/trsolicitudot HTTP/1.1" 200 6032
186.103.159.189 - - [03/Mar/2016:10:46:00 -0300] "GET /cormun/servlet/trsolicitudadjuntos?2016,484, HTTP/1.1" 200 5357
192.168.10.98 - - [03/Mar/2016:10:46:04 -0300] "POST /cormun/servlet/trsolicitudot?4e4f347e7296876dddfe60efedbcaae4,,gx-no-cache=1457012516867 HTTP/1.1" 200 6245
192.168.10.98 - - [03/Mar/2016:10:46:04 -0300] "POST /cormun/servlet/trsolicitudot?4e4f347e7296876dddfe60efedbcaae4,,gx-no-cache=1457012517180 HTTP/1.1" 200 6245
192.168.10.98 - - [03/Mar/2016:10:46:05 -0300] "POST /cormun/servlet/trsolicitudot?4e4f347e7296876dddfe60efedbcaae4,,gx-no-cache=1457012517463 HTTP/1.1" 200 6245
192.168.10.98 - - [03/Mar/2016:10:46:05 -0300] "POST /cormun/servlet/trsolicitudot?4e4f347e7296876dddfe60efedbcaae4,,gx-no-cache=1457012517736 HTTP/1.1" 200 6244
192.168.10.98 - - [03/Mar/2016:10:46:05 -0300] "POST /cormun/servlet/trsolicitudot?4e4f347e7296876dddfe60efedbcaae4,,gx-no-cache=1457012518014 HTTP/1.1" 200 6244
192.168.10.98 - - [03/Mar/2016:10:46:05 -0300] "POST /cormun/servlet/trsolicitudot?4e4f347e7296876dddfe60efedbcaae4,,gx-no-cache=1457012518341 HTTP/1.1" 200 6245
192.168.10.98 - - [03/Mar/2016:10:46:06 -0300] "POST /cormun/servlet/trsolicitudot?4e4f347e7296876dddfe60efedbcaae4,,gx-no-cache=1457012518659 HTTP/1.1" 200 6245
192.168.10.98 - - [03/Mar/2016:10:46:06 -0300] "POST /cormun/servlet/trsolicitudot?4e4f347e7296876dddfe60efedbcaae4,,gx-no-cache=1457012519005 HTTP/1.1" 200 6061
192.168.10.98 - - [03/Mar/2016:10:46:06 -0300] "GET /cormun/static/Shared/jqueryui/images/ui-bg_highlight-soft_100_c6c2c8_1x100.png HTTP/1.1" 404 1117
192.168.10.98 - - [03/Mar/2016:10:46:06 -0300] "GET /cormun/static/Shared/jqueryui/images/ui-icons_82798d_256x240.png HTTP/1.1" 404 1089
192.168.10.98 - - [03/Mar/2016:10:46:06 -0300] "GET /cormun/static/Shared/jqueryui/images/ui-bg_flat_55_fafafa_40x100.png HTTP/1.1" 404 1097
192.168.10.98 - - [03/Mar/2016:10:46:06 -0300] "GET /cormun/static/Shared/jqueryui/images/ui-icons_8d78a5_256x240.png HTTP/1.1" 404 1089
192.168.10.98 - - [03/Mar/2016:10:46:07 -0300] "POST /cormun/servlet/trsolicitudot?4e4f347e7296876dddfe60efedbcaae4,,gx-no-cache=1457012519345 HTTP/1.1" 200 6004
186.103.159.189 - - [03/Mar/2016:10:46:08 -0300] "GET /cormun/servlet/trsolicitudot? HTTP/1.1" 200 7299
191.112.78.213 - - [03/Mar/2016:10:46:10 -0300] "GET /cormun/servlet/trsolicitudot? HTTP/1.1" 200 6032
186.103.159.189 - - [03/Mar/2016:10:46:11 -0300] "GET /cormun/servlet/trsolicitudot? HTTP/1.1" 200 7292
191.112.78.213 - - [03/Mar/2016:10:46:12 -0300] "GET /cormun/servlet/trsolicitudot? HTTP/1.1" 200 6032
192.168.10.98 - - [03/Mar/2016:10:46:14 -0300] "POST /cormun/servlet/trsolicitudot?4e4f347e7296876dddfe60efedbcaae4,,gx-no-cache=1457012526480 HTTP/1.1" 200 105
192.168.10.98 - - [03/Mar/2016:10:46:14 -0300] "GET /cormun/servlet/solicitudot?UPD,2016,388, HTTP/1.1" 200 12648
192.168.10.98 - - [03/Mar/2016:10:46:15 -0300] "GET /cormun/servlet/solicitudot?UPD,2016,388, HTTP/1.1" 200 12657
191.112.78.213 - - [03/Mar/2016:10:46:15 -0300] "GET /cormun/static/menuarrow.gif HTTP/1.1" 404 1015
192.168.10.98 - - [03/Mar/2016:10:46:15 -0300] "POST /cormun/servlet/solicitudot?gx-no-cache=1457012527933 HTTP/1.1" 200 2759
192.168.10.98 - - [03/Mar/2016:10:46:15 -0300] "POST /cormun/servlet/solicitudot?4e4f347e7296876dddfe60efedbcaae4,UPD,2016,388,,gx-no-cache=1457012528063 HTTP/1.1" 200 9084
192.168.10.98 - - [03/Mar/2016:10:46:15 -0300] "GET /cormun/servlet/solicitudot?b64882242ea5433cbd53000cfeead40b47bab498484710e6a3713979708fd8c46de477de8c088a1186007e64ea5df877,gx-no-cache=1457012528241 HTTP/1.1" 200 30
192.168.10.98 - - [03/Mar/2016:10:46:15 -0300] "POST /cormun/servlet/solicitudot?gx-no-cache=1457012528280 HTTP/1.1" 200 30
192.168.10.98 - - [03/Mar/2016:10:46:15 -0300] "POST /cormun/servlet/solicitudot?gx-no-cache=1457012528301 HTTP/1.1" 200 30
192.168.10.98 - - [03/Mar/2016:10:46:15 -0300] "POST /cormun/servlet/solicitudot?gx-no-cache=1457012528365 HTTP/1.1" 200 1158
192.168.10.98 - - [03/Mar/2016:10:46:15 -0300] "GET /cormun/servlet/solicitudot?b64882242ea5433cbd53000cfeead40b3ed42848c31e05dfd384dcde64ce0ff2c50b4b60bfd5751fc6c438b680bbae235f0eb9a8fdac9473d9d04d891355088dd65a25236c4f8113022852c0b3c6b2b394c9736f461075046587183721c4f6960329fd488e2a9c58f3e63dfc85914c0b7c9bda76fbe4f76a0b7b46331c9516ffd89fa3986bcc73440ffc0b02c2aa8dde108db941e19a350ba040fc4a1a6420ce,gx-no-cache=1457012528462 HTTP/1.1" 200 41
192.168.10.98 - - [03/Mar/2016:10:46:19 -0300] "POST /cormun/servlet/solicitudot?gx-no-cache=1457012532094 HTTP/1.1" 200 30
192.168.10.98 - - [03/Mar/2016:10:46:21 -0300] "GET /cormun/servlet/prcontratosol?11889900,,,,,MD,,gxPopupLevel%3D0%3B HTTP/1.1" 200 5734
191.112.78.213 - - [03/Mar/2016:10:46:24 -0300] "POST /cormun/servlet/trsolicitudot?c532087cca13d562c3b63ed6682e1a36,,gx-no-cache=1457012809103 HTTP/1.1" 200 7511
191.112.78.213 - - [03/Mar/2016:10:46:25 -0300] "POST /cormun/servlet/trsolicitudot?c532087cca13d562c3b63ed6682e1a36,,gx-no-cache=1457012809890 HTTP/1.1" 200 7511
192.168.10.98 - - [03/Mar/2016:10:46:25 -0300] "POST /cormun/servlet/solicitudot?gx-no-cache=1457012537593 HTTP/1.1" 200 1158
192.168.10.98 - - [03/Mar/2016:10:46:25 -0300] "GET /cormun/servlet/solicitudot?b64882242ea5433cbd53000cfeead40b3ed42848c31e05dfd384dcde64ce0ff2c50b4b60bfd5751fc6c438b680bbae235f0eb9a8fdac9473d9d04d891355088dd65a25236c4f8113022852c0b3c6b2b394c9736f461075046587183721c4f6960329fd488e2a9c58f3e63dfc85914c0b7c9bda76fbe4f76a0b7b46331c9516ffd89fa3986bcc73440ffc0b02c2aa8dde108db941e19a350ba040fc4a1a6420ce,gx-no-cache=1457012537683 HTTP/1.1" 200 41
192.168.10.98 - - [03/Mar/2016:10:46:25 -0300] "GET /cormun/servlet/solicitudot?b64882242ea5433cbd53000cfeead40bd62d0b07a75017735f5daaaed01fae3222f4264b55fac1179daea0534f237c6fa0a32c2eefae8ca384f11040882f00bec9e04001a1344809a9948aeb966292b4b262eebae3706a22a98c02f16ac9c998693117b5eda592faaa04bc03dc76c94b6f6b7d5548c669276006e9cc0a2ab4884d18cb976a4e2ca8c504900f937aec86d0b8d6a8f48dcf0278e2a608edcf996f,gx-no-cache=1457012537733 HTTP/1.1" 200 29
192.168.10.98 - - [03/Mar/2016:10:46:25 -0300] "POST /cormun/servlet/solicitudot?gx-no-cache=1457012537748 HTTP/1.1" 200 1116
191.112.78.213 - - [03/Mar/2016:10:46:26 -0300] "POST /cormun/servlet/trsolicitudot?c532087cca13d562c3b63ed6682e1a36,,gx-no-cache=1457012811005 HTTP/1.1" 200 7510
191.112.78.213 - - [03/Mar/2016:10:46:27 -0300] "POST /cormun/servlet/trsolicitudot?c532087cca13d562c3b63ed6682e1a36,,gx-no-cache=1457012812170 HTTP/1.1" 200 7511
191.112.78.213 - - [03/Mar/2016:10:46:28 -0300] "POST /cormun/servlet/trsolicitudot?c532087cca13d562c3b63ed6682e1a36,,gx-no-cache=1457012813344 HTTP/1.1" 200 7511
191.112.78.213 - - [03/Mar/2016:10:46:29 -0300] "POST /cormun/servlet/trsolicitudot?c532087cca13d562c3b63ed6682e1a36,,gx-no-cache=1457012814624 HTTP/1.1" 200 7511
191.112.78.213 - - [03/Mar/2016:10:46:31 -0300] "POST /cormun/servlet/trsolicitudot?c532087cca13d562c3b63ed6682e1a36,,gx-no-cache=1457012815861 HTTP/1.1" 200 7511
191.112.78.213 - - [03/Mar/2016:10:46:32 -0300] "POST /cormun/servlet/trsolicitudot?c532087cca13d562c3b63ed6682e1a36,,gx-no-cache=1457012817219 HTTP/1.1" 200 7510
186.103.159.189 - - [03/Mar/2016:10:46:33 -0300] "POST /cormun/servlet/trsolicitudot?cc9a2a94163d3422237000fdd44494cf,,gx-no-cache=1457012821441 HTTP/1.1" 200 4643
186.103.159.189 - - [03/Mar/2016:10:46:33 -0300] "POST /cormun/servlet/trsolicitudot?cc9a2a94163d3422237000fdd44494cf,,gx-no-cache=1457012821894 HTTP/1.1" 200 4643
186.103.159.189 - - [03/Mar/2016:10:46:34 -0300] "POST /cormun/servlet/trsolicitudot?cc9a2a94163d3422237000fdd44494cf,,gx-no-cache=1457012822559 HTTP/1.1" 200 4643
186.103.159.189 - - [03/Mar/2016:10:46:34 -0300] "POST /cormun/servlet/trsolicitudot?cc9a2a94163d3422237000fdd44494cf,,gx-no-cache=1457012822967 HTTP/1.1" 200 4643
186.103.159.189 - - [03/Mar/2016:10:46:35 -0300] "POST /cormun/servlet/trsolicitudot?cc9a2a94163d3422237000fdd44494cf,,gx-no-cache=1457012823691 HTTP/1.1" 200 4643
186.103.159.189 - - [03/Mar/2016:10:46:36 -0300] "POST /cormun/servlet/trsolicitudot?cc9a2a94163d3422237000fdd44494cf,,gx-no-cache=1457012824160 HTTP/1.1" 200 4643
186.103.159.189 - - [03/Mar/2016:10:46:36 -0300] "POST /cormun/servlet/trsolicitudot?cc9a2a94163d3422237000fdd44494cf,,gx-no-cache=1457012824532 HTTP/1.1" 200 4643
186.103.159.189 - - [03/Mar/2016:10:46:36 -0300] "POST /cormun/servlet/trsolicitudot?cc9a2a94163d3422237000fdd44494cf,,gx-no-cache=1457012824891 HTTP/1.1" 200 105
186.103.159.189 - - [03/Mar/2016:10:46:37 -0300] "GET /cormun/servlet/solicitudot?DLT,2016,484, HTTP/1.1" 200 8321
186.103.159.189 - - [03/Mar/2016:10:46:39 -0300] "GET /cormun/static/Shared/jqueryui/images/ui-bg_highlight-soft_100_c6c2c8_1x100.png HTTP/1.1" 404 1117
186.103.159.189 - - [03/Mar/2016:10:46:39 -0300] "GET /cormun/static/Shared/jqueryui/images/ui-icons_82798d_256x240.png HTTP/1.1" 404 1089
186.103.159.189 - - [03/Mar/2016:10:46:39 -0300] "GET /cormun/static/Shared/jqueryui/images/ui-bg_flat_55_fafafa_40x100.png HTTP/1.1" 404 1097
186.103.159.189 - - [03/Mar/2016:10:46:39 -0300] "GET /cormun/static/Shared/jqueryui/images/ui-icons_8d78a5_256x240.png HTTP/1.1" 404 1089
186.103.159.189 - - [03/Mar/2016:10:46:39 -0300] "GET /cormun/servlet/solicitudot?DLT,2016,484, HTTP/1.1" 200 8331
192.168.10.98 - - [03/Mar/2016:10:46:39 -0300] "GET /cormun/servlet/solicitudot?b64882242ea5433cbd53000cfeead40ba0725c37919baf58ed2a0798748ce0f52d3b64e7c83eac559a530c13e21857fa9ee089a22d518499c840e0dfe85a9edb9daca64f44eabc3b2794639263b47141ed451ea2af5b8f4e7a867449d24b6f8f9750b2065de428451ba9c6ca8b93ec6e4a24de7ec849f08a411f1eb873288a4c9c961fbd8701a0fab01533c03cbe83c98755097271278af6b79d06f3fcca103eb2bf094ea1a3d30d0a61f0e96a64f0c7,gx-no-cache=1457012551877 HTTP/1.1" 200 30
192.168.10.98 - - [03/Mar/2016:10:46:39 -0300] "POST /cormun/servlet/solicitudot?4e4f347e7296876dddfe60efedbcaae4,UPD,2016,388,,gx-no-cache=1457012551907 HTTP/1.1" 200 93
192.168.10.98 - - [03/Mar/2016:10:46:39 -0300] "GET /cormun/servlet/hpexe_return? HTTP/1.1" 200 1016
192.168.10.98 - - [03/Mar/2016:10:46:39 -0300] "GET /cormun/servlet/trsolicitudot? HTTP/1.1" 200 8537
192.168.10.98 - - [03/Mar/2016:10:46:40 -0300] "GET /cormun/servlet/trsolicitudot? HTTP/1.1" 200 8533
191.112.78.213 - - [03/Mar/2016:10:46:42 -0300] "POST /cormun/servlet/trsolicitudot?c532087cca13d562c3b63ed6682e1a36,,gx-no-cache=1457012827601 HTTP/1.1" 200 105
191.112.78.213 - - [03/Mar/2016:10:46:42 -0300] "GET /cormun/servlet/trsolicitudadjuntos?2016,462, HTTP/1.1" 200 5385
191.112.78.213 - - [03/Mar/2016:10:46:43 -0300] "GET /cormun/static/gxcfg.js?2016311731090 HTTP/1.1" 200 953
191.112.78.213 - - [03/Mar/2016:10:46:43 -0300] "GET /cormun/static/Resources/Spanish/PXTools.css?171692 HTTP/1.1" 200 89042
191.112.78.213 - - [03/Mar/2016:10:46:43 -0300] "GET /cormun/static/trsolicitudadjuntos.js?2016311731342 HTTP/1.1" 200 17275
191.112.78.213 - - [03/Mar/2016:10:46:45 -0300] "GET /cormun/servlet/trsolicitudadjuntos?2016,462, HTTP/1.1" 200 5385
191.112.39.34 - - [03/Mar/2016:10:46:48 -0300] "GET /cormun/servlet/hlogin HTTP/1.1" 200 1721
191.112.39.34 - - [03/Mar/2016:10:46:48 -0300] "GET /cormun/static/gxcfg.js?20151120045111 HTTP/1.1" 200 953
191.112.39.34 - - [03/Mar/2016:10:46:48 -0300] "GET /cormun/static/Resources/Spanish/PXTools.css?005343 HTTP/1.1" 200 89042
191.112.39.34 - - [03/Mar/2016:10:46:48 -0300] "GET /cormun/static/hlogin.js?20151120045126 HTTP/1.1" 200 2136
191.112.39.34 - - [03/Mar/2016:10:46:48 -0300] "GET /cormun/static/messages.spa.js?85251 HTTP/1.1" 200 30736
191.112.39.34 - - [03/Mar/2016:10:46:48 -0300] "GET /cormun/servlet/hlogin HTTP/1.1" 200 1731
191.112.78.213 - - [03/Mar/2016:10:46:50 -0300] "GET /cormun/servlet/solicitudotadjuntos?INS,2016,462,,1, HTTP/1.1" 200 5470
191.112.78.213 - - [03/Mar/2016:10:46:50 -0300] "GET /cormun/static/Resources/Spanish/PXTools.css?1944839 HTTP/1.1" 304 -
191.112.78.213 - - [03/Mar/2016:10:46:50 -0300] "GET /cormun/static/gxcfg.js?2016311984045 HTTP/1.1" 200 953
191.112.78.213 - - [03/Mar/2016:10:46:50 -0300] "GET /cormun/static/solicitudotadjuntos.js?2016311984068 HTTP/1.1" 200 11762
191.112.78.213 - - [03/Mar/2016:10:46:50 -0300] "GET /cormun/static/about:blank HTTP/1.1" 404 1011
191.112.78.213 - - [03/Mar/2016:10:46:52 -0300] "GET /cormun/servlet/solicitudotadjuntos?INS,2016,462,,1, HTTP/1.1" 200 5464
191.112.78.213 - - [03/Mar/2016:10:46:53 -0300] "GET /cormun/servlet/solicitudotadjuntos?0cd4658fda90f4102914c12db03d9206d64fdaae58535c1939d218f2986bed95e1d0a164430bb1edc23692d4cf0b3ee5,gx-no-cache=1457012838318 HTTP/1.1" 200 30
191.112.78.213 - - [03/Mar/2016:10:46:53 -0300] "POST /cormun/servlet/solicitudotadjuntos?c532087cca13d562c3b63ed6682e1a36,INS,2016,462,,1,,gx-no-cache=1457012838464 HTTP/1.1" 200 3369
192.168.10.98 - - [03/Mar/2016:10:46:53 -0300] "POST /cormun/servlet/trsolicitudot?4e4f347e7296876dddfe60efedbcaae4,,gx-no-cache=1457012565963 HTTP/1.1" 200 6026
192.168.10.98 - - [03/Mar/2016:10:46:53 -0300] "POST /cormun/servlet/trsolicitudot?4e4f347e7296876dddfe60efedbcaae4,,gx-no-cache=1457012566221 HTTP/1.1" 200 6026
192.168.10.98 - - [03/Mar/2016:10:46:54 -0300] "POST /cormun/servlet/trsolicitudot?4e4f347e7296876dddfe60efedbcaae4,,gx-no-cache=1457012566472 HTTP/1.1" 200 6026
192.168.10.98 - - [03/Mar/2016:10:46:54 -0300] "POST /cormun/servlet/trsolicitudot?4e4f347e7296876dddfe60efedbcaae4,,gx-no-cache=1457012566721 HTTP/1.1" 200 6026
192.168.10.98 - - [03/Mar/2016:10:46:54 -0300] "POST /cormun/servlet/trsolicitudot?4e4f347e7296876dddfe60efedbcaae4,,gx-no-cache=1457012566971 HTTP/1.1" 200 6026
192.168.10.98 - - [03/Mar/2016:10:46:54 -0300] "POST /cormun/servlet/trsolicitudot?4e4f347e7296876dddfe60efedbcaae4,,gx-no-cache=1457012567254 HTTP/1.1" 200 6026
192.168.10.98 - - [03/Mar/2016:10:46:55 -0300] "POST /cormun/servlet/trsolicitudot?4e4f347e7296876dddfe60efedbcaae4,,gx-no-cache=1457012567560 HTTP/1.1" 200 6026
192.168.10.98 - - [03/Mar/2016:10:46:55 -0300] "POST /cormun/servlet/trsolicitudot?4e4f347e7296876dddfe60efedbcaae4,,gx-no-cache=1457012567887 HTTP/1.1" 200 5821
192.168.10.98 - - [03/Mar/2016:10:46:55 -0300] "GET /cormun/static/Shared/jqueryui/images/ui-bg_highlight-soft_100_c6c2c8_1x100.png HTTP/1.1" 404 1117
192.168.10.98 - - [03/Mar/2016:10:46:55 -0300] "GET /cormun/static/Shared/jqueryui/images/ui-icons_82798d_256x240.png HTTP/1.1" 404 1089
192.168.10.98 - - [03/Mar/2016:10:46:55 -0300] "GET /cormun/static/Shared/jqueryui/images/ui-bg_flat_55_fafafa_40x100.png HTTP/1.1" 404 1097
192.168.10.98 - - [03/Mar/2016:10:46:55 -0300] "GET /cormun/static/Shared/jqueryui/images/ui-icons_8d78a5_256x240.png HTTP/1.1" 404 1089
192.168.10.98 - - [03/Mar/2016:10:46:55 -0300] "POST /cormun/servlet/trsolicitudot?4e4f347e7296876dddfe60efedbcaae4,,gx-no-cache=1457012568252 HTTP/1.1" 200 5761
186.103.159.189 - - [03/Mar/2016:10:47:03 -0300] "POST /cormun/servlet/solicitudot?cc9a2a94163d3422237000fdd44494cf,DLT,2016,484,,gx-no-cache=1457012851647 HTTP/1.1" 200 93
191.112.78.213 - - [03/Mar/2016:10:47:03 -0300] "POST /cormun/servlet/solicitudotadjuntos?gx-no-cache=1457012848982 HTTP/1.1" 200 26
186.103.159.189 - - [03/Mar/2016:10:47:03 -0300] "GET /cormun/servlet/hpexe_return? HTTP/1.1" 200 1015
186.103.159.189 - - [03/Mar/2016:10:47:04 -0300] "GET /cormun/servlet/trsolicitudot? HTTP/1.1" 200 7296
192.168.10.98 - - [03/Mar/2016:10:47:05 -0300] "POST /cormun/servlet/trsolicitudot?4e4f347e7296876dddfe60efedbcaae4,,gx-no-cache=1457012578005 HTTP/1.1" 200 5571
192.168.10.98 - - [03/Mar/2016:10:47:05 -0300] "POST /cormun/servlet/trsolicitudot?4e4f347e7296876dddfe60efedbcaae4,,gx-no-cache=1457012578325 HTTP/1.1" 200 5514
186.103.159.189 - - [03/Mar/2016:10:47:06 -0300] "GET /cormun/servlet/trsolicitudot? HTTP/1.1" 200 7292
192.168.10.98 - - [03/Mar/2016:10:47:11 -0300] "POST /cormun/servlet/trsolicitudot?4e4f347e7296876dddfe60efedbcaae4,,gx-no-cache=1457012584260 HTTP/1.1" 200 5317
192.168.10.98 - - [03/Mar/2016:10:47:12 -0300] "POST /cormun/servlet/trsolicitudot?4e4f347e7296876dddfe60efedbcaae4,,gx-no-cache=1457012584551 HTTP/1.1" 200 5258
186.103.159.189 - - [03/Mar/2016:10:47:12 -0300] "POST /cormun/servlet/trsolicitudot?cc9a2a94163d3422237000fdd44494cf,,gx-no-cache=1457012860601 HTTP/1.1" 200 4635
186.103.159.189 - - [03/Mar/2016:10:47:12 -0300] "POST /cormun/servlet/trsolicitudot?cc9a2a94163d3422237000fdd44494cf,,gx-no-cache=1457012860973 HTTP/1.1" 200 4635
186.103.159.189 - - [03/Mar/2016:10:47:13 -0300] "POST /cormun/servlet/trsolicitudot?cc9a2a94163d3422237000fdd44494cf,,gx-no-cache=1457012861332 HTTP/1.1" 200 4635
186.103.159.189 - - [03/Mar/2016:10:47:13 -0300] "POST /cormun/servlet/trsolicitudot?cc9a2a94163d3422237000fdd44494cf,,gx-no-cache=1457012861702 HTTP/1.1" 200 4635
186.103.159.189 - - [03/Mar/2016:10:47:14 -0300] "POST /cormun/servlet/trsolicitudot?cc9a2a94163d3422237000fdd44494cf,,gx-no-cache=1457012862126 HTTP/1.1" 200 4635
186.103.159.189 - - [03/Mar/2016:10:47:14 -0300] "POST /cormun/servlet/trsolicitudot?cc9a2a94163d3422237000fdd44494cf,,gx-no-cache=1457012862524 HTTP/1.1" 200 4635
186.103.159.189 - - [03/Mar/2016:10:47:14 -0300] "POST /cormun/servlet/trsolicitudot?cc9a2a94163d3422237000fdd44494cf,,gx-no-cache=1457012862976 HTTP/1.1" 200 4635
186.103.159.189 - - [03/Mar/2016:10:47:15 -0300] "POST /cormun/servlet/trsolicitudot?cc9a2a94163d3422237000fdd44494cf,,gx-no-cache=1457012863406 HTTP/1.1" 200 105
186.103.159.189 - - [03/Mar/2016:10:47:15 -0300] "GET /cormun/servlet/solicitudot?UPD,2016,484, HTTP/1.1" 200 11942
192.168.10.98 - - [03/Mar/2016:10:47:17 -0300] "POST /cormun/servlet/trsolicitudot?4e4f347e7296876dddfe60efedbcaae4,,gx-no-cache=1457012590300 HTTP/1.1" 200 4979
192.168.10.98 - - [03/Mar/2016:10:47:18 -0300] "POST /cormun/servlet/trsolicitudot?4e4f347e7296876dddfe60efedbcaae4,,gx-no-cache=1457012590555 HTTP/1.1" 200 4920
186.103.159.189 - - [03/Mar/2016:10:47:18 -0300] "GET /cormun/servlet/solicitudot?UPD,2016,484, HTTP/1.1" 200 11951
186.103.159.189 - - [03/Mar/2016:10:47:19 -0300] "POST /cormun/servlet/solicitudot?gx-no-cache=1457012867075 HTTP/1.1" 200 2772
186.103.159.189 - - [03/Mar/2016:10:47:19 -0300] "POST /cormun/servlet/solicitudot?cc9a2a94163d3422237000fdd44494cf,UPD,2016,484,,gx-no-cache=1457012867426 HTTP/1.1" 200 8394
186.103.159.189 - - [03/Mar/2016:10:47:19 -0300] "GET /cormun/servlet/solicitudot?17299030be4b0dc66e173b22781d6732617d35fcb87c618ee627831f711babdd127abb912d18760ed2d4b96b35a2efd8,gx-no-cache=1457012867889 HTTP/1.1" 200 30
186.103.159.189 - - [03/Mar/2016:10:47:19 -0300] "POST /cormun/servlet/solicitudot?gx-no-cache=1457012867983 HTTP/1.1" 200 30
186.103.159.189 - - [03/Mar/2016:10:47:19 -0300] "POST /cormun/servlet/solicitudot?gx-no-cache=1457012868030 HTTP/1.1" 200 33
186.103.159.189 - - [03/Mar/2016:10:47:19 -0300] "POST /cormun/servlet/solicitudot?gx-no-cache=1457012868122 HTTP/1.1" 200 452
186.103.159.189 - - [03/Mar/2016:10:47:20 -0300] "GET /cormun/servlet/solicitudot?17299030be4b0dc66e173b22781d6732f8acd75c4c8e0156035479d525dc5f7c4df8c867db7f172949bda3fb9d84cad57696448e430969b3021fc2b716bc82b053ac4d7bae43d79bc6caaf2d39a9dbf6b417cb5feaab46e05f695e378e451882d690b44a9b90248c2da29856a5dadd490904584e641f1c727d808aa9fca69b9c83e2dba155cc599f1f7a9cf89744d001,gx-no-cache=1457012868216 HTTP/1.1" 200 38
200.112.233.47 - - [03/Mar/2016:10:47:44 -0300] "GET /cormun/servlet/solicitudotadjuntos?71729485f06f30dfeb51ddbd9c8b82c3356d0318178e5e06f0d96efd71525d55,gx-no-cache=1457012892078 HTTP/1.1" 200 30
200.112.233.47 - - [03/Mar/2016:10:47:44 -0300] "GET /cormun/servlet/solicitudotadjuntos?71729485f06f30dfeb51ddbd9c8b82c3356d0318178e5e06f0d96efd71525d55,gx-no-cache=1457012892359 HTTP/1.1" 200 30
200.112.233.47 - - [03/Mar/2016:10:47:46 -0300] "POST /cormun/servlet/solicitudotadjuntos?53f376d99183f74e95a185e04ff5c7b4,INS,2016,483,,1, HTTP/1.1" 200 116
200.112.233.47 - - [03/Mar/2016:10:47:46 -0300] "GET /cormun/servlet/hpexe_return? HTTP/1.1" 200 1014
200.112.233.47 - - [03/Mar/2016:10:47:46 -0300] "GET /cormun/static/Resources/Spanish/PXTools.css?12112540 HTTP/1.1" 304 -
200.112.233.47 - - [03/Mar/2016:10:47:47 -0300] "GET /cormun/static/gxcfg.js?2015111312145050 HTTP/1.1" 304 -
200.112.233.47 - - [03/Mar/2016:10:47:47 -0300] "GET /cormun/static/hpexe_return.js?2015111312145056 HTTP/1.1" 304 -
200.112.233.47 - - [03/Mar/2016:10:47:47 -0300] "GET /cormun/servlet/trsolicitudadjuntos?2016,483, HTTP/1.1" 200 7247
200.112.233.47 - - [03/Mar/2016:10:47:52 -0300] "GET /cormun/servlet/solicitudotadjuntos?INS,2016,483,,1, HTTP/1.1" 200 5424
200.112.233.47 - - [03/Mar/2016:10:47:53 -0300] "GET /cormun/static/about:blank HTTP/1.1" 404 1011
200.112.233.47 - - [03/Mar/2016:10:47:53 -0300] "GET /cormun/static/about:blank HTTP/1.1" 404 1011
200.112.233.47 - - [03/Mar/2016:10:47:54 -0300] "GET /cormun/servlet/solicitudotadjuntos?71729485f06f30dfeb51ddbd9c8b82c33bcacbf45d4c7f805d502d5b9d1dfd40630ef27e311f081e266de04466cf7b3c,gx-no-cache=1457012902828 HTTP/1.1" 200 30
200.112.233.47 - - [03/Mar/2016:10:47:54 -0300] "POST /cormun/servlet/solicitudotadjuntos?53f376d99183f74e95a185e04ff5c7b4,INS,2016,483,,1,,gx-no-cache=1457012903000 HTTP/1.1" 200 3321
192.168.10.98 - - [03/Mar/2016:10:47:57 -0300] "POST /cormun/servlet/trsolicitudot?4e4f347e7296876dddfe60efedbcaae4,,gx-no-cache=1457012629889 HTTP/1.1" 200 105
192.168.10.98 - - [03/Mar/2016:10:47:57 -0300] "GET /cormun/servlet/solicitudot?UPD,2016,378, HTTP/1.1" 200 12649
200.112.233.47 - - [03/Mar/2016:10:47:57 -0300] "POST /cormun/servlet/solicitudotadjuntos?gx-no-cache=1457012905593 HTTP/1.1" 200 26
192.168.10.98 - - [03/Mar/2016:10:47:58 -0300] "GET /cormun/servlet/solicitudot?UPD,2016,378, HTTP/1.1" 200 12658
192.168.10.98 - - [03/Mar/2016:10:47:58 -0300] "POST /cormun/servlet/solicitudot?gx-no-cache=1457012631346 HTTP/1.1" 200 2759
192.168.10.98 - - [03/Mar/2016:10:47:59 -0300] "POST /cormun/servlet/solicitudot?4e4f347e7296876dddfe60efedbcaae4,UPD,2016,378,,gx-no-cache=1457012631474 HTTP/1.1" 200 9083
192.168.10.98 - - [03/Mar/2016:10:47:59 -0300] "GET /cormun/servlet/solicitudot?b64882242ea5433cbd53000cfeead40b47bab498484710e6a3713979708fd8c46de477de8c088a1186007e64ea5df877,gx-no-cache=1457012631675 HTTP/1.1" 200 30
192.168.10.98 - - [03/Mar/2016:10:47:59 -0300] "POST /cormun/servlet/solicitudot?gx-no-cache=1457012631713 HTTP/1.1" 200 30
192.168.10.98 - - [03/Mar/2016:10:47:59 -0300] "POST /cormun/servlet/solicitudot?gx-no-cache=1457012631727 HTTP/1.1" 200 30
192.168.10.98 - - [03/Mar/2016:10:47:59 -0300] "POST /cormun/servlet/solicitudot?gx-no-cache=1457012631789 HTTP/1.1" 200 1158
192.168.10.98 - - [03/Mar/2016:10:47:59 -0300] "GET /cormun/servlet/solicitudot?b64882242ea5433cbd53000cfeead40b3ed42848c31e05dfd384dcde64ce0ff2c50b4b60bfd5751fc6c438b680bbae235f0eb9a8fdac9473d9d04d891355088dd65a25236c4f8113022852c0b3c6b2b394c9736f461075046587183721c4f6960329fd488e2a9c58f3e63dfc85914c0b7c9bda76fbe4f76a0b7b46331c9516ffd89fa3986bcc73440ffc0b02c2aa8dde108db941e19a350ba040fc4a1a6420ce,gx-no-cache=1457012631885 HTTP/1.1" 200 41
192.168.10.98 - - [03/Mar/2016:10:48:04 -0300] "POST /cormun/servlet/solicitudot?gx-no-cache=1457012636561 HTTP/1.1" 200 30
200.112.233.47 - - [03/Mar/2016:10:48:08 -0300] "GET /cormun/servlet/solicitudotadjuntos?71729485f06f30dfeb51ddbd9c8b82c3356d0318178e5e06f0d96efd71525d55,gx-no-cache=1457012916375 HTTP/1.1" 200 30
200.112.233.47 - - [03/Mar/2016:10:48:08 -0300] "GET /cormun/servlet/solicitudotadjuntos?71729485f06f30dfeb51ddbd9c8b82c3356d0318178e5e06f0d96efd71525d55,gx-no-cache=1457012916421 HTTP/1.1" 200 30
200.112.233.47 - - [03/Mar/2016:10:48:08 -0300] "POST /cormun/servlet/solicitudotadjuntos?53f376d99183f74e95a185e04ff5c7b4,INS,2016,483,,1, HTTP/1.1" 200 116
200.112.233.47 - - [03/Mar/2016:10:48:08 -0300] "GET /cormun/servlet/hpexe_return? HTTP/1.1" 200 1014
200.112.233.47 - - [03/Mar/2016:10:48:09 -0300] "GET /cormun/servlet/trsolicitudadjuntos?2016,483, HTTP/1.1" 200 7412
192.168.10.98 - - [03/Mar/2016:10:48:09 -0300] "GET /cormun/servlet/prcontratosol?11889900,,,,,MD,,gxPopupLevel%3D0%3B HTTP/1.1" 200 5735
192.168.10.98 - - [03/Mar/2016:10:48:13 -0300] "POST /cormun/servlet/solicitudot?gx-no-cache=1457012645857 HTTP/1.1" 200 1158
192.168.10.98 - - [03/Mar/2016:10:48:13 -0300] "GET /cormun/servlet/solicitudot?b64882242ea5433cbd53000cfeead40b3ed42848c31e05dfd384dcde64ce0ff2c50b4b60bfd5751fc6c438b680bbae235f0eb9a8fdac9473d9d04d891355088dd65a25236c4f8113022852c0b3c6b2b394c9736f461075046587183721c4f6960329fd488e2a9c58f3e63dfc85914c0b7c9bda76fbe4f76a0b7b46331c9516ffd89fa3986bcc73440ffc0b02c2aa8dde108db941e19a350ba040fc4a1a6420ce,gx-no-cache=1457012645938 HTTP/1.1" 200 41
192.168.10.98 - - [03/Mar/2016:10:48:13 -0300] "GET /cormun/servlet/solicitudot?b64882242ea5433cbd53000cfeead40bd62d0b07a75017735f5daaaed01fae3222f4264b55fac1179daea0534f237c6fa0a32c2eefae8ca384f11040882f00bec9e04001a1344809a9948aeb966292b4b262eebae3706a22a98c02f16ac9c998693117b5eda592faaa04bc03dc76c94b6f6b7d5548c669276006e9cc0a2ab4884d18cb976a4e2ca8c504900f937aec86d0b8d6a8f48dcf0278e2a608edcf996f,gx-no-cache=1457012645984 HTTP/1.1" 200 29
192.168.10.98 - - [03/Mar/2016:10:48:13 -0300] "POST /cormun/servlet/solicitudot?gx-no-cache=1457012646005 HTTP/1.1" 200 1116
200.112.233.47 - - [03/Mar/2016:10:48:14 -0300] "GET /cormun/servlet/solicitudotadjuntos?INS,2016,483,,1, HTTP/1.1" 200 5425
200.112.233.47 - - [03/Mar/2016:10:48:14 -0300] "GET /cormun/static/about:blank HTTP/1.1" 404 1011
200.112.233.47 - - [03/Mar/2016:10:48:14 -0300] "GET /cormun/static/about:blank HTTP/1.1" 404 1011
200.112.233.47 - - [03/Mar/2016:10:48:16 -0300] "GET /cormun/servlet/solicitudotadjuntos?71729485f06f30dfeb51ddbd9c8b82c33bcacbf45d4c7f805d502d5b9d1dfd40630ef27e311f081e266de04466cf7b3c,gx-no-cache=1457012924562 HTTP/1.1" 200 30
200.112.233.47 - - [03/Mar/2016:10:48:16 -0300] "POST /cormun/servlet/solicitudotadjuntos?53f376d99183f74e95a185e04ff5c7b4,INS,2016,483,,1,,gx-no-cache=1457012924687 HTTP/1.1" 200 3323
186.103.159.189 - - [03/Mar/2016:10:48:20 -0300] "GET /cormun/servlet/trsolicitudot? HTTP/1.1" 200 7296
192.168.10.98 - - [03/Mar/2016:10:48:21 -0300] "GET /cormun/servlet/solicitudot?b64882242ea5433cbd53000cfeead40ba0725c37919baf58ed2a0798748ce0f52d3b64e7c83eac559a530c13e21857fa9ee089a22d518499c840e0dfe85a9edb9daca64f44eabc3b2794639263b47141ed451ea2af5b8f4e7a867449d24b6f8f9750b2065de428451ba9c6ca8b93ec6e4a24de7ec849f08a411f1eb873288a4c9c961fbd8701a0fab01533c03cbe83c98755097271278af6b79d06f3fcca103eb2bf094ea1a3d30d0a61f0e96a64f0c7,gx-no-cache=1457012654014 HTTP/1.1" 200 30
192.168.10.98 - - [03/Mar/2016:10:48:21 -0300] "POST /cormun/servlet/solicitudot?4e4f347e7296876dddfe60efedbcaae4,UPD,2016,378,,gx-no-cache=1457012654039 HTTP/1.1" 200 93
192.168.10.98 - - [03/Mar/2016:10:48:21 -0300] "GET /cormun/servlet/hpexe_return? HTTP/1.1" 200 1016
192.168.10.98 - - [03/Mar/2016:10:48:21 -0300] "GET /cormun/servlet/trsolicitudot? HTTP/1.1" 200 7489
200.112.233.47 - - [03/Mar/2016:10:48:22 -0300] "POST /cormun/servlet/solicitudotadjuntos?gx-no-cache=1457012930562 HTTP/1.1" 200 26
186.103.159.189 - - [03/Mar/2016:10:48:22 -0300] "GET /cormun/servlet/trsolicitudot? HTTP/1.1" 200 7292
192.168.10.98 - - [03/Mar/2016:10:48:22 -0300] "GET /cormun/servlet/trsolicitudot? HTTP/1.1" 200 7485
200.112.233.47 - - [03/Mar/2016:10:48:28 -0300] "GET /cormun/servlet/solicitudotadjuntos?71729485f06f30dfeb51ddbd9c8b82c3356d0318178e5e06f0d96efd71525d55,gx-no-cache=1457012936609 HTTP/1.1" 200 30
200.112.233.47 - - [03/Mar/2016:10:48:28 -0300] "GET /cormun/servlet/solicitudotadjuntos?71729485f06f30dfeb51ddbd9c8b82c3356d0318178e5e06f0d96efd71525d55,gx-no-cache=1457012936687 HTTP/1.1" 200 30
192.168.10.98 - - [03/Mar/2016:10:48:28 -0300] "POST /cormun/servlet/trsolicitudot?4e4f347e7296876dddfe60efedbcaae4,,gx-no-cache=1457012661292 HTTP/1.1" 200 4942
186.103.159.189 - - [03/Mar/2016:10:48:29 -0300] "POST /cormun/servlet/trsolicitudot?cc9a2a94163d3422237000fdd44494cf,,gx-no-cache=1457012937019 HTTP/1.1" 200 4635
192.168.10.98 - - [03/Mar/2016:10:48:29 -0300] "POST /cormun/servlet/trsolicitudot?4e4f347e7296876dddfe60efedbcaae4,,gx-no-cache=1457012661511 HTTP/1.1" 200 4941
200.112.233.47 - - [03/Mar/2016:10:48:29 -0300] "POST /cormun/servlet/solicitudotadjuntos?53f376d99183f74e95a185e04ff5c7b4,INS,2016,483,,1, HTTP/1.1" 200 116
200.112.233.47 - - [03/Mar/2016:10:48:29 -0300] "GET /cormun/servlet/hpexe_return? HTTP/1.1" 200 1014
192.168.10.98 - - [03/Mar/2016:10:48:29 -0300] "POST /cormun/servlet/trsolicitudot?4e4f347e7296876dddfe60efedbcaae4,,gx-no-cache=1457012661715 HTTP/1.1" 200 4943
186.103.159.189 - - [03/Mar/2016:10:48:29 -0300] "POST /cormun/servlet/trsolicitudot?cc9a2a94163d3422237000fdd44494cf,,gx-no-cache=1457012937489 HTTP/1.1" 200 4636
192.168.10.98 - - [03/Mar/2016:10:48:29 -0300] "POST /cormun/servlet/trsolicitudot?4e4f347e7296876dddfe60efedbcaae4,,gx-no-cache=1457012661915 HTTP/1.1" 200 4943
192.168.10.98 - - [03/Mar/2016:10:48:29 -0300] "POST /cormun/servlet/trsolicitudot?4e4f347e7296876dddfe60efedbcaae4,,gx-no-cache=1457012662104 HTTP/1.1" 200 4942
192.168.10.98 - - [03/Mar/2016:10:48:29 -0300] "POST /cormun/servlet/trsolicitudot?4e4f347e7296876dddfe60efedbcaae4,,gx-no-cache=1457012662308 HTTP/1.1" 200 4943
186.103.159.189 - - [03/Mar/2016:10:48:29 -0300] "POST /cormun/servlet/trsolicitudot?cc9a2a94163d3422237000fdd44494cf,,gx-no-cache=1457012937879 HTTP/1.1" 200 4636
200.112.233.47 - - [03/Mar/2016:10:48:29 -0300] "GET /cormun/servlet/trsolicitudadjuntos?2016,483, HTTP/1.1" 200 7579
192.168.10.98 - - [03/Mar/2016:10:48:30 -0300] "POST /cormun/servlet/trsolicitudot?4e4f347e7296876dddfe60efedbcaae4,,gx-no-cache=1457012662583 HTTP/1.1" 200 4943
186.103.159.189 - - [03/Mar/2016:10:48:30 -0300] "POST /cormun/servlet/trsolicitudot?cc9a2a94163d3422237000fdd44494cf,,gx-no-cache=1457012938448 HTTP/1.1" 200 4636
192.168.10.98 - - [03/Mar/2016:10:48:30 -0300] "POST /cormun/servlet/trsolicitudot?4e4f347e7296876dddfe60efedbcaae4,,gx-no-cache=1457012662807 HTTP/1.1" 200 3634
192.168.10.98 - - [03/Mar/2016:10:48:30 -0300] "GET /cormun/static/Shared/jqueryui/images/ui-icons_82798d_256x240.png HTTP/1.1" 404 1089
192.168.10.98 - - [03/Mar/2016:10:48:30 -0300] "GET /cormun/static/Shared/jqueryui/images/ui-bg_flat_55_fafafa_40x100.png HTTP/1.1" 404 1097
192.168.10.98 - - [03/Mar/2016:10:48:30 -0300] "GET /cormun/static/Shared/jqueryui/images/ui-icons_8d78a5_256x240.png HTTP/1.1" 404 1089
192.168.10.98 - - [03/Mar/2016:10:48:30 -0300] "GET /cormun/static/Shared/jqueryui/images/ui-bg_highlight-soft_100_c6c2c8_1x100.png HTTP/1.1" 404 1117
192.168.10.98 - - [03/Mar/2016:10:48:30 -0300] "POST /cormun/servlet/trsolicitudot?4e4f347e7296876dddfe60efedbcaae4,,gx-no-cache=1457012663013 HTTP/1.1" 200 3491
186.103.159.189 - - [03/Mar/2016:10:48:30 -0300] "POST /cormun/servlet/trsolicitudot?cc9a2a94163d3422237000fdd44494cf,,gx-no-cache=1457012938848 HTTP/1.1" 200 4636
186.103.159.189 - - [03/Mar/2016:10:48:31 -0300] "POST /cormun/servlet/trsolicitudot?cc9a2a94163d3422237000fdd44494cf,,gx-no-cache=1457012939551 HTTP/1.1" 200 4636
186.103.159.189 - - [03/Mar/2016:10:48:31 -0300] "POST /cormun/servlet/trsolicitudot?cc9a2a94163d3422237000fdd44494cf,,gx-no-cache=1457012939976 HTTP/1.1" 200 4636
186.103.159.189 - - [03/Mar/2016:10:48:32 -0300] "POST /cormun/servlet/trsolicitudot?cc9a2a94163d3422237000fdd44494cf,,gx-no-cache=1457012940482 HTTP/1.1" 200 105
186.103.159.189 - - [03/Mar/2016:10:48:33 -0300] "GET /cormun/servlet/solicitudot?DLT,2016,484, HTTP/1.1" 200 8321
200.112.233.47 - - [03/Mar/2016:10:48:34 -0300] "GET /cormun/servlet/solicitudotadjuntos?INS,2016,483,,1, HTTP/1.1" 200 5425
200.112.233.47 - - [03/Mar/2016:10:48:35 -0300] "GET /cormun/static/about:blank HTTP/1.1" 404 1011
200.112.233.47 - - [03/Mar/2016:10:48:35 -0300] "GET /cormun/static/about:blank HTTP/1.1" 404 1011
186.103.159.189 - - [03/Mar/2016:10:48:35 -0300] "GET /cormun/static/Shared/jqueryui/images/ui-bg_highlight-soft_100_c6c2c8_1x100.png HTTP/1.1" 404 1117
186.103.159.189 - - [03/Mar/2016:10:48:35 -0300] "GET /cormun/static/Shared/jqueryui/images/ui-icons_82798d_256x240.png HTTP/1.1" 404 1089
186.103.159.189 - - [03/Mar/2016:10:48:35 -0300] "GET /cormun/static/Shared/jqueryui/images/ui-bg_flat_55_fafafa_40x100.png HTTP/1.1" 404 1097
186.103.159.189 - - [03/Mar/2016:10:48:35 -0300] "GET /cormun/static/Shared/jqueryui/images/ui-icons_8d78a5_256x240.png HTTP/1.1" 404 1089
186.103.159.189 - - [03/Mar/2016:10:48:35 -0300] "GET /cormun/servlet/solicitudot?DLT,2016,484, HTTP/1.1" 200 8331
200.112.233.47 - - [03/Mar/2016:10:48:36 -0300] "GET /cormun/servlet/solicitudotadjuntos?71729485f06f30dfeb51ddbd9c8b82c33bcacbf45d4c7f805d502d5b9d1dfd40630ef27e311f081e266de04466cf7b3c,gx-no-cache=1457012944984 HTTP/1.1" 200 30
200.112.233.47 - - [03/Mar/2016:10:48:37 -0300] "POST /cormun/servlet/solicitudotadjuntos?53f376d99183f74e95a185e04ff5c7b4,INS,2016,483,,1,,gx-no-cache=1457012945109 HTTP/1.1" 200 3323
192.168.10.98 - - [03/Mar/2016:10:48:38 -0300] "POST /cormun/servlet/trsolicitudot?4e4f347e7296876dddfe60efedbcaae4,,gx-no-cache=1457012671213 HTTP/1.1" 200 5294
192.168.10.98 - - [03/Mar/2016:10:48:39 -0300] "GET /cormun/servlet/trsolicitudot?86651daf573a191c6b818906914ec73e5b2e4512aa3f2780eba7dd80ae9754995a6869f070c8161d7129ca9184012788044699cd912c8adcf0e95299d338cf8d9f01f9568600f5097086a659d1aa93b1,gx-no-cache=1457012671619 HTTP/1.1" 200 2621
191.112.39.34 - - [03/Mar/2016:10:48:40 -0300] "POST /cormun/servlet/hlogin?bc9290f50a5b4d951af3d297c8bff815,gx-no-cache=1457012982733 HTTP/1.1" 200 90
191.112.39.34 - - [03/Mar/2016:10:48:40 -0300] "GET /cormun/servlet/hpexe_link HTTP/1.1" 200 953
191.112.39.34 - - [03/Mar/2016:10:48:40 -0300] "GET /cormun/static/gxcfg.js?20151120044395 HTTP/1.1" 200 953
191.112.39.34 - - [03/Mar/2016:10:48:40 -0300] "GET /cormun/static/hpexe_link.js?20151120044398 HTTP/1.1" 200 625
191.112.39.34 - - [03/Mar/2016:10:48:40 -0300] "GET /cormun/servlet/hhome HTTP/1.1" 200 3420
200.112.233.47 - - [03/Mar/2016:10:48:40 -0300] "POST /cormun/servlet/solicitudotadjuntos?gx-no-cache=1457012948406 HTTP/1.1" 200 26
191.112.39.34 - - [03/Mar/2016:10:48:40 -0300] "GET /cormun/static/gxcfg.js?2015112210564248 HTTP/1.1" 200 953
191.112.39.34 - - [03/Mar/2016:10:48:40 -0300] "GET /cormun/static/hhome.js?2015112210564255 HTTP/1.1" 200 777
191.112.39.34 - - [03/Mar/2016:10:48:40 -0300] "GET /cormun/static/hwchdr01.js?20162241650484 HTTP/1.1" 200 1183
191.112.39.34 - - [03/Mar/2016:10:48:40 -0300] "GET /cormun/static/hpexe_recentlink.js?2015111312121342 HTTP/1.1" 200 2144
191.112.39.34 - - [03/Mar/2016:10:48:40 -0300] "GET /cormun/static/hpexe_scripts.js?20151120014546 HTTP/1.1" 200 1544
191.112.39.34 - - [03/Mar/2016:10:48:40 -0300] "GET /cormun/static/Resources/Spanish/PXTools.css?10515224 HTTP/1.1" 200 89042
191.112.39.34 - - [03/Mar/2016:10:48:40 -0300] "GET /cormun/static/hpexe_messagecontroller.js?2015112210524422 HTTP/1.1" 200 870
191.112.39.34 - - [03/Mar/2016:10:48:40 -0300] "GET /cormun/static/hpexe_messagepopupcomponent.js?20163219454551 HTTP/1.1" 200 605
191.112.39.34 - - [03/Mar/2016:10:48:40 -0300] "GET /cormun/static/hpexe_messagegenexuscomponent.js?20151120014314 HTTP/1.1" 200 587
191.112.39.34 - - [03/Mar/2016:10:48:40 -0300] "GET /cormun/static/cmcontrolpreferences.js?20151120014525 HTTP/1.1" 200 1375
191.112.39.34 - - [03/Mar/2016:10:48:40 -0300] "GET /cormun/static/hmpwkw03.js?2016311993330 HTTP/1.1" 200 3898
191.112.39.34 - - [03/Mar/2016:10:48:41 -0300] "GET /cormun/servlet/hhome HTTP/1.1" 200 3417
186.103.159.189 - - [03/Mar/2016:10:48:48 -0300] "POST /cormun/servlet/solicitudot?cc9a2a94163d3422237000fdd44494cf,DLT,2016,484,,gx-no-cache=1457012956834 HTTP/1.1" 200 93
186.103.159.189 - - [03/Mar/2016:10:48:48 -0300] "GET /cormun/servlet/hpexe_return? HTTP/1.1" 200 1015
186.103.159.189 - - [03/Mar/2016:10:48:49 -0300] "GET /cormun/servlet/trsolicitudot? HTTP/1.1" 200 7296
200.112.233.47 - - [03/Mar/2016:10:48:50 -0300] "GET /cormun/servlet/solicitudotadjuntos?71729485f06f30dfeb51ddbd9c8b82c3356d0318178e5e06f0d96efd71525d55,gx-no-cache=1457012958437 HTTP/1.1" 200 30
200.112.233.47 - - [03/Mar/2016:10:48:50 -0300] "GET /cormun/servlet/solicitudotadjuntos?71729485f06f30dfeb51ddbd9c8b82c3356d0318178e5e06f0d96efd71525d55,gx-no-cache=1457012958484 HTTP/1.1" 200 30
186.103.159.189 - - [03/Mar/2016:10:48:51 -0300] "GET /cormun/servlet/trsolicitudot? HTTP/1.1" 200 7292
200.112.233.47 - - [03/Mar/2016:10:48:52 -0300] "POST /cormun/servlet/solicitudotadjuntos?53f376d99183f74e95a185e04ff5c7b4,INS,2016,483,,1, HTTP/1.1" 200 116
200.112.233.47 - - [03/Mar/2016:10:48:52 -0300] "GET /cormun/servlet/hpexe_return? HTTP/1.1" 200 1014
200.112.233.47 - - [03/Mar/2016:10:48:53 -0300] "GET /cormun/servlet/trsolicitudadjuntos?2016,483, HTTP/1.1" 200 7718
200.112.233.47 - - [03/Mar/2016:10:48:57 -0300] "GET /cormun/servlet/solicitudotadjuntos?INS,2016,483,,1, HTTP/1.1" 200 5425
186.103.159.189 - - [03/Mar/2016:10:48:57 -0300] "POST /cormun/servlet/trsolicitudot?cc9a2a94163d3422237000fdd44494cf,,gx-no-cache=1457012965780 HTTP/1.1" 200 4636
200.112.233.47 - - [03/Mar/2016:10:48:58 -0300] "GET /cormun/static/about:blank HTTP/1.1" 404 1011
200.112.233.47 - - [03/Mar/2016:10:48:58 -0300] "GET /cormun/static/about:blank HTTP/1.1" 404 1011
186.103.159.189 - - [03/Mar/2016:10:48:58 -0300] "POST /cormun/servlet/trsolicitudot?cc9a2a94163d3422237000fdd44494cf,,gx-no-cache=1457012966308 HTTP/1.1" 200 4635
186.103.159.189 - - [03/Mar/2016:10:48:58 -0300] "POST /cormun/servlet/trsolicitudot?cc9a2a94163d3422237000fdd44494cf,,gx-no-cache=1457012966722 HTTP/1.1" 200 4635
186.103.159.189 - - [03/Mar/2016:10:48:59 -0300] "POST /cormun/servlet/trsolicitudot?cc9a2a94163d3422237000fdd44494cf,,gx-no-cache=1457012967233 HTTP/1.1" 200 4635
200.112.233.47 - - [03/Mar/2016:10:48:59 -0300] "GET /cormun/servlet/solicitudotadjuntos?71729485f06f30dfeb51ddbd9c8b82c33bcacbf45d4c7f805d502d5b9d1dfd40630ef27e311f081e266de04466cf7b3c,gx-no-cache=1457012967828 HTTP/1.1" 200 30
186.103.159.189 - - [03/Mar/2016:10:48:59 -0300] "POST /cormun/servlet/trsolicitudot?cc9a2a94163d3422237000fdd44494cf,,gx-no-cache=1457012967727 HTTP/1.1" 200 4636
200.112.233.47 - - [03/Mar/2016:10:48:59 -0300] "POST /cormun/servlet/solicitudotadjuntos?53f376d99183f74e95a185e04ff5c7b4,INS,2016,483,,1,,gx-no-cache=1457012967937 HTTP/1.1" 200 3323
186.103.159.189 - - [03/Mar/2016:10:49:00 -0300] "POST /cormun/servlet/trsolicitudot?cc9a2a94163d3422237000fdd44494cf,,gx-no-cache=1457012968273 HTTP/1.1" 200 4636
186.103.159.189 - - [03/Mar/2016:10:49:00 -0300] "POST /cormun/servlet/trsolicitudot?cc9a2a94163d3422237000fdd44494cf,,gx-no-cache=1457012968798 HTTP/1.1" 200 4637
186.103.159.189 - - [03/Mar/2016:10:49:01 -0300] "POST /cormun/servlet/trsolicitudot?cc9a2a94163d3422237000fdd44494cf,,gx-no-cache=1457012969339 HTTP/1.1" 200 103
186.103.159.189 - - [03/Mar/2016:10:49:01 -0300] "GET /cormun/SolicitudOT-6993.xls HTTP/1.1" 200 4608
200.112.233.47 - - [03/Mar/2016:10:49:02 -0300] "POST /cormun/servlet/solicitudotadjuntos?gx-no-cache=1457012970437 HTTP/1.1" 200 26
192.168.10.98 - - [03/Mar/2016:10:49:03 -0300] "POST /cormun/servlet/trsolicitudot?4e4f347e7296876dddfe60efedbcaae4,,gx-no-cache=1457012695710 HTTP/1.1" 200 5294
192.168.10.98 - - [03/Mar/2016:10:49:03 -0300] "POST /cormun/servlet/trsolicitudot?4e4f347e7296876dddfe60efedbcaae4,,gx-no-cache=1457012695996 HTTP/1.1" 200 5294
192.168.10.98 - - [03/Mar/2016:10:49:03 -0300] "POST /cormun/servlet/trsolicitudot?4e4f347e7296876dddfe60efedbcaae4,,gx-no-cache=1457012696280 HTTP/1.1" 200 5295
192.168.10.98 - - [03/Mar/2016:10:49:04 -0300] "POST /cormun/servlet/trsolicitudot?4e4f347e7296876dddfe60efedbcaae4,,gx-no-cache=1457012696624 HTTP/1.1" 200 5295
192.168.10.98 - - [03/Mar/2016:10:49:04 -0300] "POST /cormun/servlet/trsolicitudot?4e4f347e7296876dddfe60efedbcaae4,,gx-no-cache=1457012696926 HTTP/1.1" 200 5294
192.168.10.98 - - [03/Mar/2016:10:49:04 -0300] "POST /cormun/servlet/trsolicitudot?4e4f347e7296876dddfe60efedbcaae4,,gx-no-cache=1457012697226 HTTP/1.1" 200 5293
192.168.10.98 - - [03/Mar/2016:10:49:05 -0300] "POST /cormun/servlet/trsolicitudot?4e4f347e7296876dddfe60efedbcaae4,,gx-no-cache=1457012697559 HTTP/1.1" 200 5294
192.168.10.98 - - [03/Mar/2016:10:49:05 -0300] "POST /cormun/servlet/trsolicitudot?4e4f347e7296876dddfe60efedbcaae4,,gx-no-cache=1457012697879 HTTP/1.1" 200 4984
192.168.10.98 - - [03/Mar/2016:10:49:05 -0300] "POST /cormun/servlet/trsolicitudot?4e4f347e7296876dddfe60efedbcaae4,,gx-no-cache=1457012698164 HTTP/1.1" 200 4926
200.112.233.47 - - [03/Mar/2016:10:49:11 -0300] "GET /cormun/servlet/solicitudotadjuntos?71729485f06f30dfeb51ddbd9c8b82c3356d0318178e5e06f0d96efd71525d55,gx-no-cache=1457012979890 HTTP/1.1" 200 30
200.112.233.47 - - [03/Mar/2016:10:49:11 -0300] "GET /cormun/servlet/solicitudotadjuntos?71729485f06f30dfeb51ddbd9c8b82c3356d0318178e5e06f0d96efd71525d55,gx-no-cache=1457012979937 HTTP/1.1" 200 30
200.112.233.47 - - [03/Mar/2016:10:49:12 -0300] "POST /cormun/servlet/solicitudotadjuntos?53f376d99183f74e95a185e04ff5c7b4,INS,2016,483,,1, HTTP/1.1" 200 116
200.112.233.47 - - [03/Mar/2016:10:49:12 -0300] "GET /cormun/servlet/hpexe_return? HTTP/1.1" 200 1014
200.112.233.47 - - [03/Mar/2016:10:49:13 -0300] "GET /cormun/servlet/trsolicitudadjuntos?2016,483, HTTP/1.1" 200 7861
186.78.57.210 - - [03/Mar/2016:10:49:13 -0300] "GET /cormun/servlet/solicitudotadjuntos?6e39a9a0d1bc265ceaef7678f52d3ee744c7ee0f437c4b3b34d7efedc0650c67,gx-no-cache=1457013012952 HTTP/1.1" 200 30
186.78.57.210 - - [03/Mar/2016:10:49:13 -0300] "GET /cormun/servlet/solicitudotadjuntos?6e39a9a0d1bc265ceaef7678f52d3ee744c7ee0f437c4b3b34d7efedc0650c67,gx-no-cache=1457013013105 HTTP/1.1" 200 30
186.78.57.210 - - [03/Mar/2016:10:49:13 -0300] "POST /cormun/servlet/solicitudotadjuntos?47b2748899f65881853b1d07e208b3a8,INS,2016,485,,1,,gx-no-cache=1457013013174 HTTP/1.1" 200 93
186.78.57.210 - - [03/Mar/2016:10:49:13 -0300] "GET /cormun/servlet/hpexe_return? HTTP/1.1" 200 1026
