191.112.17.11 - - [03/Mar/2016:12:12:08 -0300] "GET /cormun/static/messages.spa.js?85251 HTTP/1.1" 200 30736
191.112.17.11 - - [03/Mar/2016:12:12:08 -0300] "GET /cormun/static/Resources/ComunLogin.png HTTP/1.1" 200 17326
191.112.17.11 - - [03/Mar/2016:12:12:08 -0300] "GET /cormun/static/Resources/Spanish/PXTools.css?005343 HTTP/1.1" 200 89042
191.112.17.11 - - [03/Mar/2016:12:12:09 -0300] "GET /cormun/static/gxgral.js?85251 HTTP/1.1" 200 384558
186.103.159.44 - - [03/Mar/2016:12:12:09 -0300] "POST /cormun/servlet/solicitudotadjuntos?90407dd04215d27dd591a38f9863650e,INS,2016,492,,1, HTTP/1.1" 200 116
186.103.159.44 - - [03/Mar/2016:12:12:09 -0300] "GET /cormun/servlet/hpexe_return? HTTP/1.1" 200 1028
186.78.57.210 - - [03/Mar/2016:12:12:09 -0300] "GET /cormun/servlet/prfichaempleado?5a49bdae2c68333ab4144f9181a5167aab9ca6909400a9216eb287b99144a1480335c15be06b405a1a6649644ac6ca8b5e4a7cc7aba0ad4fdb80fe51259af055e0745e66df6410fdce3821953a047428,gx-no-cache=1457017989095 HTTP/1.1" 200 428
191.112.17.11 - - [03/Mar/2016:12:12:09 -0300] "GET /cormun/static/Resources/PXToolsLoginTop.png HTTP/1.1" 200 1337
191.112.17.11 - - [03/Mar/2016:12:12:09 -0300] "GET /cormun/static/Resources/PXToolsLoginBackground.png HTTP/1.1" 200 1164
191.112.17.11 - - [03/Mar/2016:12:12:09 -0300] "GET /cormun/static/Resources/PXToolsButtonLeft21.png HTTP/1.1" 200 1287
191.112.17.11 - - [03/Mar/2016:12:12:09 -0300] "GET /cormun/static/Resources/PXToolsButtonRight21.png HTTP/1.1" 200 1283
191.112.17.11 - - [03/Mar/2016:12:12:09 -0300] "GET /cormun/static/Resources/PXToolsButtonBackground2.png HTTP/1.1" 200 1181
191.112.17.11 - - [03/Mar/2016:12:12:09 -0300] "GET /cormun/static/Resources/PXToolsLoginBottom.png HTTP/1.1" 200 1389
191.112.17.11 - - [03/Mar/2016:12:12:09 -0300] "GET /cormun/static/Resources/indicator.gif HTTP/1.1" 200 1553
191.112.17.11 - - [03/Mar/2016:12:12:09 -0300] "GET /cormun/servlet/hlogin HTTP/1.1" 200 1730
191.112.17.11 - - [03/Mar/2016:12:12:09 -0300] "GET /favicon.ico HTTP/1.1" 200 21630
186.78.57.210 - - [03/Mar/2016:12:12:10 -0300] "GET /cormun/servlet/prfichaempleado?5a49bdae2c68333ab4144f9181a5167aab9ca6909400a9216eb287b99144a148a1862dfd68cfebff516555def175c284842817b1af1b78dc5670ccb0ed63e376cd8106e10bf6fb6bfa35e7d152094c1e,gx-no-cache=1457017989960 HTTP/1.1" 200 466
186.103.159.44 - - [03/Mar/2016:12:12:10 -0300] "GET /cormun/servlet/trsolicitudadjuntos?2016,492, HTTP/1.1" 200 7981
186.78.57.210 - - [03/Mar/2016:12:12:11 -0300] "GET /cormun/servlet/prfichaempleado?5a49bdae2c68333ab4144f9181a5167aab9ca6909400a9216eb287b99144a148040e5eac71a359412a0334a2e91b37c3151c2189ec66b56ac477da583eef633a1b6df40ee6fb715a12405cfb5e858f47,gx-no-cache=1457017991104 HTTP/1.1" 200 471
186.78.57.210 - - [03/Mar/2016:12:12:12 -0300] "POST /cormun/servlet/prfichaempleado?47b2748899f65881853b1d07e208b3a8,,MD,,gxPopupLevel%3D0%3B,gx-no-cache=1457017992367 HTTP/1.1" 200 2882
186.103.159.44 - - [03/Mar/2016:12:12:15 -0300] "GET /cormun/servlet/hpexe_return? HTTP/1.1" 200 1044
186.103.159.44 - - [03/Mar/2016:12:12:15 -0300] "GET /cormun/servlet/trsolicitudot?gx-no-cache=1457017357053 HTTP/1.1" 200 7488
186.103.159.44 - - [03/Mar/2016:12:12:19 -0300] "POST /cormun/servlet/trsolicitudot?90407dd04215d27dd591a38f9863650e,gx-no-cache=1457017357053,gx-no-cache=1457017947810 HTTP/1.1" 200 4925
186.103.159.44 - - [03/Mar/2016:12:12:20 -0300] "POST /cormun/servlet/trsolicitudot?90407dd04215d27dd591a38f9863650e,gx-no-cache=1457017357053,gx-no-cache=1457017948241 HTTP/1.1" 200 4925
186.103.159.44 - - [03/Mar/2016:12:12:20 -0300] "POST /cormun/servlet/trsolicitudot?90407dd04215d27dd591a38f9863650e,gx-no-cache=1457017357053,gx-no-cache=1457017948663 HTTP/1.1" 200 4925
186.103.159.44 - - [03/Mar/2016:12:12:21 -0300] "POST /cormun/servlet/trsolicitudot?90407dd04215d27dd591a38f9863650e,gx-no-cache=1457017357053,gx-no-cache=1457017949138 HTTP/1.1" 200 4925
186.78.57.210 - - [03/Mar/2016:12:12:21 -0300] "POST /cormun/servlet/solicitudot?gx-no-cache=1457018000747 HTTP/1.1" 200 2756
186.103.159.44 - - [03/Mar/2016:12:12:21 -0300] "POST /cormun/servlet/trsolicitudot?90407dd04215d27dd591a38f9863650e,gx-no-cache=1457017357053,gx-no-cache=1457017949719 HTTP/1.1" 200 4925
186.78.57.210 - - [03/Mar/2016:12:12:22 -0300] "POST /cormun/servlet/solicitudot?47b2748899f65881853b1d07e208b3a8,INS,0,0,,gx-no-cache=1457018001476 HTTP/1.1" 200 8370
186.103.159.44 - - [03/Mar/2016:12:12:22 -0300] "POST /cormun/servlet/trsolicitudot?90407dd04215d27dd591a38f9863650e,gx-no-cache=1457017357053,gx-no-cache=1457017950341 HTTP/1.1" 200 4925
186.78.57.210 - - [03/Mar/2016:12:12:22 -0300] "GET /cormun/servlet/solicitudot?6e39a9a0d1bc265ceaef7678f52d3ee789964820ea3ab3cf9918215b89e3bc9ddd9e96aa7d8ea484af62e47c500cb145,gx-no-cache=1457018002314 HTTP/1.1" 200 30
186.103.159.44 - - [03/Mar/2016:12:12:22 -0300] "POST /cormun/servlet/trsolicitudot?90407dd04215d27dd591a38f9863650e,gx-no-cache=1457017357053,gx-no-cache=1457017951043 HTTP/1.1" 200 4925
186.103.159.44 - - [03/Mar/2016:12:12:27 -0300] "POST /cormun/servlet/trsolicitudot?90407dd04215d27dd591a38f9863650e,gx-no-cache=1457017357053,gx-no-cache=1457017951878 HTTP/1.1" 200 3621
186.103.159.44 - - [03/Mar/2016:12:12:28 -0300] "POST /cormun/servlet/trsolicitudot?90407dd04215d27dd591a38f9863650e,gx-no-cache=1457017357053,gx-no-cache=1457017956699 HTTP/1.1" 200 3462
186.103.159.44 - - [03/Mar/2016:12:12:29 -0300] "GET /cormun/static/Shared/jqueryui/images/ui-icons_8d78a5_256x240.png HTTP/1.1" 404 1089
186.103.159.44 - - [03/Mar/2016:12:12:29 -0300] "GET /cormun/static/Shared/jqueryui/images/ui-bg_flat_55_fafafa_40x100.png HTTP/1.1" 404 1097
186.103.159.44 - - [03/Mar/2016:12:12:29 -0300] "GET /cormun/static/Shared/jqueryui/images/ui-icons_82798d_256x240.png HTTP/1.1" 404 1089
186.103.159.44 - - [03/Mar/2016:12:12:29 -0300] "GET /cormun/static/Shared/jqueryui/images/ui-bg_highlight-soft_100_c6c2c8_1x100.png HTTP/1.1" 404 1117
191.112.17.11 - - [03/Mar/2016:12:12:31 -0300] "POST /cormun/servlet/hlogin?fd2eb38c5e0da5acd22ef1f33e59120d,gx-no-cache=1457017976015 HTTP/1.1" 200 90
186.103.159.44 - - [03/Mar/2016:12:12:32 -0300] "GET /cormun/servlet/solicitudot?INS,0,0, HTTP/1.1" 200 11445
191.112.17.11 - - [03/Mar/2016:12:12:32 -0300] "GET /cormun/servlet/hpexe_link HTTP/1.1" 200 955
191.112.17.11 - - [03/Mar/2016:12:12:32 -0300] "GET /cormun/static/gxcfg.js?20151120044395 HTTP/1.1" 200 953
191.112.17.11 - - [03/Mar/2016:12:12:32 -0300] "GET /cormun/static/hpexe_link.js?20151120044398 HTTP/1.1" 200 625
191.112.17.11 - - [03/Mar/2016:12:12:32 -0300] "GET /cormun/servlet/hhome HTTP/1.1" 200 3364
191.112.17.11 - - [03/Mar/2016:12:12:32 -0300] "GET /cormun/static/SmoothNavMenu/resources/ddsmoothmenu.css?1112540 HTTP/1.1" 200 2223
191.112.17.11 - - [03/Mar/2016:12:12:32 -0300] "GET /cormun/static/SmoothNavMenu/resources/ddsmoothmenu-v.css?1112540 HTTP/1.1" 200 1188
191.112.17.11 - - [03/Mar/2016:12:12:32 -0300] "GET /cormun/static/Shared/jqueryui/jquery-ui.min.css?1345370 HTTP/1.1" 200 30288
191.112.17.11 - - [03/Mar/2016:12:12:32 -0300] "GET /cormun/static/scaMessage/css/jquery.pnotify.default.css?1816380 HTTP/1.1" 200 1707
191.112.17.11 - - [03/Mar/2016:12:12:32 -0300] "GET /cormun/static/gxcfg.js?2015112210564248 HTTP/1.1" 200 953
191.112.17.11 - - [03/Mar/2016:12:12:32 -0300] "GET /cormun/static/PXToolsJavascripts/pexe_autoreload.js HTTP/1.1" 200 1762
191.112.17.11 - - [03/Mar/2016:12:12:32 -0300] "GET /cormun/static/PXToolsJavascripts/pexe_cookies.js HTTP/1.1" 200 792
191.112.17.11 - - [03/Mar/2016:12:12:32 -0300] "GET /cormun/static/PXToolsJavascripts/pexe_windows.js HTTP/1.1" 200 15207
191.112.17.11 - - [03/Mar/2016:12:12:32 -0300] "GET /cormun/static/Resources/Spanish/PXTools.css?10515224 HTTP/1.1" 200 89042
191.112.17.11 - - [03/Mar/2016:12:12:32 -0300] "GET /cormun/static/PXToolsJavascripts/pexe_grid.js HTTP/1.1" 200 7559
191.112.17.11 - - [03/Mar/2016:12:12:32 -0300] "GET /cormun/static/PXToolsJavascripts/pexe_griddivfix.js HTTP/1.1" 200 6644
191.112.17.11 - - [03/Mar/2016:12:12:32 -0300] "GET /cormun/static/PXToolsJavascripts/pexe_link.js HTTP/1.1" 200 5671
191.112.17.11 - - [03/Mar/2016:12:12:32 -0300] "GET /cormun/static/PXToolsJavascripts/pexe_menudivfix.js HTTP/1.1" 200 333
191.112.17.11 - - [03/Mar/2016:12:12:32 -0300] "GET /cormun/static/PXToolsJavascripts/pexe_menus.js HTTP/1.1" 200 1286
191.112.17.11 - - [03/Mar/2016:12:12:32 -0300] "GET /cormun/static/PXToolsJavascripts/pexe_layers.js HTTP/1.1" 200 4114
191.112.17.11 - - [03/Mar/2016:12:12:32 -0300] "GET /cormun/static/PXToolsJavascripts/pexe_oav.js HTTP/1.1" 200 645
191.112.17.11 - - [03/Mar/2016:12:12:32 -0300] "GET /cormun/static/PXToolsJavascripts/pexe_oavdivfix.js HTTP/1.1" 200 639
191.112.17.11 - - [03/Mar/2016:12:12:32 -0300] "GET /cormun/static/PXToolsJavascripts/pexe_picture.js HTTP/1.1" 200 689
191.112.17.11 - - [03/Mar/2016:12:12:32 -0300] "GET /cormun/static/PXToolsJavascripts/pexe_popup.js HTTP/1.1" 200 13458
191.112.17.11 - - [03/Mar/2016:12:12:32 -0300] "GET /cormun/static/PXToolsJavascripts/pexe_scrolldiv.js HTTP/1.1" 200 4138
191.112.17.11 - - [03/Mar/2016:12:12:32 -0300] "GET /cormun/static/PXToolsJavascripts/pexe_tabdivfix.js HTTP/1.1" 200 876
191.112.17.11 - - [03/Mar/2016:12:12:32 -0300] "GET /cormun/static/PXToolsJavascripts/pexe_tabs.js HTTP/1.1" 200 3748
191.112.17.11 - - [03/Mar/2016:12:12:32 -0300] "GET /cormun/static/PXToolsJavascripts/pexe_upload.js HTTP/1.1" 200 1423
191.112.17.11 - - [03/Mar/2016:12:12:32 -0300] "GET /cormun/static/PXToolsJavascripts/PXToolsJavascriptsRender.js HTTP/1.1" 200 367
191.112.17.11 - - [03/Mar/2016:12:12:32 -0300] "GET /cormun/static/RunJS/RunJS.js HTTP/1.1" 200 288
191.112.17.11 - - [03/Mar/2016:12:12:33 -0300] "GET /cormun/static/Shared/ext/locale/ext-lang-en.js HTTP/1.1" 200 10940
191.112.17.11 - - [03/Mar/2016:12:12:33 -0300] "GET /cormun/static/hhome.js?2015112210564255 HTTP/1.1" 200 777
191.112.17.11 - - [03/Mar/2016:12:12:33 -0300] "GET /cormun/static/hwchdr01.js?20162241650484 HTTP/1.1" 200 1183
191.112.17.11 - - [03/Mar/2016:12:12:33 -0300] "GET /cormun/static/hpexe_recentlink.js?2015111312121342 HTTP/1.1" 200 2144
191.112.17.11 - - [03/Mar/2016:12:12:33 -0300] "GET /cormun/static/hpexe_scripts.js?20151120014546 HTTP/1.1" 200 1544
191.112.17.11 - - [03/Mar/2016:12:12:33 -0300] "GET /cormun/static/hpexe_messagecontroller.js?2015112210524422 HTTP/1.1" 200 870
191.112.17.11 - - [03/Mar/2016:12:12:33 -0300] "GET /cormun/static/hpexe_messagepopupcomponent.js?20163219454551 HTTP/1.1" 200 605
191.112.17.11 - - [03/Mar/2016:12:12:33 -0300] "GET /cormun/static/hpexe_messagegenexuscomponent.js?20151120014314 HTTP/1.1" 200 587
191.112.17.11 - - [03/Mar/2016:12:12:33 -0300] "GET /cormun/static/cmcontrolpreferences.js?20151120014525 HTTP/1.1" 200 1375
191.112.17.11 - - [03/Mar/2016:12:12:33 -0300] "GET /cormun/static/gxui/gxui-all.js HTTP/1.1" 200 107772
191.112.17.11 - - [03/Mar/2016:12:12:34 -0300] "GET /cormun/static/SmoothNavMenu/resources/ddsmoothmenu.js HTTP/1.1" 200 12712
191.112.17.11 - - [03/Mar/2016:12:12:34 -0300] "GET /cormun/static/SmoothNavMenu/resources/SmoothNavMenuRender.js HTTP/1.1" 200 5951
191.112.17.11 - - [03/Mar/2016:12:12:34 -0300] "GET /cormun/static/scaMessage/js/jquery.pnotify.min.js HTTP/1.1" 200 13038
191.112.17.11 - - [03/Mar/2016:12:12:34 -0300] "GET /cormun/static/Shared/jquery/jquery-1.4.2.min.js HTTP/1.1" 200 72174
191.112.17.11 - - [03/Mar/2016:12:12:34 -0300] "GET /cormun/static/scaMessage/scaMessageRender.js HTTP/1.1" 200 11977
191.112.17.11 - - [03/Mar/2016:12:12:34 -0300] "GET /cormun/static/hmpwkw03.js?2016311993330 HTTP/1.1" 200 3898
191.112.17.11 - - [03/Mar/2016:12:12:34 -0300] "GET /cormun/static/Resources/PXToolsFooterBackground2.png HTTP/1.1" 200 1172
191.112.17.11 - - [03/Mar/2016:12:12:35 -0300] "GET /cormun/static/Resources/PXToolsHeaderBackground2.png HTTP/1.1" 200 1174
191.112.17.11 - - [03/Mar/2016:12:12:35 -0300] "GET /cormun/static/Shared/jqueryui/jquery-ui.min.js HTTP/1.1" 200 240427
191.112.17.11 - - [03/Mar/2016:12:12:35 -0300] "GET /cormun/static/Resources/PXToolsDataTitle.png HTTP/1.1" 200 1173
191.112.17.11 - - [03/Mar/2016:12:12:35 -0300] "GET /cormun/static/Resources/PXToolsHeaderActionsBackground.png HTTP/1.1" 200 484
191.112.17.11 - - [03/Mar/2016:12:12:35 -0300] "GET /cormun/static/Resources/logo4.png HTTP/1.1" 200 6582
191.112.17.11 - - [03/Mar/2016:12:12:35 -0300] "GET /cormun/static/Resources/PXToolsHeaderSecurity.png HTTP/1.1" 200 4166
191.112.17.11 - - [03/Mar/2016:12:12:35 -0300] "GET /cormun/static/Resources/PXToolsHeaderPreferences.png HTTP/1.1" 200 4189
191.112.17.11 - - [03/Mar/2016:12:12:35 -0300] "GET /cormun/static/Resources/PXToolsHeaderActionsLeft.png HTTP/1.1" 200 1118
191.112.17.11 - - [03/Mar/2016:12:12:35 -0300] "GET /cormun/static/Resources/PXToolsHeaderLogin.png HTTP/1.1" 200 4279
191.112.17.11 - - [03/Mar/2016:12:12:35 -0300] "GET /cormun/static/Resources/PXToolsHeaderActionsRight.png HTTP/1.1" 200 1201
191.112.17.11 - - [03/Mar/2016:12:12:35 -0300] "GET /cormun/static/Resources/PXToolsHeaderHome.png HTTP/1.1" 200 4147
191.112.17.11 - - [03/Mar/2016:12:12:35 -0300] "GET /cormun/static/Shared/jquery/jquery-1.10.2.min.js HTTP/1.1" 200 273199
191.112.17.11 - - [03/Mar/2016:12:12:37 -0300] "GET /cormun/static/Shared/ext/ext-all.js HTTP/1.1" 200 1289687
191.112.17.11 - - [03/Mar/2016:12:12:38 -0300] "GET /cormun/servlet/hhome HTTP/1.1" 200 3360
191.112.17.11 - - [03/Mar/2016:12:12:38 -0300] "GET /cormun/static/SmoothNavMenu/resources/images/down.gif HTTP/1.1" 200 854
191.112.17.11 - - [03/Mar/2016:12:13:01 -0300] "GET /cormun/servlet/trsolicitudot? HTTP/1.1" 200 6124
191.112.17.11 - - [03/Mar/2016:12:13:01 -0300] "GET /cormun/static/gxui/gxui-all.css?120300 HTTP/1.1" 200 2179
191.112.17.11 - - [03/Mar/2016:12:13:01 -0300] "GET /cormun/static/calendar-system.css?85620 HTTP/1.1" 200 5572
191.112.17.11 - - [03/Mar/2016:12:13:01 -0300] "GET /cormun/static/gxcfg.js?201631185636 HTTP/1.1" 200 953
191.112.17.11 - - [03/Mar/2016:12:13:01 -0300] "GET /cormun/static/calendar-setup.js?85251 HTTP/1.1" 200 2588
191.112.17.11 - - [03/Mar/2016:12:13:01 -0300] "GET /cormun/static/calendar-es.js?85251 HTTP/1.1" 200 1901
191.112.17.11 - - [03/Mar/2016:12:13:01 -0300] "GET /cormun/static/calendar.js?85251 HTTP/1.1" 200 26246
191.112.17.11 - - [03/Mar/2016:12:13:01 -0300] "GET /cormun/static/Resources/PXTools/calendar.png HTTP/1.1" 200 1306
191.112.17.11 - - [03/Mar/2016:12:13:01 -0300] "GET /cormun/static/gxdec.js?85251 HTTP/1.1" 200 19579
191.112.17.11 - - [03/Mar/2016:12:13:02 -0300] "GET /cormun/static/Resources/PXToolsDataSearch.png HTTP/1.1" 200 419
191.112.17.11 - - [03/Mar/2016:12:13:02 -0300] "GET /cormun/static/Resources/PXToolsGridFirst.gif HTTP/1.1" 200 379
191.112.17.11 - - [03/Mar/2016:12:13:02 -0300] "GET /cormun/static/Resources/Spanish/PXTools.css?18502099 HTTP/1.1" 200 89042
191.112.17.11 - - [03/Mar/2016:12:13:02 -0300] "GET /cormun/static/Resources/PXToolsGridPrevious.gif HTTP/1.1" 200 369
191.112.17.11 - - [03/Mar/2016:12:13:02 -0300] "GET /cormun/static/trsolicitudot.js?2016311856838 HTTP/1.1" 200 45326
191.112.17.11 - - [03/Mar/2016:12:13:02 -0300] "GET /cormun/static/Resources/PXToolsGridNext.gif HTTP/1.1" 200 369
191.112.17.11 - - [03/Mar/2016:12:13:02 -0300] "GET /cormun/static/Resources/PXToolsGridLast.gif HTTP/1.1" 200 370
191.112.17.11 - - [03/Mar/2016:12:13:02 -0300] "GET /cormun/static/Resources/PXToolsActionExcel.png HTTP/1.1" 200 3187
191.112.17.11 - - [03/Mar/2016:12:13:02 -0300] "GET /cormun/static/Resources/PXToolsGridNew.png HTTP/1.1" 200 2949
191.112.17.11 - - [03/Mar/2016:12:13:03 -0300] "GET /cormun/static/Shared/ext/resources/css/ext-all.css?215870 HTTP/1.1" 200 416045
191.112.17.11 - - [03/Mar/2016:12:13:04 -0300] "GET /cormun/static/Resources/asc.gif HTTP/1.1" 200 67
191.112.17.11 - - [03/Mar/2016:12:13:04 -0300] "GET /cormun/static/Resources/desc.gif HTTP/1.1" 200 65
191.112.17.11 - - [03/Mar/2016:12:13:04 -0300] "GET /cormun/servlet/trsolicitudot? HTTP/1.1" 200 6124
191.112.17.11 - - [03/Mar/2016:12:13:04 -0300] "GET /cormun/static/Shared/ext/resources/themes/images/default/panel/bg-headersPanel.png HTTP/1.1" 200 255
191.112.17.11 - - [03/Mar/2016:12:13:04 -0300] "GET /cormun/static/Shared/ext/resources/themes/images/default/tools/tool-sprites.gif HTTP/1.1" 200 5434
191.112.17.11 - - [03/Mar/2016:12:13:13 -0300] "POST /cormun/servlet/trsolicitudot?fd2eb38c5e0da5acd22ef1f33e59120d,,gx-no-cache=1457018017323 HTTP/1.1" 200 3486
191.112.17.11 - - [03/Mar/2016:12:13:14 -0300] "POST /cormun/servlet/trsolicitudot?fd2eb38c5e0da5acd22ef1f33e59120d,,gx-no-cache=1457018018184 HTTP/1.1" 200 3486
191.112.17.11 - - [03/Mar/2016:12:13:14 -0300] "POST /cormun/servlet/trsolicitudot?fd2eb38c5e0da5acd22ef1f33e59120d,,gx-no-cache=1457018018533 HTTP/1.1" 200 3485
191.112.17.11 - - [03/Mar/2016:12:13:14 -0300] "POST /cormun/servlet/trsolicitudot?fd2eb38c5e0da5acd22ef1f33e59120d,,gx-no-cache=1457018018893 HTTP/1.1" 200 3485
186.103.159.44 - - [03/Mar/2016:12:13:16 -0300] "POST /cormun/servlet/solicitudot?gx-no-cache=1457018004332 HTTP/1.1" 200 2784
186.103.159.44 - - [03/Mar/2016:12:13:16 -0300] "POST /cormun/servlet/solicitudot?90407dd04215d27dd591a38f9863650e,INS,0,0,,gx-no-cache=1457018004510 HTTP/1.1" 200 8431
186.103.159.44 - - [03/Mar/2016:12:13:22 -0300] "GET /cormun/servlet/solicitudot?c4f1039a28ef4ff96a24962f861638dbc191d53824bf903c7357b47bb845d56adba5c8488579d0ae13062ef5c92daabb,gx-no-cache=1457018010203 HTTP/1.1" 200 30
186.103.159.44 - - [03/Mar/2016:12:13:22 -0300] "POST /cormun/servlet/solicitudot?gx-no-cache=1457018010266 HTTP/1.1" 200 30
186.103.159.44 - - [03/Mar/2016:12:13:24 -0300] "POST /cormun/servlet/solicitudot?gx-no-cache=1457018012239 HTTP/1.1" 200 30
186.103.159.44 - - [03/Mar/2016:12:13:25 -0300] "POST /cormun/servlet/solicitudot?gx-no-cache=1457018013675 HTTP/1.1" 200 452
186.103.159.44 - - [03/Mar/2016:12:13:25 -0300] "GET /cormun/servlet/solicitudot?c4f1039a28ef4ff96a24962f861638db260cef07f434730b06a8f8e4c305b88ef9fed22ca2aaebce0521aeb5a7a656a0899bc08ba1257b9b19b3b1a0e9a4e00229c6388c815c2ef0af1bf00d07202f7ea500beff99d99210b9e16efba25047ef107f659eb19807bdb769f6dac077f01d78b32fa56535c28938d8c590506966f41b3245cd154f8f7f32c37b4472959fc5,gx-no-cache=1457018013760 HTTP/1.1" 200 38
191.112.78.213 - - [03/Mar/2016:12:13:28 -0300] "GET /cormun/servlet/solicitudotadjuntos?5dc64e72aa6460987ed563b8bb772a1eb7d76dcf35d15f6dca7db02f4044a319,gx-no-cache=1457018033230 HTTP/1.1" 200 30
191.112.78.213 - - [03/Mar/2016:12:13:28 -0300] "GET /cormun/servlet/solicitudotadjuntos?5dc64e72aa6460987ed563b8bb772a1eb7d76dcf35d15f6dca7db02f4044a319,gx-no-cache=1457018033385 HTTP/1.1" 200 30
191.112.78.213 - - [03/Mar/2016:12:13:30 -0300] "POST /cormun/servlet/solicitudotadjuntos?78a791391b8286a9b26165191b25347f,INS,2016,465,,1, HTTP/1.1" 200 116
191.112.78.213 - - [03/Mar/2016:12:13:30 -0300] "GET /cormun/servlet/hpexe_return? HTTP/1.1" 200 1028
191.112.78.213 - - [03/Mar/2016:12:13:31 -0300] "GET /cormun/servlet/trsolicitudadjuntos?2016,465, HTTP/1.1" 200 7646
191.112.78.213 - - [03/Mar/2016:12:13:34 -0300] "GET /cormun/servlet/trsolicitudadjuntos?2016,465, HTTP/1.1" 200 7641
186.103.159.44 - - [03/Mar/2016:12:13:35 -0300] "GET /cormun/servlet/solicitudot?c4f1039a28ef4ff96a24962f861638dbd4a6f2890e32b0e36feb5e631a19e7b4fa46b03466de0e6c9c7f925b7c5cb72257d6939ad2327b7d8c4ec03ec148c1fc72f552a90b120733b0b9f0c45dbef870a64ab296d68dbe01798ca3fd908590331563ec08f0dfa05e319623522baab28c3143c9f4da691d13354ca776711c2ab11b187d81ad56bc53ab274167d11b37da8ed3640afaaa7c74b8afc6507907d130,gx-no-cache=1457018023173 HTTP/1.1" 200 29
186.103.159.44 - - [03/Mar/2016:12:13:35 -0300] "POST /cormun/servlet/solicitudot?gx-no-cache=1457018023224 HTTP/1.1" 200 404
191.112.78.213 - - [03/Mar/2016:12:13:37 -0300] "GET /cormun/servlet/solicitudotadjuntos?INS,2016,465,,1, HTTP/1.1" 200 5474
191.112.78.213 - - [03/Mar/2016:12:13:37 -0300] "GET /cormun/static/about:blank HTTP/1.1" 404 1011
191.112.78.213 - - [03/Mar/2016:12:13:39 -0300] "GET /cormun/servlet/solicitudotadjuntos?INS,2016,465,,1, HTTP/1.1" 200 5468
191.112.78.213 - - [03/Mar/2016:12:13:40 -0300] "GET /cormun/servlet/solicitudotadjuntos?5dc64e72aa6460987ed563b8bb772a1ece18c4513963a906f7eaebea24f6ac0ccc79a545b9cadcb53d627544da7dec2e,gx-no-cache=1457018045432 HTTP/1.1" 200 30
191.112.78.213 - - [03/Mar/2016:12:13:40 -0300] "POST /cormun/servlet/solicitudotadjuntos?78a791391b8286a9b26165191b25347f,INS,2016,465,,1,,gx-no-cache=1457018045567 HTTP/1.1" 200 3376
186.103.159.44 - - [03/Mar/2016:12:13:56 -0300] "GET /cormun/servlet/solicitudot?c4f1039a28ef4ff96a24962f861638db78234deefe64ec5c2a019f633e83121ac3899632464b1dbd30823772065ba86526e7d1aafff8f2ffdfe7d6eeadeb297f52e7186e4763bcb8216e64ed73347d15870706c37d6a004a045f0d5fa5f1f0f17fc2b953d67553e429e2b2affd0ee0eb52f5662db976319f4dd0e7d6e6c9260dbf125dd983bc3fd612111404d86bfe6bf1136ae98fdfc658eb00276fa1924ac45a9b1a15193ee95cadb5a86eb804a1f5,gx-no-cache=1457018044424 HTTP/1.1" 200 30
186.103.159.44 - - [03/Mar/2016:12:14:03 -0300] "POST /cormun/servlet/solicitudot?90407dd04215d27dd591a38f9863650e,INS,0,0,,gx-no-cache=1457018051555 HTTP/1.1" 200 93
186.103.159.44 - - [03/Mar/2016:12:14:03 -0300] "GET /cormun/servlet/hpexe_return? HTTP/1.1" 200 1030
186.103.159.44 - - [03/Mar/2016:12:14:04 -0300] "GET /cormun/servlet/trsolicitudot?gx-no-cache=1457017357053 HTTP/1.1" 200 7489
186.78.57.210 - - [03/Mar/2016:12:14:06 -0300] "POST /cormun/servlet/solicitudot?gx-no-cache=1457018105715 HTTP/1.1" 200 30
186.103.159.44 - - [03/Mar/2016:12:14:08 -0300] "POST /cormun/servlet/trsolicitudot?90407dd04215d27dd591a38f9863650e,gx-no-cache=1457017357053,gx-no-cache=1457018056001 HTTP/1.1" 200 4926
186.103.159.44 - - [03/Mar/2016:12:14:08 -0300] "POST /cormun/servlet/trsolicitudot?90407dd04215d27dd591a38f9863650e,gx-no-cache=1457017357053,gx-no-cache=1457018056409 HTTP/1.1" 200 4926
186.103.159.44 - - [03/Mar/2016:12:14:08 -0300] "POST /cormun/servlet/trsolicitudot?90407dd04215d27dd591a38f9863650e,gx-no-cache=1457017357053,gx-no-cache=1457018056814 HTTP/1.1" 200 4926
186.78.57.210 - - [03/Mar/2016:12:14:09 -0300] "POST /cormun/servlet/solicitudot?gx-no-cache=1457018108670 HTTP/1.1" 200 30
186.103.159.44 - - [03/Mar/2016:12:14:09 -0300] "POST /cormun/servlet/trsolicitudot?90407dd04215d27dd591a38f9863650e,gx-no-cache=1457017357053,gx-no-cache=1457018057297 HTTP/1.1" 200 4926
186.103.159.44 - - [03/Mar/2016:12:14:10 -0300] "POST /cormun/servlet/trsolicitudot?90407dd04215d27dd591a38f9863650e,gx-no-cache=1457017357053,gx-no-cache=1457018057900 HTTP/1.1" 200 4926
186.103.159.44 - - [03/Mar/2016:12:14:10 -0300] "POST /cormun/servlet/trsolicitudot?90407dd04215d27dd591a38f9863650e,gx-no-cache=1457017357053,gx-no-cache=1457018058941 HTTP/1.1" 200 4926
186.103.159.44 - - [03/Mar/2016:12:14:11 -0300] "POST /cormun/servlet/trsolicitudot?90407dd04215d27dd591a38f9863650e,gx-no-cache=1457017357053,gx-no-cache=1457018059656 HTTP/1.1" 200 4926
186.103.159.44 - - [03/Mar/2016:12:14:16 -0300] "POST /cormun/servlet/trsolicitudot?90407dd04215d27dd591a38f9863650e,gx-no-cache=1457017357053,gx-no-cache=1457018060511 HTTP/1.1" 200 106
186.103.159.44 - - [03/Mar/2016:12:14:16 -0300] "GET /cormun/servlet/trsolicitudadjuntos?2016,499, HTTP/1.1" 200 5376
186.78.57.210 - - [03/Mar/2016:12:14:18 -0300] "GET /cormun/servlet/trsolicitudot? HTTP/1.1" 200 6194
186.78.57.210 - - [03/Mar/2016:12:14:19 -0300] "GET /cormun/servlet/trsolicitudot? HTTP/1.1" 200 6194
186.103.159.44 - - [03/Mar/2016:12:14:23 -0300] "GET /cormun/servlet/solicitudotadjuntos?INS,2016,499,,1, HTTP/1.1" 200 5441
186.103.159.44 - - [03/Mar/2016:12:14:24 -0300] "HEAD /cormun/static/about:blank HTTP/1.1" 404 -
186.103.159.44 - - [03/Mar/2016:12:14:25 -0300] "GET /cormun/servlet/solicitudotadjuntos?c4f1039a28ef4ff96a24962f861638db1d07d7b5b266507289d32c55450836ebc26a155f97a671629f57f3d6ad120663,gx-no-cache=1457018073534 HTTP/1.1" 200 30
186.103.159.44 - - [03/Mar/2016:12:14:25 -0300] "POST /cormun/servlet/solicitudotadjuntos?90407dd04215d27dd591a38f9863650e,INS,2016,499,,1,,gx-no-cache=1457018073595 HTTP/1.1" 200 3357
186.78.57.210 - - [03/Mar/2016:12:14:26 -0300] "GET /cormun/servlet/solicitudot?INS,0,0, HTTP/1.1" 200 11422
186.78.57.210 - - [03/Mar/2016:12:14:27 -0300] "GET /cormun/servlet/solicitudot?INS,0,0, HTTP/1.1" 200 11427
186.103.159.44 - - [03/Mar/2016:12:14:29 -0300] "POST /cormun/servlet/solicitudotadjuntos?gx-no-cache=1457018077135 HTTP/1.1" 200 26
186.78.57.210 - - [03/Mar/2016:12:14:29 -0300] "GET /cormun/servlet/prfichaempleado?,MD,,gxPopupLevel%3D0%3B HTTP/1.1" 200 7902
186.78.57.210 - - [03/Mar/2016:12:14:29 -0300] "GET /cormun/static/scaMessage/css/jquery-ui.css?104140 HTTP/1.1" 404 1045
186.78.57.210 - - [03/Mar/2016:12:14:32 -0300] "GET /cormun/servlet/prfichaempleado?5a49bdae2c68333ab4144f9181a5167aad12d461167c5b6618d998baa1e30520cc06f4f2360a0902f82b0287cb5d7dea9d62b9eaaba74a3b5f843e4e9fd06d4e,gx-no-cache=1457018132421 HTTP/1.1" 200 461
186.78.57.210 - - [03/Mar/2016:12:14:33 -0300] "GET /cormun/servlet/prfichaempleado?5a49bdae2c68333ab4144f9181a5167a3455e1e385f898f79c78aac5401b1d256f4d0b70506c8ff09a4f9c456b80d0ac2397138574fe3d4393d2de1f33603638,gx-no-cache=1457018133319 HTTP/1.1" 200 467
186.78.57.210 - - [03/Mar/2016:12:14:34 -0300] "GET /cormun/servlet/prfichaempleado?5a49bdae2c68333ab4144f9181a5167ab25952102cb74942ba819b745fa79fa66867068ab4a299d3116a9605f244a80f8498eb87bd9801de6698e944d436bacc,gx-no-cache=1457018133882 HTTP/1.1" 200 467
186.103.159.44 - - [03/Mar/2016:12:14:35 -0300] "GET /cormun/servlet/solicitudotadjuntos?c4f1039a28ef4ff96a24962f861638db6ec3d3b0b73b9e8b1d0360ddaa0ed37f,gx-no-cache=1457018083335 HTTP/1.1" 200 30
186.103.159.44 - - [03/Mar/2016:12:14:35 -0300] "GET /cormun/servlet/solicitudotadjuntos?c4f1039a28ef4ff96a24962f861638db6ec3d3b0b73b9e8b1d0360ddaa0ed37f,gx-no-cache=1457018083368 HTTP/1.1" 200 30
186.103.159.44 - - [03/Mar/2016:12:14:35 -0300] "POST /cormun/servlet/solicitudotadjuntos?90407dd04215d27dd591a38f9863650e,INS,2016,499,,1, HTTP/1.1" 200 116
186.103.159.44 - - [03/Mar/2016:12:14:35 -0300] "GET /cormun/servlet/hpexe_return? HTTP/1.1" 200 1028
186.78.57.210 - - [03/Mar/2016:12:14:35 -0300] "GET /cormun/servlet/prfichaempleado?5a49bdae2c68333ab4144f9181a5167a0b3e4dd28d915ccc2092e9da98614a9ae817d797fb8121f5d186893d51ebacc8e9ce1149c990209b5bab3b6976d41586,gx-no-cache=1457018134666 HTTP/1.1" 200 468
186.103.159.44 - - [03/Mar/2016:12:14:35 -0300] "GET /cormun/servlet/trsolicitudadjuntos?2016,499, HTTP/1.1" 200 7277
186.78.57.210 - - [03/Mar/2016:12:14:37 -0300] "POST /cormun/servlet/prfichaempleado?47b2748899f65881853b1d07e208b3a8,,MD,,gxPopupLevel%3D0%3B,gx-no-cache=1457018136567 HTTP/1.1" 200 2875
186.78.57.210 - - [03/Mar/2016:12:14:40 -0300] "POST /cormun/servlet/solicitudot?gx-no-cache=1457018139862 HTTP/1.1" 200 2756
186.103.159.44 - - [03/Mar/2016:12:14:40 -0300] "GET /cormun/servlet/solicitudotadjuntos?INS,2016,499,,1, HTTP/1.1" 200 5441
186.78.57.210 - - [03/Mar/2016:12:14:40 -0300] "POST /cormun/servlet/solicitudot?47b2748899f65881853b1d07e208b3a8,INS,0,0,,gx-no-cache=1457018140246 HTTP/1.1" 200 8370
186.103.159.44 - - [03/Mar/2016:12:14:40 -0300] "HEAD /cormun/static/about:blank HTTP/1.1" 404 -
186.78.57.210 - - [03/Mar/2016:12:14:41 -0300] "GET /cormun/servlet/solicitudot?6e39a9a0d1bc265ceaef7678f52d3ee789964820ea3ab3cf9918215b89e3bc9ddd9e96aa7d8ea484af62e47c500cb145,gx-no-cache=1457018140652 HTTP/1.1" 200 30
186.103.159.44 - - [03/Mar/2016:12:14:42 -0300] "GET /cormun/servlet/solicitudotadjuntos?c4f1039a28ef4ff96a24962f861638db1d07d7b5b266507289d32c55450836ebc26a155f97a671629f57f3d6ad120663,gx-no-cache=1457018090418 HTTP/1.1" 200 30
186.103.159.44 - - [03/Mar/2016:12:14:42 -0300] "POST /cormun/servlet/solicitudotadjuntos?90407dd04215d27dd591a38f9863650e,INS,2016,499,,1,,gx-no-cache=1457018090456 HTTP/1.1" 200 3357
186.103.159.44 - - [03/Mar/2016:12:14:45 -0300] "POST /cormun/servlet/solicitudotadjuntos?gx-no-cache=1457018093417 HTTP/1.1" 200 26
186.103.159.44 - - [03/Mar/2016:12:14:51 -0300] "GET /cormun/servlet/solicitudotadjuntos?c4f1039a28ef4ff96a24962f861638db6ec3d3b0b73b9e8b1d0360ddaa0ed37f,gx-no-cache=1457018099962 HTTP/1.1" 200 30
186.103.159.44 - - [03/Mar/2016:12:14:51 -0300] "GET /cormun/servlet/solicitudotadjuntos?c4f1039a28ef4ff96a24962f861638db6ec3d3b0b73b9e8b1d0360ddaa0ed37f,gx-no-cache=1457018099995 HTTP/1.1" 200 30
186.103.159.44 - - [03/Mar/2016:12:14:52 -0300] "POST /cormun/servlet/solicitudotadjuntos?90407dd04215d27dd591a38f9863650e,INS,2016,499,,1, HTTP/1.1" 200 116
186.103.159.44 - - [03/Mar/2016:12:14:52 -0300] "GET /cormun/servlet/hpexe_return? HTTP/1.1" 200 1028
186.103.159.44 - - [03/Mar/2016:12:14:52 -0300] "GET /cormun/servlet/trsolicitudadjuntos?2016,499, HTTP/1.1" 200 7428
186.103.159.44 - - [03/Mar/2016:12:14:55 -0300] "GET /cormun/servlet/solicitudotadjuntos?INS,2016,499,,1, HTTP/1.1" 200 5441
186.103.159.44 - - [03/Mar/2016:12:14:56 -0300] "HEAD /cormun/static/about:blank HTTP/1.1" 404 -
186.103.159.44 - - [03/Mar/2016:12:14:57 -0300] "GET /cormun/servlet/solicitudotadjuntos?c4f1039a28ef4ff96a24962f861638db1d07d7b5b266507289d32c55450836ebc26a155f97a671629f57f3d6ad120663,gx-no-cache=1457018105552 HTTP/1.1" 200 30
186.103.159.44 - - [03/Mar/2016:12:14:57 -0300] "POST /cormun/servlet/solicitudotadjuntos?90407dd04215d27dd591a38f9863650e,INS,2016,499,,1,,gx-no-cache=1457018105589 HTTP/1.1" 200 3357
186.103.159.44 - - [03/Mar/2016:12:15:00 -0300] "POST /cormun/servlet/solicitudotadjuntos?gx-no-cache=1457018108512 HTTP/1.1" 200 26
186.103.159.44 - - [03/Mar/2016:12:15:05 -0300] "GET /cormun/servlet/solicitudotadjuntos?c4f1039a28ef4ff96a24962f861638db6ec3d3b0b73b9e8b1d0360ddaa0ed37f,gx-no-cache=1457018114104 HTTP/1.1" 200 30
186.103.159.44 - - [03/Mar/2016:12:15:06 -0300] "GET /cormun/servlet/solicitudotadjuntos?c4f1039a28ef4ff96a24962f861638db6ec3d3b0b73b9e8b1d0360ddaa0ed37f,gx-no-cache=1457018114147 HTTP/1.1" 200 30
186.103.159.44 - - [03/Mar/2016:12:15:06 -0300] "POST /cormun/servlet/solicitudotadjuntos?90407dd04215d27dd591a38f9863650e,INS,2016,499,,1, HTTP/1.1" 200 116
186.103.159.44 - - [03/Mar/2016:12:15:06 -0300] "GET /cormun/servlet/hpexe_return? HTTP/1.1" 200 1028
186.103.159.44 - - [03/Mar/2016:12:15:06 -0300] "GET /cormun/servlet/trsolicitudadjuntos?2016,499, HTTP/1.1" 200 7589
186.78.57.210 - - [03/Mar/2016:12:15:07 -0300] "POST /cormun/servlet/solicitudot?gx-no-cache=1457018167333 HTTP/1.1" 200 30
186.78.57.210 - - [03/Mar/2016:12:15:09 -0300] "POST /cormun/servlet/solicitudot?gx-no-cache=1457018169319 HTTP/1.1" 200 30
186.78.57.210 - - [03/Mar/2016:12:15:11 -0300] "POST /cormun/servlet/solicitudot?gx-no-cache=1457018171082 HTTP/1.1" 200 452
186.78.57.210 - - [03/Mar/2016:12:15:11 -0300] "GET /cormun/servlet/solicitudot?6e39a9a0d1bc265ceaef7678f52d3ee73b42368082a26ed9f40176c1090a5dddefcc89cf04a7367b20aa0b15d0cf6d5cdd9bb71e5e34df6f44f03dc274bd650ccce8037730835b4e1fdd495fedd66039a22a0e058346304f2d6963602213d89e0cd63fdd396f3960549a642d5f3fcff4c788d90daf63e2a97475704b8c446bca96c2ca1fe29d013f13e3bc74be01c2b9,gx-no-cache=1457018171269 HTTP/1.1" 200 38
186.103.159.44 - - [03/Mar/2016:12:15:11 -0300] "GET /cormun/servlet/solicitudotadjuntos?INS,2016,499,,1, HTTP/1.1" 200 5441
186.103.159.44 - - [03/Mar/2016:12:15:12 -0300] "HEAD /cormun/static/about:blank HTTP/1.1" 404 -
186.103.159.44 - - [03/Mar/2016:12:15:13 -0300] "GET /cormun/servlet/solicitudotadjuntos?c4f1039a28ef4ff96a24962f861638db1d07d7b5b266507289d32c55450836ebc26a155f97a671629f57f3d6ad120663,gx-no-cache=1457018121696 HTTP/1.1" 200 30
186.103.159.44 - - [03/Mar/2016:12:15:13 -0300] "POST /cormun/servlet/solicitudotadjuntos?90407dd04215d27dd591a38f9863650e,INS,2016,499,,1,,gx-no-cache=1457018121735 HTTP/1.1" 200 3356
186.78.57.210 - - [03/Mar/2016:12:15:15 -0300] "GET /cormun/servlet/solicitudot?6e39a9a0d1bc265ceaef7678f52d3ee760e6ddc2d33d5a9f4849f6e5f2ec557a57926716032d05535c6c9a99fdb06159c37cad2572351a3b687a5ebf2669e662146d4ef7a3ba2f544a569bd405aed887385e9d8292df8c5caa0b7ad1b460a0692728fccf829fc0cfb1daff54a318bef7fde91b14049e73553d8978b4281c6e11e3e7f7cddd2a4f24abc65b9162edad9fb3f1761fedace1a1045ad6670cc4a0af,gx-no-cache=1457018175438 HTTP/1.1" 200 29
186.78.57.210 - - [03/Mar/2016:12:15:16 -0300] "POST /cormun/servlet/solicitudot?gx-no-cache=1457018176429 HTTP/1.1" 200 1116
186.103.159.44 - - [03/Mar/2016:12:15:16 -0300] "POST /cormun/servlet/solicitudotadjuntos?gx-no-cache=1457018125030 HTTP/1.1" 200 26
186.78.57.210 - - [03/Mar/2016:12:15:25 -0300] "GET /cormun/static/menuarrow.gif HTTP/1.1" 404 1015
186.103.159.44 - - [03/Mar/2016:12:15:35 -0300] "GET /cormun/servlet/solicitudotadjuntos?c4f1039a28ef4ff96a24962f861638db6ec3d3b0b73b9e8b1d0360ddaa0ed37f,gx-no-cache=1457018143951 HTTP/1.1" 200 30
186.103.159.44 - - [03/Mar/2016:12:15:35 -0300] "GET /cormun/servlet/solicitudotadjuntos?c4f1039a28ef4ff96a24962f861638db6ec3d3b0b73b9e8b1d0360ddaa0ed37f,gx-no-cache=1457018143987 HTTP/1.1" 200 30
186.103.159.44 - - [03/Mar/2016:12:15:36 -0300] "POST /cormun/servlet/solicitudotadjuntos?90407dd04215d27dd591a38f9863650e,INS,2016,499,,1, HTTP/1.1" 200 116
186.103.159.44 - - [03/Mar/2016:12:15:36 -0300] "GET /cormun/servlet/hpexe_return? HTTP/1.1" 200 1028
186.103.159.44 - - [03/Mar/2016:12:15:36 -0300] "GET /cormun/servlet/trsolicitudadjuntos?2016,499, HTTP/1.1" 200 7714
186.78.57.210 - - [03/Mar/2016:12:15:39 -0300] "GET /cormun/servlet/solicitudot?6e39a9a0d1bc265ceaef7678f52d3ee7fc6f6e2d31df244607d342ec6b336824fca7c2bd60f6c52f8edfd545e4b2bea2b12cefeb85c121336ca26571b1a11a8f197898cd665fb4dd4f0ec214789a202e413ab53818e1945ccb9fdfecf59007d3a6b030301367140c9ef7cf5dec91b7752802bcc69b37011aed529050ffe7687e556976f1633dfeb6dd8dbd24b114b7fc8c94c031966bb4feb62720c34cd051a8587be19ec5aba2b1734a330d04442ecc,gx-no-cache=1457018198728 HTTP/1.1" 200 30
186.78.57.210 - - [03/Mar/2016:12:15:50 -0300] "POST /cormun/servlet/solicitudot?47b2748899f65881853b1d07e208b3a8,INS,0,0,,gx-no-cache=1457018209945 HTTP/1.1" 200 93
186.78.57.210 - - [03/Mar/2016:12:15:50 -0300] "GET /cormun/servlet/hpexe_return? HTTP/1.1" 200 1008
186.78.57.210 - - [03/Mar/2016:12:15:51 -0300] "GET /cormun/servlet/trsolicitudot HTTP/1.1" 200 7506
186.78.57.210 - - [03/Mar/2016:12:15:51 -0300] "GET /cormun/servlet/trsolicitudot HTTP/1.1" 200 7503
186.78.57.210 - - [03/Mar/2016:12:15:54 -0300] "GET /cormun/servlet/solicitudot?INS,0,0, HTTP/1.1" 200 11423
186.78.57.210 - - [03/Mar/2016:12:15:55 -0300] "GET /cormun/servlet/solicitudot?INS,0,0, HTTP/1.1" 200 11428
186.103.159.44 - - [03/Mar/2016:12:15:56 -0300] "GET /cormun/servlet/solicitudotadjuntos?INS,2016,499,,1, HTTP/1.1" 200 5441
186.103.159.44 - - [03/Mar/2016:12:15:57 -0300] "HEAD /cormun/static/about:blank HTTP/1.1" 404 -
186.103.159.44 - - [03/Mar/2016:12:15:58 -0300] "GET /cormun/servlet/solicitudotadjuntos?c4f1039a28ef4ff96a24962f861638db1d07d7b5b266507289d32c55450836ebc26a155f97a671629f57f3d6ad120663,gx-no-cache=1457018166450 HTTP/1.1" 200 30
186.103.159.44 - - [03/Mar/2016:12:15:58 -0300] "POST /cormun/servlet/solicitudotadjuntos?90407dd04215d27dd591a38f9863650e,INS,2016,499,,1,,gx-no-cache=1457018166487 HTTP/1.1" 200 3356
186.103.159.44 - - [03/Mar/2016:12:16:01 -0300] "POST /cormun/servlet/solicitudotadjuntos?gx-no-cache=1457018169502 HTTP/1.1" 200 26
186.103.159.44 - - [03/Mar/2016:12:16:07 -0300] "GET /cormun/servlet/solicitudotadjuntos?c4f1039a28ef4ff96a24962f861638db6ec3d3b0b73b9e8b1d0360ddaa0ed37f,gx-no-cache=1457018175647 HTTP/1.1" 200 30
186.103.159.44 - - [03/Mar/2016:12:16:07 -0300] "GET /cormun/servlet/solicitudotadjuntos?c4f1039a28ef4ff96a24962f861638db6ec3d3b0b73b9e8b1d0360ddaa0ed37f,gx-no-cache=1457018175681 HTTP/1.1" 200 30
186.103.159.44 - - [03/Mar/2016:12:16:07 -0300] "POST /cormun/servlet/solicitudotadjuntos?90407dd04215d27dd591a38f9863650e,INS,2016,499,,1, HTTP/1.1" 200 116
186.103.159.44 - - [03/Mar/2016:12:16:07 -0300] "GET /cormun/servlet/hpexe_return? HTTP/1.1" 200 1028
186.103.159.44 - - [03/Mar/2016:12:16:08 -0300] "GET /cormun/servlet/trsolicitudadjuntos?2016,499, HTTP/1.1" 200 7855
186.103.159.44 - - [03/Mar/2016:12:16:11 -0300] "GET /cormun/servlet/solicitudotadjuntos?INS,2016,499,,1, HTTP/1.1" 200 5441
186.103.159.44 - - [03/Mar/2016:12:16:12 -0300] "HEAD /cormun/static/about:blank HTTP/1.1" 404 -
186.103.159.44 - - [03/Mar/2016:12:16:13 -0300] "GET /cormun/servlet/solicitudotadjuntos?c4f1039a28ef4ff96a24962f861638db1d07d7b5b266507289d32c55450836ebc26a155f97a671629f57f3d6ad120663,gx-no-cache=1457018181695 HTTP/1.1" 200 30
186.103.159.44 - - [03/Mar/2016:12:16:13 -0300] "POST /cormun/servlet/solicitudotadjuntos?90407dd04215d27dd591a38f9863650e,INS,2016,499,,1,,gx-no-cache=1457018181732 HTTP/1.1" 200 3357
186.103.159.44 - - [03/Mar/2016:12:16:15 -0300] "POST /cormun/servlet/solicitudotadjuntos?gx-no-cache=1457018184013 HTTP/1.1" 200 26
186.103.159.44 - - [03/Mar/2016:12:16:23 -0300] "GET /cormun/servlet/solicitudotadjuntos?c4f1039a28ef4ff96a24962f861638db6ec3d3b0b73b9e8b1d0360ddaa0ed37f,gx-no-cache=1457018191135 HTTP/1.1" 200 30
186.103.159.44 - - [03/Mar/2016:12:16:23 -0300] "GET /cormun/servlet/solicitudotadjuntos?c4f1039a28ef4ff96a24962f861638db6ec3d3b0b73b9e8b1d0360ddaa0ed37f,gx-no-cache=1457018191168 HTTP/1.1" 200 30
186.103.159.44 - - [03/Mar/2016:12:16:26 -0300] "POST /cormun/servlet/solicitudotadjuntos?90407dd04215d27dd591a38f9863650e,INS,2016,499,,1, HTTP/1.1" 200 116
186.103.159.44 - - [03/Mar/2016:12:16:26 -0300] "GET /cormun/servlet/hpexe_return? HTTP/1.1" 200 1028
186.103.159.44 - - [03/Mar/2016:12:16:27 -0300] "GET /cormun/servlet/trsolicitudadjuntos?2016,499, HTTP/1.1" 200 7972
191.112.78.213 - - [03/Mar/2016:12:16:32 -0300] "POST /cormun/servlet/solicitudotadjuntos?gx-no-cache=1457018218071 HTTP/1.1" 200 26
191.112.17.11 - - [03/Mar/2016:12:16:33 -0300] "GET /cormun/servlet/hlogin HTTP/1.1" 200 1726
191.112.17.11 - - [03/Mar/2016:12:16:33 -0300] "GET /cormun/static/gxtimezone.js?85251 HTTP/1.1" 200 5781
191.112.17.11 - - [03/Mar/2016:12:16:33 -0300] "GET /cormun/static/gxcfg.js?20151120045111 HTTP/1.1" 200 953
191.112.17.11 - - [03/Mar/2016:12:16:33 -0300] "GET /cormun/static/Resources/Spanish/PXTools.css?005343 HTTP/1.1" 200 89042
191.112.17.11 - - [03/Mar/2016:12:16:33 -0300] "GET /cormun/static/messages.spa.js?85251 HTTP/1.1" 200 30736
191.112.17.11 - - [03/Mar/2016:12:16:34 -0300] "GET /cormun/static/hlogin.js?20151120045126 HTTP/1.1" 200 2136
191.112.17.11 - - [03/Mar/2016:12:16:34 -0300] "GET /cormun/static/Resources/ComunLogin.png HTTP/1.1" 200 17326
191.112.17.11 - - [03/Mar/2016:12:16:34 -0300] "GET /cormun/static/gxgral.js?85251 HTTP/1.1" 200 384558
191.112.17.11 - - [03/Mar/2016:12:16:34 -0300] "GET /cormun/static/Resources/PXToolsLoginTop.png HTTP/1.1" 200 1337
191.112.17.11 - - [03/Mar/2016:12:16:34 -0300] "GET /cormun/static/Resources/PXToolsLoginBackground.png HTTP/1.1" 200 1164
191.112.17.11 - - [03/Mar/2016:12:16:34 -0300] "GET /cormun/static/Resources/PXToolsButtonLeft21.png HTTP/1.1" 200 1287
191.112.17.11 - - [03/Mar/2016:12:16:34 -0300] "GET /cormun/static/Resources/PXToolsButtonRight21.png HTTP/1.1" 200 1283
191.112.17.11 - - [03/Mar/2016:12:16:34 -0300] "GET /cormun/static/Resources/indicator.gif HTTP/1.1" 200 1553
191.112.17.11 - - [03/Mar/2016:12:16:34 -0300] "GET /cormun/servlet/hlogin HTTP/1.1" 200 1732
191.112.17.11 - - [03/Mar/2016:12:16:34 -0300] "GET /cormun/static/Resources/PXToolsButtonBackground2.png HTTP/1.1" 200 1181
191.112.17.11 - - [03/Mar/2016:12:16:34 -0300] "GET /cormun/static/Resources/PXToolsLoginBottom.png HTTP/1.1" 200 1389
191.112.17.11 - - [03/Mar/2016:12:16:34 -0300] "GET /cormun/static/Resources/PXToolsLoginBottom.png HTTP/1.1" 200 1389
191.112.17.11 - - [03/Mar/2016:12:16:35 -0300] "GET /favicon.ico HTTP/1.1" 200 21630
191.112.78.213 - - [03/Mar/2016:12:16:40 -0300] "GET /cormun/servlet/solicitudotadjuntos?5dc64e72aa6460987ed563b8bb772a1eb7d76dcf35d15f6dca7db02f4044a319,gx-no-cache=1457018226230 HTTP/1.1" 200 30
191.112.78.213 - - [03/Mar/2016:12:16:41 -0300] "GET /cormun/servlet/solicitudotadjuntos?5dc64e72aa6460987ed563b8bb772a1eb7d76dcf35d15f6dca7db02f4044a319,gx-no-cache=1457018226325 HTTP/1.1" 200 30
191.112.78.213 - - [03/Mar/2016:12:16:42 -0300] "POST /cormun/servlet/solicitudotadjuntos?78a791391b8286a9b26165191b25347f,INS,2016,465,,1, HTTP/1.1" 200 116
191.112.78.213 - - [03/Mar/2016:12:16:42 -0300] "GET /cormun/servlet/hpexe_return? HTTP/1.1" 200 1028
191.112.78.213 - - [03/Mar/2016:12:16:43 -0300] "GET /cormun/static/messages.spa.js?85251 HTTP/1.1" 304 -
191.112.78.213 - - [03/Mar/2016:12:16:43 -0300] "GET /cormun/servlet/trsolicitudadjuntos?2016,465, HTTP/1.1" 200 7773
191.112.78.213 - - [03/Mar/2016:12:16:44 -0300] "GET /cormun/static/Resources/Spanish/PXTools.css?171692 HTTP/1.1" 304 -
191.112.78.213 - - [03/Mar/2016:12:16:44 -0300] "GET /cormun/static/gxcfg.js?2016311731090 HTTP/1.1" 304 -
191.112.78.213 - - [03/Mar/2016:12:16:44 -0300] "GET /cormun/static/trsolicitudadjuntos.js?2016311731342 HTTP/1.1" 304 -
191.112.78.213 - - [03/Mar/2016:12:16:44 -0300] "GET /cormun/static/hwchdr01.js?20162241650484 HTTP/1.1" 304 -
191.112.78.213 - - [03/Mar/2016:12:16:44 -0300] "GET /cormun/static/hpexe_recentlink.js?2015111312121342 HTTP/1.1" 304 -
191.112.78.213 - - [03/Mar/2016:12:16:44 -0300] "GET /cormun/static/hpexe_scripts.js?20151120014546 HTTP/1.1" 304 -
191.112.78.213 - - [03/Mar/2016:12:16:44 -0300] "GET /cormun/static/hpexe_messagecontroller.js?2015112210524422 HTTP/1.1" 304 -
191.112.78.213 - - [03/Mar/2016:12:16:44 -0300] "GET /cormun/static/hpexe_messagepopupcomponent.js?20163219454551 HTTP/1.1" 304 -
191.112.78.213 - - [03/Mar/2016:12:16:44 -0300] "GET /cormun/static/hpexe_messagegenexuscomponent.js?20151120014314 HTTP/1.1" 304 -
191.112.78.213 - - [03/Mar/2016:12:16:44 -0300] "GET /cormun/static/cmcontrolpreferences.js?20151120014525 HTTP/1.1" 304 -
191.112.78.213 - - [03/Mar/2016:12:16:44 -0300] "GET /cormun/static/hmpwkw03.js?2016311993330 HTTP/1.1" 304 -
186.103.159.44 - - [03/Mar/2016:12:16:44 -0300] "GET /cormun/servlet/hpexe_return? HTTP/1.1" 200 1044
186.103.159.44 - - [03/Mar/2016:12:16:44 -0300] "GET /cormun/servlet/trsolicitudot?gx-no-cache=1457017357053 HTTP/1.1" 200 7489
191.112.78.213 - - [03/Mar/2016:12:16:46 -0300] "GET /cormun/servlet/trsolicitudadjuntos?2016,465, HTTP/1.1" 200 7770
186.103.159.44 - - [03/Mar/2016:12:16:48 -0300] "POST /cormun/servlet/trsolicitudot?90407dd04215d27dd591a38f9863650e,gx-no-cache=1457017357053,gx-no-cache=1457018216653 HTTP/1.1" 200 4926
191.112.78.213 - - [03/Mar/2016:12:16:48 -0300] "GET /cormun/servlet/solicitudotadjuntos?INS,2016,465,,1, HTTP/1.1" 200 5473
186.103.159.44 - - [03/Mar/2016:12:16:49 -0300] "POST /cormun/servlet/trsolicitudot?90407dd04215d27dd591a38f9863650e,gx-no-cache=1457017357053,gx-no-cache=1457018217115 HTTP/1.1" 200 4926
191.112.78.213 - - [03/Mar/2016:12:16:49 -0300] "GET /cormun/static/Resources/Spanish/PXTools.css?1944839 HTTP/1.1" 304 -
191.112.78.213 - - [03/Mar/2016:12:16:49 -0300] "GET /cormun/static/gxcfg.js?2016311984045 HTTP/1.1" 304 -
191.112.78.213 - - [03/Mar/2016:12:16:49 -0300] "GET /cormun/static/solicitudotadjuntos.js?2016311984068 HTTP/1.1" 304 -
186.103.159.44 - - [03/Mar/2016:12:16:49 -0300] "POST /cormun/servlet/trsolicitudot?90407dd04215d27dd591a38f9863650e,gx-no-cache=1457017357053,gx-no-cache=1457018217555 HTTP/1.1" 200 4926
191.112.78.213 - - [03/Mar/2016:12:16:49 -0300] "GET /cormun/static/about:blank HTTP/1.1" 404 1011
186.103.159.44 - - [03/Mar/2016:12:16:49 -0300] "POST /cormun/servlet/trsolicitudot?90407dd04215d27dd591a38f9863650e,gx-no-cache=1457017357053,gx-no-cache=1457018218047 HTTP/1.1" 200 4926
186.103.159.44 - - [03/Mar/2016:12:16:50 -0300] "POST /cormun/servlet/trsolicitudot?90407dd04215d27dd591a38f9863650e,gx-no-cache=1457017357053,gx-no-cache=1457018218661 HTTP/1.1" 200 4926
186.103.159.44 - - [03/Mar/2016:12:16:51 -0300] "POST /cormun/servlet/trsolicitudot?90407dd04215d27dd591a38f9863650e,gx-no-cache=1457017357053,gx-no-cache=1457018219303 HTTP/1.1" 200 4926
191.112.78.213 - - [03/Mar/2016:12:16:51 -0300] "GET /cormun/servlet/solicitudotadjuntos?INS,2016,465,,1, HTTP/1.1" 200 5467
186.103.159.44 - - [03/Mar/2016:12:16:51 -0300] "POST /cormun/servlet/trsolicitudot?90407dd04215d27dd591a38f9863650e,gx-no-cache=1457017357053,gx-no-cache=1457018220037 HTTP/1.1" 200 4926
191.112.78.213 - - [03/Mar/2016:12:16:52 -0300] "GET /cormun/servlet/solicitudotadjuntos?5dc64e72aa6460987ed563b8bb772a1ece18c4513963a906f7eaebea24f6ac0ccc79a545b9cadcb53d627544da7dec2e,gx-no-cache=1457018237345 HTTP/1.1" 200 30
191.112.78.213 - - [03/Mar/2016:12:16:52 -0300] "POST /cormun/servlet/solicitudotadjuntos?78a791391b8286a9b26165191b25347f,INS,2016,465,,1,,gx-no-cache=1457018237501 HTTP/1.1" 200 3375
186.103.159.44 - - [03/Mar/2016:12:16:57 -0300] "POST /cormun/servlet/trsolicitudot?90407dd04215d27dd591a38f9863650e,gx-no-cache=1457017357053,gx-no-cache=1457018220890 HTTP/1.1" 200 3623
191.112.78.213 - - [03/Mar/2016:12:16:57 -0300] "POST /cormun/servlet/solicitudotadjuntos?gx-no-cache=1457018242812 HTTP/1.1" 200 26
186.103.159.44 - - [03/Mar/2016:12:16:57 -0300] "POST /cormun/servlet/trsolicitudot?90407dd04215d27dd591a38f9863650e,gx-no-cache=1457017357053,gx-no-cache=1457018226060 HTTP/1.1" 200 3462
186.103.159.44 - - [03/Mar/2016:12:16:58 -0300] "GET /cormun/static/Shared/jqueryui/images/ui-icons_8d78a5_256x240.png HTTP/1.1" 404 1089
186.103.159.44 - - [03/Mar/2016:12:16:58 -0300] "GET /cormun/static/Shared/jqueryui/images/ui-bg_flat_55_fafafa_40x100.png HTTP/1.1" 404 1097
186.103.159.44 - - [03/Mar/2016:12:16:58 -0300] "GET /cormun/static/Shared/jqueryui/images/ui-icons_82798d_256x240.png HTTP/1.1" 404 1089
186.103.159.44 - - [03/Mar/2016:12:16:58 -0300] "GET /cormun/static/Shared/jqueryui/images/ui-bg_highlight-soft_100_c6c2c8_1x100.png HTTP/1.1" 404 1117
191.112.17.11 - - [03/Mar/2016:12:17:00 -0300] "POST /cormun/servlet/hlogin?5619316feb5e38edb3968644c42d6612,gx-no-cache=1457018244924 HTTP/1.1" 200 454
191.112.17.11 - - [03/Mar/2016:12:17:10 -0300] "POST /cormun/servlet/hlogin?5619316feb5e38edb3968644c42d6612,gx-no-cache=1457018254636 HTTP/1.1" 200 454
191.112.17.11 - - [03/Mar/2016:12:17:12 -0300] "POST /cormun/servlet/hlogin?5619316feb5e38edb3968644c42d6612,gx-no-cache=1457018256851 HTTP/1.1" 200 454
186.78.57.210 - - [03/Mar/2016:12:17:37 -0300] "GET /cormun/servlet/prfichaempleado?,MD,,gxPopupLevel%3D0%3B HTTP/1.1" 200 7902
186.78.57.210 - - [03/Mar/2016:12:17:37 -0300] "GET /cormun/static/scaMessage/css/jquery-ui.css?104140 HTTP/1.1" 404 1045
186.78.57.210 - - [03/Mar/2016:12:17:41 -0300] "GET /cormun/servlet/prfichaempleado?5a49bdae2c68333ab4144f9181a5167aad12d461167c5b6618d998baa1e30520cc06f4f2360a0902f82b0287cb5d7dea9d62b9eaaba74a3b5f843e4e9fd06d4e,gx-no-cache=1457018321239 HTTP/1.1" 200 461
186.78.57.210 - - [03/Mar/2016:12:17:43 -0300] "GET /cormun/servlet/prfichaempleado?5a49bdae2c68333ab4144f9181a5167a0b3e4dd28d915ccc2092e9da98614a9ae817d797fb8121f5d186893d51ebacc8e6ed7fa6ecdec936f0170b827e0ff93d,gx-no-cache=1457018322590 HTTP/1.1" 200 468
186.78.57.210 - - [03/Mar/2016:12:17:45 -0300] "POST /cormun/servlet/prfichaempleado?47b2748899f65881853b1d07e208b3a8,,MD,,gxPopupLevel%3D0%3B,gx-no-cache=1457018324573 HTTP/1.1" 200 2875
191.112.78.213 - - [03/Mar/2016:12:17:47 -0300] "POST /cormun/servlet/solicitudotadjuntos?gx-no-cache=1457018292559 HTTP/1.1" 200 26
186.78.57.210 - - [03/Mar/2016:12:17:50 -0300] "POST /cormun/servlet/solicitudot?gx-no-cache=1457018330245 HTTP/1.1" 200 2756
186.78.57.210 - - [03/Mar/2016:12:17:51 -0300] "POST /cormun/servlet/solicitudot?47b2748899f65881853b1d07e208b3a8,INS,0,0,,gx-no-cache=1457018330897 HTTP/1.1" 200 8371
191.112.78.213 - - [03/Mar/2016:12:17:51 -0300] "GET /cormun/servlet/solicitudotadjuntos?5dc64e72aa6460987ed563b8bb772a1eb7d76dcf35d15f6dca7db02f4044a319,gx-no-cache=1457018297143 HTTP/1.1" 200 30
191.112.78.213 - - [03/Mar/2016:12:17:51 -0300] "GET /cormun/servlet/solicitudotadjuntos?5dc64e72aa6460987ed563b8bb772a1eb7d76dcf35d15f6dca7db02f4044a319,gx-no-cache=1457018297226 HTTP/1.1" 200 30
186.78.57.210 - - [03/Mar/2016:12:17:52 -0300] "GET /cormun/servlet/solicitudot?6e39a9a0d1bc265ceaef7678f52d3ee789964820ea3ab3cf9918215b89e3bc9ddd9e96aa7d8ea484af62e47c500cb145,gx-no-cache=1457018331738 HTTP/1.1" 200 30
191.112.78.213 - - [03/Mar/2016:12:17:53 -0300] "POST /cormun/servlet/solicitudotadjuntos?78a791391b8286a9b26165191b25347f,INS,2016,465,,1, HTTP/1.1" 200 116
191.112.78.213 - - [03/Mar/2016:12:17:53 -0300] "GET /cormun/servlet/hpexe_return? HTTP/1.1" 200 1028
191.112.78.213 - - [03/Mar/2016:12:17:54 -0300] "GET /cormun/servlet/trsolicitudadjuntos?2016,465, HTTP/1.1" 200 7904
191.112.78.213 - - [03/Mar/2016:12:17:57 -0300] "GET /cormun/servlet/trsolicitudadjuntos?2016,465, HTTP/1.1" 200 7901
191.112.78.213 - - [03/Mar/2016:12:17:59 -0300] "GET /cormun/servlet/solicitudotadjuntos?INS,2016,465,,1, HTTP/1.1" 200 5473
191.112.78.213 - - [03/Mar/2016:12:18:00 -0300] "GET /cormun/static/about:blank HTTP/1.1" 404 1011
191.112.78.213 - - [03/Mar/2016:12:18:02 -0300] "GET /cormun/servlet/solicitudotadjuntos?INS,2016,465,,1, HTTP/1.1" 200 5467
191.112.78.213 - - [03/Mar/2016:12:18:02 -0300] "GET /cormun/servlet/solicitudotadjuntos?5dc64e72aa6460987ed563b8bb772a1ece18c4513963a906f7eaebea24f6ac0ccc79a545b9cadcb53d627544da7dec2e,gx-no-cache=1457018308077 HTTP/1.1" 200 30
191.112.78.213 - - [03/Mar/2016:12:18:03 -0300] "POST /cormun/servlet/solicitudotadjuntos?78a791391b8286a9b26165191b25347f,INS,2016,465,,1,,gx-no-cache=1457018308221 HTTP/1.1" 200 3376
191.112.78.213 - - [03/Mar/2016:12:18:05 -0300] "POST /cormun/servlet/solicitudotadjuntos?gx-no-cache=1457018311026 HTTP/1.1" 200 26
186.78.57.210 - - [03/Mar/2016:12:18:08 -0300] "POST /cormun/servlet/solicitudot?gx-no-cache=1457018347780 HTTP/1.1" 200 30
186.78.57.210 - - [03/Mar/2016:12:18:08 -0300] "POST /cormun/servlet/solicitudot?gx-no-cache=1457018348307 HTTP/1.1" 200 33
186.78.57.210 - - [03/Mar/2016:12:18:09 -0300] "POST /cormun/servlet/solicitudot?gx-no-cache=1457018348811 HTTP/1.1" 200 452
