186.78.57.210 - - [03/Mar/2016:10:49:14 -0300] "GET /cormun/servlet/trsolicitudadjuntos?2016,485, HTTP/1.1" 200 7261
186.78.57.210 - - [03/Mar/2016:10:49:14 -0300] "GET /cormun/servlet/trsolicitudadjuntos?2016,485, HTTP/1.1" 200 7257
192.168.10.98 - - [03/Mar/2016:10:49:16 -0300] "POST /cormun/servlet/trsolicitudot?4e4f347e7296876dddfe60efedbcaae4,,gx-no-cache=1457012708725 HTTP/1.1" 200 4948
192.168.10.98 - - [03/Mar/2016:10:49:16 -0300] "POST /cormun/servlet/trsolicitudot?4e4f347e7296876dddfe60efedbcaae4,,gx-no-cache=1457012709005 HTTP/1.1" 200 4947
192.168.10.98 - - [03/Mar/2016:10:49:16 -0300] "POST /cormun/servlet/trsolicitudot?4e4f347e7296876dddfe60efedbcaae4,,gx-no-cache=1457012709308 HTTP/1.1" 200 4948
192.168.10.98 - - [03/Mar/2016:10:49:17 -0300] "POST /cormun/servlet/trsolicitudot?4e4f347e7296876dddfe60efedbcaae4,,gx-no-cache=1457012709608 HTTP/1.1" 200 4948
192.168.10.98 - - [03/Mar/2016:10:49:17 -0300] "POST /cormun/servlet/trsolicitudot?4e4f347e7296876dddfe60efedbcaae4,,gx-no-cache=1457012709904 HTTP/1.1" 200 4948
192.168.10.98 - - [03/Mar/2016:10:49:17 -0300] "POST /cormun/servlet/trsolicitudot?4e4f347e7296876dddfe60efedbcaae4,,gx-no-cache=1457012710244 HTTP/1.1" 200 4948
192.168.10.98 - - [03/Mar/2016:10:49:18 -0300] "POST /cormun/servlet/trsolicitudot?4e4f347e7296876dddfe60efedbcaae4,,gx-no-cache=1457012710564 HTTP/1.1" 200 4949
192.168.10.98 - - [03/Mar/2016:10:49:18 -0300] "POST /cormun/servlet/trsolicitudot?4e4f347e7296876dddfe60efedbcaae4,,gx-no-cache=1457012710904 HTTP/1.1" 200 3642
192.168.10.98 - - [03/Mar/2016:10:49:18 -0300] "POST /cormun/servlet/trsolicitudot?4e4f347e7296876dddfe60efedbcaae4,,gx-no-cache=1457012711183 HTTP/1.1" 200 3492
186.78.57.210 - - [03/Mar/2016:10:49:19 -0300] "GET /cormun/servlet/solicitudotadjuntos?INS,2016,485,,1, HTTP/1.1" 200 5453
186.78.57.210 - - [03/Mar/2016:10:49:20 -0300] "GET /cormun/static/about:blank HTTP/1.1" 404 1011
186.78.57.210 - - [03/Mar/2016:10:49:20 -0300] "GET /cormun/servlet/solicitudotadjuntos?INS,2016,485,,1, HTTP/1.1" 200 5447
186.78.57.210 - - [03/Mar/2016:10:49:20 -0300] "GET /cormun/servlet/solicitudotadjuntos?6e39a9a0d1bc265ceaef7678f52d3ee7a1210adf5d940ce565b43ec79cc06e15cd8106e10bf6fb6bfa35e7d152094c1e,gx-no-cache=1457013020409 HTTP/1.1" 200 30
186.78.57.210 - - [03/Mar/2016:10:49:21 -0300] "POST /cormun/servlet/solicitudotadjuntos?47b2748899f65881853b1d07e208b3a8,INS,2016,485,,1,,gx-no-cache=1457013020506 HTTP/1.1" 200 3357
200.112.233.47 - - [03/Mar/2016:10:49:21 -0300] "GET /cormun/servlet/trsolicitudot? HTTP/1.1" 200 7313
192.168.10.98 - - [03/Mar/2016:10:49:27 -0300] "POST /cormun/servlet/trsolicitudot?4e4f347e7296876dddfe60efedbcaae4,,gx-no-cache=1457012720023 HTTP/1.1" 200 4956
192.168.10.98 - - [03/Mar/2016:10:49:27 -0300] "GET /cormun/servlet/trsolicitudot?86651daf573a191c6b818906914ec73e7c2002a34c2caabdcf953c1b141dc6755a6869f070c8161d7129ca9184012788044699cd912c8adcf0e95299d338cf8d9f01f9568600f5097086a659d1aa93b1,gx-no-cache=1457012720450 HTTP/1.1" 200 2222
186.103.159.189 - - [03/Mar/2016:10:49:31 -0300] "POST /cormun/servlet/trsolicitudot?cc9a2a94163d3422237000fdd44494cf,,gx-no-cache=1457012999350 HTTP/1.1" 200 105
186.103.159.189 - - [03/Mar/2016:10:49:31 -0300] "GET /cormun/servlet/solicitudot?DLT,2016,484, HTTP/1.1" 200 8321
186.78.57.210 - - [03/Mar/2016:10:49:34 -0300] "POST /cormun/servlet/solicitudotadjuntos?gx-no-cache=1457013033825 HTTP/1.1" 200 26
186.103.159.189 - - [03/Mar/2016:10:49:34 -0300] "GET /cormun/servlet/solicitudot?DLT,2016,484, HTTP/1.1" 200 8331
192.168.10.98 - - [03/Mar/2016:10:49:41 -0300] "POST /cormun/servlet/trsolicitudot?4e4f347e7296876dddfe60efedbcaae4,,gx-no-cache=1457012733890 HTTP/1.1" 200 7977
192.168.10.98 - - [03/Mar/2016:10:49:42 -0300] "GET /cormun/servlet/trsolicitudot?86651daf573a191c6b818906914ec73e57cbdb0d8cbf67d63e0c88d7ec3b9a23650a97ffbd244f385bca3bae1367f1d0c7291b2e4478ea92ccf2ab21b33d0a3efa715d757adabd8e9ae6f24238f8e9414b75c586b6a8ef43873036acd0217d7a,gx-no-cache=1457012735117 HTTP/1.1" 200 5675
200.112.233.47 - - [03/Mar/2016:10:49:42 -0300] "POST /cormun/servlet/trsolicitudot?53f376d99183f74e95a185e04ff5c7b4,,gx-no-cache=1457013010984 HTTP/1.1" 200 4722
200.112.233.47 - - [03/Mar/2016:10:49:43 -0300] "GET /cormun/static/Shared/jqueryui/images/ui-bg_highlight-soft_100_c6c2c8_1x100.png HTTP/1.1" 404 1117
200.112.233.47 - - [03/Mar/2016:10:49:43 -0300] "GET /cormun/static/Shared/jqueryui/images/ui-icons_82798d_256x240.png HTTP/1.1" 404 1089
200.112.233.47 - - [03/Mar/2016:10:49:43 -0300] "GET /cormun/static/Shared/jqueryui/images/ui-icons_8d78a5_256x240.png HTTP/1.1" 404 1089
200.112.233.47 - - [03/Mar/2016:10:49:43 -0300] "GET /cormun/static/Shared/jqueryui/images/ui-bg_flat_55_fafafa_40x100.png HTTP/1.1" 404 1097
186.78.57.210 - - [03/Mar/2016:10:49:44 -0300] "GET /cormun/servlet/solicitudotadjuntos?6e39a9a0d1bc265ceaef7678f52d3ee744c7ee0f437c4b3b34d7efedc0650c67,gx-no-cache=1457013043678 HTTP/1.1" 200 30
186.78.57.210 - - [03/Mar/2016:10:49:44 -0300] "GET /cormun/servlet/solicitudotadjuntos?6e39a9a0d1bc265ceaef7678f52d3ee744c7ee0f437c4b3b34d7efedc0650c67,gx-no-cache=1457013043755 HTTP/1.1" 200 30
186.78.57.210 - - [03/Mar/2016:10:49:44 -0300] "POST /cormun/servlet/solicitudotadjuntos?47b2748899f65881853b1d07e208b3a8,INS,2016,485,,1,,gx-no-cache=1457013043841 HTTP/1.1" 200 93
186.78.57.210 - - [03/Mar/2016:10:49:44 -0300] "GET /cormun/servlet/hpexe_return? HTTP/1.1" 200 1026
186.78.57.210 - - [03/Mar/2016:10:49:44 -0300] "GET /cormun/servlet/trsolicitudadjuntos?2016,485, HTTP/1.1" 200 7396
186.78.57.210 - - [03/Mar/2016:10:49:45 -0300] "GET /cormun/servlet/trsolicitudadjuntos?2016,485, HTTP/1.1" 200 7392
200.112.233.47 - - [03/Mar/2016:10:49:51 -0300] "POST /cormun/servlet/trsolicitudot?53f376d99183f74e95a185e04ff5c7b4,,gx-no-cache=1457013019718 HTTP/1.1" 200 106
186.103.159.189 - - [03/Mar/2016:10:49:52 -0300] "POST /cormun/servlet/solicitudot?cc9a2a94163d3422237000fdd44494cf,DLT,2016,484,,gx-no-cache=1457013020117 HTTP/1.1" 200 93
200.112.233.47 - - [03/Mar/2016:10:49:52 -0300] "GET /cormun/servlet/trsolicitudadjuntos?2016,483, HTTP/1.1" 200 7854
186.103.159.189 - - [03/Mar/2016:10:49:52 -0300] "GET /cormun/servlet/hpexe_return? HTTP/1.1" 200 1015
186.103.159.189 - - [03/Mar/2016:10:49:52 -0300] "GET /cormun/servlet/trsolicitudot? HTTP/1.1" 200 6009
186.103.159.189 - - [03/Mar/2016:10:49:55 -0300] "GET /cormun/servlet/trsolicitudot? HTTP/1.1" 200 6005
200.112.233.47 - - [03/Mar/2016:10:49:56 -0300] "GET /cormun/servlet/solicitudotadjuntos?INS,2016,483,,1, HTTP/1.1" 200 5425
186.78.57.210 - - [03/Mar/2016:10:49:56 -0300] "GET /cormun/servlet/solicitudotadjuntos?INS,2016,485,,1, HTTP/1.1" 200 5453
200.112.233.47 - - [03/Mar/2016:10:49:56 -0300] "GET /cormun/static/about:blank HTTP/1.1" 404 1011
200.112.233.47 - - [03/Mar/2016:10:49:56 -0300] "GET /cormun/static/about:blank HTTP/1.1" 404 1011
186.78.57.210 - - [03/Mar/2016:10:49:56 -0300] "GET /cormun/static/about:blank HTTP/1.1" 404 1011
186.78.57.210 - - [03/Mar/2016:10:49:56 -0300] "GET /cormun/servlet/solicitudotadjuntos?INS,2016,485,,1, HTTP/1.1" 200 5447
186.78.57.210 - - [03/Mar/2016:10:49:57 -0300] "GET /cormun/servlet/solicitudotadjuntos?6e39a9a0d1bc265ceaef7678f52d3ee7a1210adf5d940ce565b43ec79cc06e15cd8106e10bf6fb6bfa35e7d152094c1e,gx-no-cache=1457013056930 HTTP/1.1" 200 30
186.78.57.210 - - [03/Mar/2016:10:49:57 -0300] "POST /cormun/servlet/solicitudotadjuntos?47b2748899f65881853b1d07e208b3a8,INS,2016,485,,1,,gx-no-cache=1457013057029 HTTP/1.1" 200 3357
200.112.233.47 - - [03/Mar/2016:10:49:57 -0300] "GET /cormun/servlet/solicitudotadjuntos?71729485f06f30dfeb51ddbd9c8b82c33bcacbf45d4c7f805d502d5b9d1dfd40630ef27e311f081e266de04466cf7b3c,gx-no-cache=1457013026062 HTTP/1.1" 200 30
200.112.233.47 - - [03/Mar/2016:10:49:58 -0300] "POST /cormun/servlet/solicitudotadjuntos?53f376d99183f74e95a185e04ff5c7b4,INS,2016,483,,1,,gx-no-cache=1457013026125 HTTP/1.1" 200 3323
200.112.233.47 - - [03/Mar/2016:10:50:02 -0300] "POST /cormun/servlet/solicitudotadjuntos?gx-no-cache=1457013030046 HTTP/1.1" 200 26
192.168.10.98 - - [03/Mar/2016:10:50:02 -0300] "POST /cormun/servlet/trsolicitudot?4e4f347e7296876dddfe60efedbcaae4,,gx-no-cache=1457012755065 HTTP/1.1" 200 7978
192.168.10.98 - - [03/Mar/2016:10:50:04 -0300] "POST /cormun/servlet/trsolicitudot?4e4f347e7296876dddfe60efedbcaae4,,gx-no-cache=1457012756369 HTTP/1.1" 200 7977
186.103.159.189 - - [03/Mar/2016:10:50:04 -0300] "POST /cormun/servlet/trsolicitudot?cc9a2a94163d3422237000fdd44494cf,,gx-no-cache=1457013033036 HTTP/1.1" 200 3222
186.103.159.189 - - [03/Mar/2016:10:50:05 -0300] "POST /cormun/servlet/trsolicitudot?cc9a2a94163d3422237000fdd44494cf,,gx-no-cache=1457013033367 HTTP/1.1" 200 3224
192.168.10.98 - - [03/Mar/2016:10:50:05 -0300] "POST /cormun/servlet/trsolicitudot?4e4f347e7296876dddfe60efedbcaae4,,gx-no-cache=1457012757706 HTTP/1.1" 200 7977
186.103.159.189 - - [03/Mar/2016:10:50:05 -0300] "POST /cormun/servlet/trsolicitudot?cc9a2a94163d3422237000fdd44494cf,,gx-no-cache=1457013033698 HTTP/1.1" 200 3224
186.103.159.189 - - [03/Mar/2016:10:50:05 -0300] "POST /cormun/servlet/trsolicitudot?cc9a2a94163d3422237000fdd44494cf,,gx-no-cache=1457013033988 HTTP/1.1" 200 3224
186.103.159.189 - - [03/Mar/2016:10:50:06 -0300] "POST /cormun/servlet/trsolicitudot?cc9a2a94163d3422237000fdd44494cf,,gx-no-cache=1457013034292 HTTP/1.1" 200 3222
186.103.159.189 - - [03/Mar/2016:10:50:06 -0300] "POST /cormun/servlet/trsolicitudot?cc9a2a94163d3422237000fdd44494cf,,gx-no-cache=1457013034622 HTTP/1.1" 200 3224
192.168.10.98 - - [03/Mar/2016:10:50:06 -0300] "POST /cormun/servlet/trsolicitudot?4e4f347e7296876dddfe60efedbcaae4,,gx-no-cache=1457012759073 HTTP/1.1" 200 7977
186.103.159.189 - - [03/Mar/2016:10:50:11 -0300] "GET /cormun/servlet/trsolicitudot?4703e5ce9b18a1ed7404bed5949f8da8d7e4a32a8bb006e226e978148ae58769cda470fa409ba3a5b9a628fd8ecf6e657e504ada82fe6c7a016ef17ffb5a9005f639e362c1f0949830be276d680d96cc,gx-no-cache=1457013039432 HTTP/1.1" 200 759
186.103.159.189 - - [03/Mar/2016:10:50:11 -0300] "POST /cormun/servlet/trsolicitudot?cc9a2a94163d3422237000fdd44494cf,,gx-no-cache=1457013039697 HTTP/1.1" 200 3227
200.112.233.47 - - [03/Mar/2016:10:50:14 -0300] "GET /cormun/servlet/solicitudotadjuntos?71729485f06f30dfeb51ddbd9c8b82c3356d0318178e5e06f0d96efd71525d55,gx-no-cache=1457013042703 HTTP/1.1" 200 30
200.112.233.47 - - [03/Mar/2016:10:50:14 -0300] "GET /cormun/servlet/solicitudotadjuntos?71729485f06f30dfeb51ddbd9c8b82c3356d0318178e5e06f0d96efd71525d55,gx-no-cache=1457013042734 HTTP/1.1" 200 30
200.112.233.47 - - [03/Mar/2016:10:50:15 -0300] "POST /cormun/servlet/solicitudotadjuntos?53f376d99183f74e95a185e04ff5c7b4,INS,2016,483,,1, HTTP/1.1" 200 5250
186.78.57.210 - - [03/Mar/2016:10:50:16 -0300] "POST /cormun/servlet/solicitudotadjuntos?gx-no-cache=1457013076011 HTTP/1.1" 200 26
200.112.233.47 - - [03/Mar/2016:10:50:16 -0300] "GET /home/sistema/apache-tomcat-7.0.65/webapps/cormun/PrivateTempStorage/upload_00000067.pdf HTTP/1.1" 404 1135
200.112.233.47 - - [03/Mar/2016:10:50:17 -0300] "GET /cormun/static/Shared/jqueryui/images/ui-bg_flat_55_994d53_40x100.png HTTP/1.1" 404 1097
200.112.233.47 - - [03/Mar/2016:10:50:17 -0300] "GET /home/sistema/apache-tomcat-7.0.65/webapps/cormun/PrivateTempStorage/upload_00000067.pdf HTTP/1.1" 404 1135
186.78.57.210 - - [03/Mar/2016:10:50:17 -0300] "GET /cormun/servlet/solicitudotadjuntos?6e39a9a0d1bc265ceaef7678f52d3ee744c7ee0f437c4b3b34d7efedc0650c67,gx-no-cache=1457013077311 HTTP/1.1" 200 30
200.112.233.47 - - [03/Mar/2016:10:50:17 -0300] "GET /cormun/static/Shared/jqueryui/images/ui-icons_ebccce_256x240.png HTTP/1.1" 404 1089
200.112.233.47 - - [03/Mar/2016:10:50:17 -0300] "GET /cormun/static/Shared/jqueryui/images/ui-icons_82798d_256x240.png HTTP/1.1" 404 1089
200.112.233.47 - - [03/Mar/2016:10:50:17 -0300] "GET /cormun/static/Shared/jqueryui/images/ui-bg_highlight-soft_100_c6c2c8_1x100.png HTTP/1.1" 404 1117
186.78.57.210 - - [03/Mar/2016:10:50:17 -0300] "GET /cormun/servlet/solicitudotadjuntos?6e39a9a0d1bc265ceaef7678f52d3ee744c7ee0f437c4b3b34d7efedc0650c67,gx-no-cache=1457013077394 HTTP/1.1" 200 30
200.112.233.47 - - [03/Mar/2016:10:50:17 -0300] "GET /cormun/PrivateTempStorage/upload_00000067.pdf HTTP/1.1" 200 529871
186.78.57.210 - - [03/Mar/2016:10:50:18 -0300] "POST /cormun/servlet/solicitudotadjuntos?47b2748899f65881853b1d07e208b3a8,INS,2016,485,,1,,gx-no-cache=1457013077468 HTTP/1.1" 200 93
200.112.233.47 - - [03/Mar/2016:10:50:18 -0300] "GET /cormun/PrivateTempStorage/upload_00000067.pdf HTTP/1.1" 206 4096
186.78.57.210 - - [03/Mar/2016:10:50:18 -0300] "GET /cormun/servlet/hpexe_return? HTTP/1.1" 200 1026
186.78.57.210 - - [03/Mar/2016:10:50:18 -0300] "GET /cormun/static/messages.spa.js?85251 HTTP/1.1" 304 -
200.112.233.47 - - [03/Mar/2016:10:50:18 -0300] "GET /cormun/PrivateTempStorage/upload_00000067.pdf HTTP/1.1" 206 379213
186.78.57.210 - - [03/Mar/2016:10:50:18 -0300] "GET /cormun/servlet/trsolicitudadjuntos?2016,485, HTTP/1.1" 200 7496
186.78.57.210 - - [03/Mar/2016:10:50:19 -0300] "GET /cormun/servlet/trsolicitudadjuntos?2016,485, HTTP/1.1" 200 7494
186.103.159.189 - - [03/Mar/2016:10:50:29 -0300] "GET /cormun/servlet/trsolicitudot?4703e5ce9b18a1ed7404bed5949f8da8ae333c51e42dbf122ca2e0a7db0d2a3e7d824aeb1fe978cc1210b65f13fb4b257e91b539e03a32aa3d9df67e2e1906253f4d190a4fd1736c688520477f168b895cb2533c66f0936b05d966b15d4854de,gx-no-cache=1457013057402 HTTP/1.1" 200 761
186.103.159.189 - - [03/Mar/2016:10:50:33 -0300] "GET /cormun/static/menuarrow.gif HTTP/1.1" 404 1015
186.103.159.189 - - [03/Mar/2016:10:50:38 -0300] "POST /cormun/servlet/trsolicitudot?cc9a2a94163d3422237000fdd44494cf,,gx-no-cache=1457013066745 HTTP/1.1" 200 3233
186.103.159.189 - - [03/Mar/2016:10:50:39 -0300] "POST /cormun/servlet/trsolicitudot?cc9a2a94163d3422237000fdd44494cf,,gx-no-cache=1457013067396 HTTP/1.1" 200 3231
186.103.159.189 - - [03/Mar/2016:10:50:40 -0300] "GET /cormun/servlet/trsolicitudot?4703e5ce9b18a1ed7404bed5949f8da8e5988d9b980eb772ca5b7ff703324fadd3de320d5bef26aa8eecf0c6ab3aee050073ffefa72eb807b483cf5514663d9b1ab524a877b77b166f01d86c92c5f29a571a1491870e77d3e181612523f466ad,gx-no-cache=1457013068732 HTTP/1.1" 200 765
186.103.159.189 - - [03/Mar/2016:10:50:41 -0300] "GET /cormun/servlet/trsolicitudot?4703e5ce9b18a1ed7404bed5949f8da809686ac0f7d9abbcf05f5506b62f7050cc78cdd3015fb8a62e8a3357b9cbebd291fa8ce78043c37a07bd8417f4d1bafce663a45d407d93e1a49bd6faa61fcb15fb2b6829889a92c47f71c28982818919,gx-no-cache=1457013069621 HTTP/1.1" 200 765
186.103.159.189 - - [03/Mar/2016:10:50:43 -0300] "GET /cormun/servlet/trsolicitudot?4703e5ce9b18a1ed7404bed5949f8da8a8258190cf2cc563bfcf676d09731361cc78cdd3015fb8a62e8a3357b9cbebd291fa8ce78043c37a07bd8417f4d1bafce663a45d407d93e1a49bd6faa61fcb15fb2b6829889a92c47f71c28982818919,gx-no-cache=1457013071486 HTTP/1.1" 200 765
186.103.159.189 - - [03/Mar/2016:10:50:43 -0300] "POST /cormun/servlet/trsolicitudot?cc9a2a94163d3422237000fdd44494cf,,gx-no-cache=1457013071877 HTTP/1.1" 200 3243
186.103.159.189 - - [03/Mar/2016:10:50:48 -0300] "GET /cormun/servlet/trsolicitudot?4703e5ce9b18a1ed7404bed5949f8da8a8258190cf2cc563bfcf676d097313610e1370273164a026514338c9447324cb567c6a40df76bdcb84732a3549dc235f94e78a832757971d59439f6d859010a796317ed1442cff0c2e38b79e33e6e212,gx-no-cache=1457013076331 HTTP/1.1" 200 770
186.103.159.189 - - [03/Mar/2016:10:50:49 -0300] "POST /cormun/servlet/trsolicitudot?cc9a2a94163d3422237000fdd44494cf,,gx-no-cache=1457013077931 HTTP/1.1" 200 3239
186.103.159.189 - - [03/Mar/2016:10:50:50 -0300] "POST /cormun/servlet/trsolicitudot?cc9a2a94163d3422237000fdd44494cf,,gx-no-cache=1457013078326 HTTP/1.1" 200 3239
186.103.159.189 - - [03/Mar/2016:10:50:50 -0300] "POST /cormun/servlet/trsolicitudot?cc9a2a94163d3422237000fdd44494cf,,gx-no-cache=1457013078763 HTTP/1.1" 200 3239
200.112.233.47 - - [03/Mar/2016:10:50:51 -0300] "POST /cormun/servlet/solicitudotadjuntos?gx-no-cache=1457013079750 HTTP/1.1" 200 26
200.112.233.47 - - [03/Mar/2016:10:50:59 -0300] "GET /cormun/servlet/solicitudotadjuntos?71729485f06f30dfeb51ddbd9c8b82c304cb4448907829891b4e303f5ab740fb630ef27e311f081e266de04466cf7b3c,gx-no-cache=1457013087203 HTTP/1.1" 200 30
200.112.233.47 - - [03/Mar/2016:10:51:00 -0300] "POST /cormun/servlet/solicitudotadjuntos?53f376d99183f74e95a185e04ff5c7b4,INS,2016,483,,1, HTTP/1.1" 200 116
200.112.233.47 - - [03/Mar/2016:10:51:01 -0300] "GET /cormun/servlet/hpexe_return? HTTP/1.1" 200 1014
200.112.233.47 - - [03/Mar/2016:10:51:03 -0300] "GET /cormun/servlet/trsolicitudadjuntos?2016,483, HTTP/1.1" 200 7858
186.103.159.189 - - [03/Mar/2016:10:51:05 -0300] "GET /cormun/servlet/trsolicitudot?4703e5ce9b18a1ed7404bed5949f8da8ae333c51e42dbf122ca2e0a7db0d2a3ef038073b38e8e32d842fbee1eb596275dd5fe6d3643aff79f887a13b7502f67bdc82f660698919dc8c366e9028c25d67e22c689adaed8295282dffc147f42ca051d440b71b48a757a444fbd81fafbb57,gx-no-cache=1457013093284 HTTP/1.1" 200 771
186.103.159.189 - - [03/Mar/2016:10:51:17 -0300] "GET /cormun/servlet/solicitudot?INS,0,0, HTTP/1.1" 200 11428
186.103.159.189 - - [03/Mar/2016:10:51:19 -0300] "GET /cormun/servlet/solicitudot?INS,0,0, HTTP/1.1" 200 11433
186.78.57.210 - - [03/Mar/2016:10:51:22 -0300] "GET /cormun/servlet/trsolicitudot? HTTP/1.1" 200 7536
186.78.57.210 - - [03/Mar/2016:10:51:23 -0300] "GET /cormun/static/Resources/Spanish/PXTools.css?18502099 HTTP/1.1" 304 -
186.78.57.210 - - [03/Mar/2016:10:51:23 -0300] "GET /cormun/static/gxcfg.js?201631185636 HTTP/1.1" 304 -
186.78.57.210 - - [03/Mar/2016:10:51:23 -0300] "GET /cormun/static/trsolicitudot.js?2016311856838 HTTP/1.1" 304 -
186.78.57.210 - - [03/Mar/2016:10:51:23 -0300] "GET /cormun/static/hpexe_recentlink.js?2015111312121342 HTTP/1.1" 304 -
186.78.57.210 - - [03/Mar/2016:10:51:23 -0300] "GET /cormun/static/hwchdr01.js?20162241650484 HTTP/1.1" 304 -
186.78.57.210 - - [03/Mar/2016:10:51:23 -0300] "GET /cormun/static/hpexe_messagepopupcomponent.js?20163219454551 HTTP/1.1" 304 -
186.78.57.210 - - [03/Mar/2016:10:51:23 -0300] "GET /cormun/static/hpexe_scripts.js?20151120014546 HTTP/1.1" 304 -
186.78.57.210 - - [03/Mar/2016:10:51:23 -0300] "GET /cormun/static/hpexe_messagecontroller.js?2015112210524422 HTTP/1.1" 304 -
186.78.57.210 - - [03/Mar/2016:10:51:23 -0300] "GET /cormun/static/hpexe_messagegenexuscomponent.js?20151120014314 HTTP/1.1" 304 -
186.78.57.210 - - [03/Mar/2016:10:51:23 -0300] "GET /cormun/static/cmcontrolpreferences.js?20151120014525 HTTP/1.1" 304 -
186.78.57.210 - - [03/Mar/2016:10:51:23 -0300] "GET /cormun/static/hmpwkw03.js?2016311993330 HTTP/1.1" 304 -
186.78.57.210 - - [03/Mar/2016:10:51:23 -0300] "GET /cormun/servlet/trsolicitudot? HTTP/1.1" 200 7530
200.112.233.47 - - [03/Mar/2016:10:51:25 -0300] "GET /cormun/servlet/solicitudotadjuntos?INS,2016,483,,1, HTTP/1.1" 200 5425
200.112.233.47 - - [03/Mar/2016:10:51:26 -0300] "GET /cormun/static/about:blank HTTP/1.1" 404 1011
200.112.233.47 - - [03/Mar/2016:10:51:26 -0300] "GET /cormun/static/about:blank HTTP/1.1" 404 1011
186.103.159.189 - - [03/Mar/2016:10:51:26 -0300] "GET /cormun/servlet/trsolicitudot? HTTP/1.1" 200 6026
186.78.57.210 - - [03/Mar/2016:10:51:27 -0300] "POST /cormun/servlet/trsolicitudot?47b2748899f65881853b1d07e208b3a8,,gx-no-cache=1457013146460 HTTP/1.1" 200 5091
186.78.57.210 - - [03/Mar/2016:10:51:27 -0300] "GET /cormun/static/Shared/jqueryui/images/ui-bg_highlight-soft_100_c6c2c8_1x100.png HTTP/1.1" 404 1117
186.78.57.210 - - [03/Mar/2016:10:51:27 -0300] "GET /cormun/static/Shared/jqueryui/images/ui-icons_82798d_256x240.png HTTP/1.1" 404 1089
186.78.57.210 - - [03/Mar/2016:10:51:27 -0300] "GET /cormun/static/Shared/jqueryui/images/ui-bg_flat_55_fafafa_40x100.png HTTP/1.1" 404 1097
186.78.57.210 - - [03/Mar/2016:10:51:27 -0300] "GET /cormun/static/Shared/jqueryui/images/ui-icons_8d78a5_256x240.png HTTP/1.1" 404 1089
200.112.233.47 - - [03/Mar/2016:10:51:27 -0300] "GET /cormun/servlet/solicitudotadjuntos?71729485f06f30dfeb51ddbd9c8b82c33bcacbf45d4c7f805d502d5b9d1dfd40630ef27e311f081e266de04466cf7b3c,gx-no-cache=1457013115796 HTTP/1.1" 200 30
200.112.233.47 - - [03/Mar/2016:10:51:27 -0300] "POST /cormun/servlet/solicitudotadjuntos?53f376d99183f74e95a185e04ff5c7b4,INS,2016,483,,1,,gx-no-cache=1457013115937 HTTP/1.1" 200 3323
186.103.159.189 - - [03/Mar/2016:10:51:29 -0300] "GET /cormun/servlet/trsolicitudot? HTTP/1.1" 200 6025
200.112.233.47 - - [03/Mar/2016:10:51:30 -0300] "POST /cormun/servlet/solicitudotadjuntos?gx-no-cache=1457013118578 HTTP/1.1" 200 26
200.112.233.47 - - [03/Mar/2016:10:51:36 -0300] "GET /cormun/servlet/solicitudotadjuntos?71729485f06f30dfeb51ddbd9c8b82c3356d0318178e5e06f0d96efd71525d55,gx-no-cache=1457013124203 HTTP/1.1" 200 30
200.112.233.47 - - [03/Mar/2016:10:51:36 -0300] "GET /cormun/servlet/solicitudotadjuntos?71729485f06f30dfeb51ddbd9c8b82c3356d0318178e5e06f0d96efd71525d55,gx-no-cache=1457013124281 HTTP/1.1" 200 30
192.168.10.98 - - [03/Mar/2016:10:51:37 -0300] "GET /cormun/servlet/hlogin HTTP/1.1" 200 1721
200.112.233.47 - - [03/Mar/2016:10:51:37 -0300] "POST /cormun/servlet/solicitudotadjuntos?53f376d99183f74e95a185e04ff5c7b4,INS,2016,483,,1, HTTP/1.1" 200 116
200.112.233.47 - - [03/Mar/2016:10:51:37 -0300] "GET /cormun/servlet/hpexe_return? HTTP/1.1" 200 1014
200.112.233.47 - - [03/Mar/2016:10:51:38 -0300] "GET /cormun/servlet/trsolicitudadjuntos?2016,483, HTTP/1.1" 200 7966
200.112.233.47 - - [03/Mar/2016:10:51:44 -0300] "GET /cormun/servlet/trsolicitudot? HTTP/1.1" 200 7313
186.78.57.210 - - [03/Mar/2016:10:51:46 -0300] "GET /cormun/servlet/solicitudot?INS,0,0, HTTP/1.1" 200 11423
186.78.57.210 - - [03/Mar/2016:10:51:46 -0300] "GET /cormun/static/Resources/Spanish/PXTools.css?1944839 HTTP/1.1" 304 -
186.78.57.210 - - [03/Mar/2016:10:51:46 -0300] "GET /cormun/static/gxcfg.js?20163219435133 HTTP/1.1" 304 -
186.78.57.210 - - [03/Mar/2016:10:51:46 -0300] "GET /cormun/static/solicitudot.js?20163219435183 HTTP/1.1" 304 -
186.78.57.210 - - [03/Mar/2016:10:51:47 -0300] "GET /cormun/servlet/solicitudot?INS,0,0, HTTP/1.1" 200 11428
192.168.10.98 - - [03/Mar/2016:10:51:52 -0300] "POST /cormun/servlet/hlogin?4e4f347e7296876dddfe60efedbcaae4,gx-no-cache=1457012864519 HTTP/1.1" 200 90
192.168.10.98 - - [03/Mar/2016:10:51:52 -0300] "GET /cormun/servlet/hpexe_link HTTP/1.1" 200 954
192.168.10.98 - - [03/Mar/2016:10:51:52 -0300] "GET /cormun/servlet/hhome HTTP/1.1" 200 3678
192.168.10.98 - - [03/Mar/2016:10:51:52 -0300] "GET /cormun/servlet/hhome HTTP/1.1" 200 3676
186.78.57.210 - - [03/Mar/2016:10:51:55 -0300] "GET /cormun/servlet/trvisualizadoreventos? HTTP/1.1" 200 5955
186.78.57.210 - - [03/Mar/2016:10:51:56 -0300] "GET /cormun/static/gxcfg.js?2016251828014 HTTP/1.1" 200 953
186.78.57.210 - - [03/Mar/2016:10:51:56 -0300] "GET /cormun/static/trvisualizadoreventos.js?2016251828276 HTTP/1.1" 200 19096
186.78.57.210 - - [03/Mar/2016:10:51:57 -0300] "GET /cormun/servlet/trvisualizadoreventos? HTTP/1.1" 200 5950
200.112.233.47 - - [03/Mar/2016:10:51:57 -0300] "POST /cormun/servlet/trsolicitudot?53f376d99183f74e95a185e04ff5c7b4,,gx-no-cache=1457013145734 HTTP/1.1" 200 3360
192.168.10.98 - - [03/Mar/2016:10:51:57 -0300] "GET /cormun/servlet/trsolicitudgral? HTTP/1.1" 200 8568
200.112.233.47 - - [03/Mar/2016:10:51:57 -0300] "GET /cormun/static/Shared/jqueryui/images/ui-bg_highlight-soft_100_c6c2c8_1x100.png HTTP/1.1" 404 1117
200.112.233.47 - - [03/Mar/2016:10:51:57 -0300] "GET /cormun/static/Shared/jqueryui/images/ui-bg_flat_55_fafafa_40x100.png HTTP/1.1" 404 1097
200.112.233.47 - - [03/Mar/2016:10:51:57 -0300] "GET /cormun/static/Shared/jqueryui/images/ui-icons_82798d_256x240.png HTTP/1.1" 404 1089
200.112.233.47 - - [03/Mar/2016:10:51:57 -0300] "GET /cormun/static/Shared/jqueryui/images/ui-icons_8d78a5_256x240.png HTTP/1.1" 404 1089
200.112.233.47 - - [03/Mar/2016:10:51:58 -0300] "POST /cormun/servlet/trsolicitudot?53f376d99183f74e95a185e04ff5c7b4,,gx-no-cache=1457013146156 HTTP/1.1" 200 3212
192.168.10.98 - - [03/Mar/2016:10:51:58 -0300] "GET /cormun/servlet/trsolicitudgral? HTTP/1.1" 200 8566
186.78.57.210 - - [03/Mar/2016:10:52:01 -0300] "GET /cormun/static/menuarrow.gif HTTP/1.1" 404 1015
192.168.10.98 - - [03/Mar/2016:10:52:01 -0300] "POST /cormun/servlet/trsolicitudgral?4e4f347e7296876dddfe60efedbcaae4,,gx-no-cache=1457012874377 HTTP/1.1" 200 5872
192.168.10.98 - - [03/Mar/2016:10:52:02 -0300] "POST /cormun/servlet/trsolicitudgral?4e4f347e7296876dddfe60efedbcaae4,,gx-no-cache=1457012874622 HTTP/1.1" 200 5873
192.168.10.98 - - [03/Mar/2016:10:52:02 -0300] "POST /cormun/servlet/trsolicitudgral?4e4f347e7296876dddfe60efedbcaae4,,gx-no-cache=1457012874860 HTTP/1.1" 200 5873
192.168.10.98 - - [03/Mar/2016:10:52:02 -0300] "POST /cormun/servlet/trsolicitudgral?4e4f347e7296876dddfe60efedbcaae4,,gx-no-cache=1457012875044 HTTP/1.1" 200 5872
186.78.57.210 - - [03/Mar/2016:10:52:04 -0300] "GET /cormun/servlet/trvisualizadoreventos?5a49bdae2c68333ab4144f9181a5167ac8cd24f530ddebc0a92dafd57294390cbed4229275fd5a1093e0bb6c45918c444b641d07ce5849586ca7cdcd6493f5da06c0e7ebe0e2f6c63080f16be3af870b09132cc2dc67f8c01b83d3fa6a4697d42311d42fe3c31430cb06dbd96b66065203015ccc7b8430f7f7b55df079af474c51332eaf06756bb47cd4a3069ee4c1dfa4ab56aaf0e9e4a6639ea4ce40f0ecc11b211676428b8238917301200ec8b35500ca9add7d2d12954a6a219750961598,gx-no-cache=1457013183406 HTTP/1.1" 200 565
186.78.57.210 - - [03/Mar/2016:10:52:05 -0300] "POST /cormun/servlet/trvisualizadoreventos?47b2748899f65881853b1d07e208b3a8,,gx-no-cache=1457013184500 HTTP/1.1" 200 3364
192.168.10.98 - - [03/Mar/2016:10:52:05 -0300] "POST /cormun/servlet/trsolicitudgral?4e4f347e7296876dddfe60efedbcaae4,,gx-no-cache=1457012878207 HTTP/1.1" 200 5872
192.168.10.98 - - [03/Mar/2016:10:52:06 -0300] "POST /cormun/servlet/trsolicitudgral?4e4f347e7296876dddfe60efedbcaae4,,gx-no-cache=1457012878408 HTTP/1.1" 200 5871
192.168.10.98 - - [03/Mar/2016:10:52:06 -0300] "POST /cormun/servlet/trsolicitudgral?4e4f347e7296876dddfe60efedbcaae4,,gx-no-cache=1457012878629 HTTP/1.1" 200 5871
186.78.57.210 - - [03/Mar/2016:10:52:06 -0300] "POST /cormun/servlet/trvisualizadoreventos?47b2748899f65881853b1d07e208b3a8,,gx-no-cache=1457013185174 HTTP/1.1" 200 3364
192.168.10.98 - - [03/Mar/2016:10:52:08 -0300] "POST /cormun/servlet/trsolicitudgral?4e4f347e7296876dddfe60efedbcaae4,,gx-no-cache=1457012881390 HTTP/1.1" 200 4471
192.168.10.98 - - [03/Mar/2016:10:52:09 -0300] "GET /cormun/servlet/trsolicitudgral?86651daf573a191c6b818906914ec73e57cbdb0d8cbf67d63e0c88d7ec3b9a23a11f2ca51abfea53127baf39229c3b3510d9299fcca6c2be6f9303c4bb7a28b87291e2be1784bdfa10366b6baab9a65daa8bbad4fe9b0c83abc675228b174302,gx-no-cache=1457012881798 HTTP/1.1" 200 636
192.168.10.98 - - [03/Mar/2016:10:52:11 -0300] "POST /cormun/servlet/trsolicitudgral?4e4f347e7296876dddfe60efedbcaae4,,gx-no-cache=1457012884410 HTTP/1.1" 200 4469
192.168.10.98 - - [03/Mar/2016:10:52:12 -0300] "GET /cormun/servlet/trsolicitudgral?86651daf573a191c6b818906914ec73ed1dfd1d5e12fe921172fa022a911863e5a6869f070c8161d7129ca918401278810d9299fcca6c2be6f9303c4bb7a28b87291e2be1784bdfa10366b6baab9a65daa8bbad4fe9b0c83abc675228b174302,gx-no-cache=1457012884818 HTTP/1.1" 200 634
192.168.10.98 - - [03/Mar/2016:10:52:18 -0300] "POST /cormun/servlet/trsolicitudgral?4e4f347e7296876dddfe60efedbcaae4,,gx-no-cache=1457012891062 HTTP/1.1" 200 4470
192.168.10.98 - - [03/Mar/2016:10:52:18 -0300] "GET /cormun/servlet/trsolicitudgral?86651daf573a191c6b818906914ec73e5b2e4512aa3f2780eba7dd80ae9754995a6869f070c8161d7129ca918401278810d9299fcca6c2be6f9303c4bb7a28b87291e2be1784bdfa10366b6baab9a65daa8bbad4fe9b0c83abc675228b174302,gx-no-cache=1457012891470 HTTP/1.1" 200 635
186.78.57.210 - - [03/Mar/2016:10:52:19 -0300] "GET /cormun/servlet/trvisualizadoreventos?5a49bdae2c68333ab4144f9181a5167ac8cd24f530ddebc0a92dafd57294390cbed4229275fd5a1093e0bb6c45918c444b641d07ce5849586ca7cdcd6493f5da06c0e7ebe0e2f6c63080f16be3af870b09132cc2dc67f8c01b83d3fa6a4697d42311d42fe3c31430cb06dbd96b66065203015ccc7b8430f7f7b55df079af474c51332eaf06756bb47cd4a3069ee4c1dfa4ab56aaf0e9e4a6639ea4ce40f0ecc183daad54cc1e1c12ccb9f09fd6b4eecb08c944abb623cae6712f6ae7f54dfbd4,gx-no-cache=1457013198875 HTTP/1.1" 200 568
192.168.10.98 - - [03/Mar/2016:10:52:21 -0300] "POST /cormun/servlet/trsolicitudgral?4e4f347e7296876dddfe60efedbcaae4,,gx-no-cache=1457012893736 HTTP/1.1" 200 4471
192.168.10.98 - - [03/Mar/2016:10:52:21 -0300] "GET /cormun/servlet/trsolicitudgral?86651daf573a191c6b818906914ec73ea723ccdee1d10f36b91125a55187b1625a6869f070c8161d7129ca918401278810d9299fcca6c2be6f9303c4bb7a28b87291e2be1784bdfa10366b6baab9a65daa8bbad4fe9b0c83abc675228b174302,gx-no-cache=1457012894141 HTTP/1.1" 200 636
192.168.10.98 - - [03/Mar/2016:10:52:23 -0300] "POST /cormun/servlet/trsolicitudgral?4e4f347e7296876dddfe60efedbcaae4,,gx-no-cache=1457012896117 HTTP/1.1" 200 4471
192.168.10.98 - - [03/Mar/2016:10:52:24 -0300] "GET /cormun/servlet/trsolicitudgral?86651daf573a191c6b818906914ec73e57cbdb0d8cbf67d63e0c88d7ec3b9a235a6869f070c8161d7129ca918401278810d9299fcca6c2be6f9303c4bb7a28b87291e2be1784bdfa10366b6baab9a65daa8bbad4fe9b0c83abc675228b174302,gx-no-cache=1457012896521 HTTP/1.1" 200 636
192.168.10.98 - - [03/Mar/2016:10:52:26 -0300] "POST /cormun/servlet/trsolicitudgral?4e4f347e7296876dddfe60efedbcaae4,,gx-no-cache=1457012898457 HTTP/1.1" 200 4471
192.168.10.98 - - [03/Mar/2016:10:52:26 -0300] "GET /cormun/servlet/trsolicitudgral?86651daf573a191c6b818906914ec73e8b2e435380b17b936679140e6e0113305a6869f070c8161d7129ca918401278810d9299fcca6c2be6f9303c4bb7a28b87291e2be1784bdfa10366b6baab9a65daa8bbad4fe9b0c83abc675228b174302,gx-no-cache=1457012898860 HTTP/1.1" 200 637
192.168.10.98 - - [03/Mar/2016:10:52:28 -0300] "POST /cormun/servlet/trsolicitudgral?4e4f347e7296876dddfe60efedbcaae4,,gx-no-cache=1457012900573 HTTP/1.1" 200 4472
192.168.10.98 - - [03/Mar/2016:10:52:28 -0300] "GET /cormun/servlet/trsolicitudgral?86651daf573a191c6b818906914ec73e7c2002a34c2caabdcf953c1b141dc6755a6869f070c8161d7129ca918401278810d9299fcca6c2be6f9303c4bb7a28b87291e2be1784bdfa10366b6baab9a65daa8bbad4fe9b0c83abc675228b174302,gx-no-cache=1457012900978 HTTP/1.1" 200 637
192.168.10.98 - - [03/Mar/2016:10:52:32 -0300] "POST /cormun/servlet/trsolicitudgral?4e4f347e7296876dddfe60efedbcaae4,,gx-no-cache=1457012905092 HTTP/1.1" 200 4472
186.78.57.210 - - [03/Mar/2016:10:52:32 -0300] "GET /cormun/servlet/trvisualizadoreventos?5a49bdae2c68333ab4144f9181a5167a32ec646206b361019934fdcfcd532e3c5a322e3d2e8ae8fce62742db3750e46cd5e6a15a0245fd080788f1f7595ac18983775c955b5750c56e3859d4d6a928eed0077ce7a173ae8dc91ea4f2eca99ef102a44aa22e960bd9bde31874e27bcc73e49b8d20121f52f79972ffb702516fe4233fb3b21667e0ad1502f62892a89b0bd35b156ff65138a471dfc2bf1274f36609d02ed618943d28eebcbeaefa49bb55f62fa7529612df25598439f61e14268cdd9e96aa7d8ea484af62e47c500cb145,gx-no-cache=1457013210281 HTTP/1.1" 200 569
192.168.10.98 - - [03/Mar/2016:10:52:33 -0300] "GET /cormun/servlet/trsolicitudgral?86651daf573a191c6b818906914ec73e5cf1019664d3fefeee20ad841a2690fb5a6869f070c8161d7129ca918401278810d9299fcca6c2be6f9303c4bb7a28b87291e2be1784bdfa10366b6baab9a65daa8bbad4fe9b0c83abc675228b174302,gx-no-cache=1457012905496 HTTP/1.1" 200 638
192.168.10.98 - - [03/Mar/2016:10:52:34 -0300] "POST /cormun/servlet/trsolicitudgral?4e4f347e7296876dddfe60efedbcaae4,,gx-no-cache=1457012907132 HTTP/1.1" 200 4472
192.168.10.98 - - [03/Mar/2016:10:52:35 -0300] "GET /cormun/servlet/trsolicitudgral?86651daf573a191c6b818906914ec73e0a6729af9cfd404bf8105348526db7e75a6869f070c8161d7129ca918401278810d9299fcca6c2be6f9303c4bb7a28b87291e2be1784bdfa10366b6baab9a65daa8bbad4fe9b0c83abc675228b174302,gx-no-cache=1457012907536 HTTP/1.1" 200 637
186.78.57.210 - - [03/Mar/2016:10:52:37 -0300] "POST /cormun/servlet/trvisualizadoreventos?47b2748899f65881853b1d07e208b3a8,,gx-no-cache=1457013212499 HTTP/1.1" 200 3368
192.168.10.98 - - [03/Mar/2016:10:52:38 -0300] "GET /cormun/static/menuarrow.gif HTTP/1.1" 404 1015
186.78.57.210 - - [03/Mar/2016:10:52:40 -0300] "POST /cormun/servlet/trvisualizadoreventos?47b2748899f65881853b1d07e208b3a8,,gx-no-cache=1457013219419 HTTP/1.1" 200 90
186.78.57.210 - - [03/Mar/2016:10:52:41 -0300] "GET /cormun/servlet/hpexe_link HTTP/1.1" 200 973
186.78.57.210 - - [03/Mar/2016:10:52:41 -0300] "GET /cormun/static/Resources/Spanish/PXTools.css?005343 HTTP/1.1" 304 -
186.78.57.210 - - [03/Mar/2016:10:52:42 -0300] "GET /cormun/static/gxcfg.js?20151120044395 HTTP/1.1" 304 -
186.78.57.210 - - [03/Mar/2016:10:52:42 -0300] "GET /cormun/static/hpexe_link.js?20151120044398 HTTP/1.1" 304 -
186.78.57.210 - - [03/Mar/2016:10:52:42 -0300] "GET /cormun/servlet/solicitudot?INS,0,0, HTTP/1.1" 200 11425
186.78.57.210 - - [03/Mar/2016:10:52:43 -0300] "GET /cormun/servlet/solicitudot?INS,0,0, HTTP/1.1" 200 11429
192.168.10.98 - - [03/Mar/2016:10:52:45 -0300] "POST /cormun/servlet/trsolicitudgral?4e4f347e7296876dddfe60efedbcaae4,,gx-no-cache=1457012917412 HTTP/1.1" 200 4479
192.168.10.98 - - [03/Mar/2016:10:52:45 -0300] "POST /cormun/servlet/trsolicitudgral?4e4f347e7296876dddfe60efedbcaae4,,gx-no-cache=1457012917694 HTTP/1.1" 200 4479
192.168.10.98 - - [03/Mar/2016:10:52:45 -0300] "POST /cormun/servlet/trsolicitudgral?4e4f347e7296876dddfe60efedbcaae4,,gx-no-cache=1457012917940 HTTP/1.1" 200 4479
192.168.10.98 - - [03/Mar/2016:10:52:45 -0300] "POST /cormun/servlet/trsolicitudgral?4e4f347e7296876dddfe60efedbcaae4,,gx-no-cache=1457012918185 HTTP/1.1" 200 4479
192.168.10.98 - - [03/Mar/2016:10:52:46 -0300] "POST /cormun/servlet/trsolicitudgral?4e4f347e7296876dddfe60efedbcaae4,,gx-no-cache=1457012918430 HTTP/1.1" 200 4476
192.168.10.98 - - [03/Mar/2016:10:52:46 -0300] "GET /cormun/servlet/trsolicitudgral?86651daf573a191c6b818906914ec73ed1dfd1d5e12fe921172fa022a911863e5a6869f070c8161d7129ca918401278897fc411afcfc8302dbcc29b33ca6dec13607b65e5ea4299a4d5eb8d9837c8243,gx-no-cache=1457012918836 HTTP/1.1" 200 631
192.168.10.98 - - [03/Mar/2016:10:52:50 -0300] "POST /cormun/servlet/trsolicitudgral?4e4f347e7296876dddfe60efedbcaae4,,gx-no-cache=1457012923308 HTTP/1.1" 200 4476
192.168.10.98 - - [03/Mar/2016:10:52:51 -0300] "GET /cormun/servlet/trsolicitudgral?86651daf573a191c6b818906914ec73e5b2e4512aa3f2780eba7dd80ae9754995a6869f070c8161d7129ca918401278897fc411afcfc8302dbcc29b33ca6dec13607b65e5ea4299a4d5eb8d9837c8243,gx-no-cache=1457012923713 HTTP/1.1" 200 633
192.168.10.98 - - [03/Mar/2016:10:52:54 -0300] "POST /cormun/servlet/trsolicitudgral?4e4f347e7296876dddfe60efedbcaae4,,gx-no-cache=1457012927051 HTTP/1.1" 200 4477
192.168.10.98 - - [03/Mar/2016:10:52:54 -0300] "GET /cormun/servlet/trsolicitudgral?86651daf573a191c6b818906914ec73ea723ccdee1d10f36b91125a55187b1625a6869f070c8161d7129ca918401278897fc411afcfc8302dbcc29b33ca6dec13607b65e5ea4299a4d5eb8d9837c8243,gx-no-cache=1457012927465 HTTP/1.1" 200 634
192.168.10.98 - - [03/Mar/2016:10:52:56 -0300] "POST /cormun/servlet/trsolicitudgral?4e4f347e7296876dddfe60efedbcaae4,,gx-no-cache=1457012929047 HTTP/1.1" 200 4477
192.168.10.98 - - [03/Mar/2016:10:52:56 -0300] "POST /cormun/servlet/trsolicitudgral?4e4f347e7296876dddfe60efedbcaae4,,gx-no-cache=1457012929311 HTTP/1.1" 200 4477
192.168.10.98 - - [03/Mar/2016:10:53:02 -0300] "POST /cormun/servlet/trsolicitudgral?4e4f347e7296876dddfe60efedbcaae4,,gx-no-cache=1457012934737 HTTP/1.1" 200 5603
186.78.57.210 - - [03/Mar/2016:10:53:02 -0300] "GET /cormun/servlet/trsolicitudot? HTTP/1.1" 200 7531
192.168.10.98 - - [03/Mar/2016:10:53:02 -0300] "GET /cormun/servlet/trsolicitudgral?86651daf573a191c6b818906914ec73e7c2002a34c2caabdcf953c1b141dc6755a6869f070c8161d7129ca918401278897fc411afcfc8302dbcc29b33ca6dec13607b65e5ea4299a4d5eb8d9837c8243,gx-no-cache=1457012935157 HTTP/1.1" 200 1835
186.78.57.210 - - [03/Mar/2016:10:53:02 -0300] "GET /cormun/servlet/trsolicitudot? HTTP/1.1" 200 7530
192.168.10.98 - - [03/Mar/2016:10:53:13 -0300] "POST /cormun/servlet/trsolicitudgral?4e4f347e7296876dddfe60efedbcaae4,,gx-no-cache=1457012945373 HTTP/1.1" 200 7991
192.168.10.98 - - [03/Mar/2016:10:53:14 -0300] "GET /cormun/servlet/trsolicitudgral?86651daf573a191c6b818906914ec73e57cbdb0d8cbf67d63e0c88d7ec3b9a23650a97ffbd244f385bca3bae1367f1d010d9299fcca6c2be6f9303c4bb7a28b8a1b178f0474e5daf8ca97579c30c69bcaa8bbad4fe9b0c83abc675228b174302,gx-no-cache=1457012946749 HTTP/1.1" 200 4663
186.78.57.210 - - [03/Mar/2016:10:53:46 -0300] "GET /cormun/servlet/trvisualizadoreventos? HTTP/1.1" 200 5958
186.78.57.210 - - [03/Mar/2016:10:53:47 -0300] "GET /cormun/servlet/trvisualizadoreventos? HTTP/1.1" 200 5958
186.78.57.210 - - [03/Mar/2016:10:53:49 -0300] "POST /cormun/servlet/trvisualizadoreventos?47b2748899f65881853b1d07e208b3a8,,gx-no-cache=1457013289272 HTTP/1.1" 200 3262
186.78.57.210 - - [03/Mar/2016:10:53:50 -0300] "POST /cormun/servlet/trvisualizadoreventos?47b2748899f65881853b1d07e208b3a8,,gx-no-cache=1457013289581 HTTP/1.1" 200 3262
186.78.57.210 - - [03/Mar/2016:10:53:50 -0300] "POST /cormun/servlet/trvisualizadoreventos?47b2748899f65881853b1d07e208b3a8,,gx-no-cache=1457013289893 HTTP/1.1" 200 3262
192.168.10.98 - - [03/Mar/2016:10:53:58 -0300] "POST /cormun/servlet/trsolicitudgral?4e4f347e7296876dddfe60efedbcaae4,,gx-no-cache=1457012990744 HTTP/1.1" 200 4477
192.168.10.98 - - [03/Mar/2016:10:53:58 -0300] "GET /cormun/servlet/trsolicitudgral?86651daf573a191c6b818906914ec73e5b2e4512aa3f2780eba7dd80ae9754995c08026edec4dfd62998810cc028b2eeb3eb4c02baeec76e7d6fda239e37f10949c6cef2a6d78bf8d0d9705ce4d567993b77169ea8589d19a5b73385bec19646,gx-no-cache=1457012991150 HTTP/1.1" 200 639
186.78.57.210 - - [03/Mar/2016:10:53:59 -0300] "GET /cormun/servlet/trvisualizadoreventos?5a49bdae2c68333ab4144f9181a5167af7cf6d10320837d24c850be28095ce755381430b725404b98ff1b751d62000d1dc7df2b1bf9645e3df4e3107fc1957479b7837a0a3535f2e5fce246fc68b83ff40dc737e9b8374c0c919860aa14a824f38f7aeca83aa66fc2cad4773a435cf5d94128944e77ec1f70b3288e26d441674af15582c89ebdb45f7a7359cb801249ed11400ff927789431973f2fc4207011294f084252161ed8933af91c43a5fa1d6d4746076d186139506a93fd9d026a2722dba658965d3604ce0c27a35fecbbc68,gx-no-cache=1457013298855 HTTP/1.1" 200 571
186.78.57.210 - - [03/Mar/2016:10:54:00 -0300] "POST /cormun/servlet/trvisualizadoreventos?47b2748899f65881853b1d07e208b3a8,,gx-no-cache=1457013299307 HTTP/1.1" 200 3269
186.78.57.210 - - [03/Mar/2016:10:54:16 -0300] "GET /cormun/servlet/trsolicitudot? HTTP/1.1" 200 7530
186.78.57.210 - - [03/Mar/2016:10:54:17 -0300] "GET /cormun/servlet/trsolicitudot? HTTP/1.1" 200 7530
186.78.57.210 - - [03/Mar/2016:10:54:23 -0300] "GET /cormun/servlet/solicitudot?INS,0,0, HTTP/1.1" 200 11422
186.78.57.210 - - [03/Mar/2016:10:54:23 -0300] "GET /cormun/servlet/solicitudot?INS,0,0, HTTP/1.1" 200 11426
186.78.57.210 - - [03/Mar/2016:10:54:31 -0300] "GET /cormun/Manuales/manual.pdf HTTP/1.1" 206 32768
186.78.57.210 - - [03/Mar/2016:10:54:33 -0300] "GET /cormun/Manuales/manual.pdf HTTP/1.1" 206 817527
186.78.57.210 - - [03/Mar/2016:10:54:41 -0300] "GET /cormun/servlet/solicitudot?INS,0,0, HTTP/1.1" 200 11422
186.78.57.210 - - [03/Mar/2016:10:54:42 -0300] "GET /cormun/servlet/solicitudot?INS,0,0, HTTP/1.1" 200 11426
186.78.57.210 - - [03/Mar/2016:10:54:59 -0300] "GET /cormun/servlet/trvisualizadoreventos? HTTP/1.1" 200 5972
186.78.57.210 - - [03/Mar/2016:10:54:59 -0300] "GET /cormun/servlet/trvisualizadoreventos? HTTP/1.1" 200 5967
186.78.57.210 - - [03/Mar/2016:10:55:04 -0300] "POST /cormun/servlet/trvisualizadoreventos?47b2748899f65881853b1d07e208b3a8,,gx-no-cache=1457013363776 HTTP/1.1" 200 3275
186.78.57.210 - - [03/Mar/2016:10:55:04 -0300] "POST /cormun/servlet/trvisualizadoreventos?47b2748899f65881853b1d07e208b3a8,,gx-no-cache=1457013364171 HTTP/1.1" 200 3275
186.78.57.210 - - [03/Mar/2016:10:55:05 -0300] "POST /cormun/servlet/trvisualizadoreventos?47b2748899f65881853b1d07e208b3a8,,gx-no-cache=1457013364516 HTTP/1.1" 200 3275
186.78.57.210 - - [03/Mar/2016:10:55:05 -0300] "POST /cormun/servlet/trvisualizadoreventos?47b2748899f65881853b1d07e208b3a8,,gx-no-cache=1457013364821 HTTP/1.1" 200 3275
186.78.57.210 - - [03/Mar/2016:10:55:05 -0300] "POST /cormun/servlet/trvisualizadoreventos?47b2748899f65881853b1d07e208b3a8,,gx-no-cache=1457013365114 HTTP/1.1" 200 3275
186.78.57.210 - - [03/Mar/2016:10:55:12 -0300] "POST /cormun/servlet/trvisualizadoreventos?47b2748899f65881853b1d07e208b3a8,,gx-no-cache=1457013372339 HTTP/1.1" 200 3274
186.78.57.210 - - [03/Mar/2016:10:55:17 -0300] "POST /cormun/servlet/trvisualizadoreventos?47b2748899f65881853b1d07e208b3a8,,gx-no-cache=1457013376955 HTTP/1.1" 200 90
186.78.57.210 - - [03/Mar/2016:10:55:17 -0300] "GET /cormun/servlet/hpexe_link HTTP/1.1" 200 973
186.78.57.210 - - [03/Mar/2016:10:55:17 -0300] "GET /cormun/servlet/solicitudot?INS,0,0, HTTP/1.1" 200 11424
186.78.57.210 - - [03/Mar/2016:10:55:18 -0300] "GET /cormun/servlet/solicitudot?INS,0,0, HTTP/1.1" 200 11428
186.103.157.42 - - [03/Mar/2016:10:55:32 -0300] "GET /cormun/servlet/rrhh HTTP/1.1" 404 999
186.103.157.42 - - [03/Mar/2016:10:55:32 -0300] "GET /favicon.ico HTTP/1.1" 200 21630
192.168.10.98 - - [03/Mar/2016:10:57:33 -0300] "POST /cormun/servlet/trsolicitudgral?4e4f347e7296876dddfe60efedbcaae4,,gx-no-cache=1457013205404 HTTP/1.1" 200 7990
192.168.10.98 - - [03/Mar/2016:10:57:34 -0300] "GET /cormun/servlet/trsolicitudgral?86651daf573a191c6b818906914ec73e57cbdb0d8cbf67d63e0c88d7ec3b9a235a6869f070c8161d7129ca918401278810d9299fcca6c2be6f9303c4bb7a28b8630df0f7e1eed9c247e35e9a69beb280aa8bbad4fe9b0c83abc675228b174302,gx-no-cache=1457013206815 HTTP/1.1" 200 4663
192.168.10.98 - - [03/Mar/2016:10:57:40 -0300] "POST /cormun/servlet/trsolicitudgral?4e4f347e7296876dddfe60efedbcaae4,,gx-no-cache=1457013212643 HTTP/1.1" 200 4476
192.168.10.98 - - [03/Mar/2016:10:57:40 -0300] "GET /cormun/servlet/trsolicitudgral?86651daf573a191c6b818906914ec73e5b2e4512aa3f2780eba7dd80ae9754995c08026edec4dfd62998810cc028b2eeb3eb4c02baeec76e7d6fda239e37f10949c6cef2a6d78bf8d0d9705ce4d567993b77169ea8589d19a5b73385bec19646,gx-no-cache=1457013213048 HTTP/1.1" 200 639
192.168.10.98 - - [03/Mar/2016:10:57:42 -0300] "POST /cormun/servlet/trsolicitudgral?4e4f347e7296876dddfe60efedbcaae4,,gx-no-cache=1457013214879 HTTP/1.1" 200 4475
192.168.10.98 - - [03/Mar/2016:10:57:42 -0300] "GET /cormun/servlet/trsolicitudgral?86651daf573a191c6b818906914ec73ed1dfd1d5e12fe921172fa022a911863e5a6869f070c8161d7129ca918401278810d9299fcca6c2be6f9303c4bb7a28b8630df0f7e1eed9c247e35e9a69beb280aa8bbad4fe9b0c83abc675228b174302,gx-no-cache=1457013215300 HTTP/1.1" 200 638
192.168.10.98 - - [03/Mar/2016:10:57:45 -0300] "POST /cormun/servlet/trsolicitudgral?4e4f347e7296876dddfe60efedbcaae4,,gx-no-cache=1457013217635 HTTP/1.1" 200 4476
192.168.10.98 - - [03/Mar/2016:10:57:45 -0300] "POST /cormun/servlet/trsolicitudgral?4e4f347e7296876dddfe60efedbcaae4,,gx-no-cache=1457013218013 HTTP/1.1" 200 4474
192.168.10.98 - - [03/Mar/2016:10:57:45 -0300] "POST /cormun/servlet/trsolicitudgral?4e4f347e7296876dddfe60efedbcaae4,,gx-no-cache=1457013218372 HTTP/1.1" 200 4476
192.168.10.98 - - [03/Mar/2016:10:57:46 -0300] "POST /cormun/servlet/trsolicitudgral?4e4f347e7296876dddfe60efedbcaae4,,gx-no-cache=1457013218742 HTTP/1.1" 200 17105
186.103.159.189 - - [03/Mar/2016:10:57:49 -0300] "POST /cormun/servlet/trsolicitudot?cc9a2a94163d3422237000fdd44494cf,,gx-no-cache=1457013497404 HTTP/1.1" 200 3237
186.103.159.189 - - [03/Mar/2016:10:57:49 -0300] "POST /cormun/servlet/trsolicitudot?cc9a2a94163d3422237000fdd44494cf,,gx-no-cache=1457013497768 HTTP/1.1" 200 3238
186.103.159.189 - - [03/Mar/2016:10:57:49 -0300] "POST /cormun/servlet/trsolicitudot?cc9a2a94163d3422237000fdd44494cf,,gx-no-cache=1457013498038 HTTP/1.1" 200 3237
186.103.159.189 - - [03/Mar/2016:10:57:50 -0300] "POST /cormun/servlet/trsolicitudot?cc9a2a94163d3422237000fdd44494cf,,gx-no-cache=1457013498346 HTTP/1.1" 200 3237
186.103.159.189 - - [03/Mar/2016:10:57:50 -0300] "POST /cormun/servlet/trsolicitudot?cc9a2a94163d3422237000fdd44494cf,,gx-no-cache=1457013498689 HTTP/1.1" 200 3237
186.103.159.189 - - [03/Mar/2016:10:57:51 -0300] "POST /cormun/servlet/trsolicitudot?cc9a2a94163d3422237000fdd44494cf,,gx-no-cache=1457013498971 HTTP/1.1" 200 3237
186.103.159.189 - - [03/Mar/2016:10:57:51 -0300] "POST /cormun/servlet/trsolicitudot?cc9a2a94163d3422237000fdd44494cf,,gx-no-cache=1457013499433 HTTP/1.1" 200 3237
186.103.159.189 - - [03/Mar/2016:10:57:51 -0300] "POST /cormun/servlet/trsolicitudot?cc9a2a94163d3422237000fdd44494cf,,gx-no-cache=1457013499724 HTTP/1.1" 200 3237
192.168.10.98 - - [03/Mar/2016:10:57:52 -0300] "GET /cormun/servlet/trsolicitudgral?86651daf573a191c6b818906914ec73ed1dfd1d5e12fe921172fa022a911863ea3e464a2307ccf6a9d8695f8df3ab51df0b54ff1f2edf932f7d4bd66a6647456bd24595eb4a19b3a1c611eecad318b33,gx-no-cache=1457013224592 HTTP/1.1" 200 16185
186.103.159.189 - - [03/Mar/2016:10:57:55 -0300] "GET /cormun/servlet/trvisualizadoreventos? HTTP/1.1" 200 5939
186.103.159.189 - - [03/Mar/2016:10:57:55 -0300] "GET /cormun/static/Resources/Spanish/PXTools.css?17554516 HTTP/1.1" 304 -
186.103.159.189 - - [03/Mar/2016:10:57:55 -0300] "GET /cormun/static/gxcfg.js?2016251828014 HTTP/1.1" 304 -
186.103.159.189 - - [03/Mar/2016:10:57:55 -0300] "GET /cormun/static/trvisualizadoreventos.js?2016251828276 HTTP/1.1" 304 -
186.103.159.189 - - [03/Mar/2016:10:57:57 -0300] "GET /cormun/servlet/trvisualizadoreventos? HTTP/1.1" 200 5939
186.103.159.189 - - [03/Mar/2016:10:58:02 -0300] "GET /cormun/servlet/trsolicitudot? HTTP/1.1" 200 6026
186.103.159.189 - - [03/Mar/2016:10:58:04 -0300] "GET /cormun/servlet/trsolicitudot? HTTP/1.1" 200 6025
192.168.10.98 - - [03/Mar/2016:10:58:10 -0300] "POST /cormun/servlet/trsolicitudot?4e4f347e7296876dddfe60efedbcaae4,,gx-no-cache=1457013243052 HTTP/1.1" 200 7488
192.168.10.98 - - [03/Mar/2016:10:58:11 -0300] "GET /cormun/servlet/trsolicitudot?86651daf573a191c6b818906914ec73e7c2002a34c2caabdcf953c1b141dc6755c08026edec4dfd62998810cc028b2ee1ffc0df4902b5d8abec2bd7a46998b8dc35800a8fb5c01b1d189317c7b116d6d5c70658dd79ed8ad96b70588e4efc8b7,gx-no-cache=1457013244233 HTTP/1.1" 200 2222
186.103.157.42 - - [03/Mar/2016:10:58:21 -0300] "GET /cormun/servlet/rrhh HTTP/1.1" 404 999
186.103.159.189 - - [03/Mar/2016:10:58:23 -0300] "POST /cormun/servlet/trsolicitudot?cc9a2a94163d3422237000fdd44494cf,,gx-no-cache=1457013531733 HTTP/1.1" 200 3242
186.103.159.189 - - [03/Mar/2016:10:58:24 -0300] "POST /cormun/servlet/trsolicitudot?cc9a2a94163d3422237000fdd44494cf,,gx-no-cache=1457013532123 HTTP/1.1" 200 3242
186.103.159.189 - - [03/Mar/2016:10:58:24 -0300] "POST /cormun/servlet/trsolicitudot?cc9a2a94163d3422237000fdd44494cf,,gx-no-cache=1457013532436 HTTP/1.1" 200 3242
186.103.159.189 - - [03/Mar/2016:10:58:24 -0300] "POST /cormun/servlet/trsolicitudot?cc9a2a94163d3422237000fdd44494cf,,gx-no-cache=1457013532775 HTTP/1.1" 200 3242
186.78.57.210 - - [03/Mar/2016:10:58:28 -0300] "GET /cormun/servlet/trsolicitudot? HTTP/1.1" 200 7531
186.78.57.210 - - [03/Mar/2016:10:58:29 -0300] "GET /cormun/servlet/trsolicitudot? HTTP/1.1" 200 7530
186.103.159.189 - - [03/Mar/2016:10:58:31 -0300] "POST /cormun/servlet/trsolicitudot?cc9a2a94163d3422237000fdd44494cf,,gx-no-cache=1457013539519 HTTP/1.1" 200 3243
186.103.159.189 - - [03/Mar/2016:10:58:31 -0300] "GET /cormun/servlet/trsolicitudot?4703e5ce9b18a1ed7404bed5949f8da8a8258190cf2cc563bfcf676d09731361429e6c78fd4e3b2d0d8b45f335765037567c6a40df76bdcb84732a3549dc235f94e78a832757971d59439f6d859010a796317ed1442cff0c2e38b79e33e6e212,gx-no-cache=1457013539927 HTTP/1.1" 200 772
186.103.159.189 - - [03/Mar/2016:10:58:41 -0300] "GET /cormun/servlet/trsolicitudot?4703e5ce9b18a1ed7404bed5949f8da8a8258190cf2cc563bfcf676d0973136155d5f423aeb11144b7ff171f0eed7d78567c6a40df76bdcb84732a3549dc235f94e78a832757971d59439f6d859010a796317ed1442cff0c2e38b79e33e6e212,gx-no-cache=1457013549659 HTTP/1.1" 200 772
186.103.159.189 - - [03/Mar/2016:10:58:41 -0300] "POST /cormun/servlet/trsolicitudot?cc9a2a94163d3422237000fdd44494cf,,gx-no-cache=1457013549238 HTTP/1.1" 200 3245
186.103.159.189 - - [03/Mar/2016:10:58:50 -0300] "POST /cormun/servlet/trsolicitudot?cc9a2a94163d3422237000fdd44494cf,,gx-no-cache=1457013559040 HTTP/1.1" 200 4677
186.103.159.189 - - [03/Mar/2016:10:58:51 -0300] "GET /cormun/servlet/trsolicitudot?4703e5ce9b18a1ed7404bed5949f8da8a8258190cf2cc563bfcf676d097313619d5ee895e89074c68b33470083685af5567c6a40df76bdcb84732a3549dc235f94e78a832757971d59439f6d859010a796317ed1442cff0c2e38b79e33e6e212,gx-no-cache=1457013559663 HTTP/1.1" 200 2186
186.103.159.189 - - [03/Mar/2016:10:58:57 -0300] "POST /cormun/servlet/trsolicitudot?cc9a2a94163d3422237000fdd44494cf,,gx-no-cache=1457013565265 HTTP/1.1" 200 4678
186.103.159.189 - - [03/Mar/2016:10:58:57 -0300] "POST /cormun/servlet/trsolicitudot?cc9a2a94163d3422237000fdd44494cf,,gx-no-cache=1457013565808 HTTP/1.1" 200 4676
186.103.159.189 - - [03/Mar/2016:10:58:58 -0300] "POST /cormun/servlet/trsolicitudot?cc9a2a94163d3422237000fdd44494cf,,gx-no-cache=1457013566225 HTTP/1.1" 200 4678
186.103.159.189 - - [03/Mar/2016:10:58:58 -0300] "POST /cormun/servlet/trsolicitudot?cc9a2a94163d3422237000fdd44494cf,,gx-no-cache=1457013566837 HTTP/1.1" 200 106
186.103.159.189 - - [03/Mar/2016:10:58:58 -0300] "GET /cormun/servlet/trsolicitudadjuntos?2016,430, HTTP/1.1" 200 7494
186.103.159.189 - - [03/Mar/2016:10:59:01 -0300] "GET /cormun/servlet/trsolicitudadjuntos?2016,430, HTTP/1.1" 200 7494
186.103.159.189 - - [03/Mar/2016:10:59:01 -0300] "GET /cormun//static/Resources/PXToolsActionDisabled.gif HTTP/1.1" 200 53
186.103.159.189 - - [03/Mar/2016:10:59:10 -0300] "POST /cormun/servlet/trsolicitudadjuntos?cc9a2a94163d3422237000fdd44494cf,2016,430,,gx-no-cache=1457013578516 HTTP/1.1" 200 6199
186.78.57.210 - - [03/Mar/2016:10:59:12 -0300] "POST /cormun/servlet/trsolicitudot?47b2748899f65881853b1d07e208b3a8,,gx-no-cache=1457013611809 HTTP/1.1" 200 5081
186.78.57.210 - - [03/Mar/2016:10:59:12 -0300] "GET /cormun/static/Shared/jqueryui/images/ui-bg_highlight-soft_100_c6c2c8_1x100.png HTTP/1.1" 404 1117
186.78.57.210 - - [03/Mar/2016:10:59:12 -0300] "GET /cormun/static/Shared/jqueryui/images/ui-bg_flat_55_fafafa_40x100.png HTTP/1.1" 404 1097
186.78.57.210 - - [03/Mar/2016:10:59:12 -0300] "GET /cormun/static/Shared/jqueryui/images/ui-icons_8d78a5_256x240.png HTTP/1.1" 404 1089
