186.78.45.190 - - [03/Mar/2016:12:41:01 -0300] "GET /cormun/static/Shared/jqueryui/jquery-ui.min-1.8.js HTTP/1.1" 200 213511
191.112.39.34 - - [03/Mar/2016:12:41:06 -0300] "GET /cormun/servlet/trsolicitudot? HTTP/1.1" 200 5794
191.112.39.34 - - [03/Mar/2016:12:41:06 -0300] "GET /cormun/static/gxcfg.js?201631185636 HTTP/1.1" 200 953
191.112.39.34 - - [03/Mar/2016:12:41:06 -0300] "GET /cormun/static/messages.spa.js?85251 HTTP/1.1" 304 -
191.112.39.34 - - [03/Mar/2016:12:41:06 -0300] "GET /cormun/static/hwchdr01.js?20162241650484 HTTP/1.1" 304 -
191.112.39.34 - - [03/Mar/2016:12:41:06 -0300] "GET /cormun/static/hpexe_recentlink.js?2015111312121342 HTTP/1.1" 304 -
191.112.39.34 - - [03/Mar/2016:12:41:06 -0300] "GET /cormun/static/trsolicitudot.js?2016311856838 HTTP/1.1" 200 45326
191.112.39.34 - - [03/Mar/2016:12:41:06 -0300] "GET /cormun/static/hpexe_scripts.js?20151120014546 HTTP/1.1" 304 -
191.112.39.34 - - [03/Mar/2016:12:41:06 -0300] "GET /cormun/static/hpexe_messagecontroller.js?2015112210524422 HTTP/1.1" 304 -
191.112.39.34 - - [03/Mar/2016:12:41:06 -0300] "GET /cormun/static/hpexe_messagepopupcomponent.js?20163219454551 HTTP/1.1" 304 -
191.112.39.34 - - [03/Mar/2016:12:41:06 -0300] "GET /cormun/static/hpexe_messagegenexuscomponent.js?20151120014314 HTTP/1.1" 304 -
191.112.39.34 - - [03/Mar/2016:12:41:06 -0300] "GET /cormun/static/Resources/Spanish/PXTools.css?18502099 HTTP/1.1" 200 89042
191.112.39.34 - - [03/Mar/2016:12:41:06 -0300] "GET /cormun/static/cmcontrolpreferences.js?20151120014525 HTTP/1.1" 304 -
191.112.39.34 - - [03/Mar/2016:12:41:06 -0300] "GET /cormun/static/hmpwkw03.js?2016311993330 HTTP/1.1" 304 -
191.112.39.34 - - [03/Mar/2016:12:41:07 -0300] "GET /cormun/servlet/trsolicitudot? HTTP/1.1" 200 5803
191.112.39.34 - - [03/Mar/2016:12:41:07 -0300] "GET /cormun/servlet/hlogin HTTP/1.1" 200 1723
191.112.39.34 - - [03/Mar/2016:12:41:07 -0300] "GET /cormun/static/Resources/Spanish/PXTools.css?005343 HTTP/1.1" 304 -
191.112.39.34 - - [03/Mar/2016:12:41:07 -0300] "GET /cormun/static/gxcfg.js?20151120045111 HTTP/1.1" 304 -
191.112.39.34 - - [03/Mar/2016:12:41:07 -0300] "GET /cormun/static/hlogin.js?20151120045126 HTTP/1.1" 304 -
191.112.39.34 - - [03/Mar/2016:12:41:36 -0300] "POST /cormun/servlet/hlogin?ecca53ff37e0436bd28eb552d0cb228f,gx-no-cache=1457019759484 HTTP/1.1" 200 90
191.112.39.34 - - [03/Mar/2016:12:41:36 -0300] "GET /cormun/servlet/hpexe_link HTTP/1.1" 200 945
191.112.39.34 - - [03/Mar/2016:12:41:36 -0300] "GET /cormun/static/gxcfg.js?20151120044395 HTTP/1.1" 304 -
191.112.39.34 - - [03/Mar/2016:12:41:36 -0300] "GET /cormun/static/hpexe_link.js?20151120044398 HTTP/1.1" 304 -
191.112.39.34 - - [03/Mar/2016:12:41:36 -0300] "GET /cormun/servlet/trsolicitudot HTTP/1.1" 200 7332
191.112.39.34 - - [03/Mar/2016:12:41:36 -0300] "GET /cormun//static/Resources/PXToolsActionView.png HTTP/1.1" 200 2995
191.112.39.34 - - [03/Mar/2016:12:41:37 -0300] "GET /cormun//static/Resources/PXToolsGridUpdate.png HTTP/1.1" 200 2984
191.112.39.34 - - [03/Mar/2016:12:41:37 -0300] "GET /cormun//static/Resources/PXToolsGridDelete.png HTTP/1.1" 200 357
191.112.39.34 - - [03/Mar/2016:12:41:37 -0300] "GET /cormun/servlet/trsolicitudot HTTP/1.1" 200 7331
191.112.39.34 - - [03/Mar/2016:12:41:37 -0300] "GET /cormun//static/Resources/PXToolsRemoveAllAction.png HTTP/1.1" 200 3558
191.112.39.34 - - [03/Mar/2016:12:41:37 -0300] "GET /cormun//static/Resources/PXTools/ActionInsert.png HTTP/1.1" 200 1482
186.78.45.190 - - [03/Mar/2016:12:41:44 -0300] "POST /cormun/servlet/prfichaempleado?bbe20fa7627856f01390cbeeedc8c8ed,,MD,,gxPopupLevel%3D0%3B,gx-no-cache=1457019730626 HTTP/1.1" 200 5048
191.112.39.34 - - [03/Mar/2016:12:41:50 -0300] "GET /cormun/servlet/trsolicitudot? HTTP/1.1" 200 7331
186.78.45.190 - - [03/Mar/2016:12:41:50 -0300] "GET /cormun/servlet/prfichaempleado?1532f0c65ed46dc4c6d99b8c16347d82b4aa3140581d3ffc93bc2347fa70e3fa51014346ad597dc9e5ab3fb64efe8beba7e89cf65f4f6db3560dcc7bcf42deaf,gx-no-cache=1457019736738 HTTP/1.1" 200 472
191.112.39.34 - - [03/Mar/2016:12:41:50 -0300] "GET /cormun/servlet/trsolicitudot? HTTP/1.1" 200 7331
186.78.45.190 - - [03/Mar/2016:12:41:51 -0300] "GET /cormun/servlet/prfichaempleado?1532f0c65ed46dc4c6d99b8c16347d8259a59835da19b28a81f0bd622c5a9b24c33303d1fc1dcd8a733e48265181ad01fac1cde28e97cc2e6a03a11e6a88b4d0,gx-no-cache=1457019737791 HTTP/1.1" 200 472
186.78.45.190 - - [03/Mar/2016:12:41:51 -0300] "GET /cormun/servlet/prfichaempleado?1532f0c65ed46dc4c6d99b8c16347d823facc8b88a26995702c0ef3ee4e37f5085fe95c7cd0857febe2ec1f39d4ffc5e7bab9e832bee3ceda23ebd76d94c39a897dea7004b81bb99040674c621756874,gx-no-cache=1457019738407 HTTP/1.1" 200 465
186.78.45.190 - - [03/Mar/2016:12:41:52 -0300] "GET /cormun/servlet/prfichaempleado?1532f0c65ed46dc4c6d99b8c16347d82ac6f84b999aa17493eaa8a4de9b878a04d4cc19f7b22647cebc6d389a3ea47d537e80c5a80630e418756dc4b60101f8d37cbeb762d988a693e5a6c9dd3dcc46e,gx-no-cache=1457019739430 HTTP/1.1" 200 467
186.78.45.190 - - [03/Mar/2016:12:41:53 -0300] "GET /cormun/servlet/prfichaempleado?1532f0c65ed46dc4c6d99b8c16347d82092efdf182dbbc5ff2cf65564cf29a8de1907a8713d773d1b219f9a9d17b72c955dafdd43b641375135a2349461b724a7ce05ddeaa8b3e23d1430a9aad5bdcc3,gx-no-cache=1457019740048 HTTP/1.1" 200 467
186.78.45.190 - - [03/Mar/2016:12:41:56 -0300] "GET /cormun/servlet/prfichaempleado?1532f0c65ed46dc4c6d99b8c16347d82092efdf182dbbc5ff2cf65564cf29a8d9f1cfe5d64f3d8bcded8c61efc8efff028d205cac32d86f5cdc7fd9cb699998dd506090fa670e5f04fad3c2c3ac999c6,gx-no-cache=1457019743352 HTTP/1.1" 200 472
191.112.17.11 - - [03/Mar/2016:12:41:56 -0300] "POST /cormun/servlet/veautorizarsolicitud?5619316feb5e38edb3968644c42d6612,2016,503,,General,gx-no-cache=1457019740765 HTTP/1.1" 200 93
191.112.17.11 - - [03/Mar/2016:12:41:56 -0300] "GET /cormun/servlet/hpexe_return? HTTP/1.1" 200 1027
191.112.17.11 - - [03/Mar/2016:12:41:57 -0300] "GET /cormun/servlet/trautorizarsolicitud? HTTP/1.1" 200 8010
191.112.17.11 - - [03/Mar/2016:12:41:57 -0300] "GET /cormun/servlet/trautorizarsolicitud? HTTP/1.1" 200 8006
186.78.45.190 - - [03/Mar/2016:12:41:57 -0300] "GET /cormun/servlet/prfichaempleado?1532f0c65ed46dc4c6d99b8c16347d82092efdf182dbbc5ff2cf65564cf29a8db570dc41a39794143b32e01f7a9eb283d3e6135deb699017aa86a95b98935b4988febe4ba19a95809717176d1ef56f61,gx-no-cache=1457019744383 HTTP/1.1" 200 473
186.78.45.190 - - [03/Mar/2016:12:41:58 -0300] "GET /cormun/servlet/prfichaempleado?1532f0c65ed46dc4c6d99b8c16347d82092efdf182dbbc5ff2cf65564cf29a8dfdab329b705d7f0ce10137789d426c7e7e27345ae921128e185089756728eaf52465ddb220f6f7e247c2eac8eb3e6b8d,gx-no-cache=1457019745040 HTTP/1.1" 200 475
191.112.17.11 - - [03/Mar/2016:12:42:00 -0300] "GET /cormun/servlet/veautorizarsolicitud?2016,504,, HTTP/1.1" 200 7564
191.112.17.11 - - [03/Mar/2016:12:42:00 -0300] "GET /cormun/pexe_scrolldiv.js HTTP/1.1" 404 1009
191.112.39.34 - - [03/Mar/2016:12:42:00 -0300] "GET /cormun/servlet/solicitudot?INS,0,0, HTTP/1.1" 200 11430
191.112.17.11 - - [03/Mar/2016:12:42:00 -0300] "GET /cormun/servlet/veautorizarsolicitud?2016,504,, HTTP/1.1" 200 7564
186.78.45.190 - - [03/Mar/2016:12:42:00 -0300] "POST /cormun/servlet/prfichaempleado?bbe20fa7627856f01390cbeeedc8c8ed,,MD,,gxPopupLevel%3D0%3B,gx-no-cache=1457019747338 HTTP/1.1" 200 2782
191.112.39.34 - - [03/Mar/2016:12:42:00 -0300] "GET /cormun/static/gxcfg.js?20163219435133 HTTP/1.1" 200 953
191.112.39.34 - - [03/Mar/2016:12:42:00 -0300] "GET /cormun/static/Resources/Spanish/PXTools.css?1944839 HTTP/1.1" 200 89042
191.112.39.34 - - [03/Mar/2016:12:42:00 -0300] "GET /cormun/static/solicitudot.js?20163219435183 HTTP/1.1" 200 44151
191.112.39.34 - - [03/Mar/2016:12:42:01 -0300] "GET /cormun/servlet/solicitudot?INS,0,0, HTTP/1.1" 200 11434
191.112.17.11 - - [03/Mar/2016:12:42:05 -0300] "POST /cormun/servlet/veautorizarsolicitud?5619316feb5e38edb3968644c42d6612,2016,504,,,gx-no-cache=1457019749845 HTTP/1.1" 200 93
191.112.17.11 - - [03/Mar/2016:12:42:05 -0300] "GET /cormun/servlet/hpexe_return? HTTP/1.1" 200 1020
191.112.17.11 - - [03/Mar/2016:12:42:06 -0300] "GET /cormun/servlet/trautorizarsolicitud HTTP/1.1" 200 8010
191.112.17.11 - - [03/Mar/2016:12:42:06 -0300] "GET /cormun/servlet/trautorizarsolicitud HTTP/1.1" 200 8006
186.78.45.190 - - [03/Mar/2016:12:42:09 -0300] "POST /cormun/servlet/solicitudot?gx-no-cache=1457019755906 HTTP/1.1" 200 2780
186.78.45.190 - - [03/Mar/2016:12:42:09 -0300] "POST /cormun/servlet/solicitudot?bbe20fa7627856f01390cbeeedc8c8ed,INS,0,0,,gx-no-cache=1457019756279 HTTP/1.1" 200 8461
191.112.39.34 - - [03/Mar/2016:12:42:14 -0300] "GET /cormun/servlet/prfichaempleado?,MD,,gxPopupLevel%3D0%3B HTTP/1.1" 200 7877
191.112.39.34 - - [03/Mar/2016:12:42:14 -0300] "GET /cormun/static/scaMessage/css/jquery-ui.css?104140 HTTP/1.1" 404 1045
191.112.39.34 - - [03/Mar/2016:12:42:14 -0300] "GET /cormun/static/gxcfg.js?201511151625694 HTTP/1.1" 200 953
191.112.39.34 - - [03/Mar/2016:12:42:14 -0300] "GET /cormun/static/prfichaempleado.js?201511151625857 HTTP/1.1" 200 14240
191.112.39.34 - - [03/Mar/2016:12:42:14 -0300] "GET /cormun/static/menusearch.js?20163219454787 HTTP/1.1" 200 1424
191.112.39.34 - - [03/Mar/2016:12:42:14 -0300] "GET /cormun/static/hmpwkw01.js?201511211495945 HTTP/1.1" 200 2037
191.112.39.34 - - [03/Mar/2016:12:42:14 -0300] "GET /cormun/static/Resources/Spanish/PXTools.css?16184758 HTTP/1.1" 200 89042
191.112.17.11 - - [03/Mar/2016:12:42:16 -0300] "GET /cormun/servlet/trautorizarsolicitud? HTTP/1.1" 200 8006
191.112.17.11 - - [03/Mar/2016:12:42:16 -0300] "GET /cormun/servlet/trautorizarsolicitud? HTTP/1.1" 200 8006
191.112.17.11 - - [03/Mar/2016:12:42:21 -0300] "POST /cormun/servlet/trautorizarsolicitud?5619316feb5e38edb3968644c42d6612,,gx-no-cache=1457019765520 HTTP/1.1" 200 5493
191.112.17.11 - - [03/Mar/2016:12:42:22 -0300] "POST /cormun/servlet/trautorizarsolicitud?5619316feb5e38edb3968644c42d6612,,gx-no-cache=1457019765934 HTTP/1.1" 200 5493
191.112.17.11 - - [03/Mar/2016:12:42:22 -0300] "POST /cormun/servlet/trautorizarsolicitud?5619316feb5e38edb3968644c42d6612,,gx-no-cache=1457019766372 HTTP/1.1" 200 5493
191.112.17.11 - - [03/Mar/2016:12:42:22 -0300] "POST /cormun/servlet/trautorizarsolicitud?5619316feb5e38edb3968644c42d6612,,gx-no-cache=1457019766802 HTTP/1.1" 200 5493
191.112.17.11 - - [03/Mar/2016:12:42:23 -0300] "POST /cormun/servlet/trautorizarsolicitud?5619316feb5e38edb3968644c42d6612,,gx-no-cache=1457019767280 HTTP/1.1" 200 5492
191.112.17.11 - - [03/Mar/2016:12:42:23 -0300] "POST /cormun/servlet/trautorizarsolicitud?5619316feb5e38edb3968644c42d6612,,gx-no-cache=1457019767728 HTTP/1.1" 200 5493
191.112.17.11 - - [03/Mar/2016:12:42:24 -0300] "POST /cormun/servlet/trautorizarsolicitud?5619316feb5e38edb3968644c42d6612,,gx-no-cache=1457019768199 HTTP/1.1" 200 5493
191.112.17.11 - - [03/Mar/2016:12:42:24 -0300] "POST /cormun/servlet/trautorizarsolicitud?5619316feb5e38edb3968644c42d6612,,gx-no-cache=1457019768641 HTTP/1.1" 200 5506
191.112.39.34 - - [03/Mar/2016:12:42:25 -0300] "POST /cormun/servlet/prfichaempleado?ecca53ff37e0436bd28eb552d0cb228f,,MD,,gxPopupLevel%3D0%3B,gx-no-cache=1457019808552 HTTP/1.1" 200 5072
191.112.17.11 - - [03/Mar/2016:12:42:28 -0300] "GET /cormun/servlet/veautorizarsolicitud?2016,504,, HTTP/1.1" 200 7564
191.112.17.11 - - [03/Mar/2016:12:42:28 -0300] "GET /cormun/pexe_scrolldiv.js HTTP/1.1" 404 1009
191.112.17.11 - - [03/Mar/2016:12:42:28 -0300] "GET /cormun/servlet/veautorizarsolicitud?2016,504,, HTTP/1.1" 200 7564
191.112.17.11 - - [03/Mar/2016:12:42:31 -0300] "POST /cormun/servlet/veautorizarsolicitud?5619316feb5e38edb3968644c42d6612,2016,504,,,gx-no-cache=1457019775154 HTTP/1.1" 200 93
191.112.17.11 - - [03/Mar/2016:12:42:31 -0300] "GET /cormun/servlet/hpexe_return? HTTP/1.1" 200 1021
191.112.17.11 - - [03/Mar/2016:12:42:31 -0300] "GET /cormun/servlet/trautorizarsolicitud? HTTP/1.1" 200 8010
191.112.17.11 - - [03/Mar/2016:12:42:31 -0300] "GET /cormun/servlet/trautorizarsolicitud? HTTP/1.1" 200 8006
186.78.45.190 - - [03/Mar/2016:12:42:33 -0300] "GET /cormun/servlet/solicitudot?34c2ba13f0e2f72f70aa9450a7db897eb5c9630df54cbbe1ae5fad6c17c784cf7ce05ddeaa8b3e23d1430a9aad5bdcc3,gx-no-cache=1457019779887 HTTP/1.1" 200 30
186.78.45.190 - - [03/Mar/2016:12:42:33 -0300] "POST /cormun/servlet/solicitudot?gx-no-cache=1457019780003 HTTP/1.1" 200 30
186.78.45.190 - - [03/Mar/2016:12:42:33 -0300] "POST /cormun/servlet/solicitudot?gx-no-cache=1457019780083 HTTP/1.1" 200 33
186.78.45.190 - - [03/Mar/2016:12:42:33 -0300] "POST /cormun/servlet/solicitudot?gx-no-cache=1457019780180 HTTP/1.1" 200 1157
186.78.45.190 - - [03/Mar/2016:12:42:33 -0300] "GET /cormun/servlet/solicitudot?34c2ba13f0e2f72f70aa9450a7db897e386f0216d48c64b6168ebd70cfc326f9add90745515b9353b6f7ac47a647325e343d6cfe99296a9b16f49bd58f69928616d72756ceb17ea7f9e67b26c70b58448fbb91555d64daa8e88697b8d4a2eae3537035d2277029ba57188d4230e2a2c43730a9cb25fa664c17f068c953affee6f1d837543483e5e1ef48fe377edf0709,gx-no-cache=1457019780411 HTTP/1.1" 200 38
191.112.17.11 - - [03/Mar/2016:12:42:37 -0300] "GET /cormun/servlet/hlogin HTTP/1.1" 200 1746
186.78.57.210 - - [03/Mar/2016:12:42:39 -0300] "POST /cormun/servlet/solicitudot?gx-no-cache=1457019818971 HTTP/1.1" 200 120
186.78.57.210 - - [03/Mar/2016:12:42:39 -0300] "GET /cormun/static/Shared/jqueryui/images/ui-bg_flat_55_994d53_40x100.png HTTP/1.1" 404 1097
186.78.57.210 - - [03/Mar/2016:12:42:40 -0300] "POST /cormun/servlet/solicitudot?gx-no-cache=1457019819206 HTTP/1.1" 200 33
186.78.57.210 - - [03/Mar/2016:12:42:40 -0300] "GET /cormun/static/Shared/jqueryui/images/ui-icons_ebccce_256x240.png HTTP/1.1" 404 1089
186.78.57.210 - - [03/Mar/2016:12:42:40 -0300] "POST /cormun/servlet/solicitudot?gx-no-cache=1457019820061 HTTP/1.1" 200 452
186.78.57.210 - - [03/Mar/2016:12:42:40 -0300] "GET /cormun/servlet/solicitudot?6e39a9a0d1bc265ceaef7678f52d3ee73b42368082a26ed9f40176c1090a5dddefcc89cf04a7367b20aa0b15d0cf6d5cdd9bb71e5e34df6f44f03dc274bd650ccce8037730835b4e1fdd495fedd66039a22a0e058346304f2d6963602213d89e0cd63fdd396f3960549a642d5f3fcff4c788d90daf63e2a97475704b8c446bca96c2ca1fe29d013f13e3bc74be01c2b9,gx-no-cache=1457019820558 HTTP/1.1" 200 38
186.78.57.210 - - [03/Mar/2016:12:42:41 -0300] "GET /cormun/servlet/solicitudot?6e39a9a0d1bc265ceaef7678f52d3ee760e6ddc2d33d5a9f4849f6e5f2ec557a57926716032d05535c6c9a99fdb061594c8c087191093b0d881d0803b6641c86d5c5bde1f4277370a316ff7200920f6610c757158a4c393393c46c90dddd94e1e1a74df0baa8d2f3ee0c9d552a8c7df8,gx-no-cache=1457019821090 HTTP/1.1" 200 29
186.78.57.210 - - [03/Mar/2016:12:42:44 -0300] "POST /cormun/servlet/solicitudot?gx-no-cache=1457019823609 HTTP/1.1" 200 1116
191.112.17.11 - - [03/Mar/2016:12:42:44 -0300] "POST /cormun/servlet/hlogin?5619316feb5e38edb3968644c42d6612,gx-no-cache=1457019788833 HTTP/1.1" 200 90
191.112.17.11 - - [03/Mar/2016:12:42:44 -0300] "GET /cormun/servlet/hpexe_link HTTP/1.1" 200 954
191.112.17.11 - - [03/Mar/2016:12:42:44 -0300] "GET /cormun/servlet/hhome HTTP/1.1" 200 3367
191.112.17.11 - - [03/Mar/2016:12:42:45 -0300] "GET /cormun/servlet/hhome HTTP/1.1" 200 3364
191.112.17.11 - - [03/Mar/2016:12:42:47 -0300] "GET /cormun/servlet/trsolicitudot? HTTP/1.1" 200 8006
191.112.17.11 - - [03/Mar/2016:12:42:48 -0300] "GET /cormun/servlet/trsolicitudot? HTTP/1.1" 200 8004
191.112.39.34 - - [03/Mar/2016:12:42:49 -0300] "POST /cormun/servlet/solicitudot?gx-no-cache=1457019832805 HTTP/1.1" 200 2767
191.112.39.34 - - [03/Mar/2016:12:42:50 -0300] "POST /cormun/servlet/solicitudot?ecca53ff37e0436bd28eb552d0cb228f,INS,0,0,,gx-no-cache=1457019833190 HTTP/1.1" 200 8396
186.78.45.190 - - [03/Mar/2016:12:42:50 -0300] "GET /cormun/servlet/solicitudot?34c2ba13f0e2f72f70aa9450a7db897e24087e6486ca2059385838f485ef8c712f7e36e9910a5a228cfb74d56ad09af94a16e512ff92374342012d8675e9a494c918e9860fc983aaca678c8213278d452c123a2fc578c5a4e474c1ec6ec3db9bd54febedea0ed457cd0f30ae0ee3eb47,gx-no-cache=1457019797635 HTTP/1.1" 200 29
186.78.45.190 - - [03/Mar/2016:12:42:51 -0300] "POST /cormun/servlet/solicitudot?gx-no-cache=1457019797734 HTTP/1.1" 200 1116
191.112.17.11 - - [03/Mar/2016:12:42:52 -0300] "POST /cormun/servlet/trsolicitudot?5619316feb5e38edb3968644c42d6612,,gx-no-cache=1457019796409 HTTP/1.1" 200 5507
191.112.17.11 - - [03/Mar/2016:12:42:52 -0300] "POST /cormun/servlet/trsolicitudot?5619316feb5e38edb3968644c42d6612,,gx-no-cache=1457019796833 HTTP/1.1" 200 5507
191.112.17.11 - - [03/Mar/2016:12:42:53 -0300] "POST /cormun/servlet/trsolicitudot?5619316feb5e38edb3968644c42d6612,,gx-no-cache=1457019797343 HTTP/1.1" 200 5507
191.112.17.11 - - [03/Mar/2016:12:42:53 -0300] "POST /cormun/servlet/trsolicitudot?5619316feb5e38edb3968644c42d6612,,gx-no-cache=1457019797771 HTTP/1.1" 200 5506
191.112.17.11 - - [03/Mar/2016:12:42:54 -0300] "POST /cormun/servlet/trsolicitudot?5619316feb5e38edb3968644c42d6612,,gx-no-cache=1457019798224 HTTP/1.1" 200 5506
191.112.17.11 - - [03/Mar/2016:12:42:54 -0300] "POST /cormun/servlet/trsolicitudot?5619316feb5e38edb3968644c42d6612,,gx-no-cache=1457019798698 HTTP/1.1" 200 5507
191.112.17.11 - - [03/Mar/2016:12:42:55 -0300] "POST /cormun/servlet/trsolicitudot?5619316feb5e38edb3968644c42d6612,,gx-no-cache=1457019799122 HTTP/1.1" 200 5507
191.112.17.11 - - [03/Mar/2016:12:42:55 -0300] "POST /cormun/servlet/trsolicitudot?5619316feb5e38edb3968644c42d6612,,gx-no-cache=1457019799571 HTTP/1.1" 200 5754
191.112.17.11 - - [03/Mar/2016:12:43:03 -0300] "POST /cormun/servlet/trsolicitudot?5619316feb5e38edb3968644c42d6612,,gx-no-cache=1457019807296 HTTP/1.1" 200 105
191.112.17.11 - - [03/Mar/2016:12:43:03 -0300] "GET /cormun/servlet/solicitudot?UPD,2016,504, HTTP/1.1" 200 12594
191.112.17.11 - - [03/Mar/2016:12:43:04 -0300] "GET /cormun/servlet/solicitudot?UPD,2016,504, HTTP/1.1" 200 12603
191.112.17.11 - - [03/Mar/2016:12:43:04 -0300] "POST /cormun/servlet/solicitudot?gx-no-cache=1457019808760 HTTP/1.1" 200 2760
191.112.17.11 - - [03/Mar/2016:12:43:05 -0300] "POST /cormun/servlet/solicitudot?5619316feb5e38edb3968644c42d6612,UPD,2016,504,,gx-no-cache=1457019809137 HTTP/1.1" 200 9064
191.112.17.11 - - [03/Mar/2016:12:43:05 -0300] "GET /cormun/servlet/solicitudot?4eda181fdd50b2d62d229ba088ba1c9d2228ab9f4f129b8b1ae074886dfc6aa53537eba584022b2a2f15dadf71360f32,gx-no-cache=1457019809538 HTTP/1.1" 200 30
191.112.17.11 - - [03/Mar/2016:12:43:05 -0300] "POST /cormun/servlet/solicitudot?gx-no-cache=1457019809617 HTTP/1.1" 200 30
191.112.17.11 - - [03/Mar/2016:12:43:05 -0300] "POST /cormun/servlet/solicitudot?gx-no-cache=1457019809759 HTTP/1.1" 200 30
191.112.39.34 - - [03/Mar/2016:12:43:05 -0300] "GET /cormun/servlet/solicitudot?cad5e292fe205d08f8a938f535eac4505e19745eefa1f3e7a435217adffef89b2b7dafda169ae88883829db234ee38b5,gx-no-cache=1457019849029 HTTP/1.1" 200 30
191.112.39.34 - - [03/Mar/2016:12:43:05 -0300] "POST /cormun/servlet/solicitudot?gx-no-cache=1457019849128 HTTP/1.1" 200 30
191.112.17.11 - - [03/Mar/2016:12:43:05 -0300] "POST /cormun/servlet/solicitudot?gx-no-cache=1457019809870 HTTP/1.1" 200 1158
191.112.39.34 - - [03/Mar/2016:12:43:05 -0300] "POST /cormun/servlet/solicitudot?gx-no-cache=1457019849209 HTTP/1.1" 200 33
191.112.17.11 - - [03/Mar/2016:12:43:05 -0300] "GET /cormun/servlet/solicitudot?4eda181fdd50b2d62d229ba088ba1c9d2c564a9d5d25d7b8137388f0be8bb90eb783d726883da2c7c91087e0632ba1499fd06a4b4016578e927fc11a5fc252353e40a15a85a208bd248865921318786ebb604b685802edf5ec49e64d78f0e669941f0e1df093e648deeb578d37a32767110b1c2c833d726a15b02e0342157ed0a868ac69fcb440180d16cd458537c1e5ce477556fc184cbc898e401c215cfe22,gx-no-cache=1457019810070 HTTP/1.1" 200 41
191.112.39.34 - - [03/Mar/2016:12:43:05 -0300] "POST /cormun/servlet/solicitudot?gx-no-cache=1457019849330 HTTP/1.1" 200 1157
191.112.39.34 - - [03/Mar/2016:12:43:06 -0300] "GET /cormun/servlet/solicitudot?cad5e292fe205d08f8a938f535eac4505c3abe7fde0dcf07e60329c36aafc14ca4e14f3046ca19cc2cd0886f501b787823b5c777cdac8ee98860eab5e89e943877cac2b62341b93dbf9512599f2d15b4e65563d5fd70919da6ce04f83703026c14b7d6757595130130f6cfe27d9e1f3fa149e467345d33027b4f2fe24b80bb2e09d4d819e302a4382e5f914bc831f643,gx-no-cache=1457019849461 HTTP/1.1" 200 38
186.78.57.210 - - [03/Mar/2016:12:43:07 -0300] "GET /cormun/static/menuarrow.gif HTTP/1.1" 404 1015
191.112.17.11 - - [03/Mar/2016:12:43:13 -0300] "GET /cormun/servlet/solicitudot?4eda181fdd50b2d62d229ba088ba1c9d79e207d219082f65d78b49df6865b5b7e08d124981724b827302aab909a36f55e69da32036ebbd1d7c6570309497144b208e0db2e53377d55625676d6e09c69eff2755f960bb091c5084b0a98b376567dfba8ade3a49e15cfb8c2631cec2aa103dd5775cb0b5a04d70061eac1377de79b74a2843a00c2af36b2955ded434e4217f9fac04a4e7fc19b9ebf9dafa1ee4dc,gx-no-cache=1457019817417 HTTP/1.1" 200 29
191.112.17.11 - - [03/Mar/2016:12:43:13 -0300] "POST /cormun/servlet/solicitudot?gx-no-cache=1457019817545 HTTP/1.1" 200 1116
191.112.17.11 - - [03/Mar/2016:12:43:13 -0300] "GET /cormun/servlet/solicitudot?4eda181fdd50b2d62d229ba088ba1c9da473d47248efcb7432f142659805758c1f5d289aca1a9f229f34d7deb2da5663299a16fe40e60d3960a81d4af8f18d043855aa1c7024c4547eb0f992050e93841371947ae7b0acfdb3b68523b839b1e3f2944366f5fd387e939ade3fdc8f1d966f7cbd23e72b2cd895a9d0946de58bd72269d21d48cec506dc324d03991e2be10ee2125499f61b20b8282a09e3759722431b65a66b79cb3446796403f7b37854,gx-no-cache=1457019817718 HTTP/1.1" 200 30
191.112.17.11 - - [03/Mar/2016:12:43:13 -0300] "POST /cormun/servlet/solicitudot?5619316feb5e38edb3968644c42d6612,UPD,2016,504,,gx-no-cache=1457019817856 HTTP/1.1" 200 93
191.112.17.11 - - [03/Mar/2016:12:43:14 -0300] "GET /cormun/servlet/hpexe_return? HTTP/1.1" 200 1016
191.112.17.11 - - [03/Mar/2016:12:43:14 -0300] "GET /cormun/servlet/trsolicitudot? HTTP/1.1" 200 8008
191.112.17.11 - - [03/Mar/2016:12:43:14 -0300] "GET /cormun/servlet/trsolicitudot? HTTP/1.1" 200 8004
191.112.17.11 - - [03/Mar/2016:12:43:18 -0300] "POST /cormun/servlet/trsolicitudot?5619316feb5e38edb3968644c42d6612,,gx-no-cache=1457019822785 HTTP/1.1" 200 5511
191.112.17.11 - - [03/Mar/2016:12:43:19 -0300] "POST /cormun/servlet/trsolicitudot?5619316feb5e38edb3968644c42d6612,,gx-no-cache=1457019823200 HTTP/1.1" 200 5510
191.112.17.11 - - [03/Mar/2016:12:43:19 -0300] "POST /cormun/servlet/trsolicitudot?5619316feb5e38edb3968644c42d6612,,gx-no-cache=1457019823634 HTTP/1.1" 200 5511
191.112.17.11 - - [03/Mar/2016:12:43:20 -0300] "POST /cormun/servlet/trsolicitudot?5619316feb5e38edb3968644c42d6612,,gx-no-cache=1457019824063 HTTP/1.1" 200 5511
191.112.17.11 - - [03/Mar/2016:12:43:20 -0300] "POST /cormun/servlet/trsolicitudot?5619316feb5e38edb3968644c42d6612,,gx-no-cache=1457019824496 HTTP/1.1" 200 5510
191.112.17.11 - - [03/Mar/2016:12:43:21 -0300] "POST /cormun/servlet/trsolicitudot?5619316feb5e38edb3968644c42d6612,,gx-no-cache=1457019824950 HTTP/1.1" 200 5510
191.112.17.11 - - [03/Mar/2016:12:43:21 -0300] "POST /cormun/servlet/trsolicitudot?5619316feb5e38edb3968644c42d6612,,gx-no-cache=1457019825394 HTTP/1.1" 200 5511
191.112.17.11 - - [03/Mar/2016:12:43:21 -0300] "POST /cormun/servlet/trsolicitudot?5619316feb5e38edb3968644c42d6612,,gx-no-cache=1457019825832 HTTP/1.1" 200 5759
191.112.17.11 - - [03/Mar/2016:12:43:30 -0300] "POST /cormun/servlet/trsolicitudot?5619316feb5e38edb3968644c42d6612,,gx-no-cache=1457019834592 HTTP/1.1" 200 5510
191.112.17.11 - - [03/Mar/2016:12:43:31 -0300] "POST /cormun/servlet/trsolicitudot?5619316feb5e38edb3968644c42d6612,,gx-no-cache=1457019835059 HTTP/1.1" 200 5510
191.112.17.11 - - [03/Mar/2016:12:43:31 -0300] "POST /cormun/servlet/trsolicitudot?5619316feb5e38edb3968644c42d6612,,gx-no-cache=1457019835507 HTTP/1.1" 200 5510
191.112.17.11 - - [03/Mar/2016:12:43:32 -0300] "POST /cormun/servlet/trsolicitudot?5619316feb5e38edb3968644c42d6612,,gx-no-cache=1457019835977 HTTP/1.1" 200 5510
191.112.17.11 - - [03/Mar/2016:12:43:32 -0300] "POST /cormun/servlet/trsolicitudot?5619316feb5e38edb3968644c42d6612,,gx-no-cache=1457019836481 HTTP/1.1" 200 5510
191.112.39.34 - - [03/Mar/2016:12:43:32 -0300] "GET /cormun/servlet/solicitudot?cad5e292fe205d08f8a938f535eac450c35abdb53a541211d4943e94f3afccb44be5d7e46ee20d57211a57ce749d07ac3b9b068cd643d76292e9915509de32b7552ddb9c65a870c03eeaaff73166a518710d2d7d4d24d40e444c44ef9f5a5cc582bb0c62679a702f1aab949c60aedfcdadc1864a624106580c80501db292d641681836263b9950b41ee3b8c750e87b81ee167a31cacf0878fc4f53231a46e24a88a529498d1563716d92fb30baf5f4927c04dedab9f88f99dd086a14f74aa11d48d3e23dda58950cdd64f6a1ee1f2931,gx-no-cache=1457019875993 HTTP/1.1" 200 29
191.112.17.11 - - [03/Mar/2016:12:43:33 -0300] "POST /cormun/servlet/trsolicitudot?5619316feb5e38edb3968644c42d6612,,gx-no-cache=1457019836977 HTTP/1.1" 200 5511
191.112.17.11 - - [03/Mar/2016:12:43:33 -0300] "POST /cormun/servlet/trsolicitudot?5619316feb5e38edb3968644c42d6612,,gx-no-cache=1457019837451 HTTP/1.1" 200 5510
191.112.17.11 - - [03/Mar/2016:12:43:33 -0300] "POST /cormun/servlet/trsolicitudot?5619316feb5e38edb3968644c42d6612,,gx-no-cache=1457019837937 HTTP/1.1" 200 105
191.112.17.11 - - [03/Mar/2016:12:43:34 -0300] "GET /cormun/servlet/solicitudot?DLT,2016,503, HTTP/1.1" 200 8323
191.112.17.11 - - [03/Mar/2016:12:43:34 -0300] "GET /cormun/servlet/solicitudot?DLT,2016,503, HTTP/1.1" 200 8332
191.112.39.34 - - [03/Mar/2016:12:43:37 -0300] "POST /cormun/servlet/solicitudot?gx-no-cache=1457019881194 HTTP/1.1" 200 1116
191.112.17.11 - - [03/Mar/2016:12:43:39 -0300] "POST /cormun/servlet/solicitudot?5619316feb5e38edb3968644c42d6612,DLT,2016,503,,gx-no-cache=1457019843196 HTTP/1.1" 200 93
191.112.17.11 - - [03/Mar/2016:12:43:39 -0300] "GET /cormun/servlet/hpexe_return? HTTP/1.1" 200 1018
191.112.17.11 - - [03/Mar/2016:12:43:39 -0300] "GET /cormun/servlet/trsolicitudot? HTTP/1.1" 200 7752
191.112.17.11 - - [03/Mar/2016:12:43:39 -0300] "GET /cormun/servlet/trsolicitudot? HTTP/1.1" 200 7749
191.112.17.11 - - [03/Mar/2016:12:43:50 -0300] "POST /cormun/servlet/trsolicitudot?5619316feb5e38edb3968644c42d6612,,gx-no-cache=1457019854142 HTTP/1.1" 200 5260
191.112.17.11 - - [03/Mar/2016:12:43:50 -0300] "POST /cormun/servlet/trsolicitudot?5619316feb5e38edb3968644c42d6612,,gx-no-cache=1457019854530 HTTP/1.1" 200 5259
191.112.17.11 - - [03/Mar/2016:12:43:51 -0300] "POST /cormun/servlet/trsolicitudot?5619316feb5e38edb3968644c42d6612,,gx-no-cache=1457019854928 HTTP/1.1" 200 5259
191.112.17.11 - - [03/Mar/2016:12:43:51 -0300] "POST /cormun/servlet/trsolicitudot?5619316feb5e38edb3968644c42d6612,,gx-no-cache=1457019855351 HTTP/1.1" 200 5259
191.112.17.11 - - [03/Mar/2016:12:43:51 -0300] "POST /cormun/servlet/trsolicitudot?5619316feb5e38edb3968644c42d6612,,gx-no-cache=1457019855777 HTTP/1.1" 200 5259
191.112.17.11 - - [03/Mar/2016:12:43:52 -0300] "POST /cormun/servlet/trsolicitudot?5619316feb5e38edb3968644c42d6612,,gx-no-cache=1457019856198 HTTP/1.1" 200 5258
191.112.17.11 - - [03/Mar/2016:12:43:52 -0300] "POST /cormun/servlet/trsolicitudot?5619316feb5e38edb3968644c42d6612,,gx-no-cache=1457019856627 HTTP/1.1" 200 5259
191.112.17.11 - - [03/Mar/2016:12:43:53 -0300] "POST /cormun/servlet/trsolicitudot?5619316feb5e38edb3968644c42d6612,,gx-no-cache=1457019857039 HTTP/1.1" 200 5505
192.168.10.94 - - [03/Mar/2016:12:44:03 -0300] "POST /cormun/servlet/hlogin?16f55fa3ed8d0675aa73909fda064e5a,gx-no-cache=1457019595895 HTTP/1.1" 200 90
192.168.10.94 - - [03/Mar/2016:12:44:03 -0300] "GET /cormun/servlet/hpexe_link HTTP/1.1" 200 957
192.168.10.94 - - [03/Mar/2016:12:44:03 -0300] "GET /cormun/static/Resources/Spanish/PXTools.css?005343 HTTP/1.1" 304 -
192.168.10.94 - - [03/Mar/2016:12:44:03 -0300] "GET /cormun/static/hpexe_link.js?20151120044398 HTTP/1.1" 304 -
192.168.10.94 - - [03/Mar/2016:12:44:03 -0300] "GET /cormun/static/messages.spa.js?85251 HTTP/1.1" 304 -
192.168.10.94 - - [03/Mar/2016:12:44:03 -0300] "GET /cormun/static/gxcfg.js?20151120044395 HTTP/1.1" 304 -
192.168.10.94 - - [03/Mar/2016:12:44:03 -0300] "GET /cormun/servlet/hhome HTTP/1.1" 200 3409
192.168.10.94 - - [03/Mar/2016:12:44:03 -0300] "GET /cormun/static/Resources/Spanish/PXTools.css?10515224 HTTP/1.1" 304 -
192.168.10.94 - - [03/Mar/2016:12:44:03 -0300] "GET /cormun/static/gxcfg.js?2015112210564248 HTTP/1.1" 304 -
192.168.10.94 - - [03/Mar/2016:12:44:03 -0300] "GET /cormun/static/hhome.js?2015112210564255 HTTP/1.1" 304 -
192.168.10.94 - - [03/Mar/2016:12:44:03 -0300] "GET /cormun/static/hwchdr01.js?20162241650484 HTTP/1.1" 304 -
192.168.10.94 - - [03/Mar/2016:12:44:03 -0300] "GET /cormun/static/hpexe_recentlink.js?2015111312121342 HTTP/1.1" 304 -
192.168.10.94 - - [03/Mar/2016:12:44:03 -0300] "GET /cormun/static/hpexe_scripts.js?20151120014546 HTTP/1.1" 304 -
192.168.10.94 - - [03/Mar/2016:12:44:03 -0300] "GET /cormun/static/hpexe_messagegenexuscomponent.js?20151120014314 HTTP/1.1" 304 -
192.168.10.94 - - [03/Mar/2016:12:44:03 -0300] "GET /cormun/static/cmcontrolpreferences.js?20151120014525 HTTP/1.1" 304 -
192.168.10.94 - - [03/Mar/2016:12:44:03 -0300] "GET /cormun/static/hpexe_messagepopupcomponent.js?20163219454551 HTTP/1.1" 304 -
192.168.10.94 - - [03/Mar/2016:12:44:03 -0300] "GET /cormun/static/hpexe_messagecontroller.js?2015112210524422 HTTP/1.1" 304 -
192.168.10.94 - - [03/Mar/2016:12:44:03 -0300] "GET /cormun/static/hmpwkw03.js?2016311993330 HTTP/1.1" 304 -
191.112.17.11 - - [03/Mar/2016:12:44:05 -0300] "POST /cormun/servlet/trsolicitudot?5619316feb5e38edb3968644c42d6612,,gx-no-cache=1457019869534 HTTP/1.1" 200 5260
191.112.17.11 - - [03/Mar/2016:12:44:06 -0300] "POST /cormun/servlet/trsolicitudot?5619316feb5e38edb3968644c42d6612,,gx-no-cache=1457019869984 HTTP/1.1" 200 5259
191.112.17.11 - - [03/Mar/2016:12:44:06 -0300] "POST /cormun/servlet/trsolicitudot?5619316feb5e38edb3968644c42d6612,,gx-no-cache=1457019870432 HTTP/1.1" 200 5259
191.112.17.11 - - [03/Mar/2016:12:44:06 -0300] "POST /cormun/servlet/trsolicitudot?5619316feb5e38edb3968644c42d6612,,gx-no-cache=1457019870887 HTTP/1.1" 200 5259
191.112.17.11 - - [03/Mar/2016:12:44:07 -0300] "POST /cormun/servlet/trsolicitudot?5619316feb5e38edb3968644c42d6612,,gx-no-cache=1457019871318 HTTP/1.1" 200 5258
191.112.17.11 - - [03/Mar/2016:12:44:07 -0300] "POST /cormun/servlet/trsolicitudot?5619316feb5e38edb3968644c42d6612,,gx-no-cache=1457019871762 HTTP/1.1" 200 5259
191.112.17.11 - - [03/Mar/2016:12:44:08 -0300] "POST /cormun/servlet/trsolicitudot?5619316feb5e38edb3968644c42d6612,,gx-no-cache=1457019872201 HTTP/1.1" 200 5258
191.112.17.11 - - [03/Mar/2016:12:44:08 -0300] "POST /cormun/servlet/trsolicitudot?5619316feb5e38edb3968644c42d6612,,gx-no-cache=1457019872666 HTTP/1.1" 200 5277
186.103.159.204 - - [03/Mar/2016:12:44:09 -0300] "GET /cormun/servlet/hlogin HTTP/1.1" 200 1716
192.168.10.94 - - [03/Mar/2016:12:44:14 -0300] "GET /cormun/servlet/trvisualizadoreventos? HTTP/1.1" 200 5926
192.168.10.94 - - [03/Mar/2016:12:44:14 -0300] "GET /cormun/static/Resources/Spanish/PXTools.css?17554516 HTTP/1.1" 304 -
192.168.10.94 - - [03/Mar/2016:12:44:14 -0300] "GET /cormun/static/gxcfg.js?2016251828014 HTTP/1.1" 304 -
192.168.10.94 - - [03/Mar/2016:12:44:14 -0300] "GET /cormun/static/trvisualizadoreventos.js?2016251828276 HTTP/1.1" 304 -
191.112.17.11 - - [03/Mar/2016:12:44:14 -0300] "POST /cormun/servlet/trsolicitudot?5619316feb5e38edb3968644c42d6612,,gx-no-cache=1457019878674 HTTP/1.1" 200 105
191.112.17.11 - - [03/Mar/2016:12:44:14 -0300] "GET /cormun/servlet/solicitudot?UPD,2016,504, HTTP/1.1" 200 12594
186.78.45.190 - - [03/Mar/2016:12:44:14 -0300] "GET /cormun/static/menuarrow.gif HTTP/1.1" 404 1015
191.112.17.11 - - [03/Mar/2016:12:44:15 -0300] "GET /cormun/servlet/solicitudot?UPD,2016,504, HTTP/1.1" 200 12603
192.168.10.94 - - [03/Mar/2016:12:44:16 -0300] "POST /cormun/servlet/acontrolpreferencessavestate?None,CANGELEV,true HTTP/1.1" 200 35
191.112.17.11 - - [03/Mar/2016:12:44:16 -0300] "POST /cormun/servlet/solicitudot?gx-no-cache=1457019880124 HTTP/1.1" 200 2760
191.112.17.11 - - [03/Mar/2016:12:44:16 -0300] "POST /cormun/servlet/solicitudot?5619316feb5e38edb3968644c42d6612,UPD,2016,504,,gx-no-cache=1457019880462 HTTP/1.1" 200 9064
191.112.17.11 - - [03/Mar/2016:12:44:16 -0300] "GET /cormun/servlet/solicitudot?4eda181fdd50b2d62d229ba088ba1c9d2228ab9f4f129b8b1ae074886dfc6aa53537eba584022b2a2f15dadf71360f32,gx-no-cache=1457019880861 HTTP/1.1" 200 30
191.112.17.11 - - [03/Mar/2016:12:44:16 -0300] "POST /cormun/servlet/solicitudot?gx-no-cache=1457019880945 HTTP/1.1" 200 30
191.112.17.11 - - [03/Mar/2016:12:44:16 -0300] "POST /cormun/servlet/solicitudot?gx-no-cache=1457019881088 HTTP/1.1" 200 30
192.168.10.94 - - [03/Mar/2016:12:44:17 -0300] "POST /cormun/servlet/trvisualizadoreventos?16f55fa3ed8d0675aa73909fda064e5a,,gx-no-cache=1457019609439 HTTP/1.1" 200 3270
186.78.57.210 - - [03/Mar/2016:12:44:17 -0300] "POST /cormun/servlet/solicitudot?gx-no-cache=1457019916533 HTTP/1.1" 200 120
191.112.17.11 - - [03/Mar/2016:12:44:17 -0300] "POST /cormun/servlet/solicitudot?gx-no-cache=1457019881190 HTTP/1.1" 200 1158
191.112.17.11 - - [03/Mar/2016:12:44:17 -0300] "GET /cormun/servlet/solicitudot?4eda181fdd50b2d62d229ba088ba1c9d2c564a9d5d25d7b8137388f0be8bb90eb783d726883da2c7c91087e0632ba1499fd06a4b4016578e927fc11a5fc252353e40a15a85a208bd248865921318786ebb604b685802edf5ec49e64d78f0e669941f0e1df093e648deeb578d37a32767110b1c2c833d726a15b02e0342157ed0a868ac69fcb440180d16cd458537c1e5ce477556fc184cbc898e401c215cfe22,gx-no-cache=1457019881425 HTTP/1.1" 200 41
192.168.10.94 - - [03/Mar/2016:12:44:17 -0300] "POST /cormun/servlet/trvisualizadoreventos?16f55fa3ed8d0675aa73909fda064e5a,,gx-no-cache=1457019609653 HTTP/1.1" 200 3270
192.168.10.94 - - [03/Mar/2016:12:44:17 -0300] "POST /cormun/servlet/trvisualizadoreventos?16f55fa3ed8d0675aa73909fda064e5a,,gx-no-cache=1457019609915 HTTP/1.1" 200 3270
192.168.10.94 - - [03/Mar/2016:12:44:17 -0300] "POST /cormun/servlet/trvisualizadoreventos?16f55fa3ed8d0675aa73909fda064e5a,,gx-no-cache=1457019610185 HTTP/1.1" 200 3270
186.78.57.210 - - [03/Mar/2016:12:44:23 -0300] "POST /cormun/servlet/solicitudot?gx-no-cache=1457019922717 HTTP/1.1" 200 120
186.78.57.210 - - [03/Mar/2016:12:44:25 -0300] "POST /cormun/servlet/solicitudot?gx-no-cache=1457019925498 HTTP/1.1" 200 30
191.112.17.11 - - [03/Mar/2016:12:44:26 -0300] "POST /cormun/servlet/solicitudot?5619316feb5e38edb3968644c42d6612,UPD,2016,504,,gx-no-cache=1457019889755 HTTP/1.1" 200 93
191.112.17.11 - - [03/Mar/2016:12:44:26 -0300] "GET /cormun/servlet/hpexe_return? HTTP/1.1" 200 1016
191.112.17.11 - - [03/Mar/2016:12:44:26 -0300] "GET /cormun/servlet/trsolicitudot? HTTP/1.1" 200 7752
191.112.39.34 - - [03/Mar/2016:12:44:26 -0300] "GET /cormun/servlet/solicitudot?cad5e292fe205d08f8a938f535eac450c7150c2cbf2279005ee10f6721224dd5fd000e5465c7a680e92a6de56141b3c0c22bc6acc076983164ec5de59edc7fd0a09684ac37e95f0fbf3ec6e949ff3c53c98295fd33ff08a8429e9a0b1eb82ade4d1a1a710843a374b4963e0e97bf7e169c3ad1ae40f7102d8ae5fe72b2dffcd7a1305acba3db2822af83890b902d7c2341f1c4c0f727d2f21215ea320c308b8e1b48745a01906cdfa69cb12b7bae9b7f,gx-no-cache=1457019930210 HTTP/1.1" 200 30
191.112.17.11 - - [03/Mar/2016:12:44:26 -0300] "GET /cormun/servlet/trsolicitudot? HTTP/1.1" 200 7749
186.103.159.204 - - [03/Mar/2016:12:44:28 -0300] "POST /cormun/servlet/hlogin?c5a57deb935a1786ac7ad16113976082,gx-no-cache=1457019890788 HTTP/1.1" 200 90
186.103.159.204 - - [03/Mar/2016:12:44:28 -0300] "GET /cormun/servlet/hpexe_link HTTP/1.1" 200 949
186.103.159.204 - - [03/Mar/2016:12:44:28 -0300] "GET /cormun/static/hpexe_link.js?20151120044398 HTTP/1.1" 200 625
186.103.159.204 - - [03/Mar/2016:12:44:28 -0300] "GET /cormun/servlet/hhome HTTP/1.1" 200 3418
186.103.159.204 - - [03/Mar/2016:12:44:28 -0300] "GET /cormun/servlet/hhome HTTP/1.1" 200 3417
191.112.17.11 - - [03/Mar/2016:12:44:31 -0300] "POST /cormun/servlet/trsolicitudot?5619316feb5e38edb3968644c42d6612,,gx-no-cache=1457019894904 HTTP/1.1" 200 5259
191.112.17.11 - - [03/Mar/2016:12:44:31 -0300] "POST /cormun/servlet/trsolicitudot?5619316feb5e38edb3968644c42d6612,,gx-no-cache=1457019895625 HTTP/1.1" 200 5260
191.112.17.11 - - [03/Mar/2016:12:44:32 -0300] "POST /cormun/servlet/trsolicitudot?5619316feb5e38edb3968644c42d6612,,gx-no-cache=1457019896028 HTTP/1.1" 200 5259
186.103.159.204 - - [03/Mar/2016:12:44:32 -0300] "GET /cormun/servlet/trsolicitudot? HTTP/1.1" 200 7826
186.103.159.204 - - [03/Mar/2016:12:44:33 -0300] "GET /cormun/servlet/trsolicitudot? HTTP/1.1" 200 7824
191.112.17.11 - - [03/Mar/2016:12:44:33 -0300] "POST /cormun/servlet/trsolicitudot?5619316feb5e38edb3968644c42d6612,,gx-no-cache=1457019896901 HTTP/1.1" 200 5259
186.78.57.210 - - [03/Mar/2016:12:44:33 -0300] "POST /cormun/servlet/solicitudot?gx-no-cache=1457019933278 HTTP/1.1" 200 120
191.112.17.11 - - [03/Mar/2016:12:44:34 -0300] "POST /cormun/servlet/trsolicitudot?5619316feb5e38edb3968644c42d6612,,gx-no-cache=1457019897934 HTTP/1.1" 200 5260
191.112.17.11 - - [03/Mar/2016:12:44:34 -0300] "POST /cormun/servlet/trsolicitudot?5619316feb5e38edb3968644c42d6612,,gx-no-cache=1457019898505 HTTP/1.1" 200 5259
191.112.17.11 - - [03/Mar/2016:12:44:35 -0300] "POST /cormun/servlet/trsolicitudot?5619316feb5e38edb3968644c42d6612,,gx-no-cache=1457019898964 HTTP/1.1" 200 5259
191.112.17.11 - - [03/Mar/2016:12:44:35 -0300] "POST /cormun/servlet/trsolicitudot?5619316feb5e38edb3968644c42d6612,,gx-no-cache=1457019899461 HTTP/1.1" 200 5278
186.78.57.210 - - [03/Mar/2016:12:44:36 -0300] "POST /cormun/servlet/solicitudot?gx-no-cache=1457019935870 HTTP/1.1" 200 120
186.78.45.190 - - [03/Mar/2016:12:44:37 -0300] "GET /cormun/servlet/solicitudot?34c2ba13f0e2f72f70aa9450a7db897e87d89511aaf6baf858baa4e670a6169e03f294e4fa5879aa25533b04a9c943d9a96dfc3ddd58f71f7f39d051e4e9fc1f2248158e64f34232d199017c63eaeff800e499a0859f9a8e26866ce44401e64deae86621a66a7af170e97ede1db842be227ffeb36c78cc3508b3990aa4111909605b0c83ec04003b405b4c4cac774ec79ad84662f1b0d035ede9b4e4f479059c2b584c4fe937e47e220aa2375b4b2e65,gx-no-cache=1457019903649 HTTP/1.1" 200 30
186.78.57.210 - - [03/Mar/2016:12:44:37 -0300] "POST /cormun/servlet/solicitudot?gx-no-cache=1457019937130 HTTP/1.1" 200 120
186.78.57.210 - - [03/Mar/2016:12:44:49 -0300] "POST /cormun/servlet/solicitudot?gx-no-cache=1457019948683 HTTP/1.1" 200 120
186.78.57.210 - - [03/Mar/2016:12:44:49 -0300] "POST /cormun/servlet/solicitudot?gx-no-cache=1457019948796 HTTP/1.1" 200 1153
186.78.57.210 - - [03/Mar/2016:12:44:49 -0300] "GET /cormun/servlet/solicitudot?6e39a9a0d1bc265ceaef7678f52d3ee73b42368082a26ed9f40176c1090a5dddefcc89cf04a7367b20aa0b15d0cf6d5cdd9bb71e5e34df6f44f03dc274bd650ccce8037730835b4e1fdd495fedd66039a22a0e058346304f2d6963602213d89e0cd63fdd396f3960549a642d5f3fcff4c788d90daf63e2a97475704b8c446bca570619ea29a87995fea23280d024c045cd8106e10bf6fb6bfa35e7d152094c1e,gx-no-cache=1457019948988 HTTP/1.1" 200 41
186.78.57.210 - - [03/Mar/2016:12:44:49 -0300] "POST /cormun/servlet/solicitudot?gx-no-cache=1457019949082 HTTP/1.1" 200 1116
186.78.57.210 - - [03/Mar/2016:12:44:49 -0300] "GET /cormun/servlet/solicitudot?6e39a9a0d1bc265ceaef7678f52d3ee70df9e95c63155ba449e478fe040d55190446df1bc46c485ed287bc745fb18115b12cefeb85c121336ca26571b1a11a8f197898cd665fb4dd4f0ec214789a202e413ab53818e1945ccb9fdfecf59007d3a6b030301367140c9ef7cf5dec91b7752802bcc69b37011aed529050ffe7687e556976f1633dfeb6dd8dbd24b114b7fc8c94c031966bb4feb62720c34cd051a8587be19ec5aba2b1734a330d04442ecc,gx-no-cache=1457019949245 HTTP/1.1" 200 30
191.112.39.34 - - [03/Mar/2016:12:44:49 -0300] "POST /cormun/servlet/solicitudot?gx-no-cache=1457019953327 HTTP/1.1" 200 30
191.112.17.11 - - [03/Mar/2016:12:44:57 -0300] "POST /cormun/servlet/trsolicitudot?5619316feb5e38edb3968644c42d6612,,gx-no-cache=1457019921737 HTTP/1.1" 200 5505
191.112.39.34 - - [03/Mar/2016:12:44:59 -0300] "POST /cormun/servlet/solicitudot?gx-no-cache=1457019963291 HTTP/1.1" 200 1157
191.112.39.34 - - [03/Mar/2016:12:45:00 -0300] "GET /cormun/servlet/solicitudot?cad5e292fe205d08f8a938f535eac4505c3abe7fde0dcf07e60329c36aafc14ca4e14f3046ca19cc2cd0886f501b787823b5c777cdac8ee98860eab5e89e943877cac2b62341b93dbf9512599f2d15b4e65563d5fd70919da6ce04f83703026c14b7d6757595130130f6cfe27d9e1f3fa149e467345d33027b4f2fe24b80bb2e438eb5655d1c6052310c2fd736e7da885493049c134272e4bc147d59cd1fee86,gx-no-cache=1457019963476 HTTP/1.1" 200 41
191.112.39.34 - - [03/Mar/2016:12:45:00 -0300] "POST /cormun/servlet/solicitudot?gx-no-cache=1457019963551 HTTP/1.1" 200 1116
191.112.39.34 - - [03/Mar/2016:12:45:00 -0300] "GET /cormun/servlet/solicitudot?cad5e292fe205d08f8a938f535eac450c7150c2cbf2279005ee10f6721224dd5fd000e5465c7a680e92a6de56141b3c0c22bc6acc076983164ec5de59edc7fd0a09684ac37e95f0fbf3ec6e949ff3c53c98295fd33ff08a8429e9a0b1eb82ade4d1a1a710843a374b4963e0e97bf7e169c3ad1ae40f7102d8ae5fe72b2dffcd7a1305acba3db2822af83890b902d7c2341f1c4c0f727d2f21215ea320c308b8e1b48745a01906cdfa69cb12b7bae9b7f,gx-no-cache=1457019963713 HTTP/1.1" 200 30
191.112.39.34 - - [03/Mar/2016:12:45:00 -0300] "POST /cormun/servlet/solicitudot?ecca53ff37e0436bd28eb552d0cb228f,INS,0,0,,gx-no-cache=1457019963815 HTTP/1.1" 200 9320
191.112.39.34 - - [03/Mar/2016:12:45:00 -0300] "GET /cormun/static/Shared/jqueryui/images/ui-bg_highlight-soft_100_c6c2c8_1x100.png HTTP/1.1" 404 1117
191.112.39.34 - - [03/Mar/2016:12:45:01 -0300] "GET /cormun/static/Shared/jqueryui/images/ui-icons_82798d_256x240.png HTTP/1.1" 404 1089
191.112.39.34 - - [03/Mar/2016:12:45:01 -0300] "GET /cormun/static/Shared/jqueryui/images/ui-bg_flat_55_994d53_40x100.png HTTP/1.1" 404 1097
191.112.39.34 - - [03/Mar/2016:12:45:01 -0300] "GET /cormun/static/Shared/jqueryui/images/ui-icons_ebccce_256x240.png HTTP/1.1" 404 1089
191.112.39.34 - - [03/Mar/2016:12:45:07 -0300] "GET /cormun/static/menuarrow.gif HTTP/1.1" 404 1015
186.78.57.210 - - [03/Mar/2016:12:45:10 -0300] "POST /cormun/servlet/solicitudot?47b2748899f65881853b1d07e208b3a8,INS,0,0,,gx-no-cache=1457019970021 HTTP/1.1" 200 9284
191.112.17.11 - - [03/Mar/2016:12:45:13 -0300] "POST /cormun/servlet/trsolicitudot?5619316feb5e38edb3968644c42d6612,,gx-no-cache=1457019937576 HTTP/1.1" 200 5506
186.78.57.210 - - [03/Mar/2016:12:45:19 -0300] "POST /cormun/servlet/solicitudot?gx-no-cache=1457019979022 HTTP/1.1" 200 120
186.78.45.190 - - [03/Mar/2016:12:45:25 -0300] "POST /cormun/servlet/solicitudot?gx-no-cache=1457019951705 HTTP/1.1" 200 30
186.78.57.210 - - [03/Mar/2016:12:45:28 -0300] "POST /cormun/servlet/solicitudot?gx-no-cache=1457019988065 HTTP/1.1" 200 120
191.112.17.11 - - [03/Mar/2016:12:45:30 -0300] "POST /cormun/servlet/trsolicitudot?5619316feb5e38edb3968644c42d6612,,gx-no-cache=1457019954073 HTTP/1.1" 200 5506
186.78.57.210 - - [03/Mar/2016:12:45:32 -0300] "POST /cormun/servlet/solicitudot?gx-no-cache=1457019991881 HTTP/1.1" 200 120
186.78.57.210 - - [03/Mar/2016:12:45:35 -0300] "POST /cormun/servlet/solicitudot?gx-no-cache=1457019994612 HTTP/1.1" 200 120
186.103.159.204 - - [03/Mar/2016:12:45:39 -0300] "GET /cormun/servlet/solicitudot?INS,0,0, HTTP/1.1" 200 11437
186.78.57.210 - - [03/Mar/2016:12:45:39 -0300] "POST /cormun/servlet/solicitudot?gx-no-cache=1457019999188 HTTP/1.1" 200 30
186.103.159.204 - - [03/Mar/2016:12:45:40 -0300] "GET /cormun/servlet/solicitudot?INS,0,0, HTTP/1.1" 200 11442
191.112.39.34 - - [03/Mar/2016:12:45:40 -0300] "GET /cormun/servlet/trsolicitudot? HTTP/1.1" 200 7331
191.112.39.34 - - [03/Mar/2016:12:45:41 -0300] "GET /cormun/servlet/trsolicitudot? HTTP/1.1" 200 7331
192.168.10.98 - - [03/Mar/2016:12:45:42 -0300] "GET /cormun/servlet/trsolicitudgral? HTTP/1.1" 200 9342
192.168.10.98 - - [03/Mar/2016:12:45:43 -0300] "GET /cormun/servlet/hlogin HTTP/1.1" 200 1739
192.168.10.98 - - [03/Mar/2016:12:45:43 -0300] "GET /cormun/servlet/trsolicitudgral? HTTP/1.1" 200 9342
186.78.45.190 - - [03/Mar/2016:12:45:47 -0300] "POST /cormun/servlet/solicitudot?gx-no-cache=1457019973657 HTTP/1.1" 200 1157
186.78.45.190 - - [03/Mar/2016:12:45:47 -0300] "GET /cormun/servlet/solicitudot?34c2ba13f0e2f72f70aa9450a7db897e386f0216d48c64b6168ebd70cfc326f9add90745515b9353b6f7ac47a647325e343d6cfe99296a9b16f49bd58f69928616d72756ceb17ea7f9e67b26c70b58448fbb91555d64daa8e88697b8d4a2eae3537035d2277029ba57188d4230e2a2c43730a9cb25fa664c17f068c953affee6eed9ce2492386a023b36243ac749ac5f9709054982f6a6cfa5ed0282ca1751f8,gx-no-cache=1457019973883 HTTP/1.1" 200 41
186.78.57.210 - - [03/Mar/2016:12:45:47 -0300] "POST /cormun/servlet/solicitudot?gx-no-cache=1457020006936 HTTP/1.1" 200 30
186.78.57.210 - - [03/Mar/2016:12:45:47 -0300] "POST /cormun/servlet/solicitudot?gx-no-cache=1457020007064 HTTP/1.1" 200 1153
186.78.57.210 - - [03/Mar/2016:12:45:47 -0300] "GET /cormun/servlet/solicitudot?6e39a9a0d1bc265ceaef7678f52d3ee73b42368082a26ed9f40176c1090a5dddefcc89cf04a7367b20aa0b15d0cf6d5cdd9bb71e5e34df6f44f03dc274bd650ccce8037730835b4e1fdd495fedd66039a22a0e058346304f2d6963602213d89e0cd63fdd396f3960549a642d5f3fcff4c788d90daf63e2a97475704b8c446bca570619ea29a87995fea23280d024c045cd8106e10bf6fb6bfa35e7d152094c1e,gx-no-cache=1457020007252 HTTP/1.1" 200 41
186.78.57.210 - - [03/Mar/2016:12:45:47 -0300] "POST /cormun/servlet/solicitudot?gx-no-cache=1457020007333 HTTP/1.1" 200 1116
186.78.57.210 - - [03/Mar/2016:12:45:47 -0300] "GET /cormun/servlet/solicitudot?6e39a9a0d1bc265ceaef7678f52d3ee70df9e95c63155ba449e478fe040d55190446df1bc46c485ed287bc745fb18115b12cefeb85c121336ca26571b1a11a8f197898cd665fb4dd4f0ec214789a202e413ab53818e1945ccb9fdfecf59007d3a6b030301367140c9ef7cf5dec91b7752802bcc69b37011aed529050ffe7687e556976f1633dfeb6dd8dbd24b114b7fc8c94c031966bb4feb62720c34cd051a8587be19ec5aba2b1734a330d04442ecc,gx-no-cache=1457020007495 HTTP/1.1" 200 30
186.78.57.210 - - [03/Mar/2016:12:45:48 -0300] "POST /cormun/servlet/solicitudot?47b2748899f65881853b1d07e208b3a8,INS,0,0,,gx-no-cache=1457020007582 HTTP/1.1" 200 93
186.78.57.210 - - [03/Mar/2016:12:45:48 -0300] "GET /cormun/servlet/hpexe_return? HTTP/1.1" 200 1008
186.78.57.210 - - [03/Mar/2016:12:45:48 -0300] "GET /cormun/servlet/trsolicitudot HTTP/1.1" 200 7847
186.78.57.210 - - [03/Mar/2016:12:45:49 -0300] "GET /cormun/servlet/trsolicitudot HTTP/1.1" 200 7843
191.112.17.11 - - [03/Mar/2016:12:45:55 -0300] "POST /cormun/servlet/trsolicitudot?5619316feb5e38edb3968644c42d6612,,gx-no-cache=1457019979215 HTTP/1.1" 200 5506
186.78.57.210 - - [03/Mar/2016:12:45:55 -0300] "GET /cormun/servlet/treventos?2016,506, HTTP/1.1" 200 5175
186.78.57.210 - - [03/Mar/2016:12:45:56 -0300] "GET /cormun/servlet/treventos?2016,506, HTTP/1.1" 200 5175
191.112.17.11 - - [03/Mar/2016:12:46:00 -0300] "POST /cormun/servlet/trsolicitudot?5619316feb5e38edb3968644c42d6612,,gx-no-cache=1457019984579 HTTP/1.1" 200 5258
191.112.17.11 - - [03/Mar/2016:12:46:01 -0300] "POST /cormun/servlet/trsolicitudot?5619316feb5e38edb3968644c42d6612,,gx-no-cache=1457019985070 HTTP/1.1" 200 5259
191.112.17.11 - - [03/Mar/2016:12:46:01 -0300] "POST /cormun/servlet/trsolicitudot?5619316feb5e38edb3968644c42d6612,,gx-no-cache=1457019985492 HTTP/1.1" 200 5259
191.112.17.11 - - [03/Mar/2016:12:46:02 -0300] "POST /cormun/servlet/trsolicitudot?5619316feb5e38edb3968644c42d6612,,gx-no-cache=1457019985936 HTTP/1.1" 200 5259
191.112.17.11 - - [03/Mar/2016:12:46:02 -0300] "POST /cormun/servlet/trsolicitudot?5619316feb5e38edb3968644c42d6612,,gx-no-cache=1457019986367 HTTP/1.1" 200 5259
191.112.17.11 - - [03/Mar/2016:12:46:02 -0300] "POST /cormun/servlet/trsolicitudot?5619316feb5e38edb3968644c42d6612,,gx-no-cache=1457019986807 HTTP/1.1" 200 5259
191.112.17.11 - - [03/Mar/2016:12:46:03 -0300] "POST /cormun/servlet/trsolicitudot?5619316feb5e38edb3968644c42d6612,,gx-no-cache=1457019987251 HTTP/1.1" 200 5258
191.112.17.11 - - [03/Mar/2016:12:46:03 -0300] "POST /cormun/servlet/trsolicitudot?5619316feb5e38edb3968644c42d6612,,gx-no-cache=1457019987693 HTTP/1.1" 200 5277
192.168.10.98 - - [03/Mar/2016:12:46:04 -0300] "POST /cormun/servlet/hlogin?781c95f129ad01d36aa9529c1c1c0e73,gx-no-cache=1457019717493 HTTP/1.1" 200 90
192.168.10.98 - - [03/Mar/2016:12:46:04 -0300] "GET /cormun/servlet/hpexe_link HTTP/1.1" 200 960
192.168.10.98 - - [03/Mar/2016:12:46:05 -0300] "GET /cormun/servlet/trsolicitudgral HTTP/1.1" 200 9804
192.168.10.98 - - [03/Mar/2016:12:46:06 -0300] "GET /cormun/servlet/trsolicitudgral HTTP/1.1" 200 9802
191.112.17.11 - - [03/Mar/2016:12:46:07 -0300] "POST /cormun/servlet/trsolicitudot?5619316feb5e38edb3968644c42d6612,,gx-no-cache=1457019991685 HTTP/1.1" 200 5278
191.112.17.11 - - [03/Mar/2016:12:46:09 -0300] "POST /cormun/servlet/trsolicitudot?5619316feb5e38edb3968644c42d6612,,gx-no-cache=1457019993817 HTTP/1.1" 200 5504
186.78.57.210 - - [03/Mar/2016:12:46:10 -0300] "GET /cormun/servlet/trsolicitudot? HTTP/1.1" 200 7844
186.78.57.210 - - [03/Mar/2016:12:46:10 -0300] "GET /cormun/servlet/trsolicitudot? HTTP/1.1" 200 7843
191.112.17.11 - - [03/Mar/2016:12:46:12 -0300] "POST /cormun/servlet/trsolicitudot?5619316feb5e38edb3968644c42d6612,,gx-no-cache=1457019996062 HTTP/1.1" 200 105
191.112.17.11 - - [03/Mar/2016:12:46:12 -0300] "GET /cormun/servlet/solicitudot?UPD,2016,504, HTTP/1.1" 200 12594
191.112.17.11 - - [03/Mar/2016:12:46:12 -0300] "GET /cormun/servlet/solicitudot?UPD,2016,504, HTTP/1.1" 200 12603
191.112.17.11 - - [03/Mar/2016:12:46:13 -0300] "POST /cormun/servlet/solicitudot?gx-no-cache=1457019997456 HTTP/1.1" 200 2760
191.112.17.11 - - [03/Mar/2016:12:46:13 -0300] "POST /cormun/servlet/solicitudot?5619316feb5e38edb3968644c42d6612,UPD,2016,504,,gx-no-cache=1457019997822 HTTP/1.1" 200 9064
191.112.17.11 - - [03/Mar/2016:12:46:14 -0300] "GET /cormun/servlet/solicitudot?4eda181fdd50b2d62d229ba088ba1c9d2228ab9f4f129b8b1ae074886dfc6aa53537eba584022b2a2f15dadf71360f32,gx-no-cache=1457019998221 HTTP/1.1" 200 30
186.78.57.210 - - [03/Mar/2016:12:46:14 -0300] "POST /cormun/servlet/trsolicitudot?47b2748899f65881853b1d07e208b3a8,,gx-no-cache=1457020033296 HTTP/1.1" 200 5538
191.112.17.11 - - [03/Mar/2016:12:46:14 -0300] "POST /cormun/servlet/solicitudot?gx-no-cache=1457019998339 HTTP/1.1" 200 30
191.112.17.11 - - [03/Mar/2016:12:46:14 -0300] "POST /cormun/servlet/solicitudot?gx-no-cache=1457019998664 HTTP/1.1" 200 30
191.112.17.11 - - [03/Mar/2016:12:46:14 -0300] "POST /cormun/servlet/solicitudot?gx-no-cache=1457019998768 HTTP/1.1" 200 1158
