192.168.10.89 - - [03/Mar/2016:11:46:43 -0300] "GET /cormun/static/gxcfg.js?20151120044395 HTTP/1.1" 304 -
192.168.10.89 - - [03/Mar/2016:11:46:43 -0300] "GET /cormun/static/hpexe_link.js?20151120044398 HTTP/1.1" 304 -
192.168.10.89 - - [03/Mar/2016:11:46:44 -0300] "GET /cormun/servlet/hhome HTTP/1.1" 200 3418
192.168.10.89 - - [03/Mar/2016:11:46:44 -0300] "GET /cormun/static/Resources/Spanish/PXTools.css?10515224 HTTP/1.1" 304 -
192.168.10.89 - - [03/Mar/2016:11:46:44 -0300] "GET /cormun/static/gxcfg.js?2015112210564248 HTTP/1.1" 304 -
192.168.10.89 - - [03/Mar/2016:11:46:44 -0300] "GET /cormun/static/hwchdr01.js?20162241650484 HTTP/1.1" 304 -
192.168.10.89 - - [03/Mar/2016:11:46:44 -0300] "GET /cormun/static/hhome.js?2015112210564255 HTTP/1.1" 304 -
192.168.10.89 - - [03/Mar/2016:11:46:44 -0300] "GET /cormun/static/hpexe_scripts.js?20151120014546 HTTP/1.1" 304 -
192.168.10.89 - - [03/Mar/2016:11:46:44 -0300] "GET /cormun/static/hpexe_recentlink.js?2015111312121342 HTTP/1.1" 304 -
192.168.10.89 - - [03/Mar/2016:11:46:44 -0300] "GET /cormun/static/hpexe_messagepopupcomponent.js?20163219454551 HTTP/1.1" 304 -
192.168.10.89 - - [03/Mar/2016:11:46:44 -0300] "GET /cormun/static/hpexe_messagegenexuscomponent.js?20151120014314 HTTP/1.1" 304 -
192.168.10.89 - - [03/Mar/2016:11:46:44 -0300] "GET /cormun/static/hpexe_messagecontroller.js?2015112210524422 HTTP/1.1" 304 -
192.168.10.89 - - [03/Mar/2016:11:46:44 -0300] "GET /cormun/static/cmcontrolpreferences.js?20151120014525 HTTP/1.1" 304 -
192.168.10.89 - - [03/Mar/2016:11:46:44 -0300] "GET /cormun/static/hmpwkw03.js?2016311993330 HTTP/1.1" 304 -
191.112.78.213 - - [03/Mar/2016:11:46:45 -0300] "GET /cormun/servlet/solicitudotadjuntos?INS,2016,464,,1, HTTP/1.1" 200 5473
186.103.159.182 - - [03/Mar/2016:11:46:45 -0300] "POST /cormun/servlet/solicitudot?gx-no-cache=1457016433732 HTTP/1.1" 200 2790
186.103.159.182 - - [03/Mar/2016:11:46:46 -0300] "POST /cormun/servlet/solicitudot?705ec4271f7a59328d523fa32fe3920a,INS,0,0,,gx-no-cache=1457016434111 HTTP/1.1" 200 8396
191.112.78.213 - - [03/Mar/2016:11:46:46 -0300] "GET /cormun/static/about:blank HTTP/1.1" 404 1011
191.112.78.213 - - [03/Mar/2016:11:46:47 -0300] "GET /cormun/servlet/solicitudotadjuntos?INS,2016,464,,1, HTTP/1.1" 200 5467
191.112.78.213 - - [03/Mar/2016:11:46:48 -0300] "GET /cormun/servlet/solicitudotadjuntos?5dc64e72aa6460987ed563b8bb772a1e4b9b6dedd294f4af6184facc5e53d85ccc79a545b9cadcb53d627544da7dec2e,gx-no-cache=1457016433545 HTTP/1.1" 200 30
191.112.78.213 - - [03/Mar/2016:11:46:49 -0300] "POST /cormun/servlet/solicitudotadjuntos?78a791391b8286a9b26165191b25347f,INS,2016,464,,1,,gx-no-cache=1457016433732 HTTP/1.1" 200 3375
191.112.78.213 - - [03/Mar/2016:11:46:52 -0300] "POST /cormun/servlet/solicitudotadjuntos?gx-no-cache=1457016437780 HTTP/1.1" 200 26
186.103.159.182 - - [03/Mar/2016:11:46:59 -0300] "GET /cormun/servlet/solicitudot?83b595024b3ef2ba08bb50c01f341b85b6ee7abd15d8e2f9c52a77e5729171512df1760c6d29dd2fb5ec3b8c04d69c5e,gx-no-cache=1457016447620 HTTP/1.1" 200 30
186.103.159.182 - - [03/Mar/2016:11:46:59 -0300] "POST /cormun/servlet/solicitudot?gx-no-cache=1457016447685 HTTP/1.1" 200 30
186.103.159.182 - - [03/Mar/2016:11:46:59 -0300] "POST /cormun/servlet/solicitudot?gx-no-cache=1457016447716 HTTP/1.1" 200 33
186.103.159.182 - - [03/Mar/2016:11:46:59 -0300] "POST /cormun/servlet/solicitudot?gx-no-cache=1457016447766 HTTP/1.1" 200 1157
186.103.159.182 - - [03/Mar/2016:11:46:59 -0300] "GET /cormun/servlet/solicitudot?83b595024b3ef2ba08bb50c01f341b85e97200e67c3fa638d5037ce864ba01f8826548408f297dd46354a055ef6b7dcc31f2be8452d09281b52a00d957febbe6f070a0739b29b2fc8294fcbc76e73afa711634ac9f2ced22b5f701f6719fd0540891a7062c3262e5425f61f67d9cb31ebdf4a45c4661dce79d415399e7131c9b71f0b3054b20f62e4c78e6776e7277fc,gx-no-cache=1457016447847 HTTP/1.1" 200 38
191.112.78.213 - - [03/Mar/2016:11:47:03 -0300] "GET /cormun/servlet/solicitudotadjuntos?5dc64e72aa6460987ed563b8bb772a1eb7d76dcf35d15f6dca7db02f4044a319,gx-no-cache=1457016448587 HTTP/1.1" 200 30
191.112.78.213 - - [03/Mar/2016:11:47:03 -0300] "GET /cormun/servlet/solicitudotadjuntos?5dc64e72aa6460987ed563b8bb772a1eb7d76dcf35d15f6dca7db02f4044a319,gx-no-cache=1457016448673 HTTP/1.1" 200 30
191.112.78.213 - - [03/Mar/2016:11:47:04 -0300] "POST /cormun/servlet/solicitudotadjuntos?78a791391b8286a9b26165191b25347f,INS,2016,464,,1, HTTP/1.1" 200 116
191.112.78.213 - - [03/Mar/2016:11:47:05 -0300] "GET /cormun/servlet/hpexe_return? HTTP/1.1" 200 1028
191.112.78.213 - - [03/Mar/2016:11:47:06 -0300] "GET /cormun/servlet/trsolicitudadjuntos?2016,464, HTTP/1.1" 200 7624
186.103.159.182 - - [03/Mar/2016:11:47:06 -0300] "POST /cormun/servlet/solicitudot?705ec4271f7a59328d523fa32fe3920a,INS,0,0,,gx-no-cache=1457016454538 HTTP/1.1" 200 93
186.103.159.182 - - [03/Mar/2016:11:47:06 -0300] "GET /cormun/servlet/hpexe_return? HTTP/1.1" 200 1006
186.103.159.182 - - [03/Mar/2016:11:47:06 -0300] "GET /cormun/static/hpexe_return.js?2015111312145056 HTTP/1.1" 200 1633
186.103.159.182 - - [03/Mar/2016:11:47:06 -0300] "GET /cormun/static/gxcfg.js?2015111312145050 HTTP/1.1" 200 953
186.103.159.182 - - [03/Mar/2016:11:47:06 -0300] "GET /cormun/static/Resources/Spanish/PXTools.css?12112540 HTTP/1.1" 200 89042
186.103.159.182 - - [03/Mar/2016:11:47:07 -0300] "GET /cormun/servlet/trsolicitudot? HTTP/1.1" 200 6145
191.112.78.213 - - [03/Mar/2016:11:47:08 -0300] "GET /cormun/servlet/trsolicitudadjuntos?2016,464, HTTP/1.1" 200 7622
186.103.159.182 - - [03/Mar/2016:11:47:09 -0300] "GET /cormun/servlet/trsolicitudot? HTTP/1.1" 200 6142
192.168.10.89 - - [03/Mar/2016:11:47:25 -0300] "GET /cormun/servlet/trsolicitudot? HTTP/1.1" 200 6175
192.168.10.89 - - [03/Mar/2016:11:47:25 -0300] "GET /cormun/static/Resources/Spanish/PXTools.css?18502099 HTTP/1.1" 304 -
192.168.10.89 - - [03/Mar/2016:11:47:25 -0300] "GET /cormun/static/gxcfg.js?201631185636 HTTP/1.1" 304 -
192.168.10.89 - - [03/Mar/2016:11:47:25 -0300] "GET /cormun/static/trsolicitudot.js?2016311856838 HTTP/1.1" 304 -
192.168.10.89 - - [03/Mar/2016:11:47:29 -0300] "GET /cormun/static/menuarrow.gif HTTP/1.1" 404 1015
192.168.10.89 - - [03/Mar/2016:11:47:33 -0300] "POST /cormun/servlet/trsolicitudot?7b9a0b984182fb58c201f8394d2285aa,,gx-no-cache=1457016205591 HTTP/1.1" 200 3502
192.168.10.89 - - [03/Mar/2016:11:47:33 -0300] "POST /cormun/servlet/trsolicitudot?7b9a0b984182fb58c201f8394d2285aa,,gx-no-cache=1457016205850 HTTP/1.1" 200 3501
192.168.10.89 - - [03/Mar/2016:11:47:33 -0300] "POST /cormun/servlet/trsolicitudot?7b9a0b984182fb58c201f8394d2285aa,,gx-no-cache=1457016206120 HTTP/1.1" 200 3502
192.168.10.89 - - [03/Mar/2016:11:47:34 -0300] "POST /cormun/servlet/trsolicitudot?7b9a0b984182fb58c201f8394d2285aa,,gx-no-cache=1457016206431 HTTP/1.1" 200 3502
192.168.10.89 - - [03/Mar/2016:11:47:34 -0300] "POST /cormun/servlet/trsolicitudot?7b9a0b984182fb58c201f8394d2285aa,,gx-no-cache=1457016206772 HTTP/1.1" 200 3502
192.168.10.89 - - [03/Mar/2016:11:47:34 -0300] "POST /cormun/servlet/trsolicitudot?7b9a0b984182fb58c201f8394d2285aa,,gx-no-cache=1457016207161 HTTP/1.1" 200 3502
192.168.10.89 - - [03/Mar/2016:11:47:35 -0300] "POST /cormun/servlet/trsolicitudot?7b9a0b984182fb58c201f8394d2285aa,,gx-no-cache=1457016207609 HTTP/1.1" 200 3502
192.168.10.89 - - [03/Mar/2016:11:47:38 -0300] "POST /cormun/servlet/trsolicitudot?7b9a0b984182fb58c201f8394d2285aa,,gx-no-cache=1457016208085 HTTP/1.1" 200 3502
186.103.159.189 - - [03/Mar/2016:11:47:56 -0300] "POST /cormun/servlet/solicitudot?gx-no-cache=1457016503588 HTTP/1.1" 200 30
192.168.10.89 - - [03/Mar/2016:11:48:00 -0300] "GET /cormun/servlet/solicitudot?INS,0,0, HTTP/1.1" 200 11421
192.168.10.89 - - [03/Mar/2016:11:48:00 -0300] "GET /cormun/static/Resources/Spanish/PXTools.css?1944839 HTTP/1.1" 304 -
192.168.10.89 - - [03/Mar/2016:11:48:00 -0300] "GET /cormun/static/gxcfg.js?20163219435133 HTTP/1.1" 304 -
192.168.10.89 - - [03/Mar/2016:11:48:00 -0300] "GET /cormun/static/solicitudot.js?20163219435183 HTTP/1.1" 304 -
186.103.159.189 - - [03/Mar/2016:11:48:07 -0300] "POST /cormun/servlet/solicitudot?gx-no-cache=1457016514869 HTTP/1.1" 200 30
186.103.159.189 - - [03/Mar/2016:11:48:08 -0300] "POST /cormun/servlet/solicitudot?gx-no-cache=1457016516123 HTTP/1.1" 200 452
186.103.159.189 - - [03/Mar/2016:11:48:08 -0300] "GET /cormun/servlet/solicitudot?5eee1d4e14ebb40d0c5eede716f552a25e0f115735e076f09b6a38814849364d3bf98e0452870c400ac1ce43776bd74396481fa9f90019d5f18a1467f062945e06a41f130f152a6e383ff25af4f17bc6fc0f393b0d1f984a0e9298ed9bdbd36f206c107ea3ddbfcc846a2bbeb9697d77732e9edf2276269c3d8be264759e7921d2c47ead2217c21b12bb14bc6de06145,gx-no-cache=1457016516310 HTTP/1.1" 200 38
192.168.10.89 - - [03/Mar/2016:11:48:29 -0300] "GET /cormun/servlet/prfichaempleado?,MD,,gxPopupLevel%3D0%3B HTTP/1.1" 200 7868
192.168.10.89 - - [03/Mar/2016:11:48:29 -0300] "GET /cormun/static/Resources/Spanish/PXTools.css?16184758 HTTP/1.1" 304 -
192.168.10.89 - - [03/Mar/2016:11:48:29 -0300] "GET /cormun/static/gxcfg.js?201511151625694 HTTP/1.1" 304 -
192.168.10.89 - - [03/Mar/2016:11:48:29 -0300] "GET /cormun/static/prfichaempleado.js?201511151625857 HTTP/1.1" 304 -
192.168.10.89 - - [03/Mar/2016:11:48:29 -0300] "GET /cormun/static/menusearch.js?20163219454787 HTTP/1.1" 304 -
192.168.10.89 - - [03/Mar/2016:11:48:29 -0300] "GET /cormun/static/hmpwkw01.js?201511211495945 HTTP/1.1" 304 -
186.103.159.189 - - [03/Mar/2016:11:48:31 -0300] "GET /cormun/servlet/solicitudot?5eee1d4e14ebb40d0c5eede716f552a2f09005d8f9b7217fddcf9475baa6a192d9917f6bb6872eda4ea333c663ea80ba860c349770667af01d4f95f2357f32b2f85f79c1b27e0fd908b0ee680049ff057220f7f93476017dd277210035e77cf55bf13d6e33661dbf7764615b0257d57c,gx-no-cache=1457016538636 HTTP/1.1" 200 29
186.103.159.189 - - [03/Mar/2016:11:48:32 -0300] "POST /cormun/servlet/solicitudot?gx-no-cache=1457016540333 HTTP/1.1" 200 1116
192.168.10.89 - - [03/Mar/2016:11:48:34 -0300] "GET /cormun/servlet/prfichaempleado?ab421e149717229525307fd1183d1cdeca411749b5ce4503cc73fe3d5773ea96b0941b061dcb586f397f8d7a38e77aa9c9b9898d1cc2fba5ae3bd3d0011e6b5f,gx-no-cache=1457016267349 HTTP/1.1" 200 462
192.168.10.89 - - [03/Mar/2016:11:48:35 -0300] "GET /cormun/servlet/prfichaempleado?ab421e149717229525307fd1183d1cde95447061540f16026e48bbf14242c4f3e78ef5c18d001e499e8b4336149142c8064f784cd0fa4762c542ca2d701b147ecf47c32b15001333d9b64d01906fbd7d,gx-no-cache=1457016268169 HTTP/1.1" 200 468
192.168.10.89 - - [03/Mar/2016:11:48:38 -0300] "GET /cormun/servlet/prfichaempleado?ab421e149717229525307fd1183d1cde95447061540f16026e48bbf14242c4f300a876fbda5a561f13b123a4e30b6bf9058ebf79ca3bd5cbb7a8b20453c0d50eca17812962631ca1edf1cf85a12e183b,gx-no-cache=1457016270838 HTTP/1.1" 200 473
186.103.159.189 - - [03/Mar/2016:11:48:41 -0300] "GET /cormun/static/menuarrow.gif HTTP/1.1" 404 1015
192.168.10.89 - - [03/Mar/2016:11:48:43 -0300] "POST /cormun/servlet/solicitudot?7b9a0b984182fb58c201f8394d2285aa,INS,0,0,,gx-no-cache=1457016275607 HTTP/1.1" 200 93
192.168.10.89 - - [03/Mar/2016:11:48:43 -0300] "GET /cormun/servlet/hpexe_return? HTTP/1.1" 200 1005
192.168.10.89 - - [03/Mar/2016:11:48:43 -0300] "GET /cormun/static/Resources/Spanish/PXTools.css?12112540 HTTP/1.1" 304 -
192.168.10.89 - - [03/Mar/2016:11:48:43 -0300] "GET /cormun/static/gxcfg.js?2015111312145050 HTTP/1.1" 304 -
192.168.10.89 - - [03/Mar/2016:11:48:43 -0300] "GET /cormun/static/hpexe_return.js?2015111312145056 HTTP/1.1" 304 -
192.168.10.89 - - [03/Mar/2016:11:48:44 -0300] "GET /cormun/servlet/trsolicitudot? HTTP/1.1" 200 6184
192.168.10.89 - - [03/Mar/2016:11:48:47 -0300] "GET /cormun/servlet/solicitudot?INS,0,0, HTTP/1.1" 200 11421
192.168.10.89 - - [03/Mar/2016:11:48:52 -0300] "GET /cormun/servlet/prfichaempleado?,MD,,gxPopupLevel%3D0%3B HTTP/1.1" 200 7868
192.168.10.89 - - [03/Mar/2016:11:48:56 -0300] "GET /cormun/servlet/prfichaempleado?ab421e149717229525307fd1183d1cdeca411749b5ce4503cc73fe3d5773ea96b0941b061dcb586f397f8d7a38e77aa9c9b9898d1cc2fba5ae3bd3d0011e6b5f,gx-no-cache=1457016288471 HTTP/1.1" 200 462
186.103.159.189 - - [03/Mar/2016:11:48:58 -0300] "GET /cormun/servlet/solicitudot?5eee1d4e14ebb40d0c5eede716f552a2807948bf934a74d9a3d0da7fa5d1c5c5757b819fac7e742bb20c4596d3cbefaa1b9b628635bf68c80d2a0e12aed49cc329728118444cdd5c22ed69f64359ace0812cba1d5e52766e86587142711b8fd295f7fe5f80aee9aec419cb8a00293d933d27648903792d3e54db2f42185611f62bd9e4568c3f1e98d888bf0ddfb7a97b2321027f6a156f7b9ab941218b89a53713b077fce0c73b2c04bf2dcafe846029,gx-no-cache=1457016565871 HTTP/1.1" 200 30
192.168.10.89 - - [03/Mar/2016:11:48:59 -0300] "GET /cormun/servlet/prfichaempleado?ab421e149717229525307fd1183d1cde95447061540f16026e48bbf14242c4f300a876fbda5a561f13b123a4e30b6bf9058ebf79ca3bd5cbb7a8b20453c0d50ea7dc444c9f6831bba227bc5d13700833,gx-no-cache=1457016291820 HTTP/1.1" 200 473
192.168.10.89 - - [03/Mar/2016:11:49:00 -0300] "POST /cormun/servlet/prfichaempleado?7b9a0b984182fb58c201f8394d2285aa,,MD,,gxPopupLevel%3D0%3B,gx-no-cache=1457016292807 HTTP/1.1" 200 2842
192.168.10.89 - - [03/Mar/2016:11:49:07 -0300] "POST /cormun/servlet/solicitudot?gx-no-cache=1457016299582 HTTP/1.1" 200 2781
192.168.10.89 - - [03/Mar/2016:11:49:07 -0300] "POST /cormun/servlet/solicitudot?7b9a0b984182fb58c201f8394d2285aa,INS,0,0,,gx-no-cache=1457016299740 HTTP/1.1" 200 8430
186.78.57.210 - - [03/Mar/2016:11:49:09 -0300] "GET /cormun/servlet/trsolicitudot? HTTP/1.1" 200 7533
186.78.57.210 - - [03/Mar/2016:11:49:10 -0300] "GET /cormun/servlet/trsolicitudot? HTTP/1.1" 200 7532
192.168.10.89 - - [03/Mar/2016:11:49:15 -0300] "GET /cormun/servlet/solicitudot?4c78ad1a7e8578778598c886118477181b71df967a2a9787c6568958dd0aed6dcf47c32b15001333d9b64d01906fbd7d,gx-no-cache=1457016308405 HTTP/1.1" 200 30
192.168.10.89 - - [03/Mar/2016:11:49:15 -0300] "POST /cormun/servlet/solicitudot?gx-no-cache=1457016308442 HTTP/1.1" 200 30
192.168.10.89 - - [03/Mar/2016:11:49:22 -0300] "POST /cormun/servlet/solicitudot?gx-no-cache=1457016314629 HTTP/1.1" 200 30
192.168.10.89 - - [03/Mar/2016:11:49:30 -0300] "GET /cormun/servlet/prcontratosol?16269715,,,,,MD,,gxPopupLevel%3D0%3B HTTP/1.1" 200 5654
192.168.10.89 - - [03/Mar/2016:11:49:30 -0300] "GET /cormun/static/Resources/Spanish/PXTools.css?1423257 HTTP/1.1" 304 -
192.168.10.89 - - [03/Mar/2016:11:49:30 -0300] "GET /cormun/static/gxcfg.js?2016141247819 HTTP/1.1" 304 -
192.168.10.89 - - [03/Mar/2016:11:49:30 -0300] "GET /cormun/static/prcontratosol.js?2016141247993 HTTP/1.1" 304 -
192.168.10.89 - - [03/Mar/2016:11:49:30 -0300] "GET /cormun/static/hmpwkw011.js?20163117201773 HTTP/1.1" 304 -
192.168.10.89 - - [03/Mar/2016:11:49:32 -0300] "POST /cormun/servlet/acontrolpreferencessavestate?None,GBARRIOS,true HTTP/1.1" 200 35
192.168.10.89 - - [03/Mar/2016:11:49:36 -0300] "POST /cormun/servlet/solicitudot?gx-no-cache=1457016328667 HTTP/1.1" 200 1158
192.168.10.89 - - [03/Mar/2016:11:49:36 -0300] "GET /cormun/servlet/solicitudot?4c78ad1a7e8578778598c886118477186610aac93691c7e8df488739f8772a833be30bcf5a6080eb8ff2f9c89b0a59e534070872b8c666164fb3c7dc4cccb364111115bd136989f5bd3997c4ce801172dc9561191925ff0cf1ceb12d7bdadfbe80c91cdd40a6dfecd89e7165df8bfe0cbc7b0d3044d4487ab361ce2ed638fe8100eac55a1d14421bb61f3462e8800f43,gx-no-cache=1457016328785 HTTP/1.1" 200 38
192.168.10.89 - - [03/Mar/2016:11:49:36 -0300] "GET /cormun/servlet/solicitudot?4c78ad1a7e8578778598c8861184771889ba8759605fd04346be5f753e70270dbb345818712447216dd17376a0586bbd7eb572ec596aa5b7f4fd14f4313d6153f67676084dab158e4680f0920571188077e0e1f811de237d28f8c4a604d5ead2989890f241e21f2fd34e94b257e8b509a493bd04f44ac72622bd0f7f9cf8dfa7613a8e11ef89885573abbe25250860b48d14e725bbab0f12594e0388402f6f6b9a84abaec30dffa35544d65ef87affb24ee6246938c414c9925d06aa17035c7c4af2ac6a067e8e24a47bbcaaedd23bae,gx-no-cache=1457016328808 HTTP/1.1" 200 29
192.168.10.89 - - [03/Mar/2016:11:49:36 -0300] "POST /cormun/servlet/solicitudot?gx-no-cache=1457016328829 HTTP/1.1" 200 1116
186.103.159.44 - - [03/Mar/2016:11:49:38 -0300] "POST /cormun/servlet/hlogin?0a34ce4e014d440ebf6e2ab307589904,gx-no-cache=1457016586191 HTTP/1.1" 440 972
186.103.159.44 - - [03/Mar/2016:11:49:41 -0300] "GET /cormun/servlet/hlogin HTTP/1.1" 200 1731
192.168.10.89 - - [03/Mar/2016:11:49:45 -0300] "GET /cormun/servlet/solicitudot?4c78ad1a7e8578778598c8861184771889ba8759605fd04346be5f753e70270dbb345818712447216dd17376a0586bbdb1444d051cc1736a0e09780dfa3f7bbff67676084dab158e4680f0920571188077e0e1f811de237d28f8c4a604d5ead2989890f241e21f2fd34e94b257e8b509a493bd04f44ac72622bd0f7f9cf8dfa7613a8e11ef89885573abbe25250860b48d14e725bbab0f12594e0388402f6f6b9a84abaec30dffa35544d65ef87affb24ee6246938c414c9925d06aa17035c7c4af2ac6a067e8e24a47bbcaaedd23bae,gx-no-cache=1457016337983 HTTP/1.1" 200 29
186.103.159.44 - - [03/Mar/2016:11:50:00 -0300] "POST /cormun/servlet/hlogin?90407dd04215d27dd591a38f9863650e,gx-no-cache=1457016608332 HTTP/1.1" 200 90
186.103.159.44 - - [03/Mar/2016:11:50:00 -0300] "GET /cormun/servlet/hpexe_link HTTP/1.1" 200 953
186.103.159.44 - - [03/Mar/2016:11:50:00 -0300] "GET /cormun/static/gxcfg.js?20151120044395 HTTP/1.1" 200 953
186.103.159.44 - - [03/Mar/2016:11:50:00 -0300] "GET /cormun/static/hpexe_link.js?20151120044398 HTTP/1.1" 200 625
186.103.159.44 - - [03/Mar/2016:11:50:00 -0300] "GET /cormun/servlet/hhome HTTP/1.1" 200 3414
186.103.159.44 - - [03/Mar/2016:11:50:00 -0300] "GET /cormun/static/gxcfg.js?2015112210564248 HTTP/1.1" 200 953
186.103.159.44 - - [03/Mar/2016:11:50:00 -0300] "GET /cormun/static/Resources/Spanish/PXTools.css?10515224 HTTP/1.1" 200 89042
186.103.159.44 - - [03/Mar/2016:11:50:01 -0300] "GET /cormun/static/hhome.js?2015112210564255 HTTP/1.1" 200 777
186.103.159.44 - - [03/Mar/2016:11:50:01 -0300] "GET /cormun/static/hwchdr01.js?20162241650484 HTTP/1.1" 200 1183
186.103.159.44 - - [03/Mar/2016:11:50:01 -0300] "GET /cormun/static/hpexe_recentlink.js?2015111312121342 HTTP/1.1" 200 2144
186.103.159.44 - - [03/Mar/2016:11:50:01 -0300] "GET /cormun/static/hpexe_scripts.js?20151120014546 HTTP/1.1" 200 1544
186.103.159.44 - - [03/Mar/2016:11:50:01 -0300] "GET /cormun/static/hpexe_messagecontroller.js?2015112210524422 HTTP/1.1" 200 870
186.103.159.44 - - [03/Mar/2016:11:50:01 -0300] "GET /cormun/static/hpexe_messagepopupcomponent.js?20163219454551 HTTP/1.1" 200 605
186.103.159.44 - - [03/Mar/2016:11:50:01 -0300] "GET /cormun/static/hpexe_messagegenexuscomponent.js?20151120014314 HTTP/1.1" 200 587
186.103.159.44 - - [03/Mar/2016:11:50:01 -0300] "GET /cormun/static/cmcontrolpreferences.js?20151120014525 HTTP/1.1" 200 1375
186.103.159.44 - - [03/Mar/2016:11:50:01 -0300] "GET /cormun/static/hmpwkw03.js?2016311993330 HTTP/1.1" 200 3898
192.168.10.89 - - [03/Mar/2016:11:50:01 -0300] "GET /cormun/servlet/solicitudot?4c78ad1a7e8578778598c88611847718cb275ea2d55748046c19d1a25463c925afd991c9de8e1fa6a4702999226a8e7e8714c369306b8e9b6e80e078ded8e2ef44df382f18189ac0b9f8474789b64a5d27061e670299a3c2edfba378443020288d4bf56681065d97c73d1f0151d317abc822b1bc9f527ac6a49f8b180ad1ce166fcd450c76a19cb54fead499d1de8edfd9bca1685df76f9c5ae1c3dea568310e0a3d4f63f3c0c15018585a6872722742,gx-no-cache=1457016354043 HTTP/1.1" 200 30
186.103.159.44 - - [03/Mar/2016:11:50:05 -0300] "GET /cormun/servlet/trsolicitudot? HTTP/1.1" 200 6176
186.103.159.44 - - [03/Mar/2016:11:50:05 -0300] "GET /cormun/static/gxcfg.js?201631185636 HTTP/1.1" 200 953
186.103.159.44 - - [03/Mar/2016:11:50:05 -0300] "GET /cormun/static/calendar-setup.js?85251 HTTP/1.1" 304 -
186.103.159.44 - - [03/Mar/2016:11:50:05 -0300] "GET /cormun/static/calendar-es.js?85251 HTTP/1.1" 304 -
186.103.159.44 - - [03/Mar/2016:11:50:05 -0300] "GET /cormun/static/calendar.js?85251 HTTP/1.1" 304 -
186.103.159.44 - - [03/Mar/2016:11:50:06 -0300] "GET /cormun/static/Resources/Spanish/PXTools.css?18502099 HTTP/1.1" 200 89042
186.103.159.44 - - [03/Mar/2016:11:50:06 -0300] "GET /cormun/static/gxdec.js?85251 HTTP/1.1" 304 -
186.103.159.44 - - [03/Mar/2016:11:50:07 -0300] "GET /cormun/static/trsolicitudot.js?2016311856838 HTTP/1.1" 200 45326
186.103.159.44 - - [03/Mar/2016:11:50:10 -0300] "GET /cormun/servlet/solicitudot?INS,0,0, HTTP/1.1" 200 11423
186.103.159.44 - - [03/Mar/2016:11:50:10 -0300] "GET /cormun/static/gxcfg.js?20163219435133 HTTP/1.1" 200 953
186.103.159.44 - - [03/Mar/2016:11:50:10 -0300] "GET /cormun/static/Resources/Spanish/PXTools.css?1944839 HTTP/1.1" 200 89042
186.103.159.44 - - [03/Mar/2016:11:50:10 -0300] "GET /cormun/static/solicitudot.js?20163219435183 HTTP/1.1" 200 44151
192.168.10.89 - - [03/Mar/2016:11:50:20 -0300] "POST /cormun/servlet/solicitudot?7b9a0b984182fb58c201f8394d2285aa,INS,0,0,,gx-no-cache=1457016372769 HTTP/1.1" 200 93
192.168.10.89 - - [03/Mar/2016:11:50:20 -0300] "GET /cormun/servlet/hpexe_return? HTTP/1.1" 200 1005
192.168.10.89 - - [03/Mar/2016:11:50:21 -0300] "GET /cormun/servlet/trsolicitudot HTTP/1.1" 200 7505
192.168.10.89 - - [03/Mar/2016:11:50:47 -0300] "POST /cormun/servlet/trsolicitudot?7b9a0b984182fb58c201f8394d2285aa,gx-no-cache=1457016399772 HTTP/1.1" 200 4954
192.168.10.89 - - [03/Mar/2016:11:50:47 -0300] "POST /cormun/servlet/trsolicitudot?7b9a0b984182fb58c201f8394d2285aa,gx-no-cache=1457016400029 HTTP/1.1" 200 4952
192.168.10.89 - - [03/Mar/2016:11:50:47 -0300] "POST /cormun/servlet/trsolicitudot?7b9a0b984182fb58c201f8394d2285aa,gx-no-cache=1457016400324 HTTP/1.1" 200 4953
192.168.10.89 - - [03/Mar/2016:11:50:48 -0300] "POST /cormun/servlet/trsolicitudot?7b9a0b984182fb58c201f8394d2285aa,gx-no-cache=1457016400667 HTTP/1.1" 200 4953
192.168.10.89 - - [03/Mar/2016:11:50:48 -0300] "POST /cormun/servlet/trsolicitudot?7b9a0b984182fb58c201f8394d2285aa,gx-no-cache=1457016401066 HTTP/1.1" 200 4953
192.168.10.89 - - [03/Mar/2016:11:50:49 -0300] "POST /cormun/servlet/trsolicitudot?7b9a0b984182fb58c201f8394d2285aa,gx-no-cache=1457016401504 HTTP/1.1" 200 4952
192.168.10.89 - - [03/Mar/2016:11:50:49 -0300] "POST /cormun/servlet/trsolicitudot?7b9a0b984182fb58c201f8394d2285aa,gx-no-cache=1457016401993 HTTP/1.1" 200 4953
192.168.10.89 - - [03/Mar/2016:11:50:52 -0300] "POST /cormun/servlet/trsolicitudot?7b9a0b984182fb58c201f8394d2285aa,gx-no-cache=1457016402525 HTTP/1.1" 200 3637
192.168.10.89 - - [03/Mar/2016:11:50:53 -0300] "POST /cormun/servlet/trsolicitudot?7b9a0b984182fb58c201f8394d2285aa,gx-no-cache=1457016405478 HTTP/1.1" 200 3483
192.168.10.89 - - [03/Mar/2016:11:50:53 -0300] "GET /cormun/static/Shared/jqueryui/images/ui-icons_8d78a5_256x240.png HTTP/1.1" 404 1089
192.168.10.89 - - [03/Mar/2016:11:50:53 -0300] "GET /cormun/static/Shared/jqueryui/images/ui-bg_flat_55_fafafa_40x100.png HTTP/1.1" 404 1097
192.168.10.89 - - [03/Mar/2016:11:50:53 -0300] "GET /cormun/static/Shared/jqueryui/images/ui-bg_highlight-soft_100_c6c2c8_1x100.png HTTP/1.1" 404 1117
192.168.10.89 - - [03/Mar/2016:11:50:53 -0300] "GET /cormun/static/Shared/jqueryui/images/ui-icons_82798d_256x240.png HTTP/1.1" 404 1089
186.103.159.189 - - [03/Mar/2016:11:51:02 -0300] "POST /cormun/servlet/solicitudot?792a87689ff5db27dd453908384e075e,INS,0,0,,gx-no-cache=1457016689827 HTTP/1.1" 200 93
186.103.159.189 - - [03/Mar/2016:11:51:02 -0300] "GET /cormun/servlet/hpexe_return? HTTP/1.1" 200 1010
186.103.159.189 - - [03/Mar/2016:11:51:03 -0300] "GET /cormun/servlet/hhome HTTP/1.1" 200 3420
186.103.159.189 - - [03/Mar/2016:11:51:03 -0300] "GET /cormun/static/Resources/Spanish/PXTools.css?10515224 HTTP/1.1" 304 -
186.103.159.189 - - [03/Mar/2016:11:51:03 -0300] "GET /cormun/static/gxcfg.js?2015112210564248 HTTP/1.1" 304 -
186.103.159.189 - - [03/Mar/2016:11:51:03 -0300] "GET /cormun/static/hhome.js?2015112210564255 HTTP/1.1" 304 -
186.103.159.189 - - [03/Mar/2016:11:51:05 -0300] "GET /cormun/servlet/hhome HTTP/1.1" 200 3417
192.168.10.89 - - [03/Mar/2016:11:51:07 -0300] "GET /cormun/servlet/trautorizarsolicitud? HTTP/1.1" 200 7445
192.168.10.89 - - [03/Mar/2016:11:51:07 -0300] "GET /cormun/static/Resources/Spanish/PXTools.css?19444614 HTTP/1.1" 304 -
192.168.10.89 - - [03/Mar/2016:11:51:07 -0300] "GET /cormun/static/gxcfg.js?20163219504791 HTTP/1.1" 304 -
192.168.10.89 - - [03/Mar/2016:11:51:07 -0300] "GET /cormun/static/trautorizarsolicitud.js?20163219505323 HTTP/1.1" 304 -
186.103.159.44 - - [03/Mar/2016:11:51:15 -0300] "POST /cormun/servlet/solicitudot?gx-no-cache=1457016683715 HTTP/1.1" 200 2784
186.103.159.44 - - [03/Mar/2016:11:51:15 -0300] "POST /cormun/servlet/solicitudot?90407dd04215d27dd591a38f9863650e,INS,0,0,,gx-no-cache=1457016683925 HTTP/1.1" 200 8410
192.168.10.89 - - [03/Mar/2016:11:51:19 -0300] "POST /cormun/servlet/trautorizarsolicitud?7b9a0b984182fb58c201f8394d2285aa,,gx-no-cache=1457016432320 HTTP/1.1" 200 4921
192.168.10.89 - - [03/Mar/2016:11:51:20 -0300] "POST /cormun/servlet/trautorizarsolicitud?7b9a0b984182fb58c201f8394d2285aa,,gx-no-cache=1457016432591 HTTP/1.1" 200 4921
192.168.10.89 - - [03/Mar/2016:11:51:20 -0300] "POST /cormun/servlet/trautorizarsolicitud?7b9a0b984182fb58c201f8394d2285aa,,gx-no-cache=1457016432883 HTTP/1.1" 200 4921
192.168.10.89 - - [03/Mar/2016:11:51:20 -0300] "POST /cormun/servlet/trautorizarsolicitud?7b9a0b984182fb58c201f8394d2285aa,,gx-no-cache=1457016433250 HTTP/1.1" 200 4919
192.168.10.89 - - [03/Mar/2016:11:51:21 -0300] "POST /cormun/servlet/trautorizarsolicitud?7b9a0b984182fb58c201f8394d2285aa,,gx-no-cache=1457016433635 HTTP/1.1" 200 4921
192.168.10.89 - - [03/Mar/2016:11:51:21 -0300] "POST /cormun/servlet/trautorizarsolicitud?7b9a0b984182fb58c201f8394d2285aa,,gx-no-cache=1457016434074 HTTP/1.1" 200 4921
192.168.10.89 - - [03/Mar/2016:11:51:22 -0300] "POST /cormun/servlet/trautorizarsolicitud?7b9a0b984182fb58c201f8394d2285aa,,gx-no-cache=1457016434554 HTTP/1.1" 200 4921
192.168.10.89 - - [03/Mar/2016:11:51:25 -0300] "POST /cormun/servlet/trautorizarsolicitud?7b9a0b984182fb58c201f8394d2285aa,,gx-no-cache=1457016435085 HTTP/1.1" 200 3600
186.103.159.44 - - [03/Mar/2016:11:51:25 -0300] "GET /cormun/servlet/solicitudot?c4f1039a28ef4ff96a24962f861638dbc191d53824bf903c7357b47bb845d56adba5c8488579d0ae13062ef5c92daabb,gx-no-cache=1457016693491 HTTP/1.1" 200 30
192.168.10.89 - - [03/Mar/2016:11:51:25 -0300] "POST /cormun/servlet/trautorizarsolicitud?7b9a0b984182fb58c201f8394d2285aa,,gx-no-cache=1457016437931 HTTP/1.1" 200 3450
192.168.10.89 - - [03/Mar/2016:11:51:26 -0300] "GET /cormun/static/Shared/jqueryui/images/ui-icons_82798d_256x240.png HTTP/1.1" 404 1089
192.168.10.89 - - [03/Mar/2016:11:51:26 -0300] "GET /cormun/static/Shared/jqueryui/images/ui-icons_8d78a5_256x240.png HTTP/1.1" 404 1089
192.168.10.89 - - [03/Mar/2016:11:51:26 -0300] "GET /cormun/static/Shared/jqueryui/images/ui-bg_flat_55_fafafa_40x100.png HTTP/1.1" 404 1097
192.168.10.89 - - [03/Mar/2016:11:51:26 -0300] "GET /cormun/static/Shared/jqueryui/images/ui-bg_highlight-soft_100_c6c2c8_1x100.png HTTP/1.1" 404 1117
186.103.159.44 - - [03/Mar/2016:11:51:45 -0300] "POST /cormun/servlet/solicitudot?gx-no-cache=1457016713719 HTTP/1.1" 200 30
186.103.159.44 - - [03/Mar/2016:11:51:54 -0300] "POST /cormun/servlet/solicitudot?gx-no-cache=1457016722271 HTTP/1.1" 200 30
186.103.159.44 - - [03/Mar/2016:11:51:55 -0300] "POST /cormun/servlet/solicitudot?gx-no-cache=1457016723880 HTTP/1.1" 200 452
186.103.159.44 - - [03/Mar/2016:11:51:55 -0300] "GET /cormun/servlet/solicitudot?c4f1039a28ef4ff96a24962f861638db260cef07f434730b06a8f8e4c305b88ef9fed22ca2aaebce0521aeb5a7a656a0899bc08ba1257b9b19b3b1a0e9a4e00229c6388c815c2ef0af1bf00d07202f7ea500beff99d99210b9e16efba25047ef107f659eb19807bdb769f6dac077f01d78b32fa56535c28938d8c590506966f41b3245cd154f8f7f32c37b4472959fc5,gx-no-cache=1457016723933 HTTP/1.1" 200 38
192.168.10.89 - - [03/Mar/2016:11:52:07 -0300] "GET /cormun/servlet/trsolicitudot? HTTP/1.1" 200 6190
192.168.10.89 - - [03/Mar/2016:11:52:14 -0300] "GET /cormun/servlet/solicitudot?INS,0,0, HTTP/1.1" 200 11429
191.112.78.213 - - [03/Mar/2016:11:52:39 -0300] "GET /cormun/servlet/trsolicitudot? HTTP/1.1" 200 10339
191.112.78.213 - - [03/Mar/2016:11:52:42 -0300] "GET /cormun/servlet/trsolicitudot? HTTP/1.1" 200 10334
186.103.159.189 - - [03/Mar/2016:11:52:44 -0300] "GET /cormun/servlet/trsolicitudot? HTTP/1.1" 200 6180
186.103.159.189 - - [03/Mar/2016:11:52:47 -0300] "GET /cormun/servlet/trsolicitudot? HTTP/1.1" 200 6179
192.168.10.89 - - [03/Mar/2016:11:52:50 -0300] "POST /cormun/servlet/solicitudot?gx-no-cache=1457016522575 HTTP/1.1" 200 2668
192.168.10.89 - - [03/Mar/2016:11:52:50 -0300] "POST /cormun/servlet/solicitudot?7b9a0b984182fb58c201f8394d2285aa,INS,0,0,,gx-no-cache=1457016522683 HTTP/1.1" 200 8282
192.168.10.89 - - [03/Mar/2016:11:52:51 -0300] "GET /cormun/servlet/solicitudot?4c78ad1a7e8578778598c886118477185a603864c0601c18bc69e04ae5c00a83cf47c32b15001333d9b64d01906fbd7d,gx-no-cache=1457016524081 HTTP/1.1" 200 30
186.103.159.44 - - [03/Mar/2016:11:53:40 -0300] "GET /cormun/servlet/solicitudot?c4f1039a28ef4ff96a24962f861638dbd4a6f2890e32b0e36feb5e631a19e7b4fa46b03466de0e6c9c7f925b7c5cb72257d6939ad2327b7d8c4ec03ec148c1fc72f552a90b120733b0b9f0c45dbef870a64ab296d68dbe01798ca3fd908590331563ec08f0dfa05e319623522baab28c3143c9f4da691d13354ca776711c2ab11b187d81ad56bc53ab274167d11b37da8ed3640afaaa7c74b8afc6507907d130,gx-no-cache=1457016828930 HTTP/1.1" 200 29
186.103.159.44 - - [03/Mar/2016:11:53:42 -0300] "POST /cormun/servlet/solicitudot?gx-no-cache=1457016831050 HTTP/1.1" 200 1116
192.168.10.94 - - [03/Mar/2016:11:54:17 -0300] "GET /cormun/servlet/trvisualizadoreventos? HTTP/1.1" 200 5571
192.168.10.94 - - [03/Mar/2016:11:54:18 -0300] "GET /cormun/servlet/hlogin HTTP/1.1" 200 1742
192.168.10.94 - - [03/Mar/2016:11:54:33 -0300] "POST /cormun/servlet/hlogin?246f5cc45397bcddfaee4f04ad21c4cd,gx-no-cache=1457016625592 HTTP/1.1" 200 90
192.168.10.94 - - [03/Mar/2016:11:54:33 -0300] "GET /cormun/servlet/hpexe_link HTTP/1.1" 200 963
192.168.10.94 - - [03/Mar/2016:11:54:33 -0300] "GET /cormun/servlet/trvisualizadoreventos HTTP/1.1" 200 5757
192.168.10.94 - - [03/Mar/2016:11:54:36 -0300] "POST /cormun/servlet/trvisualizadoreventos?246f5cc45397bcddfaee4f04ad21c4cd,gx-no-cache=1457016628967 HTTP/1.1" 200 2975
192.168.10.94 - - [03/Mar/2016:11:54:36 -0300] "POST /cormun/servlet/trvisualizadoreventos?246f5cc45397bcddfaee4f04ad21c4cd,gx-no-cache=1457016629181 HTTP/1.1" 200 2975
192.168.10.94 - - [03/Mar/2016:11:54:37 -0300] "POST /cormun/servlet/trvisualizadoreventos?246f5cc45397bcddfaee4f04ad21c4cd,gx-no-cache=1457016629425 HTTP/1.1" 200 2975
192.168.10.94 - - [03/Mar/2016:11:54:37 -0300] "POST /cormun/servlet/trvisualizadoreventos?246f5cc45397bcddfaee4f04ad21c4cd,gx-no-cache=1457016629698 HTTP/1.1" 200 2975
192.168.10.94 - - [03/Mar/2016:11:54:46 -0300] "POST /cormun/servlet/trvisualizadoreventos?246f5cc45397bcddfaee4f04ad21c4cd,gx-no-cache=1457016638942 HTTP/1.1" 200 2978
192.168.10.94 - - [03/Mar/2016:11:54:46 -0300] "GET /cormun/servlet/trvisualizadoreventos?dc71d95ef8dab80e313a51033d97065b6b487378bc1a5a08b2e3a2693f5bc412ed4aeb861638ccc224b840729113909847deda207df176fd448728553cf91b8514eef975c62026e1e5caa875ef8acccda7f081b4fdd03e0814e64d6c38019f7c73f47cd6ea12599c8d4329a776595f9a8e6f6c3cbd17370f9717e973a0968e3dcef7faa992594f070634928949325941f2e41b7a1cb3d0ce82955737bfae75d175071cbfe457262c69de5b57bd6b13b0ea0a2a6cab51b504952af95beb39e446,gx-no-cache=1457016639411 HTTP/1.1" 200 565
192.168.10.94 - - [03/Mar/2016:11:54:56 -0300] "GET /cormun/servlet/trvisualizadoreventos? HTTP/1.1" 200 5755
192.168.10.94 - - [03/Mar/2016:11:55:01 -0300] "POST /cormun/servlet/trvisualizadoreventos?246f5cc45397bcddfaee4f04ad21c4cd,,gx-no-cache=1457016653662 HTTP/1.1" 200 2979
192.168.10.94 - - [03/Mar/2016:11:55:01 -0300] "POST /cormun/servlet/trvisualizadoreventos?246f5cc45397bcddfaee4f04ad21c4cd,,gx-no-cache=1457016653902 HTTP/1.1" 200 2979
192.168.10.94 - - [03/Mar/2016:11:55:01 -0300] "POST /cormun/servlet/trvisualizadoreventos?246f5cc45397bcddfaee4f04ad21c4cd,,gx-no-cache=1457016654176 HTTP/1.1" 200 2979
192.168.10.94 - - [03/Mar/2016:11:55:02 -0300] "POST /cormun/servlet/trvisualizadoreventos?246f5cc45397bcddfaee4f04ad21c4cd,,gx-no-cache=1457016654429 HTTP/1.1" 200 2979
186.103.159.44 - - [03/Mar/2016:11:55:29 -0300] "GET /cormun/servlet/solicitudot?c4f1039a28ef4ff96a24962f861638db78234deefe64ec5c2a019f633e83121ac3899632464b1dbd30823772065ba86526e7d1aafff8f2ffdfe7d6eeadeb297f52e7186e4763bcb8216e64ed73347d15870706c37d6a004a045f0d5fa5f1f0f17fc2b953d67553e429e2b2affd0ee0eb52f5662db976319f4dd0e7d6e6c9260dbf125dd983bc3fd612111404d86bfe6bf1136ae98fdfc658eb00276fa1924ac45a9b1a15193ee95cadb5a86eb804a1f5,gx-no-cache=1457016937769 HTTP/1.1" 200 30
186.103.159.44 - - [03/Mar/2016:11:55:41 -0300] "POST /cormun/servlet/solicitudot?90407dd04215d27dd591a38f9863650e,INS,0,0,,gx-no-cache=1457016949186 HTTP/1.1" 200 93
186.103.159.44 - - [03/Mar/2016:11:55:41 -0300] "GET /cormun/servlet/hpexe_return? HTTP/1.1" 200 1010
186.103.159.44 - - [03/Mar/2016:11:55:41 -0300] "GET /cormun/static/gxcfg.js?2015111312145050 HTTP/1.1" 200 953
186.103.159.44 - - [03/Mar/2016:11:55:41 -0300] "GET /cormun/static/Resources/Spanish/PXTools.css?12112540 HTTP/1.1" 200 89042
186.103.159.44 - - [03/Mar/2016:11:55:44 -0300] "GET /cormun/static/hpexe_return.js?2015111312145056 HTTP/1.1" 200 1633
186.103.159.44 - - [03/Mar/2016:11:55:44 -0300] "GET /cormun/servlet/trsolicitudot HTTP/1.1" 200 7488
192.168.10.89 - - [03/Mar/2016:11:55:45 -0300] "POST /cormun/servlet/solicitudot?gx-no-cache=1457016698426 HTTP/1.1" 200 30
192.168.10.89 - - [03/Mar/2016:11:55:53 -0300] "POST /cormun/servlet/solicitudot?gx-no-cache=1457016705742 HTTP/1.1" 200 30
192.168.10.89 - - [03/Mar/2016:11:55:55 -0300] "POST /cormun/servlet/solicitudot?gx-no-cache=1457016707714 HTTP/1.1" 200 452
192.168.10.89 - - [03/Mar/2016:11:55:55 -0300] "GET /cormun/servlet/solicitudot?4c78ad1a7e8578778598c886118477186610aac93691c7e8df488739f8772a833be30bcf5a6080eb8ff2f9c89b0a59e534070872b8c666164fb3c7dc4cccb364111115bd136989f5bd3997c4ce801172dc9561191925ff0cf1ceb12d7bdadfbe80c91cdd40a6dfecd89e7165df8bfe0cbc7b0d3044d4487ab361ce2ed638fe8100eac55a1d14421bb61f3462e8800f43,gx-no-cache=1457016707750 HTTP/1.1" 200 38
191.112.78.213 - - [03/Mar/2016:11:56:34 -0300] "POST /cormun/servlet/trsolicitudot?78a791391b8286a9b26165191b25347f,,gx-no-cache=1457017019189 HTTP/1.1" 200 7789
191.112.78.213 - - [03/Mar/2016:11:56:35 -0300] "POST /cormun/servlet/trsolicitudot?78a791391b8286a9b26165191b25347f,,gx-no-cache=1457017020382 HTTP/1.1" 200 7789
191.112.78.213 - - [03/Mar/2016:11:56:36 -0300] "POST /cormun/servlet/trsolicitudot?78a791391b8286a9b26165191b25347f,,gx-no-cache=1457017021483 HTTP/1.1" 200 7789
191.112.78.213 - - [03/Mar/2016:11:56:37 -0300] "POST /cormun/servlet/trsolicitudot?78a791391b8286a9b26165191b25347f,,gx-no-cache=1457017022665 HTTP/1.1" 200 7789
191.112.78.213 - - [03/Mar/2016:11:56:39 -0300] "POST /cormun/servlet/trsolicitudot?78a791391b8286a9b26165191b25347f,,gx-no-cache=1457017023848 HTTP/1.1" 200 7788
192.168.10.89 - - [03/Mar/2016:11:56:39 -0300] "GET /cormun/servlet/solicitudot?4c78ad1a7e8578778598c8861184771889ba8759605fd04346be5f753e70270dbb345818712447216dd17376a0586bbd3aa45f87547070c5bd6e3dcefc4e02881d48ad4c0940e44b34850458b4ee6a68403f44821c99b5a5233c443040cc2df8dacf64540267aa91931ad188fca1a20e,gx-no-cache=1457016752389 HTTP/1.1" 200 29
191.112.78.213 - - [03/Mar/2016:11:56:40 -0300] "POST /cormun/servlet/trsolicitudot?78a791391b8286a9b26165191b25347f,,gx-no-cache=1457017025103 HTTP/1.1" 200 7789
191.112.78.213 - - [03/Mar/2016:11:56:41 -0300] "POST /cormun/servlet/trsolicitudot?78a791391b8286a9b26165191b25347f,,gx-no-cache=1457017026367 HTTP/1.1" 200 7789
191.112.78.213 - - [03/Mar/2016:11:56:42 -0300] "POST /cormun/servlet/trsolicitudot?78a791391b8286a9b26165191b25347f,,gx-no-cache=1457017027727 HTTP/1.1" 200 106
191.112.78.213 - - [03/Mar/2016:11:56:43 -0300] "GET /cormun/servlet/trsolicitudadjuntos?2016,465, HTTP/1.1" 200 5389
192.168.10.89 - - [03/Mar/2016:11:56:43 -0300] "POST /cormun/servlet/solicitudot?gx-no-cache=1457016756027 HTTP/1.1" 200 1116
191.112.78.213 - - [03/Mar/2016:11:56:46 -0300] "GET /cormun/servlet/trsolicitudadjuntos?2016,465, HTTP/1.1" 200 5389
192.168.10.89 - - [03/Mar/2016:11:57:01 -0300] "GET /cormun/servlet/solicitudot?4c78ad1a7e8578778598c8861184771824e7e9d66459de01e9143de425924e347f69fdbad0802e35dcf19630345bd2fe744bf17b08a4ebe2a7c84748859a3e41e2e57f9c77ef5b7315e1009f04bc015b4e68b89b0e19d88abf548ba67c477ddc44a61bf2ce98207f7dafa8ba20ccdc114c714fac741df6480f1531505fe829e1a1e792a653944183f16358b7c253f6f616530dceb2bcb9db1bdc5b2475678964f863aadd67bd656533e34e01c10a9581,gx-no-cache=1457016773955 HTTP/1.1" 200 30
192.168.10.89 - - [03/Mar/2016:11:57:11 -0300] "POST /cormun/servlet/solicitudot?7b9a0b984182fb58c201f8394d2285aa,INS,0,0,,gx-no-cache=1457016783430 HTTP/1.1" 200 93
192.168.10.89 - - [03/Mar/2016:11:57:11 -0300] "GET /cormun/servlet/hpexe_return? HTTP/1.1" 200 1005
192.168.10.89 - - [03/Mar/2016:11:57:11 -0300] "GET /cormun/servlet/trsolicitudot HTTP/1.1" 200 7470
192.168.10.89 - - [03/Mar/2016:11:58:05 -0300] "POST /cormun/servlet/trsolicitudot?7b9a0b984182fb58c201f8394d2285aa,gx-no-cache=1457016837722 HTTP/1.1" 200 4898
192.168.10.89 - - [03/Mar/2016:11:58:05 -0300] "POST /cormun/servlet/trsolicitudot?7b9a0b984182fb58c201f8394d2285aa,gx-no-cache=1457016838015 HTTP/1.1" 200 4898
192.168.10.89 - - [03/Mar/2016:11:58:05 -0300] "POST /cormun/servlet/trsolicitudot?7b9a0b984182fb58c201f8394d2285aa,gx-no-cache=1457016838312 HTTP/1.1" 200 4899
192.168.10.89 - - [03/Mar/2016:11:58:06 -0300] "POST /cormun/servlet/trsolicitudot?7b9a0b984182fb58c201f8394d2285aa,gx-no-cache=1457016838671 HTTP/1.1" 200 4899
192.168.10.89 - - [03/Mar/2016:11:58:06 -0300] "POST /cormun/servlet/trsolicitudot?7b9a0b984182fb58c201f8394d2285aa,gx-no-cache=1457016839075 HTTP/1.1" 200 4899
192.168.10.89 - - [03/Mar/2016:11:58:07 -0300] "POST /cormun/servlet/trsolicitudot?7b9a0b984182fb58c201f8394d2285aa,gx-no-cache=1457016839511 HTTP/1.1" 200 4899
192.168.10.89 - - [03/Mar/2016:11:58:07 -0300] "POST /cormun/servlet/trsolicitudot?7b9a0b984182fb58c201f8394d2285aa,gx-no-cache=1457016839998 HTTP/1.1" 200 4900
192.168.10.89 - - [03/Mar/2016:11:58:10 -0300] "POST /cormun/servlet/trsolicitudot?7b9a0b984182fb58c201f8394d2285aa,gx-no-cache=1457016840535 HTTP/1.1" 200 106
192.168.10.89 - - [03/Mar/2016:11:58:10 -0300] "GET /cormun/servlet/trsolicitudadjuntos?2016,493, HTTP/1.1" 200 5368
192.168.10.89 - - [03/Mar/2016:11:58:10 -0300] "GET /cormun/static/Resources/Spanish/PXTools.css?171692 HTTP/1.1" 304 -
192.168.10.89 - - [03/Mar/2016:11:58:10 -0300] "GET /cormun/static/gxcfg.js?2016311731090 HTTP/1.1" 200 953
192.168.10.89 - - [03/Mar/2016:11:58:10 -0300] "GET /cormun/static/trsolicitudadjuntos.js?2016311731342 HTTP/1.1" 200 17275
192.168.10.89 - - [03/Mar/2016:11:58:12 -0300] "POST /cormun/servlet/acontrolpreferencessavestate?None,GBARRIOS,true HTTP/1.1" 200 35
192.168.10.89 - - [03/Mar/2016:11:58:17 -0300] "GET /cormun/servlet/solicitudotadjuntos?INS,2016,493,,1, HTTP/1.1" 200 5457
192.168.10.89 - - [03/Mar/2016:11:58:17 -0300] "GET /cormun/static/gxcfg.js?2016311984045 HTTP/1.1" 200 953
192.168.10.89 - - [03/Mar/2016:11:58:17 -0300] "GET /cormun/static/solicitudotadjuntos.js?2016311984068 HTTP/1.1" 200 11762
192.168.10.89 - - [03/Mar/2016:11:58:17 -0300] "HEAD /cormun/static/about:blank HTTP/1.1" 404 -
192.168.10.89 - - [03/Mar/2016:11:58:18 -0300] "GET /cormun/servlet/solicitudotadjuntos?4c78ad1a7e8578778598c886118477183a9ad28311eb12b54521298e63ecbc7940f15c5d0c0d199469983f9926b31fa1,gx-no-cache=1457016851037 HTTP/1.1" 200 30
192.168.10.89 - - [03/Mar/2016:11:58:18 -0300] "POST /cormun/servlet/solicitudotadjuntos?7b9a0b984182fb58c201f8394d2285aa,INS,2016,493,,1,,gx-no-cache=1457016851066 HTTP/1.1" 200 3338
192.168.10.89 - - [03/Mar/2016:11:58:47 -0300] "POST /cormun/servlet/solicitudotadjuntos?gx-no-cache=1457016880288 HTTP/1.1" 200 26
192.168.10.89 - - [03/Mar/2016:11:58:59 -0300] "POST /cormun/servlet/solicitudotadjuntos?7b9a0b984182fb58c201f8394d2285aa,INS,2016,493,,1, HTTP/1.1" 200 116
192.168.10.89 - - [03/Mar/2016:11:58:59 -0300] "GET /cormun/servlet/hpexe_return? HTTP/1.1" 200 1023
192.168.10.89 - - [03/Mar/2016:11:59:00 -0300] "GET /cormun/servlet/trsolicitudadjuntos?2016,493, HTTP/1.1" 200 5373
186.103.159.44 - - [03/Mar/2016:11:59:07 -0300] "GET /cormun/servlet/solicitudot?INS,0,0, HTTP/1.1" 200 11424
192.168.10.89 - - [03/Mar/2016:11:59:17 -0300] "POST /cormun/servlet/trsolicitudadjuntos?7b9a0b984182fb58c201f8394d2285aa,2016,493,,gx-no-cache=1457016910063 HTTP/1.1" 200 90
192.168.10.89 - - [03/Mar/2016:11:59:17 -0300] "GET /cormun/servlet/hpexe_link HTTP/1.1" 200 985
192.168.10.89 - - [03/Mar/2016:11:59:18 -0300] "GET /cormun/servlet/trsolicitudot?gx-no-cache=1457016839998 HTTP/1.1" 200 7474
192.168.10.89 - - [03/Mar/2016:11:59:30 -0300] "POST /cormun/servlet/trsolicitudot?7b9a0b984182fb58c201f8394d2285aa,gx-no-cache=1457016839998,gx-no-cache=1457016923171 HTTP/1.1" 200 4897
192.168.10.89 - - [03/Mar/2016:11:59:31 -0300] "POST /cormun/servlet/trsolicitudot?7b9a0b984182fb58c201f8394d2285aa,gx-no-cache=1457016839998,gx-no-cache=1457016923399 HTTP/1.1" 200 4897
192.168.10.89 - - [03/Mar/2016:11:59:31 -0300] "POST /cormun/servlet/trsolicitudot?7b9a0b984182fb58c201f8394d2285aa,gx-no-cache=1457016839998,gx-no-cache=1457016923708 HTTP/1.1" 200 4897
192.168.10.89 - - [03/Mar/2016:11:59:31 -0300] "POST /cormun/servlet/trsolicitudot?7b9a0b984182fb58c201f8394d2285aa,gx-no-cache=1457016839998,gx-no-cache=1457016924065 HTTP/1.1" 200 4897
192.168.10.89 - - [03/Mar/2016:11:59:32 -0300] "POST /cormun/servlet/trsolicitudot?7b9a0b984182fb58c201f8394d2285aa,gx-no-cache=1457016839998,gx-no-cache=1457016924462 HTTP/1.1" 200 4897
192.168.10.89 - - [03/Mar/2016:11:59:32 -0300] "POST /cormun/servlet/trsolicitudot?7b9a0b984182fb58c201f8394d2285aa,gx-no-cache=1457016839998,gx-no-cache=1457016924902 HTTP/1.1" 200 4897
192.168.10.89 - - [03/Mar/2016:11:59:33 -0300] "POST /cormun/servlet/trsolicitudot?7b9a0b984182fb58c201f8394d2285aa,gx-no-cache=1457016839998,gx-no-cache=1457016925405 HTTP/1.1" 200 4897
192.168.10.89 - - [03/Mar/2016:11:59:35 -0300] "POST /cormun/servlet/trsolicitudot?7b9a0b984182fb58c201f8394d2285aa,gx-no-cache=1457016839998,gx-no-cache=1457016925975 HTTP/1.1" 200 5113
192.168.10.89 - - [03/Mar/2016:11:59:36 -0300] "GET /cormun/static/Shared/jqueryui/images/ui-icons_82798d_256x240.png HTTP/1.1" 404 1089
192.168.10.89 - - [03/Mar/2016:11:59:36 -0300] "GET /cormun/static/Shared/jqueryui/images/ui-icons_8d78a5_256x240.png HTTP/1.1" 404 1089
192.168.10.89 - - [03/Mar/2016:11:59:36 -0300] "GET /cormun/static/Shared/jqueryui/images/ui-bg_flat_55_fafafa_40x100.png HTTP/1.1" 404 1097
192.168.10.89 - - [03/Mar/2016:11:59:36 -0300] "GET /cormun/static/Shared/jqueryui/images/ui-bg_highlight-soft_100_c6c2c8_1x100.png HTTP/1.1" 404 1117
186.103.157.42 - - [03/Mar/2016:12:00:09 -0300] "GET /cormun/servlet/hlogin HTTP/1.1" 200 1724
186.103.157.42 - - [03/Mar/2016:12:00:09 -0300] "GET /cormun/static/gxcfg.js?20151120045111 HTTP/1.1" 200 953
186.103.157.42 - - [03/Mar/2016:12:00:09 -0300] "GET /cormun/static/hlogin.js?20151120045126 HTTP/1.1" 200 2136
186.103.157.42 - - [03/Mar/2016:12:00:09 -0300] "GET /cormun/static/messages.spa.js?85251 HTTP/1.1" 200 30736
186.103.157.42 - - [03/Mar/2016:12:00:09 -0300] "GET /cormun/static/Resources/Spanish/PXTools.css?005343 HTTP/1.1" 200 89042
186.103.157.42 - - [03/Mar/2016:12:00:09 -0300] "GET /cormun/servlet/hlogin HTTP/1.1" 200 1730
192.168.10.89 - - [03/Mar/2016:12:00:11 -0300] "GET /cormun/servlet/hlogin HTTP/1.1" 200 1753
186.103.157.42 - - [03/Mar/2016:12:00:11 -0300] "POST /cormun/servlet/hlogin?119fcdbc79273f32bc01795cff52d571,gx-no-cache=1457017239840 HTTP/1.1" 200 90
186.103.157.42 - - [03/Mar/2016:12:00:11 -0300] "GET /cormun/servlet/hpexe_link HTTP/1.1" 200 954
186.103.157.42 - - [03/Mar/2016:12:00:11 -0300] "GET /cormun/static/gxcfg.js?20151120044395 HTTP/1.1" 200 953
186.103.157.42 - - [03/Mar/2016:12:00:11 -0300] "GET /cormun/static/hpexe_link.js?20151120044398 HTTP/1.1" 200 625
186.103.157.42 - - [03/Mar/2016:12:00:12 -0300] "GET /cormun/servlet/hhome HTTP/1.1" 200 3452
186.103.157.42 - - [03/Mar/2016:12:00:12 -0300] "GET /cormun/static/gxcfg.js?2015112210564248 HTTP/1.1" 200 953
186.103.157.42 - - [03/Mar/2016:12:00:12 -0300] "GET /cormun/static/hhome.js?2015112210564255 HTTP/1.1" 200 777
186.103.157.42 - - [03/Mar/2016:12:00:12 -0300] "GET /cormun/static/hwchdr01.js?20162241650484 HTTP/1.1" 200 1183
186.103.157.42 - - [03/Mar/2016:12:00:12 -0300] "GET /cormun/static/hpexe_recentlink.js?2015111312121342 HTTP/1.1" 200 2144
186.103.157.42 - - [03/Mar/2016:12:00:12 -0300] "GET /cormun/static/hpexe_scripts.js?20151120014546 HTTP/1.1" 200 1544
186.103.157.42 - - [03/Mar/2016:12:00:12 -0300] "GET /cormun/static/hpexe_messagepopupcomponent.js?20163219454551 HTTP/1.1" 200 605
186.103.157.42 - - [03/Mar/2016:12:00:12 -0300] "GET /cormun/static/Resources/Spanish/PXTools.css?10515224 HTTP/1.1" 200 89042
186.103.157.42 - - [03/Mar/2016:12:00:12 -0300] "GET /cormun/static/hpexe_messagegenexuscomponent.js?20151120014314 HTTP/1.1" 200 587
186.103.157.42 - - [03/Mar/2016:12:00:12 -0300] "GET /cormun/static/hpexe_messagecontroller.js?2015112210524422 HTTP/1.1" 200 870
186.103.157.42 - - [03/Mar/2016:12:00:12 -0300] "GET /cormun/static/cmcontrolpreferences.js?20151120014525 HTTP/1.1" 200 1375
186.103.157.42 - - [03/Mar/2016:12:00:12 -0300] "GET /cormun/static/hmpwkw03.js?2016311993330 HTTP/1.1" 200 3898
186.103.157.42 - - [03/Mar/2016:12:00:13 -0300] "GET /cormun/servlet/hhome HTTP/1.1" 200 3448
186.103.159.44 - - [03/Mar/2016:12:00:30 -0300] "POST /cormun/servlet/solicitudot?gx-no-cache=1457017238978 HTTP/1.1" 200 2784
186.103.159.44 - - [03/Mar/2016:12:00:31 -0300] "POST /cormun/servlet/solicitudot?90407dd04215d27dd591a38f9863650e,INS,0,0,,gx-no-cache=1457017239156 HTTP/1.1" 200 8411
186.103.159.44 - - [03/Mar/2016:12:00:35 -0300] "GET /cormun/servlet/solicitudot?c4f1039a28ef4ff96a24962f861638dbc191d53824bf903c7357b47bb845d56adba5c8488579d0ae13062ef5c92daabb,gx-no-cache=1457017243306 HTTP/1.1" 200 30
186.103.159.44 - - [03/Mar/2016:12:00:35 -0300] "POST /cormun/servlet/solicitudot?gx-no-cache=1457017243361 HTTP/1.1" 200 30
186.103.159.44 - - [03/Mar/2016:12:00:36 -0300] "POST /cormun/servlet/solicitudot?gx-no-cache=1457017244727 HTTP/1.1" 200 30
186.103.159.44 - - [03/Mar/2016:12:00:39 -0300] "POST /cormun/servlet/solicitudot?gx-no-cache=1457017247756 HTTP/1.1" 200 452
186.103.159.44 - - [03/Mar/2016:12:00:39 -0300] "GET /cormun/servlet/solicitudot?c4f1039a28ef4ff96a24962f861638db260cef07f434730b06a8f8e4c305b88ef9fed22ca2aaebce0521aeb5a7a656a0899bc08ba1257b9b19b3b1a0e9a4e00229c6388c815c2ef0af1bf00d07202f7ea500beff99d99210b9e16efba25047ef107f659eb19807bdb769f6dac077f01d78b32fa56535c28938d8c590506966f41b3245cd154f8f7f32c37b4472959fc5,gx-no-cache=1457017247803 HTTP/1.1" 200 38
186.103.157.42 - - [03/Mar/2016:12:00:41 -0300] "GET /cormun/servlet/trsolicitudot? HTTP/1.1" 200 6213
186.103.157.42 - - [03/Mar/2016:12:00:41 -0300] "GET /cormun/static/gxcfg.js?201631185636 HTTP/1.1" 200 953
186.103.157.42 - - [03/Mar/2016:12:00:41 -0300] "GET /cormun/static/trsolicitudot.js?2016311856838 HTTP/1.1" 200 45326
186.103.157.42 - - [03/Mar/2016:12:00:41 -0300] "GET /cormun/static/Resources/Spanish/PXTools.css?18502099 HTTP/1.1" 200 89042
186.103.157.42 - - [03/Mar/2016:12:00:42 -0300] "GET /cormun/servlet/trsolicitudot? HTTP/1.1" 200 6212
186.103.159.182 - - [03/Mar/2016:12:01:16 -0300] "GET /cormun/servlet/solicitudot?INS,0,0, HTTP/1.1" 200 11383
186.103.159.182 - - [03/Mar/2016:12:01:18 -0300] "GET /cormun/servlet/solicitudot?INS,0,0, HTTP/1.1" 200 11388
191.112.78.213 - - [03/Mar/2016:12:01:19 -0300] "GET /cormun/servlet/solicitudotadjuntos?INS,2016,465,,1, HTTP/1.1" 200 5472
191.112.78.213 - - [03/Mar/2016:12:01:20 -0300] "GET /cormun/static/about:blank HTTP/1.1" 404 1011
191.112.78.213 - - [03/Mar/2016:12:01:21 -0300] "GET /cormun/servlet/solicitudotadjuntos?INS,2016,465,,1, HTTP/1.1" 200 5466
191.112.78.213 - - [03/Mar/2016:12:01:22 -0300] "GET /cormun/servlet/solicitudotadjuntos?5dc64e72aa6460987ed563b8bb772a1ece18c4513963a906f7eaebea24f6ac0ccc79a545b9cadcb53d627544da7dec2e,gx-no-cache=1457017307754 HTTP/1.1" 200 30
191.112.78.213 - - [03/Mar/2016:12:01:22 -0300] "POST /cormun/servlet/solicitudotadjuntos?78a791391b8286a9b26165191b25347f,INS,2016,465,,1,,gx-no-cache=1457017307911 HTTP/1.1" 200 3374
186.103.159.44 - - [03/Mar/2016:12:01:23 -0300] "GET /cormun/servlet/solicitudot?c4f1039a28ef4ff96a24962f861638dbd4a6f2890e32b0e36feb5e631a19e7b4fa46b03466de0e6c9c7f925b7c5cb72257d6939ad2327b7d8c4ec03ec148c1fc72f552a90b120733b0b9f0c45dbef870a64ab296d68dbe01798ca3fd908590331563ec08f0dfa05e319623522baab28c3143c9f4da691d13354ca776711c2ab11b187d81ad56bc53ab274167d11b37da8ed3640afaaa7c74b8afc6507907d130,gx-no-cache=1457017292067 HTTP/1.1" 200 29
186.103.159.182 - - [03/Mar/2016:12:01:24 -0300] "POST /cormun/servlet/solicitudot?gx-no-cache=1457017312316 HTTP/1.1" 200 2668
186.103.159.182 - - [03/Mar/2016:12:01:24 -0300] "POST /cormun/servlet/solicitudot?705ec4271f7a59328d523fa32fe3920a,INS,0,0,,gx-no-cache=1457017312657 HTTP/1.1" 200 8262
186.103.159.44 - - [03/Mar/2016:12:01:25 -0300] "POST /cormun/servlet/solicitudot?gx-no-cache=1457017293432 HTTP/1.1" 200 1116
186.103.159.182 - - [03/Mar/2016:12:01:28 -0300] "POST /cormun/servlet/solicitudot?705ec4271f7a59328d523fa32fe3920a,INS,0,0,,gx-no-cache=1457017316935 HTTP/1.1" 200 8632
186.103.159.182 - - [03/Mar/2016:12:01:29 -0300] "GET /cormun/static/Shared/jqueryui/images/ui-bg_highlight-soft_100_c6c2c8_1x100.png HTTP/1.1" 404 1117
186.103.159.182 - - [03/Mar/2016:12:01:29 -0300] "GET /cormun/static/Shared/jqueryui/images/ui-icons_82798d_256x240.png HTTP/1.1" 404 1089
186.103.159.182 - - [03/Mar/2016:12:01:29 -0300] "GET /cormun/static/Shared/jqueryui/images/ui-bg_flat_55_994d53_40x100.png HTTP/1.1" 404 1097
186.103.159.182 - - [03/Mar/2016:12:01:29 -0300] "GET /cormun/static/Shared/jqueryui/images/ui-icons_ebccce_256x240.png HTTP/1.1" 404 1089
186.103.159.182 - - [03/Mar/2016:12:01:36 -0300] "POST /cormun/servlet/solicitudot?705ec4271f7a59328d523fa32fe3920a,INS,0,0,,gx-no-cache=1457017324851 HTTP/1.1" 200 93
186.103.159.182 - - [03/Mar/2016:12:01:37 -0300] "GET /cormun/servlet/hpexe_return? HTTP/1.1" 200 1006
