186.103.159.204 - - [03/Mar/2016:15:36:24 -0300] "GET /cormun/servlet/solicitudot?f930c3ed7b1e443843e42b7c8396729dc2123ce853801a4ce4163372b056ae3e691d0907274c9a67bc72386e3c6f0b81941b5d69bbd04a8c5ea8e092c06d1010ff71b3d014d714464a595e1d92944abb417a4106d475a44efa3c50de6007947f14d37b9ac4d0ecee50588720f8331313b34e96f18d4f75ef252d8dec9004c7cd555d15c207b413d07d58d2c004375ed69f5647410a39da724dd4bf1e0e79f6af,gx-no-cache=1457030206960 HTTP/1.1" 200 29
186.103.159.204 - - [03/Mar/2016:15:36:24 -0300] "POST /cormun/servlet/solicitudot?gx-no-cache=1457030206996 HTTP/1.1" 200 1116
186.103.159.204 - - [03/Mar/2016:15:36:24 -0300] "GET /cormun/static/menuarrow.gif HTTP/1.1" 404 1015
186.103.159.204 - - [03/Mar/2016:15:36:25 -0300] "POST /cormun/servlet/solicitudot?gx-no-cache=1457030208581 HTTP/1.1" 200 30
186.103.159.204 - - [03/Mar/2016:15:36:25 -0300] "POST /cormun/servlet/solicitudot?gx-no-cache=1457030208623 HTTP/1.1" 200 33
186.103.159.204 - - [03/Mar/2016:15:36:25 -0300] "POST /cormun/servlet/solicitudot?gx-no-cache=1457030208678 HTTP/1.1" 200 1158
186.103.159.204 - - [03/Mar/2016:15:36:25 -0300] "GET /cormun/servlet/solicitudot?f930c3ed7b1e443843e42b7c8396729d2e6997e18dc2ed5912b464857a3b8ce8a08cc7e6286a2d550c44a7bbf8461bfafffbdde5a3c1c908852364e3e3d5dd21b4ef7aeb08d297b01bad275767a39bdf196861abd2bd7ae429ffcded4f4f9ce37940a7cb9a158190c7429e766dd962808f4561b4373d86d3d6ce2abe1132095e0072fdfc415ea6a26508b3cc670688cb,gx-no-cache=1457030208763 HTTP/1.1" 200 38
186.103.159.204 - - [03/Mar/2016:15:36:26 -0300] "POST /cormun/servlet/solicitudot?gx-no-cache=1457030208820 HTTP/1.1" 200 1116
186.78.45.190 - - [03/Mar/2016:15:36:36 -0300] "GET /cormun/servlet/trsolicitudot? HTTP/1.1" 200 5812
186.78.45.190 - - [03/Mar/2016:15:36:37 -0300] "GET /cormun/servlet/hlogin HTTP/1.1" 200 1731
186.78.45.190 - - [03/Mar/2016:15:36:37 -0300] "GET /cormun/static/gxcfg.js?20151120045111 HTTP/1.1" 304 -
186.78.45.190 - - [03/Mar/2016:15:36:37 -0300] "GET /cormun/static/hlogin.js?20151120045126 HTTP/1.1" 304 -
186.103.159.204 - - [03/Mar/2016:15:36:40 -0300] "GET /cormun/servlet/solicitudot?f930c3ed7b1e443843e42b7c8396729dd7961feeb52ea968bdd1586e6b9a7f3bd6f30d5e50fc3029d93c38b53f45aa64700a353344f5b312ed14ab8092b75a2a5db7a7bd1e28298480bdc4d0804bbbc699b0567760556278392b1f62ca654e0fb75a82032d2c389517c95c738257b173ba3b29c6024f05014d4c46108f28060ff0b85d6d4203e4567a70fee335c716df187792bec1daaa47f2a82df78ae02cfa9669257a4813f8526e137944b80b5f52,gx-no-cache=1457030222978 HTTP/1.1" 200 30
186.103.159.204 - - [03/Mar/2016:15:36:40 -0300] "POST /cormun/servlet/solicitudot?4881528fdb2991efe7e1984e33761af8,INS,0,0,,gx-no-cache=1457030223015 HTTP/1.1" 200 93
186.103.159.204 - - [03/Mar/2016:15:36:40 -0300] "GET /cormun/servlet/hpexe_return? HTTP/1.1" 200 1006
186.103.159.204 - - [03/Mar/2016:15:36:40 -0300] "GET /cormun/servlet/trsolicitudot HTTP/1.1" 200 11356
186.103.159.204 - - [03/Mar/2016:15:36:41 -0300] "GET /cormun/servlet/trsolicitudot HTTP/1.1" 200 11352
186.103.159.204 - - [03/Mar/2016:15:36:49 -0300] "GET /cormun/servlet/solicitudot?INS,0,0, HTTP/1.1" 200 11440
186.103.159.204 - - [03/Mar/2016:15:36:50 -0300] "GET /cormun/servlet/solicitudot?INS,0,0, HTTP/1.1" 200 11445
186.78.45.190 - - [03/Mar/2016:15:36:52 -0300] "POST /cormun/servlet/hlogin?cfd97a9749c701a1333df6a487d85455,gx-no-cache=1457030239491 HTTP/1.1" 200 90
186.78.45.190 - - [03/Mar/2016:15:36:53 -0300] "GET /cormun/servlet/hpexe_link HTTP/1.1" 200 953
186.78.45.190 - - [03/Mar/2016:15:36:53 -0300] "GET /cormun/static/hpexe_link.js?20151120044398 HTTP/1.1" 200 625
186.78.45.190 - - [03/Mar/2016:15:36:53 -0300] "GET /cormun/servlet/trsolicitudot HTTP/1.1" 200 7361
186.78.45.190 - - [03/Mar/2016:15:36:59 -0300] "GET /cormun/servlet/trsolicitudot? HTTP/1.1" 200 7360
186.103.159.204 - - [03/Mar/2016:15:37:00 -0300] "POST /cormun/servlet/solicitudot?gx-no-cache=1457030242705 HTTP/1.1" 200 2783
186.103.159.204 - - [03/Mar/2016:15:37:00 -0300] "POST /cormun/servlet/solicitudot?4881528fdb2991efe7e1984e33761af8,INS,0,0,,gx-no-cache=1457030242937 HTTP/1.1" 200 8428
186.103.159.204 - - [03/Mar/2016:15:37:10 -0300] "GET /cormun/servlet/solicitudot?f930c3ed7b1e443843e42b7c8396729dbe8f47da9d957a042d0d55278f5671b0218a4421d639f7f8d178f07a273103ae,gx-no-cache=1457030253671 HTTP/1.1" 200 30
186.103.159.204 - - [03/Mar/2016:15:37:10 -0300] "POST /cormun/servlet/solicitudot?gx-no-cache=1457030253726 HTTP/1.1" 200 30
186.103.159.204 - - [03/Mar/2016:15:37:10 -0300] "POST /cormun/servlet/solicitudot?gx-no-cache=1457030253768 HTTP/1.1" 200 33
186.103.159.204 - - [03/Mar/2016:15:37:11 -0300] "POST /cormun/servlet/solicitudot?gx-no-cache=1457030253846 HTTP/1.1" 200 1159
186.103.159.204 - - [03/Mar/2016:15:37:11 -0300] "GET /cormun/servlet/solicitudot?f930c3ed7b1e443843e42b7c8396729d2e6997e18dc2ed5912b464857a3b8ce8a08cc7e6286a2d550c44a7bbf8461bfafffbdde5a3c1c908852364e3e3d5dd21b4ef7aeb08d297b01bad275767a39bdf196861abd2bd7ae429ffcded4f4f9ce37940a7cb9a158190c7429e766dd962808f4561b4373d86d3d6ce2abe1132095e0072fdfc415ea6a26508b3cc670688cb,gx-no-cache=1457030253965 HTTP/1.1" 200 38
186.103.159.204 - - [03/Mar/2016:15:37:14 -0300] "GET /cormun/servlet/solicitudot?f930c3ed7b1e443843e42b7c8396729dc2123ce853801a4ce4163372b056ae3e691d0907274c9a67bc72386e3c6f0b81941b5d69bbd04a8c5ea8e092c06d1010ff71b3d014d714464a595e1d92944abb417a4106d475a44efa3c50de6007947f14d37b9ac4d0ecee50588720f8331313b34e96f18d4f75ef252d8dec9004c7cd555d15c207b413d07d58d2c004375ed69f5647410a39da724dd4bf1e0e79f6af,gx-no-cache=1457030257611 HTTP/1.1" 200 29
186.103.159.204 - - [03/Mar/2016:15:37:14 -0300] "POST /cormun/servlet/solicitudot?gx-no-cache=1457030257665 HTTP/1.1" 200 1116
186.103.159.204 - - [03/Mar/2016:15:37:14 -0300] "GET /cormun/static/menuarrow.gif HTTP/1.1" 404 1015
186.103.159.204 - - [03/Mar/2016:15:37:26 -0300] "GET /cormun/servlet/solicitudot?f930c3ed7b1e443843e42b7c8396729d342b00e8980b2ab58bc2c934d75cf6494c2e7cd57eccc59798df20c62860c7e79abb06b8aedc88b9e2fd32726fc894d578956364c5a7af6a21d6b88fe79cb7d943e970b5b81f5cc9df33925f69286abd5c399a01059cbe907801163d9ef55a1b6dd2961ab2623f34aa0172a9a6a6b0497ce4c719d4aeeac6df5b1c89e4d22b6d44f94eca0fa26937221a3ddc22c6036a4ca96e76df55061c05d6e8822c3ff095,gx-no-cache=1457030269274 HTTP/1.1" 200 30
186.103.159.204 - - [03/Mar/2016:15:37:26 -0300] "POST /cormun/servlet/solicitudot?4881528fdb2991efe7e1984e33761af8,INS,0,0,,gx-no-cache=1457030269310 HTTP/1.1" 200 93
186.103.159.204 - - [03/Mar/2016:15:37:26 -0300] "GET /cormun/servlet/hpexe_return? HTTP/1.1" 200 1006
186.103.159.204 - - [03/Mar/2016:15:37:26 -0300] "GET /cormun/servlet/trsolicitudot HTTP/1.1" 200 11628
186.103.159.204 - - [03/Mar/2016:15:37:27 -0300] "GET /cormun/servlet/trsolicitudot HTTP/1.1" 200 11624
186.103.159.204 - - [03/Mar/2016:15:37:35 -0300] "GET /cormun/servlet/solicitudot?INS,0,0, HTTP/1.1" 200 11440
186.103.159.204 - - [03/Mar/2016:15:37:36 -0300] "GET /cormun/servlet/solicitudot?INS,0,0, HTTP/1.1" 200 11445
191.112.39.34 - - [03/Mar/2016:15:37:37 -0300] "GET /cormun/servlet/trsolicitudot? HTTP/1.1" 200 7417
186.67.172.234 - - [03/Mar/2016:15:37:38 -0300] "GET /cormun/servlet/solicitudot?0068122fe4f22f42df63a4211895c5ba8980ad471a4750a90f2ea39ab0a2843d63f92947ae8e9779081dcedbbab88f110f30215b5cf0b1467cd27fd16bf920626ccf6bbcb62961ff869312c992f9f776de1175f63dafc3b9656a85877e2fcb765c7e37601b1329edbe43070a731a6e86,gx-no-cache=1457030310145 HTTP/1.1" 200 29
191.112.39.34 - - [03/Mar/2016:15:37:39 -0300] "GET /cormun/servlet/trsolicitudot? HTTP/1.1" 200 7411
186.67.172.234 - - [03/Mar/2016:15:37:40 -0300] "POST /cormun/servlet/solicitudot?gx-no-cache=1457030311605 HTTP/1.1" 200 1116
186.103.159.204 - - [03/Mar/2016:15:37:45 -0300] "POST /cormun/servlet/solicitudot?gx-no-cache=1457030288409 HTTP/1.1" 200 2736
186.103.159.204 - - [03/Mar/2016:15:37:45 -0300] "POST /cormun/servlet/solicitudot?4881528fdb2991efe7e1984e33761af8,INS,0,0,,gx-no-cache=1457030288630 HTTP/1.1" 200 8382
186.103.159.204 - - [03/Mar/2016:15:37:47 -0300] "GET /cormun/servlet/solicitudot?f930c3ed7b1e443843e42b7c8396729d0a5d0f914e77cc5b68d6df705679b74c218a4421d639f7f8d178f07a273103ae,gx-no-cache=1457030290621 HTTP/1.1" 200 30
186.103.159.204 - - [03/Mar/2016:15:37:47 -0300] "POST /cormun/servlet/solicitudot?gx-no-cache=1457030290670 HTTP/1.1" 200 30
186.103.159.204 - - [03/Mar/2016:15:37:47 -0300] "POST /cormun/servlet/solicitudot?gx-no-cache=1457030290707 HTTP/1.1" 200 33
186.103.159.204 - - [03/Mar/2016:15:37:47 -0300] "POST /cormun/servlet/solicitudot?gx-no-cache=1457030290779 HTTP/1.1" 200 1158
186.103.159.204 - - [03/Mar/2016:15:37:48 -0300] "GET /cormun/servlet/solicitudot?f930c3ed7b1e443843e42b7c8396729d2e6997e18dc2ed5912b464857a3b8ce8a08cc7e6286a2d550c44a7bbf8461bfafffbdde5a3c1c908852364e3e3d5dd21b4ef7aeb08d297b01bad275767a39bdf196861abd2bd7ae429ffcded4f4f9ce37940a7cb9a158190c7429e766dd962808f4561b4373d86d3d6ce2abe1132095e0072fdfc415ea6a26508b3cc670688cb,gx-no-cache=1457030290881 HTTP/1.1" 200 38
186.103.159.204 - - [03/Mar/2016:15:37:48 -0300] "GET /cormun/servlet/solicitudot?f930c3ed7b1e443843e42b7c8396729dc2123ce853801a4ce4163372b056ae3e691d0907274c9a67bc72386e3c6f0b81941b5d69bbd04a8c5ea8e092c06d1010ff71b3d014d714464a595e1d92944abb417a4106d475a44efa3c50de6007947f14d37b9ac4d0ecee50588720f8331313b34e96f18d4f75ef252d8dec9004c7cd555d15c207b413d07d58d2c004375ed69f5647410a39da724dd4bf1e0e79f6af,gx-no-cache=1457030290948 HTTP/1.1" 200 29
186.103.159.204 - - [03/Mar/2016:15:37:48 -0300] "POST /cormun/servlet/solicitudot?gx-no-cache=1457030290981 HTTP/1.1" 200 1116
186.103.159.204 - - [03/Mar/2016:15:37:49 -0300] "GET /cormun/static/menuarrow.gif HTTP/1.1" 404 1015
191.112.39.34 - - [03/Mar/2016:15:37:52 -0300] "POST /cormun/servlet/trsolicitudot?c79f15f7c1260718f5f4744821fa0ab4,,gx-no-cache=1457030297344 HTTP/1.1" 200 4884
191.112.39.34 - - [03/Mar/2016:15:37:53 -0300] "POST /cormun/servlet/trsolicitudot?c79f15f7c1260718f5f4744821fa0ab4,,gx-no-cache=1457030297855 HTTP/1.1" 200 4884
191.112.39.34 - - [03/Mar/2016:15:37:53 -0300] "POST /cormun/servlet/trsolicitudot?c79f15f7c1260718f5f4744821fa0ab4,,gx-no-cache=1457030298325 HTTP/1.1" 200 4885
191.112.39.34 - - [03/Mar/2016:15:37:54 -0300] "POST /cormun/servlet/trsolicitudot?c79f15f7c1260718f5f4744821fa0ab4,,gx-no-cache=1457030298834 HTTP/1.1" 200 4885
191.112.39.34 - - [03/Mar/2016:15:37:54 -0300] "POST /cormun/servlet/trsolicitudot?c79f15f7c1260718f5f4744821fa0ab4,,gx-no-cache=1457030299328 HTTP/1.1" 200 4884
191.112.39.34 - - [03/Mar/2016:15:37:55 -0300] "POST /cormun/servlet/trsolicitudot?c79f15f7c1260718f5f4744821fa0ab4,,gx-no-cache=1457030299820 HTTP/1.1" 200 4884
191.112.39.34 - - [03/Mar/2016:15:37:55 -0300] "POST /cormun/servlet/trsolicitudot?c79f15f7c1260718f5f4744821fa0ab4,,gx-no-cache=1457030300329 HTTP/1.1" 200 4884
191.112.39.34 - - [03/Mar/2016:15:37:56 -0300] "POST /cormun/servlet/trsolicitudot?c79f15f7c1260718f5f4744821fa0ab4,,gx-no-cache=1457030300881 HTTP/1.1" 200 105
191.112.39.34 - - [03/Mar/2016:15:37:56 -0300] "GET /cormun/servlet/solicitudot?UPD,2016,493, HTTP/1.1" 200 12600
186.103.159.204 - - [03/Mar/2016:15:37:58 -0300] "POST /cormun/servlet/solicitudot?gx-no-cache=1457030301164 HTTP/1.1" 200 30
186.103.159.204 - - [03/Mar/2016:15:37:58 -0300] "POST /cormun/servlet/solicitudot?gx-no-cache=1457030301213 HTTP/1.1" 200 33
186.103.159.204 - - [03/Mar/2016:15:37:58 -0300] "POST /cormun/servlet/solicitudot?gx-no-cache=1457030301286 HTTP/1.1" 200 1158
186.103.159.204 - - [03/Mar/2016:15:37:58 -0300] "GET /cormun/servlet/solicitudot?f930c3ed7b1e443843e42b7c8396729d2e6997e18dc2ed5912b464857a3b8ce8a08cc7e6286a2d550c44a7bbf8461bfafffbdde5a3c1c908852364e3e3d5dd21b4ef7aeb08d297b01bad275767a39bdf196861abd2bd7ae429ffcded4f4f9ce37940a7cb9a158190c7429e766dd962808f4561b4373d86d3d6ce2abe1132095e0072fdfc415ea6a26508b3cc670688cb,gx-no-cache=1457030301388 HTTP/1.1" 200 38
186.103.159.204 - - [03/Mar/2016:15:37:58 -0300] "POST /cormun/servlet/solicitudot?gx-no-cache=1457030301446 HTTP/1.1" 200 1116
191.112.39.34 - - [03/Mar/2016:15:37:58 -0300] "GET /cormun/servlet/solicitudot?UPD,2016,493, HTTP/1.1" 200 12610
191.112.39.34 - - [03/Mar/2016:15:37:59 -0300] "POST /cormun/servlet/solicitudot?gx-no-cache=1457030303983 HTTP/1.1" 200 2734
191.112.39.34 - - [03/Mar/2016:15:37:59 -0300] "POST /cormun/servlet/solicitudot?c79f15f7c1260718f5f4744821fa0ab4,UPD,2016,493,,gx-no-cache=1457030304394 HTTP/1.1" 200 9004
191.112.39.34 - - [03/Mar/2016:15:38:00 -0300] "GET /cormun/servlet/solicitudot?b4ac67235eab516809eacf8981c1aec08b9b84170f330c8f72aa4429e2e15e3c8fb95402ad68b084b7ea214cb41c47a6,gx-no-cache=1457030304937 HTTP/1.1" 200 30
191.112.39.34 - - [03/Mar/2016:15:38:00 -0300] "POST /cormun/servlet/solicitudot?gx-no-cache=1457030305068 HTTP/1.1" 200 30
191.112.39.34 - - [03/Mar/2016:15:38:00 -0300] "POST /cormun/servlet/solicitudot?gx-no-cache=1457030305159 HTTP/1.1" 200 30
191.112.39.34 - - [03/Mar/2016:15:38:00 -0300] "POST /cormun/servlet/solicitudot?gx-no-cache=1457030305301 HTTP/1.1" 200 1153
191.112.39.34 - - [03/Mar/2016:15:38:00 -0300] "GET /cormun/servlet/solicitudot?b4ac67235eab516809eacf8981c1aec03bf1c62e6976ffcd972e41b89fb22a234dcb31fe05e19761a61e1fd8f4275ddf2966aea6de3b1fae99699bf686b7e9f95dc5563bb87930a0e78e2f1b209b5d78ee675253f6cf523be18564311754e6f9bb168639212af743c01391aac864507a1e2e8d0b0af325a984dd6c67195187f381dbd5a2203604c1466ea1a2c9a57cdc98d99f8235ecb1c3367428be0993f9f7,gx-no-cache=1457030305508 HTTP/1.1" 200 41
186.103.159.204 - - [03/Mar/2016:15:38:01 -0300] "POST /cormun/servlet/solicitudot?gx-no-cache=1457030304317 HTTP/1.1" 200 30
186.103.159.204 - - [03/Mar/2016:15:38:01 -0300] "POST /cormun/servlet/solicitudot?gx-no-cache=1457030304370 HTTP/1.1" 200 33
186.103.159.204 - - [03/Mar/2016:15:38:01 -0300] "POST /cormun/servlet/solicitudot?gx-no-cache=1457030304438 HTTP/1.1" 200 1158
186.103.159.204 - - [03/Mar/2016:15:38:01 -0300] "GET /cormun/servlet/solicitudot?f930c3ed7b1e443843e42b7c8396729d2e6997e18dc2ed5912b464857a3b8ce8a08cc7e6286a2d550c44a7bbf8461bfafffbdde5a3c1c908852364e3e3d5dd21b4ef7aeb08d297b01bad275767a39bdf196861abd2bd7ae429ffcded4f4f9ce37940a7cb9a158190c7429e766dd962808f4561b4373d86d3d6ce2abe1132095e0072fdfc415ea6a26508b3cc670688cb,gx-no-cache=1457030304525 HTTP/1.1" 200 38
186.103.159.204 - - [03/Mar/2016:15:38:01 -0300] "POST /cormun/servlet/solicitudot?gx-no-cache=1457030304582 HTTP/1.1" 200 1116
191.112.39.34 - - [03/Mar/2016:15:38:02 -0300] "GET /cormun/servlet/trsolicitudot? HTTP/1.1" 200 7417
191.112.39.34 - - [03/Mar/2016:15:38:04 -0300] "GET /cormun/servlet/trsolicitudot? HTTP/1.1" 200 7411
191.112.39.34 - - [03/Mar/2016:15:38:14 -0300] "POST /cormun/servlet/trsolicitudot?c79f15f7c1260718f5f4744821fa0ab4,,gx-no-cache=1457030318944 HTTP/1.1" 200 4884
191.112.39.34 - - [03/Mar/2016:15:38:14 -0300] "POST /cormun/servlet/trsolicitudot?c79f15f7c1260718f5f4744821fa0ab4,,gx-no-cache=1457030319443 HTTP/1.1" 200 4884
191.112.39.34 - - [03/Mar/2016:15:38:15 -0300] "POST /cormun/servlet/trsolicitudot?c79f15f7c1260718f5f4744821fa0ab4,,gx-no-cache=1457030319908 HTTP/1.1" 200 4884
191.112.39.34 - - [03/Mar/2016:15:38:15 -0300] "POST /cormun/servlet/trsolicitudot?c79f15f7c1260718f5f4744821fa0ab4,,gx-no-cache=1457030320381 HTTP/1.1" 200 4884
191.112.39.34 - - [03/Mar/2016:15:38:16 -0300] "POST /cormun/servlet/trsolicitudot?c79f15f7c1260718f5f4744821fa0ab4,,gx-no-cache=1457030320871 HTTP/1.1" 200 4884
191.112.39.34 - - [03/Mar/2016:15:38:16 -0300] "POST /cormun/servlet/trsolicitudot?c79f15f7c1260718f5f4744821fa0ab4,,gx-no-cache=1457030321415 HTTP/1.1" 200 4884
191.112.39.34 - - [03/Mar/2016:15:38:17 -0300] "POST /cormun/servlet/trsolicitudot?c79f15f7c1260718f5f4744821fa0ab4,,gx-no-cache=1457030321937 HTTP/1.1" 200 4884
191.112.39.34 - - [03/Mar/2016:15:38:18 -0300] "POST /cormun/servlet/trsolicitudot?c79f15f7c1260718f5f4744821fa0ab4,,gx-no-cache=1457030322548 HTTP/1.1" 200 3616
191.112.39.34 - - [03/Mar/2016:15:38:18 -0300] "POST /cormun/servlet/trsolicitudot?c79f15f7c1260718f5f4744821fa0ab4,,gx-no-cache=1457030323117 HTTP/1.1" 200 3469
186.103.159.204 - - [03/Mar/2016:15:38:22 -0300] "GET /cormun/servlet/solicitudot?f930c3ed7b1e443843e42b7c8396729d39f4e9e7a84332667a0663063c6b97604c2e7cd57eccc59798df20c62860c7e79abb06b8aedc88b9e2fd32726fc894d578956364c5a7af6a21d6b88fe79cb7d943e970b5b81f5cc9df33925f69286abd5c399a01059cbe907801163d9ef55a1b6dd2961ab2623f34aa0172a9a6a6b0497ce4c719d4aeeac6df5b1c89e4d22b6d44f94eca0fa26937221a3ddc22c6036a4ca96e76df55061c05d6e8822c3ff095,gx-no-cache=1457030325457 HTTP/1.1" 200 30
186.103.159.204 - - [03/Mar/2016:15:38:22 -0300] "POST /cormun/servlet/solicitudot?4881528fdb2991efe7e1984e33761af8,INS,0,0,,gx-no-cache=1457030325519 HTTP/1.1" 200 93
186.103.159.204 - - [03/Mar/2016:15:38:22 -0300] "GET /cormun/servlet/hpexe_return? HTTP/1.1" 200 1006
186.103.159.204 - - [03/Mar/2016:15:38:23 -0300] "GET /cormun/servlet/trsolicitudot HTTP/1.1" 200 11851
186.103.159.204 - - [03/Mar/2016:15:38:24 -0300] "GET /cormun/servlet/trsolicitudot HTTP/1.1" 200 11846
186.103.159.204 - - [03/Mar/2016:15:38:32 -0300] "GET /cormun/servlet/solicitudot?INS,0,0, HTTP/1.1" 200 11440
186.103.159.204 - - [03/Mar/2016:15:38:32 -0300] "GET /cormun/servlet/solicitudot?INS,0,0, HTTP/1.1" 200 11445
186.103.159.204 - - [03/Mar/2016:15:38:46 -0300] "POST /cormun/servlet/solicitudot?gx-no-cache=1457030349128 HTTP/1.1" 200 2778
186.103.159.204 - - [03/Mar/2016:15:38:46 -0300] "POST /cormun/servlet/solicitudot?4881528fdb2991efe7e1984e33761af8,INS,0,0,,gx-no-cache=1457030349293 HTTP/1.1" 200 8426
186.103.159.204 - - [03/Mar/2016:15:38:50 -0300] "GET /cormun/servlet/solicitudot?f930c3ed7b1e443843e42b7c8396729dc858a16577fcb76ce73c4e8bc6393e32019aad6d3f76b779f0da539c2451225c,gx-no-cache=1457030352943 HTTP/1.1" 200 30
186.103.159.204 - - [03/Mar/2016:15:38:50 -0300] "POST /cormun/servlet/solicitudot?gx-no-cache=1457030352994 HTTP/1.1" 200 30
186.103.159.204 - - [03/Mar/2016:15:38:50 -0300] "POST /cormun/servlet/solicitudot?gx-no-cache=1457030353072 HTTP/1.1" 200 33
186.103.159.204 - - [03/Mar/2016:15:38:50 -0300] "POST /cormun/servlet/solicitudot?gx-no-cache=1457030353147 HTTP/1.1" 200 1158
186.103.159.204 - - [03/Mar/2016:15:38:50 -0300] "GET /cormun/servlet/solicitudot?f930c3ed7b1e443843e42b7c8396729d2e6997e18dc2ed5912b464857a3b8ce8a08cc7e6286a2d550c44a7bbf8461bfafffbdde5a3c1c908852364e3e3d5dd21b4ef7aeb08d297b01bad275767a39bdf196861abd2bd7ae429ffcded4f4f9ce37940a7cb9a158190c7429e766dd962808f4561b4373d86d3d6ce2abe1132095e0072fdfc415ea6a26508b3cc670688cb,gx-no-cache=1457030353265 HTTP/1.1" 200 38
186.103.159.204 - - [03/Mar/2016:15:38:50 -0300] "GET /cormun/servlet/solicitudot?f930c3ed7b1e443843e42b7c8396729dc2123ce853801a4ce4163372b056ae3e691d0907274c9a67bc72386e3c6f0b81941b5d69bbd04a8c5ea8e092c06d1010ff71b3d014d714464a595e1d92944abb417a4106d475a44efa3c50de6007947f14d37b9ac4d0ecee50588720f8331313b34e96f18d4f75ef252d8dec9004c7cd555d15c207b413d07d58d2c004375ed69f5647410a39da724dd4bf1e0e79f6af,gx-no-cache=1457030353529 HTTP/1.1" 200 29
186.103.159.204 - - [03/Mar/2016:15:38:50 -0300] "POST /cormun/servlet/solicitudot?gx-no-cache=1457030353578 HTTP/1.1" 200 1116
186.103.159.204 - - [03/Mar/2016:15:38:50 -0300] "GET /cormun/static/menuarrow.gif HTTP/1.1" 404 1015
186.103.159.204 - - [03/Mar/2016:15:38:51 -0300] "POST /cormun/servlet/solicitudot?gx-no-cache=1457030354738 HTTP/1.1" 200 30
186.103.159.204 - - [03/Mar/2016:15:38:51 -0300] "POST /cormun/servlet/solicitudot?gx-no-cache=1457030354787 HTTP/1.1" 200 33
186.103.159.204 - - [03/Mar/2016:15:38:52 -0300] "POST /cormun/servlet/solicitudot?gx-no-cache=1457030354861 HTTP/1.1" 200 1158
186.103.159.204 - - [03/Mar/2016:15:38:52 -0300] "GET /cormun/servlet/solicitudot?f930c3ed7b1e443843e42b7c8396729d2e6997e18dc2ed5912b464857a3b8ce8a08cc7e6286a2d550c44a7bbf8461bfafffbdde5a3c1c908852364e3e3d5dd21b4ef7aeb08d297b01bad275767a39bdf196861abd2bd7ae429ffcded4f4f9ce37940a7cb9a158190c7429e766dd962808f4561b4373d86d3d6ce2abe1132095e0072fdfc415ea6a26508b3cc670688cb,gx-no-cache=1457030354969 HTTP/1.1" 200 38
186.103.159.204 - - [03/Mar/2016:15:38:52 -0300] "POST /cormun/servlet/solicitudot?gx-no-cache=1457030355029 HTTP/1.1" 200 1116
186.78.45.190 - - [03/Mar/2016:15:39:17 -0300] "GET /cormun/static/menuarrow.gif HTTP/1.1" 404 1015
186.103.159.204 - - [03/Mar/2016:15:39:18 -0300] "GET /cormun/servlet/solicitudot?f930c3ed7b1e443843e42b7c8396729dfeac832ca0e590c75c53269ccdae3d82e7ae14a544ee59f08f37fd9381047cbd700a353344f5b312ed14ab8092b75a2a5db7a7bd1e28298480bdc4d0804bbbc699b0567760556278392b1f62ca654e0fb75a82032d2c389517c95c738257b173ba3b29c6024f05014d4c46108f28060ff0b85d6d4203e4567a70fee335c716df187792bec1daaa47f2a82df78ae02cfa9669257a4813f8526e137944b80b5f52,gx-no-cache=1457030381255 HTTP/1.1" 200 30
186.103.159.204 - - [03/Mar/2016:15:39:18 -0300] "POST /cormun/servlet/solicitudot?4881528fdb2991efe7e1984e33761af8,INS,0,0,,gx-no-cache=1457030381305 HTTP/1.1" 200 93
186.103.159.204 - - [03/Mar/2016:15:39:18 -0300] "GET /cormun/servlet/hpexe_return? HTTP/1.1" 200 1006
186.103.159.204 - - [03/Mar/2016:15:39:18 -0300] "GET /cormun/servlet/trsolicitudot HTTP/1.1" 200 12132
186.103.159.204 - - [03/Mar/2016:15:39:19 -0300] "GET /cormun/servlet/trsolicitudot HTTP/1.1" 200 12128
186.78.45.190 - - [03/Mar/2016:15:39:22 -0300] "POST /cormun/servlet/trsolicitudot?cfd97a9749c701a1333df6a487d85455,,gx-no-cache=1457030389041 HTTP/1.1" 200 3239
186.78.45.190 - - [03/Mar/2016:15:39:23 -0300] "POST /cormun/servlet/trsolicitudot?cfd97a9749c701a1333df6a487d85455,,gx-no-cache=1457030389452 HTTP/1.1" 200 3239
186.103.159.204 - - [03/Mar/2016:15:39:33 -0300] "GET /cormun/servlet/solicitudot?INS,0,0, HTTP/1.1" 200 11440
186.103.159.204 - - [03/Mar/2016:15:39:33 -0300] "GET /cormun/servlet/solicitudot?INS,0,0, HTTP/1.1" 200 11445
186.67.172.234 - - [03/Mar/2016:15:39:40 -0300] "GET /cormun/servlet/solicitudot?0068122fe4f22f42df63a4211895c5ba2a3e02eda09d685929f026c99894e836b1115cd612d96e8b83b3f33204e2db709ee46ddc091b8724c9800631c3864af5733ac7e3d66d5a301ec8fef41ac83d97e3d261c3318dbf0f03332bcc8112ce8bde87dd6420f032d0f42e4aca5aba0b14b85a27880aafd9d88401201e3ba8c0faa828950946c249cdca8c39f7229ae063a35cd16d7836fb649941f1e8c0d46e330c5357d1f03efe116ad6bf3c32372ff8,gx-no-cache=1457030431178 HTTP/1.1" 200 30
186.78.45.190 - - [03/Mar/2016:15:39:43 -0300] "POST /cormun/servlet/trsolicitudot?cfd97a9749c701a1333df6a487d85455,,gx-no-cache=1457030409873 HTTP/1.1" 200 3245
186.78.45.190 - - [03/Mar/2016:15:39:44 -0300] "POST /cormun/servlet/trsolicitudot?cfd97a9749c701a1333df6a487d85455,,gx-no-cache=1457030410397 HTTP/1.1" 200 3244
186.103.159.204 - - [03/Mar/2016:15:39:48 -0300] "POST /cormun/servlet/solicitudot?gx-no-cache=1457030411485 HTTP/1.1" 200 2780
186.103.159.204 - - [03/Mar/2016:15:39:48 -0300] "POST /cormun/servlet/solicitudot?4881528fdb2991efe7e1984e33761af8,INS,0,0,,gx-no-cache=1457030411655 HTTP/1.1" 200 8430
186.78.45.190 - - [03/Mar/2016:15:39:52 -0300] "POST /cormun/servlet/trsolicitudot?cfd97a9749c701a1333df6a487d85455,,gx-no-cache=1457030418712 HTTP/1.1" 200 3243
186.103.159.204 - - [03/Mar/2016:15:39:58 -0300] "GET /cormun/servlet/solicitudot?f930c3ed7b1e443843e42b7c8396729d662934288b8e4dc984ac5329fac064b6019aad6d3f76b779f0da539c2451225c,gx-no-cache=1457030421434 HTTP/1.1" 200 30
186.103.159.204 - - [03/Mar/2016:15:39:58 -0300] "POST /cormun/servlet/solicitudot?gx-no-cache=1457030421482 HTTP/1.1" 200 30
186.103.159.204 - - [03/Mar/2016:15:39:58 -0300] "POST /cormun/servlet/solicitudot?gx-no-cache=1457030421535 HTTP/1.1" 200 33
186.103.159.204 - - [03/Mar/2016:15:39:58 -0300] "POST /cormun/servlet/solicitudot?gx-no-cache=1457030421607 HTTP/1.1" 200 1157
186.103.159.204 - - [03/Mar/2016:15:39:58 -0300] "GET /cormun/servlet/solicitudot?f930c3ed7b1e443843e42b7c8396729d2e6997e18dc2ed5912b464857a3b8ce8a08cc7e6286a2d550c44a7bbf8461bfafffbdde5a3c1c908852364e3e3d5dd21b4ef7aeb08d297b01bad275767a39bdf196861abd2bd7ae429ffcded4f4f9ce37940a7cb9a158190c7429e766dd962808f4561b4373d86d3d6ce2abe1132095e0072fdfc415ea6a26508b3cc670688cb,gx-no-cache=1457030421707 HTTP/1.1" 200 38
186.78.45.190 - - [03/Mar/2016:15:40:01 -0300] "GET /cormun/servlet/trsolicitudot?da087cc4fbea804b993417b7533ae238c3a1dfd1815f2bac033eba787a6b8c600b4d29d919b3677c8399299119cba83946b77c644c70feb141826ea7de9da953379a0f6854efa11053efc4f28aab1c2124f6275df9fd3b57a3abd14619c13ca6,gx-no-cache=1457030427703 HTTP/1.1" 200 767
186.103.159.204 - - [03/Mar/2016:15:40:02 -0300] "GET /cormun/servlet/solicitudot?f930c3ed7b1e443843e42b7c8396729dc2123ce853801a4ce4163372b056ae3e691d0907274c9a67bc72386e3c6f0b81941b5d69bbd04a8c5ea8e092c06d1010ff71b3d014d714464a595e1d92944abb417a4106d475a44efa3c50de6007947f14d37b9ac4d0ecee50588720f8331313b34e96f18d4f75ef252d8dec9004c7cd555d15c207b413d07d58d2c004375ed69f5647410a39da724dd4bf1e0e79f6af,gx-no-cache=1457030425218 HTTP/1.1" 200 29
186.103.159.204 - - [03/Mar/2016:15:40:02 -0300] "POST /cormun/servlet/solicitudot?gx-no-cache=1457030425250 HTTP/1.1" 200 1116
186.103.159.204 - - [03/Mar/2016:15:40:02 -0300] "GET /cormun/static/menuarrow.gif HTTP/1.1" 404 1015
186.78.45.190 - - [03/Mar/2016:15:40:02 -0300] "GET /cormun/servlet/trsolicitudot?da087cc4fbea804b993417b7533ae238acf727cfc72944f87f1ceb629ade39ebb9392f6a3a3c0676c437042d54d774b8c81387563884786fde52a7fac5e40334e0c066ebbe99ae016a893fc4ff302827,gx-no-cache=1457030429342 HTTP/1.1" 200 767
186.78.45.190 - - [03/Mar/2016:15:40:04 -0300] "GET /cormun/servlet/trsolicitudot?da087cc4fbea804b993417b7533ae23851cb1c31731c8100a23c8dae749710db6dd3e6274d98ba0b6223b8739f9955efa7c727cd95edf111128bdf9dcc4526628243c41a4769ab393fa9c5f6688aeebe444e24f2ca72735d0d001653cbedbabe,gx-no-cache=1457030430598 HTTP/1.1" 200 767
186.78.45.190 - - [03/Mar/2016:15:40:05 -0300] "GET /cormun/servlet/trsolicitudot?da087cc4fbea804b993417b7533ae238b3c7e4bef9bacdd835496d872398f80ee126d6122aba6a753e46a73192c97deffbd8ab0204567622611b38635b8981e05db98036228e07644db13db2c7576f5f5dedcb3cefd79f2724abdfcc1a98d44b,gx-no-cache=1457030431815 HTTP/1.1" 200 767
186.78.45.190 - - [03/Mar/2016:15:40:08 -0300] "GET /cormun/servlet/trsolicitudot?da087cc4fbea804b993417b7533ae238935de87790a8b441223e9ff6cac506b99985a6a004deb0a3c7054bc8513534bf71bb4d6078ab8ef36c94fcf182715a8f0b18e9cd8013ec2ebaff99101dbcbd8a190217d8bbfa5e2042928887a080b8f9,gx-no-cache=1457030435291 HTTP/1.1" 200 767
186.78.45.190 - - [03/Mar/2016:15:40:09 -0300] "GET /cormun/servlet/trsolicitudot?da087cc4fbea804b993417b7533ae238e4b7d4f69d37595be15aa8c6b06f2bc5e126d6122aba6a753e46a73192c97deffbd8ab0204567622611b38635b8981e05db98036228e07644db13db2c7576f5f5dedcb3cefd79f2724abdfcc1a98d44b,gx-no-cache=1457030436166 HTTP/1.1" 200 767
186.78.45.190 - - [03/Mar/2016:15:40:11 -0300] "POST /cormun/servlet/trsolicitudot?cfd97a9749c701a1333df6a487d85455,,gx-no-cache=1457030437085 HTTP/1.1" 200 3253
186.103.159.204 - - [03/Mar/2016:15:40:12 -0300] "GET /cormun/servlet/solicitudot?f930c3ed7b1e443843e42b7c8396729dcd6e19ccad85580c010f5f9c680213f283437d98a4b75e1d33c954566f3c868d700a353344f5b312ed14ab8092b75a2a5db7a7bd1e28298480bdc4d0804bbbc699b0567760556278392b1f62ca654e0fb75a82032d2c389517c95c738257b173ba3b29c6024f05014d4c46108f28060ff0b85d6d4203e4567a70fee335c716df187792bec1daaa47f2a82df78ae02cfa9669257a4813f8526e137944b80b5f52,gx-no-cache=1457030435302 HTTP/1.1" 200 30
186.78.45.190 - - [03/Mar/2016:15:40:13 -0300] "GET /cormun/servlet/trsolicitudot?da087cc4fbea804b993417b7533ae238e4b7d4f69d37595be15aa8c6b06f2bc5e34e118a91f1872d4f11fbadd08bb9e5320416aee9889c4f34cbc3512f73ab2acd39dc2b153cf1592798e11c0972d037b420324d103369b1b4bc88783bace482,gx-no-cache=1457030439963 HTTP/1.1" 200 771
186.78.45.190 - - [03/Mar/2016:15:40:14 -0300] "GET /cormun/servlet/trsolicitudot?da087cc4fbea804b993417b7533ae238e4b7d4f69d37595be15aa8c6b06f2bc57fe6a936c579f994a88ebbdd6906b5a980331998c41c2ab6142623ed557a57e21119c0e7ded6da0329ed0395598ce96036589770c9eb8971723e93250d9f8089,gx-no-cache=1457030440931 HTTP/1.1" 200 771
186.78.45.190 - - [03/Mar/2016:15:40:17 -0300] "GET /cormun/servlet/trsolicitudot?da087cc4fbea804b993417b7533ae238e4b7d4f69d37595be15aa8c6b06f2bc53ba81f9f475d3aa7c9cbff45d7b8550b4ae2611c2841e3094f149d6f2142b2118eb94852817b881f85fbf351810c0d3173838bd1dad627625f80abad12da42ef,gx-no-cache=1457030444479 HTTP/1.1" 200 771
186.78.45.190 - - [03/Mar/2016:15:40:19 -0300] "GET /cormun/servlet/trsolicitudot?da087cc4fbea804b993417b7533ae238e4b7d4f69d37595be15aa8c6b06f2bc512ca45cf0bd4b4d0afb9bb270ee8873499010e2eb525d2473372f7f527292c1ccd27b7d72d9e00916815b1f09e39356a01267c3f31cee81a49fc9030f46fe018,gx-no-cache=1457030446094 HTTP/1.1" 200 771
186.78.45.190 - - [03/Mar/2016:15:40:21 -0300] "GET /cormun/servlet/trsolicitudot?da087cc4fbea804b993417b7533ae238e4b7d4f69d37595be15aa8c6b06f2bc575553a0fc27d4b22698ba3be1bb096f7320416aee9889c4f34cbc3512f73ab2acd39dc2b153cf1592798e11c0972d037b420324d103369b1b4bc88783bace482,gx-no-cache=1457030448213 HTTP/1.1" 200 771
186.103.159.204 - - [03/Mar/2016:15:40:22 -0300] "POST /cormun/servlet/solicitudot?4881528fdb2991efe7e1984e33761af8,INS,0,0,,gx-no-cache=1457030445573 HTTP/1.1" 200 93
186.103.159.204 - - [03/Mar/2016:15:40:22 -0300] "GET /cormun/servlet/hpexe_return? HTTP/1.1" 200 1006
186.103.159.204 - - [03/Mar/2016:15:40:23 -0300] "GET /cormun/servlet/trsolicitudot HTTP/1.1" 200 12389
186.78.45.190 - - [03/Mar/2016:15:40:23 -0300] "GET /cormun/servlet/trsolicitudot?da087cc4fbea804b993417b7533ae238e4b7d4f69d37595be15aa8c6b06f2bc5dfb4d03d3eb6644c0210d5b8cc76bea5fdd53c05fb1ba9eb58fda09961611a2bd3af4d7def67a5cc88869e397f9f524d5708ae8befd1752ee944cbb0d3e747d8,gx-no-cache=1457030450152 HTTP/1.1" 200 771
186.103.159.204 - - [03/Mar/2016:15:40:24 -0300] "GET /cormun/servlet/trsolicitudot HTTP/1.1" 200 12385
186.78.45.190 - - [03/Mar/2016:15:40:26 -0300] "GET /cormun/servlet/trsolicitudot?da087cc4fbea804b993417b7533ae23817a0022fb6541a4d41adaf1e327f2196ced3e7d8530e756d33b13bfd0685507899010e2eb525d2473372f7f527292c1ccd27b7d72d9e00916815b1f09e39356a01267c3f31cee81a49fc9030f46fe018,gx-no-cache=1457030452848 HTTP/1.1" 200 771
186.78.45.190 - - [03/Mar/2016:15:40:28 -0300] "GET /cormun/servlet/trsolicitudot?da087cc4fbea804b993417b7533ae2389a6d0b5b646a804e2190bf22ab8ce4316dd3e6274d98ba0b6223b8739f9955efa7c727cd95edf111128bdf9dcc4526628243c41a4769ab393fa9c5f6688aeebe444e24f2ca72735d0d001653cbedbabe,gx-no-cache=1457030454767 HTTP/1.1" 200 771
186.78.45.190 - - [03/Mar/2016:15:40:29 -0300] "GET /cormun/servlet/trsolicitudot?da087cc4fbea804b993417b7533ae23852f1f0a5130862dea3bf8d6f21580d0412ca45cf0bd4b4d0afb9bb270ee8873499010e2eb525d2473372f7f527292c1ccd27b7d72d9e00916815b1f09e39356a01267c3f31cee81a49fc9030f46fe018,gx-no-cache=1457030455903 HTTP/1.1" 200 771
186.103.159.204 - - [03/Mar/2016:15:40:29 -0300] "GET /cormun/servlet/solicitudot?INS,0,0, HTTP/1.1" 200 11439
186.103.159.204 - - [03/Mar/2016:15:40:30 -0300] "GET /cormun/servlet/solicitudot?INS,0,0, HTTP/1.1" 200 11444
186.78.45.190 - - [03/Mar/2016:15:40:31 -0300] "POST /cormun/servlet/trsolicitudot?cfd97a9749c701a1333df6a487d85455,,gx-no-cache=1457030457499 HTTP/1.1" 200 3252
186.78.45.190 - - [03/Mar/2016:15:40:34 -0300] "GET /cormun/servlet/trsolicitudot?da087cc4fbea804b993417b7533ae23852f1f0a5130862dea3bf8d6f21580d0475553a0fc27d4b22698ba3be1bb096f7320416aee9889c4f34cbc3512f73ab2acd39dc2b153cf1592798e11c0972d037b420324d103369b1b4bc88783bace482,gx-no-cache=1457030461285 HTTP/1.1" 200 772
186.78.45.190 - - [03/Mar/2016:15:40:35 -0300] "GET /cormun/servlet/trsolicitudot?da087cc4fbea804b993417b7533ae23852f1f0a5130862dea3bf8d6f21580d0422420623529e6e6b95255aa7faa9c897fbd8ab0204567622611b38635b8981e05db98036228e07644db13db2c7576f5f5dedcb3cefd79f2724abdfcc1a98d44b,gx-no-cache=1457030462520 HTTP/1.1" 200 772
186.78.45.190 - - [03/Mar/2016:15:40:39 -0300] "GET /cormun/servlet/trsolicitudot?da087cc4fbea804b993417b7533ae23852f1f0a5130862dea3bf8d6f21580d04dfb4d03d3eb6644c0210d5b8cc76bea5fdd53c05fb1ba9eb58fda09961611a2bd3af4d7def67a5cc88869e397f9f524d5708ae8befd1752ee944cbb0d3e747d8,gx-no-cache=1457030465838 HTTP/1.1" 200 772
186.78.45.190 - - [03/Mar/2016:15:40:40 -0300] "POST /cormun/servlet/trsolicitudot?cfd97a9749c701a1333df6a487d85455,,gx-no-cache=1457030466752 HTTP/1.1" 200 3257
186.78.45.190 - - [03/Mar/2016:15:40:41 -0300] "POST /cormun/servlet/trsolicitudot?cfd97a9749c701a1333df6a487d85455,,gx-no-cache=1457030467909 HTTP/1.1" 200 3259
186.103.159.204 - - [03/Mar/2016:15:40:47 -0300] "POST /cormun/servlet/solicitudot?gx-no-cache=1457030470179 HTTP/1.1" 200 2781
186.103.159.204 - - [03/Mar/2016:15:40:47 -0300] "POST /cormun/servlet/solicitudot?4881528fdb2991efe7e1984e33761af8,INS,0,0,,gx-no-cache=1457030470409 HTTP/1.1" 200 8403
191.112.39.34 - - [03/Mar/2016:15:40:48 -0300] "GET /cormun/servlet/hlogin HTTP/1.1" 200 1722
191.112.39.34 - - [03/Mar/2016:15:40:48 -0300] "GET /cormun/static/Resources/Spanish/PXTools.css?005343 HTTP/1.1" 304 -
191.112.39.34 - - [03/Mar/2016:15:40:48 -0300] "GET /cormun/static/gxcfg.js?20151120045111 HTTP/1.1" 304 -
191.112.39.34 - - [03/Mar/2016:15:40:48 -0300] "GET /cormun/static/messages.spa.js?85251 HTTP/1.1" 304 -
191.112.39.34 - - [03/Mar/2016:15:40:48 -0300] "GET /cormun/static/hlogin.js?20151120045126 HTTP/1.1" 304 -
186.103.159.204 - - [03/Mar/2016:15:40:50 -0300] "GET /cormun/servlet/solicitudot?f930c3ed7b1e443843e42b7c8396729d9040b56e491dd7de6c936c9a90768510019aad6d3f76b779f0da539c2451225c,gx-no-cache=1457030473422 HTTP/1.1" 200 30
191.112.39.34 - - [03/Mar/2016:15:40:50 -0300] "POST /cormun/servlet/hlogin?15a4578e2af45ce089a239ff5220ae47,gx-no-cache=1457030513410 HTTP/1.1" 200 90
186.103.159.204 - - [03/Mar/2016:15:40:50 -0300] "POST /cormun/servlet/solicitudot?gx-no-cache=1457030473483 HTTP/1.1" 200 30
186.103.159.204 - - [03/Mar/2016:15:40:50 -0300] "POST /cormun/servlet/solicitudot?gx-no-cache=1457030473524 HTTP/1.1" 200 33
191.112.39.34 - - [03/Mar/2016:15:40:50 -0300] "GET /cormun/servlet/hpexe_link HTTP/1.1" 200 954
186.103.159.204 - - [03/Mar/2016:15:40:50 -0300] "POST /cormun/servlet/solicitudot?gx-no-cache=1457030473600 HTTP/1.1" 200 1157
191.112.39.34 - - [03/Mar/2016:15:40:50 -0300] "GET /cormun/static/gxcfg.js?20151120044395 HTTP/1.1" 304 -
191.112.39.34 - - [03/Mar/2016:15:40:50 -0300] "GET /cormun/static/hpexe_link.js?20151120044398 HTTP/1.1" 304 -
186.103.159.204 - - [03/Mar/2016:15:40:50 -0300] "GET /cormun/servlet/solicitudot?f930c3ed7b1e443843e42b7c8396729d2e6997e18dc2ed5912b464857a3b8ce8a08cc7e6286a2d550c44a7bbf8461bfafffbdde5a3c1c908852364e3e3d5dd21b4ef7aeb08d297b01bad275767a39bdf196861abd2bd7ae429ffcded4f4f9ce37940a7cb9a158190c7429e766dd962808f4561b4373d86d3d6ce2abe1132095e0072fdfc415ea6a26508b3cc670688cb,gx-no-cache=1457030473718 HTTP/1.1" 200 38
191.112.39.34 - - [03/Mar/2016:15:40:50 -0300] "GET /cormun/servlet/hhome HTTP/1.1" 200 3438
191.112.39.34 - - [03/Mar/2016:15:40:51 -0300] "GET /cormun/static/Resources/Spanish/PXTools.css?10515224 HTTP/1.1" 304 -
191.112.39.34 - - [03/Mar/2016:15:40:51 -0300] "GET /cormun/static/gxcfg.js?2015112210564248 HTTP/1.1" 304 -
191.112.39.34 - - [03/Mar/2016:15:40:51 -0300] "GET /cormun/static/hhome.js?2015112210564255 HTTP/1.1" 304 -
191.112.39.34 - - [03/Mar/2016:15:40:51 -0300] "GET /cormun/static/hwchdr01.js?20162241650484 HTTP/1.1" 304 -
191.112.39.34 - - [03/Mar/2016:15:40:51 -0300] "GET /cormun/static/hpexe_recentlink.js?2015111312121342 HTTP/1.1" 304 -
191.112.39.34 - - [03/Mar/2016:15:40:51 -0300] "GET /cormun/static/hpexe_scripts.js?20151120014546 HTTP/1.1" 304 -
191.112.39.34 - - [03/Mar/2016:15:40:51 -0300] "GET /cormun/static/hpexe_messagecontroller.js?2015112210524422 HTTP/1.1" 304 -
191.112.39.34 - - [03/Mar/2016:15:40:51 -0300] "GET /cormun/static/hpexe_messagepopupcomponent.js?20163219454551 HTTP/1.1" 304 -
191.112.39.34 - - [03/Mar/2016:15:40:51 -0300] "GET /cormun/static/hpexe_messagegenexuscomponent.js?20151120014314 HTTP/1.1" 304 -
191.112.39.34 - - [03/Mar/2016:15:40:51 -0300] "GET /cormun/static/cmcontrolpreferences.js?20151120014525 HTTP/1.1" 304 -
191.112.39.34 - - [03/Mar/2016:15:40:51 -0300] "GET /cormun/static/hmpwkw03.js?2016311993330 HTTP/1.1" 304 -
191.112.39.34 - - [03/Mar/2016:15:40:51 -0300] "GET /cormun/servlet/hhome HTTP/1.1" 200 3435
191.112.39.34 - - [03/Mar/2016:15:40:57 -0300] "GET /cormun/servlet/trautorizarsolicitud? HTTP/1.1" 200 8082
191.112.39.34 - - [03/Mar/2016:15:40:57 -0300] "GET /cormun/static/gxcfg.js?20163219504791 HTTP/1.1" 200 953
191.112.39.34 - - [03/Mar/2016:15:40:57 -0300] "GET /cormun/static/trautorizarsolicitud.js?20163219505323 HTTP/1.1" 200 45302
191.112.39.34 - - [03/Mar/2016:15:40:57 -0300] "GET /cormun/static/Resources/Spanish/PXTools.css?19444614 HTTP/1.1" 200 89042
191.112.39.34 - - [03/Mar/2016:15:40:58 -0300] "GET /cormun/servlet/trautorizarsolicitud? HTTP/1.1" 200 8080
186.103.159.204 - - [03/Mar/2016:15:41:01 -0300] "GET /cormun/servlet/solicitudot?f930c3ed7b1e443843e42b7c8396729dc2123ce853801a4ce4163372b056ae3e691d0907274c9a67bc72386e3c6f0b819ecc97637fa540571f58461f9bc804a8e24b815c10a8aef6927c811f9ffe140dc52d326bd84d8cc3716663b6a2205f659372123b4cdd8d65db3488c269e3836f,gx-no-cache=1457030484228 HTTP/1.1" 200 29
186.103.159.204 - - [03/Mar/2016:15:41:01 -0300] "POST /cormun/servlet/solicitudot?gx-no-cache=1457030484259 HTTP/1.1" 200 1116
186.103.159.204 - - [03/Mar/2016:15:41:01 -0300] "GET /cormun/static/menuarrow.gif HTTP/1.1" 404 1015
186.103.159.204 - - [03/Mar/2016:15:41:54 -0300] "GET /cormun/servlet/solicitudot?f930c3ed7b1e443843e42b7c8396729de2d50a71b81d3b6496a34af907138cb40cfa79820057e6045bd9347ba1e766cf700a353344f5b312ed14ab8092b75a2a5db7a7bd1e28298480bdc4d0804bbbc699b0567760556278392b1f62ca654e0fb75a82032d2c389517c95c738257b173ba3b29c6024f05014d4c46108f28060ff0b85d6d4203e4567a70fee335c716df187792bec1daaa47f2a82df78ae02cfa9669257a4813f8526e137944b80b5f52,gx-no-cache=1457030537365 HTTP/1.1" 200 30
186.103.159.204 - - [03/Mar/2016:15:41:55 -0300] "POST /cormun/servlet/solicitudot?4881528fdb2991efe7e1984e33761af8,INS,0,0,,gx-no-cache=1457030537473 HTTP/1.1" 200 93
186.103.159.204 - - [03/Mar/2016:15:41:55 -0300] "GET /cormun/servlet/hpexe_return? HTTP/1.1" 200 1006
186.103.159.204 - - [03/Mar/2016:15:41:55 -0300] "GET /cormun/servlet/trsolicitudot HTTP/1.1" 200 12647
186.103.159.204 - - [03/Mar/2016:15:41:56 -0300] "GET /cormun/servlet/trsolicitudot HTTP/1.1" 200 12643
191.112.39.34 - - [03/Mar/2016:15:42:01 -0300] "POST /cormun/servlet/trautorizarsolicitud?15a4578e2af45ce089a239ff5220ae47,,gx-no-cache=1457030583800 HTTP/1.1" 200 5576
191.112.39.34 - - [03/Mar/2016:15:42:01 -0300] "POST /cormun/servlet/trautorizarsolicitud?15a4578e2af45ce089a239ff5220ae47,,gx-no-cache=1457030584246 HTTP/1.1" 200 5576
191.112.39.34 - - [03/Mar/2016:15:42:02 -0300] "POST /cormun/servlet/trautorizarsolicitud?15a4578e2af45ce089a239ff5220ae47,,gx-no-cache=1457030584692 HTTP/1.1" 200 5575
191.112.39.34 - - [03/Mar/2016:15:42:02 -0300] "POST /cormun/servlet/trautorizarsolicitud?15a4578e2af45ce089a239ff5220ae47,,gx-no-cache=1457030585143 HTTP/1.1" 200 5576
191.112.39.34 - - [03/Mar/2016:15:42:03 -0300] "POST /cormun/servlet/trautorizarsolicitud?15a4578e2af45ce089a239ff5220ae47,,gx-no-cache=1457030585617 HTTP/1.1" 200 5576
191.112.39.34 - - [03/Mar/2016:15:42:03 -0300] "POST /cormun/servlet/trautorizarsolicitud?15a4578e2af45ce089a239ff5220ae47,,gx-no-cache=1457030586079 HTTP/1.1" 200 5576
191.112.39.34 - - [03/Mar/2016:15:42:04 -0300] "POST /cormun/servlet/trautorizarsolicitud?15a4578e2af45ce089a239ff5220ae47,,gx-no-cache=1457030586582 HTTP/1.1" 200 5575
191.112.39.34 - - [03/Mar/2016:15:42:04 -0300] "POST /cormun/servlet/trautorizarsolicitud?15a4578e2af45ce089a239ff5220ae47,,gx-no-cache=1457030587069 HTTP/1.1" 200 5304
191.112.39.34 - - [03/Mar/2016:15:42:04 -0300] "GET /cormun/static/Shared/jqueryui/images/ui-bg_highlight-soft_100_c6c2c8_1x100.png HTTP/1.1" 404 1117
191.112.39.34 - - [03/Mar/2016:15:42:04 -0300] "GET /cormun/static/Shared/jqueryui/images/ui-icons_82798d_256x240.png HTTP/1.1" 404 1089
191.112.39.34 - - [03/Mar/2016:15:42:04 -0300] "GET /cormun/static/Shared/jqueryui/images/ui-bg_flat_55_fafafa_40x100.png HTTP/1.1" 404 1097
191.112.39.34 - - [03/Mar/2016:15:42:04 -0300] "GET /cormun/static/Shared/jqueryui/images/ui-icons_8d78a5_256x240.png HTTP/1.1" 404 1089
191.112.39.34 - - [03/Mar/2016:15:42:05 -0300] "POST /cormun/servlet/trautorizarsolicitud?15a4578e2af45ce089a239ff5220ae47,,gx-no-cache=1457030587598 HTTP/1.1" 200 5248
186.103.159.204 - - [03/Mar/2016:15:42:05 -0300] "POST /cormun/servlet/trsolicitudot?4881528fdb2991efe7e1984e33761af8,gx-no-cache=1457030547939 HTTP/1.1" 200 10368
186.103.159.204 - - [03/Mar/2016:15:42:05 -0300] "POST /cormun/servlet/trsolicitudot?4881528fdb2991efe7e1984e33761af8,gx-no-cache=1457030548384 HTTP/1.1" 200 10368
186.103.159.204 - - [03/Mar/2016:15:42:06 -0300] "POST /cormun/servlet/trsolicitudot?4881528fdb2991efe7e1984e33761af8,gx-no-cache=1457030548844 HTTP/1.1" 200 10368
186.103.159.204 - - [03/Mar/2016:15:42:06 -0300] "POST /cormun/servlet/trsolicitudot?4881528fdb2991efe7e1984e33761af8,gx-no-cache=1457030549322 HTTP/1.1" 200 10368
186.103.159.204 - - [03/Mar/2016:15:42:07 -0300] "POST /cormun/servlet/trsolicitudot?4881528fdb2991efe7e1984e33761af8,gx-no-cache=1457030549801 HTTP/1.1" 200 10367
186.103.159.204 - - [03/Mar/2016:15:42:07 -0300] "POST /cormun/servlet/trsolicitudot?4881528fdb2991efe7e1984e33761af8,gx-no-cache=1457030550311 HTTP/1.1" 200 10367
191.112.39.34 - - [03/Mar/2016:15:42:07 -0300] "POST /cormun/servlet/trautorizarsolicitud?15a4578e2af45ce089a239ff5220ae47,,gx-no-cache=1457030590461 HTTP/1.1" 200 4893
186.103.159.204 - - [03/Mar/2016:15:42:08 -0300] "POST /cormun/servlet/trsolicitudot?4881528fdb2991efe7e1984e33761af8,gx-no-cache=1457030550885 HTTP/1.1" 200 10368
191.112.39.34 - - [03/Mar/2016:15:42:08 -0300] "POST /cormun/servlet/trautorizarsolicitud?15a4578e2af45ce089a239ff5220ae47,,gx-no-cache=1457030590914 HTTP/1.1" 200 4838
186.103.159.204 - - [03/Mar/2016:15:42:08 -0300] "POST /cormun/servlet/trsolicitudot?4881528fdb2991efe7e1984e33761af8,gx-no-cache=1457030551463 HTTP/1.1" 200 105
186.103.159.204 - - [03/Mar/2016:15:42:08 -0300] "GET /cormun/servlet/solicitudot?UPD,2016,529, HTTP/1.1" 200 12659
186.103.159.204 - - [03/Mar/2016:15:42:09 -0300] "GET /cormun/servlet/solicitudot?UPD,2016,529, HTTP/1.1" 200 12667
186.103.159.204 - - [03/Mar/2016:15:42:10 -0300] "POST /cormun/servlet/solicitudot?gx-no-cache=1457030553059 HTTP/1.1" 200 2780
186.103.159.204 - - [03/Mar/2016:15:42:10 -0300] "POST /cormun/servlet/solicitudot?4881528fdb2991efe7e1984e33761af8,UPD,2016,529,,gx-no-cache=1457030553223 HTTP/1.1" 200 9087
191.112.39.34 - - [03/Mar/2016:15:42:10 -0300] "POST /cormun/servlet/trautorizarsolicitud?15a4578e2af45ce089a239ff5220ae47,,gx-no-cache=1457030593301 HTTP/1.1" 200 3588
186.103.159.204 - - [03/Mar/2016:15:42:10 -0300] "GET /cormun/servlet/solicitudot?f930c3ed7b1e443843e42b7c8396729d662934288b8e4dc984ac5329fac064b677abcecead9dbcc6409ed4eeb1a34437,gx-no-cache=1457030553623 HTTP/1.1" 200 30
186.103.159.204 - - [03/Mar/2016:15:42:10 -0300] "POST /cormun/servlet/solicitudot?gx-no-cache=1457030553706 HTTP/1.1" 200 30
186.103.159.204 - - [03/Mar/2016:15:42:10 -0300] "POST /cormun/servlet/solicitudot?gx-no-cache=1457030553744 HTTP/1.1" 200 33
186.103.159.204 - - [03/Mar/2016:15:42:11 -0300] "POST /cormun/servlet/solicitudot?gx-no-cache=1457030553821 HTTP/1.1" 200 1157
186.103.159.204 - - [03/Mar/2016:15:42:11 -0300] "GET /cormun/servlet/solicitudot?f930c3ed7b1e443843e42b7c8396729d2e6997e18dc2ed5912b464857a3b8ce8a08cc7e6286a2d550c44a7bbf8461bfafffbdde5a3c1c908852364e3e3d5dd21b4ef7aeb08d297b01bad275767a39bdf196861abd2bd7ae429ffcded4f4f9ce37940a7cb9a158190c7429e766dd962808f4561b4373d86d3d6ce2abe1132095e819a5f37010adf39e6a304067c3f2e6c1cae846d1c9b2873835509691c57620a,gx-no-cache=1457030553925 HTTP/1.1" 200 41
191.112.39.34 - - [03/Mar/2016:15:42:11 -0300] "POST /cormun/servlet/trautorizarsolicitud?15a4578e2af45ce089a239ff5220ae47,,gx-no-cache=1457030593754 HTTP/1.1" 200 3447
186.103.159.204 - - [03/Mar/2016:15:42:20 -0300] "GET /cormun/servlet/solicitudot?f930c3ed7b1e443843e42b7c8396729df8bba17fb539c086d3882c2188ee5147c4daca79ac69b7c9ab71710b2155e803d3af5be60379791ecaa2259752ad9df8682f0534551fa12026f77090fbf9e993b67cb774ccb150ab1f2fec2b4612bf26956e99d7673dc9aab7bd254aa11cf4eadf582991cd97cbfc4d3b9d574218188dd4150aa082c8ca261d8d4f03065046c7bfc32c85c95fb2fd28b3dac192356bd5,gx-no-cache=1457030563660 HTTP/1.1" 200 29
186.103.159.204 - - [03/Mar/2016:15:42:20 -0300] "POST /cormun/servlet/solicitudot?gx-no-cache=1457030563742 HTTP/1.1" 200 1116
186.103.159.204 - - [03/Mar/2016:15:42:21 -0300] "GET /cormun/servlet/solicitudot?f930c3ed7b1e443843e42b7c8396729dcd6e19ccad85580c010f5f9c680213f283437d98a4b75e1d33c954566f3c868d700a353344f5b312ed14ab8092b75a2a5db7a7bd1e28298480bdc4d0804bbbc699b0567760556278392b1f62ca654e0fb75a82032d2c389517c95c738257b173ba3b29c6024f05014d4c46108f28060ff0b85d6d4203e4567a70fee335c716df187792bec1daaa47f2a82df78ae02cfa9669257a4813f8526e137944b80b5f52,gx-no-cache=1457030563841 HTTP/1.1" 200 30
186.103.159.204 - - [03/Mar/2016:15:42:21 -0300] "POST /cormun/servlet/solicitudot?4881528fdb2991efe7e1984e33761af8,UPD,2016,529,,gx-no-cache=1457030563901 HTTP/1.1" 200 93
186.103.159.204 - - [03/Mar/2016:15:42:21 -0300] "GET /cormun/servlet/hpexe_return? HTTP/1.1" 200 1033
186.103.159.204 - - [03/Mar/2016:15:42:21 -0300] "GET /cormun/servlet/trsolicitudot?gx-no-cache=1457030550885 HTTP/1.1" 200 12651
186.103.159.204 - - [03/Mar/2016:15:42:22 -0300] "GET /cormun/servlet/trsolicitudot?gx-no-cache=1457030550885 HTTP/1.1" 200 12667
186.103.159.204 - - [03/Mar/2016:15:42:28 -0300] "GET /cormun/servlet/solicitudot?INS,0,0, HTTP/1.1" 200 11462
186.103.159.204 - - [03/Mar/2016:15:42:29 -0300] "GET /cormun/servlet/solicitudot?INS,0,0, HTTP/1.1" 200 11445
186.78.45.190 - - [03/Mar/2016:15:42:46 -0300] "GET /cormun/servlet/trsolicitudot?da087cc4fbea804b993417b7533ae238b068737fdbf06ba2a85a08b7624b10cf52743e90695e210c96c45687f8c70cb9c8ebfe5ea802090d2c9d2f9304d5a62f46b77c644c70feb141826ea7de9da953379a0f6854efa11053efc4f28aab1c2124f6275df9fd3b57a3abd14619c13ca6,gx-no-cache=1457030593170 HTTP/1.1" 200 779
186.103.159.204 - - [03/Mar/2016:15:42:47 -0300] "POST /cormun/servlet/solicitudot?gx-no-cache=1457030590233 HTTP/1.1" 200 2776
186.103.159.204 - - [03/Mar/2016:15:42:47 -0300] "POST /cormun/servlet/solicitudot?4881528fdb2991efe7e1984e33761af8,INS,0,0,,gx-no-cache=1457030590393 HTTP/1.1" 200 8444
186.103.159.204 - - [03/Mar/2016:15:42:47 -0300] "GET /cormun/servlet/solicitudot?f930c3ed7b1e443843e42b7c8396729d24a04cd4899044517af4320b37dba08c019aad6d3f76b779f0da539c2451225c,gx-no-cache=1457030590561 HTTP/1.1" 200 30
186.103.159.204 - - [03/Mar/2016:15:42:54 -0300] "POST /cormun/servlet/solicitudot?gx-no-cache=1457030597337 HTTP/1.1" 200 30
186.103.159.204 - - [03/Mar/2016:15:42:54 -0300] "POST /cormun/servlet/solicitudot?gx-no-cache=1457030597388 HTTP/1.1" 200 33
186.103.159.204 - - [03/Mar/2016:15:42:54 -0300] "POST /cormun/servlet/solicitudot?gx-no-cache=1457030597467 HTTP/1.1" 200 1157
186.103.159.204 - - [03/Mar/2016:15:42:54 -0300] "GET /cormun/servlet/solicitudot?f930c3ed7b1e443843e42b7c8396729d2e6997e18dc2ed5912b464857a3b8ce8a08cc7e6286a2d550c44a7bbf8461bfafffbdde5a3c1c908852364e3e3d5dd21b4ef7aeb08d297b01bad275767a39bdf196861abd2bd7ae429ffcded4f4f9ce37940a7cb9a158190c7429e766dd962808f4561b4373d86d3d6ce2abe1132095e0072fdfc415ea6a26508b3cc670688cb,gx-no-cache=1457030597572 HTTP/1.1" 200 38
186.103.159.204 - - [03/Mar/2016:15:42:54 -0300] "GET /cormun/servlet/solicitudot?f930c3ed7b1e443843e42b7c8396729dc2123ce853801a4ce4163372b056ae3e691d0907274c9a67bc72386e3c6f0b81941b5d69bbd04a8c5ea8e092c06d1010ff71b3d014d714464a595e1d92944abb417a4106d475a44efa3c50de6007947f14d37b9ac4d0ecee50588720f8331313b34e96f18d4f75ef252d8dec9004c7cd555d15c207b413d07d58d2c004375ed69f5647410a39da724dd4bf1e0e79f6af,gx-no-cache=1457030597648 HTTP/1.1" 200 29
186.103.159.204 - - [03/Mar/2016:15:42:54 -0300] "POST /cormun/servlet/solicitudot?gx-no-cache=1457030597687 HTTP/1.1" 200 1116
186.103.159.204 - - [03/Mar/2016:15:42:59 -0300] "GET /cormun/static/menuarrow.gif HTTP/1.1" 404 1015
186.78.45.190 - - [03/Mar/2016:15:43:06 -0300] "GET /cormun/servlet/solicitudot?INS,0,0, HTTP/1.1" 200 11460
191.112.39.34 - - [03/Mar/2016:15:43:06 -0300] "GET /cormun/servlet/solicitudot?INS,0,0, HTTP/1.1" 200 11384
186.78.45.190 - - [03/Mar/2016:15:43:07 -0300] "GET /cormun/static/Resources/Spanish/PXTools.css?1944839 HTTP/1.1" 304 -
186.78.45.190 - - [03/Mar/2016:15:43:07 -0300] "GET /cormun/static/gxcfg.js?20163219435133 HTTP/1.1" 304 -
186.78.45.190 - - [03/Mar/2016:15:43:07 -0300] "GET /cormun/static/solicitudot.js?20163219435183 HTTP/1.1" 304 -
191.112.39.34 - - [03/Mar/2016:15:43:09 -0300] "GET /cormun/servlet/solicitudot?INS,0,0, HTTP/1.1" 200 11388
186.103.159.204 - - [03/Mar/2016:15:43:12 -0300] "GET /cormun/servlet/solicitudot?f930c3ed7b1e443843e42b7c8396729dec89f4b9f7db947f3ac3d98641aa64209e972daeeaa3016ab898821b589619cd700a353344f5b312ed14ab8092b75a2a5db7a7bd1e28298480bdc4d0804bbbc699b0567760556278392b1f62ca654e0fb75a82032d2c389517c95c738257b173ba3b29c6024f05014d4c46108f28060ff0b85d6d4203e4567a70fee335c716df187792bec1daaa47f2a82df78ae02cfa9669257a4813f8526e137944b80b5f52,gx-no-cache=1457030615226 HTTP/1.1" 200 30
186.103.159.204 - - [03/Mar/2016:15:43:26 -0300] "POST /cormun/servlet/solicitudot?4881528fdb2991efe7e1984e33761af8,INS,0,0,,gx-no-cache=1457030629105 HTTP/1.1" 200 93
186.103.159.204 - - [03/Mar/2016:15:43:26 -0300] "GET /cormun/servlet/hpexe_return? HTTP/1.1" 200 1027
186.103.159.204 - - [03/Mar/2016:15:43:26 -0300] "GET /cormun/servlet/trsolicitudot?gx-no-cache=1457030550885 HTTP/1.1" 200 12908
186.103.159.204 - - [03/Mar/2016:15:43:27 -0300] "GET /cormun/servlet/trsolicitudot?gx-no-cache=1457030550885 HTTP/1.1" 200 12925
186.103.159.204 - - [03/Mar/2016:15:43:33 -0300] "POST /cormun/servlet/trsolicitudot?4881528fdb2991efe7e1984e33761af8,gx-no-cache=1457030550885,gx-no-cache=1457030635877 HTTP/1.1" 200 10643
186.103.159.204 - - [03/Mar/2016:15:43:33 -0300] "POST /cormun/servlet/trsolicitudot?4881528fdb2991efe7e1984e33761af8,gx-no-cache=1457030550885,gx-no-cache=1457030636317 HTTP/1.1" 200 10643
