192.168.10.98 - - [03/Mar/2016:10:43:17 -0300] "POST /cormun/servlet/trsolicitudot?4e4f347e7296876dddfe60efedbcaae4,,gx-no-cache=1457012349557 HTTP/1.1" 200 6855
201.220.244.250 - - [03/Mar/2016:10:43:17 -0300] "GET /cormun/servlet/hlogin HTTP/1.1" 200 1720
201.220.244.250 - - [03/Mar/2016:10:43:18 -0300] "GET /cormun/static/gxtimezone.js?85251 HTTP/1.1" 200 5781
201.220.244.250 - - [03/Mar/2016:10:43:18 -0300] "GET /cormun/static/gxcfg.js?20151120045111 HTTP/1.1" 200 953
201.220.244.250 - - [03/Mar/2016:10:43:18 -0300] "GET /cormun/static/hlogin.js?20151120045126 HTTP/1.1" 200 2136
201.220.244.250 - - [03/Mar/2016:10:43:18 -0300] "GET /cormun/static/Resources/ComunLogin.png HTTP/1.1" 200 17326
201.220.244.250 - - [03/Mar/2016:10:43:18 -0300] "GET /cormun/static/messages.spa.js?85251 HTTP/1.1" 200 30736
201.220.244.250 - - [03/Mar/2016:10:43:18 -0300] "GET /cormun/static/Resources/Spanish/PXTools.css?005343 HTTP/1.1" 200 89042
186.78.57.210 - - [03/Mar/2016:10:43:18 -0300] "GET /cormun/servlet/solicitudot?6e39a9a0d1bc265ceaef7678f52d3ee73b42368082a26ed9f40176c1090a5dddefcc89cf04a7367b20aa0b15d0cf6d5cdd9bb71e5e34df6f44f03dc274bd650ccce8037730835b4e1fdd495fedd66039a22a0e058346304f2d6963602213d89e0cd63fdd396f3960549a642d5f3fcff4c788d90daf63e2a97475704b8c446bcaaa0b8a3cf20a2bd5509fd189ce8c5878186ade1d946fa8b0fee6cb755ae697a5,gx-no-cache=1457012658455 HTTP/1.1" 200 38
201.220.244.250 - - [03/Mar/2016:10:43:19 -0300] "GET /cormun/static/gxgral.js?85251 HTTP/1.1" 200 384558
201.220.244.250 - - [03/Mar/2016:10:43:19 -0300] "GET /cormun/static/Resources/indicator.gif HTTP/1.1" 200 1553
201.220.244.250 - - [03/Mar/2016:10:43:19 -0300] "GET /cormun/static/Resources/PXToolsLoginBackground.png HTTP/1.1" 200 1164
201.220.244.250 - - [03/Mar/2016:10:43:19 -0300] "GET /cormun/servlet/hlogin HTTP/1.1" 200 1731
201.220.244.250 - - [03/Mar/2016:10:43:19 -0300] "GET /cormun/static/Resources/PXToolsButtonLeft21.png HTTP/1.1" 200 1287
201.220.244.250 - - [03/Mar/2016:10:43:19 -0300] "GET /cormun/static/Resources/PXToolsButtonBackground2.png HTTP/1.1" 200 1181
201.220.244.250 - - [03/Mar/2016:10:43:19 -0300] "GET /cormun/static/Resources/PXToolsButtonRight21.png HTTP/1.1" 200 1283
201.220.244.250 - - [03/Mar/2016:10:43:19 -0300] "GET /cormun/static/Resources/PXToolsLoginTop.png HTTP/1.1" 200 1337
201.220.244.250 - - [03/Mar/2016:10:43:19 -0300] "GET /cormun/static/Resources/PXToolsLoginBottom.png HTTP/1.1" 200 1389
201.220.244.250 - - [03/Mar/2016:10:43:20 -0300] "GET /cormun/static/Resources/PXToolsLoginTop.png HTTP/1.1" 200 1337
201.220.244.250 - - [03/Mar/2016:10:43:20 -0300] "GET /cormun/static/Resources/PXToolsButtonLeft21.png HTTP/1.1" 200 1287
201.220.244.250 - - [03/Mar/2016:10:43:20 -0300] "GET /cormun/static/Resources/PXToolsButtonRight21.png HTTP/1.1" 200 1283
201.220.244.250 - - [03/Mar/2016:10:43:20 -0300] "GET /cormun/static/Resources/PXToolsLoginBottom.png HTTP/1.1" 200 1389
201.220.244.250 - - [03/Mar/2016:10:43:20 -0300] "GET /cormun/static/Resources/PXToolsButtonBackground2.png HTTP/1.1" 200 1181
200.112.233.47 - - [03/Mar/2016:10:43:25 -0300] "POST /cormun/servlet/trsolicitudot?4430211f13687cf4dd45b64ee1335ce3,gx-no-cache=1457012633031 HTTP/1.1" 440 972
201.220.244.250 - - [03/Mar/2016:10:43:26 -0300] "POST /cormun/servlet/hlogin?b23f92d25a20241b09c0cbeb0eaa5d50,gx-no-cache=1457012628096 HTTP/1.1" 200 90
201.220.244.250 - - [03/Mar/2016:10:43:27 -0300] "GET /cormun/servlet/hpexe_link HTTP/1.1" 200 952
201.220.244.250 - - [03/Mar/2016:10:43:27 -0300] "GET /cormun/static/gxcfg.js?20151120044395 HTTP/1.1" 200 953
201.220.244.250 - - [03/Mar/2016:10:43:27 -0300] "GET /cormun/static/hpexe_link.js?20151120044398 HTTP/1.1" 200 625
201.220.244.250 - - [03/Mar/2016:10:43:27 -0300] "GET /cormun/servlet/hhome HTTP/1.1" 200 3924
201.220.244.250 - - [03/Mar/2016:10:43:27 -0300] "GET /cormun/static/SmoothNavMenu/resources/ddsmoothmenu.css?1112540 HTTP/1.1" 200 2223
201.220.244.250 - - [03/Mar/2016:10:43:27 -0300] "GET /cormun/static/SmoothNavMenu/resources/ddsmoothmenu-v.css?1112540 HTTP/1.1" 200 1188
201.220.244.250 - - [03/Mar/2016:10:43:27 -0300] "GET /cormun/static/scaMessage/css/jquery.pnotify.default.css?1816380 HTTP/1.1" 200 1707
201.220.244.250 - - [03/Mar/2016:10:43:27 -0300] "GET /cormun/static/gxcfg.js?2015112210564248 HTTP/1.1" 200 953
201.220.244.250 - - [03/Mar/2016:10:43:27 -0300] "GET /cormun/static/Shared/jqueryui/jquery-ui.min.css?1345370 HTTP/1.1" 200 30288
201.220.244.250 - - [03/Mar/2016:10:43:27 -0300] "GET /cormun/static/PXToolsJavascripts/pexe_autoreload.js HTTP/1.1" 200 1762
201.220.244.250 - - [03/Mar/2016:10:43:27 -0300] "GET /cormun/static/PXToolsJavascripts/pexe_cookies.js HTTP/1.1" 200 792
201.220.244.250 - - [03/Mar/2016:10:43:27 -0300] "GET /cormun/static/PXToolsJavascripts/pexe_windows.js HTTP/1.1" 200 15207
201.220.244.250 - - [03/Mar/2016:10:43:27 -0300] "GET /cormun/static/Resources/Spanish/PXTools.css?10515224 HTTP/1.1" 200 89042
186.103.159.189 - - [03/Mar/2016:10:43:27 -0300] "GET /cormun/servlet/solicitudot?INS,0,0, HTTP/1.1" 200 11429
201.220.244.250 - - [03/Mar/2016:10:43:27 -0300] "GET /cormun/static/PXToolsJavascripts/pexe_grid.js HTTP/1.1" 200 7559
201.220.244.250 - - [03/Mar/2016:10:43:27 -0300] "GET /cormun/static/PXToolsJavascripts/pexe_griddivfix.js HTTP/1.1" 200 6644
201.220.244.250 - - [03/Mar/2016:10:43:27 -0300] "GET /cormun/static/PXToolsJavascripts/pexe_link.js HTTP/1.1" 200 5671
201.220.244.250 - - [03/Mar/2016:10:43:27 -0300] "GET /cormun/static/PXToolsJavascripts/pexe_menudivfix.js HTTP/1.1" 200 333
201.220.244.250 - - [03/Mar/2016:10:43:27 -0300] "GET /cormun/static/PXToolsJavascripts/pexe_menus.js HTTP/1.1" 200 1286
201.220.244.250 - - [03/Mar/2016:10:43:27 -0300] "GET /cormun/static/PXToolsJavascripts/pexe_layers.js HTTP/1.1" 200 4114
201.220.244.250 - - [03/Mar/2016:10:43:27 -0300] "GET /cormun/static/PXToolsJavascripts/pexe_oav.js HTTP/1.1" 200 645
201.220.244.250 - - [03/Mar/2016:10:43:27 -0300] "GET /cormun/static/PXToolsJavascripts/pexe_oavdivfix.js HTTP/1.1" 200 639
201.220.244.250 - - [03/Mar/2016:10:43:27 -0300] "GET /cormun/static/PXToolsJavascripts/pexe_picture.js HTTP/1.1" 200 689
201.220.244.250 - - [03/Mar/2016:10:43:27 -0300] "GET /cormun/static/PXToolsJavascripts/pexe_popup.js HTTP/1.1" 200 13458
186.103.159.189 - - [03/Mar/2016:10:43:27 -0300] "GET /cormun/static/Resources/Spanish/PXTools.css?1944839 HTTP/1.1" 304 -
192.168.10.98 - - [03/Mar/2016:10:43:27 -0300] "POST /cormun/servlet/trsolicitudot?4e4f347e7296876dddfe60efedbcaae4,,gx-no-cache=1457012360267 HTTP/1.1" 200 105
186.103.159.189 - - [03/Mar/2016:10:43:27 -0300] "GET /cormun/static/gxcfg.js?20163219435133 HTTP/1.1" 304 -
186.103.159.189 - - [03/Mar/2016:10:43:27 -0300] "GET /cormun/static/solicitudot.js?20163219435183 HTTP/1.1" 304 -
201.220.244.250 - - [03/Mar/2016:10:43:27 -0300] "GET /cormun/static/PXToolsJavascripts/pexe_scrolldiv.js HTTP/1.1" 200 4138
201.220.244.250 - - [03/Mar/2016:10:43:27 -0300] "GET /cormun/static/PXToolsJavascripts/pexe_tabdivfix.js HTTP/1.1" 200 876
201.220.244.250 - - [03/Mar/2016:10:43:27 -0300] "GET /cormun/static/PXToolsJavascripts/pexe_tabs.js HTTP/1.1" 200 3748
201.220.244.250 - - [03/Mar/2016:10:43:27 -0300] "GET /cormun/static/PXToolsJavascripts/pexe_upload.js HTTP/1.1" 200 1423
201.220.244.250 - - [03/Mar/2016:10:43:27 -0300] "GET /cormun/static/PXToolsJavascripts/PXToolsJavascriptsRender.js HTTP/1.1" 200 367
192.168.10.98 - - [03/Mar/2016:10:43:27 -0300] "GET /cormun/servlet/solicitudot?UPD,2016,396, HTTP/1.1" 200 12646
201.220.244.250 - - [03/Mar/2016:10:43:28 -0300] "GET /cormun/static/hwchdr01.js?20162241650484 HTTP/1.1" 200 1183
201.220.244.250 - - [03/Mar/2016:10:43:28 -0300] "GET /cormun/static/hhome.js?2015112210564255 HTTP/1.1" 200 777
201.220.244.250 - - [03/Mar/2016:10:43:28 -0300] "GET /cormun/static/Shared/ext/locale/ext-lang-en.js HTTP/1.1" 200 10940
201.220.244.250 - - [03/Mar/2016:10:43:28 -0300] "GET /cormun/static/hpexe_scripts.js?20151120014546 HTTP/1.1" 200 1544
201.220.244.250 - - [03/Mar/2016:10:43:28 -0300] "GET /cormun/static/hpexe_recentlink.js?2015111312121342 HTTP/1.1" 200 2144
201.220.244.250 - - [03/Mar/2016:10:43:28 -0300] "GET /cormun/static/RunJS/RunJS.js HTTP/1.1" 200 288
201.220.244.250 - - [03/Mar/2016:10:43:28 -0300] "GET /cormun/static/gxui/gxui-all.js HTTP/1.1" 200 107772
201.220.244.250 - - [03/Mar/2016:10:43:28 -0300] "GET /cormun/static/Resources/PXToolsFooterBackground2.png HTTP/1.1" 200 1172
201.220.244.250 - - [03/Mar/2016:10:43:28 -0300] "GET /cormun/static/Resources/PXToolsDataTitle.png HTTP/1.1" 200 1173
201.220.244.250 - - [03/Mar/2016:10:43:28 -0300] "GET /cormun/static/Resources/PXToolsHeaderActionsBackground.png HTTP/1.1" 200 484
201.220.244.250 - - [03/Mar/2016:10:43:28 -0300] "GET /cormun/static/Resources/PXToolsHeaderBackground2.png HTTP/1.1" 200 1174
201.220.244.250 - - [03/Mar/2016:10:43:28 -0300] "GET /cormun/static/hpexe_messagecontroller.js?2015112210524422 HTTP/1.1" 200 870
201.220.244.250 - - [03/Mar/2016:10:43:28 -0300] "GET /cormun/static/hpexe_messagepopupcomponent.js?20163219454551 HTTP/1.1" 200 605
201.220.244.250 - - [03/Mar/2016:10:43:28 -0300] "GET /cormun/static/hpexe_messagegenexuscomponent.js?20151120014314 HTTP/1.1" 200 587
201.220.244.250 - - [03/Mar/2016:10:43:28 -0300] "GET /cormun/static/cmcontrolpreferences.js?20151120014525 HTTP/1.1" 200 1375
201.220.244.250 - - [03/Mar/2016:10:43:28 -0300] "GET /cormun/static/Shared/jquery/jquery-1.4.2.min.js HTTP/1.1" 200 72174
201.220.244.250 - - [03/Mar/2016:10:43:28 -0300] "GET /cormun/static/SmoothNavMenu/resources/ddsmoothmenu.js HTTP/1.1" 200 12712
201.220.244.250 - - [03/Mar/2016:10:43:28 -0300] "GET /cormun/static/SmoothNavMenu/resources/SmoothNavMenuRender.js HTTP/1.1" 200 5951
192.168.10.98 - - [03/Mar/2016:10:43:28 -0300] "GET /cormun/servlet/solicitudot?UPD,2016,396, HTTP/1.1" 200 12655
201.220.244.250 - - [03/Mar/2016:10:43:29 -0300] "GET /cormun/static/scaMessage/scaMessageRender.js HTTP/1.1" 200 11977
201.220.244.250 - - [03/Mar/2016:10:43:29 -0300] "GET /cormun/static/scaMessage/js/jquery.pnotify.min.js HTTP/1.1" 200 13038
201.220.244.250 - - [03/Mar/2016:10:43:29 -0300] "GET /cormun/static/hmpwkw03.js?2016311993330 HTTP/1.1" 200 3898
192.168.10.98 - - [03/Mar/2016:10:43:29 -0300] "POST /cormun/servlet/solicitudot?gx-no-cache=1457012361785 HTTP/1.1" 200 2765
192.168.10.98 - - [03/Mar/2016:10:43:29 -0300] "POST /cormun/servlet/solicitudot?4e4f347e7296876dddfe60efedbcaae4,UPD,2016,396,,gx-no-cache=1457012361930 HTTP/1.1" 200 9087
192.168.10.98 - - [03/Mar/2016:10:43:29 -0300] "GET /cormun/servlet/solicitudot?b64882242ea5433cbd53000cfeead40ba5804f906f7175d0b947cc0b097baef56de477de8c088a1186007e64ea5df877,gx-no-cache=1457012362129 HTTP/1.1" 200 30
192.168.10.98 - - [03/Mar/2016:10:43:29 -0300] "POST /cormun/servlet/solicitudot?gx-no-cache=1457012362167 HTTP/1.1" 200 30
192.168.10.98 - - [03/Mar/2016:10:43:29 -0300] "POST /cormun/servlet/solicitudot?gx-no-cache=1457012362181 HTTP/1.1" 200 30
192.168.10.98 - - [03/Mar/2016:10:43:29 -0300] "POST /cormun/servlet/solicitudot?gx-no-cache=1457012362244 HTTP/1.1" 200 1156
201.220.244.250 - - [03/Mar/2016:10:43:29 -0300] "GET /cormun/static/Resources/logo4.png HTTP/1.1" 200 6582
201.220.244.250 - - [03/Mar/2016:10:43:29 -0300] "GET /cormun/static/Resources/PXToolsHeaderHome.png HTTP/1.1" 200 4147
201.220.244.250 - - [03/Mar/2016:10:43:29 -0300] "GET /cormun/static/Resources/PXToolsHeaderActionsLeft.png HTTP/1.1" 200 1118
192.168.10.98 - - [03/Mar/2016:10:43:29 -0300] "GET /cormun/servlet/solicitudot?b64882242ea5433cbd53000cfeead40b3ed42848c31e05dfd384dcde64ce0ff2c50b4b60bfd5751fc6c438b680bbae235f0eb9a8fdac9473d9d04d891355088dd65a25236c4f8113022852c0b3c6b2b394c9736f461075046587183721c4f6960329fd488e2a9c58f3e63dfc85914c0b7c9bda76fbe4f76a0b7b46331c9516ffd89fa3986bcc73440ffc0b02c2aa8dde108db941e19a350ba040fc4a1a6420ce,gx-no-cache=1457012362342 HTTP/1.1" 200 41
201.220.244.250 - - [03/Mar/2016:10:43:30 -0300] "GET /cormun/static/Resources/PXToolsHeaderLogin.png HTTP/1.1" 200 4279
186.103.159.189 - - [03/Mar/2016:10:43:30 -0300] "GET /cormun/servlet/solicitudot?INS,0,0, HTTP/1.1" 200 11434
201.220.244.250 - - [03/Mar/2016:10:43:30 -0300] "GET /cormun/static/Resources/PXToolsHeaderPreferences.png HTTP/1.1" 200 4189
201.220.244.250 - - [03/Mar/2016:10:43:30 -0300] "GET /cormun/static/Resources/PXToolsHeaderSecurity.png HTTP/1.1" 200 4166
201.220.244.250 - - [03/Mar/2016:10:43:30 -0300] "GET /cormun/static/Resources/PXToolsHeaderActionsRight.png HTTP/1.1" 200 1201
201.220.244.250 - - [03/Mar/2016:10:43:30 -0300] "GET /cormun/static/Shared/jqueryui/jquery-ui.min.js HTTP/1.1" 200 240427
201.220.244.250 - - [03/Mar/2016:10:43:30 -0300] "GET /cormun/static/Shared/jquery/jquery-1.10.2.min.js HTTP/1.1" 200 273199
201.220.244.250 - - [03/Mar/2016:10:43:32 -0300] "GET /cormun/static/Shared/ext/ext-all.js HTTP/1.1" 200 1289687
201.220.244.250 - - [03/Mar/2016:10:43:33 -0300] "GET /cormun/static/SmoothNavMenu/resources/images/right.gif HTTP/1.1" 200 860
201.220.244.250 - - [03/Mar/2016:10:43:33 -0300] "GET /cormun/static/SmoothNavMenu/resources/images/down.gif HTTP/1.1" 200 854
200.112.233.47 - - [03/Mar/2016:10:43:35 -0300] "GET /cormun/servlet/trsolicitudot HTTP/1.1" 200 5799
186.78.57.210 - - [03/Mar/2016:10:43:36 -0300] "POST /cormun/servlet/solicitudot?gx-no-cache=1457012676136 HTTP/1.1" 200 122
200.112.233.47 - - [03/Mar/2016:10:43:37 -0300] "GET /cormun/static/Shared/ext/resources/css/ext-all.css?215870 HTTP/1.1" 304 -
200.112.233.47 - - [03/Mar/2016:10:43:38 -0300] "GET /cormun/static/gxui/gxui-all.css?120300 HTTP/1.1" 304 -
200.112.233.47 - - [03/Mar/2016:10:43:38 -0300] "GET /cormun/static/calendar-system.css?85620 HTTP/1.1" 304 -
201.220.244.250 - - [03/Mar/2016:10:43:38 -0300] "GET /cormun/servlet/trsolicitudgral? HTTP/1.1" 200 8506
201.220.244.250 - - [03/Mar/2016:10:43:38 -0300] "GET /cormun/static/gxui/gxui-all.css?120300 HTTP/1.1" 200 2179
201.220.244.250 - - [03/Mar/2016:10:43:38 -0300] "GET /cormun/static/calendar-system.css?85620 HTTP/1.1" 200 5572
201.220.244.250 - - [03/Mar/2016:10:43:38 -0300] "GET /cormun/static/Resources/Spanish/PXTools.css?171692 HTTP/1.1" 200 89042
200.112.233.47 - - [03/Mar/2016:10:43:38 -0300] "GET /cormun/static/Resources/Spanish/PXTools.css?18502099 HTTP/1.1" 304 -
201.220.244.250 - - [03/Mar/2016:10:43:38 -0300] "GET /cormun/static/gxcfg.js?2016311844946 HTTP/1.1" 200 953
201.220.244.250 - - [03/Mar/2016:10:43:38 -0300] "GET /cormun/static/calendar.js?85251 HTTP/1.1" 200 26246
200.112.233.47 - - [03/Mar/2016:10:43:38 -0300] "GET /cormun/static/Shared/jqueryui/jquery-ui.min.css?1345370 HTTP/1.1" 304 -
200.112.233.47 - - [03/Mar/2016:10:43:38 -0300] "GET /cormun/static/SmoothNavMenu/resources/ddsmoothmenu.css?1112540 HTTP/1.1" 304 -
200.112.233.47 - - [03/Mar/2016:10:43:38 -0300] "GET /cormun/static/SmoothNavMenu/resources/ddsmoothmenu-v.css?1112540 HTTP/1.1" 304 -
200.112.233.47 - - [03/Mar/2016:10:43:38 -0300] "GET /cormun/static/scaMessage/css/jquery.pnotify.default.css?1816380 HTTP/1.1" 304 -
201.220.244.250 - - [03/Mar/2016:10:43:38 -0300] "GET /cormun/static/calendar-setup.js?85251 HTTP/1.1" 200 2588
201.220.244.250 - - [03/Mar/2016:10:43:38 -0300] "GET /cormun/static/calendar-es.js?85251 HTTP/1.1" 200 1901
201.220.244.250 - - [03/Mar/2016:10:43:38 -0300] "GET /cormun/static/trsolicitudgral.js?20163118441420 HTTP/1.1" 200 41365
201.220.244.250 - - [03/Mar/2016:10:43:38 -0300] "GET /cormun/static/gxdec.js?85251 HTTP/1.1" 200 19579
201.220.244.250 - - [03/Mar/2016:10:43:38 -0300] "GET /cormun/static/Resources/PXTools/calendar.png HTTP/1.1" 200 1306
201.220.244.250 - - [03/Mar/2016:10:43:38 -0300] "GET /cormun/static/Resources/PXToolsGridFirst.gif HTTP/1.1" 200 379
201.220.244.250 - - [03/Mar/2016:10:43:39 -0300] "GET /cormun/static/Resources/PXToolsGridPrevious.gif HTTP/1.1" 200 369
201.220.244.250 - - [03/Mar/2016:10:43:39 -0300] "GET /cormun/static/Resources/PXToolsGridNext.gif HTTP/1.1" 200 369
201.220.244.250 - - [03/Mar/2016:10:43:39 -0300] "GET /cormun/static/Resources/PXToolsGridLast.gif HTTP/1.1" 200 370
201.220.244.250 - - [03/Mar/2016:10:43:39 -0300] "GET /cormun/static/Resources/PXToolsActionExcel.png HTTP/1.1" 200 3187
201.220.244.250 - - [03/Mar/2016:10:43:39 -0300] "GET /cormun/static/Resources/PXToolsDataSearch.png HTTP/1.1" 200 419
201.220.244.250 - - [03/Mar/2016:10:43:39 -0300] "GET /cormun/static/Shared/ext/resources/css/ext-all.css?215870 HTTP/1.1" 200 416045
192.168.10.98 - - [03/Mar/2016:10:43:39 -0300] "POST /cormun/servlet/solicitudot?4e4f347e7296876dddfe60efedbcaae4,UPD,2016,396,,gx-no-cache=1457012371814 HTTP/1.1" 200 93
192.168.10.98 - - [03/Mar/2016:10:43:39 -0300] "GET /cormun/servlet/hpexe_return? HTTP/1.1" 200 1016
192.168.10.98 - - [03/Mar/2016:10:43:39 -0300] "GET /cormun/servlet/trsolicitudot? HTTP/1.1" 200 9315
200.112.233.47 - - [03/Mar/2016:10:43:40 -0300] "GET /cormun/static/gxcfg.js?201631185636 HTTP/1.1" 304 -
201.220.244.250 - - [03/Mar/2016:10:43:40 -0300] "GET /cormun/static/Resources/asc.gif HTTP/1.1" 200 67
201.220.244.250 - - [03/Mar/2016:10:43:40 -0300] "GET /cormun/static/Resources/desc.gif HTTP/1.1" 200 65
200.112.233.47 - - [03/Mar/2016:10:43:40 -0300] "GET /cormun/static/calendar.js?85251 HTTP/1.1" 304 -
200.112.233.47 - - [03/Mar/2016:10:43:40 -0300] "GET /cormun/static/calendar-setup.js?85251 HTTP/1.1" 304 -
192.168.10.98 - - [03/Mar/2016:10:43:40 -0300] "GET /cormun/servlet/trsolicitudot? HTTP/1.1" 200 9310
200.112.233.47 - - [03/Mar/2016:10:43:40 -0300] "GET /cormun/static/calendar-es.js?85251 HTTP/1.1" 304 -
201.220.244.250 - - [03/Mar/2016:10:43:40 -0300] "GET /cormun/static/Shared/ext/resources/themes/images/default/panel/bg-headersPanel.png HTTP/1.1" 200 255
201.220.244.250 - - [03/Mar/2016:10:43:40 -0300] "GET /cormun/static/Shared/ext/resources/themes/images/default/tools/tool-sprites.gif HTTP/1.1" 200 5434
200.112.233.47 - - [03/Mar/2016:10:43:41 -0300] "GET /cormun/static/Shared/ext/ext-all.js HTTP/1.1" 304 -
200.112.233.47 - - [03/Mar/2016:10:43:41 -0300] "GET /cormun/static/gxui/gxui-all.js HTTP/1.1" 304 -
200.112.233.47 - - [03/Mar/2016:10:43:41 -0300] "GET /cormun/static/RunJS/RunJS.js HTTP/1.1" 304 -
200.112.233.47 - - [03/Mar/2016:10:43:41 -0300] "GET /cormun/static/PXToolsJavascripts/pexe_autoreload.js HTTP/1.1" 304 -
200.112.233.47 - - [03/Mar/2016:10:43:41 -0300] "GET /cormun/static/PXToolsJavascripts/pexe_cookies.js HTTP/1.1" 304 -
200.112.233.47 - - [03/Mar/2016:10:43:42 -0300] "GET /cormun/static/PXToolsJavascripts/pexe_windows.js HTTP/1.1" 304 -
200.112.233.47 - - [03/Mar/2016:10:43:42 -0300] "GET /cormun/static/PXToolsJavascripts/pexe_grid.js HTTP/1.1" 304 -
200.112.233.47 - - [03/Mar/2016:10:43:42 -0300] "GET /cormun/static/PXToolsJavascripts/pexe_griddivfix.js HTTP/1.1" 304 -
200.112.233.47 - - [03/Mar/2016:10:43:42 -0300] "GET /cormun/static/PXToolsJavascripts/pexe_link.js HTTP/1.1" 304 -
200.112.233.47 - - [03/Mar/2016:10:43:42 -0300] "GET /cormun/static/PXToolsJavascripts/pexe_menudivfix.js HTTP/1.1" 304 -
200.112.233.47 - - [03/Mar/2016:10:43:42 -0300] "GET /cormun/static/PXToolsJavascripts/pexe_menus.js HTTP/1.1" 304 -
200.112.233.47 - - [03/Mar/2016:10:43:42 -0300] "GET /cormun/static/PXToolsJavascripts/pexe_layers.js HTTP/1.1" 304 -
200.112.233.47 - - [03/Mar/2016:10:43:42 -0300] "GET /cormun/static/PXToolsJavascripts/pexe_oav.js HTTP/1.1" 304 -
200.112.233.47 - - [03/Mar/2016:10:43:42 -0300] "GET /cormun/static/PXToolsJavascripts/pexe_oavdivfix.js HTTP/1.1" 304 -
200.112.233.47 - - [03/Mar/2016:10:43:42 -0300] "GET /cormun/static/PXToolsJavascripts/pexe_picture.js HTTP/1.1" 304 -
200.112.233.47 - - [03/Mar/2016:10:43:42 -0300] "GET /cormun/static/PXToolsJavascripts/pexe_popup.js HTTP/1.1" 304 -
200.112.233.47 - - [03/Mar/2016:10:43:42 -0300] "GET /cormun/static/PXToolsJavascripts/pexe_scrolldiv.js HTTP/1.1" 304 -
200.112.233.47 - - [03/Mar/2016:10:43:42 -0300] "GET /cormun/static/PXToolsJavascripts/pexe_tabdivfix.js HTTP/1.1" 304 -
200.112.233.47 - - [03/Mar/2016:10:43:42 -0300] "GET /cormun/static/PXToolsJavascripts/pexe_tabs.js HTTP/1.1" 304 -
200.112.233.47 - - [03/Mar/2016:10:43:43 -0300] "GET /cormun/static/PXToolsJavascripts/pexe_upload.js HTTP/1.1" 304 -
200.112.233.47 - - [03/Mar/2016:10:43:43 -0300] "GET /cormun/static/PXToolsJavascripts/PXToolsJavascriptsRender.js HTTP/1.1" 304 -
200.112.233.47 - - [03/Mar/2016:10:43:44 -0300] "GET /cormun/static/Resources/logo4.png HTTP/1.1" 304 -
200.112.233.47 - - [03/Mar/2016:10:43:44 -0300] "GET /cormun/static/Resources/PXToolsHeaderActionsLeft.png HTTP/1.1" 304 -
200.112.233.47 - - [03/Mar/2016:10:43:44 -0300] "GET /cormun/static/Resources/PXToolsHeaderHome.png HTTP/1.1" 304 -
200.112.233.47 - - [03/Mar/2016:10:43:44 -0300] "GET /cormun/static/Resources/PXToolsFooterBackground2.png HTTP/1.1" 304 -
200.112.233.47 - - [03/Mar/2016:10:43:44 -0300] "GET /cormun/static/Resources/PXToolsHeaderBackground2.png HTTP/1.1" 304 -
200.112.233.47 - - [03/Mar/2016:10:43:44 -0300] "GET /cormun/static/Resources/PXToolsHeaderPreferences.png HTTP/1.1" 304 -
200.112.233.47 - - [03/Mar/2016:10:43:44 -0300] "GET /cormun/static/Resources/PXToolsHeaderLogin.png HTTP/1.1" 304 -
200.112.233.47 - - [03/Mar/2016:10:43:44 -0300] "GET /cormun/static/Resources/PXToolsHeaderActionsBackground.png HTTP/1.1" 304 -
200.112.233.47 - - [03/Mar/2016:10:43:44 -0300] "GET /cormun/static/Resources/PXToolsHeaderSecurity.png HTTP/1.1" 304 -
200.112.233.47 - - [03/Mar/2016:10:43:44 -0300] "GET /cormun/static/Resources/PXToolsHeaderActionsRight.png HTTP/1.1" 304 -
200.112.233.47 - - [03/Mar/2016:10:43:44 -0300] "GET /cormun/static/Resources/PXTools/calendar.png HTTP/1.1" 304 -
200.112.233.47 - - [03/Mar/2016:10:43:45 -0300] "GET /cormun/static/Resources/PXToolsDataTitle.png HTTP/1.1" 304 -
200.112.233.47 - - [03/Mar/2016:10:43:45 -0300] "GET /cormun/static/Resources/PXToolsDataSearch.png HTTP/1.1" 304 -
200.112.233.47 - - [03/Mar/2016:10:43:45 -0300] "GET /cormun/static/Resources/PXToolsGridFirst.gif HTTP/1.1" 304 -
200.112.233.47 - - [03/Mar/2016:10:43:45 -0300] "GET /cormun/static/Resources/PXToolsGridPrevious.gif HTTP/1.1" 304 -
200.112.233.47 - - [03/Mar/2016:10:43:45 -0300] "GET /cormun/static/Resources/PXToolsGridNext.gif HTTP/1.1" 304 -
200.112.233.47 - - [03/Mar/2016:10:43:45 -0300] "GET /cormun/static/Resources/PXToolsGridLast.gif HTTP/1.1" 304 -
200.112.233.47 - - [03/Mar/2016:10:43:45 -0300] "GET /cormun/static/Resources/PXToolsGridNew.png HTTP/1.1" 304 -
200.112.233.47 - - [03/Mar/2016:10:43:45 -0300] "GET /cormun/static/Resources/PXToolsActionExcel.png HTTP/1.1" 304 -
200.112.233.47 - - [03/Mar/2016:10:43:45 -0300] "GET /cormun/static/Shared/ext/locale/ext-lang-en.js HTTP/1.1" 304 -
200.112.233.47 - - [03/Mar/2016:10:43:45 -0300] "GET /cormun/static/gxdec.js?85251 HTTP/1.1" 304 -
200.112.233.47 - - [03/Mar/2016:10:43:46 -0300] "GET /cormun/static/trsolicitudot.js?2016311856838 HTTP/1.1" 304 -
200.112.233.47 - - [03/Mar/2016:10:43:46 -0300] "GET /cormun/static/hwchdr01.js?20162241650484 HTTP/1.1" 304 -
200.112.233.47 - - [03/Mar/2016:10:43:46 -0300] "GET /cormun/static/hpexe_recentlink.js?2015111312121342 HTTP/1.1" 304 -
200.112.233.47 - - [03/Mar/2016:10:43:46 -0300] "GET /cormun/static/hpexe_scripts.js?20151120014546 HTTP/1.1" 304 -
200.112.233.47 - - [03/Mar/2016:10:43:46 -0300] "GET /cormun/static/hpexe_messagecontroller.js?2015112210524422 HTTP/1.1" 304 -
200.112.233.47 - - [03/Mar/2016:10:43:46 -0300] "GET /cormun/static/hpexe_messagepopupcomponent.js?20163219454551 HTTP/1.1" 304 -
200.112.233.47 - - [03/Mar/2016:10:43:46 -0300] "GET /cormun/static/hpexe_messagegenexuscomponent.js?20151120014314 HTTP/1.1" 304 -
200.112.233.47 - - [03/Mar/2016:10:43:46 -0300] "GET /cormun/static/cmcontrolpreferences.js?20151120014525 HTTP/1.1" 304 -
200.112.233.47 - - [03/Mar/2016:10:43:46 -0300] "GET /cormun/static/Shared/jquery/jquery-1.4.2.min.js HTTP/1.1" 304 -
200.112.233.47 - - [03/Mar/2016:10:43:47 -0300] "GET /cormun/static/Shared/jquery/jquery-1.10.2.min.js HTTP/1.1" 304 -
200.112.233.47 - - [03/Mar/2016:10:43:47 -0300] "GET /cormun/static/Shared/jqueryui/jquery-ui.min.js HTTP/1.1" 304 -
200.112.233.47 - - [03/Mar/2016:10:43:47 -0300] "GET /cormun/static/SmoothNavMenu/resources/ddsmoothmenu.js HTTP/1.1" 304 -
200.112.233.47 - - [03/Mar/2016:10:43:47 -0300] "GET /cormun/static/SmoothNavMenu/resources/SmoothNavMenuRender.js HTTP/1.1" 304 -
200.112.233.47 - - [03/Mar/2016:10:43:47 -0300] "GET /cormun/static/scaMessage/js/jquery.pnotify.min.js HTTP/1.1" 304 -
200.112.233.47 - - [03/Mar/2016:10:43:47 -0300] "GET /cormun/static/scaMessage/scaMessageRender.js HTTP/1.1" 304 -
200.112.233.47 - - [03/Mar/2016:10:43:47 -0300] "GET /cormun/static/hmpwkw03.js?2016311993330 HTTP/1.1" 304 -
200.112.233.47 - - [03/Mar/2016:10:43:48 -0300] "GET /cormun/static/Resources/asc.gif HTTP/1.1" 304 -
200.112.233.47 - - [03/Mar/2016:10:43:48 -0300] "GET /cormun/static/Resources/desc.gif HTTP/1.1" 304 -
200.112.233.47 - - [03/Mar/2016:10:43:48 -0300] "GET /cormun/servlet/hlogin HTTP/1.1" 200 1725
186.103.159.189 - - [03/Mar/2016:10:43:49 -0300] "POST /cormun/servlet/solicitudot?gx-no-cache=1457012657343 HTTP/1.1" 200 2668
186.103.159.189 - - [03/Mar/2016:10:43:50 -0300] "POST /cormun/servlet/solicitudot?cc9a2a94163d3422237000fdd44494cf,INS,0,0,,gx-no-cache=1457012658221 HTTP/1.1" 200 8268
186.103.159.189 - - [03/Mar/2016:10:43:53 -0300] "GET /cormun/servlet/solicitudot?17299030be4b0dc66e173b22781d6732cb50d2b4488ae8c9260ab5e82ae2948bccb551593c87cae0d66b093448dcf334,gx-no-cache=1457012661197 HTTP/1.1" 200 111
186.103.159.189 - - [03/Mar/2016:10:43:53 -0300] "GET /cormun/static/Shared/jqueryui/images/ui-bg_highlight-soft_100_c6c2c8_1x100.png HTTP/1.1" 404 1117
186.103.159.189 - - [03/Mar/2016:10:43:53 -0300] "GET /cormun/static/Shared/jqueryui/images/ui-icons_82798d_256x240.png HTTP/1.1" 404 1089
186.103.159.189 - - [03/Mar/2016:10:43:53 -0300] "GET /cormun/static/Shared/jqueryui/images/ui-bg_flat_55_994d53_40x100.png HTTP/1.1" 404 1097
186.103.159.189 - - [03/Mar/2016:10:43:53 -0300] "GET /cormun/static/Shared/jqueryui/images/ui-icons_ebccce_256x240.png HTTP/1.1" 404 1089
200.112.233.47 - - [03/Mar/2016:10:43:55 -0300] "POST /cormun/servlet/hlogin?53f376d99183f74e95a185e04ff5c7b4,gx-no-cache=1457012663718 HTTP/1.1" 200 90
200.112.233.47 - - [03/Mar/2016:10:43:55 -0300] "GET /cormun/servlet/hpexe_link HTTP/1.1" 200 946
200.112.233.47 - - [03/Mar/2016:10:43:56 -0300] "GET /cormun/static/gxcfg.js?20151120044395 HTTP/1.1" 304 -
200.112.233.47 - - [03/Mar/2016:10:43:56 -0300] "GET /cormun/static/hpexe_link.js?20151120044398 HTTP/1.1" 304 -
200.112.233.47 - - [03/Mar/2016:10:43:56 -0300] "GET /cormun/servlet/trsolicitudot HTTP/1.1" 200 7309
186.78.57.210 - - [03/Mar/2016:10:43:58 -0300] "POST /cormun/servlet/solicitudot?gx-no-cache=1457012697670 HTTP/1.1" 200 122
200.112.233.47 - - [03/Mar/2016:10:43:58 -0300] "GET /cormun/static/SmoothNavMenu/resources/images/down.gif HTTP/1.1" 304 -
192.168.10.98 - - [03/Mar/2016:10:43:58 -0300] "POST /cormun/servlet/trsolicitudot?4e4f347e7296876dddfe60efedbcaae4,,gx-no-cache=1457012390671 HTTP/1.1" 200 6878
200.112.233.47 - - [03/Mar/2016:10:43:58 -0300] "GET /cormun//static/Resources/PXToolsGridUpdate.png HTTP/1.1" 304 -
200.112.233.47 - - [03/Mar/2016:10:43:58 -0300] "GET /cormun//static/Resources/PXToolsGridDelete.png HTTP/1.1" 304 -
200.112.233.47 - - [03/Mar/2016:10:43:58 -0300] "GET /cormun//static/Resources/PXToolsRemoveAllAction.png HTTP/1.1" 304 -
200.112.233.47 - - [03/Mar/2016:10:43:58 -0300] "GET /cormun//static/Resources/PXToolsActionView.png HTTP/1.1" 304 -
200.112.233.47 - - [03/Mar/2016:10:43:58 -0300] "GET /cormun//static/Resources/PXTools/ActionInsert.png HTTP/1.1" 304 -
192.168.10.98 - - [03/Mar/2016:10:43:58 -0300] "POST /cormun/servlet/trsolicitudot?4e4f347e7296876dddfe60efedbcaae4,,gx-no-cache=1457012390983 HTTP/1.1" 200 6879
192.168.10.98 - - [03/Mar/2016:10:43:58 -0300] "POST /cormun/servlet/trsolicitudot?4e4f347e7296876dddfe60efedbcaae4,,gx-no-cache=1457012391281 HTTP/1.1" 200 6878
200.112.233.47 - - [03/Mar/2016:10:43:58 -0300] "GET /cormun/static/Shared/ext/resources/themes/images/default/panel/bg-headersPanel.png HTTP/1.1" 304 -
200.112.233.47 - - [03/Mar/2016:10:43:59 -0300] "GET /cormun/static/Shared/ext/resources/themes/images/default/tools/tool-sprites.gif HTTP/1.1" 304 -
200.112.233.47 - - [03/Mar/2016:10:43:59 -0300] "GET /cormun/static/Shared/ext/resources/themes/images/default/tip/tip-corners.gif HTTP/1.1" 304 -
200.112.233.47 - - [03/Mar/2016:10:43:59 -0300] "GET /cormun/static/Shared/ext/resources/themes/images/default/tip/tip-sides.gif HTTP/1.1" 304 -
192.168.10.98 - - [03/Mar/2016:10:43:59 -0300] "POST /cormun/servlet/trsolicitudot?4e4f347e7296876dddfe60efedbcaae4,,gx-no-cache=1457012391598 HTTP/1.1" 200 6879
192.168.10.98 - - [03/Mar/2016:10:43:59 -0300] "POST /cormun/servlet/trsolicitudot?4e4f347e7296876dddfe60efedbcaae4,,gx-no-cache=1457012391940 HTTP/1.1" 200 6879
192.168.10.98 - - [03/Mar/2016:10:43:59 -0300] "POST /cormun/servlet/trsolicitudot?4e4f347e7296876dddfe60efedbcaae4,,gx-no-cache=1457012392279 HTTP/1.1" 200 6879
192.168.10.98 - - [03/Mar/2016:10:44:00 -0300] "POST /cormun/servlet/trsolicitudot?4e4f347e7296876dddfe60efedbcaae4,,gx-no-cache=1457012392694 HTTP/1.1" 200 6879
192.168.10.98 - - [03/Mar/2016:10:44:00 -0300] "POST /cormun/servlet/trsolicitudot?4e4f347e7296876dddfe60efedbcaae4,,gx-no-cache=1457012393087 HTTP/1.1" 200 6565
192.168.10.98 - - [03/Mar/2016:10:44:01 -0300] "GET /cormun/static/Shared/jqueryui/images/ui-bg_highlight-soft_100_c6c2c8_1x100.png HTTP/1.1" 404 1117
192.168.10.98 - - [03/Mar/2016:10:44:01 -0300] "GET /cormun/static/Shared/jqueryui/images/ui-icons_82798d_256x240.png HTTP/1.1" 404 1089
192.168.10.98 - - [03/Mar/2016:10:44:01 -0300] "GET /cormun/static/Shared/jqueryui/images/ui-bg_flat_55_fafafa_40x100.png HTTP/1.1" 404 1097
192.168.10.98 - - [03/Mar/2016:10:44:01 -0300] "GET /cormun/static/Shared/jqueryui/images/ui-icons_8d78a5_256x240.png HTTP/1.1" 404 1089
192.168.10.98 - - [03/Mar/2016:10:44:01 -0300] "POST /cormun/servlet/trsolicitudot?4e4f347e7296876dddfe60efedbcaae4,,gx-no-cache=1457012393479 HTTP/1.1" 200 6505
200.112.233.47 - - [03/Mar/2016:10:44:01 -0300] "POST /cormun/servlet/trsolicitudot?53f376d99183f74e95a185e04ff5c7b4,gx-no-cache=1457012669453 HTTP/1.1" 200 106
200.112.233.47 - - [03/Mar/2016:10:44:01 -0300] "GET /cormun/servlet/trsolicitudadjuntos?2016,483, HTTP/1.1" 200 5342
200.112.233.47 - - [03/Mar/2016:10:44:01 -0300] "GET /cormun/static/Resources/Spanish/PXTools.css?171692 HTTP/1.1" 200 89042
200.112.233.47 - - [03/Mar/2016:10:44:02 -0300] "GET /cormun/static/gxcfg.js?2016311731090 HTTP/1.1" 200 953
200.112.233.47 - - [03/Mar/2016:10:44:02 -0300] "GET /cormun/static/trsolicitudadjuntos.js?2016311731342 HTTP/1.1" 200 17275
186.78.57.210 - - [03/Mar/2016:10:44:04 -0300] "POST /cormun/servlet/solicitudot?gx-no-cache=1457012703616 HTTP/1.1" 200 1157
186.78.57.210 - - [03/Mar/2016:10:44:04 -0300] "GET /cormun/servlet/solicitudot?6e39a9a0d1bc265ceaef7678f52d3ee73b42368082a26ed9f40176c1090a5dddefcc89cf04a7367b20aa0b15d0cf6d5cdd9bb71e5e34df6f44f03dc274bd650ccce8037730835b4e1fdd495fedd66039a22a0e058346304f2d6963602213d89e0cd63fdd396f3960549a642d5f3fcff4c788d90daf63e2a97475704b8c446bcaaa0b8a3cf20a2bd5509fd189ce8c5878186ade1d946fa8b0fee6cb755ae697a5,gx-no-cache=1457012703912 HTTP/1.1" 200 38
186.103.159.189 - - [03/Mar/2016:10:44:04 -0300] "POST /cormun/servlet/solicitudot?cc9a2a94163d3422237000fdd44494cf,INS,0,0,,gx-no-cache=1457012672456 HTTP/1.1" 200 93
201.220.244.250 - - [03/Mar/2016:10:44:04 -0300] "GET /cormun/servlet/hlogin HTTP/1.1" 200 1737
186.103.159.189 - - [03/Mar/2016:10:44:04 -0300] "GET /cormun/servlet/hpexe_return? HTTP/1.1" 200 1011
186.103.159.189 - - [03/Mar/2016:10:44:04 -0300] "GET /cormun/static/gxcfg.js?2015111312145050 HTTP/1.1" 200 953
186.103.159.189 - - [03/Mar/2016:10:44:04 -0300] "GET /cormun/static/hpexe_return.js?2015111312145056 HTTP/1.1" 200 1633
186.103.159.189 - - [03/Mar/2016:10:44:05 -0300] "GET /cormun/static/Resources/Spanish/PXTools.css?12112540 HTTP/1.1" 200 89042
186.103.159.189 - - [03/Mar/2016:10:44:05 -0300] "GET /cormun/servlet/trsolicitudot HTTP/1.1" 200 7296
186.103.159.189 - - [03/Mar/2016:10:44:08 -0300] "GET /cormun/servlet/trsolicitudot HTTP/1.1" 200 7292
192.168.10.98 - - [03/Mar/2016:10:44:09 -0300] "POST /cormun/servlet/trsolicitudot?4e4f347e7296876dddfe60efedbcaae4,,gx-no-cache=1457012401701 HTTP/1.1" 200 105
192.168.10.98 - - [03/Mar/2016:10:44:09 -0300] "GET /cormun/servlet/solicitudot?UPD,2016,394, HTTP/1.1" 200 12603
192.168.10.98 - - [03/Mar/2016:10:44:10 -0300] "GET /cormun/servlet/solicitudot?UPD,2016,394, HTTP/1.1" 200 12613
192.168.10.98 - - [03/Mar/2016:10:44:10 -0300] "POST /cormun/servlet/solicitudot?gx-no-cache=1457012403141 HTTP/1.1" 200 2741
192.168.10.98 - - [03/Mar/2016:10:44:10 -0300] "POST /cormun/servlet/solicitudot?4e4f347e7296876dddfe60efedbcaae4,UPD,2016,394,,gx-no-cache=1457012403275 HTTP/1.1" 200 9057
192.168.10.98 - - [03/Mar/2016:10:44:11 -0300] "GET /cormun/servlet/solicitudot?b64882242ea5433cbd53000cfeead40bf13be2036b6ddc8fcf94bd735e4ce326408fa4cc2e85b8638f2ba2ce49434c10,gx-no-cache=1457012403469 HTTP/1.1" 200 30
192.168.10.98 - - [03/Mar/2016:10:44:11 -0300] "POST /cormun/servlet/solicitudot?gx-no-cache=1457012403508 HTTP/1.1" 200 30
192.168.10.98 - - [03/Mar/2016:10:44:11 -0300] "POST /cormun/servlet/solicitudot?gx-no-cache=1457012403521 HTTP/1.1" 200 30
192.168.10.98 - - [03/Mar/2016:10:44:11 -0300] "POST /cormun/servlet/solicitudot?gx-no-cache=1457012403590 HTTP/1.1" 200 1157
192.168.10.98 - - [03/Mar/2016:10:44:11 -0300] "GET /cormun/servlet/solicitudot?b64882242ea5433cbd53000cfeead40b3ed42848c31e05dfd384dcde64ce0ff2c50b4b60bfd5751fc6c438b680bbae235f0eb9a8fdac9473d9d04d891355088dd65a25236c4f8113022852c0b3c6b2b394c9736f461075046587183721c4f6960329fd488e2a9c58f3e63dfc85914c0b7c9bda76fbe4f76a0b7b46331c9516ffd89fa3986bcc73440ffc0b02c2aa8dde108db941e19a350ba040fc4a1a6420ce,gx-no-cache=1457012403687 HTTP/1.1" 200 41
186.103.159.189 - - [03/Mar/2016:10:44:13 -0300] "POST /cormun/servlet/trsolicitudot?cc9a2a94163d3422237000fdd44494cf,gx-no-cache=1457012681281 HTTP/1.1" 200 4634
186.103.159.189 - - [03/Mar/2016:10:44:13 -0300] "POST /cormun/servlet/trsolicitudot?cc9a2a94163d3422237000fdd44494cf,gx-no-cache=1457012681746 HTTP/1.1" 200 4634
192.168.10.98 - - [03/Mar/2016:10:44:14 -0300] "POST /cormun/servlet/solicitudot?gx-no-cache=1457012406557 HTTP/1.1" 200 30
186.103.159.189 - - [03/Mar/2016:10:44:14 -0300] "POST /cormun/servlet/trsolicitudot?cc9a2a94163d3422237000fdd44494cf,gx-no-cache=1457012682159 HTTP/1.1" 200 4634
186.103.159.189 - - [03/Mar/2016:10:44:14 -0300] "POST /cormun/servlet/trsolicitudot?cc9a2a94163d3422237000fdd44494cf,gx-no-cache=1457012682614 HTTP/1.1" 200 4634
186.78.57.210 - - [03/Mar/2016:10:44:14 -0300] "GET /cormun/servlet/solicitudot?6e39a9a0d1bc265ceaef7678f52d3ee760e6ddc2d33d5a9f4849f6e5f2ec557a57926716032d05535c6c9a99fdb061594c8c087191093b0d881d0803b6641c86d5c5bde1f4277370a316ff7200920f6610c757158a4c393393c46c90dddd94e1e1a74df0baa8d2f3ee0c9d552a8c7df8,gx-no-cache=1457012714437 HTTP/1.1" 200 29
186.78.57.210 - - [03/Mar/2016:10:44:14 -0300] "POST /cormun/servlet/solicitudot?gx-no-cache=1457012714515 HTTP/1.1" 200 1116
186.103.159.189 - - [03/Mar/2016:10:44:15 -0300] "POST /cormun/servlet/trsolicitudot?cc9a2a94163d3422237000fdd44494cf,gx-no-cache=1457012683873 HTTP/1.1" 200 4634
186.103.159.189 - - [03/Mar/2016:10:44:16 -0300] "POST /cormun/servlet/trsolicitudot?cc9a2a94163d3422237000fdd44494cf,gx-no-cache=1457012684296 HTTP/1.1" 200 4634
186.103.159.189 - - [03/Mar/2016:10:44:16 -0300] "POST /cormun/servlet/trsolicitudot?cc9a2a94163d3422237000fdd44494cf,gx-no-cache=1457012684697 HTTP/1.1" 200 4635
186.103.159.189 - - [03/Mar/2016:10:44:17 -0300] "POST /cormun/servlet/trsolicitudot?cc9a2a94163d3422237000fdd44494cf,gx-no-cache=1457012685099 HTTP/1.1" 200 106
192.168.10.98 - - [03/Mar/2016:10:44:17 -0300] "GET /cormun/servlet/prcontratosol?6743471,,,,,MD,,gxPopupLevel%3D0%3B HTTP/1.1" 200 5660
186.103.159.189 - - [03/Mar/2016:10:44:17 -0300] "GET /cormun/servlet/trsolicitudadjuntos?2016,484, HTTP/1.1" 200 5357
186.103.159.189 - - [03/Mar/2016:10:44:17 -0300] "GET /cormun/static/gxcfg.js?2016311731090 HTTP/1.1" 200 953
186.103.159.189 - - [03/Mar/2016:10:44:17 -0300] "GET /cormun/static/trsolicitudadjuntos.js?2016311731342 HTTP/1.1" 200 17275
186.103.159.189 - - [03/Mar/2016:10:44:17 -0300] "GET /cormun/static/Resources/Spanish/PXTools.css?171692 HTTP/1.1" 200 89042
186.103.159.189 - - [03/Mar/2016:10:44:20 -0300] "GET /cormun/servlet/trsolicitudadjuntos?2016,484, HTTP/1.1" 200 5357
192.168.10.98 - - [03/Mar/2016:10:44:23 -0300] "POST /cormun/servlet/solicitudot?gx-no-cache=1457012416133 HTTP/1.1" 200 1157
192.168.10.98 - - [03/Mar/2016:10:44:23 -0300] "GET /cormun/servlet/solicitudot?b64882242ea5433cbd53000cfeead40b3ed42848c31e05dfd384dcde64ce0ff2c50b4b60bfd5751fc6c438b680bbae235f0eb9a8fdac9473d9d04d891355088dd65a25236c4f8113022852c0b3c6b2b394c9736f461075046587183721c4f6960329fd488e2a9c58f3e63dfc85914c0b7c9bda76fbe4f76a0b7b46331c9516ffd89fa3986bcc73440ffc0b02c2aa8dde108db941e19a350ba040fc4a1a6420ce,gx-no-cache=1457012416215 HTTP/1.1" 200 41
192.168.10.98 - - [03/Mar/2016:10:44:23 -0300] "GET /cormun/servlet/solicitudot?b64882242ea5433cbd53000cfeead40bd62d0b07a75017735f5daaaed01fae3222f4264b55fac1179daea0534f237c6fa0a32c2eefae8ca384f11040882f00bec9e04001a1344809a9948aeb966292b4b262eebae3706a22a98c02f16ac9c998693117b5eda592faaa04bc03dc76c94b6f6b7d5548c669276006e9cc0a2ab4884d18cb976a4e2ca8c504900f937aec86d0b8d6a8f48dcf0278e2a608edcf996f,gx-no-cache=1457012416261 HTTP/1.1" 200 29
192.168.10.98 - - [03/Mar/2016:10:44:23 -0300] "POST /cormun/servlet/solicitudot?gx-no-cache=1457012416276 HTTP/1.1" 200 1115
200.112.233.47 - - [03/Mar/2016:10:44:24 -0300] "GET /cormun/servlet/trsolicitudot? HTTP/1.1" 200 7313
186.103.159.189 - - [03/Mar/2016:10:44:27 -0300] "GET /cormun/servlet/solicitudotadjuntos?INS,2016,484,,2, HTTP/1.1" 200 5451
186.103.159.189 - - [03/Mar/2016:10:44:27 -0300] "GET /cormun/static/gxcfg.js?2016311984045 HTTP/1.1" 200 953
186.103.159.189 - - [03/Mar/2016:10:44:27 -0300] "GET /cormun/static/solicitudotadjuntos.js?2016311984068 HTTP/1.1" 200 11762
186.103.159.189 - - [03/Mar/2016:10:44:27 -0300] "GET /cormun/static/about:blank HTTP/1.1" 404 1011
186.78.57.210 - - [03/Mar/2016:10:44:28 -0300] "GET /cormun/servlet/prlicenciaspermisos?17058015,L,,MD,,gxPopupLevel%3D0%3B HTTP/1.1" 200 5477
186.103.159.189 - - [03/Mar/2016:10:44:28 -0300] "GET /cormun/servlet/solicitudotadjuntos?INS,2016,484,,2, HTTP/1.1" 200 5445
200.112.233.47 - - [03/Mar/2016:10:44:29 -0300] "POST /cormun/servlet/trsolicitudot?53f376d99183f74e95a185e04ff5c7b4,,gx-no-cache=1457012697078 HTTP/1.1" 200 106
200.112.233.47 - - [03/Mar/2016:10:44:29 -0300] "GET /cormun/servlet/trsolicitudadjuntos?2016,483, HTTP/1.1" 200 5342
186.103.159.189 - - [03/Mar/2016:10:44:29 -0300] "GET /cormun/servlet/solicitudotadjuntos?17299030be4b0dc66e173b22781d6732408504883a97862e6e3e1030c5c42e283ec5ffc754fd0204dc842ceaac2d076f,gx-no-cache=1457012697586 HTTP/1.1" 200 30
186.103.159.189 - - [03/Mar/2016:10:44:29 -0300] "POST /cormun/servlet/solicitudotadjuntos?cc9a2a94163d3422237000fdd44494cf,INS,2016,484,,2,,gx-no-cache=1457012697684 HTTP/1.1" 200 3535
200.112.233.47 - - [03/Mar/2016:10:44:32 -0300] "GET /cormun/servlet/solicitudotadjuntos?INS,2016,483,,1, HTTP/1.1" 200 5426
200.112.233.47 - - [03/Mar/2016:10:44:32 -0300] "GET /cormun/static/Resources/Spanish/PXTools.css?1944839 HTTP/1.1" 304 -
200.112.233.47 - - [03/Mar/2016:10:44:32 -0300] "GET /cormun/static/gxcfg.js?2016311984045 HTTP/1.1" 200 953
200.112.233.47 - - [03/Mar/2016:10:44:33 -0300] "GET /cormun/static/about:blank HTTP/1.1" 404 1011
200.112.233.47 - - [03/Mar/2016:10:44:33 -0300] "GET /cormun/static/about:blank HTTP/1.1" 404 1011
200.112.233.47 - - [03/Mar/2016:10:44:33 -0300] "GET /cormun/static/solicitudotadjuntos.js?2016311984068 HTTP/1.1" 200 11762
200.112.233.47 - - [03/Mar/2016:10:44:35 -0300] "GET /cormun/servlet/solicitudotadjuntos?71729485f06f30dfeb51ddbd9c8b82c33bcacbf45d4c7f805d502d5b9d1dfd40630ef27e311f081e266de04466cf7b3c,gx-no-cache=1457012703109 HTTP/1.1" 200 30
200.112.233.47 - - [03/Mar/2016:10:44:35 -0300] "POST /cormun/servlet/solicitudotadjuntos?53f376d99183f74e95a185e04ff5c7b4,INS,2016,483,,1,,gx-no-cache=1457012703281 HTTP/1.1" 200 3322
192.168.10.98 - - [03/Mar/2016:10:44:40 -0300] "GET /cormun/static/menuarrow.gif HTTP/1.1" 404 1015
186.78.57.210 - - [03/Mar/2016:10:44:44 -0300] "GET /cormun/servlet/solicitudot?6e39a9a0d1bc265ceaef7678f52d3ee735aff26824bfca41488133e9b50b9fa56677f82da2468caf182a1067f16a294fb753182d559bc070edbad99e7d057fada8e39626cb8da8f07ae4cecb1995a4bb9dbf894ca1d1d31899477731bd0edc350a2b3b4e9b8d53de463b7961af32909d8b825e6a1376f039eb6a42b5b2ea94c7840e672304c2b4ed997fa72b6b59fde6e8931e168f0401b1a2892d9ae423674e45d1e09b3d7d123007fb66e8dd887139f354e6a957eeee284ea2b08dd2033249,gx-no-cache=1457012744252 HTTP/1.1" 200 30
200.112.233.47 - - [03/Mar/2016:10:44:45 -0300] "POST /cormun/servlet/solicitudotadjuntos?gx-no-cache=1457012713703 HTTP/1.1" 200 26
186.103.159.189 - - [03/Mar/2016:10:45:01 -0300] "POST /cormun/servlet/solicitudotadjuntos?cc9a2a94163d3422237000fdd44494cf,INS,2016,484,,2,,gx-no-cache=1457012726131 HTTP/1.1" 200 93
186.103.159.189 - - [03/Mar/2016:10:45:01 -0300] "GET /cormun/servlet/hpexe_return? HTTP/1.1" 200 1029
186.103.159.189 - - [03/Mar/2016:10:45:01 -0300] "GET /cormun/servlet/trsolicitudadjuntos?2016,484, HTTP/1.1" 200 5361
186.103.159.189 - - [03/Mar/2016:10:45:03 -0300] "GET /cormun/servlet/trsolicitudadjuntos?2016,484, HTTP/1.1" 200 5357
186.103.159.189 - - [03/Mar/2016:10:45:08 -0300] "GET /cormun/servlet/solicitudotadjuntos?INS,2016,484,,1, HTTP/1.1" 200 5448
192.168.10.98 - - [03/Mar/2016:10:45:08 -0300] "GET /cormun/servlet/solicitudot?b64882242ea5433cbd53000cfeead40bb1123054aef95b9248f49ee333a04858f256c62904a7cb429015b3425528c47086361cbbba51ed3f6c0cd85b0461dc23a55198c0e7a3da4e3a678c190625d43c768dacfff321716e2bebbd3552839799b9f51bb47074451a63bc10bc85c279691b1cbae17b1288b83caa4467fed4474a02e82607f39598155232ed71ea6fedc81bc464743ef0256e5f60139cd4ce6ae92962aa4dd1e93e4e58fb1fd37411cf17,gx-no-cache=1457012460616 HTTP/1.1" 200 30
192.168.10.98 - - [03/Mar/2016:10:45:08 -0300] "POST /cormun/servlet/solicitudot?4e4f347e7296876dddfe60efedbcaae4,UPD,2016,394,,gx-no-cache=1457012460648 HTTP/1.1" 200 93
192.168.10.98 - - [03/Mar/2016:10:45:08 -0300] "GET /cormun/servlet/hpexe_return? HTTP/1.1" 200 1016
186.103.159.189 - - [03/Mar/2016:10:45:08 -0300] "GET /cormun/static/about:blank HTTP/1.1" 404 1011
192.168.10.98 - - [03/Mar/2016:10:45:08 -0300] "GET /cormun/servlet/trsolicitudot? HTTP/1.1" 200 9013
186.78.57.210 - - [03/Mar/2016:10:45:09 -0300] "POST /cormun/servlet/solicitudot?47b2748899f65881853b1d07e208b3a8,INS,0,0,,gx-no-cache=1457012768563 HTTP/1.1" 200 93
186.78.57.210 - - [03/Mar/2016:10:45:09 -0300] "GET /cormun/servlet/hpexe_return? HTTP/1.1" 200 1008
192.168.10.98 - - [03/Mar/2016:10:45:09 -0300] "GET /cormun/servlet/trsolicitudot? HTTP/1.1" 200 9009
186.78.57.210 - - [03/Mar/2016:10:45:09 -0300] "GET /cormun/servlet/trsolicitudot HTTP/1.1" 200 7534
186.103.159.189 - - [03/Mar/2016:10:45:09 -0300] "GET /cormun/servlet/solicitudotadjuntos?INS,2016,484,,1, HTTP/1.1" 200 5442
186.78.57.210 - - [03/Mar/2016:10:45:10 -0300] "GET /cormun/servlet/trsolicitudot HTTP/1.1" 200 7530
186.103.159.189 - - [03/Mar/2016:10:45:10 -0300] "GET /cormun/servlet/solicitudotadjuntos?17299030be4b0dc66e173b22781d6732408504883a97862e6e3e1030c5c42e283ec5ffc754fd0204dc842ceaac2d076f,gx-no-cache=1457012738455 HTTP/1.1" 200 30
186.103.159.189 - - [03/Mar/2016:10:45:10 -0300] "POST /cormun/servlet/solicitudotadjuntos?cc9a2a94163d3422237000fdd44494cf,INS,2016,484,,1,,gx-no-cache=1457012738599 HTTP/1.1" 200 3321
186.78.57.210 - - [03/Mar/2016:10:45:14 -0300] "POST /cormun/servlet/trsolicitudot?47b2748899f65881853b1d07e208b3a8,gx-no-cache=1457012774144 HTTP/1.1" 200 106
186.78.57.210 - - [03/Mar/2016:10:45:14 -0300] "GET /cormun/servlet/trsolicitudadjuntos?2016,485, HTTP/1.1" 200 5367
186.78.57.210 - - [03/Mar/2016:10:45:14 -0300] "GET /cormun/static/gxcfg.js?2016311731090 HTTP/1.1" 200 953
186.78.57.210 - - [03/Mar/2016:10:45:14 -0300] "GET /cormun/static/trsolicitudadjuntos.js?2016311731342 HTTP/1.1" 200 17275
186.78.57.210 - - [03/Mar/2016:10:45:15 -0300] "GET /cormun/static/Resources/Spanish/PXTools.css?171692 HTTP/1.1" 200 89042
186.78.57.210 - - [03/Mar/2016:10:45:15 -0300] "GET /cormun/servlet/trsolicitudadjuntos?2016,485, HTTP/1.1" 200 5367
192.168.10.98 - - [03/Mar/2016:10:45:17 -0300] "POST /cormun/servlet/trsolicitudot?4e4f347e7296876dddfe60efedbcaae4,,gx-no-cache=1457012470067 HTTP/1.1" 200 6537
192.168.10.98 - - [03/Mar/2016:10:45:17 -0300] "POST /cormun/servlet/trsolicitudot?4e4f347e7296876dddfe60efedbcaae4,,gx-no-cache=1457012470318 HTTP/1.1" 200 6536
192.168.10.98 - - [03/Mar/2016:10:45:18 -0300] "POST /cormun/servlet/trsolicitudot?4e4f347e7296876dddfe60efedbcaae4,,gx-no-cache=1457012470617 HTTP/1.1" 200 6537
186.78.57.210 - - [03/Mar/2016:10:45:18 -0300] "GET /cormun/servlet/solicitudotadjuntos?INS,2016,485,,1, HTTP/1.1" 200 5453
186.78.57.210 - - [03/Mar/2016:10:45:18 -0300] "GET /cormun/static/gxcfg.js?2016311984045 HTTP/1.1" 200 953
192.168.10.98 - - [03/Mar/2016:10:45:18 -0300] "POST /cormun/servlet/trsolicitudot?4e4f347e7296876dddfe60efedbcaae4,,gx-no-cache=1457012470919 HTTP/1.1" 200 6537
186.78.57.210 - - [03/Mar/2016:10:45:18 -0300] "GET /cormun/static/solicitudotadjuntos.js?2016311984068 HTTP/1.1" 200 11762
186.78.57.210 - - [03/Mar/2016:10:45:18 -0300] "GET /cormun/static/about:blank HTTP/1.1" 404 1011
192.168.10.98 - - [03/Mar/2016:10:45:19 -0300] "POST /cormun/servlet/trsolicitudot?4e4f347e7296876dddfe60efedbcaae4,,gx-no-cache=1457012471368 HTTP/1.1" 200 6537
186.78.57.210 - - [03/Mar/2016:10:45:19 -0300] "GET /cormun/servlet/solicitudotadjuntos?INS,2016,485,,1, HTTP/1.1" 200 5447
192.168.10.98 - - [03/Mar/2016:10:45:19 -0300] "POST /cormun/servlet/trsolicitudot?4e4f347e7296876dddfe60efedbcaae4,,gx-no-cache=1457012471700 HTTP/1.1" 200 6538
186.78.57.210 - - [03/Mar/2016:10:45:19 -0300] "GET /cormun/servlet/solicitudotadjuntos?6e39a9a0d1bc265ceaef7678f52d3ee7a1210adf5d940ce565b43ec79cc06e15cd8106e10bf6fb6bfa35e7d152094c1e,gx-no-cache=1457012779119 HTTP/1.1" 200 30
192.168.10.98 - - [03/Mar/2016:10:45:19 -0300] "POST /cormun/servlet/trsolicitudot?4e4f347e7296876dddfe60efedbcaae4,,gx-no-cache=1457012472059 HTTP/1.1" 200 6537
186.78.57.210 - - [03/Mar/2016:10:45:19 -0300] "POST /cormun/servlet/solicitudotadjuntos?47b2748899f65881853b1d07e208b3a8,INS,2016,485,,1,,gx-no-cache=1457012779216 HTTP/1.1" 200 3358
192.168.10.98 - - [03/Mar/2016:10:45:20 -0300] "POST /cormun/servlet/trsolicitudot?4e4f347e7296876dddfe60efedbcaae4,,gx-no-cache=1457012472447 HTTP/1.1" 200 6279
192.168.10.98 - - [03/Mar/2016:10:45:20 -0300] "GET /cormun/static/Shared/jqueryui/images/ui-icons_82798d_256x240.png HTTP/1.1" 404 1089
192.168.10.98 - - [03/Mar/2016:10:45:20 -0300] "GET /cormun/static/Shared/jqueryui/images/ui-bg_highlight-soft_100_c6c2c8_1x100.png HTTP/1.1" 404 1117
192.168.10.98 - - [03/Mar/2016:10:45:20 -0300] "GET /cormun/static/Shared/jqueryui/images/ui-icons_8d78a5_256x240.png HTTP/1.1" 404 1089
192.168.10.98 - - [03/Mar/2016:10:45:20 -0300] "GET /cormun/static/Shared/jqueryui/images/ui-bg_flat_55_fafafa_40x100.png HTTP/1.1" 404 1097
192.168.10.98 - - [03/Mar/2016:10:45:20 -0300] "POST /cormun/servlet/trsolicitudot?4e4f347e7296876dddfe60efedbcaae4,,gx-no-cache=1457012472875 HTTP/1.1" 200 6220
192.168.10.98 - - [03/Mar/2016:10:45:30 -0300] "POST /cormun/servlet/trsolicitudot?4e4f347e7296876dddfe60efedbcaae4,,gx-no-cache=1457012483040 HTTP/1.1" 200 105
192.168.10.98 - - [03/Mar/2016:10:45:30 -0300] "GET /cormun/servlet/solicitudot?UPD,2016,390, HTTP/1.1" 200 12644
192.168.10.98 - - [03/Mar/2016:10:45:31 -0300] "GET /cormun/servlet/solicitudot?UPD,2016,390, HTTP/1.1" 200 12653
192.168.10.98 - - [03/Mar/2016:10:45:32 -0300] "POST /cormun/servlet/solicitudot?gx-no-cache=1457012484464 HTTP/1.1" 200 2759
192.168.10.98 - - [03/Mar/2016:10:45:32 -0300] "POST /cormun/servlet/solicitudot?4e4f347e7296876dddfe60efedbcaae4,UPD,2016,390,,gx-no-cache=1457012484576 HTTP/1.1" 200 9080
192.168.10.98 - - [03/Mar/2016:10:45:32 -0300] "GET /cormun/servlet/solicitudot?b64882242ea5433cbd53000cfeead40b47bab498484710e6a3713979708fd8c46de477de8c088a1186007e64ea5df877,gx-no-cache=1457012484776 HTTP/1.1" 200 30
192.168.10.98 - - [03/Mar/2016:10:45:32 -0300] "POST /cormun/servlet/solicitudot?gx-no-cache=1457012484827 HTTP/1.1" 200 30
192.168.10.98 - - [03/Mar/2016:10:45:32 -0300] "POST /cormun/servlet/solicitudot?gx-no-cache=1457012484841 HTTP/1.1" 200 30
192.168.10.98 - - [03/Mar/2016:10:45:32 -0300] "POST /cormun/servlet/solicitudot?gx-no-cache=1457012484915 HTTP/1.1" 200 1158
192.168.10.98 - - [03/Mar/2016:10:45:32 -0300] "GET /cormun/servlet/solicitudot?b64882242ea5433cbd53000cfeead40b3ed42848c31e05dfd384dcde64ce0ff2c50b4b60bfd5751fc6c438b680bbae235f0eb9a8fdac9473d9d04d891355088dd65a25236c4f8113022852c0b3c6b2b394c9736f461075046587183721c4f6960329fd488e2a9c58f3e63dfc85914c0b7c9bda76fbe4f76a0b7b46331c9516ffd89fa3986bcc73440ffc0b02c2aa8dde108db941e19a350ba040fc4a1a6420ce,gx-no-cache=1457012485012 HTTP/1.1" 200 41
186.78.57.210 - - [03/Mar/2016:10:45:32 -0300] "POST /cormun/servlet/solicitudotadjuntos?gx-no-cache=1457012792499 HTTP/1.1" 200 26
186.78.57.210 - - [03/Mar/2016:10:45:34 -0300] "GET /cormun/servlet/solicitudotadjuntos?6e39a9a0d1bc265ceaef7678f52d3ee744c7ee0f437c4b3b34d7efedc0650c67,gx-no-cache=1457012793717 HTTP/1.1" 200 30
186.78.57.210 - - [03/Mar/2016:10:45:34 -0300] "GET /cormun/servlet/solicitudotadjuntos?6e39a9a0d1bc265ceaef7678f52d3ee744c7ee0f437c4b3b34d7efedc0650c67,gx-no-cache=1457012793796 HTTP/1.1" 200 30
