186.103.159.204 - - [03/Mar/2016:12:50:15 -0300] "POST /cormun/servlet/solicitudot?c5a57deb935a1786ac7ad16113976082,INS,0,0,,gx-no-cache=1457020237953 HTTP/1.1" 200 8423
186.78.57.210 - - [03/Mar/2016:12:50:16 -0300] "POST /cormun/servlet/solicitudotadjuntos?gx-no-cache=1457020275738 HTTP/1.1" 200 26
186.78.57.210 - - [03/Mar/2016:12:50:17 -0300] "GET /cormun/servlet/solicitudotadjuntos?6e39a9a0d1bc265ceaef7678f52d3ee744c7ee0f437c4b3b34d7efedc0650c67,gx-no-cache=1457020277112 HTTP/1.1" 200 30
186.78.57.210 - - [03/Mar/2016:12:50:17 -0300] "GET /cormun/servlet/solicitudotadjuntos?6e39a9a0d1bc265ceaef7678f52d3ee744c7ee0f437c4b3b34d7efedc0650c67,gx-no-cache=1457020277183 HTTP/1.1" 200 30
186.78.57.210 - - [03/Mar/2016:12:50:17 -0300] "POST /cormun/servlet/solicitudotadjuntos?47b2748899f65881853b1d07e208b3a8,INS,2016,506,,1,,gx-no-cache=1457020277252 HTTP/1.1" 200 93
186.78.57.210 - - [03/Mar/2016:12:50:17 -0300] "GET /cormun/servlet/hpexe_return? HTTP/1.1" 200 1026
186.78.57.210 - - [03/Mar/2016:12:50:18 -0300] "GET /cormun/servlet/trsolicitudadjuntos?2016,506, HTTP/1.1" 200 7613
186.78.57.210 - - [03/Mar/2016:12:50:18 -0300] "GET /cormun/servlet/trsolicitudadjuntos?2016,506, HTTP/1.1" 200 7611
186.103.159.204 - - [03/Mar/2016:12:50:19 -0300] "GET /cormun/servlet/solicitudot?44f070aba3c2312cb35f9611f14490aa11258f9e48db9edb8cab324a2fcd3d78c6bb3ad9df827bdacb4b4d9102a16879,gx-no-cache=1457020242599 HTTP/1.1" 200 30
186.103.159.204 - - [03/Mar/2016:12:50:19 -0300] "POST /cormun/servlet/solicitudot?gx-no-cache=1457020242654 HTTP/1.1" 200 30
186.103.159.204 - - [03/Mar/2016:12:50:19 -0300] "POST /cormun/servlet/solicitudot?gx-no-cache=1457020242689 HTTP/1.1" 200 33
186.103.159.204 - - [03/Mar/2016:12:50:20 -0300] "POST /cormun/servlet/solicitudot?gx-no-cache=1457020242764 HTTP/1.1" 200 1157
186.103.159.204 - - [03/Mar/2016:12:50:20 -0300] "GET /cormun/servlet/solicitudot?44f070aba3c2312cb35f9611f14490aa40bbbe83126b6ab96c47416f84870f9b6aab69a742c1048d5f069a8a36ddd28ac07e14287bbc9cd25bb981696efb318bae3cd79b7250062e1947f309fdf3e9a25dd54a72514f7200fd7552150932f91de6c6733bacdde745c7ff76a76d9e67b33ffa81f55403d0d6bb456e525261c5a2fb348b0e275d1ce39502b756fef78e25,gx-no-cache=1457020242870 HTTP/1.1" 200 38
186.103.159.204 - - [03/Mar/2016:12:50:20 -0300] "GET /cormun/servlet/solicitudot?44f070aba3c2312cb35f9611f14490aa65e9822035e7701110350be586a54156a49debbf8260a9c849f9fecbac4feffc43845142defc78ba4d17e44623e2ee259bfd81c9202c6ecbec192d7485d9d4147b7507ae9785adc1a2c55a0fa44b7ee971a31ba75b339cfb627c792c21a20676,gx-no-cache=1457020242939 HTTP/1.1" 200 29
186.103.159.204 - - [03/Mar/2016:12:50:20 -0300] "POST /cormun/servlet/solicitudot?gx-no-cache=1457020242977 HTTP/1.1" 200 1116
186.103.159.204 - - [03/Mar/2016:12:50:20 -0300] "GET /cormun/static/menuarrow.gif HTTP/1.1" 404 1015
186.103.159.204 - - [03/Mar/2016:12:50:21 -0300] "POST /cormun/servlet/solicitudot?gx-no-cache=1457020244341 HTTP/1.1" 200 30
186.103.159.204 - - [03/Mar/2016:12:50:21 -0300] "POST /cormun/servlet/solicitudot?gx-no-cache=1457020244380 HTTP/1.1" 200 33
186.103.159.204 - - [03/Mar/2016:12:50:21 -0300] "POST /cormun/servlet/solicitudot?gx-no-cache=1457020244441 HTTP/1.1" 200 1157
192.168.10.98 - - [03/Mar/2016:12:50:21 -0300] "POST /cormun/servlet/trsolicitudgral?781c95f129ad01d36aa9529c1c1c0e73,gx-no-cache=1457019974000 HTTP/1.1" 200 15481
186.103.159.204 - - [03/Mar/2016:12:50:21 -0300] "GET /cormun/servlet/solicitudot?44f070aba3c2312cb35f9611f14490aa40bbbe83126b6ab96c47416f84870f9b6aab69a742c1048d5f069a8a36ddd28ac07e14287bbc9cd25bb981696efb318bae3cd79b7250062e1947f309fdf3e9a25dd54a72514f7200fd7552150932f91de6c6733bacdde745c7ff76a76d9e67b33ffa81f55403d0d6bb456e525261c5a2fb348b0e275d1ce39502b756fef78e25,gx-no-cache=1457020244541 HTTP/1.1" 200 38
186.103.159.204 - - [03/Mar/2016:12:50:21 -0300] "POST /cormun/servlet/solicitudot?gx-no-cache=1457020244601 HTTP/1.1" 200 1116
186.78.57.210 - - [03/Mar/2016:12:50:22 -0300] "GET /cormun/servlet/trsolicitudot? HTTP/1.1" 200 7847
186.78.57.210 - - [03/Mar/2016:12:50:22 -0300] "GET /cormun/servlet/trsolicitudot? HTTP/1.1" 200 7841
192.168.10.98 - - [03/Mar/2016:12:50:24 -0300] "POST /cormun/servlet/trsolicitudgral?781c95f129ad01d36aa9529c1c1c0e73,gx-no-cache=1457019976361 HTTP/1.1" 200 15481
186.78.57.210 - - [03/Mar/2016:12:50:25 -0300] "POST /cormun/servlet/trsolicitudot?47b2748899f65881853b1d07e208b3a8,,gx-no-cache=1457020284690 HTTP/1.1" 200 5357
192.168.10.98 - - [03/Mar/2016:12:50:26 -0300] "POST /cormun/servlet/trsolicitudgral?781c95f129ad01d36aa9529c1c1c0e73,gx-no-cache=1457019978859 HTTP/1.1" 200 15481
191.112.78.213 - - [03/Mar/2016:12:50:27 -0300] "GET /cormun/servlet/solicitudotadjuntos?5dc64e72aa6460987ed563b8bb772a1eb7d76dcf35d15f6dca7db02f4044a319,gx-no-cache=1457020252635 HTTP/1.1" 200 30
191.112.78.213 - - [03/Mar/2016:12:50:27 -0300] "GET /cormun/servlet/solicitudotadjuntos?5dc64e72aa6460987ed563b8bb772a1eb7d76dcf35d15f6dca7db02f4044a319,gx-no-cache=1457020252725 HTTP/1.1" 200 30
191.112.78.213 - - [03/Mar/2016:12:50:28 -0300] "POST /cormun/servlet/solicitudotadjuntos?78a791391b8286a9b26165191b25347f,INS,2016,469,,1, HTTP/1.1" 200 116
192.168.10.98 - - [03/Mar/2016:12:50:29 -0300] "POST /cormun/servlet/trsolicitudgral?781c95f129ad01d36aa9529c1c1c0e73,gx-no-cache=1457019981376 HTTP/1.1" 200 15480
191.112.78.213 - - [03/Mar/2016:12:50:29 -0300] "GET /cormun/servlet/hpexe_return? HTTP/1.1" 200 1029
191.112.78.213 - - [03/Mar/2016:12:50:30 -0300] "GET /cormun/servlet/trsolicitudadjuntos?2016,469, HTTP/1.1" 200 7305
191.112.78.213 - - [03/Mar/2016:12:50:32 -0300] "GET /cormun/servlet/trsolicitudadjuntos?2016,469, HTTP/1.1" 200 7301
191.112.78.213 - - [03/Mar/2016:12:50:35 -0300] "GET /cormun/servlet/solicitudotadjuntos?INS,2016,469,,1, HTTP/1.1" 200 5474
191.112.78.213 - - [03/Mar/2016:12:50:37 -0300] "GET /cormun/static/about:blank HTTP/1.1" 404 1011
191.112.78.213 - - [03/Mar/2016:12:50:37 -0300] "GET /cormun/servlet/solicitudotadjuntos?INS,2016,469,,1, HTTP/1.1" 200 5468
186.78.57.210 - - [03/Mar/2016:12:50:38 -0300] "GET /cormun/servlet/solicitudot?INS,0,0, HTTP/1.1" 200 11422
191.112.78.213 - - [03/Mar/2016:12:50:38 -0300] "GET /cormun/servlet/solicitudotadjuntos?5dc64e72aa6460987ed563b8bb772a1ee076bb238cdd5169760b57dd20588da9cc79a545b9cadcb53d627544da7dec2e,gx-no-cache=1457020263727 HTTP/1.1" 200 30
191.112.78.213 - - [03/Mar/2016:12:50:38 -0300] "POST /cormun/servlet/solicitudotadjuntos?78a791391b8286a9b26165191b25347f,INS,2016,469,,1,,gx-no-cache=1457020263927 HTTP/1.1" 200 3374
186.78.57.210 - - [03/Mar/2016:12:50:39 -0300] "GET /cormun/servlet/solicitudot?INS,0,0, HTTP/1.1" 200 11427
192.168.10.98 - - [03/Mar/2016:12:50:39 -0300] "POST /cormun/servlet/trsolicitudgral?781c95f129ad01d36aa9529c1c1c0e73,gx-no-cache=1457019991666 HTTP/1.1" 200 15480
186.103.159.204 - - [03/Mar/2016:12:50:44 -0300] "GET /cormun/servlet/solicitudot?44f070aba3c2312cb35f9611f14490aa8eb5744003980322de26fe4f282a5cc1014c7f7cdb380c56918e5417ea39e09456f83e92c84ff895c8e2ca56e5d225efdeb305ff470f3bc295c708a917b7a3d7255bb45c60702f7ad63093b963bf5806d938cc30190b002e51f443713e59344e330ca23ac949d07463d2d967fdd48597e4d224273fde98bb952d31df1679d42df8e107e2ec664fea7dad8ed2d01877c54f0fc7f88cc2552acfe527e38c784053,gx-no-cache=1457020266992 HTTP/1.1" 200 30
186.103.157.42 - - [03/Mar/2016:12:50:45 -0300] "GET /cormun/servlet/vesolicitudot?2016,313,, HTTP/1.1" 200 7228
186.103.157.42 - - [03/Mar/2016:12:50:45 -0300] "GET /cormun/static/gxcfg.js?20163117275080 HTTP/1.1" 200 953
186.103.157.42 - - [03/Mar/2016:12:50:45 -0300] "GET /cormun/pexe_scrolldiv.js HTTP/1.1" 404 1009
186.103.157.42 - - [03/Mar/2016:12:50:45 -0300] "GET /cormun/static/vesolicitudot.js?20163117275148 HTTP/1.1" 200 6091
186.103.157.42 - - [03/Mar/2016:12:50:45 -0300] "GET /cormun/static/tbsolicitudot01.js?20163117273399 HTTP/1.1" 200 27008
191.112.78.213 - - [03/Mar/2016:12:50:46 -0300] "POST /cormun/servlet/solicitudotadjuntos?gx-no-cache=1457020271414 HTTP/1.1" 200 26
186.103.157.42 - - [03/Mar/2016:12:50:46 -0300] "GET /cormun/servlet/hlogin HTTP/1.1" 200 1743
186.103.157.42 - - [03/Mar/2016:12:50:46 -0300] "GET /cormun/servlet/vesolicitudot?2016,313,, HTTP/1.1" 200 7227
186.78.57.210 - - [03/Mar/2016:12:50:48 -0300] "GET /cormun/servlet/prfichaempleado?,MD,,gxPopupLevel%3D0%3B HTTP/1.1" 200 7900
186.78.57.210 - - [03/Mar/2016:12:50:48 -0300] "GET /cormun/static/Resources/Spanish/PXTools.css?16184758 HTTP/1.1" 304 -
186.103.157.42 - - [03/Mar/2016:12:50:48 -0300] "POST /cormun/servlet/hlogin?c21a0bd6a847e0dad68936644ca77ee0,gx-no-cache=1457020276943 HTTP/1.1" 200 90
186.78.57.210 - - [03/Mar/2016:12:50:48 -0300] "GET /cormun/static/gxcfg.js?201511151625694 HTTP/1.1" 304 -
186.78.57.210 - - [03/Mar/2016:12:50:48 -0300] "GET /cormun/static/scaMessage/css/jquery-ui.css?104140 HTTP/1.1" 404 1045
186.78.57.210 - - [03/Mar/2016:12:50:48 -0300] "GET /cormun/static/prfichaempleado.js?201511151625857 HTTP/1.1" 304 -
186.78.57.210 - - [03/Mar/2016:12:50:48 -0300] "GET /cormun/static/menusearch.js?20163219454787 HTTP/1.1" 304 -
186.103.157.42 - - [03/Mar/2016:12:50:48 -0300] "GET /cormun/servlet/hpexe_link HTTP/1.1" 200 967
186.78.57.210 - - [03/Mar/2016:12:50:48 -0300] "GET /cormun/static/hmpwkw01.js?201511211495945 HTTP/1.1" 304 -
186.103.157.42 - - [03/Mar/2016:12:50:49 -0300] "GET /cormun/servlet/vesolicitudot?2016,313,, HTTP/1.1" 200 7430
186.103.157.42 - - [03/Mar/2016:12:50:49 -0300] "GET /cormun/pexe_scrolldiv.js HTTP/1.1" 404 1009
186.103.157.42 - - [03/Mar/2016:12:50:50 -0300] "GET /cormun/servlet/vesolicitudot?2016,313,, HTTP/1.1" 200 7429
191.112.78.213 - - [03/Mar/2016:12:50:51 -0300] "GET /cormun/servlet/solicitudotadjuntos?5dc64e72aa6460987ed563b8bb772a1eb7d76dcf35d15f6dca7db02f4044a319,gx-no-cache=1457020276530 HTTP/1.1" 200 30
191.112.78.213 - - [03/Mar/2016:12:50:51 -0300] "GET /cormun/servlet/solicitudotadjuntos?5dc64e72aa6460987ed563b8bb772a1eb7d76dcf35d15f6dca7db02f4044a319,gx-no-cache=1457020276641 HTTP/1.1" 200 30
186.103.159.204 - - [03/Mar/2016:12:50:52 -0300] "POST /cormun/servlet/solicitudot?c5a57deb935a1786ac7ad16113976082,INS,0,0,,gx-no-cache=1457020274794 HTTP/1.1" 200 93
186.103.159.204 - - [03/Mar/2016:12:50:52 -0300] "GET /cormun/servlet/hpexe_return? HTTP/1.1" 200 1027
186.103.159.204 - - [03/Mar/2016:12:50:52 -0300] "GET /cormun/servlet/trsolicitudot?gx-no-cache=1457020164769 HTTP/1.1" 200 8685
186.103.159.204 - - [03/Mar/2016:12:50:53 -0300] "GET /cormun/servlet/trsolicitudot?gx-no-cache=1457020164769 HTTP/1.1" 200 8702
191.112.78.213 - - [03/Mar/2016:12:50:53 -0300] "POST /cormun/servlet/solicitudotadjuntos?78a791391b8286a9b26165191b25347f,INS,2016,469,,1, HTTP/1.1" 200 116
191.112.78.213 - - [03/Mar/2016:12:50:54 -0300] "GET /cormun/servlet/hpexe_return? HTTP/1.1" 200 1029
186.78.57.210 - - [03/Mar/2016:12:50:54 -0300] "GET /cormun/servlet/prfichaempleado?5a49bdae2c68333ab4144f9181a5167a221ddd62c4022e8bc951fb49e9c71b6f3d31b3f958a1f56c2ed01a45e33686589cd4acf7caf3d265208144bb0453728bf0c1929fa930ccb43b95668206d0e784,gx-no-cache=1457020314128 HTTP/1.1" 200 464
191.112.78.213 - - [03/Mar/2016:12:50:55 -0300] "GET /cormun/servlet/trsolicitudadjuntos?2016,469, HTTP/1.1" 200 7460
191.112.78.213 - - [03/Mar/2016:12:50:57 -0300] "GET /cormun/servlet/trsolicitudadjuntos?2016,469, HTTP/1.1" 200 7456
186.78.57.210 - - [03/Mar/2016:12:50:58 -0300] "GET /cormun/servlet/prfichaempleado?5a49bdae2c68333ab4144f9181a5167a221ddd62c4022e8bc951fb49e9c71b6f66b8baf09e09b17e777723b8662efb33df4792c972387f6b1f41caa2a1638f73fff903f51075c2b570b88e7cec614348,gx-no-cache=1457020318215 HTTP/1.1" 200 472
191.112.78.213 - - [03/Mar/2016:12:51:00 -0300] "GET /cormun/servlet/solicitudotadjuntos?INS,2016,469,,1, HTTP/1.1" 200 5474
191.112.78.213 - - [03/Mar/2016:12:51:00 -0300] "GET /cormun/static/about:blank HTTP/1.1" 404 1011
186.78.57.210 - - [03/Mar/2016:12:51:02 -0300] "POST /cormun/servlet/prfichaempleado?47b2748899f65881853b1d07e208b3a8,,MD,,gxPopupLevel%3D0%3B,gx-no-cache=1457020320653 HTTP/1.1" 200 2880
191.112.78.213 - - [03/Mar/2016:12:51:02 -0300] "GET /cormun/servlet/solicitudotadjuntos?INS,2016,469,,1, HTTP/1.1" 200 5468
191.112.78.213 - - [03/Mar/2016:12:51:03 -0300] "GET /cormun/servlet/solicitudotadjuntos?5dc64e72aa6460987ed563b8bb772a1ee076bb238cdd5169760b57dd20588da9cc79a545b9cadcb53d627544da7dec2e,gx-no-cache=1457020288627 HTTP/1.1" 200 30
191.112.78.213 - - [03/Mar/2016:12:51:03 -0300] "POST /cormun/servlet/solicitudotadjuntos?78a791391b8286a9b26165191b25347f,INS,2016,469,,1,,gx-no-cache=1457020288808 HTTP/1.1" 200 3374
186.103.159.204 - - [03/Mar/2016:12:51:05 -0300] "GET /cormun/servlet/solicitudot?INS,0,0, HTTP/1.1" 200 11458
186.103.159.204 - - [03/Mar/2016:12:51:06 -0300] "GET /cormun/servlet/solicitudot?INS,0,0, HTTP/1.1" 200 11441
191.112.78.213 - - [03/Mar/2016:12:51:07 -0300] "POST /cormun/servlet/solicitudotadjuntos?gx-no-cache=1457020292565 HTTP/1.1" 200 26
192.168.10.98 - - [03/Mar/2016:12:51:10 -0300] "POST /cormun/servlet/trsolicitudgral?781c95f129ad01d36aa9529c1c1c0e73,gx-no-cache=1457020023033 HTTP/1.1" 200 16969
191.112.78.213 - - [03/Mar/2016:12:51:11 -0300] "GET /cormun/servlet/solicitudotadjuntos?5dc64e72aa6460987ed563b8bb772a1eb7d76dcf35d15f6dca7db02f4044a319,gx-no-cache=1457020297062 HTTP/1.1" 200 30
191.112.78.213 - - [03/Mar/2016:12:51:11 -0300] "GET /cormun/servlet/solicitudotadjuntos?5dc64e72aa6460987ed563b8bb772a1eb7d76dcf35d15f6dca7db02f4044a319,gx-no-cache=1457020297150 HTTP/1.1" 200 30
191.112.78.213 - - [03/Mar/2016:12:51:13 -0300] "POST /cormun/servlet/solicitudotadjuntos?78a791391b8286a9b26165191b25347f,INS,2016,469,,1, HTTP/1.1" 200 116
191.112.78.213 - - [03/Mar/2016:12:51:13 -0300] "GET /cormun/servlet/hpexe_return? HTTP/1.1" 200 1029
192.168.10.98 - - [03/Mar/2016:12:51:13 -0300] "GET /cormun/servlet/trsolicitudgral?d166f22428517c83fbb034ee8a4ef5ab9d4fa81bf6d4d38424a7402a46ede999079ad1078710a193a077a1bb3df585d4f68aacccd275b7faf3efe1371f6f3b71294199503495c7f4ac5950008cb092a7e0f3aecdc941316c7ef28c4e9b559b7d,gx-no-cache=1457020026031 HTTP/1.1" 200 16388
191.112.78.213 - - [03/Mar/2016:12:51:14 -0300] "GET /cormun/servlet/trsolicitudadjuntos?2016,469, HTTP/1.1" 200 7634
191.112.78.213 - - [03/Mar/2016:12:51:16 -0300] "GET /cormun/servlet/trsolicitudadjuntos?2016,469, HTTP/1.1" 200 7631
191.112.78.213 - - [03/Mar/2016:12:51:18 -0300] "GET /cormun/servlet/solicitudotadjuntos?INS,2016,469,,1, HTTP/1.1" 200 5473
191.112.17.11 - - [03/Mar/2016:12:51:19 -0300] "GET /cormun/servlet/vesolicitudot?2016,504,, HTTP/1.1" 200 7527
191.112.78.213 - - [03/Mar/2016:12:51:19 -0300] "GET /cormun/static/about:blank HTTP/1.1" 404 1011
186.78.45.190 - - [03/Mar/2016:12:51:19 -0300] "GET /cormun/servlet/trautorizarsolicitud? HTTP/1.1" 200 6165
191.112.17.11 - - [03/Mar/2016:12:51:19 -0300] "GET /cormun/servlet/vesolicitudot?2016,504,, HTTP/1.1" 200 7507
191.112.78.213 - - [03/Mar/2016:12:51:20 -0300] "GET /cormun/servlet/solicitudotadjuntos?INS,2016,469,,1, HTTP/1.1" 200 5467
191.112.17.11 - - [03/Mar/2016:12:51:21 -0300] "GET /cormun/servlet/trsolicitudot?gx-no-cache=1457020122313 HTTP/1.1" 200 7775
191.112.78.213 - - [03/Mar/2016:12:51:21 -0300] "GET /cormun/servlet/solicitudotadjuntos?5dc64e72aa6460987ed563b8bb772a1ee076bb238cdd5169760b57dd20588da9cc79a545b9cadcb53d627544da7dec2e,gx-no-cache=1457020306860 HTTP/1.1" 200 30
191.112.17.11 - - [03/Mar/2016:12:51:21 -0300] "GET /cormun/servlet/trsolicitudot?gx-no-cache=1457020122313 HTTP/1.1" 200 7792
191.112.78.213 - - [03/Mar/2016:12:51:21 -0300] "POST /cormun/servlet/solicitudotadjuntos?78a791391b8286a9b26165191b25347f,INS,2016,469,,1,,gx-no-cache=1457020306991 HTTP/1.1" 200 3374
192.168.10.98 - - [03/Mar/2016:12:51:23 -0300] "POST /cormun/servlet/trsolicitudgral?781c95f129ad01d36aa9529c1c1c0e73,gx-no-cache=1457020035506 HTTP/1.1" 200 16970
191.112.17.11 - - [03/Mar/2016:12:51:25 -0300] "POST /cormun/servlet/trsolicitudot?5619316feb5e38edb3968644c42d6612,gx-no-cache=1457020122313,gx-no-cache=1457020309550 HTTP/1.1" 200 5257
191.112.17.11 - - [03/Mar/2016:12:51:26 -0300] "POST /cormun/servlet/trsolicitudot?5619316feb5e38edb3968644c42d6612,gx-no-cache=1457020122313,gx-no-cache=1457020309946 HTTP/1.1" 200 5257
192.168.10.98 - - [03/Mar/2016:12:51:26 -0300] "POST /cormun/servlet/trsolicitudgral?781c95f129ad01d36aa9529c1c1c0e73,gx-no-cache=1457020038636 HTTP/1.1" 200 16970
191.112.17.11 - - [03/Mar/2016:12:51:26 -0300] "POST /cormun/servlet/trsolicitudot?5619316feb5e38edb3968644c42d6612,gx-no-cache=1457020122313,gx-no-cache=1457020310348 HTTP/1.1" 200 5257
191.112.17.11 - - [03/Mar/2016:12:51:26 -0300] "POST /cormun/servlet/trsolicitudot?5619316feb5e38edb3968644c42d6612,gx-no-cache=1457020122313,gx-no-cache=1457020310776 HTTP/1.1" 200 5257
191.112.17.11 - - [03/Mar/2016:12:51:27 -0300] "POST /cormun/servlet/trsolicitudot?5619316feb5e38edb3968644c42d6612,gx-no-cache=1457020122313,gx-no-cache=1457020311172 HTTP/1.1" 200 5257
191.112.17.11 - - [03/Mar/2016:12:51:27 -0300] "POST /cormun/servlet/trsolicitudot?5619316feb5e38edb3968644c42d6612,gx-no-cache=1457020122313,gx-no-cache=1457020311571 HTTP/1.1" 200 5257
191.112.17.11 - - [03/Mar/2016:12:51:28 -0300] "POST /cormun/servlet/trsolicitudot?5619316feb5e38edb3968644c42d6612,gx-no-cache=1457020122313,gx-no-cache=1457020311992 HTTP/1.1" 200 5257
191.112.17.11 - - [03/Mar/2016:12:51:28 -0300] "POST /cormun/servlet/trsolicitudot?5619316feb5e38edb3968644c42d6612,gx-no-cache=1457020122313,gx-no-cache=1457020312394 HTTP/1.1" 200 105
191.112.17.11 - - [03/Mar/2016:12:51:28 -0300] "GET /cormun/servlet/solicitudot?UPD,2016,504, HTTP/1.1" 200 12638
191.112.17.11 - - [03/Mar/2016:12:51:29 -0300] "GET /cormun/servlet/solicitudot?UPD,2016,504, HTTP/1.1" 200 12625
191.112.78.213 - - [03/Mar/2016:12:51:29 -0300] "POST /cormun/servlet/solicitudotadjuntos?gx-no-cache=1457020314740 HTTP/1.1" 200 26
192.168.10.98 - - [03/Mar/2016:12:51:29 -0300] "POST /cormun/servlet/trsolicitudgral?781c95f129ad01d36aa9529c1c1c0e73,gx-no-cache=1457020041909 HTTP/1.1" 200 16970
191.112.17.11 - - [03/Mar/2016:12:51:29 -0300] "POST /cormun/servlet/solicitudot?gx-no-cache=1457020313677 HTTP/1.1" 200 2760
191.112.17.11 - - [03/Mar/2016:12:51:30 -0300] "POST /cormun/servlet/solicitudot?5619316feb5e38edb3968644c42d6612,UPD,2016,504,,gx-no-cache=1457020314032 HTTP/1.1" 200 9086
191.112.17.11 - - [03/Mar/2016:12:51:30 -0300] "GET /cormun/servlet/solicitudot?4eda181fdd50b2d62d229ba088ba1c9d2228ab9f4f129b8b1ae074886dfc6aa53537eba584022b2a2f15dadf71360f32,gx-no-cache=1457020314435 HTTP/1.1" 200 30
191.112.17.11 - - [03/Mar/2016:12:51:30 -0300] "POST /cormun/servlet/solicitudot?gx-no-cache=1457020314515 HTTP/1.1" 200 30
191.112.17.11 - - [03/Mar/2016:12:51:30 -0300] "POST /cormun/servlet/solicitudot?gx-no-cache=1457020314657 HTTP/1.1" 200 30
191.112.17.11 - - [03/Mar/2016:12:51:30 -0300] "POST /cormun/servlet/solicitudot?gx-no-cache=1457020314772 HTTP/1.1" 200 1158
191.112.17.11 - - [03/Mar/2016:12:51:30 -0300] "GET /cormun/servlet/solicitudot?4eda181fdd50b2d62d229ba088ba1c9d2c564a9d5d25d7b8137388f0be8bb90eb783d726883da2c7c91087e0632ba1499fd06a4b4016578e927fc11a5fc252353e40a15a85a208bd248865921318786ebb604b685802edf5ec49e64d78f0e669941f0e1df093e648deeb578d37a32767110b1c2c833d726a15b02e0342157ed0a868ac69fcb440180d16cd458537c1e5ce477556fc184cbc898e401c215cfe22,gx-no-cache=1457020314980 HTTP/1.1" 200 41
192.168.10.98 - - [03/Mar/2016:12:51:32 -0300] "POST /cormun/servlet/trsolicitudgral?781c95f129ad01d36aa9529c1c1c0e73,gx-no-cache=1457020045223 HTTP/1.1" 200 16969
191.112.78.213 - - [03/Mar/2016:12:51:37 -0300] "GET /cormun/servlet/solicitudotadjuntos?5dc64e72aa6460987ed563b8bb772a1eb7d76dcf35d15f6dca7db02f4044a319,gx-no-cache=1457020322329 HTTP/1.1" 200 30
191.112.78.213 - - [03/Mar/2016:12:51:37 -0300] "GET /cormun/servlet/solicitudotadjuntos?5dc64e72aa6460987ed563b8bb772a1eb7d76dcf35d15f6dca7db02f4044a319,gx-no-cache=1457020322422 HTTP/1.1" 200 30
191.112.17.11 - - [03/Mar/2016:12:51:38 -0300] "GET /cormun/servlet/solicitudot?4eda181fdd50b2d62d229ba088ba1c9d79e207d219082f65d78b49df6865b5b7e08d124981724b827302aab909a36f55e69da32036ebbd1d7c6570309497144b208e0db2e53377d55625676d6e09c69eff2755f960bb091c5084b0a98b376567dfba8ade3a49e15cfb8c2631cec2aa103dd5775cb0b5a04d70061eac1377de79b74a2843a00c2af36b2955ded434e4217f9fac04a4e7fc19b9ebf9dafa1ee4dc,gx-no-cache=1457020322805 HTTP/1.1" 200 29
191.112.78.213 - - [03/Mar/2016:12:51:38 -0300] "POST /cormun/servlet/solicitudotadjuntos?78a791391b8286a9b26165191b25347f,INS,2016,469,,1, HTTP/1.1" 200 116
191.112.17.11 - - [03/Mar/2016:12:51:38 -0300] "POST /cormun/servlet/solicitudot?gx-no-cache=1457020322874 HTTP/1.1" 200 1116
191.112.17.11 - - [03/Mar/2016:12:51:38 -0300] "GET /cormun/servlet/solicitudot?4eda181fdd50b2d62d229ba088ba1c9da473d47248efcb7432f142659805758c1f5d289aca1a9f229f34d7deb2da5663299a16fe40e60d3960a81d4af8f18d043855aa1c7024c4547eb0f992050e93841371947ae7b0acfdb3b68523b839b1e3f2944366f5fd387e939ade3fdc8f1d966f7cbd23e72b2cd895a9d0946de58bd72269d21d48cec506dc324d03991e2be10ee2125499f61b20b8282a09e3759722431b65a66b79cb3446796403f7b37854,gx-no-cache=1457020323062 HTTP/1.1" 200 30
191.112.78.213 - - [03/Mar/2016:12:51:38 -0300] "GET /cormun/servlet/hpexe_return? HTTP/1.1" 200 1029
191.112.17.11 - - [03/Mar/2016:12:51:39 -0300] "POST /cormun/servlet/solicitudot?5619316feb5e38edb3968644c42d6612,UPD,2016,504,,gx-no-cache=1457020323163 HTTP/1.1" 200 93
191.112.17.11 - - [03/Mar/2016:12:51:39 -0300] "GET /cormun/servlet/hpexe_return? HTTP/1.1" 200 1037
191.112.17.11 - - [03/Mar/2016:12:51:39 -0300] "GET /cormun/servlet/trsolicitudot?gx-no-cache=1457020122313 HTTP/1.1" 200 7775
191.112.78.213 - - [03/Mar/2016:12:51:39 -0300] "GET /cormun/servlet/trsolicitudadjuntos?2016,469, HTTP/1.1" 200 7754
191.112.17.11 - - [03/Mar/2016:12:51:40 -0300] "GET /cormun/servlet/trsolicitudot?gx-no-cache=1457020122313 HTTP/1.1" 200 7792
191.112.78.213 - - [03/Mar/2016:12:51:42 -0300] "GET /cormun/servlet/trsolicitudadjuntos?2016,469, HTTP/1.1" 200 7752
192.168.10.98 - - [03/Mar/2016:12:51:42 -0300] "GET /cormun/servlet/vesolicitudgral?2016,187,, HTTP/1.1" 200 7810
192.168.10.98 - - [03/Mar/2016:12:51:42 -0300] "GET /cormun/servlet/vesolicitudgral?2016,187,, HTTP/1.1" 200 7810
192.168.10.98 - - [03/Mar/2016:12:51:43 -0300] "GET /cormun/static/gxcfg.js?2016311844818 HTTP/1.1" 200 953
192.168.10.98 - - [03/Mar/2016:12:51:43 -0300] "GET /cormun/static/vesolicitudgral.js?2016311844875 HTTP/1.1" 200 6105
192.168.10.98 - - [03/Mar/2016:12:51:43 -0300] "GET /cormun/static/tbsolicitudgral01.js?2016311844295 HTTP/1.1" 200 27012
192.168.10.98 - - [03/Mar/2016:12:51:43 -0300] "GET /cormun/pexe_scrolldiv.js HTTP/1.1" 404 1009
192.168.10.98 - - [03/Mar/2016:12:51:43 -0300] "GET /cormun/static/hpexe_tabsview.js?20151120014350 HTTP/1.1" 200 1661
192.168.10.98 - - [03/Mar/2016:12:51:43 -0300] "GET /cormun/static/hwcviewtabs.js?20151120014372 HTTP/1.1" 200 1074
192.168.10.98 - - [03/Mar/2016:12:51:43 -0300] "GET /cormun/servlet/vesolicitudgral?2016,187,, HTTP/1.1" 200 7809
191.112.78.213 - - [03/Mar/2016:12:51:44 -0300] "GET /cormun/servlet/solicitudotadjuntos?INS,2016,469,,1, HTTP/1.1" 200 5473
191.112.78.213 - - [03/Mar/2016:12:51:45 -0300] "GET /cormun/static/about:blank HTTP/1.1" 404 1011
186.103.159.204 - - [03/Mar/2016:12:51:46 -0300] "POST /cormun/servlet/solicitudot?gx-no-cache=1457020329060 HTTP/1.1" 200 2773
186.103.159.204 - - [03/Mar/2016:12:51:46 -0300] "POST /cormun/servlet/solicitudot?c5a57deb935a1786ac7ad16113976082,INS,0,0,,gx-no-cache=1457020329332 HTTP/1.1" 200 8424
186.78.57.210 - - [03/Mar/2016:12:51:46 -0300] "POST /cormun/servlet/solicitudot?gx-no-cache=1457020365999 HTTP/1.1" 200 2668
191.112.78.213 - - [03/Mar/2016:12:51:46 -0300] "GET /cormun/servlet/solicitudotadjuntos?INS,2016,469,,1, HTTP/1.1" 200 5467
186.78.57.210 - - [03/Mar/2016:12:51:47 -0300] "POST /cormun/servlet/solicitudot?47b2748899f65881853b1d07e208b3a8,INS,0,0,,gx-no-cache=1457020366541 HTTP/1.1" 200 8265
191.112.78.213 - - [03/Mar/2016:12:51:47 -0300] "GET /cormun/servlet/solicitudotadjuntos?5dc64e72aa6460987ed563b8bb772a1ee076bb238cdd5169760b57dd20588da9cc79a545b9cadcb53d627544da7dec2e,gx-no-cache=1457020332789 HTTP/1.1" 200 30
191.112.78.213 - - [03/Mar/2016:12:51:47 -0300] "POST /cormun/servlet/solicitudotadjuntos?78a791391b8286a9b26165191b25347f,INS,2016,469,,1,,gx-no-cache=1457020332939 HTTP/1.1" 200 3374
191.112.78.213 - - [03/Mar/2016:12:51:52 -0300] "POST /cormun/servlet/solicitudotadjuntos?gx-no-cache=1457020337407 HTTP/1.1" 200 26
191.112.17.11 - - [03/Mar/2016:12:51:53 -0300] "POST /cormun/servlet/trsolicitudot?5619316feb5e38edb3968644c42d6612,gx-no-cache=1457020122313,gx-no-cache=1457020336857 HTTP/1.1" 200 5257
191.112.17.11 - - [03/Mar/2016:12:51:53 -0300] "POST /cormun/servlet/trsolicitudot?5619316feb5e38edb3968644c42d6612,gx-no-cache=1457020122313,gx-no-cache=1457020337607 HTTP/1.1" 200 5257
191.112.17.11 - - [03/Mar/2016:12:51:54 -0300] "POST /cormun/servlet/trsolicitudot?5619316feb5e38edb3968644c42d6612,gx-no-cache=1457020122313,gx-no-cache=1457020338046 HTTP/1.1" 200 5257
186.103.159.204 - - [03/Mar/2016:12:51:54 -0300] "GET /cormun/servlet/solicitudot?44f070aba3c2312cb35f9611f14490aa8d2c1599bfb4c81a8a27072938a34f93c6bb3ad9df827bdacb4b4d9102a16879,gx-no-cache=1457020337111 HTTP/1.1" 200 30
186.103.159.204 - - [03/Mar/2016:12:51:54 -0300] "POST /cormun/servlet/solicitudot?gx-no-cache=1457020337162 HTTP/1.1" 200 30
186.103.159.204 - - [03/Mar/2016:12:51:54 -0300] "POST /cormun/servlet/solicitudot?gx-no-cache=1457020337215 HTTP/1.1" 200 33
191.112.17.11 - - [03/Mar/2016:12:51:54 -0300] "POST /cormun/servlet/trsolicitudot?5619316feb5e38edb3968644c42d6612,gx-no-cache=1457020122313,gx-no-cache=1457020338440 HTTP/1.1" 200 5257
186.103.159.204 - - [03/Mar/2016:12:51:54 -0300] "POST /cormun/servlet/solicitudot?gx-no-cache=1457020337295 HTTP/1.1" 200 452
186.103.159.204 - - [03/Mar/2016:12:51:54 -0300] "GET /cormun/servlet/solicitudot?44f070aba3c2312cb35f9611f14490aa40bbbe83126b6ab96c47416f84870f9b6aab69a742c1048d5f069a8a36ddd28ac07e14287bbc9cd25bb981696efb318bae3cd79b7250062e1947f309fdf3e9a25dd54a72514f7200fd7552150932f91de6c6733bacdde745c7ff76a76d9e67b33ffa81f55403d0d6bb456e525261c5a2fb348b0e275d1ce39502b756fef78e25,gx-no-cache=1457020337398 HTTP/1.1" 200 38
186.103.159.204 - - [03/Mar/2016:12:51:54 -0300] "GET /cormun/servlet/solicitudot?44f070aba3c2312cb35f9611f14490aa65e9822035e7701110350be586a54156a49debbf8260a9c849f9fecbac4feffc43845142defc78ba4d17e44623e2ee259bfd81c9202c6ecbec192d7485d9d4147b7507ae9785adc1a2c55a0fa44b7ee971a31ba75b339cfb627c792c21a20676,gx-no-cache=1457020337463 HTTP/1.1" 200 29
186.103.159.204 - - [03/Mar/2016:12:51:54 -0300] "POST /cormun/servlet/solicitudot?gx-no-cache=1457020337497 HTTP/1.1" 200 404
186.103.159.204 - - [03/Mar/2016:12:51:54 -0300] "GET /cormun/static/menuarrow.gif HTTP/1.1" 404 1015
191.112.17.11 - - [03/Mar/2016:12:51:54 -0300] "POST /cormun/servlet/trsolicitudot?5619316feb5e38edb3968644c42d6612,gx-no-cache=1457020122313,gx-no-cache=1457020338855 HTTP/1.1" 200 5257
191.112.17.11 - - [03/Mar/2016:12:51:55 -0300] "POST /cormun/servlet/trsolicitudot?5619316feb5e38edb3968644c42d6612,gx-no-cache=1457020122313,gx-no-cache=1457020339258 HTTP/1.1" 200 5257
191.112.17.11 - - [03/Mar/2016:12:51:55 -0300] "POST /cormun/servlet/trsolicitudot?5619316feb5e38edb3968644c42d6612,gx-no-cache=1457020122313,gx-no-cache=1457020339687 HTTP/1.1" 200 5257
191.112.17.11 - - [03/Mar/2016:12:51:56 -0300] "POST /cormun/servlet/trsolicitudot?5619316feb5e38edb3968644c42d6612,gx-no-cache=1457020122313,gx-no-cache=1457020340131 HTTP/1.1" 200 5276
186.103.159.204 - - [03/Mar/2016:12:51:56 -0300] "POST /cormun/servlet/solicitudot?gx-no-cache=1457020339108 HTTP/1.1" 200 30
186.103.159.204 - - [03/Mar/2016:12:51:56 -0300] "POST /cormun/servlet/solicitudot?gx-no-cache=1457020339173 HTTP/1.1" 200 33
186.103.159.204 - - [03/Mar/2016:12:51:56 -0300] "POST /cormun/servlet/solicitudot?gx-no-cache=1457020339238 HTTP/1.1" 200 452
186.103.159.204 - - [03/Mar/2016:12:51:56 -0300] "GET /cormun/servlet/solicitudot?44f070aba3c2312cb35f9611f14490aa40bbbe83126b6ab96c47416f84870f9b6aab69a742c1048d5f069a8a36ddd28ac07e14287bbc9cd25bb981696efb318bae3cd79b7250062e1947f309fdf3e9a25dd54a72514f7200fd7552150932f91de6c6733bacdde745c7ff76a76d9e67b33ffa81f55403d0d6bb456e525261c5a2fb348b0e275d1ce39502b756fef78e25,gx-no-cache=1457020339335 HTTP/1.1" 200 38
186.103.159.204 - - [03/Mar/2016:12:51:56 -0300] "POST /cormun/servlet/solicitudot?gx-no-cache=1457020339412 HTTP/1.1" 200 404
186.78.57.210 - - [03/Mar/2016:12:51:57 -0300] "GET /cormun/servlet/solicitudot?6e39a9a0d1bc265ceaef7678f52d3ee75284e5f20a6536e0c8e91d0be139b320dd9e96aa7d8ea484af62e47c500cb145,gx-no-cache=1457020377071 HTTP/1.1" 200 30
191.112.17.11 - - [03/Mar/2016:12:52:02 -0300] "POST /cormun/servlet/trsolicitudot?5619316feb5e38edb3968644c42d6612,gx-no-cache=1457020122313,gx-no-cache=1457020346442 HTTP/1.1" 200 5504
191.112.78.213 - - [03/Mar/2016:12:52:03 -0300] "GET /cormun/servlet/solicitudotadjuntos?5dc64e72aa6460987ed563b8bb772a1eb7d76dcf35d15f6dca7db02f4044a319,gx-no-cache=1457020348791 HTTP/1.1" 200 30
191.112.78.213 - - [03/Mar/2016:12:52:03 -0300] "GET /cormun/servlet/solicitudotadjuntos?5dc64e72aa6460987ed563b8bb772a1eb7d76dcf35d15f6dca7db02f4044a319,gx-no-cache=1457020348897 HTTP/1.1" 200 30
192.168.10.98 - - [03/Mar/2016:12:52:04 -0300] "GET /cormun/servlet/trsolicitudgral HTTP/1.1" 200 18727
191.112.78.213 - - [03/Mar/2016:12:52:05 -0300] "POST /cormun/servlet/solicitudotadjuntos?78a791391b8286a9b26165191b25347f,INS,2016,469,,1, HTTP/1.1" 200 116
191.112.78.213 - - [03/Mar/2016:12:52:05 -0300] "GET /cormun/servlet/hpexe_return? HTTP/1.1" 200 1029
192.168.10.98 - - [03/Mar/2016:12:52:05 -0300] "GET /cormun/servlet/trsolicitudgral HTTP/1.1" 200 18737
191.112.17.11 - - [03/Mar/2016:12:52:06 -0300] "POST /cormun/servlet/trsolicitudot?5619316feb5e38edb3968644c42d6612,gx-no-cache=1457020122313,gx-no-cache=1457020350092 HTTP/1.1" 200 5504
191.112.78.213 - - [03/Mar/2016:12:52:06 -0300] "GET /cormun/servlet/trsolicitudadjuntos?2016,469, HTTP/1.1" 200 7881
191.112.78.213 - - [03/Mar/2016:12:52:08 -0300] "GET /cormun/servlet/trsolicitudadjuntos?2016,469, HTTP/1.1" 200 7879
186.103.159.204 - - [03/Mar/2016:12:52:11 -0300] "GET /cormun/servlet/solicitudot?44f070aba3c2312cb35f9611f14490aaa157e32e3f5e16a21c2439b0d9b150213bea5aafe7880e09e40a207caab732b156f83e92c84ff895c8e2ca56e5d225efdeb305ff470f3bc295c708a917b7a3d7255bb45c60702f7ad63093b963bf5806d938cc30190b002e51f443713e59344e330ca23ac949d07463d2d967fdd48597e4d224273fde98bb952d31df1679d42df8e107e2ec664fea7dad8ed2d01877c54f0fc7f88cc2552acfe527e38c784053,gx-no-cache=1457020353943 HTTP/1.1" 200 30
192.168.10.98 - - [03/Mar/2016:12:52:14 -0300] "GET /cormun/servlet/vesolicitudgral?2016,159,, HTTP/1.1" 200 7823
192.168.10.98 - - [03/Mar/2016:12:52:14 -0300] "GET /cormun/pexe_scrolldiv.js HTTP/1.1" 404 1009
192.168.10.98 - - [03/Mar/2016:12:52:14 -0300] "GET /cormun/pexe_scrolldiv.js HTTP/1.1" 404 1009
192.168.10.98 - - [03/Mar/2016:12:52:14 -0300] "GET /cormun/servlet/vesolicitudgral?2016,159,, HTTP/1.1" 200 7823
191.112.17.11 - - [03/Mar/2016:12:52:15 -0300] "POST /cormun/servlet/trsolicitudot?5619316feb5e38edb3968644c42d6612,gx-no-cache=1457020122313,gx-no-cache=1457020359436 HTTP/1.1" 200 3497
191.112.17.11 - - [03/Mar/2016:12:52:15 -0300] "GET /cormun/servlet/trsolicitudot?ffa1ef4ae70d32fe871baa51a855350fe353be8c11c194b7daf571951d29d7d54084f84e3c1aa6adb3df1d7f7a2b83927fe31e26d6a198ea297a2c922fb530617da3a4c6987fa042af92a31f72ed10af96d755434adfc02e195fc392ed5f44e4,gx-no-cache=1457020359839 HTTP/1.1" 200 781
191.112.78.213 - - [03/Mar/2016:12:52:18 -0300] "GET /cormun/servlet/solicitudotadjuntos?INS,2016,469,,1, HTTP/1.1" 200 5474
191.112.78.213 - - [03/Mar/2016:12:52:18 -0300] "GET /cormun/static/about:blank HTTP/1.1" 404 1011
191.112.78.213 - - [03/Mar/2016:12:52:20 -0300] "GET /cormun/servlet/solicitudotadjuntos?INS,2016,469,,1, HTTP/1.1" 200 5468
191.112.78.213 - - [03/Mar/2016:12:52:20 -0300] "GET /cormun/servlet/solicitudotadjuntos?5dc64e72aa6460987ed563b8bb772a1ee076bb238cdd5169760b57dd20588da9cc79a545b9cadcb53d627544da7dec2e,gx-no-cache=1457020365985 HTTP/1.1" 200 30
191.112.78.213 - - [03/Mar/2016:12:52:21 -0300] "POST /cormun/servlet/solicitudotadjuntos?78a791391b8286a9b26165191b25347f,INS,2016,469,,1,,gx-no-cache=1457020366118 HTTP/1.1" 200 3375
191.112.17.11 - - [03/Mar/2016:12:52:21 -0300] "POST /cormun/servlet/trsolicitudot?5619316feb5e38edb3968644c42d6612,gx-no-cache=1457020122313,gx-no-cache=1457020365022 HTTP/1.1" 200 3497
191.112.17.11 - - [03/Mar/2016:12:52:21 -0300] "GET /cormun/servlet/trsolicitudot?ffa1ef4ae70d32fe871baa51a855350fecce5e082f1b6a403db7c1443c58ff88b5b9b35845f1ba4d213b9aae7380e5397fe31e26d6a198ea297a2c922fb53061a8d28f3be6d4b6552209013fae3d7c8ffe3c17c2802171ae1e560d3d5cc55502,gx-no-cache=1457020365443 HTTP/1.1" 200 781
191.112.17.11 - - [03/Mar/2016:12:52:23 -0300] "POST /cormun/servlet/trsolicitudot?5619316feb5e38edb3968644c42d6612,gx-no-cache=1457020122313,gx-no-cache=1457020367288 HTTP/1.1" 200 5257
186.103.159.204 - - [03/Mar/2016:12:52:23 -0300] "GET /cormun/servlet/solicitudot?44f070aba3c2312cb35f9611f14490aaa157e32e3f5e16a21c2439b0d9b150213bea5aafe7880e09e40a207caab732b156f83e92c84ff895c8e2ca56e5d225efdeb305ff470f3bc295c708a917b7a3d7255bb45c60702f7ad63093b963bf5806d938cc30190b002e51f443713e59344e330ca23ac949d07463d2d967fdd48597e4d224273fde98bb952d31df1679d42df8e107e2ec664fea7dad8ed2d01877c54f0fc7f88cc2552acfe527e38c784053,gx-no-cache=1457020366171 HTTP/1.1" 200 30
191.112.17.11 - - [03/Mar/2016:12:52:23 -0300] "GET /cormun/servlet/trsolicitudot?ffa1ef4ae70d32fe871baa51a855350ff75c9b973cd1ed6ba4422a55aaa84202b5b9b35845f1ba4d213b9aae7380e5397fe31e26d6a198ea297a2c922fb53061a8d28f3be6d4b6552209013fae3d7c8ffe3c17c2802171ae1e560d3d5cc55502,gx-no-cache=1457020367692 HTTP/1.1" 200 2601
186.103.159.204 - - [03/Mar/2016:12:52:23 -0300] "POST /cormun/servlet/solicitudot?c5a57deb935a1786ac7ad16113976082,INS,0,0,,gx-no-cache=1457020366206 HTTP/1.1" 200 93
186.103.159.204 - - [03/Mar/2016:12:52:23 -0300] "GET /cormun/servlet/hpexe_return? HTTP/1.1" 200 1027
186.103.159.204 - - [03/Mar/2016:12:52:23 -0300] "GET /cormun/servlet/trsolicitudot?gx-no-cache=1457020164769 HTTP/1.1" 200 8956
191.112.78.213 - - [03/Mar/2016:12:52:23 -0300] "POST /cormun/servlet/solicitudotadjuntos?gx-no-cache=1457020369188 HTTP/1.1" 200 26
186.103.159.204 - - [03/Mar/2016:12:52:24 -0300] "GET /cormun/servlet/trsolicitudot?gx-no-cache=1457020164769 HTTP/1.1" 200 8972
192.168.10.98 - - [03/Mar/2016:12:52:28 -0300] "GET /cormun/servlet/trsolicitudgral HTTP/1.1" 200 18727
192.168.10.98 - - [03/Mar/2016:12:52:30 -0300] "GET /cormun/servlet/trsolicitudgral HTTP/1.1" 200 18737
186.103.159.204 - - [03/Mar/2016:12:52:33 -0300] "GET /cormun/servlet/solicitudot?INS,0,0, HTTP/1.1" 200 11459
191.112.17.11 - - [03/Mar/2016:12:52:34 -0300] "POST /cormun/servlet/trsolicitudot?5619316feb5e38edb3968644c42d6612,gx-no-cache=1457020122313,gx-no-cache=1457020377919 HTTP/1.1" 200 5257
191.112.17.11 - - [03/Mar/2016:12:52:34 -0300] "POST /cormun/servlet/trsolicitudot?5619316feb5e38edb3968644c42d6612,gx-no-cache=1457020122313,gx-no-cache=1457020378391 HTTP/1.1" 200 5257
186.103.159.204 - - [03/Mar/2016:12:52:34 -0300] "GET /cormun/servlet/solicitudot?INS,0,0, HTTP/1.1" 200 11442
191.112.17.11 - - [03/Mar/2016:12:52:34 -0300] "POST /cormun/servlet/trsolicitudot?5619316feb5e38edb3968644c42d6612,gx-no-cache=1457020122313,gx-no-cache=1457020378834 HTTP/1.1" 200 5257
191.112.17.11 - - [03/Mar/2016:12:52:35 -0300] "POST /cormun/servlet/trsolicitudot?5619316feb5e38edb3968644c42d6612,gx-no-cache=1457020122313,gx-no-cache=1457020379276 HTTP/1.1" 200 5257
191.112.17.11 - - [03/Mar/2016:12:52:35 -0300] "POST /cormun/servlet/trsolicitudot?5619316feb5e38edb3968644c42d6612,gx-no-cache=1457020122313,gx-no-cache=1457020379733 HTTP/1.1" 200 5257
191.112.17.11 - - [03/Mar/2016:12:52:36 -0300] "POST /cormun/servlet/trsolicitudot?5619316feb5e38edb3968644c42d6612,gx-no-cache=1457020122313,gx-no-cache=1457020380171 HTTP/1.1" 200 5257
191.112.17.11 - - [03/Mar/2016:12:52:36 -0300] "POST /cormun/servlet/trsolicitudot?5619316feb5e38edb3968644c42d6612,gx-no-cache=1457020122313,gx-no-cache=1457020380613 HTTP/1.1" 200 5257
191.112.17.11 - - [03/Mar/2016:12:52:37 -0300] "POST /cormun/servlet/trsolicitudot?5619316feb5e38edb3968644c42d6612,gx-no-cache=1457020122313,gx-no-cache=1457020381091 HTTP/1.1" 200 5276
186.103.159.204 - - [03/Mar/2016:12:52:48 -0300] "POST /cormun/servlet/solicitudot?gx-no-cache=1457020391236 HTTP/1.1" 200 2775
186.103.159.204 - - [03/Mar/2016:12:52:48 -0300] "POST /cormun/servlet/solicitudot?c5a57deb935a1786ac7ad16113976082,INS,0,0,,gx-no-cache=1457020391398 HTTP/1.1" 200 8423
186.103.159.204 - - [03/Mar/2016:12:52:53 -0300] "GET /cormun/servlet/solicitudot?44f070aba3c2312cb35f9611f14490aabb108b2250f875eae8881d905ee67dbbc6bb3ad9df827bdacb4b4d9102a16879,gx-no-cache=1457020396049 HTTP/1.1" 200 30
186.103.159.204 - - [03/Mar/2016:12:52:53 -0300] "POST /cormun/servlet/solicitudot?gx-no-cache=1457020396116 HTTP/1.1" 200 30
186.103.159.204 - - [03/Mar/2016:12:52:53 -0300] "POST /cormun/servlet/solicitudot?gx-no-cache=1457020396189 HTTP/1.1" 200 33
186.103.159.204 - - [03/Mar/2016:12:52:53 -0300] "POST /cormun/servlet/solicitudot?gx-no-cache=1457020396298 HTTP/1.1" 200 452
186.103.159.204 - - [03/Mar/2016:12:52:53 -0300] "GET /cormun/servlet/solicitudot?44f070aba3c2312cb35f9611f14490aa40bbbe83126b6ab96c47416f84870f9b6aab69a742c1048d5f069a8a36ddd28ac07e14287bbc9cd25bb981696efb318bae3cd79b7250062e1947f309fdf3e9a25dd54a72514f7200fd7552150932f91de6c6733bacdde745c7ff76a76d9e67b33ffa81f55403d0d6bb456e525261c5a2fb348b0e275d1ce39502b756fef78e25,gx-no-cache=1457020396396 HTTP/1.1" 200 38
186.103.159.204 - - [03/Mar/2016:12:52:53 -0300] "GET /cormun/servlet/solicitudot?44f070aba3c2312cb35f9611f14490aa65e9822035e7701110350be586a54156a49debbf8260a9c849f9fecbac4feffc43845142defc78ba4d17e44623e2ee259bfd81c9202c6ecbec192d7485d9d4147b7507ae9785adc1a2c55a0fa44b7ee971a31ba75b339cfb627c792c21a20676,gx-no-cache=1457020396462 HTTP/1.1" 200 29
186.103.159.204 - - [03/Mar/2016:12:52:53 -0300] "POST /cormun/servlet/solicitudot?gx-no-cache=1457020396496 HTTP/1.1" 200 404
186.103.159.204 - - [03/Mar/2016:12:52:53 -0300] "GET /cormun/static/menuarrow.gif HTTP/1.1" 404 1015
186.103.159.204 - - [03/Mar/2016:12:52:55 -0300] "POST /cormun/servlet/solicitudot?gx-no-cache=1457020398643 HTTP/1.1" 200 30
186.103.159.204 - - [03/Mar/2016:12:52:55 -0300] "POST /cormun/servlet/solicitudot?gx-no-cache=1457020398688 HTTP/1.1" 200 33
186.103.159.204 - - [03/Mar/2016:12:52:56 -0300] "POST /cormun/servlet/solicitudot?gx-no-cache=1457020398742 HTTP/1.1" 200 452
186.103.159.204 - - [03/Mar/2016:12:52:56 -0300] "GET /cormun/servlet/solicitudot?44f070aba3c2312cb35f9611f14490aa40bbbe83126b6ab96c47416f84870f9b6aab69a742c1048d5f069a8a36ddd28ac07e14287bbc9cd25bb981696efb318bae3cd79b7250062e1947f309fdf3e9a25dd54a72514f7200fd7552150932f91de6c6733bacdde745c7ff76a76d9e67b33ffa81f55403d0d6bb456e525261c5a2fb348b0e275d1ce39502b756fef78e25,gx-no-cache=1457020398863 HTTP/1.1" 200 38
186.103.159.204 - - [03/Mar/2016:12:52:56 -0300] "POST /cormun/servlet/solicitudot?gx-no-cache=1457020398940 HTTP/1.1" 200 404
191.112.17.11 - - [03/Mar/2016:12:53:06 -0300] "POST /cormun/servlet/trsolicitudot?5619316feb5e38edb3968644c42d6612,gx-no-cache=1457020122313,gx-no-cache=1457020410639 HTTP/1.1" 200 105
191.112.17.11 - - [03/Mar/2016:12:53:07 -0300] "GET /cormun/servlet/solicitudot?UPD,2016,504, HTTP/1.1" 200 12638
191.112.17.11 - - [03/Mar/2016:12:53:07 -0300] "GET /cormun/servlet/solicitudot?UPD,2016,504, HTTP/1.1" 200 12625
191.112.17.11 - - [03/Mar/2016:12:53:08 -0300] "POST /cormun/servlet/solicitudot?gx-no-cache=1457020412293 HTTP/1.1" 200 2760
191.112.17.11 - - [03/Mar/2016:12:53:08 -0300] "POST /cormun/servlet/solicitudot?5619316feb5e38edb3968644c42d6612,UPD,2016,504,,gx-no-cache=1457020412643 HTTP/1.1" 200 9086
191.112.17.11 - - [03/Mar/2016:12:53:08 -0300] "GET /cormun/servlet/solicitudot?4eda181fdd50b2d62d229ba088ba1c9d2228ab9f4f129b8b1ae074886dfc6aa53537eba584022b2a2f15dadf71360f32,gx-no-cache=1457020413090 HTTP/1.1" 200 30
191.112.17.11 - - [03/Mar/2016:12:53:09 -0300] "POST /cormun/servlet/solicitudot?gx-no-cache=1457020413175 HTTP/1.1" 200 30
191.112.17.11 - - [03/Mar/2016:12:53:09 -0300] "POST /cormun/servlet/solicitudot?gx-no-cache=1457020413324 HTTP/1.1" 200 30
191.112.17.11 - - [03/Mar/2016:12:53:09 -0300] "POST /cormun/servlet/solicitudot?gx-no-cache=1457020413423 HTTP/1.1" 200 1158
191.112.17.11 - - [03/Mar/2016:12:53:09 -0300] "GET /cormun/servlet/solicitudot?4eda181fdd50b2d62d229ba088ba1c9d2c564a9d5d25d7b8137388f0be8bb90eb783d726883da2c7c91087e0632ba1499fd06a4b4016578e927fc11a5fc252353e40a15a85a208bd248865921318786ebb604b685802edf5ec49e64d78f0e669941f0e1df093e648deeb578d37a32767110b1c2c833d726a15b02e0342157ed0a868ac69fcb440180d16cd458537c1e5ce477556fc184cbc898e401c215cfe22,gx-no-cache=1457020413609 HTTP/1.1" 200 41
186.103.159.204 - - [03/Mar/2016:12:53:14 -0300] "GET /cormun/servlet/solicitudot?44f070aba3c2312cb35f9611f14490aab09e34f226aa41dc70755365b73b5fa401e26b640abebd45f19a61c81f1b1b3656f83e92c84ff895c8e2ca56e5d225efdeb305ff470f3bc295c708a917b7a3d7255bb45c60702f7ad63093b963bf5806d938cc30190b002e51f443713e59344e330ca23ac949d07463d2d967fdd48597e4d224273fde98bb952d31df1679d42df8e107e2ec664fea7dad8ed2d01877c54f0fc7f88cc2552acfe527e38c784053,gx-no-cache=1457020417105 HTTP/1.1" 200 30
191.112.17.11 - - [03/Mar/2016:12:53:20 -0300] "POST /cormun/servlet/solicitudot?gx-no-cache=1457020424893 HTTP/1.1" 200 30
186.103.159.204 - - [03/Mar/2016:12:53:27 -0300] "GET /cormun/servlet/solicitudot?44f070aba3c2312cb35f9611f14490aab09e34f226aa41dc70755365b73b5fa401e26b640abebd45f19a61c81f1b1b3656f83e92c84ff895c8e2ca56e5d225efdeb305ff470f3bc295c708a917b7a3d7255bb45c60702f7ad63093b963bf5806d938cc30190b002e51f443713e59344e330ca23ac949d07463d2d967fdd48597e4d224273fde98bb952d31df1679d42df8e107e2ec664fea7dad8ed2d01877c54f0fc7f88cc2552acfe527e38c784053,gx-no-cache=1457020430653 HTTP/1.1" 200 30
186.103.159.204 - - [03/Mar/2016:12:53:28 -0300] "POST /cormun/servlet/solicitudot?c5a57deb935a1786ac7ad16113976082,INS,0,0,,gx-no-cache=1457020430686 HTTP/1.1" 200 93
186.103.159.204 - - [03/Mar/2016:12:53:28 -0300] "GET /cormun/servlet/hpexe_return? HTTP/1.1" 200 1027
186.103.159.204 - - [03/Mar/2016:12:53:28 -0300] "GET /cormun/servlet/trsolicitudot?gx-no-cache=1457020164769 HTTP/1.1" 200 9220
186.103.159.204 - - [03/Mar/2016:12:53:29 -0300] "GET /cormun/servlet/trsolicitudot?gx-no-cache=1457020164769 HTTP/1.1" 200 9235
191.112.17.11 - - [03/Mar/2016:12:53:32 -0300] "POST /cormun/servlet/solicitudot?gx-no-cache=1457020436223 HTTP/1.1" 200 1158
191.112.17.11 - - [03/Mar/2016:12:53:32 -0300] "GET /cormun/servlet/solicitudot?4eda181fdd50b2d62d229ba088ba1c9d2c564a9d5d25d7b8137388f0be8bb90eb783d726883da2c7c91087e0632ba1499fd06a4b4016578e927fc11a5fc252353e40a15a85a208bd248865921318786ebb604b685802edf5ec49e64d78f0e669941f0e1df093e648deeb578d37a32767110b1c2c833d726a15b02e0342157ed0a868ac69fcb440180d16cd458537c1e5ce477556fc184cbc898e401c215cfe22,gx-no-cache=1457020436438 HTTP/1.1" 200 41
191.112.17.11 - - [03/Mar/2016:12:53:32 -0300] "GET /cormun/servlet/solicitudot?4eda181fdd50b2d62d229ba088ba1c9d79e207d219082f65d78b49df6865b5b7e08d124981724b827302aab909a36f55e69da32036ebbd1d7c6570309497144b208e0db2e53377d55625676d6e09c69eff2755f960bb091c5084b0a98b376567dfba8ade3a49e15cfb8c2631cec2aa103dd5775cb0b5a04d70061eac1377de79b74a2843a00c2af36b2955ded434e4217f9fac04a4e7fc19b9ebf9dafa1ee4dc,gx-no-cache=1457020436558 HTTP/1.1" 200 29
191.112.17.11 - - [03/Mar/2016:12:53:32 -0300] "POST /cormun/servlet/solicitudot?gx-no-cache=1457020436667 HTTP/1.1" 200 1116
191.112.17.11 - - [03/Mar/2016:12:53:32 -0300] "GET /cormun/servlet/solicitudot?4eda181fdd50b2d62d229ba088ba1c9da473d47248efcb7432f142659805758c1f5d289aca1a9f229f34d7deb2da5663299a16fe40e60d3960a81d4af8f18d043855aa1c7024c4547eb0f992050e93841371947ae7b0acfdb3b68523b839b1e3f2944366f5fd387e939ade3fdc8f1d966f7cbd23e72b2cd895a9d0946de58bd72269d21d48cec506dc324d03991e2be10ee2125499f61b20b8282a09e3759722431b65a66b79cb3446796403f7b37854,gx-no-cache=1457020436838 HTTP/1.1" 200 30
191.112.17.11 - - [03/Mar/2016:12:53:33 -0300] "POST /cormun/servlet/solicitudot?5619316feb5e38edb3968644c42d6612,UPD,2016,504,,gx-no-cache=1457020436974 HTTP/1.1" 200 93
191.112.17.11 - - [03/Mar/2016:12:53:33 -0300] "GET /cormun/servlet/hpexe_return? HTTP/1.1" 200 1037
191.112.17.11 - - [03/Mar/2016:12:53:33 -0300] "GET /cormun/servlet/trsolicitudot?gx-no-cache=1457020122313 HTTP/1.1" 200 7779
191.112.17.11 - - [03/Mar/2016:12:53:33 -0300] "GET /cormun/servlet/trsolicitudot?gx-no-cache=1457020122313 HTTP/1.1" 200 7796
191.112.17.11 - - [03/Mar/2016:12:53:38 -0300] "POST /cormun/servlet/trsolicitudot?5619316feb5e38edb3968644c42d6612,gx-no-cache=1457020122313,gx-no-cache=1457020442488 HTTP/1.1" 200 5265
191.112.17.11 - - [03/Mar/2016:12:53:38 -0300] "POST /cormun/servlet/trsolicitudot?5619316feb5e38edb3968644c42d6612,gx-no-cache=1457020122313,gx-no-cache=1457020442879 HTTP/1.1" 200 5265
191.112.17.11 - - [03/Mar/2016:12:53:39 -0300] "POST /cormun/servlet/trsolicitudot?5619316feb5e38edb3968644c42d6612,gx-no-cache=1457020122313,gx-no-cache=1457020443287 HTTP/1.1" 200 5265
191.112.17.11 - - [03/Mar/2016:12:53:39 -0300] "POST /cormun/servlet/trsolicitudot?5619316feb5e38edb3968644c42d6612,gx-no-cache=1457020122313,gx-no-cache=1457020443692 HTTP/1.1" 200 5265
191.112.17.11 - - [03/Mar/2016:12:53:40 -0300] "POST /cormun/servlet/trsolicitudot?5619316feb5e38edb3968644c42d6612,gx-no-cache=1457020122313,gx-no-cache=1457020444116 HTTP/1.1" 200 5265
191.112.17.11 - - [03/Mar/2016:12:53:40 -0300] "POST /cormun/servlet/trsolicitudot?5619316feb5e38edb3968644c42d6612,gx-no-cache=1457020122313,gx-no-cache=1457020444533 HTTP/1.1" 200 5265
191.112.17.11 - - [03/Mar/2016:12:53:41 -0300] "POST /cormun/servlet/trsolicitudot?5619316feb5e38edb3968644c42d6612,gx-no-cache=1457020122313,gx-no-cache=1457020444935 HTTP/1.1" 200 5265
191.112.17.11 - - [03/Mar/2016:12:53:41 -0300] "POST /cormun/servlet/trsolicitudot?5619316feb5e38edb3968644c42d6612,gx-no-cache=1457020122313,gx-no-cache=1457020445342 HTTP/1.1" 200 5511
191.112.17.11 - - [03/Mar/2016:12:53:47 -0300] "POST /cormun/servlet/trsolicitudot?5619316feb5e38edb3968644c42d6612,gx-no-cache=1457020122313,gx-no-cache=1457020450939 HTTP/1.1" 200 5265
191.112.17.11 - - [03/Mar/2016:12:53:47 -0300] "POST /cormun/servlet/trsolicitudot?5619316feb5e38edb3968644c42d6612,gx-no-cache=1457020122313,gx-no-cache=1457020451385 HTTP/1.1" 200 5265
191.112.17.11 - - [03/Mar/2016:12:53:47 -0300] "POST /cormun/servlet/trsolicitudot?5619316feb5e38edb3968644c42d6612,gx-no-cache=1457020122313,gx-no-cache=1457020451860 HTTP/1.1" 200 5265
191.112.17.11 - - [03/Mar/2016:12:53:48 -0300] "POST /cormun/servlet/trsolicitudot?5619316feb5e38edb3968644c42d6612,gx-no-cache=1457020122313,gx-no-cache=1457020452288 HTTP/1.1" 200 5265
191.112.17.11 - - [03/Mar/2016:12:53:48 -0300] "POST /cormun/servlet/trsolicitudot?5619316feb5e38edb3968644c42d6612,gx-no-cache=1457020122313,gx-no-cache=1457020452709 HTTP/1.1" 200 5265
191.112.17.11 - - [03/Mar/2016:12:53:49 -0300] "POST /cormun/servlet/trsolicitudot?5619316feb5e38edb3968644c42d6612,gx-no-cache=1457020122313,gx-no-cache=1457020453166 HTTP/1.1" 200 5265
191.112.17.11 - - [03/Mar/2016:12:53:49 -0300] "POST /cormun/servlet/trsolicitudot?5619316feb5e38edb3968644c42d6612,gx-no-cache=1457020122313,gx-no-cache=1457020453625 HTTP/1.1" 200 5265
191.112.17.11 - - [03/Mar/2016:12:53:50 -0300] "POST /cormun/servlet/trsolicitudot?5619316feb5e38edb3968644c42d6612,gx-no-cache=1457020122313,gx-no-cache=1457020454051 HTTP/1.1" 200 106
191.112.17.11 - - [03/Mar/2016:12:53:50 -0300] "GET /cormun/servlet/trsolicitudadjuntos?2016,504, HTTP/1.1" 200 5355
191.112.17.11 - - [03/Mar/2016:12:53:50 -0300] "GET /cormun/static/gxcfg.js?2016311731090 HTTP/1.1" 200 953
191.112.17.11 - - [03/Mar/2016:12:53:50 -0300] "GET /cormun/static/trsolicitudadjuntos.js?2016311731342 HTTP/1.1" 200 17275
191.112.17.11 - - [03/Mar/2016:12:53:50 -0300] "GET /cormun/servlet/trsolicitudadjuntos?2016,504, HTTP/1.1" 200 5335
191.112.17.11 - - [03/Mar/2016:12:53:51 -0300] "POST /cormun/servlet/acontrolpreferencessavestate?None,CD-12,true HTTP/1.1" 200 35
191.112.17.11 - - [03/Mar/2016:12:53:54 -0300] "GET /cormun/servlet/solicitudotadjuntos?INS,2016,504,,1, HTTP/1.1" 200 5422
191.112.17.11 - - [03/Mar/2016:12:53:54 -0300] "GET /cormun/static/gxcfg.js?2016311984045 HTTP/1.1" 200 953
191.112.17.11 - - [03/Mar/2016:12:53:54 -0300] "GET /cormun/static/solicitudotadjuntos.js?2016311984068 HTTP/1.1" 200 11762
191.112.17.11 - - [03/Mar/2016:12:53:55 -0300] "GET /cormun/static/about:blank HTTP/1.1" 404 1011
191.112.17.11 - - [03/Mar/2016:12:53:55 -0300] "GET /cormun/servlet/solicitudotadjuntos?INS,2016,504,,1, HTTP/1.1" 200 5416
191.112.17.11 - - [03/Mar/2016:12:53:55 -0300] "GET /cormun/servlet/solicitudotadjuntos?4eda181fdd50b2d62d229ba088ba1c9d2eb66f9a7751bf82c26a967f19e5839fce477556fc184cbc898e401c215cfe22,gx-no-cache=1457020459829 HTTP/1.1" 200 30
191.112.17.11 - - [03/Mar/2016:12:53:55 -0300] "POST /cormun/servlet/solicitudotadjuntos?5619316feb5e38edb3968644c42d6612,INS,2016,504,,1,,gx-no-cache=1457020459966 HTTP/1.1" 200 3359
186.78.57.210 - - [03/Mar/2016:12:53:59 -0300] "POST /cormun/servlet/solicitudot?gx-no-cache=1457020498731 HTTP/1.1" 200 120
186.78.57.210 - - [03/Mar/2016:12:54:01 -0300] "POST /cormun/servlet/solicitudot?gx-no-cache=1457020501263 HTTP/1.1" 200 30
186.78.57.210 - - [03/Mar/2016:12:54:06 -0300] "POST /cormun/servlet/solicitudot?gx-no-cache=1457020505806 HTTP/1.1" 200 30
186.78.57.210 - - [03/Mar/2016:12:54:08 -0300] "POST /cormun/servlet/solicitudot?gx-no-cache=1457020507652 HTTP/1.1" 200 452
