186.103.159.189 - - [03/Mar/2016:08:54:15 -0300] "POST /cormun/servlet/trvisualizadoreventos?aaa58fc1cb7f5486433a97b3dd34cf2e,,gx-no-cache=1457006078609 HTTP/1.1" 200 3350
186.103.159.189 - - [03/Mar/2016:08:54:16 -0300] "GET /cormun/servlet/trvisualizadoreventos?c2a5f45d4fa7e3101a5ec4d866a52bc070a60d33b1e5396797db1aacd6a504ee8ea8341f2ff7d66c9831d40f8f79b561421fccded53db858758f34fdae66a5906a4b46b0a098c720fd49f5b5eca6e3b916859c679d80cf9d3599f6b5339449c84598c2ba0489ed30d6bc3940be16ba61075d9d7013a453a0ab603a7bc4e71bb7c8ff71680591396f1a807083fbd59b2ed1cf0848dd0d3a36fca96462f067bb9149088b2dfe550c746584fa6e8faa60f6aa0bc216c429aaaa85b58039d6064422,gx-no-cache=1457006079092 HTTP/1.1" 200 578
186.103.159.189 - - [03/Mar/2016:08:54:18 -0300] "POST /cormun/servlet/trvisualizadoreventos?aaa58fc1cb7f5486433a97b3dd34cf2e,,gx-no-cache=1457006081891 HTTP/1.1" 200 3347
186.103.159.189 - - [03/Mar/2016:08:54:19 -0300] "GET /cormun/servlet/trvisualizadoreventos?c2a5f45d4fa7e3101a5ec4d866a52bc0b2896c394c93e4c77dcdc4451aa04683355994b728854108596e4ddd5f5b08b8421fccded53db858758f34fdae66a5906a4b46b0a098c720fd49f5b5eca6e3b916859c679d80cf9d3599f6b5339449c84598c2ba0489ed30d6bc3940be16ba61075d9d7013a453a0ab603a7bc4e71bb7c8ff71680591396f1a807083fbd59b2ed1cf0848dd0d3a36fca96462f067bb9149088b2dfe550c746584fa6e8faa60f6aa0bc216c429aaaa85b58039d6064422,gx-no-cache=1457006082503 HTTP/1.1" 200 576
186.103.159.189 - - [03/Mar/2016:08:54:30 -0300] "GET /cormun/servlet/trsolicitudot? HTTP/1.1" 200 6173
186.103.159.189 - - [03/Mar/2016:08:54:30 -0300] "GET /cormun/static/gxcfg.js?201631185636 HTTP/1.1" 200 953
186.103.159.189 - - [03/Mar/2016:08:54:30 -0300] "GET /cormun/static/trsolicitudot.js?2016311856838 HTTP/1.1" 200 45326
186.103.159.189 - - [03/Mar/2016:08:54:31 -0300] "GET /cormun/static/Resources/Spanish/PXTools.css?18502099 HTTP/1.1" 200 89042
186.103.159.189 - - [03/Mar/2016:08:54:33 -0300] "GET /cormun/servlet/trsolicitudot? HTTP/1.1" 200 6173
192.168.10.98 - - [03/Mar/2016:08:54:36 -0300] "POST /cormun/servlet/trsolicitudgral?e810a9a188bc89e1b0063d5e69be037e,,gx-no-cache=1457005828895 HTTP/1.1" 200 6135
192.168.10.98 - - [03/Mar/2016:08:54:38 -0300] "GET /cormun/servlet/trsolicitudgral?824fe0031161d2ab643b848fba882243075cb79631cee9b4f3489c8562e29be191bc3fe84be3ae7860d991ad00ec3663ae8d0d60fb16f52935fde8e8a5f6695615b958b1874331141c5135fdc9684e44c880ae6db80a8150ad5781cc48887c55,gx-no-cache=1457005830813 HTTP/1.1" 200 2479
192.168.10.98 - - [03/Mar/2016:08:54:43 -0300] "POST /cormun/servlet/trsolicitudgral?e810a9a188bc89e1b0063d5e69be037e,,gx-no-cache=1457005835490 HTTP/1.1" 200 4479
192.168.10.98 - - [03/Mar/2016:08:54:43 -0300] "GET /cormun/servlet/trsolicitudgral?824fe0031161d2ab643b848fba88224347a2e9661bd0153c903598ed36da96121b29a546b0f44d0d413c812f42700db4ae8d0d60fb16f52935fde8e8a5f669568616679d407a726bc329ccf1e39c101ac880ae6db80a8150ad5781cc48887c55,gx-no-cache=1457005836227 HTTP/1.1" 200 641
186.103.159.189 - - [03/Mar/2016:08:54:46 -0300] "GET /cormun/servlet/solicitudot?INS,0,0, HTTP/1.1" 200 11426
186.103.159.189 - - [03/Mar/2016:08:54:46 -0300] "GET /cormun/static/gxcfg.js?20163219435133 HTTP/1.1" 200 953
186.103.159.189 - - [03/Mar/2016:08:54:47 -0300] "GET /cormun/static/solicitudot.js?20163219435183 HTTP/1.1" 200 44151
186.103.159.189 - - [03/Mar/2016:08:54:47 -0300] "GET /cormun/static/Resources/Spanish/PXTools.css?1944839 HTTP/1.1" 200 89042
186.103.159.189 - - [03/Mar/2016:08:54:50 -0300] "GET /cormun/servlet/solicitudot?INS,0,0, HTTP/1.1" 200 11431
186.103.159.189 - - [03/Mar/2016:08:54:57 -0300] "GET /cormun/servlet/prfichaempleado?,MD,,gxPopupLevel%3D0%3B HTTP/1.1" 200 7893
186.103.159.189 - - [03/Mar/2016:08:54:57 -0300] "GET /cormun/static/gxcfg.js?201511151625694 HTTP/1.1" 200 953
186.103.159.189 - - [03/Mar/2016:08:54:57 -0300] "GET /cormun/static/scaMessage/css/jquery-ui.css?104140 HTTP/1.1" 404 1045
186.103.159.189 - - [03/Mar/2016:08:54:57 -0300] "GET /cormun/static/hmpwkw01.js?201511211495945 HTTP/1.1" 200 2037
186.103.159.189 - - [03/Mar/2016:08:54:57 -0300] "GET /cormun/static/menusearch.js?20163219454787 HTTP/1.1" 200 1424
186.103.159.189 - - [03/Mar/2016:08:54:57 -0300] "GET /cormun/static/prfichaempleado.js?201511151625857 HTTP/1.1" 200 14240
186.103.159.189 - - [03/Mar/2016:08:54:57 -0300] "GET /cormun/static/Resources/Spanish/PXTools.css?16184758 HTTP/1.1" 200 89042
186.103.159.189 - - [03/Mar/2016:08:55:09 -0300] "GET /cormun/servlet/prfichaempleado?c2a5f45d4fa7e3101a5ec4d866a52bc0e40814295b73e2c2569bb822aad3b493e562c086cbd82e05a8c9aafbbc4907d84bbd2b3910a02ffca26516066179875002319aaf085c53bd1469343a5f7e44a4,gx-no-cache=1457006131957 HTTP/1.1" 200 464
192.168.10.94 - - [03/Mar/2016:08:55:09 -0300] "GET /cormun/servlet/hlogin HTTP/1.1" 200 1735
186.103.159.189 - - [03/Mar/2016:08:55:10 -0300] "GET /cormun/servlet/prfichaempleado?c2a5f45d4fa7e3101a5ec4d866a52bc0e40814295b73e2c2569bb822aad3b4931cf98a1e2360c9b83cd3f0557753dc79d68cb93308567ccad68e9947105a95241570b916788edb2b135516760828099d,gx-no-cache=1457006133310 HTTP/1.1" 200 465
186.103.159.189 - - [03/Mar/2016:08:55:12 -0300] "GET /cormun/servlet/prfichaempleado?c2a5f45d4fa7e3101a5ec4d866a52bc0e40814295b73e2c2569bb822aad3b49399f6b863ed34b779b9ca92e26c00667b3ad51ba19b2886271ce66a5c63fb6e04221f139a6f9c36473081838cb2445da8,gx-no-cache=1457006135810 HTTP/1.1" 200 439
186.103.159.189 - - [03/Mar/2016:08:55:14 -0300] "POST /cormun/servlet/prfichaempleado?aaa58fc1cb7f5486433a97b3dd34cf2e,,MD,,gxPopupLevel%3D0%3B,gx-no-cache=1457006137798 HTTP/1.1" 200 2662
186.103.159.189 - - [03/Mar/2016:08:55:17 -0300] "POST /cormun/servlet/prfichaempleado?aaa58fc1cb7f5486433a97b3dd34cf2e,,MD,,gxPopupLevel%3D0%3B,gx-no-cache=1457006140873 HTTP/1.1" 200 2662
186.103.159.189 - - [03/Mar/2016:08:55:20 -0300] "POST /cormun/servlet/prfichaempleado?aaa58fc1cb7f5486433a97b3dd34cf2e,,MD,,gxPopupLevel%3D0%3B,gx-no-cache=1457006143306 HTTP/1.1" 200 2662
186.103.159.189 - - [03/Mar/2016:08:55:24 -0300] "POST /cormun/servlet/prfichaempleado?aaa58fc1cb7f5486433a97b3dd34cf2e,,MD,,gxPopupLevel%3D0%3B,gx-no-cache=1457006147052 HTTP/1.1" 200 2662
186.103.159.189 - - [03/Mar/2016:08:55:27 -0300] "POST /cormun/servlet/acontrolpreferencessavestate?None,CD-16,true HTTP/1.1" 200 35
186.103.159.189 - - [03/Mar/2016:08:55:29 -0300] "POST /cormun/servlet/acontrolpreferencessavestate?None,CD-16,true HTTP/1.1" 200 35
186.103.159.189 - - [03/Mar/2016:08:55:30 -0300] "POST /cormun/servlet/prfichaempleado?aaa58fc1cb7f5486433a97b3dd34cf2e,,MD,,gxPopupLevel%3D0%3B,gx-no-cache=1457006153094 HTTP/1.1" 200 2664
186.103.159.189 - - [03/Mar/2016:08:55:31 -0300] "POST /cormun/servlet/prfichaempleado?aaa58fc1cb7f5486433a97b3dd34cf2e,,MD,,gxPopupLevel%3D0%3B,gx-no-cache=1457006154649 HTTP/1.1" 200 2664
186.103.159.189 - - [03/Mar/2016:08:55:32 -0300] "POST /cormun/servlet/prfichaempleado?aaa58fc1cb7f5486433a97b3dd34cf2e,,MD,,gxPopupLevel%3D0%3B,gx-no-cache=1457006155626 HTTP/1.1" 200 2664
186.103.159.189 - - [03/Mar/2016:08:55:33 -0300] "POST /cormun/servlet/prfichaempleado?aaa58fc1cb7f5486433a97b3dd34cf2e,,MD,,gxPopupLevel%3D0%3B,gx-no-cache=1457006156411 HTTP/1.1" 200 2662
192.168.10.98 - - [03/Mar/2016:08:56:03 -0300] "POST /cormun/servlet/trsolicitudgral?e810a9a188bc89e1b0063d5e69be037e,,gx-no-cache=1457005916090 HTTP/1.1" 200 4479
192.168.10.98 - - [03/Mar/2016:08:56:04 -0300] "POST /cormun/servlet/trsolicitudgral?e810a9a188bc89e1b0063d5e69be037e,,gx-no-cache=1457005916857 HTTP/1.1" 200 4479
192.168.10.98 - - [03/Mar/2016:08:56:05 -0300] "POST /cormun/servlet/trsolicitudgral?e810a9a188bc89e1b0063d5e69be037e,,gx-no-cache=1457005917627 HTTP/1.1" 200 4479
192.168.10.98 - - [03/Mar/2016:08:56:07 -0300] "POST /cormun/servlet/trsolicitudgral?e810a9a188bc89e1b0063d5e69be037e,,gx-no-cache=1457005919704 HTTP/1.1" 200 4479
192.168.10.98 - - [03/Mar/2016:08:56:08 -0300] "GET /cormun/servlet/trsolicitudgral?824fe0031161d2ab643b848fba88224347a2e9661bd0153c903598ed36da96127875ebd6208a2dfa1c37152a59c115a8f73fec689bf3b2ed3b047ae349f5d9bd7df16765e7d9865f090afe967bfef17d,gx-no-cache=1457005920595 HTTP/1.1" 200 632
192.168.10.94 - - [03/Mar/2016:08:56:08 -0300] "POST /cormun/servlet/hlogin?e9d3419a98f788f75290c03ba2540507,gx-no-cache=1457005921242 HTTP/1.1" 200 449
192.168.10.98 - - [03/Mar/2016:08:56:10 -0300] "POST /cormun/servlet/trsolicitudgral?e810a9a188bc89e1b0063d5e69be037e,,gx-no-cache=1457005923090 HTTP/1.1" 200 5628
192.168.10.98 - - [03/Mar/2016:08:56:11 -0300] "GET /cormun/servlet/trsolicitudgral?824fe0031161d2ab643b848fba882243fcb0d7cac12d4470720a9aa5ae75d8947875ebd6208a2dfa1c37152a59c115a8f73fec689bf3b2ed3b047ae349f5d9bd7df16765e7d9865f090afe967bfef17d,gx-no-cache=1457005924280 HTTP/1.1" 200 1864
192.168.10.94 - - [03/Mar/2016:08:56:17 -0300] "POST /cormun/servlet/hlogin?e9d3419a98f788f75290c03ba2540507,gx-no-cache=1457005930273 HTTP/1.1" 200 449
192.168.10.98 - - [03/Mar/2016:08:56:21 -0300] "POST /cormun/servlet/trsolicitudgral?e810a9a188bc89e1b0063d5e69be037e,,gx-no-cache=1457005934277 HTTP/1.1" 200 4479
192.168.10.98 - - [03/Mar/2016:08:56:22 -0300] "GET /cormun/servlet/trsolicitudgral?824fe0031161d2ab643b848fba882243075cb79631cee9b4f3489c8562e29be18b8093d521283dd5aaa0ad0e18dd0187c1a2aae745e6781bce46f460e31b0a5ab170aafe65e558023b37a21e4c88c456cff0b47f028e6ebf587dd3eb2f960ee8fbade7ff94ab8b594a1e54c59af7f9b0ab659c605239247a7b63414cdeb74d89,gx-no-cache=1457005935086 HTTP/1.1" 200 670
192.168.10.98 - - [03/Mar/2016:08:56:24 -0300] "POST /cormun/servlet/trsolicitudgral?e810a9a188bc89e1b0063d5e69be037e,,gx-no-cache=1457005936745 HTTP/1.1" 200 4479
192.168.10.98 - - [03/Mar/2016:08:56:25 -0300] "GET /cormun/servlet/trsolicitudgral?824fe0031161d2ab643b848fba88224347a2e9661bd0153c903598ed36da96127875ebd6208a2dfa1c37152a59c115a8c1a2aae745e6781bce46f460e31b0a5ab170aafe65e558023b37a21e4c88c456cff0b47f028e6ebf587dd3eb2f960ee8fbade7ff94ab8b594a1e54c59af7f9b0ab659c605239247a7b63414cdeb74d89,gx-no-cache=1457005937550 HTTP/1.1" 200 671
192.168.10.98 - - [03/Mar/2016:08:56:27 -0300] "POST /cormun/servlet/trsolicitudgral?e810a9a188bc89e1b0063d5e69be037e,,gx-no-cache=1457005940158 HTTP/1.1" 200 4480
192.168.10.98 - - [03/Mar/2016:08:56:28 -0300] "GET /cormun/servlet/trsolicitudgral?824fe0031161d2ab643b848fba882243aa0aa40e58c191cdfedcfa2a1554aa057875ebd6208a2dfa1c37152a59c115a8c1a2aae745e6781bce46f460e31b0a5ab170aafe65e558023b37a21e4c88c456cff0b47f028e6ebf587dd3eb2f960ee8fbade7ff94ab8b594a1e54c59af7f9b0ab659c605239247a7b63414cdeb74d89,gx-no-cache=1457005941023 HTTP/1.1" 200 671
192.168.10.98 - - [03/Mar/2016:08:56:30 -0300] "POST /cormun/servlet/trsolicitudgral?e810a9a188bc89e1b0063d5e69be037e,,gx-no-cache=1457005942945 HTTP/1.1" 200 4480
192.168.10.98 - - [03/Mar/2016:08:56:31 -0300] "GET /cormun/servlet/trsolicitudgral?824fe0031161d2ab643b848fba88224329f65a054d9b66a4675af77b142828a07875ebd6208a2dfa1c37152a59c115a8c1a2aae745e6781bce46f460e31b0a5ab170aafe65e558023b37a21e4c88c456cff0b47f028e6ebf587dd3eb2f960ee8fbade7ff94ab8b594a1e54c59af7f9b0ab659c605239247a7b63414cdeb74d89,gx-no-cache=1457005943761 HTTP/1.1" 200 671
192.168.10.98 - - [03/Mar/2016:08:56:34 -0300] "POST /cormun/servlet/trsolicitudgral?e810a9a188bc89e1b0063d5e69be037e,,gx-no-cache=1457005946440 HTTP/1.1" 200 4481
192.168.10.98 - - [03/Mar/2016:08:56:34 -0300] "GET /cormun/servlet/trsolicitudgral?824fe0031161d2ab643b848fba882243eddcd84d3ea73aab973835dc5aa5a4397875ebd6208a2dfa1c37152a59c115a8c1a2aae745e6781bce46f460e31b0a5ab170aafe65e558023b37a21e4c88c456cff0b47f028e6ebf587dd3eb2f960ee8fbade7ff94ab8b594a1e54c59af7f9b0ab659c605239247a7b63414cdeb74d89,gx-no-cache=1457005947293 HTTP/1.1" 200 672
192.168.10.98 - - [03/Mar/2016:08:56:36 -0300] "POST /cormun/servlet/trsolicitudgral?e810a9a188bc89e1b0063d5e69be037e,,gx-no-cache=1457005949200 HTTP/1.1" 200 4482
192.168.10.98 - - [03/Mar/2016:08:56:37 -0300] "GET /cormun/servlet/trsolicitudgral?824fe0031161d2ab643b848fba8822435160c6820f8edba493434df3b535a4967875ebd6208a2dfa1c37152a59c115a8c1a2aae745e6781bce46f460e31b0a5ab170aafe65e558023b37a21e4c88c456cff0b47f028e6ebf587dd3eb2f960ee8fbade7ff94ab8b594a1e54c59af7f9b0ab659c605239247a7b63414cdeb74d89,gx-no-cache=1457005950084 HTTP/1.1" 200 673
192.168.10.98 - - [03/Mar/2016:08:56:39 -0300] "POST /cormun/servlet/trsolicitudgral?e810a9a188bc89e1b0063d5e69be037e,,gx-no-cache=1457005952086 HTTP/1.1" 200 4481
192.168.10.98 - - [03/Mar/2016:08:56:40 -0300] "GET /cormun/servlet/trsolicitudgral?824fe0031161d2ab643b848fba8822432c790fb3c95b3ecf5dac93841b4ee73a7875ebd6208a2dfa1c37152a59c115a8c1a2aae745e6781bce46f460e31b0a5ab170aafe65e558023b37a21e4c88c456cff0b47f028e6ebf587dd3eb2f960ee8fbade7ff94ab8b594a1e54c59af7f9b0ab659c605239247a7b63414cdeb74d89,gx-no-cache=1457005952922 HTTP/1.1" 200 672
192.168.10.98 - - [03/Mar/2016:08:56:42 -0300] "POST /cormun/servlet/trsolicitudgral?e810a9a188bc89e1b0063d5e69be037e,,gx-no-cache=1457005955128 HTTP/1.1" 200 4481
192.168.10.98 - - [03/Mar/2016:08:56:43 -0300] "POST /cormun/servlet/trsolicitudgral?e810a9a188bc89e1b0063d5e69be037e,,gx-no-cache=1457005956021 HTTP/1.1" 200 4481
192.168.10.98 - - [03/Mar/2016:08:56:44 -0300] "POST /cormun/servlet/trsolicitudgral?e810a9a188bc89e1b0063d5e69be037e,,gx-no-cache=1457005956906 HTTP/1.1" 200 4481
192.168.10.98 - - [03/Mar/2016:08:56:46 -0300] "POST /cormun/servlet/trsolicitudgral?e810a9a188bc89e1b0063d5e69be037e,,gx-no-cache=1457005958542 HTTP/1.1" 200 4479
192.168.10.98 - - [03/Mar/2016:08:56:46 -0300] "GET /cormun/servlet/trsolicitudgral?824fe0031161d2ab643b848fba8822432c790fb3c95b3ecf5dac93841b4ee73addf0b80e69141fb39e8b6f3c53204a76f73fec689bf3b2ed3b047ae349f5d9bd7df16765e7d9865f090afe967bfef17d,gx-no-cache=1457005959440 HTTP/1.1" 200 633
192.168.10.98 - - [03/Mar/2016:08:56:49 -0300] "POST /cormun/servlet/trsolicitudgral?e810a9a188bc89e1b0063d5e69be037e,,gx-no-cache=1457005961891 HTTP/1.1" 200 9581
192.168.10.98 - - [03/Mar/2016:08:56:59 -0300] "GET /cormun/servlet/trsolicitudgral?824fe0031161d2ab643b848fba882243fcb0d7cac12d4470720a9aa5ae75d894ddf0b80e69141fb39e8b6f3c53204a76f73fec689bf3b2ed3b047ae349f5d9bd7df16765e7d9865f090afe967bfef17d,gx-no-cache=1457005971877 HTTP/1.1" 200 6707
192.168.10.94 - - [03/Mar/2016:08:57:05 -0300] "POST /cormun/servlet/hlogin?e9d3419a98f788f75290c03ba2540507,gx-no-cache=1457005977755 HTTP/1.1" 200 449
192.168.10.94 - - [03/Mar/2016:08:57:08 -0300] "POST /cormun/servlet/hlogin?e9d3419a98f788f75290c03ba2540507,gx-no-cache=1457005981129 HTTP/1.1" 200 449
192.168.10.98 - - [03/Mar/2016:08:57:35 -0300] "POST /cormun/servlet/trsolicitudgral?e810a9a188bc89e1b0063d5e69be037e,,gx-no-cache=1457006008212 HTTP/1.1" 200 9001
192.168.10.98 - - [03/Mar/2016:08:57:44 -0300] "GET /cormun/servlet/trsolicitudgral?824fe0031161d2ab643b848fba882243075cb79631cee9b4f3489c8562e29be1ec80002b35f62ed6749ba6f037520076ae8d0d60fb16f52935fde8e8a5f6695608a17d7d386f608d06626080a678f17db5865640569f3afc7b45278c365c3394,gx-no-cache=1457006017287 HTTP/1.1" 200 5933
192.168.10.98 - - [03/Mar/2016:08:57:53 -0300] "POST /cormun/servlet/trsolicitudgral?e810a9a188bc89e1b0063d5e69be037e,,gx-no-cache=1457006026282 HTTP/1.1" 200 4478
192.168.10.98 - - [03/Mar/2016:08:57:54 -0300] "GET /cormun/servlet/trsolicitudgral?824fe0031161d2ab643b848fba88224347a2e9661bd0153c903598ed36da96127cde3d85fcf6d578d547979a5b5e3828ae8d0d60fb16f52935fde8e8a5f669563ce30883e94c09b54c25aa86e206c9d9b5865640569f3afc7b45278c365c3394,gx-no-cache=1457006027304 HTTP/1.1" 200 640
192.168.10.98 - - [03/Mar/2016:08:57:57 -0300] "POST /cormun/servlet/trsolicitudgral?e810a9a188bc89e1b0063d5e69be037e,,gx-no-cache=1457006030058 HTTP/1.1" 200 9000
192.168.10.98 - - [03/Mar/2016:08:58:06 -0300] "GET /cormun/servlet/trsolicitudgral?824fe0031161d2ab643b848fba882243075cb79631cee9b4f3489c8562e29be1ddf0b80e69141fb39e8b6f3c53204a76c1a2aae745e6781bce46f460e31b0a5aaa9a3bbd316c89e6ae7d975a76ee9547dbca27af943bf13993cf39f3b2e578cf,gx-no-cache=1457006039205 HTTP/1.1" 200 5933
192.168.10.98 - - [03/Mar/2016:08:58:26 -0300] "POST /cormun/servlet/trsolicitudgral?e810a9a188bc89e1b0063d5e69be037e,,gx-no-cache=1457006058631 HTTP/1.1" 200 9001
192.168.10.98 - - [03/Mar/2016:08:58:35 -0300] "POST /cormun/servlet/trsolicitudgral?e810a9a188bc89e1b0063d5e69be037e,,gx-no-cache=1457006067897 HTTP/1.1" 200 9001
192.168.10.98 - - [03/Mar/2016:08:58:44 -0300] "POST /cormun/servlet/trsolicitudgral?e810a9a188bc89e1b0063d5e69be037e,,gx-no-cache=1457006077252 HTTP/1.1" 200 9002
192.168.10.98 - - [03/Mar/2016:08:58:54 -0300] "POST /cormun/servlet/trsolicitudgral?e810a9a188bc89e1b0063d5e69be037e,,gx-no-cache=1457006086663 HTTP/1.1" 200 16603
192.168.10.98 - - [03/Mar/2016:08:58:55 -0300] "GET /cormun/servlet/trsolicitudgral?824fe0031161d2ab643b848fba882243075cb79631cee9b4f3489c8562e29be1dad9824b36a4ae0abbb871df86aca917ed3c21b088d43894e0490ba48c1b16c5bac05814e52a8dbc1c746b331e565b1d85e02dcca4f4070acd1593c72efbf04b,gx-no-cache=1457006087074 HTTP/1.1" 200 15459
192.168.10.94 - - [03/Mar/2016:08:59:00 -0300] "POST /cormun/servlet/hlogin?e9d3419a98f788f75290c03ba2540507,gx-no-cache=1457006093260 HTTP/1.1" 200 449
192.168.10.94 - - [03/Mar/2016:08:59:05 -0300] "POST /cormun/servlet/hlogin?e9d3419a98f788f75290c03ba2540507,gx-no-cache=1457006097578 HTTP/1.1" 200 449
192.168.10.94 - - [03/Mar/2016:08:59:43 -0300] "POST /cormun/servlet/hlogin?e9d3419a98f788f75290c03ba2540507,gx-no-cache=1457006135481 HTTP/1.1" 200 90
192.168.10.94 - - [03/Mar/2016:08:59:43 -0300] "GET /cormun/servlet/hpexe_link HTTP/1.1" 200 947
192.168.10.94 - - [03/Mar/2016:08:59:43 -0300] "GET /cormun/servlet/hhome HTTP/1.1" 200 3465
191.112.78.213 - - [03/Mar/2016:08:59:44 -0300] "GET /cormun/servlet/solicitudot?5e1f3e66fcf55fc4b6ee6ee73dc1dd6cd0f578cca5dc723ad369d34cf1352470cb315ab2dcf17326f300a74ab0d128db47c177a5e4fc5dac2076c3631992e075ade63f039262f9e41b5ba4c48f3d4f786182cf12c76d8a12903169b38e3f1559ef72e10c01d6b215497c6c4509536e03cceb7eb894cc49e34274d32bf8598d153b34ec06772ca4ece2993d7c291b29f0edcdb1d349baec5fc256e5b09a6eb8504071395a1816554f71a0af2349330f81547dfea79c28e1f0a65fea944e641c0c269349b64e4018af0d08bbfae2aa93f6,gx-no-cache=1457006410107 HTTP/1.1" 200 29
191.112.78.213 - - [03/Mar/2016:08:59:44 -0300] "POST /cormun/servlet/solicitudot?gx-no-cache=1457006410240 HTTP/1.1" 200 1115
192.168.10.98 - - [03/Mar/2016:08:59:51 -0300] "POST /cormun/servlet/trsolicitudgral?e810a9a188bc89e1b0063d5e69be037e,,gx-no-cache=1457006143509 HTTP/1.1" 200 16947
192.168.10.98 - - [03/Mar/2016:08:59:51 -0300] "GET /cormun/servlet/trsolicitudgral?824fe0031161d2ab643b848fba882243fcb0d7cac12d4470720a9aa5ae75d894396a5e3e5ac225b028fadd563a2c384a7900e6e621c29f0ddf8bc4769bf1f271571eb93f3bde8f8024c3775609498f2b85e02dcca4f4070acd1593c72efbf04b,gx-no-cache=1457006143919 HTTP/1.1" 200 16001
192.168.10.98 - - [03/Mar/2016:09:00:28 -0300] "GET /cormun/servlet/hlogin HTTP/1.1" 200 1719
192.168.10.94 - - [03/Mar/2016:09:00:28 -0300] "GET /cormun/servlet/trvisualizadoreventos? HTTP/1.1" 200 5981
192.168.10.94 - - [03/Mar/2016:09:00:28 -0300] "GET /cormun/static/Resources/Spanish/PXTools.css?17554516 HTTP/1.1" 200 89042
192.168.10.94 - - [03/Mar/2016:09:00:28 -0300] "GET /cormun/static/gxcfg.js?2016251828014 HTTP/1.1" 200 953
192.168.10.94 - - [03/Mar/2016:09:00:28 -0300] "GET /cormun/static/trvisualizadoreventos.js?2016251828276 HTTP/1.1" 200 19096
191.112.78.213 - - [03/Mar/2016:09:00:33 -0300] "POST /cormun/servlet/solicitudot?ce8710eb05ffb8382246fb5787dceb90,UPD,2016,465,,gx-no-cache=1457006459392 HTTP/1.1" 200 93
191.112.78.213 - - [03/Mar/2016:09:00:33 -0300] "GET /cormun/servlet/hpexe_return? HTTP/1.1" 200 1013
191.112.78.213 - - [03/Mar/2016:09:00:34 -0300] "GET /cormun/static/gxcfg.js?2015111312145050 HTTP/1.1" 200 953
191.112.78.213 - - [03/Mar/2016:09:00:34 -0300] "GET /cormun/static/Resources/Spanish/PXTools.css?12112540 HTTP/1.1" 200 89042
191.112.78.213 - - [03/Mar/2016:09:00:34 -0300] "GET /cormun/static/hpexe_return.js?2015111312145056 HTTP/1.1" 200 1633
191.112.78.213 - - [03/Mar/2016:09:00:34 -0300] "GET /cormun/servlet/trsolicitudot? HTTP/1.1" 200 10340
191.112.78.213 - - [03/Mar/2016:09:00:37 -0300] "GET /cormun/servlet/trsolicitudot? HTTP/1.1" 200 10336
192.168.10.98 - - [03/Mar/2016:09:00:39 -0300] "POST /cormun/servlet/hlogin?059931f1394115cd7b2d29c637b70178,gx-no-cache=1457006191700 HTTP/1.1" 200 90
192.168.10.98 - - [03/Mar/2016:09:00:39 -0300] "GET /cormun/servlet/hpexe_link HTTP/1.1" 200 950
192.168.10.98 - - [03/Mar/2016:09:00:39 -0300] "GET /cormun/static/hpexe_link.js?20151120044398 HTTP/1.1" 200 625
192.168.10.98 - - [03/Mar/2016:09:00:39 -0300] "GET /cormun/servlet/hhome HTTP/1.1" 200 3674
192.168.10.98 - - [03/Mar/2016:09:00:40 -0300] "GET /cormun/servlet/hhome HTTP/1.1" 200 3673
191.112.78.213 - - [03/Mar/2016:09:00:44 -0300] "POST /cormun/servlet/trsolicitudot?ce8710eb05ffb8382246fb5787dceb90,,gx-no-cache=1457006470091 HTTP/1.1" 200 7780
191.112.78.213 - - [03/Mar/2016:09:00:45 -0300] "POST /cormun/servlet/trsolicitudot?ce8710eb05ffb8382246fb5787dceb90,,gx-no-cache=1457006471184 HTTP/1.1" 200 7780
191.112.78.213 - - [03/Mar/2016:09:00:46 -0300] "POST /cormun/servlet/trsolicitudot?ce8710eb05ffb8382246fb5787dceb90,,gx-no-cache=1457006472303 HTTP/1.1" 200 7781
191.112.78.213 - - [03/Mar/2016:09:00:47 -0300] "POST /cormun/servlet/trsolicitudot?ce8710eb05ffb8382246fb5787dceb90,,gx-no-cache=1457006473420 HTTP/1.1" 200 7781
192.168.10.98 - - [03/Mar/2016:09:00:48 -0300] "GET /cormun/servlet/trsolicitudgral? HTTP/1.1" 200 7193
191.112.78.213 - - [03/Mar/2016:09:00:49 -0300] "POST /cormun/servlet/trsolicitudot?ce8710eb05ffb8382246fb5787dceb90,,gx-no-cache=1457006474620 HTTP/1.1" 200 7781
192.168.10.98 - - [03/Mar/2016:09:00:49 -0300] "GET /cormun/servlet/trsolicitudgral? HTTP/1.1" 200 7193
191.112.78.213 - - [03/Mar/2016:09:00:50 -0300] "POST /cormun/servlet/trsolicitudot?ce8710eb05ffb8382246fb5787dceb90,,gx-no-cache=1457006475805 HTTP/1.1" 200 7780
191.112.78.213 - - [03/Mar/2016:09:00:51 -0300] "POST /cormun/servlet/trsolicitudot?ce8710eb05ffb8382246fb5787dceb90,,gx-no-cache=1457006477090 HTTP/1.1" 200 7780
192.168.10.98 - - [03/Mar/2016:09:00:52 -0300] "POST /cormun/servlet/trsolicitudgral?059931f1394115cd7b2d29c637b70178,,gx-no-cache=1457006204730 HTTP/1.1" 200 4462
192.168.10.98 - - [03/Mar/2016:09:00:52 -0300] "POST /cormun/servlet/trsolicitudgral?059931f1394115cd7b2d29c637b70178,,gx-no-cache=1457006204922 HTTP/1.1" 200 4463
192.168.10.98 - - [03/Mar/2016:09:00:52 -0300] "POST /cormun/servlet/trsolicitudgral?059931f1394115cd7b2d29c637b70178,,gx-no-cache=1457006205127 HTTP/1.1" 200 4462
191.112.78.213 - - [03/Mar/2016:09:00:52 -0300] "POST /cormun/servlet/trsolicitudot?ce8710eb05ffb8382246fb5787dceb90,,gx-no-cache=1457006478401 HTTP/1.1" 200 104
192.168.10.98 - - [03/Mar/2016:09:00:52 -0300] "POST /cormun/servlet/trsolicitudgral?059931f1394115cd7b2d29c637b70178,,gx-no-cache=1457006205289 HTTP/1.1" 200 4461
191.112.78.213 - - [03/Mar/2016:09:00:53 -0300] "GET /cormun/servlet/solicitudot?UPD,2016,464, HTTP/1.1" 200 12665
192.168.10.98 - - [03/Mar/2016:09:00:53 -0300] "POST /cormun/servlet/trsolicitudgral?059931f1394115cd7b2d29c637b70178,,gx-no-cache=1457006205873 HTTP/1.1" 200 4460
192.168.10.98 - - [03/Mar/2016:09:00:53 -0300] "GET /cormun/servlet/trsolicitudgral?90c3269b7f83dc7d1193d375066dcc035cff85f86f9711c770bd9f8e59adeb453712c114df3b525aae6db4b125c61013f10e8ae42170758757355bcb6e24cf86020bbfb1d7f52da2126bb2508d380627,gx-no-cache=1457006206284 HTTP/1.1" 200 619
191.112.78.213 - - [03/Mar/2016:09:00:56 -0300] "GET /cormun/servlet/solicitudot?UPD,2016,464, HTTP/1.1" 200 12674
191.112.78.213 - - [03/Mar/2016:09:00:57 -0300] "POST /cormun/servlet/solicitudot?gx-no-cache=1457006482838 HTTP/1.1" 200 2771
191.112.78.213 - - [03/Mar/2016:09:00:57 -0300] "POST /cormun/servlet/solicitudot?ce8710eb05ffb8382246fb5787dceb90,UPD,2016,464,,gx-no-cache=1457006483337 HTTP/1.1" 200 9064
191.112.78.213 - - [03/Mar/2016:09:00:57 -0300] "GET /cormun/servlet/solicitudot?5e1f3e66fcf55fc4b6ee6ee73dc1dd6c6805a3e93e6e2d709cb3dc0ca6cce5b3b6bbc86ab8a1b175812ab35ca0835e14,gx-no-cache=1457006483937 HTTP/1.1" 200 30
191.112.78.213 - - [03/Mar/2016:09:00:58 -0300] "POST /cormun/servlet/solicitudot?gx-no-cache=1457006484059 HTTP/1.1" 200 30
191.112.78.213 - - [03/Mar/2016:09:00:58 -0300] "POST /cormun/servlet/solicitudot?gx-no-cache=1457006484164 HTTP/1.1" 200 30
191.112.78.213 - - [03/Mar/2016:09:00:58 -0300] "POST /cormun/servlet/solicitudot?gx-no-cache=1457006484368 HTTP/1.1" 200 1157
191.112.78.213 - - [03/Mar/2016:09:00:58 -0300] "GET /cormun/servlet/solicitudot?5e1f3e66fcf55fc4b6ee6ee73dc1dd6c3c4b41c6016c9ae4dd364b000f9090f1c044ec174d8269a440b38c5b16e2ea581d6f903059fdbc506f551acf59f1f9dc45b79062629212fb3fa43c226e73f8e97cceca56eefe505e77e0b4ad73eb113274ac26d7fafd27aac70b5dfb6044c1c9843dbdf7607fb8be1e54cd0b71ce873ad1b3422d5d5be832a86bea93874e61379e7f82b8b523db86a03d53110b2aa885,gx-no-cache=1457006484595 HTTP/1.1" 200 41
192.168.10.94 - - [03/Mar/2016:09:00:59 -0300] "POST /cormun/servlet/trvisualizadoreventos?e9d3419a98f788f75290c03ba2540507,,gx-no-cache=1457006211720 HTTP/1.1" 200 3260
192.168.10.94 - - [03/Mar/2016:09:00:59 -0300] "POST /cormun/servlet/trvisualizadoreventos?e9d3419a98f788f75290c03ba2540507,,gx-no-cache=1457006211939 HTTP/1.1" 200 3260
192.168.10.94 - - [03/Mar/2016:09:00:59 -0300] "POST /cormun/servlet/trvisualizadoreventos?e9d3419a98f788f75290c03ba2540507,,gx-no-cache=1457006212182 HTTP/1.1" 200 3260
192.168.10.94 - - [03/Mar/2016:09:00:59 -0300] "POST /cormun/servlet/trvisualizadoreventos?e9d3419a98f788f75290c03ba2540507,,gx-no-cache=1457006212442 HTTP/1.1" 200 3260
192.168.10.98 - - [03/Mar/2016:09:01:00 -0300] "GET /cormun/static/menuarrow.gif HTTP/1.1" 404 1015
192.168.10.98 - - [03/Mar/2016:09:01:08 -0300] "POST /cormun/servlet/trsolicitudgral?059931f1394115cd7b2d29c637b70178,,gx-no-cache=1457006220135 HTTP/1.1" 200 16944
192.168.10.94 - - [03/Mar/2016:09:01:23 -0300] "GET /cormun/servlet/trvisualizadoreventos?b0523152330184fce1723d687929a3af7327a9ad1b8c9f004ac30f0c9e166435b4d9c38815fb21c55ad9d9e0698567e257ccbab5425ff45bce5a67188c0e91f5b73d5dc930436631a37631dbdd65956ac231a41eea166d5434139899d760dd4adfa1edb8f87cb07a07258c054dfe8764c492f9fd1ed5588cc50956575c08491d9b9d09cf5fb9b8ac047ad9ae0be528628a5f066065b2b75ae66733b26223b65765a48b85873291862dd87823be53e40d559b72953dea453c461883719d66efd5,gx-no-cache=1457006235563 HTTP/1.1" 200 562
192.168.10.94 - - [03/Mar/2016:09:01:24 -0300] "GET /cormun/servlet/trvisualizadoreventos?b0523152330184fce1723d687929a3af7327a9ad1b8c9f004ac30f0c9e166435b4d9c38815fb21c55ad9d9e0698567e257ccbab5425ff45bce5a67188c0e91f5b73d5dc930436631a37631dbdd65956ac231a41eea166d5434139899d760dd4adfa1edb8f87cb07a07258c054dfe8764c492f9fd1ed5588cc50956575c08491d9b9d09cf5fb9b8ac047ad9ae0be528628a5f066065b2b75ae66733b26223b65765a48b85873291862dd87823be53e40d559b72953dea453c461883719d66efd5,gx-no-cache=1457006237230 HTTP/1.1" 200 562
192.168.10.94 - - [03/Mar/2016:09:01:25 -0300] "GET /cormun/servlet/trvisualizadoreventos?b0523152330184fce1723d687929a3af7327a9ad1b8c9f004ac30f0c9e166435b4d9c38815fb21c55ad9d9e0698567e257ccbab5425ff45bce5a67188c0e91f5b73d5dc930436631a37631dbdd65956ac231a41eea166d5434139899d760dd4adfa1edb8f87cb07a07258c054dfe8764c492f9fd1ed5588cc50956575c08491d9b9d09cf5fb9b8ac047ad9ae0be528628a5f066065b2b75ae66733b26223b65765a48b85873291862dd87823be53e40d00523a93dacb46027322fa63a70e7ffd,gx-no-cache=1457006237983 HTTP/1.1" 200 564
192.168.10.94 - - [03/Mar/2016:09:01:27 -0300] "POST /cormun/servlet/trvisualizadoreventos?e9d3419a98f788f75290c03ba2540507,,gx-no-cache=1457006239861 HTTP/1.1" 200 3269
192.168.10.94 - - [03/Mar/2016:09:01:27 -0300] "POST /cormun/servlet/trvisualizadoreventos?e9d3419a98f788f75290c03ba2540507,,gx-no-cache=1457006240303 HTTP/1.1" 200 3269
192.168.10.94 - - [03/Mar/2016:09:01:35 -0300] "POST /cormun/servlet/trvisualizadoreventos?e9d3419a98f788f75290c03ba2540507,,gx-no-cache=1457006248361 HTTP/1.1" 200 3272
192.168.10.94 - - [03/Mar/2016:09:01:36 -0300] "GET /cormun/servlet/trvisualizadoreventos?b0523152330184fce1723d687929a3af2e03efba47cff162ea60f491843ee9c4b4d9c38815fb21c55ad9d9e0698567e257ccbab5425ff45bce5a67188c0e91f5b73d5dc930436631a37631dbdd65956ac231a41eea166d5434139899d760dd4adfa1edb8f87cb07a07258c054dfe8764c492f9fd1ed5588cc50956575c08491d9b9d09cf5fb9b8ac047ad9ae0be528628a5f066065b2b75ae66733b26223b65765a48b85873291862dd87823be53e40d00523a93dacb46027322fa63a70e7ffd,gx-no-cache=1457006248899 HTTP/1.1" 200 571
192.168.10.98 - - [03/Mar/2016:09:01:41 -0300] "POST /cormun/servlet/trsolicitudgral?059931f1394115cd7b2d29c637b70178,,gx-no-cache=1457006253388 HTTP/1.1" 200 16945
192.168.10.98 - - [03/Mar/2016:09:01:42 -0300] "POST /cormun/servlet/trsolicitudgral?059931f1394115cd7b2d29c637b70178,,gx-no-cache=1457006254986 HTTP/1.1" 200 16945
192.168.10.98 - - [03/Mar/2016:09:01:44 -0300] "POST /cormun/servlet/trsolicitudgral?059931f1394115cd7b2d29c637b70178,,gx-no-cache=1457006256696 HTTP/1.1" 200 16945
192.168.10.98 - - [03/Mar/2016:09:01:46 -0300] "POST /cormun/servlet/trsolicitudgral?059931f1394115cd7b2d29c637b70178,,gx-no-cache=1457006258535 HTTP/1.1" 200 16945
192.168.10.98 - - [03/Mar/2016:09:01:48 -0300] "POST /cormun/servlet/trsolicitudgral?059931f1394115cd7b2d29c637b70178,,gx-no-cache=1457006260431 HTTP/1.1" 200 16945
192.168.10.98 - - [03/Mar/2016:09:01:50 -0300] "POST /cormun/servlet/trsolicitudgral?059931f1394115cd7b2d29c637b70178,,gx-no-cache=1457006262409 HTTP/1.1" 200 16945
192.168.10.98 - - [03/Mar/2016:09:01:53 -0300] "POST /cormun/servlet/trsolicitudgral?059931f1394115cd7b2d29c637b70178,,gx-no-cache=1457006264468 HTTP/1.1" 200 15793
192.168.10.98 - - [03/Mar/2016:09:02:08 -0300] "POST /cormun/servlet/trsolicitudgral?059931f1394115cd7b2d29c637b70178,,gx-no-cache=1457006280803 HTTP/1.1" 200 7012
192.168.10.94 - - [03/Mar/2016:09:02:15 -0300] "POST /cormun/servlet/trvisualizadoreventos?e9d3419a98f788f75290c03ba2540507,,gx-no-cache=1457006287530 HTTP/1.1" 200 3880
192.168.10.94 - - [03/Mar/2016:09:02:15 -0300] "GET /cormun/servlet/trvisualizadoreventos?b0523152330184fce1723d687929a3af097c7b0937457b535d776ddf4cc8ae7db4d9c38815fb21c55ad9d9e0698567e257ccbab5425ff45bce5a67188c0e91f5b73d5dc930436631a37631dbdd65956ac231a41eea166d5434139899d760dd4adfa1edb8f87cb07a07258c054dfe8764c492f9fd1ed5588cc50956575c08491d9b9d09cf5fb9b8ac047ad9ae0be528628a5f066065b2b75ae66733b26223b65765a48b85873291862dd87823be53e40d00523a93dacb46027322fa63a70e7ffd,gx-no-cache=1457006288279 HTTP/1.1" 200 1249
192.168.10.94 - - [03/Mar/2016:09:02:18 -0300] "POST /cormun/servlet/trvisualizadoreventos?e9d3419a98f788f75290c03ba2540507,,gx-no-cache=1457006291078 HTTP/1.1" 200 3880
191.112.78.213 - - [03/Mar/2016:09:02:25 -0300] "GET /cormun/servlet/solicitudot?5e1f3e66fcf55fc4b6ee6ee73dc1dd6c7e96496a5f57d972162df45313d2c274cb315ab2dcf17326f300a74ab0d128dbb862e1494b4ff3fd0ccca58d98267872ade63f039262f9e41b5ba4c48f3d4f786182cf12c76d8a12903169b38e3f1559ef72e10c01d6b215497c6c4509536e03cceb7eb894cc49e34274d32bf8598d153b34ec06772ca4ece2993d7c291b29f0edcdb1d349baec5fc256e5b09a6eb8504071395a1816554f71a0af2349330f81547dfea79c28e1f0a65fea944e641c0c269349b64e4018af0d08bbfae2aa93f6,gx-no-cache=1457006571760 HTTP/1.1" 200 29
191.112.78.213 - - [03/Mar/2016:09:02:26 -0300] "POST /cormun/servlet/solicitudot?gx-no-cache=1457006571952 HTTP/1.1" 200 1115
192.168.10.98 - - [03/Mar/2016:09:02:34 -0300] "POST /cormun/servlet/trsolicitudgral?059931f1394115cd7b2d29c637b70178,,gx-no-cache=1457006306779 HTTP/1.1" 200 15793
192.168.10.98 - - [03/Mar/2016:09:03:00 -0300] "POST /cormun/servlet/trsolicitudgral?059931f1394115cd7b2d29c637b70178,,gx-no-cache=1457006332654 HTTP/1.1" 200 16945
192.168.10.94 - - [03/Mar/2016:09:03:06 -0300] "GET /cormun/servlet/hlogin HTTP/1.1" 200 1738
191.112.78.213 - - [03/Mar/2016:09:03:11 -0300] "GET /cormun/servlet/solicitudot?5e1f3e66fcf55fc4b6ee6ee73dc1dd6cb96b61ab7fbb2512645377d7c1ec6adee0d532377f9e2d64b641561e04fa8ccf3195621a2a606044d68f8b3b0c18a08768615a061ce55bc7a3fa3a31dcc25056e7ada0a63d89edc0ee706a56538223a53037d916e5eeae447ac2016d65902243533403c003b5cadf94a0de60a1558b0c62af1ec8116f50fb06af6e45bd5f50d7a5fcee6dd79380de5752626cbaf84f4536cde9425bbc7190eba35d837b178b2a,gx-no-cache=1457006616967 HTTP/1.1" 200 30
191.112.78.213 - - [03/Mar/2016:09:03:11 -0300] "POST /cormun/servlet/solicitudot?ce8710eb05ffb8382246fb5787dceb90,UPD,2016,464,,gx-no-cache=1457006617130 HTTP/1.1" 200 93
191.112.78.213 - - [03/Mar/2016:09:03:11 -0300] "GET /cormun/servlet/hpexe_return? HTTP/1.1" 200 1013
191.112.78.213 - - [03/Mar/2016:09:03:12 -0300] "GET /cormun/servlet/trsolicitudot? HTTP/1.1" 200 10340
191.112.78.213 - - [03/Mar/2016:09:03:15 -0300] "GET /cormun/servlet/trsolicitudot? HTTP/1.1" 200 10336
192.168.10.98 - - [03/Mar/2016:09:03:21 -0300] "POST /cormun/servlet/trsolicitudgral?059931f1394115cd7b2d29c637b70178,,gx-no-cache=1457006353165 HTTP/1.1" 200 16946
192.168.10.98 - - [03/Mar/2016:09:03:28 -0300] "POST /cormun/servlet/trsolicitudgral?059931f1394115cd7b2d29c637b70178,,gx-no-cache=1457006360556 HTTP/1.1" 200 16599
192.168.10.98 - - [03/Mar/2016:09:03:28 -0300] "GET /cormun/servlet/trsolicitudgral?90c3269b7f83dc7d1193d375066dcc03c3ffc7521b51fdedbacae59a80a447dcbc4b0c13a13c38e04d2e0da350f0e6f065f5a269f857017551d54e14c50575a11b63b06a3cfbb620fbeb735d096935d9e3b76f42798c23e4b0ee8b3fe586a741,gx-no-cache=1457006360976 HTTP/1.1" 200 15459
191.112.78.213 - - [03/Mar/2016:09:03:31 -0300] "POST /cormun/servlet/trsolicitudot?ce8710eb05ffb8382246fb5787dceb90,,gx-no-cache=1457006637235 HTTP/1.1" 200 7781
191.112.78.213 - - [03/Mar/2016:09:03:32 -0300] "POST /cormun/servlet/trsolicitudot?ce8710eb05ffb8382246fb5787dceb90,,gx-no-cache=1457006638341 HTTP/1.1" 200 7781
191.112.78.213 - - [03/Mar/2016:09:03:34 -0300] "POST /cormun/servlet/trsolicitudot?ce8710eb05ffb8382246fb5787dceb90,,gx-no-cache=1457006639474 HTTP/1.1" 200 7781
191.112.78.213 - - [03/Mar/2016:09:03:35 -0300] "POST /cormun/servlet/trsolicitudot?ce8710eb05ffb8382246fb5787dceb90,,gx-no-cache=1457006640598 HTTP/1.1" 200 7781
191.112.78.213 - - [03/Mar/2016:09:03:36 -0300] "POST /cormun/servlet/trsolicitudot?ce8710eb05ffb8382246fb5787dceb90,,gx-no-cache=1457006641825 HTTP/1.1" 200 7781
191.112.78.213 - - [03/Mar/2016:09:03:37 -0300] "POST /cormun/servlet/trsolicitudot?ce8710eb05ffb8382246fb5787dceb90,,gx-no-cache=1457006643037 HTTP/1.1" 200 7781
191.112.78.213 - - [03/Mar/2016:09:03:38 -0300] "POST /cormun/servlet/trsolicitudot?ce8710eb05ffb8382246fb5787dceb90,,gx-no-cache=1457006644324 HTTP/1.1" 200 7781
191.112.78.213 - - [03/Mar/2016:09:03:40 -0300] "POST /cormun/servlet/trsolicitudot?ce8710eb05ffb8382246fb5787dceb90,,gx-no-cache=1457006645613 HTTP/1.1" 200 105
191.112.78.213 - - [03/Mar/2016:09:03:40 -0300] "GET /cormun/servlet/solicitudot?UPD,2016,465, HTTP/1.1" 200 12679
191.112.78.213 - - [03/Mar/2016:09:03:43 -0300] "GET /cormun/servlet/solicitudot?UPD,2016,465, HTTP/1.1" 200 12688
191.112.78.213 - - [03/Mar/2016:09:03:44 -0300] "POST /cormun/servlet/solicitudot?gx-no-cache=1457006649899 HTTP/1.1" 200 2749
191.112.78.213 - - [03/Mar/2016:09:03:44 -0300] "POST /cormun/servlet/solicitudot?ce8710eb05ffb8382246fb5787dceb90,UPD,2016,465,,gx-no-cache=1457006650346 HTTP/1.1" 200 9041
191.112.78.213 - - [03/Mar/2016:09:03:44 -0300] "GET /cormun/servlet/solicitudot?5e1f3e66fcf55fc4b6ee6ee73dc1dd6cac12a7c3426d6eff79b732dae7521fc25fedd641ac51c2a84ef5d844ed03721c,gx-no-cache=1457006650931 HTTP/1.1" 200 30
191.112.78.213 - - [03/Mar/2016:09:03:45 -0300] "POST /cormun/servlet/solicitudot?gx-no-cache=1457006651053 HTTP/1.1" 200 30
191.112.78.213 - - [03/Mar/2016:09:03:45 -0300] "POST /cormun/servlet/solicitudot?gx-no-cache=1457006651162 HTTP/1.1" 200 30
191.112.78.213 - - [03/Mar/2016:09:03:45 -0300] "POST /cormun/servlet/solicitudot?gx-no-cache=1457006651305 HTTP/1.1" 200 1152
191.112.78.213 - - [03/Mar/2016:09:03:45 -0300] "GET /cormun/servlet/solicitudot?5e1f3e66fcf55fc4b6ee6ee73dc1dd6c3c4b41c6016c9ae4dd364b000f9090f1c044ec174d8269a440b38c5b16e2ea581d6f903059fdbc506f551acf59f1f9dc45b79062629212fb3fa43c226e73f8e97cceca56eefe505e77e0b4ad73eb113274ac26d7fafd27aac70b5dfb6044c1c9843dbdf7607fb8be1e54cd0b71ce873ad1b3422d5d5be832a86bea93874e61379e7f82b8b523db86a03d53110b2aa885,gx-no-cache=1457006651526 HTTP/1.1" 200 41
192.168.10.98 - - [03/Mar/2016:09:03:52 -0300] "POST /cormun/servlet/trsolicitudgral?059931f1394115cd7b2d29c637b70178,,gx-no-cache=1457006384279 HTTP/1.1" 200 16600
192.168.10.94 - - [03/Mar/2016:09:03:53 -0300] "POST /cormun/servlet/hlogin?e9d3419a98f788f75290c03ba2540507,gx-no-cache=1457006386375 HTTP/1.1" 200 90
192.168.10.94 - - [03/Mar/2016:09:03:54 -0300] "GET /cormun/servlet/hpexe_link HTTP/1.1" 200 947
192.168.10.94 - - [03/Mar/2016:09:03:54 -0300] "GET /cormun/servlet/hhome HTTP/1.1" 200 3405
192.168.10.98 - - [03/Mar/2016:09:03:55 -0300] "POST /cormun/servlet/trsolicitudgral?059931f1394115cd7b2d29c637b70178,,gx-no-cache=1457006387141 HTTP/1.1" 200 16600
192.168.10.98 - - [03/Mar/2016:09:03:58 -0300] "POST /cormun/servlet/trsolicitudgral?059931f1394115cd7b2d29c637b70178,,gx-no-cache=1457006390037 HTTP/1.1" 200 16600
192.168.10.98 - - [03/Mar/2016:09:04:01 -0300] "POST /cormun/servlet/trsolicitudgral?059931f1394115cd7b2d29c637b70178,,gx-no-cache=1457006393095 HTTP/1.1" 200 16682
191.112.78.213 - - [03/Mar/2016:09:04:07 -0300] "GET /cormun/servlet/solicitudot?5e1f3e66fcf55fc4b6ee6ee73dc1dd6cd0f578cca5dc723ad369d34cf1352470cb315ab2dcf17326f300a74ab0d128db47c177a5e4fc5dac2076c3631992e075ade63f039262f9e41b5ba4c48f3d4f786182cf12c76d8a12903169b38e3f1559ef72e10c01d6b215497c6c4509536e03cceb7eb894cc49e34274d32bf8598d153b34ec06772ca4ece2993d7c291b29f0edcdb1d349baec5fc256e5b09a6eb8504071395a1816554f71a0af2349330f81547dfea79c28e1f0a65fea944e641c0c269349b64e4018af0d08bbfae2aa93f6,gx-no-cache=1457006673416 HTTP/1.1" 200 29
191.112.78.213 - - [03/Mar/2016:09:04:07 -0300] "POST /cormun/servlet/solicitudot?gx-no-cache=1457006673554 HTTP/1.1" 200 1115
191.112.78.213 - - [03/Mar/2016:09:04:07 -0300] "GET /cormun/servlet/solicitudot?5e1f3e66fcf55fc4b6ee6ee73dc1dd6c969c18e4ff67d0443b61eb2a50db2b7334c76f8572a7170c7f625fcd5b98393556b35be50da057fcf6c62f24e8db6623d52eb210e4cb3adc3f0862d30cdc39b7b2d92b0f0822421a48c7bd9513539ab04f82fa722995084de9cea3f11193652ba436e7d6f993a5b5b8af86975029a0910e7d4a1d3665ac8d9737fce914c452aad49e313bc69930ec2d1cd2947cb4f7a38d0fe505d408983e83c59c8261006e31,gx-no-cache=1457006673760 HTTP/1.1" 200 30
191.112.78.213 - - [03/Mar/2016:09:04:08 -0300] "POST /cormun/servlet/solicitudot?ce8710eb05ffb8382246fb5787dceb90,UPD,2016,465,,gx-no-cache=1457006673864 HTTP/1.1" 200 93
191.112.78.213 - - [03/Mar/2016:09:04:08 -0300] "GET /cormun/servlet/hpexe_return? HTTP/1.1" 200 1013
191.112.78.213 - - [03/Mar/2016:09:04:09 -0300] "GET /cormun/servlet/trsolicitudot? HTTP/1.1" 200 10340
191.112.78.213 - - [03/Mar/2016:09:04:12 -0300] "GET /cormun/servlet/trsolicitudot? HTTP/1.1" 200 10336
192.168.10.94 - - [03/Mar/2016:09:04:15 -0300] "GET /cormun/servlet/trvisualizadoreventos? HTTP/1.1" 200 6463
191.112.78.213 - - [03/Mar/2016:09:04:18 -0300] "POST /cormun/servlet/trsolicitudot?ce8710eb05ffb8382246fb5787dceb90,,gx-no-cache=1457006683527 HTTP/1.1" 200 7781
192.168.10.94 - - [03/Mar/2016:09:04:18 -0300] "POST /cormun/servlet/trvisualizadoreventos?e9d3419a98f788f75290c03ba2540507,,gx-no-cache=1457006411295 HTTP/1.1" 200 3805
192.168.10.94 - - [03/Mar/2016:09:04:19 -0300] "POST /cormun/servlet/trvisualizadoreventos?e9d3419a98f788f75290c03ba2540507,,gx-no-cache=1457006411523 HTTP/1.1" 200 3805
191.112.78.213 - - [03/Mar/2016:09:04:19 -0300] "POST /cormun/servlet/trsolicitudot?ce8710eb05ffb8382246fb5787dceb90,,gx-no-cache=1457006684630 HTTP/1.1" 200 7781
192.168.10.94 - - [03/Mar/2016:09:04:19 -0300] "POST /cormun/servlet/trvisualizadoreventos?e9d3419a98f788f75290c03ba2540507,,gx-no-cache=1457006411814 HTTP/1.1" 200 3805
192.168.10.94 - - [03/Mar/2016:09:04:19 -0300] "POST /cormun/servlet/trvisualizadoreventos?e9d3419a98f788f75290c03ba2540507,,gx-no-cache=1457006412145 HTTP/1.1" 200 3805
191.112.78.213 - - [03/Mar/2016:09:04:20 -0300] "POST /cormun/servlet/trsolicitudot?ce8710eb05ffb8382246fb5787dceb90,,gx-no-cache=1457006685738 HTTP/1.1" 200 7781
191.112.78.213 - - [03/Mar/2016:09:04:21 -0300] "POST /cormun/servlet/trsolicitudot?ce8710eb05ffb8382246fb5787dceb90,,gx-no-cache=1457006686893 HTTP/1.1" 200 7781
191.112.78.213 - - [03/Mar/2016:09:04:22 -0300] "POST /cormun/servlet/trsolicitudot?ce8710eb05ffb8382246fb5787dceb90,,gx-no-cache=1457006688089 HTTP/1.1" 200 7781
191.112.78.213 - - [03/Mar/2016:09:04:23 -0300] "POST /cormun/servlet/trsolicitudot?ce8710eb05ffb8382246fb5787dceb90,,gx-no-cache=1457006689271 HTTP/1.1" 200 7781
191.112.78.213 - - [03/Mar/2016:09:04:25 -0300] "POST /cormun/servlet/trsolicitudot?ce8710eb05ffb8382246fb5787dceb90,,gx-no-cache=1457006690588 HTTP/1.1" 200 7781
191.112.78.213 - - [03/Mar/2016:09:04:26 -0300] "POST /cormun/servlet/trsolicitudot?ce8710eb05ffb8382246fb5787dceb90,,gx-no-cache=1457006691888 HTTP/1.1" 200 105
191.112.78.213 - - [03/Mar/2016:09:04:26 -0300] "GET /cormun/servlet/solicitudot?UPD,2016,467, HTTP/1.1" 200 12650
192.168.10.98 - - [03/Mar/2016:09:04:27 -0300] "POST /cormun/servlet/trsolicitudgral?059931f1394115cd7b2d29c637b70178,,gx-no-cache=1457006419362 HTTP/1.1" 200 12114
191.112.78.213 - - [03/Mar/2016:09:04:29 -0300] "GET /cormun/servlet/solicitudot?UPD,2016,467, HTTP/1.1" 200 12658
191.112.78.213 - - [03/Mar/2016:09:04:30 -0300] "POST /cormun/servlet/solicitudot?gx-no-cache=1457006696212 HTTP/1.1" 200 2736
191.112.78.213 - - [03/Mar/2016:09:04:30 -0300] "POST /cormun/servlet/solicitudot?ce8710eb05ffb8382246fb5787dceb90,UPD,2016,467,,gx-no-cache=1457006696628 HTTP/1.1" 200 9025
191.112.78.213 - - [03/Mar/2016:09:04:31 -0300] "GET /cormun/servlet/solicitudot?5e1f3e66fcf55fc4b6ee6ee73dc1dd6cd4f7841a68973343c1aca7c4c7bda5adb6bbc86ab8a1b175812ab35ca0835e14,gx-no-cache=1457006697213 HTTP/1.1" 200 30
191.112.78.213 - - [03/Mar/2016:09:04:31 -0300] "POST /cormun/servlet/solicitudot?gx-no-cache=1457006697338 HTTP/1.1" 200 30
191.112.78.213 - - [03/Mar/2016:09:04:31 -0300] "POST /cormun/servlet/solicitudot?gx-no-cache=1457006697439 HTTP/1.1" 200 30
191.112.78.213 - - [03/Mar/2016:09:04:31 -0300] "POST /cormun/servlet/solicitudot?gx-no-cache=1457006697591 HTTP/1.1" 200 1152
191.112.78.213 - - [03/Mar/2016:09:04:31 -0300] "GET /cormun/servlet/solicitudot?5e1f3e66fcf55fc4b6ee6ee73dc1dd6c3c4b41c6016c9ae4dd364b000f9090f1c044ec174d8269a440b38c5b16e2ea581d6f903059fdbc506f551acf59f1f9dc45b79062629212fb3fa43c226e73f8e97cceca56eefe505e77e0b4ad73eb113274ac26d7fafd27aac70b5dfb6044c1c9843dbdf7607fb8be1e54cd0b71ce873ad1b3422d5d5be832a86bea93874e61379e7f82b8b523db86a03d53110b2aa885,gx-no-cache=1457006697816 HTTP/1.1" 200 41
192.168.10.98 - - [03/Mar/2016:09:04:37 -0300] "POST /cormun/servlet/trsolicitudgral?059931f1394115cd7b2d29c637b70178,,gx-no-cache=1457006429310 HTTP/1.1" 200 12114
192.168.10.98 - - [03/Mar/2016:09:04:50 -0300] "POST /cormun/servlet/trsolicitudgral?059931f1394115cd7b2d29c637b70178,,gx-no-cache=1457006442295 HTTP/1.1" 200 14724
192.168.10.98 - - [03/Mar/2016:09:04:52 -0300] "GET /cormun/servlet/trsolicitudgral?90c3269b7f83dc7d1193d375066dcc034e3df0c5e05d6ac16f20eaa942ae6581817ddbd33a2af29c71b455137da92e5d1dcf6f52496524d89062ea75d2d1d92ea9a4e0fef7fa997ecff884012f6911a9e3b76f42798c23e4b0ee8b3fe586a741,gx-no-cache=1457006444843 HTTP/1.1" 200 13012
191.112.78.213 - - [03/Mar/2016:09:04:58 -0300] "GET /cormun/servlet/solicitudot?5e1f3e66fcf55fc4b6ee6ee73dc1dd6cd0f578cca5dc723ad369d34cf1352470cb315ab2dcf17326f300a74ab0d128db47c177a5e4fc5dac2076c3631992e075ade63f039262f9e41b5ba4c48f3d4f786182cf12c76d8a12903169b38e3f1559ef72e10c01d6b215497c6c4509536e03cceb7eb894cc49e34274d32bf8598d153b34ec06772ca4ece2993d7c291b29f0edcdb1d349baec5fc256e5b09a6eb8504071395a1816554f71a0af2349330f81547dfea79c28e1f0a65fea944e641c0c269349b64e4018af0d08bbfae2aa93f6,gx-no-cache=1457006724766 HTTP/1.1" 200 29
191.112.78.213 - - [03/Mar/2016:09:04:59 -0300] "POST /cormun/servlet/solicitudot?gx-no-cache=1457006724928 HTTP/1.1" 200 1115
191.112.78.213 - - [03/Mar/2016:09:04:59 -0300] "GET /cormun/servlet/solicitudot?5e1f3e66fcf55fc4b6ee6ee73dc1dd6c055d4e5a1de2834c4e36b9896f1f227ae0d532377f9e2d64b641561e04fa8ccf3195621a2a606044d68f8b3b0c18a08768615a061ce55bc7a3fa3a31dcc25056e7ada0a63d89edc0ee706a56538223a53037d916e5eeae447ac2016d65902243533403c003b5cadf94a0de60a1558b0c62af1ec8116f50fb06af6e45bd5f50d7a5fcee6dd79380de5752626cbaf84f4536cde9425bbc7190eba35d837b178b2a,gx-no-cache=1457006725127 HTTP/1.1" 200 30
191.112.78.213 - - [03/Mar/2016:09:04:59 -0300] "POST /cormun/servlet/solicitudot?ce8710eb05ffb8382246fb5787dceb90,UPD,2016,467,,gx-no-cache=1457006725240 HTTP/1.1" 200 93
191.112.78.213 - - [03/Mar/2016:09:04:59 -0300] "GET /cormun/servlet/hpexe_return? HTTP/1.1" 200 1013
191.112.78.213 - - [03/Mar/2016:09:05:00 -0300] "GET /cormun/servlet/trsolicitudot? HTTP/1.1" 200 10340
191.112.78.213 - - [03/Mar/2016:09:05:03 -0300] "GET /cormun/servlet/trsolicitudot? HTTP/1.1" 200 10336
191.112.78.213 - - [03/Mar/2016:09:05:07 -0300] "POST /cormun/servlet/trsolicitudot?ce8710eb05ffb8382246fb5787dceb90,,gx-no-cache=1457006733051 HTTP/1.1" 200 7781
192.168.10.98 - - [03/Mar/2016:09:05:08 -0300] "POST /cormun/servlet/trsolicitudgral?059931f1394115cd7b2d29c637b70178,,gx-no-cache=1457006460323 HTTP/1.1" 200 14943
191.112.78.213 - - [03/Mar/2016:09:05:08 -0300] "POST /cormun/servlet/trsolicitudot?ce8710eb05ffb8382246fb5787dceb90,,gx-no-cache=1457006734141 HTTP/1.1" 200 7781
191.112.78.213 - - [03/Mar/2016:09:05:09 -0300] "POST /cormun/servlet/trsolicitudot?ce8710eb05ffb8382246fb5787dceb90,,gx-no-cache=1457006735217 HTTP/1.1" 200 7781
192.168.10.98 - - [03/Mar/2016:09:05:10 -0300] "POST /cormun/servlet/trsolicitudgral?059931f1394115cd7b2d29c637b70178,,gx-no-cache=1457006463036 HTTP/1.1" 200 14944
191.112.78.213 - - [03/Mar/2016:09:05:10 -0300] "POST /cormun/servlet/trsolicitudot?ce8710eb05ffb8382246fb5787dceb90,,gx-no-cache=1457006736376 HTTP/1.1" 200 7780
191.112.78.213 - - [03/Mar/2016:09:05:12 -0300] "POST /cormun/servlet/trsolicitudot?ce8710eb05ffb8382246fb5787dceb90,,gx-no-cache=1457006737530 HTTP/1.1" 200 7781
191.112.78.213 - - [03/Mar/2016:09:05:13 -0300] "POST /cormun/servlet/trsolicitudot?ce8710eb05ffb8382246fb5787dceb90,,gx-no-cache=1457006738736 HTTP/1.1" 200 7780
192.168.10.98 - - [03/Mar/2016:09:05:13 -0300] "POST /cormun/servlet/trsolicitudgral?059931f1394115cd7b2d29c637b70178,,gx-no-cache=1457006465835 HTTP/1.1" 200 14944
191.112.78.213 - - [03/Mar/2016:09:05:14 -0300] "POST /cormun/servlet/trsolicitudot?ce8710eb05ffb8382246fb5787dceb90,,gx-no-cache=1457006739962 HTTP/1.1" 200 7781
191.112.78.213 - - [03/Mar/2016:09:05:15 -0300] "POST /cormun/servlet/trsolicitudot?ce8710eb05ffb8382246fb5787dceb90,,gx-no-cache=1457006741276 HTTP/1.1" 200 104
191.112.78.213 - - [03/Mar/2016:09:05:16 -0300] "GET /cormun/servlet/solicitudot?UPD,2016,471, HTTP/1.1" 200 12670
192.168.10.98 - - [03/Mar/2016:09:05:16 -0300] "POST /cormun/servlet/trsolicitudgral?059931f1394115cd7b2d29c637b70178,,gx-no-cache=1457006468706 HTTP/1.1" 200 14944
191.112.78.213 - - [03/Mar/2016:09:05:18 -0300] "GET /cormun/servlet/solicitudot?UPD,2016,471, HTTP/1.1" 200 12679
191.112.78.213 - - [03/Mar/2016:09:05:19 -0300] "POST /cormun/servlet/solicitudot?gx-no-cache=1457006745324 HTTP/1.1" 200 2744
191.112.78.213 - - [03/Mar/2016:09:05:20 -0300] "POST /cormun/servlet/solicitudot?ce8710eb05ffb8382246fb5787dceb90,UPD,2016,471,,gx-no-cache=1457006745740 HTTP/1.1" 200 9040
191.112.78.213 - - [03/Mar/2016:09:05:20 -0300] "GET /cormun/servlet/solicitudot?5e1f3e66fcf55fc4b6ee6ee73dc1dd6ca813bde5a832b4f27ee08109005199c25fedd641ac51c2a84ef5d844ed03721c,gx-no-cache=1457006746341 HTTP/1.1" 200 30
191.112.78.213 - - [03/Mar/2016:09:05:20 -0300] "POST /cormun/servlet/solicitudot?gx-no-cache=1457006746483 HTTP/1.1" 200 30
191.112.78.213 - - [03/Mar/2016:09:05:20 -0300] "POST /cormun/servlet/solicitudot?gx-no-cache=1457006746605 HTTP/1.1" 200 30
191.112.78.213 - - [03/Mar/2016:09:05:20 -0300] "POST /cormun/servlet/solicitudot?gx-no-cache=1457006746774 HTTP/1.1" 200 1153
191.112.78.213 - - [03/Mar/2016:09:05:21 -0300] "GET /cormun/servlet/solicitudot?5e1f3e66fcf55fc4b6ee6ee73dc1dd6c3c4b41c6016c9ae4dd364b000f9090f1c044ec174d8269a440b38c5b16e2ea581d6f903059fdbc506f551acf59f1f9dc45b79062629212fb3fa43c226e73f8e97cceca56eefe505e77e0b4ad73eb113274ac26d7fafd27aac70b5dfb6044c1c9843dbdf7607fb8be1e54cd0b71ce873ad1b3422d5d5be832a86bea93874e61379e7f82b8b523db86a03d53110b2aa885,gx-no-cache=1457006747008 HTTP/1.1" 200 41
192.168.10.98 - - [03/Mar/2016:09:05:57 -0300] "POST /cormun/servlet/trsolicitudgral?059931f1394115cd7b2d29c637b70178,,gx-no-cache=1457006510179 HTTP/1.1" 200 14943
191.112.78.213 - - [03/Mar/2016:09:06:17 -0300] "GET /cormun/servlet/solicitudot?5e1f3e66fcf55fc4b6ee6ee73dc1dd6cd0f578cca5dc723ad369d34cf1352470cb315ab2dcf17326f300a74ab0d128dbb862e1494b4ff3fd0ccca58d98267872ade63f039262f9e41b5ba4c48f3d4f786182cf12c76d8a12903169b38e3f1559ef72e10c01d6b215497c6c4509536e03cceb7eb894cc49e34274d32bf8598d153b34ec06772ca4ece2993d7c291b29f0edcdb1d349baec5fc256e5b09a6eb8504071395a1816554f71a0af2349330f81547dfea79c28e1f0a65fea944e641c0c269349b64e4018af0d08bbfae2aa93f6,gx-no-cache=1457006802993 HTTP/1.1" 200 30
191.112.78.213 - - [03/Mar/2016:09:06:46 -0300] "POST /cormun/servlet/solicitudot?gx-no-cache=1457006832120 HTTP/1.1" 200 1116
191.112.78.213 - - [03/Mar/2016:09:06:46 -0300] "GET /cormun/servlet/solicitudot?5e1f3e66fcf55fc4b6ee6ee73dc1dd6c9f38f42288bc91e6cca39a9d67bec4040fac7dfe271ca766faf400067d23bc9656b35be50da057fcf6c62f24e8db6623d52eb210e4cb3adc3f0862d30cdc39b7b2d92b0f0822421a48c7bd9513539ab04f82fa722995084de9cea3f11193652ba436e7d6f993a5b5b8af86975029a0910e7d4a1d3665ac8d9737fce914c452aad49e313bc69930ec2d1cd2947cb4f7a38d0fe505d408983e83c59c8261006e31,gx-no-cache=1457006832411 HTTP/1.1" 200 30
191.112.78.213 - - [03/Mar/2016:09:06:46 -0300] "POST /cormun/servlet/solicitudot?ce8710eb05ffb8382246fb5787dceb90,UPD,2016,471,,gx-no-cache=1457006832556 HTTP/1.1" 200 93
191.112.78.213 - - [03/Mar/2016:09:06:47 -0300] "GET /cormun/servlet/hpexe_return? HTTP/1.1" 200 1013
