191.112.39.34 - - [03/Mar/2016:15:57:43 -0300] "GET /cormun/servlet/prfichaempleado?061c864efaec03e873ecd6f5813d821a1726d1f2f571b8a7ff6bd2c8c81df476e7886c57e38d1c7161f06fed9a233b398d009810e83b51e0307edfed35e63960,gx-no-cache=1457031487760 HTTP/1.1" 200 452
191.112.39.34 - - [03/Mar/2016:15:57:43 -0300] "GET /cormun/servlet/prfichaempleado?061c864efaec03e873ecd6f5813d821ae4d55423596338be7cb43f44c586f3ed778a5db3b04faf839a3098ac78d610d9ed7ed5ef9906642b80036dce1838703d,gx-no-cache=1457031488535 HTTP/1.1" 200 454
186.78.45.190 - - [03/Mar/2016:15:57:48 -0300] "GET /cormun/servlet/solicitudot?INS,0,0, HTTP/1.1" 200 11460
191.112.39.34 - - [03/Mar/2016:15:57:48 -0300] "GET /cormun/servlet/prfichaempleado?061c864efaec03e873ecd6f5813d821a44a6128d2277f924635bfcc763fd8533b346600b0ebb74c4cae86d41fca1065ebb877b10b478c8e33332f47c08fcf6f08cb5042211e57e33ab3884745f3617a1,gx-no-cache=1457031493155 HTTP/1.1" 200 466
191.112.39.34 - - [03/Mar/2016:15:57:49 -0300] "GET /cormun/servlet/prfichaempleado?061c864efaec03e873ecd6f5813d821a44a6128d2277f924635bfcc763fd853378519845df13ea4fd93a6da354c82d2095cfa69a442978f5d0b4ddeaaeda6e677faec62311009abd2d39eb44ca9f1a63,gx-no-cache=1457031494021 HTTP/1.1" 200 466
186.78.45.190 - - [03/Mar/2016:15:57:52 -0300] "POST /cormun/servlet/solicitudot?cfd97a9749c701a1333df6a487d85455,INS,0,0,,gx-no-cache=1457031498790 HTTP/1.1" 200 93
186.78.45.190 - - [03/Mar/2016:15:57:52 -0300] "GET /cormun/servlet/hpexe_return? HTTP/1.1" 200 1004
186.78.45.190 - - [03/Mar/2016:15:57:52 -0300] "GET /cormun/servlet/trsolicitudot HTTP/1.1" 200 6075
191.112.39.34 - - [03/Mar/2016:15:57:56 -0300] "GET /cormun/servlet/prfichaempleado?061c864efaec03e873ecd6f5813d821a89ae1c594172cb45e68b294d1f438914a018cc5ae344e8afbed125915ff0fdc79b5336e859b7ee228e01917870bc836e0f75bd1d756f6c94fc6630c950bd5554,gx-no-cache=1457031501223 HTTP/1.1" 200 464
191.112.39.34 - - [03/Mar/2016:15:57:57 -0300] "GET /cormun/servlet/prfichaempleado?061c864efaec03e873ecd6f5813d821a0f0c6ac3b880f0283703b6432d783ddc8878aa99aa65efa00f65bccd210876eada6b57dc9e0f884d73f1fd746f141f8840d2a47f165ab87b00967280c66934e6,gx-no-cache=1457031501838 HTTP/1.1" 200 465
191.112.39.34 - - [03/Mar/2016:15:57:58 -0300] "GET /cormun/servlet/prfichaempleado?061c864efaec03e873ecd6f5813d821aaf228d27fcc73f76faaa1b87e7393f1c78519845df13ea4fd93a6da354c82d2095cfa69a442978f5d0b4ddeaaeda6e677faec62311009abd2d39eb44ca9f1a63,gx-no-cache=1457031502892 HTTP/1.1" 200 466
191.112.39.34 - - [03/Mar/2016:15:58:02 -0300] "GET /cormun/servlet/prfichaempleado?061c864efaec03e873ecd6f5813d821a3a313b7b29fc4aff8693ffdd023150f90e61bcaa0c9764dfc167b945aa8cfd885999e0565b939c18e2217a9c31baa9a3,gx-no-cache=1457031506722 HTTP/1.1" 200 461
191.112.39.34 - - [03/Mar/2016:15:58:03 -0300] "GET /cormun/servlet/prfichaempleado?061c864efaec03e873ecd6f5813d821aeca56883bcfd26a91af9865b439f6baa575710bb37accf0f47f56904e782b6e495cfa69a442978f5d0b4ddeaaeda6e677faec62311009abd2d39eb44ca9f1a63,gx-no-cache=1457031508510 HTTP/1.1" 200 436
191.112.39.34 - - [03/Mar/2016:15:58:05 -0300] "GET /cormun/servlet/prfichaempleado?061c864efaec03e873ecd6f5813d821aeca56883bcfd26a91af9865b439f6baa36754745cb71c42f9f14abdcdec9d024fd1abc84e22412c29ef2c0117afeec9e,gx-no-cache=1457031510171 HTTP/1.1" 200 458
186.78.45.190 - - [03/Mar/2016:15:58:05 -0300] "GET /cormun/servlet/trautorizarsolicitud? HTTP/1.1" 200 6167
191.112.39.34 - - [03/Mar/2016:15:58:08 -0300] "POST /cormun/servlet/prfichaempleado?c79f15f7c1260718f5f4744821fa0ab4,,MD,,gxPopupLevel%3D0%3B,gx-no-cache=1457031513014 HTTP/1.1" 200 2816
191.112.39.34 - - [03/Mar/2016:15:58:33 -0300] "POST /cormun/servlet/solicitudot?gx-no-cache=1457031537762 HTTP/1.1" 200 452
186.78.45.190 - - [03/Mar/2016:15:58:40 -0300] "GET /cormun/servlet/trautorizarsolicitud? HTTP/1.1" 200 6167
186.103.159.204 - - [03/Mar/2016:15:59:22 -0300] "GET /cormun/servlet/solicitudot?INS,0,0, HTTP/1.1" 200 11462
186.103.159.204 - - [03/Mar/2016:15:59:23 -0300] "GET /cormun/servlet/solicitudot?INS,0,0, HTTP/1.1" 200 11445
191.112.39.34 - - [03/Mar/2016:15:59:25 -0300] "GET /cormun/servlet/solicitudot?b4ac67235eab516809eacf8981c1aec03bf1c62e6976ffcd972e41b89fb22a234dcb31fe05e19761a61e1fd8f4275ddf2966aea6de3b1fae99699bf686b7e9f95dc5563bb87930a0e78e2f1b209b5d78ee675253f6cf523be18564311754e6f9bb168639212af743c01391aac864507a1e2e8d0b0af325a984dd6c67195187f340e37e67d17dc325197b703f4be2a6be98d99f8235ecb1c3367428be0993f9f7,gx-no-cache=1457031590007 HTTP/1.1" 200 38
186.103.159.204 - - [03/Mar/2016:15:59:35 -0300] "POST /cormun/servlet/solicitudot?gx-no-cache=1457031598085 HTTP/1.1" 200 2744
186.103.159.204 - - [03/Mar/2016:15:59:35 -0300] "POST /cormun/servlet/solicitudot?4881528fdb2991efe7e1984e33761af8,INS,0,0,,gx-no-cache=1457031598287 HTTP/1.1" 200 8400
186.103.159.204 - - [03/Mar/2016:15:59:35 -0300] "GET /cormun/servlet/solicitudot?f930c3ed7b1e443843e42b7c8396729d2e8066e8f17811cf59fb8ab6eeac3787218a4421d639f7f8d178f07a273103ae,gx-no-cache=1457031598498 HTTP/1.1" 200 30
186.103.159.204 - - [03/Mar/2016:15:59:37 -0300] "POST /cormun/servlet/solicitudot?gx-no-cache=1457031600058 HTTP/1.1" 200 30
186.103.159.204 - - [03/Mar/2016:15:59:37 -0300] "POST /cormun/servlet/solicitudot?gx-no-cache=1457031600095 HTTP/1.1" 200 33
186.103.159.204 - - [03/Mar/2016:15:59:37 -0300] "POST /cormun/servlet/solicitudot?gx-no-cache=1457031600177 HTTP/1.1" 200 1157
186.103.159.204 - - [03/Mar/2016:15:59:37 -0300] "GET /cormun/servlet/solicitudot?f930c3ed7b1e443843e42b7c8396729d2e6997e18dc2ed5912b464857a3b8ce8a08cc7e6286a2d550c44a7bbf8461bfafffbdde5a3c1c908852364e3e3d5dd21b4ef7aeb08d297b01bad275767a39bdf196861abd2bd7ae429ffcded4f4f9ce37940a7cb9a158190c7429e766dd962808f4561b4373d86d3d6ce2abe1132095e0072fdfc415ea6a26508b3cc670688cb,gx-no-cache=1457031600284 HTTP/1.1" 200 38
186.103.159.204 - - [03/Mar/2016:15:59:37 -0300] "GET /cormun/servlet/solicitudot?f930c3ed7b1e443843e42b7c8396729dc2123ce853801a4ce4163372b056ae3e691d0907274c9a67bc72386e3c6f0b819ecc97637fa540571f58461f9bc804a8e24b815c10a8aef6927c811f9ffe140dc52d326bd84d8cc3716663b6a2205f659372123b4cdd8d65db3488c269e3836f,gx-no-cache=1457031600356 HTTP/1.1" 200 29
186.103.159.204 - - [03/Mar/2016:15:59:37 -0300] "POST /cormun/servlet/solicitudot?gx-no-cache=1457031600396 HTTP/1.1" 200 1116
186.103.159.204 - - [03/Mar/2016:15:59:37 -0300] "GET /cormun/static/menuarrow.gif HTTP/1.1" 404 1015
186.103.159.204 - - [03/Mar/2016:15:59:39 -0300] "POST /cormun/servlet/solicitudot?gx-no-cache=1457031602398 HTTP/1.1" 200 30
186.103.159.204 - - [03/Mar/2016:15:59:39 -0300] "POST /cormun/servlet/solicitudot?gx-no-cache=1457031602443 HTTP/1.1" 200 33
186.103.159.204 - - [03/Mar/2016:15:59:39 -0300] "POST /cormun/servlet/solicitudot?gx-no-cache=1457031602502 HTTP/1.1" 200 1157
186.103.159.204 - - [03/Mar/2016:15:59:39 -0300] "GET /cormun/servlet/solicitudot?f930c3ed7b1e443843e42b7c8396729d2e6997e18dc2ed5912b464857a3b8ce8a08cc7e6286a2d550c44a7bbf8461bfafffbdde5a3c1c908852364e3e3d5dd21b4ef7aeb08d297b01bad275767a39bdf196861abd2bd7ae429ffcded4f4f9ce37940a7cb9a158190c7429e766dd962808f4561b4373d86d3d6ce2abe1132095e0072fdfc415ea6a26508b3cc670688cb,gx-no-cache=1457031602588 HTTP/1.1" 200 38
186.103.159.204 - - [03/Mar/2016:15:59:39 -0300] "POST /cormun/servlet/solicitudot?gx-no-cache=1457031602648 HTTP/1.1" 200 1116
186.103.159.204 - - [03/Mar/2016:15:59:48 -0300] "GET /cormun/servlet/solicitudot?f930c3ed7b1e443843e42b7c8396729d08fe152c89d2227840f480794ca4bdd64c2e7cd57eccc59798df20c62860c7e79abb06b8aedc88b9e2fd32726fc894d578956364c5a7af6a21d6b88fe79cb7d943e970b5b81f5cc9df33925f69286abd5c399a01059cbe907801163d9ef55a1b6dd2961ab2623f34aa0172a9a6a6b0497ce4c719d4aeeac6df5b1c89e4d22b6d44f94eca0fa26937221a3ddc22c6036a4ca96e76df55061c05d6e8822c3ff095,gx-no-cache=1457031611516 HTTP/1.1" 200 30
191.112.78.213 - - [03/Mar/2016:15:59:49 -0300] "POST /cormun/servlet/hlogin?2eb1ff61f984545adc1c355a301596c1,gx-no-cache=1457031614804 HTTP/1.1" 440 972
191.112.78.213 - - [03/Mar/2016:15:59:52 -0300] "GET /cormun/servlet/hlogin HTTP/1.1" 200 1725
191.112.78.213 - - [03/Mar/2016:15:59:58 -0300] "POST /cormun/servlet/hlogin?24d7d314146108dee9205cc94c3a04e7,gx-no-cache=1457031623679 HTTP/1.1" 200 90
191.112.78.213 - - [03/Mar/2016:15:59:58 -0300] "GET /cormun/servlet/hpexe_link HTTP/1.1" 200 947
191.112.78.213 - - [03/Mar/2016:15:59:58 -0300] "GET /cormun/static/gxcfg.js?20151120044395 HTTP/1.1" 304 -
191.112.78.213 - - [03/Mar/2016:15:59:58 -0300] "GET /cormun/static/hpexe_link.js?20151120044398 HTTP/1.1" 304 -
191.112.78.213 - - [03/Mar/2016:15:59:58 -0300] "GET /cormun/servlet/hhome HTTP/1.1" 200 3444
191.112.78.213 - - [03/Mar/2016:15:59:59 -0300] "GET /cormun/static/Resources/Spanish/PXTools.css?10515224 HTTP/1.1" 304 -
191.112.78.213 - - [03/Mar/2016:15:59:59 -0300] "GET /cormun/static/gxcfg.js?2015112210564248 HTTP/1.1" 304 -
191.112.78.213 - - [03/Mar/2016:15:59:59 -0300] "GET /cormun/static/hhome.js?2015112210564255 HTTP/1.1" 304 -
191.112.78.213 - - [03/Mar/2016:16:00:01 -0300] "GET /cormun/servlet/hhome HTTP/1.1" 200 3440
191.112.39.34 - - [03/Mar/2016:16:00:21 -0300] "GET /cormun/servlet/solicitudot?b4ac67235eab516809eacf8981c1aec02e1dc4e0520a534b2ffabc378ebfca07135b13a2c15cc1d8aaf9ba6154436b3ac23913aae8d36ef9f85a03a1f0687e28bda4ca15a883789add48593d71d2f23d682e0df7731ebf02b24265a71cb933cba70c5e6a8a14bb341809c5b5e2dd9a06,gx-no-cache=1457031646478 HTTP/1.1" 200 29
191.112.39.34 - - [03/Mar/2016:16:00:23 -0300] "POST /cormun/servlet/solicitudot?gx-no-cache=1457031648487 HTTP/1.1" 200 1116
191.112.78.213 - - [03/Mar/2016:16:00:24 -0300] "GET /cormun/servlet/trsolicitudot? HTTP/1.1" 200 6202
191.112.78.213 - - [03/Mar/2016:16:00:24 -0300] "GET /cormun/static/Resources/Spanish/PXTools.css?18502099 HTTP/1.1" 304 -
191.112.78.213 - - [03/Mar/2016:16:00:24 -0300] "GET /cormun/static/gxcfg.js?201631185636 HTTP/1.1" 304 -
191.112.78.213 - - [03/Mar/2016:16:00:24 -0300] "GET /cormun/static/trsolicitudot.js?2016311856838 HTTP/1.1" 304 -
191.112.78.213 - - [03/Mar/2016:16:00:26 -0300] "GET /cormun/servlet/trsolicitudot? HTTP/1.1" 200 6201
186.103.159.204 - - [03/Mar/2016:16:00:27 -0300] "GET /cormun/servlet/solicitudot?f930c3ed7b1e443843e42b7c8396729d08fe152c89d2227840f480794ca4bdd64c2e7cd57eccc59798df20c62860c7e79abb06b8aedc88b9e2fd32726fc894d578956364c5a7af6a21d6b88fe79cb7d943e970b5b81f5cc9df33925f69286abd5c399a01059cbe907801163d9ef55a1b6dd2961ab2623f34aa0172a9a6a6b0497ce4c719d4aeeac6df5b1c89e4d22b6d44f94eca0fa26937221a3ddc22c6036a4ca96e76df55061c05d6e8822c3ff095,gx-no-cache=1457031649851 HTTP/1.1" 200 30
186.103.159.204 - - [03/Mar/2016:16:00:27 -0300] "POST /cormun/servlet/solicitudot?4881528fdb2991efe7e1984e33761af8,INS,0,0,,gx-no-cache=1457031649908 HTTP/1.1" 200 93
186.103.159.204 - - [03/Mar/2016:16:00:27 -0300] "GET /cormun/servlet/hpexe_return? HTTP/1.1" 200 1027
186.103.159.204 - - [03/Mar/2016:16:00:27 -0300] "GET /cormun/servlet/trsolicitudot?gx-no-cache=1457030550885 HTTP/1.1" 200 14554
186.103.159.204 - - [03/Mar/2016:16:00:28 -0300] "GET /cormun/servlet/trsolicitudot?gx-no-cache=1457030550885 HTTP/1.1" 200 14569
186.78.45.190 - - [03/Mar/2016:16:00:38 -0300] "POST /cormun/servlet/trautorizarsolicitud?cfd97a9749c701a1333df6a487d85455,,gx-no-cache=1457031664965 HTTP/1.1" 200 3470
186.78.45.190 - - [03/Mar/2016:16:00:40 -0300] "POST /cormun/servlet/trautorizarsolicitud?cfd97a9749c701a1333df6a487d85455,,gx-no-cache=1457031666676 HTTP/1.1" 200 3468
186.78.45.190 - - [03/Mar/2016:16:00:40 -0300] "POST /cormun/servlet/trautorizarsolicitud?cfd97a9749c701a1333df6a487d85455,,gx-no-cache=1457031667169 HTTP/1.1" 200 3470
186.78.45.190 - - [03/Mar/2016:16:00:44 -0300] "GET /cormun/servlet/trautorizarsolicitud?da087cc4fbea804b993417b7533ae238cd6744a583ee84de70bda3c981c13fdf05e7a007ee9dd9f3db99703c8e7a7213c52af62256ee314a710c3cd8ae9a9661fba58c88ec43a9847bce3d2722cf0c1473838bd1dad627625f80abad12da42ef,gx-no-cache=1457031671067 HTTP/1.1" 200 751
186.78.45.190 - - [03/Mar/2016:16:00:45 -0300] "GET /cormun/servlet/trautorizarsolicitud?da087cc4fbea804b993417b7533ae23852f1f0a5130862dea3bf8d6f21580d04152971ed36da29d315b6b8e04958f20469ce8d129facb6efaa428886d4c115be2953498fcd7d543de088acd5be9f2a650526de868d638fd6e8d6114ac1436d6d,gx-no-cache=1457031672216 HTTP/1.1" 200 751
186.78.45.190 - - [03/Mar/2016:16:00:47 -0300] "POST /cormun/servlet/trautorizarsolicitud?cfd97a9749c701a1333df6a487d85455,,gx-no-cache=1457031673412 HTTP/1.1" 200 3478
186.78.45.190 - - [03/Mar/2016:16:00:48 -0300] "GET /cormun/servlet/trautorizarsolicitud?da087cc4fbea804b993417b7533ae23852f1f0a5130862dea3bf8d6f21580d0455ddaaf7c4c32be8fa0171dddfa25304c392db693a94d25621a90037df45c1b7eaca186513a2ab2add10f34c58060b3ecaaacb21d78b75a4009485f1d1bd070b,gx-no-cache=1457031675200 HTTP/1.1" 200 756
186.78.45.190 - - [03/Mar/2016:16:00:49 -0300] "GET /cormun/servlet/trautorizarsolicitud?da087cc4fbea804b993417b7533ae23852f1f0a5130862dea3bf8d6f21580d04abc3a689f6192e65ee740fb5727f627285fbaedda0942f00bdda02f27fe3be5e2d446608801498ae201180fa4d1d5d90e0c066ebbe99ae016a893fc4ff302827,gx-no-cache=1457031676316 HTTP/1.1" 200 756
186.78.45.190 - - [03/Mar/2016:16:00:50 -0300] "GET /cormun/servlet/trautorizarsolicitud?da087cc4fbea804b993417b7533ae23852f1f0a5130862dea3bf8d6f21580d04c7edd9f2b239204f335054988e858b9161492519f5072e02e7803aa12989846f30fc993dab61c969b4810ee6c47df6fb379a0f6854efa11053efc4f28aab1c2124f6275df9fd3b57a3abd14619c13ca6,gx-no-cache=1457031677106 HTTP/1.1" 200 756
186.78.45.190 - - [03/Mar/2016:16:01:01 -0300] "GET /cormun/servlet/trautorizarsolicitud?da087cc4fbea804b993417b7533ae238b068737fdbf06ba2a85a08b7624b10cf64748d9bac26e77c09a296a8d4b2e686c8ebfe5ea802090d2c9d2f9304d5a62fc52af62256ee314a710c3cd8ae9a9661fba58c88ec43a9847bce3d2722cf0c1473838bd1dad627625f80abad12da42ef,gx-no-cache=1457031688357 HTTP/1.1" 200 756
191.112.78.213 - - [03/Mar/2016:16:01:09 -0300] "GET /cormun/servlet/solicitudot?INS,0,0, HTTP/1.1" 200 11454
191.112.78.213 - - [03/Mar/2016:16:01:09 -0300] "GET /cormun/static/gxcfg.js?20163219435133 HTTP/1.1" 304 -
191.112.78.213 - - [03/Mar/2016:16:01:09 -0300] "GET /cormun/static/solicitudot.js?20163219435183 HTTP/1.1" 304 -
191.112.78.213 - - [03/Mar/2016:16:01:12 -0300] "GET /cormun/servlet/solicitudot?INS,0,0, HTTP/1.1" 200 11459
186.78.45.190 - - [03/Mar/2016:16:01:12 -0300] "GET /cormun/servlet/trautorizarsolicitud?da087cc4fbea804b993417b7533ae238b068737fdbf06ba2a85a08b7624b10cf556a0055f5b6eac55320c6895534067cb9db62bb24ec1ae75c474c52556aa358c03a7ed44f274b1fbab7a662ed939f1ff35ac261f4e57396fa84242a010800f990e3187a568bca380d501d38b45b7014,gx-no-cache=1457031699183 HTTP/1.1" 200 756
186.78.45.190 - - [03/Mar/2016:16:01:13 -0300] "GET /cormun/servlet/trautorizarsolicitud?da087cc4fbea804b993417b7533ae23852f1f0a5130862dea3bf8d6f21580d0486fa34a80f2e22173d5f8c15048d921a0d174ce87fc5c46952f5005d45aa3321c0e7437d1db5abc34ed738df7efbc3b34d6f994208d36feb4e56ba6142abceed,gx-no-cache=1457031700537 HTTP/1.1" 200 756
186.78.45.190 - - [03/Mar/2016:16:01:14 -0300] "GET /cormun/servlet/trautorizarsolicitud?da087cc4fbea804b993417b7533ae23852f1f0a5130862dea3bf8d6f21580d04c7edd9f2b239204f335054988e858b9161492519f5072e02e7803aa12989846f30fc993dab61c969b4810ee6c47df6fb379a0f6854efa11053efc4f28aab1c2124f6275df9fd3b57a3abd14619c13ca6,gx-no-cache=1457031701464 HTTP/1.1" 200 756
191.112.78.213 - - [03/Mar/2016:16:01:20 -0300] "POST /cormun/servlet/solicitudot?gx-no-cache=1457031705952 HTTP/1.1" 200 2668
191.112.78.213 - - [03/Mar/2016:16:01:21 -0300] "POST /cormun/servlet/solicitudot?24d7d314146108dee9205cc94c3a04e7,INS,0,0,,gx-no-cache=1457031706418 HTTP/1.1" 200 8258
191.112.78.213 - - [03/Mar/2016:16:01:22 -0300] "GET /cormun/servlet/solicitudot?326d155b3fb397243fd1e0a26e9ad9bc725b67f6698cd80876f28e2235b89a96f1c8f113af4ce76fe9e9cd217998fadb,gx-no-cache=1457031708378 HTTP/1.1" 200 30
186.78.45.190 - - [03/Mar/2016:16:01:28 -0300] "GET /cormun/servlet/trsolicitudot? HTTP/1.1" 200 6072
186.78.45.190 - - [03/Mar/2016:16:01:37 -0300] "POST /cormun/servlet/trsolicitudot?cfd97a9749c701a1333df6a487d85455,,gx-no-cache=1457031723498 HTTP/1.1" 200 3263
191.112.39.34 - - [03/Mar/2016:16:01:42 -0300] "GET /cormun/servlet/solicitudot?b4ac67235eab516809eacf8981c1aec0e2834b5c6649678616f492a5534952a2c04e2977404ab3fe5c31c1a87c69e9b564f6d79849f3a5d8cc51497eaecd779eaaf021f5a6023f007fc7302d3eec6a5811164f4c75088c3ec73b1be4db1072fe57cbaaa6baab265d2c9534391007f3deef7885ee65ccbf911db95cf41436383a53b164eb7451ba1290904286dc46000dee0917b0b8ee175a2cc38dcc9a5aec82af7436350991768cf57114f3c3948fff,gx-no-cache=1457031727509 HTTP/1.1" 200 30
186.78.45.190 - - [03/Mar/2016:16:01:53 -0300] "GET /cormun/servlet/trsolicitudot?da087cc4fbea804b993417b7533ae238b068737fdbf06ba2a85a08b7624b10cf52743e90695e210c96c45687f8c70cb9c8ebfe5ea802090d2c9d2f9304d5a62f46b77c644c70feb141826ea7de9da953379a0f6854efa11053efc4f28aab1c2124f6275df9fd3b57a3abd14619c13ca6,gx-no-cache=1457031740240 HTTP/1.1" 200 779
186.78.45.190 - - [03/Mar/2016:16:02:12 -0300] "GET /cormun/servlet/trsolicitudot?da087cc4fbea804b993417b7533ae238b068737fdbf06ba2a85a08b7624b10cf52743e90695e210c96c45687f8c70cb95c8d3d73f45eba192a2e1169d58b7cd999010e2eb525d2473372f7f527292c1ccd27b7d72d9e00916815b1f09e39356a01267c3f31cee81a49fc9030f46fe018,gx-no-cache=1457031758698 HTTP/1.1" 200 779
186.78.45.190 - - [03/Mar/2016:16:02:20 -0300] "GET /cormun/servlet/trsolicitudot?da087cc4fbea804b993417b7533ae238b068737fdbf06ba2a85a08b7624b10cf52743e90695e210c96c45687f8c70cb95c8d3d73f45eba192a2e1169d58b7cd999010e2eb525d2473372f7f527292c1ccd27b7d72d9e00916815b1f09e39356a01267c3f31cee81a49fc9030f46fe018,gx-no-cache=1457031767235 HTTP/1.1" 200 779
191.112.39.34 - - [03/Mar/2016:16:02:27 -0300] "POST /cormun/servlet/solicitudot?c79f15f7c1260718f5f4744821fa0ab4,INS,0,0,,gx-no-cache=1457031771327 HTTP/1.1" 200 9328
191.112.39.34 - - [03/Mar/2016:16:02:44 -0300] "GET /cormun/servlet/solicitudot?b4ac67235eab516809eacf8981c1aec03bf1c62e6976ffcd972e41b89fb22a234dcb31fe05e19761a61e1fd8f4275ddf2966aea6de3b1fae99699bf686b7e9f95dc5563bb87930a0e78e2f1b209b5d78ee675253f6cf523be18564311754e6f9bb168639212af743c01391aac864507a1e2e8d0b0af325a984dd6c67195187f3e90fef692015e8929219492f54be7ad798d99f8235ecb1c3367428be0993f9f7,gx-no-cache=1457031789500 HTTP/1.1" 200 41
191.112.39.34 - - [03/Mar/2016:16:02:44 -0300] "GET /cormun/servlet/solicitudot?b4ac67235eab516809eacf8981c1aec0e2834b5c6649678616f492a5534952a26aec4111605908f0ab01947efa53e797d2b6644150dbed8f2407c837fa45415093bd316af00939b63757a261c94c43807288ae7b71103b6839bb52553a7c5111546cda3a66c01f95c4d29d62e3eb99263d5cb360a07db6435655218760f2edf076025d5aec98711a8dcb8a9190078a1ed15b036e48e52c82290316a552e814680a392c4e7c78aa22e15622a32fbc25d5,gx-no-cache=1457031789597 HTTP/1.1" 200 30
186.103.159.204 - - [03/Mar/2016:16:02:44 -0300] "GET /cormun/servlet/solicitudot?INS,0,0, HTTP/1.1" 200 11461
191.112.39.34 - - [03/Mar/2016:16:02:45 -0300] "POST /cormun/servlet/solicitudot?c79f15f7c1260718f5f4744821fa0ab4,INS,0,0,,gx-no-cache=1457031789687 HTTP/1.1" 200 9344
186.103.159.204 - - [03/Mar/2016:16:02:45 -0300] "GET /cormun/servlet/solicitudot?INS,0,0, HTTP/1.1" 200 11445
186.103.159.204 - - [03/Mar/2016:16:02:56 -0300] "POST /cormun/servlet/solicitudot?gx-no-cache=1457031799428 HTTP/1.1" 200 2754
186.103.159.204 - - [03/Mar/2016:16:02:56 -0300] "POST /cormun/servlet/solicitudot?4881528fdb2991efe7e1984e33761af8,INS,0,0,,gx-no-cache=1457031799601 HTTP/1.1" 200 8417
186.103.159.204 - - [03/Mar/2016:16:02:56 -0300] "GET /cormun/servlet/solicitudot?f930c3ed7b1e443843e42b7c8396729d8282f1b0b17cd2d91381425dca9e3027218a4421d639f7f8d178f07a273103ae,gx-no-cache=1457031799774 HTTP/1.1" 200 30
191.112.39.34 - - [03/Mar/2016:16:03:01 -0300] "GET /cormun/servlet/prlicenciaspermisos?0,L,,MD,,gxPopupLevel%3D0%3B HTTP/1.1" 200 4867
191.112.39.34 - - [03/Mar/2016:16:03:01 -0300] "GET /cormun/static/gxcfg.js?201616231591 HTTP/1.1" 200 953
191.112.39.34 - - [03/Mar/2016:16:03:01 -0300] "GET /cormun/static/hmpwkw011.js?20163117201773 HTTP/1.1" 200 1968
191.112.39.34 - - [03/Mar/2016:16:03:01 -0300] "GET /cormun/static/prlicenciaspermisos.js?201616231727 HTTP/1.1" 200 12559
191.112.39.34 - - [03/Mar/2016:16:03:01 -0300] "GET /cormun/static/Resources/Spanish/PXTools.css?17554516 HTTP/1.1" 200 89042
186.103.159.204 - - [03/Mar/2016:16:03:02 -0300] "POST /cormun/servlet/solicitudot?gx-no-cache=1457031805178 HTTP/1.1" 200 30
186.103.159.204 - - [03/Mar/2016:16:03:02 -0300] "POST /cormun/servlet/solicitudot?gx-no-cache=1457031805219 HTTP/1.1" 200 33
186.103.159.204 - - [03/Mar/2016:16:03:02 -0300] "POST /cormun/servlet/solicitudot?gx-no-cache=1457031805291 HTTP/1.1" 200 1157
186.103.159.204 - - [03/Mar/2016:16:03:02 -0300] "GET /cormun/servlet/solicitudot?f930c3ed7b1e443843e42b7c8396729d2e6997e18dc2ed5912b464857a3b8ce8a08cc7e6286a2d550c44a7bbf8461bfafffbdde5a3c1c908852364e3e3d5dd21b4ef7aeb08d297b01bad275767a39bdf196861abd2bd7ae429ffcded4f4f9ce37940a7cb9a158190c7429e766dd962808f4561b4373d86d3d6ce2abe1132095e0072fdfc415ea6a26508b3cc670688cb,gx-no-cache=1457031805396 HTTP/1.1" 200 38
186.103.159.204 - - [03/Mar/2016:16:03:02 -0300] "GET /cormun/servlet/solicitudot?f930c3ed7b1e443843e42b7c8396729dc2123ce853801a4ce4163372b056ae3e691d0907274c9a67bc72386e3c6f0b819ecc97637fa540571f58461f9bc804a8e24b815c10a8aef6927c811f9ffe140dc52d326bd84d8cc3716663b6a2205f659372123b4cdd8d65db3488c269e3836f,gx-no-cache=1457031805466 HTTP/1.1" 200 29
186.103.159.204 - - [03/Mar/2016:16:03:02 -0300] "POST /cormun/servlet/solicitudot?gx-no-cache=1457031805504 HTTP/1.1" 200 1116
186.103.159.204 - - [03/Mar/2016:16:03:02 -0300] "GET /cormun/static/menuarrow.gif HTTP/1.1" 404 1015
186.103.159.204 - - [03/Mar/2016:16:03:04 -0300] "POST /cormun/servlet/solicitudot?gx-no-cache=1457031807014 HTTP/1.1" 200 30
186.103.159.204 - - [03/Mar/2016:16:03:04 -0300] "POST /cormun/servlet/solicitudot?gx-no-cache=1457031807059 HTTP/1.1" 200 33
186.103.159.204 - - [03/Mar/2016:16:03:04 -0300] "POST /cormun/servlet/solicitudot?gx-no-cache=1457031807121 HTTP/1.1" 200 1157
186.103.159.204 - - [03/Mar/2016:16:03:04 -0300] "GET /cormun/servlet/solicitudot?f930c3ed7b1e443843e42b7c8396729d2e6997e18dc2ed5912b464857a3b8ce8a08cc7e6286a2d550c44a7bbf8461bfafffbdde5a3c1c908852364e3e3d5dd21b4ef7aeb08d297b01bad275767a39bdf196861abd2bd7ae429ffcded4f4f9ce37940a7cb9a158190c7429e766dd962808f4561b4373d86d3d6ce2abe1132095e0072fdfc415ea6a26508b3cc670688cb,gx-no-cache=1457031807206 HTTP/1.1" 200 38
186.103.159.204 - - [03/Mar/2016:16:03:04 -0300] "POST /cormun/servlet/solicitudot?gx-no-cache=1457031807264 HTTP/1.1" 200 1116
191.112.39.34 - - [03/Mar/2016:16:03:05 -0300] "POST /cormun/servlet/acontrolpreferencessavestate?None,CA-36,true HTTP/1.1" 200 35
186.78.45.190 - - [03/Mar/2016:16:03:28 -0300] "GET /cormun/servlet/hlogin HTTP/1.1" 200 1716
186.78.45.190 - - [03/Mar/2016:16:03:28 -0300] "GET /cormun/static/Resources/Spanish/PXTools.css?005343 HTTP/1.1" 304 -
186.78.45.190 - - [03/Mar/2016:16:03:28 -0300] "GET /cormun/static/gxtimezone.js?85251 HTTP/1.1" 304 -
186.78.45.190 - - [03/Mar/2016:16:03:28 -0300] "GET /cormun/static/gxgral.js?85251 HTTP/1.1" 304 -
186.78.45.190 - - [03/Mar/2016:16:03:28 -0300] "GET /cormun/static/messages.spa.js?85251 HTTP/1.1" 304 -
186.78.45.190 - - [03/Mar/2016:16:03:28 -0300] "GET /cormun/static/gxcfg.js?20151120045111 HTTP/1.1" 304 -
186.78.45.190 - - [03/Mar/2016:16:03:28 -0300] "GET /cormun/static/Resources/ComunLogin.png HTTP/1.1" 304 -
186.78.45.190 - - [03/Mar/2016:16:03:28 -0300] "GET /cormun/static/hlogin.js?20151120045126 HTTP/1.1" 304 -
186.78.45.190 - - [03/Mar/2016:16:03:28 -0300] "GET /cormun/static/Resources/PXToolsButtonBackground2.png HTTP/1.1" 304 -
186.78.45.190 - - [03/Mar/2016:16:03:28 -0300] "GET /cormun/static/Resources/PXToolsLoginBackground.png HTTP/1.1" 304 -
186.78.45.190 - - [03/Mar/2016:16:03:28 -0300] "GET /cormun/static/Resources/PXToolsButtonRight21.png HTTP/1.1" 304 -
186.78.45.190 - - [03/Mar/2016:16:03:28 -0300] "GET /cormun/static/Resources/PXToolsButtonLeft21.png HTTP/1.1" 304 -
186.78.45.190 - - [03/Mar/2016:16:03:28 -0300] "GET /cormun/static/Resources/PXToolsLoginTop.png HTTP/1.1" 304 -
186.78.45.190 - - [03/Mar/2016:16:03:28 -0300] "GET /cormun/static/Resources/PXToolsLoginBottom.png HTTP/1.1" 304 -
186.78.45.190 - - [03/Mar/2016:16:03:28 -0300] "GET /cormun/static/Resources/indicator.gif HTTP/1.1" 304 -
186.78.45.190 - - [03/Mar/2016:16:03:42 -0300] "POST /cormun/servlet/hlogin?43896ddcbec13b6f1ec32c8943553023,gx-no-cache=1457031848601 HTTP/1.1" 200 90
191.112.39.34 - - [03/Mar/2016:16:03:42 -0300] "GET /cormun/servlet/prlicenciaspermisos?0,L,,MD,,gxPopupLevel%3D0%3B HTTP/1.1" 200 4872
186.78.45.190 - - [03/Mar/2016:16:03:42 -0300] "GET /cormun/servlet/hpexe_link HTTP/1.1" 200 950
186.78.45.190 - - [03/Mar/2016:16:03:42 -0300] "GET /cormun/static/hpexe_link.js?20151120044398 HTTP/1.1" 200 625
186.78.45.190 - - [03/Mar/2016:16:03:42 -0300] "GET /cormun/servlet/hhome HTTP/1.1" 200 3456
186.78.45.190 - - [03/Mar/2016:16:03:42 -0300] "GET /cormun/static/Resources/Spanish/PXTools.css?10515224 HTTP/1.1" 304 -
186.78.45.190 - - [03/Mar/2016:16:03:42 -0300] "GET /cormun/static/gxcfg.js?2015112210564248 HTTP/1.1" 304 -
186.78.45.190 - - [03/Mar/2016:16:03:42 -0300] "GET /cormun/static/hhome.js?2015112210564255 HTTP/1.1" 304 -
186.103.159.204 - - [03/Mar/2016:16:03:52 -0300] "GET /cormun/servlet/solicitudot?f930c3ed7b1e443843e42b7c8396729d2f4cc2df105010375f966f6fae0a8c074c2e7cd57eccc59798df20c62860c7e79abb06b8aedc88b9e2fd32726fc894d578956364c5a7af6a21d6b88fe79cb7d943e970b5b81f5cc9df33925f69286abd5c399a01059cbe907801163d9ef55a1b6dd2961ab2623f34aa0172a9a6a6b0497ce4c719d4aeeac6df5b1c89e4d22b6d44f94eca0fa26937221a3ddc22c6036a4ca96e76df55061c05d6e8822c3ff095,gx-no-cache=1457031854840 HTTP/1.1" 200 30
186.78.45.190 - - [03/Mar/2016:16:03:53 -0300] "GET /cormun/servlet/trautorizarsolicitud? HTTP/1.1" 200 6165
191.112.39.34 - - [03/Mar/2016:16:03:56 -0300] "GET /cormun/servlet/solicitudot?b4ac67235eab516809eacf8981c1aec03bf1c62e6976ffcd972e41b89fb22a234dcb31fe05e19761a61e1fd8f4275ddf2966aea6de3b1fae99699bf686b7e9f95dc5563bb87930a0e78e2f1b209b5d78ee675253f6cf523be18564311754e6f9bb168639212af743c01391aac864507a1e2e8d0b0af325a984dd6c67195187f340e37e67d17dc325197b703f4be2a6be6ed00c3646800ee5f8d9e259c593d184,gx-no-cache=1457031861152 HTTP/1.1" 200 41
191.112.39.34 - - [03/Mar/2016:16:03:56 -0300] "GET /cormun/servlet/solicitudot?b4ac67235eab516809eacf8981c1aec0e2834b5c6649678616f492a5534952a2c04e2977404ab3fe5c31c1a87c69e9b564f6d79849f3a5d8cc51497eaecd779eaaf021f5a6023f007fc7302d3eec6a5811164f4c75088c3ec73b1be4db1072fe57cbaaa6baab265d2c9534391007f3deef7885ee65ccbf911db95cf41436383a53b164eb7451ba1290904286dc46000dee0917b0b8ee175a2cc38dcc9a5aec82af7436350991768cf57114f3c3948fff,gx-no-cache=1457031861257 HTTP/1.1" 200 30
191.112.39.34 - - [03/Mar/2016:16:03:57 -0300] "POST /cormun/servlet/solicitudot?c79f15f7c1260718f5f4744821fa0ab4,INS,0,0,,gx-no-cache=1457031861389 HTTP/1.1" 200 9429
186.78.45.190 - - [03/Mar/2016:16:04:00 -0300] "GET /cormun/servlet/trsolicitudot? HTTP/1.1" 200 8070
186.103.159.204 - - [03/Mar/2016:16:04:03 -0300] "GET /cormun/servlet/solicitudot?f930c3ed7b1e443843e42b7c8396729d2f4cc2df105010375f966f6fae0a8c074c2e7cd57eccc59798df20c62860c7e79abb06b8aedc88b9e2fd32726fc894d578956364c5a7af6a21d6b88fe79cb7d943e970b5b81f5cc9df33925f69286abd5c399a01059cbe907801163d9ef55a1b6dd2961ab2623f34aa0172a9a6a6b0497ce4c719d4aeeac6df5b1c89e4d22b6d44f94eca0fa26937221a3ddc22c6036a4ca96e76df55061c05d6e8822c3ff095,gx-no-cache=1457031866721 HTTP/1.1" 200 30
186.103.159.204 - - [03/Mar/2016:16:04:04 -0300] "POST /cormun/servlet/solicitudot?4881528fdb2991efe7e1984e33761af8,INS,0,0,,gx-no-cache=1457031866773 HTTP/1.1" 200 93
186.103.159.204 - - [03/Mar/2016:16:04:04 -0300] "GET /cormun/servlet/hpexe_return? HTTP/1.1" 200 1027
186.103.159.204 - - [03/Mar/2016:16:04:04 -0300] "GET /cormun/servlet/trsolicitudot?gx-no-cache=1457030550885 HTTP/1.1" 200 14854
186.103.159.204 - - [03/Mar/2016:16:04:05 -0300] "GET /cormun/servlet/trsolicitudot?gx-no-cache=1457030550885 HTTP/1.1" 200 14871
186.103.159.204 - - [03/Mar/2016:16:04:12 -0300] "GET /cormun/servlet/solicitudot?INS,0,0, HTTP/1.1" 200 11460
186.103.159.204 - - [03/Mar/2016:16:04:12 -0300] "GET /cormun/servlet/solicitudot?INS,0,0, HTTP/1.1" 200 11443
186.103.159.204 - - [03/Mar/2016:16:04:23 -0300] "POST /cormun/servlet/solicitudot?gx-no-cache=1457031885659 HTTP/1.1" 200 2754
186.103.159.204 - - [03/Mar/2016:16:04:23 -0300] "POST /cormun/servlet/solicitudot?4881528fdb2991efe7e1984e33761af8,INS,0,0,,gx-no-cache=1457031885932 HTTP/1.1" 200 8416
186.78.45.190 - - [03/Mar/2016:16:04:25 -0300] "POST /cormun/servlet/trsolicitudot?43896ddcbec13b6f1ec32c8943553023,,gx-no-cache=1457031891953 HTTP/1.1" 200 5506
186.78.45.190 - - [03/Mar/2016:16:04:26 -0300] "POST /cormun/servlet/trsolicitudot?43896ddcbec13b6f1ec32c8943553023,,gx-no-cache=1457031892531 HTTP/1.1" 200 5505
186.78.45.190 - - [03/Mar/2016:16:04:26 -0300] "POST /cormun/servlet/trsolicitudot?43896ddcbec13b6f1ec32c8943553023,,gx-no-cache=1457031893103 HTTP/1.1" 200 5506
186.78.45.190 - - [03/Mar/2016:16:04:27 -0300] "POST /cormun/servlet/trsolicitudot?43896ddcbec13b6f1ec32c8943553023,,gx-no-cache=1457031893732 HTTP/1.1" 200 5506
186.103.159.204 - - [03/Mar/2016:16:04:27 -0300] "GET /cormun/servlet/solicitudot?f930c3ed7b1e443843e42b7c8396729d8282f1b0b17cd2d91381425dca9e3027218a4421d639f7f8d178f07a273103ae,gx-no-cache=1457031890408 HTTP/1.1" 200 30
186.103.159.204 - - [03/Mar/2016:16:04:27 -0300] "POST /cormun/servlet/solicitudot?gx-no-cache=1457031890501 HTTP/1.1" 200 30
186.103.159.204 - - [03/Mar/2016:16:04:27 -0300] "POST /cormun/servlet/solicitudot?gx-no-cache=1457031890581 HTTP/1.1" 200 33
186.103.159.204 - - [03/Mar/2016:16:04:27 -0300] "POST /cormun/servlet/solicitudot?gx-no-cache=1457031890687 HTTP/1.1" 200 1157
186.103.159.204 - - [03/Mar/2016:16:04:28 -0300] "GET /cormun/servlet/solicitudot?f930c3ed7b1e443843e42b7c8396729d2e6997e18dc2ed5912b464857a3b8ce8a08cc7e6286a2d550c44a7bbf8461bfafffbdde5a3c1c908852364e3e3d5dd21b4ef7aeb08d297b01bad275767a39bdf196861abd2bd7ae429ffcded4f4f9ce37940a7cb9a158190c7429e766dd962808f4561b4373d86d3d6ce2abe1132095e0072fdfc415ea6a26508b3cc670688cb,gx-no-cache=1457031890832 HTTP/1.1" 200 38
186.78.45.190 - - [03/Mar/2016:16:04:28 -0300] "POST /cormun/servlet/trsolicitudot?43896ddcbec13b6f1ec32c8943553023,,gx-no-cache=1457031894409 HTTP/1.1" 200 5506
186.78.45.190 - - [03/Mar/2016:16:04:28 -0300] "POST /cormun/servlet/trsolicitudot?43896ddcbec13b6f1ec32c8943553023,,gx-no-cache=1457031895133 HTTP/1.1" 200 5506
186.78.45.190 - - [03/Mar/2016:16:04:29 -0300] "POST /cormun/servlet/trsolicitudot?43896ddcbec13b6f1ec32c8943553023,,gx-no-cache=1457031895865 HTTP/1.1" 200 5507
186.78.45.190 - - [03/Mar/2016:16:04:32 -0300] "POST /cormun/servlet/trsolicitudot?43896ddcbec13b6f1ec32c8943553023,,gx-no-cache=1457031896650 HTTP/1.1" 200 105
186.78.45.190 - - [03/Mar/2016:16:04:32 -0300] "GET /cormun/servlet/solicitudot?DLT,2016,539, HTTP/1.1" 200 8395
186.78.45.190 - - [03/Mar/2016:16:04:33 -0300] "GET /cormun/static/Shared/jqueryui/images/ui-bg_flat_55_fafafa_40x100.png HTTP/1.1" 404 1097
186.78.45.190 - - [03/Mar/2016:16:04:33 -0300] "GET /cormun/static/Shared/jqueryui/images/ui-bg_highlight-soft_100_c6c2c8_1x100.png HTTP/1.1" 404 1117
186.78.45.190 - - [03/Mar/2016:16:04:33 -0300] "GET /cormun/static/Shared/jqueryui/images/ui-icons_82798d_256x240.png HTTP/1.1" 404 1089
186.78.45.190 - - [03/Mar/2016:16:04:33 -0300] "GET /cormun/static/Shared/jqueryui/images/ui-icons_8d78a5_256x240.png HTTP/1.1" 404 1089
186.103.159.204 - - [03/Mar/2016:16:04:34 -0300] "GET /cormun/servlet/solicitudot?f930c3ed7b1e443843e42b7c8396729dc2123ce853801a4ce4163372b056ae3e691d0907274c9a67bc72386e3c6f0b819ecc97637fa540571f58461f9bc804a8e24b815c10a8aef6927c811f9ffe140dc52d326bd84d8cc3716663b6a2205f659372123b4cdd8d65db3488c269e3836f,gx-no-cache=1457031897178 HTTP/1.1" 200 29
186.103.159.204 - - [03/Mar/2016:16:04:34 -0300] "POST /cormun/servlet/solicitudot?gx-no-cache=1457031897238 HTTP/1.1" 200 1116
186.103.159.204 - - [03/Mar/2016:16:04:34 -0300] "GET /cormun/static/menuarrow.gif HTTP/1.1" 404 1015
191.112.39.34 - - [03/Mar/2016:16:04:40 -0300] "GET /cormun/servlet/solicitudot?b4ac67235eab516809eacf8981c1aec03bf1c62e6976ffcd972e41b89fb22a234dcb31fe05e19761a61e1fd8f4275ddf2966aea6de3b1fae99699bf686b7e9f95dc5563bb87930a0e78e2f1b209b5d78ee675253f6cf523be18564311754e6f9bb168639212af743c01391aac864507a1e2e8d0b0af325a984dd6c67195187f3e90fef692015e8929219492f54be7ad798d99f8235ecb1c3367428be0993f9f7,gx-no-cache=1457031905188 HTTP/1.1" 200 41
191.112.39.34 - - [03/Mar/2016:16:04:40 -0300] "GET /cormun/servlet/solicitudot?b4ac67235eab516809eacf8981c1aec0e2834b5c6649678616f492a5534952a26aec4111605908f0ab01947efa53e797d2b6644150dbed8f2407c837fa45415093bd316af00939b63757a261c94c43807288ae7b71103b6839bb52553a7c5111546cda3a66c01f95c4d29d62e3eb99263d5cb360a07db6435655218760f2edf076025d5aec98711a8dcb8a9190078a1ed15b036e48e52c82290316a552e814680a392c4e7c78aa22e15622a32fbc25d5,gx-no-cache=1457031905333 HTTP/1.1" 200 30
191.112.39.34 - - [03/Mar/2016:16:04:41 -0300] "POST /cormun/servlet/solicitudot?c79f15f7c1260718f5f4744821fa0ab4,INS,0,0,,gx-no-cache=1457031905437 HTTP/1.1" 200 9441
186.103.159.204 - - [03/Mar/2016:16:04:44 -0300] "GET /cormun/servlet/solicitudot?f930c3ed7b1e443843e42b7c8396729d2f4cc2df105010375f966f6fae0a8c074c2e7cd57eccc59798df20c62860c7e79abb06b8aedc88b9e2fd32726fc894d578956364c5a7af6a21d6b88fe79cb7d943e970b5b81f5cc9df33925f69286abd5c399a01059cbe907801163d9ef55a1b6dd2961ab2623f34aa0172a9a6a6b0497ce4c719d4aeeac6df5b1c89e4d22b6d44f94eca0fa26937221a3ddc22c6036a4ca96e76df55061c05d6e8822c3ff095,gx-no-cache=1457031907435 HTTP/1.1" 200 30
186.103.159.204 - - [03/Mar/2016:16:05:03 -0300] "POST /cormun/servlet/solicitudot?4881528fdb2991efe7e1984e33761af8,INS,0,0,,gx-no-cache=1457031925819 HTTP/1.1" 200 93
186.103.159.204 - - [03/Mar/2016:16:05:03 -0300] "GET /cormun/servlet/hpexe_return? HTTP/1.1" 200 1027
186.103.159.204 - - [03/Mar/2016:16:05:03 -0300] "GET /cormun/servlet/trsolicitudot?gx-no-cache=1457030550885 HTTP/1.1" 200 15053
186.103.159.204 - - [03/Mar/2016:16:05:04 -0300] "GET /cormun/servlet/trsolicitudot?gx-no-cache=1457030550885 HTTP/1.1" 200 15069
186.103.159.204 - - [03/Mar/2016:16:05:16 -0300] "GET /cormun/servlet/solicitudot?INS,0,0, HTTP/1.1" 200 11461
186.103.159.204 - - [03/Mar/2016:16:05:17 -0300] "GET /cormun/servlet/solicitudot?INS,0,0, HTTP/1.1" 200 11444
186.103.159.204 - - [03/Mar/2016:16:05:31 -0300] "POST /cormun/servlet/solicitudot?gx-no-cache=1457031954110 HTTP/1.1" 200 2740
186.103.159.204 - - [03/Mar/2016:16:05:31 -0300] "POST /cormun/servlet/solicitudot?4881528fdb2991efe7e1984e33761af8,INS,0,0,,gx-no-cache=1457031954274 HTTP/1.1" 200 8393
186.103.159.204 - - [03/Mar/2016:16:05:31 -0300] "GET /cormun/servlet/solicitudot?f930c3ed7b1e443843e42b7c8396729d37be929ca151f529eac8fb49eadfde57218a4421d639f7f8d178f07a273103ae,gx-no-cache=1457031954471 HTTP/1.1" 200 30
186.103.159.204 - - [03/Mar/2016:16:05:39 -0300] "POST /cormun/servlet/solicitudot?gx-no-cache=1457031962143 HTTP/1.1" 200 30
186.103.159.204 - - [03/Mar/2016:16:05:39 -0300] "POST /cormun/servlet/solicitudot?gx-no-cache=1457031962185 HTTP/1.1" 200 33
186.103.159.204 - - [03/Mar/2016:16:05:39 -0300] "POST /cormun/servlet/solicitudot?gx-no-cache=1457031962261 HTTP/1.1" 200 1156
186.103.159.204 - - [03/Mar/2016:16:05:39 -0300] "GET /cormun/servlet/solicitudot?f930c3ed7b1e443843e42b7c8396729d2e6997e18dc2ed5912b464857a3b8ce8a08cc7e6286a2d550c44a7bbf8461bfafffbdde5a3c1c908852364e3e3d5dd21b4ef7aeb08d297b01bad275767a39bdf196861abd2bd7ae429ffcded4f4f9ce37940a7cb9a158190c7429e766dd962808f4561b4373d86d3d6ce2abe1132095e0072fdfc415ea6a26508b3cc670688cb,gx-no-cache=1457031962365 HTTP/1.1" 200 38
186.103.159.204 - - [03/Mar/2016:16:05:44 -0300] "GET /cormun/servlet/solicitudot?f930c3ed7b1e443843e42b7c8396729dc2123ce853801a4ce4163372b056ae3e691d0907274c9a67bc72386e3c6f0b819ecc97637fa540571f58461f9bc804a8e24b815c10a8aef6927c811f9ffe140dc52d326bd84d8cc3716663b6a2205f659372123b4cdd8d65db3488c269e3836f,gx-no-cache=1457031966938 HTTP/1.1" 200 29
186.103.159.204 - - [03/Mar/2016:16:05:44 -0300] "POST /cormun/servlet/solicitudot?gx-no-cache=1457031966975 HTTP/1.1" 200 1115
186.103.159.204 - - [03/Mar/2016:16:05:44 -0300] "GET /cormun/servlet/solicitudot?f930c3ed7b1e443843e42b7c8396729d27db7d14778a5234a928855efb8b57616f9bc2d49ec35a08b08a809c9b3ccc1191140520c1c7855512aeacc0cbd8d58fd1d74c19aa9ba95fd573a46c9896cdf3d957d95555581130ea0df203430e2f00c3050a8335ce62fd21ab8951fc37592c7fc17de08caec6b07e7d202a390609473f4915a47ed7cec10f0ba1ab2bb3809237754b2d1c41db50ecca65f40980cfbc,gx-no-cache=1457031967028 HTTP/1.1" 200 30
186.103.159.204 - - [03/Mar/2016:16:05:50 -0300] "GET /cormun/static/menuarrow.gif HTTP/1.1" 404 1015
186.103.158.250 - - [03/Mar/2016:16:06:02 -0300] "GET /cormun/servlet/hlogin HTTP/1.1" 200 1716
186.103.158.250 - - [03/Mar/2016:16:06:02 -0300] "GET /cormun/static/gxtimezone.js?85251 HTTP/1.1" 304 -
186.103.158.250 - - [03/Mar/2016:16:06:02 -0300] "GET /cormun/static/gxcfg.js?20151120045111 HTTP/1.1" 200 953
186.103.158.250 - - [03/Mar/2016:16:06:02 -0300] "GET /cormun/static/Resources/Spanish/PXTools.css?005343 HTTP/1.1" 200 89042
186.103.158.250 - - [03/Mar/2016:16:06:02 -0300] "GET /cormun/static/hlogin.js?20151120045126 HTTP/1.1" 200 2136
186.103.158.250 - - [03/Mar/2016:16:06:02 -0300] "GET /cormun/static/messages.spa.js?85251 HTTP/1.1" 200 30736
186.103.158.250 - - [03/Mar/2016:16:06:02 -0300] "GET /cormun/servlet/hlogin HTTP/1.1" 200 1726
186.78.45.190 - - [03/Mar/2016:16:06:17 -0300] "POST /cormun/servlet/solicitudot?43896ddcbec13b6f1ec32c8943553023,DLT,2016,539,,gx-no-cache=1457032004013 HTTP/1.1" 200 93
186.103.158.250 - - [03/Mar/2016:16:06:17 -0300] "POST /cormun/servlet/hlogin?b63b9c16ca88f40a1cf4006f80fdcd90,gx-no-cache=1457031998118 HTTP/1.1" 200 90
186.103.158.250 - - [03/Mar/2016:16:06:17 -0300] "GET /cormun/servlet/hpexe_link HTTP/1.1" 200 949
186.78.45.190 - - [03/Mar/2016:16:06:17 -0300] "GET /cormun/servlet/hpexe_return? HTTP/1.1" 200 1012
186.103.158.250 - - [03/Mar/2016:16:06:17 -0300] "GET /cormun/static/gxcfg.js?20151120044395 HTTP/1.1" 200 953
186.103.158.250 - - [03/Mar/2016:16:06:17 -0300] "GET /cormun/static/hpexe_link.js?20151120044398 HTTP/1.1" 200 625
186.103.158.250 - - [03/Mar/2016:16:06:17 -0300] "GET /cormun/servlet/hhome HTTP/1.1" 200 3431
186.78.45.190 - - [03/Mar/2016:16:06:18 -0300] "GET /cormun/servlet/trsolicitudot? HTTP/1.1" 200 7826
186.103.158.250 - - [03/Mar/2016:16:06:18 -0300] "GET /cormun/static/gxcfg.js?2015112210564248 HTTP/1.1" 200 953
186.103.158.250 - - [03/Mar/2016:16:06:18 -0300] "GET /cormun/static/Resources/Spanish/PXTools.css?10515224 HTTP/1.1" 200 89042
186.103.158.250 - - [03/Mar/2016:16:06:18 -0300] "GET /cormun/static/hhome.js?2015112210564255 HTTP/1.1" 200 777
186.103.158.250 - - [03/Mar/2016:16:06:18 -0300] "GET /cormun/static/hwchdr01.js?20162241650484 HTTP/1.1" 200 1183
186.103.158.250 - - [03/Mar/2016:16:06:18 -0300] "GET /cormun/static/hpexe_recentlink.js?2015111312121342 HTTP/1.1" 200 2144
186.103.158.250 - - [03/Mar/2016:16:06:18 -0300] "GET /cormun/static/hpexe_scripts.js?20151120014546 HTTP/1.1" 200 1544
186.103.158.250 - - [03/Mar/2016:16:06:18 -0300] "GET /cormun/static/hpexe_messagecontroller.js?2015112210524422 HTTP/1.1" 200 870
186.103.158.250 - - [03/Mar/2016:16:06:18 -0300] "GET /cormun/static/hpexe_messagepopupcomponent.js?20163219454551 HTTP/1.1" 200 605
186.103.158.250 - - [03/Mar/2016:16:06:18 -0300] "GET /cormun/static/hpexe_messagegenexuscomponent.js?20151120014314 HTTP/1.1" 200 587
186.103.158.250 - - [03/Mar/2016:16:06:18 -0300] "GET /cormun/static/cmcontrolpreferences.js?20151120014525 HTTP/1.1" 200 1375
186.103.158.250 - - [03/Mar/2016:16:06:18 -0300] "GET /cormun/static/hmpwkw03.js?2016311993330 HTTP/1.1" 200 3898
186.103.159.204 - - [03/Mar/2016:16:06:21 -0300] "GET /cormun/servlet/solicitudot?f930c3ed7b1e443843e42b7c8396729d27db7d14778a5234a928855efb8b57614c2e7cd57eccc59798df20c62860c7e79abb06b8aedc88b9e2fd32726fc894d578956364c5a7af6a21d6b88fe79cb7d943e970b5b81f5cc9df33925f69286abd5c399a01059cbe907801163d9ef55a1b6dd2961ab2623f34aa0172a9a6a6b0497ce4c719d4aeeac6df5b1c89e4d22b6d44f94eca0fa26937221a3ddc22c6036a4ca96e76df55061c05d6e8822c3ff095,gx-no-cache=1457032004470 HTTP/1.1" 200 30
186.103.159.204 - - [03/Mar/2016:16:06:21 -0300] "POST /cormun/servlet/solicitudot?4881528fdb2991efe7e1984e33761af8,INS,0,0,,gx-no-cache=1457032004515 HTTP/1.1" 200 9303
186.103.159.204 - - [03/Mar/2016:16:06:21 -0300] "GET /cormun/static/Shared/jqueryui/images/ui-bg_highlight-soft_100_c6c2c8_1x100.png HTTP/1.1" 404 1117
186.103.159.204 - - [03/Mar/2016:16:06:21 -0300] "GET /cormun/static/Shared/jqueryui/images/ui-icons_82798d_256x240.png HTTP/1.1" 404 1089
186.103.159.204 - - [03/Mar/2016:16:06:21 -0300] "GET /cormun/static/Shared/jqueryui/images/ui-bg_flat_55_994d53_40x100.png HTTP/1.1" 404 1097
186.103.159.204 - - [03/Mar/2016:16:06:21 -0300] "GET /cormun/static/Shared/jqueryui/images/ui-icons_ebccce_256x240.png HTTP/1.1" 404 1089
186.103.158.250 - - [03/Mar/2016:16:06:23 -0300] "GET /cormun/servlet/trautorizarsolicitud? HTTP/1.1" 200 6137
186.103.158.250 - - [03/Mar/2016:16:06:23 -0300] "GET /cormun/static/gxcfg.js?20163219504791 HTTP/1.1" 200 953
186.103.158.250 - - [03/Mar/2016:16:06:23 -0300] "GET /cormun/static/calendar.js?85251 HTTP/1.1" 304 -
186.103.158.250 - - [03/Mar/2016:16:06:23 -0300] "GET /cormun/static/calendar-setup.js?85251 HTTP/1.1" 304 -
186.103.158.250 - - [03/Mar/2016:16:06:23 -0300] "GET /cormun/static/calendar-es.js?85251 HTTP/1.1" 304 -
186.103.158.250 - - [03/Mar/2016:16:06:23 -0300] "GET /cormun/static/Resources/Spanish/PXTools.css?19444614 HTTP/1.1" 200 89042
186.103.158.250 - - [03/Mar/2016:16:06:23 -0300] "GET /cormun/static/gxdec.js?85251 HTTP/1.1" 304 -
186.103.158.250 - - [03/Mar/2016:16:06:23 -0300] "GET /cormun/static/trautorizarsolicitud.js?20163219505323 HTTP/1.1" 200 45302
186.78.45.190 - - [03/Mar/2016:16:06:29 -0300] "POST /cormun/servlet/trsolicitudot?43896ddcbec13b6f1ec32c8943553023,,gx-no-cache=1457032016051 HTTP/1.1" 200 5253
186.78.45.190 - - [03/Mar/2016:16:06:30 -0300] "POST /cormun/servlet/trsolicitudot?43896ddcbec13b6f1ec32c8943553023,,gx-no-cache=1457032016534 HTTP/1.1" 200 5253
186.78.45.190 - - [03/Mar/2016:16:06:30 -0300] "POST /cormun/servlet/trsolicitudot?43896ddcbec13b6f1ec32c8943553023,,gx-no-cache=1457032017076 HTTP/1.1" 200 5254
186.78.45.190 - - [03/Mar/2016:16:06:31 -0300] "POST /cormun/servlet/trsolicitudot?43896ddcbec13b6f1ec32c8943553023,,gx-no-cache=1457032017666 HTTP/1.1" 200 5254
186.78.45.190 - - [03/Mar/2016:16:06:31 -0300] "POST /cormun/servlet/trsolicitudot?43896ddcbec13b6f1ec32c8943553023,,gx-no-cache=1457032018279 HTTP/1.1" 200 5254
186.103.159.204 - - [03/Mar/2016:16:06:32 -0300] "POST /cormun/servlet/solicitudot?gx-no-cache=1457032015209 HTTP/1.1" 200 30
186.103.159.204 - - [03/Mar/2016:16:06:32 -0300] "POST /cormun/servlet/solicitudot?gx-no-cache=1457032015253 HTTP/1.1" 200 33
186.103.159.204 - - [03/Mar/2016:16:06:32 -0300] "POST /cormun/servlet/solicitudot?gx-no-cache=1457032015331 HTTP/1.1" 200 1156
186.78.45.190 - - [03/Mar/2016:16:06:32 -0300] "POST /cormun/servlet/trsolicitudot?43896ddcbec13b6f1ec32c8943553023,,gx-no-cache=1457032018905 HTTP/1.1" 200 5254
186.103.159.204 - - [03/Mar/2016:16:06:32 -0300] "GET /cormun/servlet/solicitudot?f930c3ed7b1e443843e42b7c8396729d2e6997e18dc2ed5912b464857a3b8ce8a08cc7e6286a2d550c44a7bbf8461bfafffbdde5a3c1c908852364e3e3d5dd21b4ef7aeb08d297b01bad275767a39bdf196861abd2bd7ae429ffcded4f4f9ce37940a7cb9a158190c7429e766dd962808f4561b4373d86d3d6ce2abe1132095e819a5f37010adf39e6a304067c3f2e6c1cae846d1c9b2873835509691c57620a,gx-no-cache=1457032015434 HTTP/1.1" 200 41
186.103.159.204 - - [03/Mar/2016:16:06:32 -0300] "POST /cormun/servlet/solicitudot?gx-no-cache=1457032015500 HTTP/1.1" 200 1115
186.103.159.204 - - [03/Mar/2016:16:06:32 -0300] "GET /cormun/servlet/solicitudot?f930c3ed7b1e443843e42b7c8396729d27db7d14778a5234a928855efb8b57614c2e7cd57eccc59798df20c62860c7e79abb06b8aedc88b9e2fd32726fc894d578956364c5a7af6a21d6b88fe79cb7d943e970b5b81f5cc9df33925f69286abd5c399a01059cbe907801163d9ef55a1b6dd2961ab2623f34aa0172a9a6a6b0497ce4c719d4aeeac6df5b1c89e4d22b6d44f94eca0fa26937221a3ddc22c6036a4ca96e76df55061c05d6e8822c3ff095,gx-no-cache=1457032015547 HTTP/1.1" 200 30
186.103.159.204 - - [03/Mar/2016:16:06:32 -0300] "POST /cormun/servlet/solicitudot?4881528fdb2991efe7e1984e33761af8,INS,0,0,,gx-no-cache=1457032015585 HTTP/1.1" 200 93
186.103.159.204 - - [03/Mar/2016:16:06:32 -0300] "GET /cormun/servlet/hpexe_return? HTTP/1.1" 200 1027
186.103.159.204 - - [03/Mar/2016:16:06:33 -0300] "GET /cormun/servlet/trsolicitudot?gx-no-cache=1457030550885 HTTP/1.1" 200 15292
186.78.45.190 - - [03/Mar/2016:16:06:33 -0300] "POST /cormun/servlet/trsolicitudot?43896ddcbec13b6f1ec32c8943553023,,gx-no-cache=1457032019580 HTTP/1.1" 200 5255
186.103.159.204 - - [03/Mar/2016:16:06:34 -0300] "GET /cormun/servlet/trsolicitudot?gx-no-cache=1457030550885 HTTP/1.1" 200 15309
186.78.45.190 - - [03/Mar/2016:16:06:36 -0300] "POST /cormun/servlet/trsolicitudot?43896ddcbec13b6f1ec32c8943553023,,gx-no-cache=1457032020291 HTTP/1.1" 200 4932
186.78.45.190 - - [03/Mar/2016:16:06:36 -0300] "POST /cormun/servlet/trsolicitudot?43896ddcbec13b6f1ec32c8943553023,,gx-no-cache=1457032023122 HTTP/1.1" 200 4874
186.78.45.190 - - [03/Mar/2016:16:06:37 -0300] "GET /cormun/static/Shared/jqueryui/images/ui-icons_8d78a5_256x240.png HTTP/1.1" 404 1089
186.78.45.190 - - [03/Mar/2016:16:06:37 -0300] "GET /cormun/static/Shared/jqueryui/images/ui-bg_highlight-soft_100_c6c2c8_1x100.png HTTP/1.1" 404 1117
186.78.45.190 - - [03/Mar/2016:16:06:37 -0300] "GET /cormun/static/Shared/jqueryui/images/ui-icons_82798d_256x240.png HTTP/1.1" 404 1089
186.78.45.190 - - [03/Mar/2016:16:06:37 -0300] "GET /cormun/static/Shared/jqueryui/images/ui-bg_flat_55_fafafa_40x100.png HTTP/1.1" 404 1097
186.78.45.190 - - [03/Mar/2016:16:06:42 -0300] "POST /cormun/servlet/trsolicitudot?43896ddcbec13b6f1ec32c8943553023,,gx-no-cache=1457032029265 HTTP/1.1" 200 5117
186.103.159.204 - - [03/Mar/2016:16:06:43 -0300] "GET /cormun/servlet/solicitudot?INS,0,0, HTTP/1.1" 200 11461
186.103.159.204 - - [03/Mar/2016:16:06:43 -0300] "GET /cormun/servlet/solicitudot?INS,0,0, HTTP/1.1" 200 11445
186.103.158.250 - - [03/Mar/2016:16:06:45 -0300] "POST /cormun/servlet/trautorizarsolicitud?b63b9c16ca88f40a1cf4006f80fdcd90,,gx-no-cache=1457032025836 HTTP/1.1" 200 3473
186.103.158.250 - - [03/Mar/2016:16:06:46 -0300] "POST /cormun/servlet/trautorizarsolicitud?b63b9c16ca88f40a1cf4006f80fdcd90,,gx-no-cache=1457032026565 HTTP/1.1" 200 3474
186.103.158.250 - - [03/Mar/2016:16:06:46 -0300] "POST /cormun/servlet/trautorizarsolicitud?b63b9c16ca88f40a1cf4006f80fdcd90,,gx-no-cache=1457032027398 HTTP/1.1" 200 3473
186.103.158.250 - - [03/Mar/2016:16:06:47 -0300] "POST /cormun/servlet/trautorizarsolicitud?b63b9c16ca88f40a1cf4006f80fdcd90,,gx-no-cache=1457032028394 HTTP/1.1" 200 3473
192.168.10.89 - - [03/Mar/2016:16:06:51 -0300] "POST /cormun/servlet/hlogin?a5faeaf38b68351e1841edadaa02a85f,gx-no-cache=1457031763692 HTTP/1.1" 440 972
192.168.10.89 - - [03/Mar/2016:16:06:52 -0300] "GET /cormun/servlet/hlogin HTTP/1.1" 200 1726
192.168.10.89 - - [03/Mar/2016:16:06:52 -0300] "GET /cormun/static/Resources/Spanish/PXTools.css?005343 HTTP/1.1" 304 -
192.168.10.89 - - [03/Mar/2016:16:06:52 -0300] "GET /cormun/static/gxcfg.js?20151120045111 HTTP/1.1" 304 -
192.168.10.89 - - [03/Mar/2016:16:06:52 -0300] "GET /cormun/static/messages.spa.js?85251 HTTP/1.1" 304 -
192.168.10.89 - - [03/Mar/2016:16:06:52 -0300] "GET /cormun/static/hlogin.js?20151120045126 HTTP/1.1" 304 -
186.103.159.204 - - [03/Mar/2016:16:06:52 -0300] "POST /cormun/servlet/solicitudot?gx-no-cache=1457032035439 HTTP/1.1" 200 2744
186.103.159.204 - - [03/Mar/2016:16:06:52 -0300] "POST /cormun/servlet/solicitudot?4881528fdb2991efe7e1984e33761af8,INS,0,0,,gx-no-cache=1457032035667 HTTP/1.1" 200 8400
186.103.159.204 - - [03/Mar/2016:16:06:53 -0300] "GET /cormun/servlet/solicitudot?f930c3ed7b1e443843e42b7c8396729d542504ba20cf5683f55155a166e9d6b7218a4421d639f7f8d178f07a273103ae,gx-no-cache=1457032035864 HTTP/1.1" 200 30
186.103.159.204 - - [03/Mar/2016:16:06:55 -0300] "POST /cormun/servlet/solicitudot?gx-no-cache=1457032038290 HTTP/1.1" 200 30
186.103.159.204 - - [03/Mar/2016:16:06:55 -0300] "POST /cormun/servlet/solicitudot?gx-no-cache=1457032038329 HTTP/1.1" 200 33
186.103.159.204 - - [03/Mar/2016:16:06:55 -0300] "POST /cormun/servlet/solicitudot?gx-no-cache=1457032038414 HTTP/1.1" 200 1156
186.103.159.204 - - [03/Mar/2016:16:06:55 -0300] "GET /cormun/servlet/solicitudot?f930c3ed7b1e443843e42b7c8396729d2e6997e18dc2ed5912b464857a3b8ce8a08cc7e6286a2d550c44a7bbf8461bfafffbdde5a3c1c908852364e3e3d5dd21b4ef7aeb08d297b01bad275767a39bdf196861abd2bd7ae429ffcded4f4f9ce37940a7cb9a158190c7429e766dd962808f4561b4373d86d3d6ce2abe1132095e0072fdfc415ea6a26508b3cc670688cb,gx-no-cache=1457032038546 HTTP/1.1" 200 38
186.103.159.204 - - [03/Mar/2016:16:06:55 -0300] "GET /cormun/servlet/solicitudot?f930c3ed7b1e443843e42b7c8396729dc2123ce853801a4ce4163372b056ae3e691d0907274c9a67bc72386e3c6f0b819ecc97637fa540571f58461f9bc804a8e24b815c10a8aef6927c811f9ffe140dc52d326bd84d8cc3716663b6a2205f659372123b4cdd8d65db3488c269e3836f,gx-no-cache=1457032038665 HTTP/1.1" 200 29
186.103.159.204 - - [03/Mar/2016:16:06:55 -0300] "POST /cormun/servlet/solicitudot?gx-no-cache=1457032038761 HTTP/1.1" 200 1115
186.103.159.204 - - [03/Mar/2016:16:06:56 -0300] "GET /cormun/servlet/solicitudot?f930c3ed7b1e443843e42b7c8396729d74193c6a63fe8310a6dc71a16111f7326f9bc2d49ec35a08b08a809c9b3ccc1191140520c1c7855512aeacc0cbd8d58fd1d74c19aa9ba95fd573a46c9896cdf3d957d95555581130ea0df203430e2f00c3050a8335ce62fd21ab8951fc37592c7fc17de08caec6b07e7d202a390609473f4915a47ed7cec10f0ba1ab2bb3809237754b2d1c41db50ecca65f40980cfbc,gx-no-cache=1457032038806 HTTP/1.1" 200 30
186.103.158.250 - - [03/Mar/2016:16:06:56 -0300] "GET /cormun/servlet/trvisualizadoreventos? HTTP/1.1" 200 5943
