191.112.78.213 - - [03/Mar/2016:13:10:47 -0300] "POST /cormun/servlet/trsolicitudot?78a791391b8286a9b26165191b25347f,,gx-no-cache=1457021472677 HTTP/1.1" 200 7791
191.112.78.213 - - [03/Mar/2016:13:10:49 -0300] "POST /cormun/servlet/trsolicitudot?78a791391b8286a9b26165191b25347f,,gx-no-cache=1457021474013 HTTP/1.1" 200 106
191.112.17.11 - - [03/Mar/2016:13:10:49 -0300] "GET /cormun/servlet/solicitudotadjuntos?INS,2016,504,,1, HTTP/1.1" 200 5413
191.112.78.213 - - [03/Mar/2016:13:10:49 -0300] "GET /cormun/servlet/trsolicitudadjuntos?2016,471, HTTP/1.1" 200 5390
191.112.17.11 - - [03/Mar/2016:13:10:50 -0300] "GET /cormun/static/about:blank HTTP/1.1" 404 1011
191.112.17.11 - - [03/Mar/2016:13:10:50 -0300] "GET /cormun/servlet/solicitudotadjuntos?INS,2016,504,,1, HTTP/1.1" 200 5407
191.112.17.11 - - [03/Mar/2016:13:10:50 -0300] "GET /cormun/servlet/solicitudotadjuntos?5eed636fa4438d9350721e2438ae44f0dad454d236f572448c4ef2ab2b3d347fd7bbf1c259088851964071d103d34377,gx-no-cache=1457021474946 HTTP/1.1" 200 30
191.112.17.11 - - [03/Mar/2016:13:10:51 -0300] "POST /cormun/servlet/solicitudotadjuntos?c6c3adaa3617a9c7b683dfdaa7551cef,INS,2016,504,,1,,gx-no-cache=1457021475121 HTTP/1.1" 200 3349
191.112.78.213 - - [03/Mar/2016:13:10:52 -0300] "GET /cormun/servlet/trsolicitudadjuntos?2016,471, HTTP/1.1" 200 5390
191.112.17.11 - - [03/Mar/2016:13:10:56 -0300] "POST /cormun/servlet/solicitudotadjuntos?gx-no-cache=1457021479716 HTTP/1.1" 200 26
191.112.17.11 - - [03/Mar/2016:13:11:09 -0300] "POST /cormun/servlet/solicitudotadjuntos?gx-no-cache=1457021486804 HTTP/1.1" 200 26
191.112.17.11 - - [03/Mar/2016:13:11:18 -0300] "GET /cormun/servlet/solicitudotadjuntos?5eed636fa4438d9350721e2438ae44f096b3dae9ad98d8f2e96ea381819b4714,gx-no-cache=1457021502269 HTTP/1.1" 200 30
191.112.17.11 - - [03/Mar/2016:13:11:18 -0300] "GET /cormun/servlet/solicitudotadjuntos?5eed636fa4438d9350721e2438ae44f096b3dae9ad98d8f2e96ea381819b4714,gx-no-cache=1457021502340 HTTP/1.1" 200 30
191.112.17.11 - - [03/Mar/2016:13:11:18 -0300] "POST /cormun/servlet/solicitudotadjuntos?c6c3adaa3617a9c7b683dfdaa7551cef,INS,2016,504,,1, HTTP/1.1" 200 116
191.112.17.11 - - [03/Mar/2016:13:11:19 -0300] "GET /cormun/servlet/hpexe_return? HTTP/1.1" 200 1022
191.112.17.11 - - [03/Mar/2016:13:11:19 -0300] "GET /cormun/servlet/trsolicitudadjuntos?2016,504, HTTP/1.1" 200 7536
191.112.17.11 - - [03/Mar/2016:13:11:20 -0300] "GET /cormun/servlet/trsolicitudadjuntos?2016,504, HTTP/1.1" 200 7532
191.112.17.11 - - [03/Mar/2016:13:11:23 -0300] "GET /cormun/PublicTempStorage/certificado_de_afiliacion_-_isapre4654102.pdf HTTP/1.1" 200 11646
191.112.17.11 - - [03/Mar/2016:13:11:47 -0300] "GET /cormun/servlet/hlogin HTTP/1.1" 200 1719
191.112.17.11 - - [03/Mar/2016:13:11:53 -0300] "POST /cormun/servlet/hlogin?c6c3adaa3617a9c7b683dfdaa7551cef,gx-no-cache=1457021537601 HTTP/1.1" 200 90
191.112.17.11 - - [03/Mar/2016:13:11:53 -0300] "GET /cormun/servlet/hpexe_link HTTP/1.1" 200 965
191.112.17.11 - - [03/Mar/2016:13:11:53 -0300] "GET /cormun/servlet/trsolicitudadjuntos?2016,504, HTTP/1.1" 200 7533
191.112.17.11 - - [03/Mar/2016:13:11:57 -0300] "GET /cormun/servlet/trsolicitudadjuntos?2016,504, HTTP/1.1" 200 7532
191.112.17.11 - - [03/Mar/2016:13:12:02 -0300] "GET /cormun/servlet/solicitudotadjuntos?DLT,2016,504,CERTIF3,0, HTTP/1.1" 200 5430
191.112.17.11 - - [03/Mar/2016:13:12:03 -0300] "GET /cormun/PublicTempStorage/certificado_de_afiliacion_-_isapre5967398.pdf HTTP/1.1" 200 11646
191.112.17.11 - - [03/Mar/2016:13:12:04 -0300] "GET /cormun/static/Shared/jqueryui/images/ui-bg_highlight-soft_100_c6c2c8_1x100.png HTTP/1.1" 404 1117
191.112.17.11 - - [03/Mar/2016:13:12:04 -0300] "GET /cormun/static/Shared/jqueryui/images/ui-icons_82798d_256x240.png HTTP/1.1" 404 1089
191.112.17.11 - - [03/Mar/2016:13:12:04 -0300] "GET /cormun/static/Shared/jqueryui/images/ui-bg_flat_55_fafafa_40x100.png HTTP/1.1" 404 1097
191.112.17.11 - - [03/Mar/2016:13:12:04 -0300] "GET /cormun/static/Shared/jqueryui/images/ui-icons_8d78a5_256x240.png HTTP/1.1" 404 1089
191.112.17.11 - - [03/Mar/2016:13:12:04 -0300] "GET /cormun/servlet/solicitudotadjuntos?DLT,2016,504,CERTIF3,0, HTTP/1.1" 200 5422
191.112.17.11 - - [03/Mar/2016:13:12:10 -0300] "POST /cormun/servlet/solicitudotadjuntos?c6c3adaa3617a9c7b683dfdaa7551cef,DLT,2016,504,CERTIF3,0,,gx-no-cache=1457021554910 HTTP/1.1" 200 93
191.112.17.11 - - [03/Mar/2016:13:12:10 -0300] "GET /cormun/servlet/hpexe_return? HTTP/1.1" 200 1028
191.112.17.11 - - [03/Mar/2016:13:12:11 -0300] "GET /cormun/servlet/trsolicitudadjuntos?2016,504, HTTP/1.1" 200 7382
191.112.17.11 - - [03/Mar/2016:13:12:11 -0300] "GET /cormun/servlet/trsolicitudadjuntos?2016,504, HTTP/1.1" 200 7377
191.112.17.11 - - [03/Mar/2016:13:12:15 -0300] "GET /cormun/servlet/solicitudotadjuntos?INS,2016,504,,1, HTTP/1.1" 200 5413
191.112.17.11 - - [03/Mar/2016:13:12:16 -0300] "GET /cormun/static/about:blank HTTP/1.1" 404 1011
191.112.17.11 - - [03/Mar/2016:13:12:16 -0300] "GET /cormun/servlet/solicitudotadjuntos?INS,2016,504,,1, HTTP/1.1" 200 5407
191.112.17.11 - - [03/Mar/2016:13:12:16 -0300] "GET /cormun/servlet/solicitudotadjuntos?5eed636fa4438d9350721e2438ae44f0dad454d236f572448c4ef2ab2b3d347fd7bbf1c259088851964071d103d34377,gx-no-cache=1457021561101 HTTP/1.1" 200 30
191.112.17.11 - - [03/Mar/2016:13:12:17 -0300] "POST /cormun/servlet/solicitudotadjuntos?c6c3adaa3617a9c7b683dfdaa7551cef,INS,2016,504,,1,,gx-no-cache=1457021561232 HTTP/1.1" 200 3350
191.112.17.11 - - [03/Mar/2016:13:12:20 -0300] "POST /cormun/servlet/solicitudotadjuntos?gx-no-cache=1457021564543 HTTP/1.1" 200 26
186.103.159.204 - - [03/Mar/2016:13:12:22 -0300] "GET /cormun/servlet/solicitudot?44f070aba3c2312cb35f9611f14490aa65e9822035e7701110350be586a54156a49debbf8260a9c849f9fecbac4feffc416a11e2d023aa0e71ed2776ca4d7bbbc1749af8d75e962f89a5f3b4994ad9e74e977ace6e493fa13f4494d754c957be3537ff321e0a91f2dcee05ced21e1a6f8f54c6b9e569b30e3fc6510743f91a2a176030bf9da77d5a99a62518635680c83ce267472811d994bcce5ebdc27f86e4,gx-no-cache=1457021565362 HTTP/1.1" 200 29
186.103.159.204 - - [03/Mar/2016:13:12:23 -0300] "POST /cormun/servlet/solicitudot?gx-no-cache=1457021566387 HTTP/1.1" 200 179
186.103.159.204 - - [03/Mar/2016:13:12:25 -0300] "GET /cormun/servlet/solicitudot?44f070aba3c2312cb35f9611f14490aa587e9e0c4194efadb775b9c07a09ce9ba353c4bef459d1a6ba2c3a56f34894de97585f0076651244d3b9ea47436016544e2381bf9c34e2cd9cf4e46cbc9ca2e2f849c3f01ff1d7ccc1311e6a8a393bb88290cff5cab471ec597da57ead9b283a8235ab23887f9df89a43d116d67e3090778e5889007c13929d1b6ca0c27ce1e64b1d7d808267529f613b19d542ad5ce4bee739c67dd590fc0f0bf8c3176e9f0c0f3229eadb037ea23fb513aadb21da42eee51958c26fac5a097117028c48a8b2f0126c3be047c8636b31bab12cbe28ef13007de8235d5322d7ffd5be59ccbe5bb7c513f1cd59f67ee8ec80b01245405a1a88f54fa2ac6f52bce083d33e96ebafe00a2d7019f171d4b972cbb0cc466faf8b2f89fc2a729949d377623fd0342c1f3316c84587ba0071a4aef548048af9deb53e6e8803277350ace92d50368149094785ba4ffa5473411c3354ebd18757a5dac4a263f76ddbd80dbcd41aa136abdbe852126e613d5fa2cfc7f2a1e18bd11d1826d99c60b45252dc425f3a2b82e9049772c789a7f46cf8f40e9194a3dac8653c6f9458d6f36198bbb1b45a12a46b277ccfb4912fc977b5482b5142b6113b3a0a605921b34d0a5093b893f0db3d02c227c5962087f6bcdf08cecdc842f66b587dd7cd43882e51c8f4254305582b021dfa3d0d403ed58526c9cbda0e2b16a61f4218650aa53313560983584d4ce1bd68c607384bdad167c3db667b8f19bc5f5aaed0ac6b269b6580da08cb3cd53c9f8b,gx-no-cache=1457021568417 HTTP/1.1" 200 1116
191.112.17.11 - - [03/Mar/2016:13:12:28 -0300] "POST /cormun/servlet/solicitudotadjuntos?gx-no-cache=1457021572913 HTTP/1.1" 200 26
191.112.17.11 - - [03/Mar/2016:13:12:33 -0300] "GET /cormun/servlet/solicitudotadjuntos?5eed636fa4438d9350721e2438ae44f096b3dae9ad98d8f2e96ea381819b4714,gx-no-cache=1457021577938 HTTP/1.1" 200 30
191.112.17.11 - - [03/Mar/2016:13:12:33 -0300] "GET /cormun/servlet/solicitudotadjuntos?5eed636fa4438d9350721e2438ae44f096b3dae9ad98d8f2e96ea381819b4714,gx-no-cache=1457021578100 HTTP/1.1" 200 30
191.112.17.11 - - [03/Mar/2016:13:12:37 -0300] "POST /cormun/servlet/solicitudotadjuntos?c6c3adaa3617a9c7b683dfdaa7551cef,INS,2016,504,,1, HTTP/1.1" 200 116
191.112.17.11 - - [03/Mar/2016:13:12:38 -0300] "GET /cormun/servlet/hpexe_return? HTTP/1.1" 200 1022
191.112.17.11 - - [03/Mar/2016:13:12:38 -0300] "GET /cormun/servlet/trsolicitudadjuntos?2016,504, HTTP/1.1" 200 7600
191.112.17.11 - - [03/Mar/2016:13:12:39 -0300] "GET /cormun/servlet/trsolicitudadjuntos?2016,504, HTTP/1.1" 200 7594
191.112.17.11 - - [03/Mar/2016:13:12:42 -0300] "GET /cormun/servlet/solicitudotadjuntos?INS,2016,504,,1, HTTP/1.1" 200 5413
191.112.17.11 - - [03/Mar/2016:13:12:42 -0300] "GET /cormun/static/about:blank HTTP/1.1" 404 1011
191.112.17.11 - - [03/Mar/2016:13:12:43 -0300] "GET /cormun/servlet/solicitudotadjuntos?INS,2016,504,,1, HTTP/1.1" 200 5407
191.112.17.11 - - [03/Mar/2016:13:12:43 -0300] "GET /cormun/servlet/solicitudotadjuntos?5eed636fa4438d9350721e2438ae44f0dad454d236f572448c4ef2ab2b3d347fd7bbf1c259088851964071d103d34377,gx-no-cache=1457021587899 HTTP/1.1" 200 30
191.112.17.11 - - [03/Mar/2016:13:12:44 -0300] "POST /cormun/servlet/solicitudotadjuntos?c6c3adaa3617a9c7b683dfdaa7551cef,INS,2016,504,,1,,gx-no-cache=1457021588066 HTTP/1.1" 200 3350
191.112.17.11 - - [03/Mar/2016:13:12:49 -0300] "POST /cormun/servlet/solicitudotadjuntos?gx-no-cache=1457021593361 HTTP/1.1" 200 26
191.112.17.11 - - [03/Mar/2016:13:12:59 -0300] "GET /cormun/servlet/solicitudotadjuntos?5eed636fa4438d9350721e2438ae44f096b3dae9ad98d8f2e96ea381819b4714,gx-no-cache=1457021604106 HTTP/1.1" 200 30
191.112.17.11 - - [03/Mar/2016:13:13:00 -0300] "GET /cormun/servlet/solicitudotadjuntos?5eed636fa4438d9350721e2438ae44f096b3dae9ad98d8f2e96ea381819b4714,gx-no-cache=1457021604259 HTTP/1.1" 200 30
186.103.159.187 - - [03/Mar/2016:13:13:02 -0300] "GET /cormun/servlet/hlogin HTTP/1.1" 200 1723
186.103.159.187 - - [03/Mar/2016:13:13:03 -0300] "GET /cormun/static/gxcfg.js?20151120045111 HTTP/1.1" 200 953
186.103.159.187 - - [03/Mar/2016:13:13:03 -0300] "GET /cormun/static/Resources/Spanish/PXTools.css?005343 HTTP/1.1" 200 89042
186.103.159.187 - - [03/Mar/2016:13:13:03 -0300] "GET /cormun/static/hlogin.js?20151120045126 HTTP/1.1" 200 2136
186.103.159.187 - - [03/Mar/2016:13:13:03 -0300] "GET /cormun/static/messages.spa.js?85251 HTTP/1.1" 200 30736
186.103.159.187 - - [03/Mar/2016:13:13:03 -0300] "GET /cormun/servlet/hlogin HTTP/1.1" 200 1730
191.112.17.11 - - [03/Mar/2016:13:13:05 -0300] "POST /cormun/servlet/solicitudotadjuntos?c6c3adaa3617a9c7b683dfdaa7551cef,INS,2016,504,,1, HTTP/1.1" 200 116
191.112.17.11 - - [03/Mar/2016:13:13:05 -0300] "GET /cormun/servlet/hpexe_return? HTTP/1.1" 200 1022
191.112.17.11 - - [03/Mar/2016:13:13:05 -0300] "GET /cormun/servlet/trsolicitudadjuntos?2016,504, HTTP/1.1" 200 7724
191.112.17.11 - - [03/Mar/2016:13:13:06 -0300] "GET /cormun/servlet/trsolicitudadjuntos?2016,504, HTTP/1.1" 200 7719
191.112.17.11 - - [03/Mar/2016:13:13:14 -0300] "GET /cormun/servlet/solicitudotadjuntos?INS,2016,504,,1, HTTP/1.1" 200 5413
191.112.17.11 - - [03/Mar/2016:13:13:14 -0300] "GET /cormun/static/about:blank HTTP/1.1" 404 1011
191.112.17.11 - - [03/Mar/2016:13:13:14 -0300] "GET /cormun/servlet/solicitudotadjuntos?INS,2016,504,,1, HTTP/1.1" 200 5407
191.112.17.11 - - [03/Mar/2016:13:13:15 -0300] "GET /cormun/servlet/solicitudotadjuntos?5eed636fa4438d9350721e2438ae44f0dad454d236f572448c4ef2ab2b3d347fd7bbf1c259088851964071d103d34377,gx-no-cache=1457021619698 HTTP/1.1" 200 30
191.112.17.11 - - [03/Mar/2016:13:13:15 -0300] "POST /cormun/servlet/solicitudotadjuntos?c6c3adaa3617a9c7b683dfdaa7551cef,INS,2016,504,,1,,gx-no-cache=1457021619806 HTTP/1.1" 200 3349
191.112.17.11 - - [03/Mar/2016:13:13:20 -0300] "POST /cormun/servlet/solicitudotadjuntos?gx-no-cache=1457021624571 HTTP/1.1" 200 26
186.103.159.187 - - [03/Mar/2016:13:13:22 -0300] "POST /cormun/servlet/hlogin?9be39763b9134eb3cc35f0a4bdb37c67,gx-no-cache=1457025366267 HTTP/1.1" 200 90
186.103.159.187 - - [03/Mar/2016:13:13:22 -0300] "GET /cormun/servlet/hpexe_link HTTP/1.1" 200 951
186.103.159.187 - - [03/Mar/2016:13:13:22 -0300] "GET /cormun/static/gxcfg.js?20151120044395 HTTP/1.1" 200 953
186.103.159.187 - - [03/Mar/2016:13:13:22 -0300] "GET /cormun/static/hpexe_link.js?20151120044398 HTTP/1.1" 200 625
186.103.159.187 - - [03/Mar/2016:13:13:22 -0300] "GET /cormun/servlet/hhome HTTP/1.1" 200 3422
186.103.159.187 - - [03/Mar/2016:13:13:23 -0300] "GET /cormun/static/Resources/Spanish/PXTools.css?10515224 HTTP/1.1" 200 89042
186.103.159.187 - - [03/Mar/2016:13:13:23 -0300] "GET /cormun/static/gxcfg.js?2015112210564248 HTTP/1.1" 200 953
186.103.159.187 - - [03/Mar/2016:13:13:23 -0300] "GET /cormun/static/hhome.js?2015112210564255 HTTP/1.1" 200 777
186.103.159.187 - - [03/Mar/2016:13:13:23 -0300] "GET /cormun/static/hwchdr01.js?20162241650484 HTTP/1.1" 200 1183
186.103.159.187 - - [03/Mar/2016:13:13:23 -0300] "GET /cormun/static/hpexe_scripts.js?20151120014546 HTTP/1.1" 200 1544
186.103.159.187 - - [03/Mar/2016:13:13:23 -0300] "GET /cormun/static/hpexe_recentlink.js?2015111312121342 HTTP/1.1" 200 2144
186.103.159.187 - - [03/Mar/2016:13:13:23 -0300] "GET /cormun/static/hpexe_messagegenexuscomponent.js?20151120014314 HTTP/1.1" 200 587
186.103.159.187 - - [03/Mar/2016:13:13:23 -0300] "GET /cormun/static/hpexe_messagecontroller.js?2015112210524422 HTTP/1.1" 200 870
186.103.159.187 - - [03/Mar/2016:13:13:23 -0300] "GET /cormun/static/hpexe_messagepopupcomponent.js?20163219454551 HTTP/1.1" 200 605
186.103.159.187 - - [03/Mar/2016:13:13:23 -0300] "GET /cormun/static/hmpwkw03.js?2016311993330 HTTP/1.1" 200 3898
186.103.159.187 - - [03/Mar/2016:13:13:23 -0300] "GET /cormun/static/cmcontrolpreferences.js?20151120014525 HTTP/1.1" 200 1375
186.103.159.187 - - [03/Mar/2016:13:13:24 -0300] "GET /cormun/servlet/hhome HTTP/1.1" 200 3418
186.103.159.187 - - [03/Mar/2016:13:13:26 -0300] "GET /cormun/servlet/trsolicitudot? HTTP/1.1" 200 6184
186.103.159.187 - - [03/Mar/2016:13:13:26 -0300] "GET /cormun/static/gxcfg.js?201631185636 HTTP/1.1" 200 953
186.103.159.187 - - [03/Mar/2016:13:13:26 -0300] "GET /cormun/static/Resources/Spanish/PXTools.css?18502099 HTTP/1.1" 200 89042
186.103.159.187 - - [03/Mar/2016:13:13:26 -0300] "GET /cormun/static/trsolicitudot.js?2016311856838 HTTP/1.1" 200 45326
186.103.159.187 - - [03/Mar/2016:13:13:27 -0300] "GET /cormun/servlet/trsolicitudot? HTTP/1.1" 200 6184
191.112.17.11 - - [03/Mar/2016:13:13:28 -0300] "GET /cormun/servlet/solicitudotadjuntos?5eed636fa4438d9350721e2438ae44f096b3dae9ad98d8f2e96ea381819b4714,gx-no-cache=1457021632476 HTTP/1.1" 200 30
191.112.17.11 - - [03/Mar/2016:13:13:28 -0300] "GET /cormun/servlet/solicitudotadjuntos?5eed636fa4438d9350721e2438ae44f096b3dae9ad98d8f2e96ea381819b4714,gx-no-cache=1457021632535 HTTP/1.1" 200 30
186.103.159.187 - - [03/Mar/2016:13:13:29 -0300] "POST /cormun/servlet/trsolicitudot?9be39763b9134eb3cc35f0a4bdb37c67,,gx-no-cache=1457025373437 HTTP/1.1" 200 3499
191.112.17.11 - - [03/Mar/2016:13:13:29 -0300] "POST /cormun/servlet/solicitudotadjuntos?c6c3adaa3617a9c7b683dfdaa7551cef,INS,2016,504,,1, HTTP/1.1" 200 116
191.112.17.11 - - [03/Mar/2016:13:13:30 -0300] "GET /cormun/servlet/hpexe_return? HTTP/1.1" 200 1022
186.103.159.187 - - [03/Mar/2016:13:13:30 -0300] "POST /cormun/servlet/trsolicitudot?9be39763b9134eb3cc35f0a4bdb37c67,,gx-no-cache=1457025373625 HTTP/1.1" 200 3499
186.103.159.187 - - [03/Mar/2016:13:13:30 -0300] "POST /cormun/servlet/trsolicitudot?9be39763b9134eb3cc35f0a4bdb37c67,,gx-no-cache=1457025373768 HTTP/1.1" 200 3499
186.103.159.187 - - [03/Mar/2016:13:13:30 -0300] "POST /cormun/servlet/trsolicitudot?9be39763b9134eb3cc35f0a4bdb37c67,,gx-no-cache=1457025373905 HTTP/1.1" 200 3498
191.112.17.11 - - [03/Mar/2016:13:13:30 -0300] "GET /cormun/servlet/trsolicitudadjuntos?2016,504, HTTP/1.1" 200 7859
191.112.17.11 - - [03/Mar/2016:13:13:31 -0300] "GET /cormun/servlet/trsolicitudadjuntos?2016,504, HTTP/1.1" 200 7857
186.103.159.187 - - [03/Mar/2016:13:13:31 -0300] "POST /cormun/servlet/trsolicitudot?9be39763b9134eb3cc35f0a4bdb37c67,,gx-no-cache=1457025375250 HTTP/1.1" 200 3500
186.103.159.187 - - [03/Mar/2016:13:13:32 -0300] "GET /cormun/servlet/trsolicitudot?6f3077ef2be85fed6fe4593c4bdb7398451e20992e7966b1df1759623037cd7600f44c1fe252eb3cca7335cc09c4515fca661b6e7ebc1d62d167648579c8322ef1b4d66e877bbebbe12f0a22aab2a736,gx-no-cache=1457025375661 HTTP/1.1" 200 761
186.103.159.187 - - [03/Mar/2016:13:13:33 -0300] "POST /cormun/servlet/trsolicitudot?9be39763b9134eb3cc35f0a4bdb37c67,,gx-no-cache=1457025376939 HTTP/1.1" 200 3500
186.103.159.187 - - [03/Mar/2016:13:13:33 -0300] "GET /cormun/servlet/trsolicitudot?6f3077ef2be85fed6fe4593c4bdb73985d4dbff7b0093c5fc51b6b8d24ce038100f44c1fe252eb3cca7335cc09c4515fca661b6e7ebc1d62d167648579c8322ef1b4d66e877bbebbe12f0a22aab2a736,gx-no-cache=1457025377343 HTTP/1.1" 200 760
191.112.17.11 - - [03/Mar/2016:13:13:34 -0300] "GET /cormun/servlet/solicitudotadjuntos?INS,2016,504,,1, HTTP/1.1" 200 5413
191.112.17.11 - - [03/Mar/2016:13:13:35 -0300] "GET /cormun/static/about:blank HTTP/1.1" 404 1011
191.112.17.11 - - [03/Mar/2016:13:13:35 -0300] "GET /cormun/servlet/solicitudotadjuntos?INS,2016,504,,1, HTTP/1.1" 200 5407
191.112.17.11 - - [03/Mar/2016:13:13:36 -0300] "GET /cormun/servlet/solicitudotadjuntos?5eed636fa4438d9350721e2438ae44f0dad454d236f572448c4ef2ab2b3d347fd7bbf1c259088851964071d103d34377,gx-no-cache=1457021640349 HTTP/1.1" 200 30
191.112.17.11 - - [03/Mar/2016:13:13:36 -0300] "POST /cormun/servlet/solicitudotadjuntos?c6c3adaa3617a9c7b683dfdaa7551cef,INS,2016,504,,1,,gx-no-cache=1457021640510 HTTP/1.1" 200 3349
186.103.159.187 - - [03/Mar/2016:13:13:38 -0300] "GET /cormun/servlet/trsolicitudot? HTTP/1.1" 200 6185
186.103.159.187 - - [03/Mar/2016:13:13:38 -0300] "GET /cormun/servlet/trsolicitudot? HTTP/1.1" 200 6185
186.103.159.187 - - [03/Mar/2016:13:13:46 -0300] "POST /cormun/servlet/trsolicitudot?9be39763b9134eb3cc35f0a4bdb37c67,,gx-no-cache=1457025389697 HTTP/1.1" 200 3505
186.103.159.187 - - [03/Mar/2016:13:13:46 -0300] "POST /cormun/servlet/trsolicitudot?9be39763b9134eb3cc35f0a4bdb37c67,,gx-no-cache=1457025389852 HTTP/1.1" 200 3505
186.103.159.187 - - [03/Mar/2016:13:13:46 -0300] "POST /cormun/servlet/trsolicitudot?9be39763b9134eb3cc35f0a4bdb37c67,,gx-no-cache=1457025389987 HTTP/1.1" 200 3505
191.112.17.11 - - [03/Mar/2016:13:13:46 -0300] "POST /cormun/servlet/solicitudotadjuntos?c6c3adaa3617a9c7b683dfdaa7551cef,INS,2016,504,,1,,gx-no-cache=1457021650557 HTTP/1.1" 200 93
186.103.159.187 - - [03/Mar/2016:13:13:46 -0300] "POST /cormun/servlet/trsolicitudot?9be39763b9134eb3cc35f0a4bdb37c67,,gx-no-cache=1457025390128 HTTP/1.1" 200 3504
191.112.17.11 - - [03/Mar/2016:13:13:46 -0300] "GET /cormun/servlet/hpexe_return? HTTP/1.1" 200 1022
191.112.17.11 - - [03/Mar/2016:13:13:46 -0300] "GET /cormun/servlet/trsolicitudadjuntos?2016,504, HTTP/1.1" 200 7856
191.112.17.11 - - [03/Mar/2016:13:13:47 -0300] "GET /cormun/servlet/trsolicitudadjuntos?2016,504, HTTP/1.1" 200 7857
186.103.159.187 - - [03/Mar/2016:13:13:51 -0300] "POST /cormun/servlet/trsolicitudot?9be39763b9134eb3cc35f0a4bdb37c67,,gx-no-cache=1457025395010 HTTP/1.1" 200 7967
186.103.159.187 - - [03/Mar/2016:13:13:51 -0300] "GET /cormun//static/Resources/PXToolsActionView.png HTTP/1.1" 200 2995
186.103.159.187 - - [03/Mar/2016:13:13:51 -0300] "GET /cormun//static/Resources/PXToolsGridUpdate.png HTTP/1.1" 200 2984
186.103.159.187 - - [03/Mar/2016:13:13:51 -0300] "GET /cormun//static/Resources/PXToolsGridDelete.png HTTP/1.1" 200 357
186.103.159.187 - - [03/Mar/2016:13:13:51 -0300] "GET /cormun//static/Resources/PXToolsRemoveAllAction.png HTTP/1.1" 200 3558
186.103.159.187 - - [03/Mar/2016:13:13:51 -0300] "GET /cormun//static/Resources/PXTools/ActionInsert.png HTTP/1.1" 200 1482
186.103.159.187 - - [03/Mar/2016:13:13:51 -0300] "GET /cormun/servlet/trsolicitudot?6f3077ef2be85fed6fe4593c4bdb739857e69e38515ef32d97823fc90b385f4500f44c1fe252eb3cca7335cc09c4515fca661b6e7ebc1d62d167648579c8322ef1b4d66e877bbebbe12f0a22aab2a736,gx-no-cache=1457025395415 HTTP/1.1" 200 5673
186.103.159.187 - - [03/Mar/2016:13:13:57 -0300] "POST /cormun/servlet/trsolicitudot?9be39763b9134eb3cc35f0a4bdb37c67,,gx-no-cache=1457025400519 HTTP/1.1" 200 7966
191.112.17.11 - - [03/Mar/2016:13:13:57 -0300] "GET /cormun/servlet/solicitudotadjuntos?INS,2016,504,,1, HTTP/1.1" 200 5413
186.103.159.187 - - [03/Mar/2016:13:13:57 -0300] "POST /cormun/servlet/trsolicitudot?9be39763b9134eb3cc35f0a4bdb37c67,,gx-no-cache=1457025400980 HTTP/1.1" 200 7966
191.112.17.11 - - [03/Mar/2016:13:13:57 -0300] "GET /cormun/static/about:blank HTTP/1.1" 404 1011
191.112.17.11 - - [03/Mar/2016:13:13:57 -0300] "GET /cormun/servlet/solicitudotadjuntos?INS,2016,504,,1, HTTP/1.1" 200 5407
186.103.159.187 - - [03/Mar/2016:13:13:57 -0300] "POST /cormun/servlet/trsolicitudot?9be39763b9134eb3cc35f0a4bdb37c67,,gx-no-cache=1457025401427 HTTP/1.1" 200 7966
191.112.17.11 - - [03/Mar/2016:13:13:58 -0300] "GET /cormun/servlet/solicitudotadjuntos?5eed636fa4438d9350721e2438ae44f0dad454d236f572448c4ef2ab2b3d347fd7bbf1c259088851964071d103d34377,gx-no-cache=1457021662388 HTTP/1.1" 200 30
191.112.17.11 - - [03/Mar/2016:13:13:58 -0300] "POST /cormun/servlet/solicitudotadjuntos?c6c3adaa3617a9c7b683dfdaa7551cef,INS,2016,504,,1,,gx-no-cache=1457021662455 HTTP/1.1" 200 3349
186.103.159.187 - - [03/Mar/2016:13:13:58 -0300] "POST /cormun/servlet/trsolicitudot?9be39763b9134eb3cc35f0a4bdb37c67,,gx-no-cache=1457025401866 HTTP/1.1" 200 7946
191.112.17.11 - - [03/Mar/2016:13:14:00 -0300] "POST /cormun/servlet/solicitudotadjuntos?gx-no-cache=1457021664704 HTTP/1.1" 200 26
186.103.159.187 - - [03/Mar/2016:13:14:00 -0300] "POST /cormun/servlet/trsolicitudot?9be39763b9134eb3cc35f0a4bdb37c67,,gx-no-cache=1457025404383 HTTP/1.1" 200 7946
186.103.159.187 - - [03/Mar/2016:13:14:05 -0300] "POST /cormun/servlet/trsolicitudot?9be39763b9134eb3cc35f0a4bdb37c67,,gx-no-cache=1457025408867 HTTP/1.1" 200 7946
186.103.159.187 - - [03/Mar/2016:13:14:16 -0300] "POST /cormun/servlet/trsolicitudot?9be39763b9134eb3cc35f0a4bdb37c67,,gx-no-cache=1457025419534 HTTP/1.1" 200 7966
186.103.159.187 - - [03/Mar/2016:13:14:16 -0300] "POST /cormun/servlet/trsolicitudot?9be39763b9134eb3cc35f0a4bdb37c67,,gx-no-cache=1457025420030 HTTP/1.1" 200 7964
186.103.159.187 - - [03/Mar/2016:13:14:17 -0300] "POST /cormun/servlet/trsolicitudot?9be39763b9134eb3cc35f0a4bdb37c67,,gx-no-cache=1457025420536 HTTP/1.1" 200 7966
191.112.78.213 - - [03/Mar/2016:13:14:17 -0300] "GET /cormun/servlet/solicitudotadjuntos?INS,2016,471,,1, HTTP/1.1" 200 5473
186.103.159.187 - - [03/Mar/2016:13:14:17 -0300] "POST /cormun/servlet/trsolicitudot?9be39763b9134eb3cc35f0a4bdb37c67,,gx-no-cache=1457025421189 HTTP/1.1" 200 7946
191.112.78.213 - - [03/Mar/2016:13:14:18 -0300] "GET /cormun/static/about:blank HTTP/1.1" 404 1011
191.112.78.213 - - [03/Mar/2016:13:14:19 -0300] "GET /cormun/servlet/solicitudotadjuntos?INS,2016,471,,1, HTTP/1.1" 200 5467
186.103.159.187 - - [03/Mar/2016:13:14:20 -0300] "POST /cormun/servlet/trsolicitudot?9be39763b9134eb3cc35f0a4bdb37c67,,gx-no-cache=1457025423492 HTTP/1.1" 200 7966
191.112.78.213 - - [03/Mar/2016:13:14:20 -0300] "GET /cormun/servlet/solicitudotadjuntos?5dc64e72aa6460987ed563b8bb772a1e310be7ffc804272f6a591876a8c326eecc79a545b9cadcb53d627544da7dec2e,gx-no-cache=1457021685767 HTTP/1.1" 200 30
186.103.159.187 - - [03/Mar/2016:13:14:20 -0300] "POST /cormun/servlet/trsolicitudot?9be39763b9134eb3cc35f0a4bdb37c67,,gx-no-cache=1457025424046 HTTP/1.1" 200 7966
191.112.78.213 - - [03/Mar/2016:13:14:20 -0300] "POST /cormun/servlet/solicitudotadjuntos?78a791391b8286a9b26165191b25347f,INS,2016,471,,1,,gx-no-cache=1457021685927 HTTP/1.1" 200 3375
186.103.159.187 - - [03/Mar/2016:13:14:21 -0300] "POST /cormun/servlet/trsolicitudot?9be39763b9134eb3cc35f0a4bdb37c67,,gx-no-cache=1457025424637 HTTP/1.1" 200 7967
186.103.159.187 - - [03/Mar/2016:13:14:21 -0300] "POST /cormun/servlet/trsolicitudot?9be39763b9134eb3cc35f0a4bdb37c67,,gx-no-cache=1457025425261 HTTP/1.1" 200 7946
191.112.78.213 - - [03/Mar/2016:13:14:23 -0300] "POST /cormun/servlet/solicitudotadjuntos?gx-no-cache=1457021688319 HTTP/1.1" 200 26
191.112.17.11 - - [03/Mar/2016:13:14:24 -0300] "GET /cormun/servlet/solicitudotadjuntos?5eed636fa4438d9350721e2438ae44f096b3dae9ad98d8f2e96ea381819b4714,gx-no-cache=1457021688355 HTTP/1.1" 200 30
191.112.17.11 - - [03/Mar/2016:13:14:24 -0300] "GET /cormun/servlet/solicitudotadjuntos?5eed636fa4438d9350721e2438ae44f096b3dae9ad98d8f2e96ea381819b4714,gx-no-cache=1457021688452 HTTP/1.1" 200 30
191.112.17.11 - - [03/Mar/2016:13:14:26 -0300] "POST /cormun/servlet/solicitudotadjuntos?c6c3adaa3617a9c7b683dfdaa7551cef,INS,2016,504,,1, HTTP/1.1" 200 116
191.112.17.11 - - [03/Mar/2016:13:14:26 -0300] "GET /cormun/servlet/hpexe_return? HTTP/1.1" 200 1022
191.112.17.11 - - [03/Mar/2016:13:14:27 -0300] "GET /cormun/servlet/trsolicitudadjuntos?2016,504, HTTP/1.1" 200 7969
191.112.17.11 - - [03/Mar/2016:13:14:27 -0300] "GET /cormun/servlet/trsolicitudadjuntos?2016,504, HTTP/1.1" 200 7965
191.112.17.11 - - [03/Mar/2016:13:14:30 -0300] "POST /cormun/servlet/trsolicitudadjuntos?c6c3adaa3617a9c7b683dfdaa7551cef,2016,504,,gx-no-cache=1457021694314 HTTP/1.1" 200 90
191.112.17.11 - - [03/Mar/2016:13:14:30 -0300] "GET /cormun/servlet/hpexe_link HTTP/1.1" 200 965
191.112.17.11 - - [03/Mar/2016:13:14:30 -0300] "GET /cormun/servlet/trsolicitudot? HTTP/1.1" 200 7763
191.112.17.11 - - [03/Mar/2016:13:14:31 -0300] "GET /cormun/servlet/trsolicitudot? HTTP/1.1" 200 7762
191.112.17.11 - - [03/Mar/2016:13:14:36 -0300] "POST /cormun/servlet/trsolicitudot?c6c3adaa3617a9c7b683dfdaa7551cef,,gx-no-cache=1457021700244 HTTP/1.1" 200 5243
191.112.17.11 - - [03/Mar/2016:13:14:36 -0300] "POST /cormun/servlet/trsolicitudot?c6c3adaa3617a9c7b683dfdaa7551cef,,gx-no-cache=1457021700642 HTTP/1.1" 200 5244
191.112.17.11 - - [03/Mar/2016:13:14:37 -0300] "POST /cormun/servlet/trsolicitudot?c6c3adaa3617a9c7b683dfdaa7551cef,,gx-no-cache=1457021701083 HTTP/1.1" 200 5243
191.112.17.11 - - [03/Mar/2016:13:14:37 -0300] "POST /cormun/servlet/trsolicitudot?c6c3adaa3617a9c7b683dfdaa7551cef,,gx-no-cache=1457021701518 HTTP/1.1" 200 5243
191.112.17.11 - - [03/Mar/2016:13:14:37 -0300] "POST /cormun/servlet/trsolicitudot?c6c3adaa3617a9c7b683dfdaa7551cef,,gx-no-cache=1457021701952 HTTP/1.1" 200 5244
191.112.17.11 - - [03/Mar/2016:13:14:38 -0300] "POST /cormun/servlet/trsolicitudot?c6c3adaa3617a9c7b683dfdaa7551cef,,gx-no-cache=1457021702361 HTTP/1.1" 200 5243
191.112.17.11 - - [03/Mar/2016:13:14:38 -0300] "POST /cormun/servlet/trsolicitudot?c6c3adaa3617a9c7b683dfdaa7551cef,,gx-no-cache=1457021702788 HTTP/1.1" 200 5243
191.112.17.11 - - [03/Mar/2016:13:14:39 -0300] "POST /cormun/servlet/trsolicitudot?c6c3adaa3617a9c7b683dfdaa7551cef,,gx-no-cache=1457021703213 HTTP/1.1" 200 4938
191.112.17.11 - - [03/Mar/2016:13:14:39 -0300] "GET /cormun/static/Shared/jqueryui/images/ui-bg_highlight-soft_100_c6c2c8_1x100.png HTTP/1.1" 404 1117
191.112.17.11 - - [03/Mar/2016:13:14:39 -0300] "GET /cormun/static/Shared/jqueryui/images/ui-icons_82798d_256x240.png HTTP/1.1" 404 1089
191.112.17.11 - - [03/Mar/2016:13:14:39 -0300] "GET /cormun/static/Shared/jqueryui/images/ui-bg_flat_55_fafafa_40x100.png HTTP/1.1" 404 1097
191.112.17.11 - - [03/Mar/2016:13:14:39 -0300] "GET /cormun/static/Shared/jqueryui/images/ui-icons_8d78a5_256x240.png HTTP/1.1" 404 1089
191.112.17.11 - - [03/Mar/2016:13:14:39 -0300] "POST /cormun/servlet/trsolicitudot?c6c3adaa3617a9c7b683dfdaa7551cef,,gx-no-cache=1457021703712 HTTP/1.1" 200 4881
191.112.78.213 - - [03/Mar/2016:13:14:50 -0300] "GET /cormun/servlet/solicitudotadjuntos?5dc64e72aa6460987ed563b8bb772a1eb7d76dcf35d15f6dca7db02f4044a319,gx-no-cache=1457021715818 HTTP/1.1" 200 30
191.112.78.213 - - [03/Mar/2016:13:14:50 -0300] "GET /cormun/servlet/solicitudotadjuntos?5dc64e72aa6460987ed563b8bb772a1eb7d76dcf35d15f6dca7db02f4044a319,gx-no-cache=1457021715975 HTTP/1.1" 200 30
191.112.78.213 - - [03/Mar/2016:13:14:52 -0300] "POST /cormun/servlet/solicitudotadjuntos?78a791391b8286a9b26165191b25347f,INS,2016,471,,1, HTTP/1.1" 200 116
191.112.78.213 - - [03/Mar/2016:13:14:52 -0300] "GET /cormun/servlet/hpexe_return? HTTP/1.1" 200 1029
186.103.159.187 - - [03/Mar/2016:13:14:53 -0300] "POST /cormun/servlet/trsolicitudot?9be39763b9134eb3cc35f0a4bdb37c67,,gx-no-cache=1457025456578 HTTP/1.1" 200 7968
186.103.159.187 - - [03/Mar/2016:13:14:53 -0300] "POST /cormun/servlet/trsolicitudot?9be39763b9134eb3cc35f0a4bdb37c67,,gx-no-cache=1457025457233 HTTP/1.1" 200 7966
191.112.78.213 - - [03/Mar/2016:13:14:53 -0300] "GET /cormun/servlet/trsolicitudadjuntos?2016,471, HTTP/1.1" 200 7301
186.103.159.187 - - [03/Mar/2016:13:14:54 -0300] "POST /cormun/servlet/trsolicitudot?9be39763b9134eb3cc35f0a4bdb37c67,,gx-no-cache=1457025457888 HTTP/1.1" 200 7966
186.103.159.187 - - [03/Mar/2016:13:14:55 -0300] "GET /cormun/servlet/trsolicitudot? HTTP/1.1" 200 10514
186.103.159.187 - - [03/Mar/2016:13:14:55 -0300] "GET /cormun/static/gxui/gxui-all.css?120300 HTTP/1.1" 304 -
186.103.159.187 - - [03/Mar/2016:13:14:55 -0300] "GET /cormun/static/Resources/Spanish/PXTools.css?18502099 HTTP/1.1" 304 -
186.103.159.187 - - [03/Mar/2016:13:14:55 -0300] "GET /cormun/static/calendar-system.css?85620 HTTP/1.1" 304 -
186.103.159.187 - - [03/Mar/2016:13:14:55 -0300] "GET /cormun/static/Shared/jqueryui/jquery-ui.min.css?1345370 HTTP/1.1" 304 -
186.103.159.187 - - [03/Mar/2016:13:14:55 -0300] "GET /cormun/static/SmoothNavMenu/resources/ddsmoothmenu.css?1112540 HTTP/1.1" 304 -
186.103.159.187 - - [03/Mar/2016:13:14:55 -0300] "GET /cormun/static/Shared/ext/resources/css/ext-all.css?215870 HTTP/1.1" 304 -
186.103.159.187 - - [03/Mar/2016:13:14:55 -0300] "GET /cormun/static/SmoothNavMenu/resources/ddsmoothmenu-v.css?1112540 HTTP/1.1" 304 -
186.103.159.187 - - [03/Mar/2016:13:14:55 -0300] "GET /cormun/static/gxtimezone.js?85251 HTTP/1.1" 304 -
186.103.159.187 - - [03/Mar/2016:13:14:55 -0300] "GET /cormun/static/gxgral.js?85251 HTTP/1.1" 304 -
186.103.159.187 - - [03/Mar/2016:13:14:55 -0300] "GET /cormun/static/scaMessage/css/jquery.pnotify.default.css?1816380 HTTP/1.1" 304 -
186.103.159.187 - - [03/Mar/2016:13:14:55 -0300] "GET /cormun/static/gxcfg.js?201631185636 HTTP/1.1" 304 -
186.103.159.187 - - [03/Mar/2016:13:14:55 -0300] "GET /cormun/static/calendar.js?85251 HTTP/1.1" 304 -
186.103.159.187 - - [03/Mar/2016:13:14:55 -0300] "GET /cormun/static/calendar-setup.js?85251 HTTP/1.1" 304 -
186.103.159.187 - - [03/Mar/2016:13:14:55 -0300] "GET /cormun/static/calendar-es.js?85251 HTTP/1.1" 304 -
186.103.159.187 - - [03/Mar/2016:13:14:55 -0300] "GET /cormun/static/gxui/gxui-all.js HTTP/1.1" 304 -
186.103.159.187 - - [03/Mar/2016:13:14:55 -0300] "GET /cormun/static/Shared/ext/ext-all.js HTTP/1.1" 304 -
186.103.159.187 - - [03/Mar/2016:13:14:55 -0300] "GET /cormun/static/RunJS/RunJS.js HTTP/1.1" 304 -
186.103.159.187 - - [03/Mar/2016:13:14:55 -0300] "GET /cormun/static/PXToolsJavascripts/pexe_autoreload.js HTTP/1.1" 304 -
186.103.159.187 - - [03/Mar/2016:13:14:55 -0300] "GET /cormun/static/PXToolsJavascripts/pexe_cookies.js HTTP/1.1" 304 -
186.103.159.187 - - [03/Mar/2016:13:14:55 -0300] "GET /cormun/static/PXToolsJavascripts/pexe_windows.js HTTP/1.1" 304 -
186.103.159.187 - - [03/Mar/2016:13:14:55 -0300] "GET /cormun/static/PXToolsJavascripts/pexe_grid.js HTTP/1.1" 304 -
186.103.159.187 - - [03/Mar/2016:13:14:55 -0300] "GET /cormun/static/PXToolsJavascripts/pexe_link.js HTTP/1.1" 304 -
186.103.159.187 - - [03/Mar/2016:13:14:55 -0300] "GET /cormun/static/PXToolsJavascripts/pexe_menudivfix.js HTTP/1.1" 304 -
186.103.159.187 - - [03/Mar/2016:13:14:55 -0300] "GET /cormun/static/PXToolsJavascripts/pexe_griddivfix.js HTTP/1.1" 304 -
186.103.159.187 - - [03/Mar/2016:13:14:55 -0300] "GET /cormun/static/PXToolsJavascripts/pexe_menus.js HTTP/1.1" 304 -
186.103.159.187 - - [03/Mar/2016:13:14:55 -0300] "GET /cormun/static/PXToolsJavascripts/pexe_layers.js HTTP/1.1" 304 -
186.103.159.187 - - [03/Mar/2016:13:14:55 -0300] "GET /cormun/static/PXToolsJavascripts/pexe_oavdivfix.js HTTP/1.1" 304 -
186.103.159.187 - - [03/Mar/2016:13:14:55 -0300] "GET /cormun/static/PXToolsJavascripts/pexe_picture.js HTTP/1.1" 304 -
186.103.159.187 - - [03/Mar/2016:13:14:55 -0300] "GET /cormun/static/PXToolsJavascripts/pexe_popup.js HTTP/1.1" 304 -
186.103.159.187 - - [03/Mar/2016:13:14:55 -0300] "GET /cormun/static/PXToolsJavascripts/pexe_scrolldiv.js HTTP/1.1" 304 -
186.103.159.187 - - [03/Mar/2016:13:14:55 -0300] "GET /cormun/static/PXToolsJavascripts/pexe_oav.js HTTP/1.1" 304 -
186.103.159.187 - - [03/Mar/2016:13:14:55 -0300] "GET /cormun/static/PXToolsJavascripts/pexe_tabdivfix.js HTTP/1.1" 304 -
186.103.159.187 - - [03/Mar/2016:13:14:55 -0300] "GET /cormun/static/PXToolsJavascripts/pexe_tabs.js HTTP/1.1" 304 -
186.103.159.187 - - [03/Mar/2016:13:14:55 -0300] "GET /cormun/static/PXToolsJavascripts/PXToolsJavascriptsRender.js HTTP/1.1" 304 -
186.103.159.187 - - [03/Mar/2016:13:14:55 -0300] "GET /cormun/static/Shared/ext/locale/ext-lang-en.js HTTP/1.1" 304 -
186.103.159.187 - - [03/Mar/2016:13:14:55 -0300] "GET /cormun/static/PXToolsJavascripts/pexe_upload.js HTTP/1.1" 304 -
186.103.159.187 - - [03/Mar/2016:13:14:55 -0300] "GET /cormun/static/messages.spa.js?85251 HTTP/1.1" 304 -
186.103.159.187 - - [03/Mar/2016:13:14:55 -0300] "GET /cormun/static/hpexe_recentlink.js?2015111312121342 HTTP/1.1" 304 -
186.103.159.187 - - [03/Mar/2016:13:14:55 -0300] "GET /cormun/static/hpexe_scripts.js?20151120014546 HTTP/1.1" 304 -
186.103.159.187 - - [03/Mar/2016:13:14:55 -0300] "GET /cormun/static/hwchdr01.js?20162241650484 HTTP/1.1" 304 -
186.103.159.187 - - [03/Mar/2016:13:14:55 -0300] "GET /cormun/static/hpexe_messagecontroller.js?2015112210524422 HTTP/1.1" 304 -
186.103.159.187 - - [03/Mar/2016:13:14:55 -0300] "GET /cormun/static/gxdec.js?85251 HTTP/1.1" 304 -
186.103.159.187 - - [03/Mar/2016:13:14:55 -0300] "GET /cormun/static/trsolicitudot.js?2016311856838 HTTP/1.1" 304 -
186.103.159.187 - - [03/Mar/2016:13:14:56 -0300] "GET /cormun/static/hpexe_messagepopupcomponent.js?20163219454551 HTTP/1.1" 304 -
186.103.159.187 - - [03/Mar/2016:13:14:56 -0300] "GET /cormun/static/cmcontrolpreferences.js?20151120014525 HTTP/1.1" 304 -
186.103.159.187 - - [03/Mar/2016:13:14:56 -0300] "GET /cormun/static/hpexe_messagegenexuscomponent.js?20151120014314 HTTP/1.1" 304 -
186.103.159.187 - - [03/Mar/2016:13:14:56 -0300] "GET /cormun/static/Shared/jqueryui/jquery-ui.min.js HTTP/1.1" 304 -
186.103.159.187 - - [03/Mar/2016:13:14:56 -0300] "GET /cormun/static/Shared/jquery/jquery-1.4.2.min.js HTTP/1.1" 304 -
186.103.159.187 - - [03/Mar/2016:13:14:56 -0300] "GET /cormun/static/Shared/jquery/jquery-1.10.2.min.js HTTP/1.1" 304 -
191.112.78.213 - - [03/Mar/2016:13:14:56 -0300] "GET /cormun/servlet/trsolicitudadjuntos?2016,471, HTTP/1.1" 200 7298
186.103.159.187 - - [03/Mar/2016:13:14:56 -0300] "GET /cormun/static/SmoothNavMenu/resources/ddsmoothmenu.js HTTP/1.1" 304 -
186.103.159.187 - - [03/Mar/2016:13:14:56 -0300] "GET /cormun/static/SmoothNavMenu/resources/SmoothNavMenuRender.js HTTP/1.1" 304 -
186.103.159.187 - - [03/Mar/2016:13:14:56 -0300] "GET /cormun/static/scaMessage/scaMessageRender.js HTTP/1.1" 304 -
186.103.159.187 - - [03/Mar/2016:13:14:56 -0300] "GET /cormun/static/hmpwkw03.js?2016311993330 HTTP/1.1" 304 -
186.103.159.187 - - [03/Mar/2016:13:14:56 -0300] "GET /cormun/static/scaMessage/js/jquery.pnotify.min.js HTTP/1.1" 304 -
186.103.159.187 - - [03/Mar/2016:13:14:56 -0300] "GET /cormun/static/Resources/PXToolsFooterBackground2.png HTTP/1.1" 304 -
186.103.159.187 - - [03/Mar/2016:13:14:56 -0300] "GET /cormun/static/Resources/PXToolsHeaderActionsBackground.png HTTP/1.1" 304 -
186.103.159.187 - - [03/Mar/2016:13:14:56 -0300] "GET /cormun/static/Resources/PXToolsHeaderActionsLeft.png HTTP/1.1" 304 -
186.103.159.187 - - [03/Mar/2016:13:14:56 -0300] "GET /cormun/static/Resources/PXToolsHeaderSecurity.png HTTP/1.1" 304 -
186.103.159.187 - - [03/Mar/2016:13:14:56 -0300] "GET /cormun/static/Resources/PXToolsHeaderPreferences.png HTTP/1.1" 304 -
186.103.159.187 - - [03/Mar/2016:13:14:56 -0300] "GET /cormun/static/Resources/PXToolsHeaderLogin.png HTTP/1.1" 304 -
186.103.159.187 - - [03/Mar/2016:13:14:56 -0300] "GET /cormun/static/Resources/PXToolsHeaderActionsRight.png HTTP/1.1" 304 -
186.103.159.187 - - [03/Mar/2016:13:14:56 -0300] "GET /cormun/static/Resources/PXToolsGridNew.png HTTP/1.1" 304 -
186.103.159.187 - - [03/Mar/2016:13:14:56 -0300] "GET /cormun/static/Resources/PXToolsHeaderHome.png HTTP/1.1" 304 -
186.103.159.187 - - [03/Mar/2016:13:14:56 -0300] "GET /cormun/static/Resources/PXToolsActionExcel.png HTTP/1.1" 304 -
186.103.159.187 - - [03/Mar/2016:13:14:56 -0300] "GET /cormun/static/Resources/PXToolsGridPrevious.gif HTTP/1.1" 304 -
186.103.159.187 - - [03/Mar/2016:13:14:56 -0300] "GET /cormun/static/Resources/PXToolsGridFirst.gif HTTP/1.1" 304 -
186.103.159.187 - - [03/Mar/2016:13:14:56 -0300] "GET /cormun/static/Resources/PXToolsGridNext.gif HTTP/1.1" 304 -
186.103.159.187 - - [03/Mar/2016:13:14:56 -0300] "GET /cormun/static/Resources/PXToolsGridLast.gif HTTP/1.1" 304 -
186.103.159.187 - - [03/Mar/2016:13:14:56 -0300] "GET /cormun//static/Resources/PXToolsActionView.png HTTP/1.1" 304 -
186.103.159.187 - - [03/Mar/2016:13:14:56 -0300] "GET /cormun//static/Resources/PXToolsGridUpdate.png HTTP/1.1" 304 -
186.103.159.187 - - [03/Mar/2016:13:14:56 -0300] "GET /cormun//static/Resources/PXToolsGridDelete.png HTTP/1.1" 304 -
186.103.159.187 - - [03/Mar/2016:13:14:56 -0300] "GET /cormun//static/Resources/PXToolsRemoveAllAction.png HTTP/1.1" 304 -
186.103.159.187 - - [03/Mar/2016:13:14:56 -0300] "GET /cormun/servlet/trsolicitudot? HTTP/1.1" 200 10514
186.103.159.187 - - [03/Mar/2016:13:14:56 -0300] "GET /cormun//static/Resources/PXTools/ActionInsert.png HTTP/1.1" 304 -
186.103.159.187 - - [03/Mar/2016:13:14:56 -0300] "GET /cormun/static/Resources/PXToolsDataSearch.png HTTP/1.1" 304 -
186.103.159.187 - - [03/Mar/2016:13:14:56 -0300] "GET /cormun/static/Resources/logo4.png HTTP/1.1" 304 -
186.103.159.187 - - [03/Mar/2016:13:14:56 -0300] "GET /cormun/static/SmoothNavMenu/resources/images/down.gif HTTP/1.1" 304 -
186.103.159.187 - - [03/Mar/2016:13:14:56 -0300] "GET /cormun/static/Resources/desc.gif HTTP/1.1" 304 -
186.103.159.187 - - [03/Mar/2016:13:14:56 -0300] "GET /cormun/static/Resources/asc.gif HTTP/1.1" 304 -
186.103.159.187 - - [03/Mar/2016:13:14:56 -0300] "GET /cormun/static/Resources/indicator.gif HTTP/1.1" 304 -
186.103.159.187 - - [03/Mar/2016:13:14:56 -0300] "GET /cormun/static/Resources/PXTools/calendar.png HTTP/1.1" 304 -
186.103.159.187 - - [03/Mar/2016:13:14:57 -0300] "GET /favicon.ico HTTP/1.1" 200 21630
191.112.78.213 - - [03/Mar/2016:13:14:58 -0300] "GET /cormun/servlet/solicitudotadjuntos?INS,2016,471,,1, HTTP/1.1" 200 5473
191.112.78.213 - - [03/Mar/2016:13:14:59 -0300] "GET /cormun/static/about:blank HTTP/1.1" 404 1011
186.103.159.187 - - [03/Mar/2016:13:14:59 -0300] "POST /cormun/servlet/trsolicitudot?9be39763b9134eb3cc35f0a4bdb37c67,,gx-no-cache=1457025463077 HTTP/1.1" 200 7967
186.103.159.187 - - [03/Mar/2016:13:14:59 -0300] "POST /cormun/servlet/trsolicitudot?9be39763b9134eb3cc35f0a4bdb37c67,,gx-no-cache=1457025463410 HTTP/1.1" 200 7967
186.103.159.187 - - [03/Mar/2016:13:15:00 -0300] "POST /cormun/servlet/trsolicitudot?9be39763b9134eb3cc35f0a4bdb37c67,,gx-no-cache=1457025463762 HTTP/1.1" 200 7967
186.103.159.187 - - [03/Mar/2016:13:15:00 -0300] "POST /cormun/servlet/trsolicitudot?9be39763b9134eb3cc35f0a4bdb37c67,,gx-no-cache=1457025464094 HTTP/1.1" 200 7967
191.112.78.213 - - [03/Mar/2016:13:15:00 -0300] "GET /cormun/servlet/solicitudotadjuntos?INS,2016,471,,1, HTTP/1.1" 200 5467
186.103.159.187 - - [03/Mar/2016:13:15:01 -0300] "POST /cormun/servlet/trsolicitudot?9be39763b9134eb3cc35f0a4bdb37c67,,gx-no-cache=1457025464510 HTTP/1.1" 200 7967
186.103.159.187 - - [03/Mar/2016:13:15:01 -0300] "POST /cormun/servlet/trsolicitudot?9be39763b9134eb3cc35f0a4bdb37c67,,gx-no-cache=1457025464862 HTTP/1.1" 200 7967
191.112.78.213 - - [03/Mar/2016:13:15:01 -0300] "GET /cormun/servlet/solicitudotadjuntos?5dc64e72aa6460987ed563b8bb772a1e310be7ffc804272f6a591876a8c326eecc79a545b9cadcb53d627544da7dec2e,gx-no-cache=1457021726708 HTTP/1.1" 200 30
191.112.78.213 - - [03/Mar/2016:13:15:01 -0300] "POST /cormun/servlet/solicitudotadjuntos?78a791391b8286a9b26165191b25347f,INS,2016,471,,1,,gx-no-cache=1457021726860 HTTP/1.1" 200 3375
186.103.159.187 - - [03/Mar/2016:13:15:01 -0300] "POST /cormun/servlet/trsolicitudot?9be39763b9134eb3cc35f0a4bdb37c67,,gx-no-cache=1457025465278 HTTP/1.1" 200 7967
186.103.159.187 - - [03/Mar/2016:13:15:02 -0300] "POST /cormun/servlet/trsolicitudot?9be39763b9134eb3cc35f0a4bdb37c67,,gx-no-cache=1457025465685 HTTP/1.1" 200 7947
191.112.78.213 - - [03/Mar/2016:13:15:05 -0300] "POST /cormun/servlet/solicitudotadjuntos?gx-no-cache=1457021730691 HTTP/1.1" 200 26
186.103.159.187 - - [03/Mar/2016:13:15:08 -0300] "POST /cormun/servlet/trsolicitudot?9be39763b9134eb3cc35f0a4bdb37c67,,gx-no-cache=1457025472173 HTTP/1.1" 200 7967
186.103.159.187 - - [03/Mar/2016:13:15:09 -0300] "POST /cormun/servlet/trsolicitudot?9be39763b9134eb3cc35f0a4bdb37c67,,gx-no-cache=1457025472612 HTTP/1.1" 200 7966
186.103.159.187 - - [03/Mar/2016:13:15:09 -0300] "POST /cormun/servlet/trsolicitudot?9be39763b9134eb3cc35f0a4bdb37c67,,gx-no-cache=1457025473072 HTTP/1.1" 200 7967
186.103.159.187 - - [03/Mar/2016:13:15:10 -0300] "POST /cormun/servlet/trsolicitudot?9be39763b9134eb3cc35f0a4bdb37c67,,gx-no-cache=1457025473537 HTTP/1.1" 200 7967
186.103.159.187 - - [03/Mar/2016:13:15:10 -0300] "POST /cormun/servlet/trsolicitudot?9be39763b9134eb3cc35f0a4bdb37c67,,gx-no-cache=1457025474076 HTTP/1.1" 200 7967
186.103.159.187 - - [03/Mar/2016:13:15:11 -0300] "POST /cormun/servlet/trsolicitudot?9be39763b9134eb3cc35f0a4bdb37c67,,gx-no-cache=1457025474582 HTTP/1.1" 200 7967
186.103.159.187 - - [03/Mar/2016:13:15:11 -0300] "POST /cormun/servlet/trsolicitudot?9be39763b9134eb3cc35f0a4bdb37c67,,gx-no-cache=1457025475224 HTTP/1.1" 200 7967
186.103.159.187 - - [03/Mar/2016:13:15:12 -0300] "POST /cormun/servlet/trsolicitudot?9be39763b9134eb3cc35f0a4bdb37c67,,gx-no-cache=1457025475742 HTTP/1.1" 200 7967
186.103.159.187 - - [03/Mar/2016:13:15:12 -0300] "POST /cormun/servlet/trsolicitudot?9be39763b9134eb3cc35f0a4bdb37c67,,gx-no-cache=1457025476277 HTTP/1.1" 200 7967
186.103.159.187 - - [03/Mar/2016:13:15:13 -0300] "POST /cormun/servlet/trsolicitudot?9be39763b9134eb3cc35f0a4bdb37c67,,gx-no-cache=1457025476818 HTTP/1.1" 200 7966
186.103.159.187 - - [03/Mar/2016:13:15:13 -0300] "POST /cormun/servlet/trsolicitudot?9be39763b9134eb3cc35f0a4bdb37c67,,gx-no-cache=1457025477417 HTTP/1.1" 200 7967
186.103.159.187 - - [03/Mar/2016:13:15:14 -0300] "POST /cormun/servlet/trsolicitudot?9be39763b9134eb3cc35f0a4bdb37c67,,gx-no-cache=1457025478049 HTTP/1.1" 200 7966
186.103.159.187 - - [03/Mar/2016:13:15:15 -0300] "POST /cormun/servlet/trsolicitudot?9be39763b9134eb3cc35f0a4bdb37c67,,gx-no-cache=1457025478756 HTTP/1.1" 200 7967
191.112.78.213 - - [03/Mar/2016:13:15:15 -0300] "GET /cormun/servlet/solicitudotadjuntos?5dc64e72aa6460987ed563b8bb772a1eb7d76dcf35d15f6dca7db02f4044a319,gx-no-cache=1457021741110 HTTP/1.1" 200 30
191.112.78.213 - - [03/Mar/2016:13:15:15 -0300] "GET /cormun/servlet/solicitudotadjuntos?5dc64e72aa6460987ed563b8bb772a1eb7d76dcf35d15f6dca7db02f4044a319,gx-no-cache=1457021741249 HTTP/1.1" 200 30
186.103.159.187 - - [03/Mar/2016:13:15:16 -0300] "POST /cormun/servlet/trsolicitudot?9be39763b9134eb3cc35f0a4bdb37c67,,gx-no-cache=1457025479484 HTTP/1.1" 200 7967
186.103.159.187 - - [03/Mar/2016:13:15:16 -0300] "POST /cormun/servlet/trsolicitudot?9be39763b9134eb3cc35f0a4bdb37c67,,gx-no-cache=1457025480275 HTTP/1.1" 200 7947
191.112.78.213 - - [03/Mar/2016:13:15:18 -0300] "POST /cormun/servlet/solicitudotadjuntos?78a791391b8286a9b26165191b25347f,INS,2016,471,,1, HTTP/1.1" 200 116
191.112.78.213 - - [03/Mar/2016:13:15:18 -0300] "GET /cormun/servlet/hpexe_return? HTTP/1.1" 200 1029
191.112.78.213 - - [03/Mar/2016:13:15:19 -0300] "GET /cormun/servlet/trsolicitudadjuntos?2016,471, HTTP/1.1" 200 7460
191.112.78.213 - - [03/Mar/2016:13:15:21 -0300] "GET /cormun/servlet/trsolicitudadjuntos?2016,471, HTTP/1.1" 200 7458
191.112.78.213 - - [03/Mar/2016:13:15:23 -0300] "GET /cormun/servlet/solicitudotadjuntos?INS,2016,471,,1, HTTP/1.1" 200 5472
191.112.78.213 - - [03/Mar/2016:13:15:24 -0300] "GET /cormun/static/about:blank HTTP/1.1" 404 1011
191.112.78.213 - - [03/Mar/2016:13:15:25 -0300] "GET /cormun/servlet/solicitudotadjuntos?INS,2016,471,,1, HTTP/1.1" 200 5466
191.112.78.213 - - [03/Mar/2016:13:15:26 -0300] "GET /cormun/servlet/solicitudotadjuntos?5dc64e72aa6460987ed563b8bb772a1e310be7ffc804272f6a591876a8c326eecc79a545b9cadcb53d627544da7dec2e,gx-no-cache=1457021751761 HTTP/1.1" 200 30
191.112.78.213 - - [03/Mar/2016:13:15:26 -0300] "POST /cormun/servlet/solicitudotadjuntos?78a791391b8286a9b26165191b25347f,INS,2016,471,,1,,gx-no-cache=1457021751889 HTTP/1.1" 200 3374
191.112.78.213 - - [03/Mar/2016:13:15:29 -0300] "POST /cormun/servlet/solicitudotadjuntos?gx-no-cache=1457021754388 HTTP/1.1" 200 26
186.103.159.187 - - [03/Mar/2016:13:15:30 -0300] "GET /cormun/servlet/trsolicitudot? HTTP/1.1" 200 10514
186.103.159.187 - - [03/Mar/2016:13:15:31 -0300] "GET /cormun/servlet/trsolicitudot? HTTP/1.1" 200 10514
191.112.78.213 - - [03/Mar/2016:13:15:44 -0300] "POST /cormun/servlet/solicitudotadjuntos?gx-no-cache=1457021769470 HTTP/1.1" 200 26
191.112.78.213 - - [03/Mar/2016:13:15:50 -0300] "GET /cormun/servlet/solicitudotadjuntos?5dc64e72aa6460987ed563b8bb772a1eb7d76dcf35d15f6dca7db02f4044a319,gx-no-cache=1457021776186 HTTP/1.1" 200 30
191.112.78.213 - - [03/Mar/2016:13:15:51 -0300] "GET /cormun/servlet/solicitudotadjuntos?5dc64e72aa6460987ed563b8bb772a1eb7d76dcf35d15f6dca7db02f4044a319,gx-no-cache=1457021776285 HTTP/1.1" 200 30
191.112.78.213 - - [03/Mar/2016:13:15:52 -0300] "POST /cormun/servlet/solicitudotadjuntos?78a791391b8286a9b26165191b25347f,INS,2016,471,,1, HTTP/1.1" 200 116
191.112.78.213 - - [03/Mar/2016:13:15:52 -0300] "GET /cormun/servlet/hpexe_return? HTTP/1.1" 200 1029
191.112.78.213 - - [03/Mar/2016:13:15:53 -0300] "GET /cormun/servlet/trsolicitudadjuntos?2016,471, HTTP/1.1" 200 7619
191.112.78.213 - - [03/Mar/2016:13:15:55 -0300] "GET /cormun/servlet/trsolicitudadjuntos?2016,471, HTTP/1.1" 200 7615
191.112.78.213 - - [03/Mar/2016:13:15:58 -0300] "GET /cormun/servlet/solicitudotadjuntos?INS,2016,471,,1, HTTP/1.1" 200 5472
191.112.78.213 - - [03/Mar/2016:13:15:59 -0300] "GET /cormun/static/about:blank HTTP/1.1" 404 1011
191.112.78.213 - - [03/Mar/2016:13:16:00 -0300] "GET /cormun/servlet/solicitudotadjuntos?INS,2016,471,,1, HTTP/1.1" 200 5466
191.112.78.213 - - [03/Mar/2016:13:16:01 -0300] "GET /cormun/servlet/solicitudotadjuntos?5dc64e72aa6460987ed563b8bb772a1e310be7ffc804272f6a591876a8c326eecc79a545b9cadcb53d627544da7dec2e,gx-no-cache=1457021786520 HTTP/1.1" 200 30
191.112.78.213 - - [03/Mar/2016:13:16:01 -0300] "POST /cormun/servlet/solicitudotadjuntos?78a791391b8286a9b26165191b25347f,INS,2016,471,,1,,gx-no-cache=1457021786696 HTTP/1.1" 200 3374
191.112.78.213 - - [03/Mar/2016:13:16:06 -0300] "POST /cormun/servlet/solicitudotadjuntos?gx-no-cache=1457021791405 HTTP/1.1" 200 26
191.112.78.213 - - [03/Mar/2016:13:16:09 -0300] "GET /cormun/servlet/solicitudotadjuntos?5dc64e72aa6460987ed563b8bb772a1eb7d76dcf35d15f6dca7db02f4044a319,gx-no-cache=1457021794763 HTTP/1.1" 200 30
191.112.78.213 - - [03/Mar/2016:13:16:09 -0300] "GET /cormun/servlet/solicitudotadjuntos?5dc64e72aa6460987ed563b8bb772a1eb7d76dcf35d15f6dca7db02f4044a319,gx-no-cache=1457021794848 HTTP/1.1" 200 30
191.112.78.213 - - [03/Mar/2016:13:16:11 -0300] "POST /cormun/servlet/solicitudotadjuntos?78a791391b8286a9b26165191b25347f,INS,2016,471,,1, HTTP/1.1" 200 116
191.112.78.213 - - [03/Mar/2016:13:16:11 -0300] "GET /cormun/servlet/hpexe_return? HTTP/1.1" 200 1029
191.112.78.213 - - [03/Mar/2016:13:16:12 -0300] "GET /cormun/servlet/trsolicitudadjuntos?2016,471, HTTP/1.1" 200 7758
191.112.78.213 - - [03/Mar/2016:13:16:14 -0300] "GET /cormun/servlet/trsolicitudadjuntos?2016,471, HTTP/1.1" 200 7755
191.112.78.213 - - [03/Mar/2016:13:16:17 -0300] "GET /cormun/servlet/solicitudotadjuntos?INS,2016,471,,1, HTTP/1.1" 200 5474
191.112.78.213 - - [03/Mar/2016:13:16:18 -0300] "GET /cormun/static/about:blank HTTP/1.1" 404 1011
191.112.78.213 - - [03/Mar/2016:13:16:19 -0300] "GET /cormun/servlet/solicitudotadjuntos?INS,2016,471,,1, HTTP/1.1" 200 5468
191.112.78.213 - - [03/Mar/2016:13:16:20 -0300] "GET /cormun/servlet/solicitudotadjuntos?5dc64e72aa6460987ed563b8bb772a1e310be7ffc804272f6a591876a8c326eecc79a545b9cadcb53d627544da7dec2e,gx-no-cache=1457021805687 HTTP/1.1" 200 30
191.112.78.213 - - [03/Mar/2016:13:16:20 -0300] "POST /cormun/servlet/solicitudotadjuntos?78a791391b8286a9b26165191b25347f,INS,2016,471,,1,,gx-no-cache=1457021805815 HTTP/1.1" 200 3375
191.112.78.213 - - [03/Mar/2016:13:16:23 -0300] "POST /cormun/servlet/solicitudotadjuntos?gx-no-cache=1457021808895 HTTP/1.1" 200 26
191.112.78.213 - - [03/Mar/2016:13:16:29 -0300] "GET /cormun/servlet/solicitudotadjuntos?5dc64e72aa6460987ed563b8bb772a1eb7d76dcf35d15f6dca7db02f4044a319,gx-no-cache=1457021814748 HTTP/1.1" 200 30
191.112.78.213 - - [03/Mar/2016:13:16:29 -0300] "GET /cormun/servlet/solicitudotadjuntos?5dc64e72aa6460987ed563b8bb772a1eb7d76dcf35d15f6dca7db02f4044a319,gx-no-cache=1457021814878 HTTP/1.1" 200 30
191.112.78.213 - - [03/Mar/2016:13:16:31 -0300] "POST /cormun/servlet/solicitudotadjuntos?78a791391b8286a9b26165191b25347f,INS,2016,471,,1, HTTP/1.1" 200 116
191.112.78.213 - - [03/Mar/2016:13:16:31 -0300] "GET /cormun/servlet/hpexe_return? HTTP/1.1" 200 1029
191.112.78.213 - - [03/Mar/2016:13:16:32 -0300] "GET /cormun/servlet/trsolicitudadjuntos?2016,471, HTTP/1.1" 200 7884
191.112.78.213 - - [03/Mar/2016:13:16:34 -0300] "GET /cormun/servlet/trsolicitudadjuntos?2016,471, HTTP/1.1" 200 7884
191.112.78.213 - - [03/Mar/2016:13:16:37 -0300] "GET /cormun/servlet/solicitudotadjuntos?INS,2016,471,,1, HTTP/1.1" 200 5474
