186.78.45.190 - - [03/Mar/2016:12:34:42 -0300] "GET /cormun/servlet/trvisualizadoreventos?1532f0c65ed46dc4c6d99b8c16347d82d368a24069e7c5e7fca410c83e0c5bdba0789034bb610b4d33f57e55c4d947619aeb2b275e0e4d9462fe40b49a57d4798eeba8774eb4cda760d88dfcfcee30c492b2c5744fc79228e9f5c07f28de9d2ab2cdb77c12f4a29df248dba0d4e29500515372fce30889d4339c7942195c23e213cc6000f64546ab56a323481b91190d9ff0f70e75b8e139fb8088dde1f259c2718741aef8bcf7b925819e639cf7add43627a5c8d358ee6608450ee816e53cb8,gx-no-cache=1457019309395 HTTP/1.1" 200 562
186.78.45.190 - - [03/Mar/2016:12:34:45 -0300] "GET /cormun/servlet/trvisualizadoreventos?1532f0c65ed46dc4c6d99b8c16347d82d368a24069e7c5e7fca410c83e0c5bdba0789034bb610b4d33f57e55c4d947619aeb2b275e0e4d9462fe40b49a57d4798eeba8774eb4cda760d88dfcfcee30c492b2c5744fc79228e9f5c07f28de9d2ab2cdb77c12f4a29df248dba0d4e29500515372fce30889d4339c7942195c23e213cc6000f64546ab56a323481b91190d9ff0f70e75b8e139fb8088dde1f259c2a2330de89e1f8d36fced97095bd934d5e98448e7124e697826ab373db541dad7,gx-no-cache=1457019312611 HTTP/1.1" 200 567
186.78.45.190 - - [03/Mar/2016:12:34:46 -0300] "GET /cormun/servlet/trvisualizadoreventos?1532f0c65ed46dc4c6d99b8c16347d82d368a24069e7c5e7fca410c83e0c5bdba0789034bb610b4d33f57e55c4d947619aeb2b275e0e4d9462fe40b49a57d4798eeba8774eb4cda760d88dfcfcee30c492b2c5744fc79228e9f5c07f28de9d2ab2cdb77c12f4a29df248dba0d4e29500515372fce30889d4339c7942195c23e213cc6000f64546ab56a323481b91190d9ff0f70e75b8e139fb8088dde1f259c230b147dc3a1a88c92ca4e67c28fa9c71e98448e7124e697826ab373db541dad7,gx-no-cache=1457019313277 HTTP/1.1" 200 566
191.112.17.11 - - [03/Mar/2016:12:34:56 -0300] "GET /cormun/servlet/veautorizarsolicitud?2016,504,, HTTP/1.1" 200 7546
191.112.17.11 - - [03/Mar/2016:12:34:56 -0300] "GET /cormun/pexe_scrolldiv.js HTTP/1.1" 404 1009
191.112.17.11 - - [03/Mar/2016:12:34:56 -0300] "GET /cormun/servlet/veautorizarsolicitud?2016,504,, HTTP/1.1" 200 7546
186.78.45.190 - - [03/Mar/2016:12:35:02 -0300] "GET /cormun/servlet/trvisualizadoreventos?1532f0c65ed46dc4c6d99b8c16347d820e26e6210c557ef8554c4f8406682da9c2247495569b7e0928b653dae4c11448b41520268bc49cd62dd71f8a8aafd65876bef761c582d748fbb136e80f6d020e8c328b01c4ecfc8a36414601c1f6a86a1d67d8375482879feb8a7ef04efaa5bc4a5e5fea0f8719cda2cbeefbc7460554e8a831b0f48026064fb4a0fdd2e2a6e4f0bbf12280086f5bda242f7c49257896ffdac9a06da15c59881817e7385b0977c5f749fa5dcae4baaf08125cc864938a,gx-no-cache=1457019328910 HTTP/1.1" 200 567
186.78.45.190 - - [03/Mar/2016:12:35:02 -0300] "POST /cormun/servlet/trvisualizadoreventos?bbe20fa7627856f01390cbeeedc8c8ed,,gx-no-cache=1457019329273 HTTP/1.1" 200 3268
186.78.45.190 - - [03/Mar/2016:12:35:03 -0300] "POST /cormun/servlet/trvisualizadoreventos?bbe20fa7627856f01390cbeeedc8c8ed,,gx-no-cache=1457019329802 HTTP/1.1" 200 3268
186.78.45.190 - - [03/Mar/2016:12:35:07 -0300] "POST /cormun/servlet/trvisualizadoreventos?bbe20fa7627856f01390cbeeedc8c8ed,,gx-no-cache=1457019333770 HTTP/1.1" 200 3268
186.78.45.190 - - [03/Mar/2016:12:35:07 -0300] "POST /cormun/servlet/trvisualizadoreventos?bbe20fa7627856f01390cbeeedc8c8ed,,gx-no-cache=1457019334349 HTTP/1.1" 200 3268
186.78.45.190 - - [03/Mar/2016:12:35:15 -0300] "GET /cormun/servlet/trsolicitudot? HTTP/1.1" 200 6221
186.78.45.190 - - [03/Mar/2016:12:35:15 -0300] "GET /cormun/static/gxcfg.js?201631185636 HTTP/1.1" 200 953
186.78.45.190 - - [03/Mar/2016:12:35:15 -0300] "GET /cormun/static/Resources/PXToolsGridNew.png HTTP/1.1" 200 2949
186.78.45.190 - - [03/Mar/2016:12:35:15 -0300] "GET /cormun/static/Resources/Spanish/PXTools.css?18502099 HTTP/1.1" 200 89042
186.78.45.190 - - [03/Mar/2016:12:35:16 -0300] "GET /cormun/static/trsolicitudot.js?2016311856838 HTTP/1.1" 200 45326
186.78.45.190 - - [03/Mar/2016:12:35:20 -0300] "POST /cormun/servlet/trsolicitudot?bbe20fa7627856f01390cbeeedc8c8ed,,gx-no-cache=1457019347250 HTTP/1.1" 200 3506
186.78.45.190 - - [03/Mar/2016:12:35:21 -0300] "POST /cormun/servlet/trsolicitudot?bbe20fa7627856f01390cbeeedc8c8ed,,gx-no-cache=1457019347637 HTTP/1.1" 200 3506
186.78.45.190 - - [03/Mar/2016:12:35:21 -0300] "POST /cormun/servlet/trsolicitudot?bbe20fa7627856f01390cbeeedc8c8ed,,gx-no-cache=1457019348063 HTTP/1.1" 200 3506
186.78.45.190 - - [03/Mar/2016:12:35:22 -0300] "POST /cormun/servlet/trsolicitudot?bbe20fa7627856f01390cbeeedc8c8ed,,gx-no-cache=1457019348523 HTTP/1.1" 200 3507
186.78.45.190 - - [03/Mar/2016:12:35:31 -0300] "GET /cormun/servlet/trsolicitudot?1532f0c65ed46dc4c6d99b8c16347d82252be182cca4862eadb395ca411d0670f5a6b698532c83cc869b6744d80b8ef7193f978a6a4bc47afa2d3e5006875d92e74dd9bfbcce58813a10b0a3f726389b,gx-no-cache=1457019358205 HTTP/1.1" 200 759
186.78.45.190 - - [03/Mar/2016:12:35:32 -0300] "GET /cormun/servlet/trsolicitudot?1532f0c65ed46dc4c6d99b8c16347d828c8735aae228b21030af1bbdcfbb800883f03e2eb76d6355c50e73abe6b7ccb8a6d42ebdf6c531202a536666aa469176dc213f219df094badb1702b9d76abaa3,gx-no-cache=1457019358904 HTTP/1.1" 200 759
186.78.45.190 - - [03/Mar/2016:12:35:33 -0300] "GET /cormun/servlet/trsolicitudot?1532f0c65ed46dc4c6d99b8c16347d82db5ebec79b8d2699a892de04cf59fc42a609bccbbbf2c322e4a017d2962d718531d26fb07ad23cb8527b5ab212f59e79f3668ebb839c53dd8a96810c8f57bd5365d5295fadf38128018c8ac2cd2ad5e7,gx-no-cache=1457019360088 HTTP/1.1" 200 759
186.78.45.190 - - [03/Mar/2016:12:35:34 -0300] "GET /cormun/servlet/trsolicitudot?1532f0c65ed46dc4c6d99b8c16347d822d21d107d8f82f8dd0235f73964c0c0953de2ec06d86b2586f4a74194563b342ac6549a0468773940a11e8134b97e26b93bf9f334d4ab90503b470a7a720212985ee0e287b4b9c767ecdaeda86d7a8cb,gx-no-cache=1457019361205 HTTP/1.1" 200 759
191.112.17.11 - - [03/Mar/2016:12:35:34 -0300] "GET /cormun/servlet/veautorizarsolicitud?2016,504,,SolicitudOTAdjuntos HTTP/1.1" 200 6434
191.112.17.11 - - [03/Mar/2016:12:35:34 -0300] "GET /cormun/pexe_scrolldiv.js HTTP/1.1" 404 1009
191.112.17.11 - - [03/Mar/2016:12:35:34 -0300] "GET /cormun/static/tbautorizarsolicitud02.js?20163117313928 HTTP/1.1" 200 13822
191.112.17.11 - - [03/Mar/2016:12:35:35 -0300] "GET /cormun/static/gxui/gxui-all.css HTTP/1.1" 200 2179
191.112.17.11 - - [03/Mar/2016:12:35:35 -0300] "GET /cormun/static/Resources/PXToolsTabFirstUnselected.png HTTP/1.1" 200 1264
191.112.17.11 - - [03/Mar/2016:12:35:35 -0300] "GET /cormun/static/Resources/PXToolsTabUnselectedSelected.png HTTP/1.1" 200 1444
191.112.17.11 - - [03/Mar/2016:12:35:35 -0300] "GET /cormun/servlet/veautorizarsolicitud?2016,504,,SolicitudOTAdjuntos HTTP/1.1" 200 6434
186.78.45.190 - - [03/Mar/2016:12:35:35 -0300] "GET /cormun/servlet/trsolicitudot?1532f0c65ed46dc4c6d99b8c16347d822d21d107d8f82f8dd0235f73964c0c0929968e2fa19fe9a16cd88d4a81927256ce39ea0ec6aa4e7ef9e882e102c49af62e098429d0dbc5ea60d72a5fec7affddb8fb6cfac4d76ffd21687b02f34294f4,gx-no-cache=1457019362020 HTTP/1.1" 200 759
191.112.17.11 - - [03/Mar/2016:12:35:36 -0300] "GET /cormun/static/Shared/ext/resources/css/ext-all.css HTTP/1.1" 200 416045
191.112.17.11 - - [03/Mar/2016:12:35:36 -0300] "POST /cormun/servlet/acontrolpreferencessavestate?None,EVALENZUELA,true HTTP/1.1" 200 35
186.78.45.190 - - [03/Mar/2016:12:35:49 -0300] "POST /cormun/servlet/trsolicitudot?bbe20fa7627856f01390cbeeedc8c8ed,,gx-no-cache=1457019375686 HTTP/1.1" 200 3517
186.78.45.190 - - [03/Mar/2016:12:35:50 -0300] "GET /cormun/servlet/trsolicitudot?1532f0c65ed46dc4c6d99b8c16347d822d21d107d8f82f8dd0235f73964c0c090023c0eea72284861c73d392427804ee7e8be235a1fa19293fae26bd90255d8efdab660f9e6b2a77c2735dcb046902b5e946b19fa068ecdcd374c75b58c701d3,gx-no-cache=1457019377049 HTTP/1.1" 200 765
186.78.45.190 - - [03/Mar/2016:12:35:51 -0300] "GET /cormun/servlet/trsolicitudot?1532f0c65ed46dc4c6d99b8c16347d822d21d107d8f82f8dd0235f73964c0c0966bb01833b8bf7ba6bf54331ab0bed70baac9b1d104cf88385739a8e69bd70fa94df0c7601a4588df5506414ca79f71b099bed4b0a874d6f9060170c89e34f0d,gx-no-cache=1457019378415 HTTP/1.1" 200 765
186.78.45.190 - - [03/Mar/2016:12:35:52 -0300] "GET /cormun/servlet/trsolicitudot?1532f0c65ed46dc4c6d99b8c16347d822d21d107d8f82f8dd0235f73964c0c09e9ddefd5d15c96e38408023740147711d73d383026c342b58d8d9dd2bb9d7010b3fc2467ff4a915421c84fa5e28461fae77d849a754de6adc31e2e5a59b44298,gx-no-cache=1457019379337 HTTP/1.1" 200 765
186.78.45.190 - - [03/Mar/2016:12:35:55 -0300] "POST /cormun/servlet/trsolicitudot?bbe20fa7627856f01390cbeeedc8c8ed,,gx-no-cache=1457019381933 HTTP/1.1" 200 3523
191.112.17.11 - - [03/Mar/2016:12:35:55 -0300] "GET /cormun/servlet/trautorizarsolicitud? HTTP/1.1" 200 8006
191.112.17.11 - - [03/Mar/2016:12:35:56 -0300] "GET /cormun/servlet/trautorizarsolicitud? HTTP/1.1" 200 8001
186.78.45.190 - - [03/Mar/2016:12:35:56 -0300] "POST /cormun/servlet/trsolicitudot?bbe20fa7627856f01390cbeeedc8c8ed,,gx-no-cache=1457019382723 HTTP/1.1" 200 3524
186.78.45.190 - - [03/Mar/2016:12:35:57 -0300] "POST /cormun/servlet/trsolicitudot?bbe20fa7627856f01390cbeeedc8c8ed,,gx-no-cache=1457019383512 HTTP/1.1" 200 3524
186.78.45.190 - - [03/Mar/2016:12:35:57 -0300] "POST /cormun/servlet/trsolicitudot?bbe20fa7627856f01390cbeeedc8c8ed,,gx-no-cache=1457019384348 HTTP/1.1" 200 3524
186.78.57.210 - - [03/Mar/2016:12:36:01 -0300] "GET /cormun/servlet/solicitudot?6e39a9a0d1bc265ceaef7678f52d3ee782b6fa2aade900fcd46e81df97ccf2ef708d1eeafbe48b8d9b12ee627ed8867bb12cefeb85c121336ca26571b1a11a8f197898cd665fb4dd4f0ec214789a202e413ab53818e1945ccb9fdfecf59007d3a6b030301367140c9ef7cf5dec91b7752802bcc69b37011aed529050ffe7687e556976f1633dfeb6dd8dbd24b114b7fc8c94c031966bb4feb62720c34cd051a8587be19ec5aba2b1734a330d04442ecc,gx-no-cache=1457019421014 HTTP/1.1" 200 30
186.78.57.210 - - [03/Mar/2016:12:36:02 -0300] "POST /cormun/servlet/solicitudot?47b2748899f65881853b1d07e208b3a8,INS,0,0,,gx-no-cache=1457019421233 HTTP/1.1" 200 93
186.78.57.210 - - [03/Mar/2016:12:36:02 -0300] "GET /cormun/servlet/hpexe_return? HTTP/1.1" 200 1008
186.78.57.210 - - [03/Mar/2016:12:36:02 -0300] "GET /cormun/static/Resources/Spanish/PXTools.css?12112540 HTTP/1.1" 304 -
186.78.57.210 - - [03/Mar/2016:12:36:02 -0300] "GET /cormun/static/gxcfg.js?2015111312145050 HTTP/1.1" 304 -
186.78.57.210 - - [03/Mar/2016:12:36:02 -0300] "GET /cormun/static/hpexe_return.js?2015111312145056 HTTP/1.1" 304 -
186.78.57.210 - - [03/Mar/2016:12:36:02 -0300] "GET /cormun/servlet/trsolicitudot? HTTP/1.1" 200 7847
191.112.17.11 - - [03/Mar/2016:12:36:02 -0300] "POST /cormun/servlet/trautorizarsolicitud?5619316feb5e38edb3968644c42d6612,,gx-no-cache=1457019386701 HTTP/1.1" 200 5501
186.78.57.210 - - [03/Mar/2016:12:36:03 -0300] "GET /cormun/servlet/trsolicitudot? HTTP/1.1" 200 7843
191.112.17.11 - - [03/Mar/2016:12:36:03 -0300] "POST /cormun/servlet/trautorizarsolicitud?5619316feb5e38edb3968644c42d6612,,gx-no-cache=1457019387120 HTTP/1.1" 200 5501
191.112.17.11 - - [03/Mar/2016:12:36:03 -0300] "POST /cormun/servlet/trautorizarsolicitud?5619316feb5e38edb3968644c42d6612,,gx-no-cache=1457019387554 HTTP/1.1" 200 5501
191.112.17.11 - - [03/Mar/2016:12:36:04 -0300] "POST /cormun/servlet/trautorizarsolicitud?5619316feb5e38edb3968644c42d6612,,gx-no-cache=1457019387989 HTTP/1.1" 200 5501
191.112.17.11 - - [03/Mar/2016:12:36:04 -0300] "POST /cormun/servlet/trautorizarsolicitud?5619316feb5e38edb3968644c42d6612,,gx-no-cache=1457019388459 HTTP/1.1" 200 5501
191.112.17.11 - - [03/Mar/2016:12:36:04 -0300] "POST /cormun/servlet/trautorizarsolicitud?5619316feb5e38edb3968644c42d6612,,gx-no-cache=1457019388899 HTTP/1.1" 200 5501
191.112.17.11 - - [03/Mar/2016:12:36:05 -0300] "POST /cormun/servlet/trautorizarsolicitud?5619316feb5e38edb3968644c42d6612,,gx-no-cache=1457019389344 HTTP/1.1" 200 5502
191.112.17.11 - - [03/Mar/2016:12:36:05 -0300] "POST /cormun/servlet/trautorizarsolicitud?5619316feb5e38edb3968644c42d6612,,gx-no-cache=1457019389804 HTTP/1.1" 200 5513
186.78.57.210 - - [03/Mar/2016:12:36:13 -0300] "POST /cormun/servlet/trsolicitudot?47b2748899f65881853b1d07e208b3a8,,gx-no-cache=1457019432659 HTTP/1.1" 200 105
186.78.57.210 - - [03/Mar/2016:12:36:13 -0300] "GET /cormun/servlet/trsolicitudadjuntos?2016,505, HTTP/1.1" 200 5369
186.78.57.210 - - [03/Mar/2016:12:36:13 -0300] "GET /cormun/servlet/trsolicitudadjuntos?2016,505, HTTP/1.1" 200 5369
191.112.17.11 - - [03/Mar/2016:12:36:18 -0300] "GET /cormun/servlet/veautorizarsolicitud?2016,504,, HTTP/1.1" 200 7559
191.112.17.11 - - [03/Mar/2016:12:36:18 -0300] "GET /cormun/pexe_scrolldiv.js HTTP/1.1" 404 1009
191.112.17.11 - - [03/Mar/2016:12:36:18 -0300] "GET /cormun/servlet/veautorizarsolicitud?2016,504,, HTTP/1.1" 200 7558
191.112.17.11 - - [03/Mar/2016:12:36:20 -0300] "GET /cormun/servlet/veautorizarsolicitud?2016,504,,SolicitudOTLog HTTP/1.1" 200 6425
191.112.17.11 - - [03/Mar/2016:12:36:20 -0300] "GET /cormun/pexe_scrolldiv.js HTTP/1.1" 404 1009
191.112.17.11 - - [03/Mar/2016:12:36:20 -0300] "GET /cormun/static/Resources/PXToolsTabLastSelected.png HTTP/1.1" 200 1262
191.112.17.11 - - [03/Mar/2016:12:36:20 -0300] "GET /cormun/static/tbautorizarsolicitud03.js?20163117313579 HTTP/1.1" 200 12400
191.112.17.11 - - [03/Mar/2016:12:36:21 -0300] "GET /cormun/servlet/veautorizarsolicitud?2016,504,,SolicitudOTLog HTTP/1.1" 200 6426
191.112.17.11 - - [03/Mar/2016:12:36:21 -0300] "POST /cormun/servlet/acontrolpreferencessavestate?None,EVALENZUELA,true HTTP/1.1" 200 35
186.78.57.210 - - [03/Mar/2016:12:36:22 -0300] "GET /cormun/servlet/solicitudotadjuntos?INS,2016,505,,1, HTTP/1.1" 200 5457
186.78.57.210 - - [03/Mar/2016:12:36:22 -0300] "GET /cormun/static/about:blank HTTP/1.1" 404 1011
186.78.57.210 - - [03/Mar/2016:12:36:22 -0300] "GET /cormun/servlet/solicitudotadjuntos?INS,2016,505,,1, HTTP/1.1" 200 5451
186.78.57.210 - - [03/Mar/2016:12:36:23 -0300] "GET /cormun/servlet/solicitudotadjuntos?6e39a9a0d1bc265ceaef7678f52d3ee7f5b24a2b0506cde5bb0fe16f4909955ccd8106e10bf6fb6bfa35e7d152094c1e,gx-no-cache=1457019442565 HTTP/1.1" 200 30
186.78.57.210 - - [03/Mar/2016:12:36:23 -0300] "POST /cormun/servlet/solicitudotadjuntos?47b2748899f65881853b1d07e208b3a8,INS,2016,505,,1,,gx-no-cache=1457019442680 HTTP/1.1" 200 3325
191.112.17.11 - - [03/Mar/2016:12:36:24 -0300] "GET /cormun/servlet/veautorizarsolicitud?2016,504,,SolicitudOTAdjuntos HTTP/1.1" 200 6445
191.112.17.11 - - [03/Mar/2016:12:36:24 -0300] "GET /cormun/pexe_scrolldiv.js HTTP/1.1" 404 1009
191.112.17.11 - - [03/Mar/2016:12:36:24 -0300] "GET /cormun/servlet/veautorizarsolicitud?2016,504,,SolicitudOTAdjuntos HTTP/1.1" 200 6445
191.112.17.11 - - [03/Mar/2016:12:36:25 -0300] "POST /cormun/servlet/acontrolpreferencessavestate?None,EVALENZUELA,true HTTP/1.1" 200 35
186.78.57.210 - - [03/Mar/2016:12:36:26 -0300] "POST /cormun/servlet/solicitudotadjuntos?gx-no-cache=1457019446550 HTTP/1.1" 200 26
186.78.57.210 - - [03/Mar/2016:12:36:28 -0300] "GET /cormun/servlet/solicitudotadjuntos?6e39a9a0d1bc265ceaef7678f52d3ee744c7ee0f437c4b3b34d7efedc0650c67,gx-no-cache=1457019447626 HTTP/1.1" 200 30
186.78.57.210 - - [03/Mar/2016:12:36:28 -0300] "GET /cormun/servlet/solicitudotadjuntos?6e39a9a0d1bc265ceaef7678f52d3ee744c7ee0f437c4b3b34d7efedc0650c67,gx-no-cache=1457019447694 HTTP/1.1" 200 30
186.78.57.210 - - [03/Mar/2016:12:36:28 -0300] "POST /cormun/servlet/solicitudotadjuntos?47b2748899f65881853b1d07e208b3a8,INS,2016,505,,1,,gx-no-cache=1457019447761 HTTP/1.1" 200 93
186.78.57.210 - - [03/Mar/2016:12:36:28 -0300] "GET /cormun/servlet/hpexe_return? HTTP/1.1" 200 1025
186.78.57.210 - - [03/Mar/2016:12:36:28 -0300] "GET /cormun/servlet/trsolicitudadjuntos?2016,505, HTTP/1.1" 200 7138
186.78.57.210 - - [03/Mar/2016:12:36:29 -0300] "GET /cormun/servlet/trsolicitudadjuntos?2016,505, HTTP/1.1" 200 7135
186.78.57.210 - - [03/Mar/2016:12:36:31 -0300] "GET /cormun/servlet/solicitudotadjuntos?INS,2016,505,,1, HTTP/1.1" 200 5457
186.78.57.210 - - [03/Mar/2016:12:36:31 -0300] "GET /cormun/static/about:blank HTTP/1.1" 404 1011
186.78.57.210 - - [03/Mar/2016:12:36:31 -0300] "GET /cormun/servlet/solicitudotadjuntos?INS,2016,505,,1, HTTP/1.1" 200 5451
186.78.57.210 - - [03/Mar/2016:12:36:32 -0300] "GET /cormun/servlet/solicitudotadjuntos?6e39a9a0d1bc265ceaef7678f52d3ee7f5b24a2b0506cde5bb0fe16f4909955ccd8106e10bf6fb6bfa35e7d152094c1e,gx-no-cache=1457019452021 HTTP/1.1" 200 30
186.78.57.210 - - [03/Mar/2016:12:36:32 -0300] "POST /cormun/servlet/solicitudotadjuntos?47b2748899f65881853b1d07e208b3a8,INS,2016,505,,1,,gx-no-cache=1457019452128 HTTP/1.1" 200 3325
191.112.17.11 - - [03/Mar/2016:12:36:33 -0300] "GET /cormun/servlet/veautorizarsolicitud?2016,504,,General HTTP/1.1" 200 7568
186.78.45.190 - - [03/Mar/2016:12:36:33 -0300] "GET /cormun/servlet/trsolicitudot?1532f0c65ed46dc4c6d99b8c16347d826c6b5c5035a0e168ba761305a64d6bff71008a4bf3294eec73460ea1c423779fe8af084e096c5c2e476425e27425b10b5b131b16e30ee317e95cd8aed9321cb6fed341b5e021cff9b5b2ee7080867b303303102e54467cfd78c2360f3d5e9f7e,gx-no-cache=1457019420218 HTTP/1.1" 200 772
191.112.17.11 - - [03/Mar/2016:12:36:33 -0300] "GET /cormun/pexe_scrolldiv.js HTTP/1.1" 404 1009
191.112.17.11 - - [03/Mar/2016:12:36:33 -0300] "GET /cormun/servlet/veautorizarsolicitud?2016,504,,General HTTP/1.1" 200 7568
191.112.17.11 - - [03/Mar/2016:12:36:36 -0300] "POST /cormun/servlet/veautorizarsolicitud?5619316feb5e38edb3968644c42d6612,2016,504,,General,gx-no-cache=1457019420497 HTTP/1.1" 200 93
191.112.17.11 - - [03/Mar/2016:12:36:36 -0300] "GET /cormun/servlet/hpexe_return? HTTP/1.1" 200 1026
191.112.17.11 - - [03/Mar/2016:12:36:36 -0300] "GET /cormun/servlet/trautorizarsolicitud? HTTP/1.1" 200 8008
191.112.17.11 - - [03/Mar/2016:12:36:37 -0300] "GET /cormun/servlet/trautorizarsolicitud? HTTP/1.1" 200 8004
191.112.17.11 - - [03/Mar/2016:12:36:39 -0300] "POST /cormun/servlet/trautorizarsolicitud?5619316feb5e38edb3968644c42d6612,,gx-no-cache=1457019423808 HTTP/1.1" 200 5495
191.112.17.11 - - [03/Mar/2016:12:36:40 -0300] "POST /cormun/servlet/trautorizarsolicitud?5619316feb5e38edb3968644c42d6612,,gx-no-cache=1457019424221 HTTP/1.1" 200 5494
191.112.17.11 - - [03/Mar/2016:12:36:40 -0300] "POST /cormun/servlet/trautorizarsolicitud?5619316feb5e38edb3968644c42d6612,,gx-no-cache=1457019424646 HTTP/1.1" 200 5495
191.112.17.11 - - [03/Mar/2016:12:36:41 -0300] "POST /cormun/servlet/trautorizarsolicitud?5619316feb5e38edb3968644c42d6612,,gx-no-cache=1457019425097 HTTP/1.1" 200 5495
191.112.17.11 - - [03/Mar/2016:12:36:41 -0300] "POST /cormun/servlet/trautorizarsolicitud?5619316feb5e38edb3968644c42d6612,,gx-no-cache=1457019425553 HTTP/1.1" 200 5495
191.112.17.11 - - [03/Mar/2016:12:36:42 -0300] "POST /cormun/servlet/trautorizarsolicitud?5619316feb5e38edb3968644c42d6612,,gx-no-cache=1457019426048 HTTP/1.1" 200 5495
191.112.17.11 - - [03/Mar/2016:12:36:42 -0300] "POST /cormun/servlet/trautorizarsolicitud?5619316feb5e38edb3968644c42d6612,,gx-no-cache=1457019426487 HTTP/1.1" 200 5495
191.112.17.11 - - [03/Mar/2016:12:36:43 -0300] "POST /cormun/servlet/trautorizarsolicitud?5619316feb5e38edb3968644c42d6612,,gx-no-cache=1457019426920 HTTP/1.1" 200 5513
191.112.17.11 - - [03/Mar/2016:12:36:48 -0300] "POST /cormun/servlet/trautorizarsolicitud?5619316feb5e38edb3968644c42d6612,,gx-no-cache=1457019432731 HTTP/1.1" 200 5494
191.112.17.11 - - [03/Mar/2016:12:36:49 -0300] "POST /cormun/servlet/trautorizarsolicitud?5619316feb5e38edb3968644c42d6612,,gx-no-cache=1457019433219 HTTP/1.1" 200 5494
191.112.17.11 - - [03/Mar/2016:12:36:49 -0300] "POST /cormun/servlet/trautorizarsolicitud?5619316feb5e38edb3968644c42d6612,,gx-no-cache=1457019433677 HTTP/1.1" 200 5494
191.112.17.11 - - [03/Mar/2016:12:36:50 -0300] "POST /cormun/servlet/trautorizarsolicitud?5619316feb5e38edb3968644c42d6612,,gx-no-cache=1457019434154 HTTP/1.1" 200 5494
191.112.17.11 - - [03/Mar/2016:12:36:50 -0300] "POST /cormun/servlet/trautorizarsolicitud?5619316feb5e38edb3968644c42d6612,,gx-no-cache=1457019434619 HTTP/1.1" 200 5494
191.112.17.11 - - [03/Mar/2016:12:36:51 -0300] "POST /cormun/servlet/trautorizarsolicitud?5619316feb5e38edb3968644c42d6612,,gx-no-cache=1457019435081 HTTP/1.1" 200 5494
191.112.17.11 - - [03/Mar/2016:12:36:51 -0300] "POST /cormun/servlet/trautorizarsolicitud?5619316feb5e38edb3968644c42d6612,,gx-no-cache=1457019435547 HTTP/1.1" 200 5494
191.112.17.11 - - [03/Mar/2016:12:36:52 -0300] "POST /cormun/servlet/trautorizarsolicitud?5619316feb5e38edb3968644c42d6612,,gx-no-cache=1457019436010 HTTP/1.1" 200 5513
191.112.17.11 - - [03/Mar/2016:12:36:56 -0300] "POST /cormun/servlet/trautorizarsolicitud?5619316feb5e38edb3968644c42d6612,,gx-no-cache=1457019440687 HTTP/1.1" 200 3480
191.112.17.11 - - [03/Mar/2016:12:36:56 -0300] "GET /cormun/servlet/trautorizarsolicitud?ffa1ef4ae70d32fe871baa51a855350fe353be8c11c194b7daf571951d29d7d544ebe03bcb5e6afff2d0073cc35dabb78de066942d35613d91b4a60e6919d8f4bd064f89c74fcda64e678dcd7aa46d44dd9895f72123ec3ed8b92927fed9dd72d72e4400660419601100fc6170b97b2d,gx-no-cache=1457019441130 HTTP/1.1" 200 763
186.78.45.190 - - [03/Mar/2016:12:36:57 -0300] "POST /cormun/servlet/trsolicitudot?bbe20fa7627856f01390cbeeedc8c8ed,,gx-no-cache=1457019443415 HTTP/1.1" 200 3536
186.78.45.190 - - [03/Mar/2016:12:36:57 -0300] "POST /cormun/servlet/trsolicitudot?bbe20fa7627856f01390cbeeedc8c8ed,,gx-no-cache=1457019444423 HTTP/1.1" 200 3536
186.78.57.210 - - [03/Mar/2016:12:37:01 -0300] "POST /cormun/servlet/solicitudotadjuntos?gx-no-cache=1457019480741 HTTP/1.1" 200 26
186.78.57.210 - - [03/Mar/2016:12:37:02 -0300] "GET /cormun/servlet/solicitudotadjuntos?6e39a9a0d1bc265ceaef7678f52d3ee744c7ee0f437c4b3b34d7efedc0650c67,gx-no-cache=1457019481965 HTTP/1.1" 200 30
186.78.57.210 - - [03/Mar/2016:12:37:02 -0300] "GET /cormun/servlet/solicitudotadjuntos?6e39a9a0d1bc265ceaef7678f52d3ee744c7ee0f437c4b3b34d7efedc0650c67,gx-no-cache=1457019482029 HTTP/1.1" 200 30
186.78.57.210 - - [03/Mar/2016:12:37:02 -0300] "POST /cormun/servlet/solicitudotadjuntos?47b2748899f65881853b1d07e208b3a8,INS,2016,505,,1,,gx-no-cache=1457019482098 HTTP/1.1" 200 93
186.78.57.210 - - [03/Mar/2016:12:37:02 -0300] "GET /cormun/servlet/hpexe_return? HTTP/1.1" 200 1025
186.78.57.210 - - [03/Mar/2016:12:37:03 -0300] "GET /cormun/servlet/trsolicitudadjuntos?2016,505, HTTP/1.1" 200 7253
186.78.57.210 - - [03/Mar/2016:12:37:03 -0300] "GET /cormun/servlet/trsolicitudadjuntos?2016,505, HTTP/1.1" 200 7249
191.112.17.11 - - [03/Mar/2016:12:37:06 -0300] "POST /cormun/servlet/trautorizarsolicitud?5619316feb5e38edb3968644c42d6612,,gx-no-cache=1457019449858 HTTP/1.1" 200 3480
191.112.17.11 - - [03/Mar/2016:12:37:06 -0300] "POST /cormun/servlet/trautorizarsolicitud?5619316feb5e38edb3968644c42d6612,,gx-no-cache=1457019450552 HTTP/1.1" 200 3479
191.112.17.11 - - [03/Mar/2016:12:37:06 -0300] "POST /cormun/servlet/trautorizarsolicitud?5619316feb5e38edb3968644c42d6612,,gx-no-cache=1457019450963 HTTP/1.1" 200 3480
191.112.17.11 - - [03/Mar/2016:12:37:07 -0300] "POST /cormun/servlet/trautorizarsolicitud?5619316feb5e38edb3968644c42d6612,,gx-no-cache=1457019451333 HTTP/1.1" 200 3480
191.112.17.11 - - [03/Mar/2016:12:37:09 -0300] "POST /cormun/servlet/trautorizarsolicitud?5619316feb5e38edb3968644c42d6612,,gx-no-cache=1457019453291 HTTP/1.1" 200 5495
191.112.17.11 - - [03/Mar/2016:12:37:09 -0300] "GET /cormun/servlet/trautorizarsolicitud?ffa1ef4ae70d32fe871baa51a855350ff75c9b973cd1ed6ba4422a55aaa84202b5b9b35845f1ba4d213b9aae7380e5398de066942d35613d91b4a60e6919d8f43803591d7eca73d37f127877ef7874a1c8938c8257dfbdf12be5de125c1ebed1,gx-no-cache=1457019453743 HTTP/1.1" 200 2887
186.78.57.210 - - [03/Mar/2016:12:37:18 -0300] "GET /cormun/servlet/solicitudotadjuntos?INS,2016,505,,1, HTTP/1.1" 200 5457
186.78.57.210 - - [03/Mar/2016:12:37:18 -0300] "GET /cormun/static/about:blank HTTP/1.1" 404 1011
186.78.57.210 - - [03/Mar/2016:12:37:18 -0300] "GET /cormun/servlet/solicitudotadjuntos?INS,2016,505,,1, HTTP/1.1" 200 5451
186.78.57.210 - - [03/Mar/2016:12:37:19 -0300] "GET /cormun/servlet/solicitudotadjuntos?6e39a9a0d1bc265ceaef7678f52d3ee7f5b24a2b0506cde5bb0fe16f4909955ccd8106e10bf6fb6bfa35e7d152094c1e,gx-no-cache=1457019498957 HTTP/1.1" 200 30
186.78.57.210 - - [03/Mar/2016:12:37:19 -0300] "POST /cormun/servlet/solicitudotadjuntos?47b2748899f65881853b1d07e208b3a8,INS,2016,505,,1,,gx-no-cache=1457019499052 HTTP/1.1" 200 3326
191.112.17.11 - - [03/Mar/2016:12:37:22 -0300] "POST /cormun/servlet/trautorizarsolicitud?5619316feb5e38edb3968644c42d6612,,gx-no-cache=1457019466513 HTTP/1.1" 200 5495
186.78.57.210 - - [03/Mar/2016:12:37:22 -0300] "POST /cormun/servlet/solicitudotadjuntos?gx-no-cache=1457019502402 HTTP/1.1" 200 26
191.112.17.11 - - [03/Mar/2016:12:37:23 -0300] "POST /cormun/servlet/trautorizarsolicitud?5619316feb5e38edb3968644c42d6612,,gx-no-cache=1457019467031 HTTP/1.1" 200 5494
191.112.17.11 - - [03/Mar/2016:12:37:23 -0300] "POST /cormun/servlet/trautorizarsolicitud?5619316feb5e38edb3968644c42d6612,,gx-no-cache=1457019467540 HTTP/1.1" 200 5495
186.78.57.210 - - [03/Mar/2016:12:37:23 -0300] "GET /cormun/servlet/solicitudotadjuntos?6e39a9a0d1bc265ceaef7678f52d3ee744c7ee0f437c4b3b34d7efedc0650c67,gx-no-cache=1457019503465 HTTP/1.1" 200 30
186.78.57.210 - - [03/Mar/2016:12:37:23 -0300] "GET /cormun/servlet/solicitudotadjuntos?6e39a9a0d1bc265ceaef7678f52d3ee744c7ee0f437c4b3b34d7efedc0650c67,gx-no-cache=1457019503543 HTTP/1.1" 200 30
191.112.17.11 - - [03/Mar/2016:12:37:24 -0300] "POST /cormun/servlet/trautorizarsolicitud?5619316feb5e38edb3968644c42d6612,,gx-no-cache=1457019468048 HTTP/1.1" 200 5507
186.78.57.210 - - [03/Mar/2016:12:37:24 -0300] "POST /cormun/servlet/solicitudotadjuntos?47b2748899f65881853b1d07e208b3a8,INS,2016,505,,1,,gx-no-cache=1457019503611 HTTP/1.1" 200 93
186.78.57.210 - - [03/Mar/2016:12:37:24 -0300] "GET /cormun/servlet/hpexe_return? HTTP/1.1" 200 1025
186.78.57.210 - - [03/Mar/2016:12:37:24 -0300] "GET /cormun/servlet/trsolicitudadjuntos?2016,505, HTTP/1.1" 200 7396
186.78.57.210 - - [03/Mar/2016:12:37:25 -0300] "GET /cormun/servlet/trsolicitudadjuntos?2016,505, HTTP/1.1" 200 7392
186.78.45.190 - - [03/Mar/2016:12:37:36 -0300] "POST /cormun/servlet/trsolicitudot?bbe20fa7627856f01390cbeeedc8c8ed,,gx-no-cache=1457019483260 HTTP/1.1" 200 3542
191.112.17.11 - - [03/Mar/2016:12:37:36 -0300] "GET /cormun/servlet/treventos?2016,504, HTTP/1.1" 200 5176
191.112.17.11 - - [03/Mar/2016:12:37:37 -0300] "GET /cormun/static/gxcfg.js?2016311731661 HTTP/1.1" 200 953
191.112.17.11 - - [03/Mar/2016:12:37:37 -0300] "GET /cormun/static/treventos.js?2016311731865 HTTP/1.1" 200 14123
191.112.17.11 - - [03/Mar/2016:12:37:37 -0300] "GET /cormun/servlet/treventos?2016,504, HTTP/1.1" 200 5176
191.112.17.11 - - [03/Mar/2016:12:37:38 -0300] "POST /cormun/servlet/acontrolpreferencessavestate?None,EVALENZUELA,true HTTP/1.1" 200 35
191.112.17.11 - - [03/Mar/2016:12:37:44 -0300] "POST /cormun/servlet/treventos?5619316feb5e38edb3968644c42d6612,2016,504,,gx-no-cache=1457019488279 HTTP/1.1" 200 90
191.112.17.11 - - [03/Mar/2016:12:37:44 -0300] "GET /cormun/servlet/hpexe_link HTTP/1.1" 200 974
191.112.17.11 - - [03/Mar/2016:12:37:44 -0300] "GET /cormun/servlet/trautorizarsolicitud? HTTP/1.1" 200 8007
191.112.17.11 - - [03/Mar/2016:12:37:44 -0300] "GET /cormun/servlet/trautorizarsolicitud? HTTP/1.1" 200 8006
186.78.57.210 - - [03/Mar/2016:12:37:47 -0300] "GET /cormun/servlet/solicitudotadjuntos?DLT,2016,505,CERTIF4,0, HTTP/1.1" 200 5356
186.78.57.210 - - [03/Mar/2016:12:37:47 -0300] "GET /cormun/static/about:blank HTTP/1.1" 404 1011
186.78.57.210 - - [03/Mar/2016:12:37:47 -0300] "GET /cormun/servlet/solicitudotadjuntos?DLT,2016,505,CERTIF4,0, HTTP/1.1" 200 5350
186.78.45.190 - - [03/Mar/2016:12:37:47 -0300] "GET /cormun/servlet/trsolicitudot? HTTP/1.1" 200 6268
186.78.57.210 - - [03/Mar/2016:12:37:49 -0300] "POST /cormun/servlet/solicitudotadjuntos?47b2748899f65881853b1d07e208b3a8,DLT,2016,505,CERTIF4,0,,gx-no-cache=1457019529261 HTTP/1.1" 200 93
186.78.57.210 - - [03/Mar/2016:12:37:49 -0300] "GET /cormun/servlet/hpexe_return? HTTP/1.1" 200 1032
186.78.57.210 - - [03/Mar/2016:12:37:50 -0300] "GET /cormun/servlet/trsolicitudadjuntos?2016,505, HTTP/1.1" 200 7253
186.78.57.210 - - [03/Mar/2016:12:37:50 -0300] "GET /cormun/servlet/trsolicitudadjuntos?2016,505, HTTP/1.1" 200 7249
186.78.45.190 - - [03/Mar/2016:12:37:58 -0300] "GET /cormun/servlet/trvisualizadoreventos? HTTP/1.1" 200 5974
186.78.57.210 - - [03/Mar/2016:12:38:03 -0300] "GET /cormun/servlet/solicitudotadjuntos?INS,2016,505,,1, HTTP/1.1" 200 5457
186.78.57.210 - - [03/Mar/2016:12:38:04 -0300] "GET /cormun/static/about:blank HTTP/1.1" 404 1011
186.78.57.210 - - [03/Mar/2016:12:38:04 -0300] "GET /cormun/servlet/solicitudotadjuntos?INS,2016,505,,1, HTTP/1.1" 200 5451
186.78.57.210 - - [03/Mar/2016:12:38:04 -0300] "GET /cormun/servlet/solicitudotadjuntos?6e39a9a0d1bc265ceaef7678f52d3ee7f5b24a2b0506cde5bb0fe16f4909955ccd8106e10bf6fb6bfa35e7d152094c1e,gx-no-cache=1457019544491 HTTP/1.1" 200 30
186.78.57.210 - - [03/Mar/2016:12:38:05 -0300] "POST /cormun/servlet/solicitudotadjuntos?47b2748899f65881853b1d07e208b3a8,INS,2016,505,,1,,gx-no-cache=1457019544584 HTTP/1.1" 200 3326
186.78.57.210 - - [03/Mar/2016:12:38:07 -0300] "POST /cormun/servlet/solicitudotadjuntos?gx-no-cache=1457019546924 HTTP/1.1" 200 26
186.78.57.210 - - [03/Mar/2016:12:38:09 -0300] "GET /cormun/servlet/solicitudotadjuntos?6e39a9a0d1bc265ceaef7678f52d3ee744c7ee0f437c4b3b34d7efedc0650c67,gx-no-cache=1457019548747 HTTP/1.1" 200 30
186.78.57.210 - - [03/Mar/2016:12:38:09 -0300] "GET /cormun/servlet/solicitudotadjuntos?6e39a9a0d1bc265ceaef7678f52d3ee744c7ee0f437c4b3b34d7efedc0650c67,gx-no-cache=1457019548813 HTTP/1.1" 200 30
186.78.57.210 - - [03/Mar/2016:12:38:09 -0300] "POST /cormun/servlet/solicitudotadjuntos?47b2748899f65881853b1d07e208b3a8,INS,2016,505,,1,,gx-no-cache=1457019548880 HTTP/1.1" 200 93
186.78.57.210 - - [03/Mar/2016:12:38:09 -0300] "GET /cormun/servlet/hpexe_return? HTTP/1.1" 200 1025
186.78.57.210 - - [03/Mar/2016:12:38:09 -0300] "GET /cormun/servlet/trsolicitudadjuntos?2016,505, HTTP/1.1" 200 7398
186.78.57.210 - - [03/Mar/2016:12:38:10 -0300] "GET /cormun/servlet/trsolicitudadjuntos?2016,505, HTTP/1.1" 200 7394
186.78.57.210 - - [03/Mar/2016:12:38:24 -0300] "GET /cormun/servlet/solicitudotadjuntos?INS,2016,505,,1, HTTP/1.1" 200 5457
186.78.57.210 - - [03/Mar/2016:12:38:25 -0300] "GET /cormun/static/about:blank HTTP/1.1" 404 1011
186.78.57.210 - - [03/Mar/2016:12:38:25 -0300] "GET /cormun/servlet/solicitudotadjuntos?INS,2016,505,,1, HTTP/1.1" 200 5451
186.78.57.210 - - [03/Mar/2016:12:38:25 -0300] "GET /cormun/servlet/solicitudotadjuntos?6e39a9a0d1bc265ceaef7678f52d3ee7f5b24a2b0506cde5bb0fe16f4909955ccd8106e10bf6fb6bfa35e7d152094c1e,gx-no-cache=1457019565157 HTTP/1.1" 200 30
186.78.57.210 - - [03/Mar/2016:12:38:25 -0300] "POST /cormun/servlet/solicitudotadjuntos?47b2748899f65881853b1d07e208b3a8,INS,2016,505,,1,,gx-no-cache=1457019565291 HTTP/1.1" 200 3326
186.78.57.210 - - [03/Mar/2016:12:38:31 -0300] "POST /cormun/servlet/solicitudotadjuntos?gx-no-cache=1457019571091 HTTP/1.1" 200 26
186.78.57.210 - - [03/Mar/2016:12:38:32 -0300] "GET /cormun/servlet/solicitudotadjuntos?6e39a9a0d1bc265ceaef7678f52d3ee744c7ee0f437c4b3b34d7efedc0650c67,gx-no-cache=1457019572129 HTTP/1.1" 200 30
186.78.57.210 - - [03/Mar/2016:12:38:32 -0300] "GET /cormun/servlet/solicitudotadjuntos?6e39a9a0d1bc265ceaef7678f52d3ee744c7ee0f437c4b3b34d7efedc0650c67,gx-no-cache=1457019572207 HTTP/1.1" 200 30
186.78.57.210 - - [03/Mar/2016:12:38:32 -0300] "POST /cormun/servlet/solicitudotadjuntos?47b2748899f65881853b1d07e208b3a8,INS,2016,505,,1,,gx-no-cache=1457019572275 HTTP/1.1" 200 93
186.78.57.210 - - [03/Mar/2016:12:38:32 -0300] "GET /cormun/servlet/hpexe_return? HTTP/1.1" 200 1025
186.78.57.210 - - [03/Mar/2016:12:38:33 -0300] "GET /cormun/servlet/trsolicitudadjuntos?2016,505, HTTP/1.1" 200 7489
186.78.57.210 - - [03/Mar/2016:12:38:33 -0300] "GET /cormun/servlet/trsolicitudadjuntos?2016,505, HTTP/1.1" 200 7487
186.78.57.210 - - [03/Mar/2016:12:38:37 -0300] "GET /cormun/servlet/trsolicitudot? HTTP/1.1" 200 7849
186.78.57.210 - - [03/Mar/2016:12:38:38 -0300] "GET /cormun/servlet/trsolicitudot? HTTP/1.1" 200 7843
186.78.57.210 - - [03/Mar/2016:12:38:41 -0300] "POST /cormun/servlet/trsolicitudot?47b2748899f65881853b1d07e208b3a8,,gx-no-cache=1457019580741 HTTP/1.1" 200 4972
186.78.57.210 - - [03/Mar/2016:12:38:41 -0300] "GET /cormun/static/Shared/jqueryui/images/ui-bg_highlight-soft_100_c6c2c8_1x100.png HTTP/1.1" 404 1117
186.78.57.210 - - [03/Mar/2016:12:38:41 -0300] "GET /cormun/static/Shared/jqueryui/images/ui-icons_82798d_256x240.png HTTP/1.1" 404 1089
186.78.57.210 - - [03/Mar/2016:12:38:42 -0300] "GET /cormun/static/Shared/jqueryui/images/ui-icons_8d78a5_256x240.png HTTP/1.1" 404 1089
186.78.57.210 - - [03/Mar/2016:12:38:42 -0300] "GET /cormun/static/Shared/jqueryui/images/ui-bg_flat_55_fafafa_40x100.png HTTP/1.1" 404 1097
186.78.57.210 - - [03/Mar/2016:12:38:43 -0300] "POST /cormun/servlet/trsolicitudot?47b2748899f65881853b1d07e208b3a8,,gx-no-cache=1457019581332 HTTP/1.1" 200 4914
186.78.57.210 - - [03/Mar/2016:12:38:55 -0300] "GET /cormun/static/Shared/jqueryui/images/ui-bg_highlight-soft_100_eae6ea_1x100.png HTTP/1.1" 404 1117
186.78.57.210 - - [03/Mar/2016:12:38:57 -0300] "GET /cormun/servlet/trsolicitudot? HTTP/1.1" 200 7500
186.78.57.210 - - [03/Mar/2016:12:38:58 -0300] "GET /cormun/servlet/trsolicitudot? HTTP/1.1" 200 7500
186.78.45.190 - - [03/Mar/2016:12:39:02 -0300] "POST /cormun/servlet/trvisualizadoreventos?bbe20fa7627856f01390cbeeedc8c8ed,,gx-no-cache=1457019568697 HTTP/1.1" 200 3270
186.78.45.190 - - [03/Mar/2016:12:39:02 -0300] "POST /cormun/servlet/trvisualizadoreventos?bbe20fa7627856f01390cbeeedc8c8ed,,gx-no-cache=1457019569094 HTTP/1.1" 200 3270
186.78.45.190 - - [03/Mar/2016:12:39:02 -0300] "POST /cormun/servlet/trvisualizadoreventos?bbe20fa7627856f01390cbeeedc8c8ed,,gx-no-cache=1457019569493 HTTP/1.1" 200 3270
186.78.57.210 - - [03/Mar/2016:12:39:05 -0300] "GET /cormun/servlet/solicitudot?INS,0,0, HTTP/1.1" 200 11424
186.78.57.210 - - [03/Mar/2016:12:39:08 -0300] "GET /cormun/servlet/solicitudot?INS,0,0, HTTP/1.1" 200 11428
186.78.45.190 - - [03/Mar/2016:12:39:15 -0300] "GET /cormun/servlet/trvisualizadoreventos?1532f0c65ed46dc4c6d99b8c16347d82d185902f5051427b549a561ee66c59c182c0f09755b50880d298f2d0a0e66c830671f593f53d7698481b7befa132273094d67633f68d81a82b12a59c23b71fc17e316e5adf920e47f54ce059567d007575cec0f2cf4d38223631c1f8859e1af67fd0fd8b2a38be4543cc6d39097d7816f770ea5b54b5b932748d97a555a18054ea9305349aff04bad010fd82cc8bd95aee0fa501e505daff4fbcb0023360c53bd9cdd30181fc49d443fe8d7cacb69bf9,gx-no-cache=1457019582261 HTTP/1.1" 200 563
186.78.45.190 - - [03/Mar/2016:12:39:22 -0300] "GET /cormun/servlet/trvisualizadoreventos?1532f0c65ed46dc4c6d99b8c16347d820e26e6210c557ef8554c4f8406682da9c2247495569b7e0928b653dae4c11448b41520268bc49cd62dd71f8a8aafd65876bef761c582d748fbb136e80f6d020e8c328b01c4ecfc8a36414601c1f6a86a1d67d8375482879feb8a7ef04efaa5bc4a5e5fea0f8719cda2cbeefbc7460554e8a831b0f48026064fb4a0fdd2e2a6e4f0bbf12280086f5bda242f7c49257896a42ba1757be5c8b301a7d05380ac58bb923c506bd97e4ee48f0984600d96c0a8,gx-no-cache=1457019589319 HTTP/1.1" 200 562
186.78.45.190 - - [03/Mar/2016:12:39:23 -0300] "POST /cormun/servlet/trvisualizadoreventos?bbe20fa7627856f01390cbeeedc8c8ed,,gx-no-cache=1457019589579 HTTP/1.1" 200 3270
186.78.45.190 - - [03/Mar/2016:12:39:34 -0300] "GET /cormun/servlet/trvisualizadoreventos?1532f0c65ed46dc4c6d99b8c16347d82d185902f5051427b549a561ee66c59c182c0f09755b50880d298f2d0a0e66c830671f593f53d7698481b7befa132273094d67633f68d81a82b12a59c23b71fc17e316e5adf920e47f54ce059567d007575cec0f2cf4d38223631c1f8859e1af67fd0fd8b2a38be4543cc6d39097d7816f770ea5b54b5b932748d97a555a18054ea9305349aff04bad010fd82cc8bd95aee0fa501e505daff4fbcb0023360c53bd9cdd30181fc49d443fe8d7cacb69bf9,gx-no-cache=1457019601060 HTTP/1.1" 200 563
186.78.45.190 - - [03/Mar/2016:12:39:34 -0300] "POST /cormun/servlet/trvisualizadoreventos?bbe20fa7627856f01390cbeeedc8c8ed,,gx-no-cache=1457019601368 HTTP/1.1" 200 3277
186.78.57.210 - - [03/Mar/2016:12:39:35 -0300] "GET /cormun/servlet/prfichaempleado?,MD,,gxPopupLevel%3D0%3B HTTP/1.1" 200 7900
186.78.57.210 - - [03/Mar/2016:12:39:35 -0300] "GET /cormun/static/scaMessage/css/jquery-ui.css?104140 HTTP/1.1" 404 1045
186.78.57.210 - - [03/Mar/2016:12:39:39 -0300] "GET /cormun/servlet/prfichaempleado?5a49bdae2c68333ab4144f9181a5167a635ea0b757b5b0d59a0517d100ecc00b2fb79a7110fb5a2734b3017280aed5699d62b9eaaba74a3b5f843e4e9fd06d4e,gx-no-cache=1457019638878 HTTP/1.1" 200 465
191.112.17.11 - - [03/Mar/2016:12:39:40 -0300] "POST /cormun/servlet/trautorizarsolicitud?5619316feb5e38edb3968644c42d6612,,gx-no-cache=1457019602350 HTTP/1.1" 200 5492
186.78.57.210 - - [03/Mar/2016:12:39:41 -0300] "GET /cormun/servlet/prfichaempleado?5a49bdae2c68333ab4144f9181a5167aece50f4a3bef8e691b1edc212d18372a70e0e5d8a2b22a0973a736fffac8245bfdf30df2e673e0ca6314d8be45f1e1f6cd8106e10bf6fb6bfa35e7d152094c1e,gx-no-cache=1457019640724 HTTP/1.1" 200 465
191.112.17.11 - - [03/Mar/2016:12:39:42 -0300] "POST /cormun/servlet/trautorizarsolicitud?5619316feb5e38edb3968644c42d6612,,gx-no-cache=1457019605225 HTTP/1.1" 200 5493
191.112.17.11 - - [03/Mar/2016:12:39:43 -0300] "POST /cormun/servlet/trautorizarsolicitud?5619316feb5e38edb3968644c42d6612,,gx-no-cache=1457019606446 HTTP/1.1" 200 5493
186.78.57.210 - - [03/Mar/2016:12:39:43 -0300] "POST /cormun/servlet/prfichaempleado?47b2748899f65881853b1d07e208b3a8,,MD,,gxPopupLevel%3D0%3B,gx-no-cache=1457019642531 HTTP/1.1" 200 4215
191.112.17.11 - - [03/Mar/2016:12:39:43 -0300] "POST /cormun/servlet/trautorizarsolicitud?5619316feb5e38edb3968644c42d6612,,gx-no-cache=1457019607403 HTTP/1.1" 200 5493
191.112.17.11 - - [03/Mar/2016:12:39:44 -0300] "POST /cormun/servlet/trautorizarsolicitud?5619316feb5e38edb3968644c42d6612,,gx-no-cache=1457019608062 HTTP/1.1" 200 5494
191.112.17.11 - - [03/Mar/2016:12:39:44 -0300] "POST /cormun/servlet/trautorizarsolicitud?5619316feb5e38edb3968644c42d6612,,gx-no-cache=1457019608682 HTTP/1.1" 200 5494
191.112.17.11 - - [03/Mar/2016:12:39:45 -0300] "POST /cormun/servlet/trautorizarsolicitud?5619316feb5e38edb3968644c42d6612,,gx-no-cache=1457019609124 HTTP/1.1" 200 5493
191.112.17.11 - - [03/Mar/2016:12:39:45 -0300] "POST /cormun/servlet/trautorizarsolicitud?5619316feb5e38edb3968644c42d6612,,gx-no-cache=1457019609583 HTTP/1.1" 200 5506
191.112.17.11 - - [03/Mar/2016:12:39:49 -0300] "POST /cormun/servlet/trautorizarsolicitud?5619316feb5e38edb3968644c42d6612,,gx-no-cache=1457019613778 HTTP/1.1" 200 3478
191.112.17.11 - - [03/Mar/2016:12:39:49 -0300] "GET /cormun/servlet/trautorizarsolicitud?ffa1ef4ae70d32fe871baa51a855350fe353be8c11c194b7daf571951d29d7d544ebe03bcb5e6afff2d0073cc35dabb78de066942d35613d91b4a60e6919d8f4bd064f89c74fcda64e678dcd7aa46d44dd9895f72123ec3ed8b92927fed9dd72d72e4400660419601100fc6170b97b2d,gx-no-cache=1457019614184 HTTP/1.1" 200 763
191.112.17.11 - - [03/Mar/2016:12:39:54 -0300] "POST /cormun/servlet/trautorizarsolicitud?5619316feb5e38edb3968644c42d6612,,gx-no-cache=1457019618241 HTTP/1.1" 200 3478
191.112.17.11 - - [03/Mar/2016:12:39:54 -0300] "POST /cormun/servlet/trautorizarsolicitud?5619316feb5e38edb3968644c42d6612,,gx-no-cache=1457019618591 HTTP/1.1" 200 3477
191.112.17.11 - - [03/Mar/2016:12:39:54 -0300] "POST /cormun/servlet/trautorizarsolicitud?5619316feb5e38edb3968644c42d6612,,gx-no-cache=1457019618942 HTTP/1.1" 200 3478
191.112.17.11 - - [03/Mar/2016:12:39:55 -0300] "POST /cormun/servlet/trautorizarsolicitud?5619316feb5e38edb3968644c42d6612,,gx-no-cache=1457019619297 HTTP/1.1" 200 3478
186.78.57.210 - - [03/Mar/2016:12:40:00 -0300] "GET /cormun/servlet/prfichaempleado?5a49bdae2c68333ab4144f9181a5167aece50f4a3bef8e691b1edc212d18372a58fd61d1d6f081df892611f9b98e045afb32984ac462fc2142a1dbd1bb318fca5ce64d1cf260f31d926ba5ea9dcd49bc,gx-no-cache=1457019660389 HTTP/1.1" 200 470
186.78.57.210 - - [03/Mar/2016:12:40:01 -0300] "GET /cormun/servlet/prfichaempleado?5a49bdae2c68333ab4144f9181a5167aece50f4a3bef8e691b1edc212d18372a9cbcadecfbf8d8472fddcc202573b744dbdde157e4e453f2ebee455c3f9e143724e16922dffba8e18e2968d78355f8af,gx-no-cache=1457019660898 HTTP/1.1" 200 435
186.78.57.210 - - [03/Mar/2016:12:40:03 -0300] "GET /cormun/servlet/prfichaempleado?5a49bdae2c68333ab4144f9181a5167aece50f4a3bef8e691b1edc212d18372acb37576e5c49b4514e37df2d04040366842817b1af1b78dc5670ccb0ed63e376cd8106e10bf6fb6bfa35e7d152094c1e,gx-no-cache=1457019662898 HTTP/1.1" 200 431
186.78.57.210 - - [03/Mar/2016:12:40:05 -0300] "POST /cormun/servlet/prfichaempleado?47b2748899f65881853b1d07e208b3a8,,MD,,gxPopupLevel%3D0%3B,gx-no-cache=1457019664908 HTTP/1.1" 200 2675
191.112.17.11 - - [03/Mar/2016:12:40:06 -0300] "POST /cormun/servlet/acontrolpreferencessavestate?None,EVALENZUELA,true HTTP/1.1" 200 35
186.78.45.190 - - [03/Mar/2016:12:40:08 -0300] "GET /cormun/servlet/trsolicitudot? HTTP/1.1" 200 6268
186.78.45.190 - - [03/Mar/2016:12:40:08 -0300] "GET /cormun/static/hwchdr01.js?20162241650484 HTTP/1.1" 304 -
186.78.45.190 - - [03/Mar/2016:12:40:08 -0300] "GET /cormun/static/hpexe_recentlink.js?2015111312121342 HTTP/1.1" 304 -
186.78.45.190 - - [03/Mar/2016:12:40:08 -0300] "GET /cormun/static/hpexe_scripts.js?20151120014546 HTTP/1.1" 304 -
186.78.45.190 - - [03/Mar/2016:12:40:08 -0300] "GET /cormun/static/hpexe_messagecontroller.js?2015112210524422 HTTP/1.1" 304 -
186.78.45.190 - - [03/Mar/2016:12:40:08 -0300] "GET /cormun/static/hpexe_messagepopupcomponent.js?20163219454551 HTTP/1.1" 304 -
186.78.45.190 - - [03/Mar/2016:12:40:08 -0300] "GET /cormun/static/hpexe_messagegenexuscomponent.js?20151120014314 HTTP/1.1" 304 -
186.78.45.190 - - [03/Mar/2016:12:40:08 -0300] "GET /cormun/static/cmcontrolpreferences.js?20151120014525 HTTP/1.1" 304 -
186.78.45.190 - - [03/Mar/2016:12:40:08 -0300] "GET /cormun/static/hmpwkw03.js?2016311993330 HTTP/1.1" 304 -
186.78.57.210 - - [03/Mar/2016:12:40:09 -0300] "POST /cormun/servlet/prfichaempleado?47b2748899f65881853b1d07e208b3a8,,MD,,gxPopupLevel%3D0%3B,gx-no-cache=1457019669226 HTTP/1.1" 200 2675
191.112.17.11 - - [03/Mar/2016:12:40:11 -0300] "POST /cormun/servlet/trautorizarsolicitud?5619316feb5e38edb3968644c42d6612,,gx-no-cache=1457019634986 HTTP/1.1" 200 5493
191.112.17.11 - - [03/Mar/2016:12:40:11 -0300] "GET /cormun/servlet/trautorizarsolicitud?ffa1ef4ae70d32fe871baa51a855350ff75c9b973cd1ed6ba4422a55aaa84202b5b9b35845f1ba4d213b9aae7380e5398de066942d35613d91b4a60e6919d8f43803591d7eca73d37f127877ef7874a1c8938c8257dfbdf12be5de125c1ebed1,gx-no-cache=1457019635400 HTTP/1.1" 200 2887
191.112.17.11 - - [03/Mar/2016:12:40:15 -0300] "POST /cormun/servlet/trautorizarsolicitud?5619316feb5e38edb3968644c42d6612,,gx-no-cache=1457019639413 HTTP/1.1" 200 5494
191.112.17.11 - - [03/Mar/2016:12:40:16 -0300] "POST /cormun/servlet/trautorizarsolicitud?5619316feb5e38edb3968644c42d6612,,gx-no-cache=1457019639921 HTTP/1.1" 200 5493
191.112.17.11 - - [03/Mar/2016:12:40:16 -0300] "POST /cormun/servlet/trautorizarsolicitud?5619316feb5e38edb3968644c42d6612,,gx-no-cache=1457019640429 HTTP/1.1" 200 5493
191.112.17.11 - - [03/Mar/2016:12:40:17 -0300] "POST /cormun/servlet/trautorizarsolicitud?5619316feb5e38edb3968644c42d6612,,gx-no-cache=1457019640923 HTTP/1.1" 200 5509
186.78.57.210 - - [03/Mar/2016:12:40:17 -0300] "GET /cormun/servlet/prfichaempleado?5a49bdae2c68333ab4144f9181a5167aece50f4a3bef8e691b1edc212d18372a9058e44fe4b17490f8047c1fb3b77f85e9156e4acbeaf9484317b4261dc5f9a8,gx-no-cache=1457019676701 HTTP/1.1" 200 466
186.78.57.210 - - [03/Mar/2016:12:40:19 -0300] "POST /cormun/servlet/prfichaempleado?47b2748899f65881853b1d07e208b3a8,,MD,,gxPopupLevel%3D0%3B,gx-no-cache=1457019678541 HTTP/1.1" 200 2880
191.112.17.11 - - [03/Mar/2016:12:40:21 -0300] "GET /cormun/servlet/veautorizarsolicitud?2016,503,, HTTP/1.1" 200 7545
191.112.17.11 - - [03/Mar/2016:12:40:21 -0300] "GET /cormun/pexe_scrolldiv.js HTTP/1.1" 404 1009
191.112.17.11 - - [03/Mar/2016:12:40:22 -0300] "GET /cormun/servlet/veautorizarsolicitud?2016,503,, HTTP/1.1" 200 7545
186.78.45.190 - - [03/Mar/2016:12:40:25 -0300] "POST /cormun/servlet/trsolicitudot?bbe20fa7627856f01390cbeeedc8c8ed,,gx-no-cache=1457019651952 HTTP/1.1" 200 3540
186.78.45.190 - - [03/Mar/2016:12:40:25 -0300] "POST /cormun/servlet/trsolicitudot?bbe20fa7627856f01390cbeeedc8c8ed,,gx-no-cache=1457019652339 HTTP/1.1" 200 3541
186.78.45.190 - - [03/Mar/2016:12:40:26 -0300] "POST /cormun/servlet/trsolicitudot?bbe20fa7627856f01390cbeeedc8c8ed,,gx-no-cache=1457019652772 HTTP/1.1" 200 3541
186.78.45.190 - - [03/Mar/2016:12:40:26 -0300] "POST /cormun/servlet/trsolicitudot?bbe20fa7627856f01390cbeeedc8c8ed,,gx-no-cache=1457019653230 HTTP/1.1" 200 3540
186.78.45.190 - - [03/Mar/2016:12:40:27 -0300] "POST /cormun/servlet/trsolicitudot?bbe20fa7627856f01390cbeeedc8c8ed,,gx-no-cache=1457019653731 HTTP/1.1" 200 3540
186.78.45.190 - - [03/Mar/2016:12:40:27 -0300] "POST /cormun/servlet/trsolicitudot?bbe20fa7627856f01390cbeeedc8c8ed,,gx-no-cache=1457019654288 HTTP/1.1" 200 3541
191.112.17.11 - - [03/Mar/2016:12:40:34 -0300] "GET /cormun/servlet/veautorizarsolicitud?2016,503,,SolicitudOTAdjuntos HTTP/1.1" 200 6446
191.112.17.11 - - [03/Mar/2016:12:40:34 -0300] "GET /cormun/pexe_scrolldiv.js HTTP/1.1" 404 1009
191.112.17.11 - - [03/Mar/2016:12:40:34 -0300] "GET /cormun/servlet/veautorizarsolicitud?2016,503,,SolicitudOTAdjuntos HTTP/1.1" 200 6447
191.112.17.11 - - [03/Mar/2016:12:40:35 -0300] "POST /cormun/servlet/acontrolpreferencessavestate?None,EVALENZUELA,true HTTP/1.1" 200 35
186.78.57.210 - - [03/Mar/2016:12:40:36 -0300] "POST /cormun/servlet/solicitudot?gx-no-cache=1457019695378 HTTP/1.1" 200 2668
186.78.45.190 - - [03/Mar/2016:12:40:36 -0300] "GET /cormun/servlet/trsolicitudot?1532f0c65ed46dc4c6d99b8c16347d826c6b5c5035a0e168ba761305a64d6bff71008a4bf3294eec73460ea1c423779f8dd83da2f6118f3faee33179a496c4f8230369109cab0cb9c2d5689ae6c7fdf8a3ad6b8578a113188bfcca7cb9ae19f3b780bf144a8864acb82d8f5882bd06ea,gx-no-cache=1457019662776 HTTP/1.1" 200 791
191.112.17.11 - - [03/Mar/2016:12:40:36 -0300] "GET /cormun/servlet/veautorizarsolicitud?2016,503,,SolicitudOTLog HTTP/1.1" 200 6429
186.78.57.210 - - [03/Mar/2016:12:40:36 -0300] "POST /cormun/servlet/solicitudot?47b2748899f65881853b1d07e208b3a8,INS,0,0,,gx-no-cache=1457019695740 HTTP/1.1" 200 8265
191.112.17.11 - - [03/Mar/2016:12:40:36 -0300] "GET /cormun/pexe_scrolldiv.js HTTP/1.1" 404 1009
186.78.45.190 - - [03/Mar/2016:12:40:36 -0300] "POST /cormun/servlet/trsolicitudot?bbe20fa7627856f01390cbeeedc8c8ed,,gx-no-cache=1457019663144 HTTP/1.1" 200 3545
191.112.17.11 - - [03/Mar/2016:12:40:36 -0300] "GET /cormun/servlet/veautorizarsolicitud?2016,503,,SolicitudOTLog HTTP/1.1" 200 6429
191.112.17.11 - - [03/Mar/2016:12:40:37 -0300] "POST /cormun/servlet/acontrolpreferencessavestate?None,EVALENZUELA,true HTTP/1.1" 200 35
186.78.45.190 - - [03/Mar/2016:12:40:38 -0300] "POST /cormun/servlet/trsolicitudot?bbe20fa7627856f01390cbeeedc8c8ed,,gx-no-cache=1457019663744 HTTP/1.1" 200 3545
191.112.17.11 - - [03/Mar/2016:12:40:39 -0300] "GET /cormun/servlet/veautorizarsolicitud?2016,503,,General HTTP/1.1" 200 7551
191.112.17.11 - - [03/Mar/2016:12:40:39 -0300] "GET /cormun/pexe_scrolldiv.js HTTP/1.1" 404 1009
191.112.17.11 - - [03/Mar/2016:12:40:39 -0300] "GET /cormun/servlet/veautorizarsolicitud?2016,503,,General HTTP/1.1" 200 7551
186.78.57.210 - - [03/Mar/2016:12:40:40 -0300] "GET /cormun/servlet/solicitudot?6e39a9a0d1bc265ceaef7678f52d3ee7be25f7ef8d5ed2e59d5bde6527becc9bdd9e96aa7d8ea484af62e47c500cb145,gx-no-cache=1457019699741 HTTP/1.1" 200 30
186.78.45.190 - - [03/Mar/2016:12:40:47 -0300] "GET /cormun/servlet/solicitudot?INS,0,0, HTTP/1.1" 200 11467
186.78.45.190 - - [03/Mar/2016:12:40:47 -0300] "GET /cormun/static/Resources/prompt.gif HTTP/1.1" 200 902
186.78.45.190 - - [03/Mar/2016:12:40:47 -0300] "GET /cormun/static/gxcfg.js?20163219435133 HTTP/1.1" 200 953
186.78.45.190 - - [03/Mar/2016:12:40:47 -0300] "GET /cormun/static/Resources/Spanish/PXTools.css?1944839 HTTP/1.1" 200 89042
186.78.45.190 - - [03/Mar/2016:12:40:47 -0300] "GET /cormun/static/solicitudot.js?20163219435183 HTTP/1.1" 200 44151
186.78.45.190 - - [03/Mar/2016:12:40:56 -0300] "POST /cormun/servlet/solicitudot?gx-no-cache=1457019682756 HTTP/1.1" 200 2668
186.78.45.190 - - [03/Mar/2016:12:40:56 -0300] "POST /cormun/servlet/solicitudot?bbe20fa7627856f01390cbeeedc8c8ed,INS,0,0,,gx-no-cache=1457019683079 HTTP/1.1" 200 8289
186.78.45.190 - - [03/Mar/2016:12:40:56 -0300] "GET /cormun/servlet/solicitudot?34c2ba13f0e2f72f70aa9450a7db897ee4368bfef75140d82a81618f2fe022a1,gx-no-cache=1457019683463 HTTP/1.1" 200 111
186.78.45.190 - - [03/Mar/2016:12:40:56 -0300] "GET /cormun/static/Shared/jqueryui/images/ui-icons_82798d_256x240.png HTTP/1.1" 404 1089
186.78.45.190 - - [03/Mar/2016:12:40:56 -0300] "GET /cormun/static/Shared/jqueryui/images/ui-bg_highlight-soft_100_c6c2c8_1x100.png HTTP/1.1" 404 1117
186.78.45.190 - - [03/Mar/2016:12:40:56 -0300] "GET /cormun/static/Shared/jqueryui/images/ui-bg_flat_55_994d53_40x100.png HTTP/1.1" 404 1097
186.78.45.190 - - [03/Mar/2016:12:40:56 -0300] "GET /cormun/static/Shared/jqueryui/images/ui-icons_ebccce_256x240.png HTTP/1.1" 404 1089
186.78.45.190 - - [03/Mar/2016:12:41:00 -0300] "GET /cormun/static/Resources/resize.gif HTTP/1.1" 200 77
186.78.45.190 - - [03/Mar/2016:12:41:00 -0300] "GET /cormun/servlet/prfichaempleado?,MD,,gxPopupLevel%3D0%3B HTTP/1.1" 200 7912
186.78.45.190 - - [03/Mar/2016:12:41:00 -0300] "GET /cormun/static/gxui/gxui-all.css?1917420 HTTP/1.1" 200 2179
186.78.45.190 - - [03/Mar/2016:12:41:00 -0300] "GET /cormun/static/scaMessage/css/jquery-ui.css?104140 HTTP/1.1" 404 1045
186.78.45.190 - - [03/Mar/2016:12:41:00 -0300] "GET /cormun/static/gxcfg.js?201511151625694 HTTP/1.1" 200 953
186.78.45.190 - - [03/Mar/2016:12:41:00 -0300] "GET /cormun/static/Resources/PXToolsMenuSearch.png HTTP/1.1" 200 2914
186.78.45.190 - - [03/Mar/2016:12:41:00 -0300] "GET /cormun/static/Resources/PXToolsMenuSearchCancel.png HTTP/1.1" 200 2972
186.78.45.190 - - [03/Mar/2016:12:41:00 -0300] "GET /cormun/static/menusearch.js?20163219454787 HTTP/1.1" 200 1424
186.78.45.190 - - [03/Mar/2016:12:41:00 -0300] "GET /cormun/static/prfichaempleado.js?201511151625857 HTTP/1.1" 200 14240
186.78.45.190 - - [03/Mar/2016:12:41:00 -0300] "GET /cormun/static/Resources/Spanish/PXTools.css?16184758 HTTP/1.1" 200 89042
186.78.45.190 - - [03/Mar/2016:12:41:00 -0300] "GET /cormun/static/hmpwkw01.js?201511211495945 HTTP/1.1" 200 2037
