186.103.159.204 - - [03/Mar/2016:11:22:21 -0300] "GET /cormun/servlet/trvisualizadoreventos? HTTP/1.1" 200 5941
186.78.57.210 - - [03/Mar/2016:11:22:25 -0300] "GET /cormun/servlet/trsolicitudot? HTTP/1.1" 200 7891
186.78.57.210 - - [03/Mar/2016:11:22:26 -0300] "GET /cormun/servlet/trsolicitudot? HTTP/1.1" 200 7886
186.103.159.204 - - [03/Mar/2016:11:22:29 -0300] "POST /cormun/servlet/trvisualizadoreventos?9ca652368fd7fa7bf6c59e588ba428b7,,gx-no-cache=1457014971850 HTTP/1.1" 200 3279
186.103.159.204 - - [03/Mar/2016:11:22:29 -0300] "POST /cormun/servlet/trvisualizadoreventos?9ca652368fd7fa7bf6c59e588ba428b7,,gx-no-cache=1457014972026 HTTP/1.1" 200 3279
186.103.159.204 - - [03/Mar/2016:11:22:29 -0300] "POST /cormun/servlet/trvisualizadoreventos?9ca652368fd7fa7bf6c59e588ba428b7,,gx-no-cache=1457014972183 HTTP/1.1" 200 3279
186.103.159.204 - - [03/Mar/2016:11:22:29 -0300] "POST /cormun/servlet/trvisualizadoreventos?9ca652368fd7fa7bf6c59e588ba428b7,,gx-no-cache=1457014972330 HTTP/1.1" 200 3279
186.78.57.210 - - [03/Mar/2016:11:22:34 -0300] "POST /cormun/servlet/trsolicitudot?47b2748899f65881853b1d07e208b3a8,,gx-no-cache=1457015014053 HTTP/1.1" 200 5004
186.78.57.210 - - [03/Mar/2016:11:22:35 -0300] "POST /cormun/servlet/trsolicitudot?47b2748899f65881853b1d07e208b3a8,,gx-no-cache=1457015014481 HTTP/1.1" 200 4945
186.103.159.204 - - [03/Mar/2016:11:22:38 -0300] "POST /cormun/servlet/trvisualizadoreventos?9ca652368fd7fa7bf6c59e588ba428b7,,gx-no-cache=1457014981634 HTTP/1.1" 200 90
186.103.159.204 - - [03/Mar/2016:11:22:38 -0300] "GET /cormun/servlet/hpexe_link HTTP/1.1" 200 968
186.103.159.204 - - [03/Mar/2016:11:22:39 -0300] "GET /cormun/static/hpexe_link.js?20151120044398 HTTP/1.1" 200 625
186.103.159.204 - - [03/Mar/2016:11:22:39 -0300] "GET /cormun/servlet/trsolicitudot HTTP/1.1" 200 6182
186.103.159.204 - - [03/Mar/2016:11:22:40 -0300] "GET /cormun/servlet/trsolicitudot HTTP/1.1" 200 6181
186.78.57.210 - - [03/Mar/2016:11:23:07 -0300] "GET /cormun/servlet/trsolicitudot? HTTP/1.1" 200 7530
186.78.57.210 - - [03/Mar/2016:11:23:08 -0300] "GET /cormun/servlet/trsolicitudot? HTTP/1.1" 200 7530
186.78.57.210 - - [03/Mar/2016:11:23:15 -0300] "GET /cormun/servlet/solicitudot?INS,0,0, HTTP/1.1" 200 11423
186.78.57.210 - - [03/Mar/2016:11:23:15 -0300] "GET /cormun/servlet/solicitudot?INS,0,0, HTTP/1.1" 200 11428
186.78.57.210 - - [03/Mar/2016:11:23:22 -0300] "GET /cormun/servlet/prfichaempleado?,MD,,gxPopupLevel%3D0%3B HTTP/1.1" 200 7902
186.78.57.210 - - [03/Mar/2016:11:23:22 -0300] "GET /cormun/static/scaMessage/css/jquery-ui.css?104140 HTTP/1.1" 404 1045
186.78.57.210 - - [03/Mar/2016:11:23:26 -0300] "GET /cormun/servlet/prfichaempleado?5a49bdae2c68333ab4144f9181a5167a649eba3bcab9649a0646c71e157e35d08f9ce3e0b9787cd8e37d855f0b9b964d24c3b18e19298106f90c6caff9e68a67,gx-no-cache=1457015066486 HTTP/1.1" 200 461
186.103.159.204 - - [03/Mar/2016:11:23:28 -0300] "POST /cormun/servlet/trsolicitudot?9ca652368fd7fa7bf6c59e588ba428b7,gx-no-cache=1457015031056 HTTP/1.1" 200 3506
186.78.57.210 - - [03/Mar/2016:11:23:28 -0300] "GET /cormun/servlet/prfichaempleado?5a49bdae2c68333ab4144f9181a5167a75ba53c09b60f641141651addf72c3f2f391e492211b210274634aaeccfb9f2895dd7862b03a8518fd54a863550bae41e0745e66df6410fdce3821953a047428,gx-no-cache=1457015068127 HTTP/1.1" 200 473
186.103.159.204 - - [03/Mar/2016:11:23:28 -0300] "POST /cormun/servlet/trsolicitudot?9ca652368fd7fa7bf6c59e588ba428b7,gx-no-cache=1457015031239 HTTP/1.1" 200 3506
186.103.159.204 - - [03/Mar/2016:11:23:28 -0300] "GET /cormun/static/menuarrow.gif HTTP/1.1" 404 1015
186.78.57.210 - - [03/Mar/2016:11:23:29 -0300] "GET /cormun/servlet/prfichaempleado?5a49bdae2c68333ab4144f9181a5167a75ba53c09b60f641141651addf72c3f2b8b2353c0035d5497acb734fc72cef30f98241de69e82f5579bd6e51a29164116c746b6d874f45677ef94179ac04ba2a,gx-no-cache=1457015068685 HTTP/1.1" 200 475
186.78.57.210 - - [03/Mar/2016:11:23:33 -0300] "GET /cormun/servlet/prfichaempleado?5a49bdae2c68333ab4144f9181a5167a75ba53c09b60f641141651addf72c3f28d381c069f1115b1a5be8643219b42f098bd5ddf5030fbc4f0c521813ba519e339fcdf170a602574ac09486e89db0994,gx-no-cache=1457015073317 HTTP/1.1" 200 469
186.78.57.210 - - [03/Mar/2016:11:23:34 -0300] "GET /cormun/servlet/prfichaempleado?5a49bdae2c68333ab4144f9181a5167a75ba53c09b60f641141651addf72c3f258a5bfe40f3ac42ab5b10294bd65398be3c693301fbd88be13528a85746bf4026bd2cd93e40da58bbe00f85b409195ff,gx-no-cache=1457015074354 HTTP/1.1" 200 472
186.78.57.210 - - [03/Mar/2016:11:23:35 -0300] "GET /cormun/servlet/prfichaempleado?5a49bdae2c68333ab4144f9181a5167a75ba53c09b60f641141651addf72c3f2838ca31f1122ea8fc49c1f0ba987fb7d3797ee3aa947a73c79cd02a437a57faf001a749402014173437f4dce0ef018e7,gx-no-cache=1457015074870 HTTP/1.1" 200 472
186.78.57.210 - - [03/Mar/2016:11:23:36 -0300] "GET /cormun/servlet/prfichaempleado?5a49bdae2c68333ab4144f9181a5167a75ba53c09b60f641141651addf72c3f200b13ab61ac81889bf3577719545a997cc06f4f2360a0902f82b0287cb5d7dea0697dc7bb76deb8429da44f6858d8834,gx-no-cache=1457015075705 HTTP/1.1" 200 474
186.78.57.210 - - [03/Mar/2016:11:23:36 -0300] "GET /cormun/servlet/prfichaempleado?5a49bdae2c68333ab4144f9181a5167a75ba53c09b60f641141651addf72c3f2d284b5a150dd9d7e61906fca727af3d46f4d0b70506c8ff09a4f9c456b80d0ac61807ac625bc2e996fcee13c39eb8f0e,gx-no-cache=1457015076377 HTTP/1.1" 200 476
186.103.159.204 - - [03/Mar/2016:11:23:37 -0300] "POST /cormun/servlet/trsolicitudot?9ca652368fd7fa7bf6c59e588ba428b7,gx-no-cache=1457015039829 HTTP/1.1" 200 3517
186.103.159.204 - - [03/Mar/2016:11:23:37 -0300] "POST /cormun/servlet/trsolicitudot?9ca652368fd7fa7bf6c59e588ba428b7,gx-no-cache=1457015039978 HTTP/1.1" 200 3516
186.103.159.204 - - [03/Mar/2016:11:23:38 -0300] "POST /cormun/servlet/trsolicitudot?9ca652368fd7fa7bf6c59e588ba428b7,gx-no-cache=1457015041049 HTTP/1.1" 200 4947
186.103.159.204 - - [03/Mar/2016:11:23:38 -0300] "GET /cormun/servlet/trsolicitudot?f63ba805c61139ea5824e81f042791ec70f54f7440a3335aa475a9a67c2cf0c0f554d8af17a7b15f62d3bbf456651edffec45155d2cbbbbf9bfea829ebf401d13762c692dd247f473b0dec1a4ac57da9,gx-no-cache=1457015041453 HTTP/1.1" 200 2224
186.78.57.210 - - [03/Mar/2016:11:23:39 -0300] "POST /cormun/servlet/prfichaempleado?47b2748899f65881853b1d07e208b3a8,,MD,,gxPopupLevel%3D0%3B,gx-no-cache=1457015078885 HTTP/1.1" 200 2881
186.103.159.204 - - [03/Mar/2016:11:23:41 -0300] "POST /cormun/servlet/trsolicitudot?9ca652368fd7fa7bf6c59e588ba428b7,gx-no-cache=1457015043934 HTTP/1.1" 200 4948
186.103.159.204 - - [03/Mar/2016:11:23:41 -0300] "POST /cormun/servlet/trsolicitudot?9ca652368fd7fa7bf6c59e588ba428b7,gx-no-cache=1457015044110 HTTP/1.1" 200 4947
186.103.159.204 - - [03/Mar/2016:11:23:41 -0300] "POST /cormun/servlet/trsolicitudot?9ca652368fd7fa7bf6c59e588ba428b7,gx-no-cache=1457015044298 HTTP/1.1" 200 4948
186.103.159.204 - - [03/Mar/2016:11:23:41 -0300] "POST /cormun/servlet/trsolicitudot?9ca652368fd7fa7bf6c59e588ba428b7,gx-no-cache=1457015044501 HTTP/1.1" 200 4947
186.78.57.210 - - [03/Mar/2016:11:23:44 -0300] "POST /cormun/servlet/solicitudot?gx-no-cache=1457015084273 HTTP/1.1" 200 2780
186.78.57.210 - - [03/Mar/2016:11:23:45 -0300] "POST /cormun/servlet/solicitudot?47b2748899f65881853b1d07e208b3a8,INS,0,0,,gx-no-cache=1457015085141 HTTP/1.1" 200 8391
186.78.57.210 - - [03/Mar/2016:11:23:46 -0300] "GET /cormun/servlet/solicitudot?6e39a9a0d1bc265ceaef7678f52d3ee746c146877f0e16fab9e68bae78b7b8fadd9e96aa7d8ea484af62e47c500cb145,gx-no-cache=1457015085710 HTTP/1.1" 200 30
186.78.57.210 - - [03/Mar/2016:11:23:52 -0300] "POST /cormun/servlet/solicitudot?gx-no-cache=1457015091963 HTTP/1.1" 200 30
186.78.57.210 - - [03/Mar/2016:11:23:54 -0300] "POST /cormun/servlet/solicitudot?gx-no-cache=1457015093758 HTTP/1.1" 200 30
186.78.57.210 - - [03/Mar/2016:11:24:00 -0300] "POST /cormun/servlet/solicitudot?gx-no-cache=1457015100089 HTTP/1.1" 200 1157
186.103.159.204 - - [03/Mar/2016:11:24:00 -0300] "GET /cormun/servlet/solicitudot?INS,0,0, HTTP/1.1" 200 11442
186.78.57.210 - - [03/Mar/2016:11:24:00 -0300] "GET /cormun/servlet/solicitudot?6e39a9a0d1bc265ceaef7678f52d3ee73b42368082a26ed9f40176c1090a5dddefcc89cf04a7367b20aa0b15d0cf6d5cdd9bb71e5e34df6f44f03dc274bd650ccce8037730835b4e1fdd495fedd66039a22a0e058346304f2d6963602213d89e0cd63fdd396f3960549a642d5f3fcff4c788d90daf63e2a97475704b8c446bca96c2ca1fe29d013f13e3bc74be01c2b9,gx-no-cache=1457015100238 HTTP/1.1" 200 38
186.103.159.204 - - [03/Mar/2016:11:24:01 -0300] "GET /cormun/servlet/solicitudot?INS,0,0, HTTP/1.1" 200 11447
186.103.159.204 - - [03/Mar/2016:11:24:31 -0300] "POST /cormun/servlet/solicitudot?gx-no-cache=1457015093774 HTTP/1.1" 200 2759
186.103.159.204 - - [03/Mar/2016:11:24:31 -0300] "POST /cormun/servlet/solicitudot?9ca652368fd7fa7bf6c59e588ba428b7,INS,0,0,,gx-no-cache=1457015093941 HTTP/1.1" 200 8395
186.103.159.204 - - [03/Mar/2016:11:24:40 -0300] "GET /cormun/servlet/solicitudot?8af182364616f29d3fe7c33ff8067d53902f42ec56c0df92616fc84bf8a41664b1020db115e60242edd3b68f9f631af6,gx-no-cache=1457015103392 HTTP/1.1" 200 30
186.103.159.204 - - [03/Mar/2016:11:24:40 -0300] "POST /cormun/servlet/solicitudot?gx-no-cache=1457015103453 HTTP/1.1" 200 120
186.103.159.204 - - [03/Mar/2016:11:24:40 -0300] "GET /cormun/static/Shared/jqueryui/images/ui-bg_highlight-soft_100_c6c2c8_1x100.png HTTP/1.1" 404 1117
186.103.159.204 - - [03/Mar/2016:11:24:40 -0300] "GET /cormun/static/Shared/jqueryui/images/ui-icons_82798d_256x240.png HTTP/1.1" 404 1089
186.103.159.204 - - [03/Mar/2016:11:24:40 -0300] "GET /cormun/static/Shared/jqueryui/images/ui-icons_ebccce_256x240.png HTTP/1.1" 404 1089
186.103.159.204 - - [03/Mar/2016:11:24:40 -0300] "GET /cormun/static/Shared/jqueryui/images/ui-bg_flat_55_994d53_40x100.png HTTP/1.1" 404 1097
186.103.159.204 - - [03/Mar/2016:11:24:40 -0300] "POST /cormun/servlet/solicitudot?gx-no-cache=1457015103533 HTTP/1.1" 200 33
186.103.159.204 - - [03/Mar/2016:11:24:40 -0300] "POST /cormun/servlet/solicitudot?gx-no-cache=1457015103621 HTTP/1.1" 200 452
186.103.159.204 - - [03/Mar/2016:11:24:41 -0300] "GET /cormun/servlet/solicitudot?8af182364616f29d3fe7c33ff8067d53d662a6de5b95c6de443dae159ab83705d81a1a3b7805454d4cfb2e3ab3b40a1a81319a7348dd31106dfef357fe6b9f9b25a97c6519f517e81d398984c64f4d75f91b1286b7fba7cc33c9745428413cbfa1d49bb41a67919c4ed4100967ec32d4360dc2b4095110f3579464f81925213bc98674aa4c316a075660c02bd15df318,gx-no-cache=1457015103719 HTTP/1.1" 200 38
186.78.57.210 - - [03/Mar/2016:11:24:58 -0300] "GET /cormun/servlet/solicitudot?6e39a9a0d1bc265ceaef7678f52d3ee760e6ddc2d33d5a9f4849f6e5f2ec557a57926716032d05535c6c9a99fdb061594c8c087191093b0d881d0803b6641c86d5c5bde1f4277370a316ff7200920f6610c757158a4c393393c46c90dddd94e1e1a74df0baa8d2f3ee0c9d552a8c7df8,gx-no-cache=1457015158110 HTTP/1.1" 200 29
186.78.57.210 - - [03/Mar/2016:11:24:58 -0300] "POST /cormun/servlet/solicitudot?gx-no-cache=1457015158404 HTTP/1.1" 200 1116
191.112.78.213 - - [03/Mar/2016:11:25:16 -0300] "GET /cormun/servlet/hlogin HTTP/1.1" 200 1720
186.78.57.210 - - [03/Mar/2016:11:25:20 -0300] "GET /cormun/servlet/solicitudot?6e39a9a0d1bc265ceaef7678f52d3ee787c29a9994f0bc08b40b5122ca1ae5c5d7ae4b98996a1c7f96fe4ea2d9cb0c54b12cefeb85c121336ca26571b1a11a8f197898cd665fb4dd4f0ec214789a202e413ab53818e1945ccb9fdfecf59007d3a6b030301367140c9ef7cf5dec91b7752802bcc69b37011aed529050ffe7687e556976f1633dfeb6dd8dbd24b114b7fc8c94c031966bb4feb62720c34cd051a8587be19ec5aba2b1734a330d04442ecc,gx-no-cache=1457015180024 HTTP/1.1" 200 30
191.112.78.213 - - [03/Mar/2016:11:25:24 -0300] "POST /cormun/servlet/hlogin?78a791391b8286a9b26165191b25347f,gx-no-cache=1457015149546 HTTP/1.1" 200 90
191.112.78.213 - - [03/Mar/2016:11:25:24 -0300] "GET /cormun/servlet/hpexe_link HTTP/1.1" 200 953
186.103.159.204 - - [03/Mar/2016:11:25:24 -0300] "POST /cormun/servlet/solicitudot?gx-no-cache=1457015147654 HTTP/1.1" 200 120
186.103.159.204 - - [03/Mar/2016:11:25:25 -0300] "POST /cormun/servlet/solicitudot?gx-no-cache=1457015147725 HTTP/1.1" 200 33
186.103.159.204 - - [03/Mar/2016:11:25:25 -0300] "POST /cormun/servlet/solicitudot?gx-no-cache=1457015147776 HTTP/1.1" 200 452
186.103.159.204 - - [03/Mar/2016:11:25:25 -0300] "GET /cormun/servlet/solicitudot?8af182364616f29d3fe7c33ff8067d53d662a6de5b95c6de443dae159ab83705d81a1a3b7805454d4cfb2e3ab3b40a1a81319a7348dd31106dfef357fe6b9f9b25a97c6519f517e81d398984c64f4d75f91b1286b7fba7cc33c9745428413cbfa1d49bb41a67919c4ed4100967ec32d4360dc2b4095110f3579464f81925213bc98674aa4c316a075660c02bd15df318,gx-no-cache=1457015147854 HTTP/1.1" 200 38
186.103.159.204 - - [03/Mar/2016:11:25:25 -0300] "GET /cormun/servlet/solicitudot?8af182364616f29d3fe7c33ff8067d53aaa515ea49327a4a9ad15b5f42c9ab9c2bd687bb0e752cf8193cadfca83f78d3fb6b70f6500ed548e1f7814e5a389c0970738f97130f78e6d714e315e7b19e5fc36da7a994d50b021b8a461ec4fd700b6220f31fc937528ebc185151d1fae560,gx-no-cache=1457015147908 HTTP/1.1" 200 29
191.112.78.213 - - [03/Mar/2016:11:25:25 -0300] "GET /cormun/servlet/hhome HTTP/1.1" 200 3451
186.103.159.204 - - [03/Mar/2016:11:25:25 -0300] "POST /cormun/servlet/solicitudot?gx-no-cache=1457015147941 HTTP/1.1" 200 404
191.112.78.213 - - [03/Mar/2016:11:25:25 -0300] "GET /cormun/static/Resources/Spanish/PXTools.css?10515224 HTTP/1.1" 304 -
191.112.78.213 - - [03/Mar/2016:11:25:25 -0300] "GET /cormun/static/gxcfg.js?2015112210564248 HTTP/1.1" 304 -
191.112.78.213 - - [03/Mar/2016:11:25:26 -0300] "GET /cormun/static/hhome.js?2015112210564255 HTTP/1.1" 304 -
191.112.78.213 - - [03/Mar/2016:11:25:28 -0300] "GET /cormun/servlet/hhome HTTP/1.1" 200 3448
186.103.159.204 - - [03/Mar/2016:11:25:30 -0300] "GET /cormun/static/menuarrow.gif HTTP/1.1" 404 1015
186.103.159.204 - - [03/Mar/2016:11:25:31 -0300] "POST /cormun/servlet/solicitudot?gx-no-cache=1457015154531 HTTP/1.1" 200 120
186.103.159.204 - - [03/Mar/2016:11:25:31 -0300] "POST /cormun/servlet/solicitudot?gx-no-cache=1457015154601 HTTP/1.1" 200 33
186.103.159.204 - - [03/Mar/2016:11:25:31 -0300] "POST /cormun/servlet/solicitudot?gx-no-cache=1457015154677 HTTP/1.1" 200 452
186.103.159.204 - - [03/Mar/2016:11:25:32 -0300] "GET /cormun/servlet/solicitudot?8af182364616f29d3fe7c33ff8067d53d662a6de5b95c6de443dae159ab83705d81a1a3b7805454d4cfb2e3ab3b40a1a81319a7348dd31106dfef357fe6b9f9b25a97c6519f517e81d398984c64f4d75f91b1286b7fba7cc33c9745428413cbfa1d49bb41a67919c4ed4100967ec32d4360dc2b4095110f3579464f81925213bc98674aa4c316a075660c02bd15df318,gx-no-cache=1457015154777 HTTP/1.1" 200 38
186.103.159.204 - - [03/Mar/2016:11:25:32 -0300] "POST /cormun/servlet/solicitudot?gx-no-cache=1457015154852 HTTP/1.1" 200 404
191.112.78.213 - - [03/Mar/2016:11:25:32 -0300] "GET /cormun/servlet/trsolicitudot? HTTP/1.1" 200 6210
186.78.57.210 - - [03/Mar/2016:11:25:33 -0300] "POST /cormun/servlet/solicitudot?47b2748899f65881853b1d07e208b3a8,INS,0,0,,gx-no-cache=1457015192360 HTTP/1.1" 200 93
186.78.57.210 - - [03/Mar/2016:11:25:33 -0300] "GET /cormun/servlet/hpexe_return? HTTP/1.1" 200 1008
186.78.57.210 - - [03/Mar/2016:11:25:33 -0300] "GET /cormun/servlet/trsolicitudot HTTP/1.1" 200 7873
186.78.57.210 - - [03/Mar/2016:11:25:33 -0300] "GET /cormun/servlet/trsolicitudot HTTP/1.1" 200 7870
191.112.78.213 - - [03/Mar/2016:11:25:35 -0300] "GET /cormun/servlet/trsolicitudot? HTTP/1.1" 200 6209
191.112.78.213 - - [03/Mar/2016:11:25:38 -0300] "GET /cormun/static/menuarrow.gif HTTP/1.1" 404 1015
186.78.57.210 - - [03/Mar/2016:11:25:41 -0300] "POST /cormun/servlet/trsolicitudot?47b2748899f65881853b1d07e208b3a8,gx-no-cache=1457015201364 HTTP/1.1" 200 105
186.78.57.210 - - [03/Mar/2016:11:25:42 -0300] "GET /cormun/servlet/solicitudot?UPD,2016,489, HTTP/1.1" 200 12663
186.78.57.210 - - [03/Mar/2016:11:25:42 -0300] "GET /cormun/servlet/solicitudot?UPD,2016,489, HTTP/1.1" 200 12672
186.78.57.210 - - [03/Mar/2016:11:25:43 -0300] "POST /cormun/servlet/solicitudot?gx-no-cache=1457015202759 HTTP/1.1" 200 2780
186.78.57.210 - - [03/Mar/2016:11:25:43 -0300] "POST /cormun/servlet/solicitudot?47b2748899f65881853b1d07e208b3a8,UPD,2016,489,,gx-no-cache=1457015203122 HTTP/1.1" 200 9062
186.78.57.210 - - [03/Mar/2016:11:25:43 -0300] "GET /cormun/servlet/solicitudot?6e39a9a0d1bc265ceaef7678f52d3ee746c146877f0e16fab9e68bae78b7b8fa58e7eec6db14ff20517d1cad06b2fa04,gx-no-cache=1457015203531 HTTP/1.1" 200 30
186.78.57.210 - - [03/Mar/2016:11:25:44 -0300] "POST /cormun/servlet/solicitudot?gx-no-cache=1457015203690 HTTP/1.1" 200 30
186.78.57.210 - - [03/Mar/2016:11:25:44 -0300] "POST /cormun/servlet/solicitudot?gx-no-cache=1457015203823 HTTP/1.1" 200 30
186.78.57.210 - - [03/Mar/2016:11:25:44 -0300] "POST /cormun/servlet/solicitudot?gx-no-cache=1457015204018 HTTP/1.1" 200 1157
186.103.159.204 - - [03/Mar/2016:11:25:45 -0300] "GET /cormun/servlet/solicitudot?8af182364616f29d3fe7c33ff8067d53341500f5de95a01013a40be26a99241073e13548b41dbd08cb6bb53916ebd676f133d85527ec6804331a2de70a7bc5aae5aa4bd4380f677c7c6a716a33d3312e5c1104abaf2464fb6f9d150555e79f9410f1010b02d99e0a08827b7d357c60aa069cd99574444df6b5dbadac8def07525197c33344aaae55cb760c47df3e71d45b196011f7329d7d15617d18b5469eac9dff489dc564f66e4195a4e0cac97161,gx-no-cache=1457015167821 HTTP/1.1" 200 30
186.78.57.210 - - [03/Mar/2016:11:25:45 -0300] "GET /cormun/servlet/solicitudot?6e39a9a0d1bc265ceaef7678f52d3ee73b42368082a26ed9f40176c1090a5dddefcc89cf04a7367b20aa0b15d0cf6d5cdd9bb71e5e34df6f44f03dc274bd650ccce8037730835b4e1fdd495fedd66039a22a0e058346304f2d6963602213d89e0cd63fdd396f3960549a642d5f3fcff4c788d90daf63e2a97475704b8c446bca570619ea29a87995fea23280d024c045cd8106e10bf6fb6bfa35e7d152094c1e,gx-no-cache=1457015204325 HTTP/1.1" 200 41
186.78.57.210 - - [03/Mar/2016:11:25:47 -0300] "GET /cormun/servlet/solicitudot?6e39a9a0d1bc265ceaef7678f52d3ee79758430a099ce6be1f8b7a0a35189ffbe4d98e422e3afde2b8e4604ba07932390f2eabf657dcd170dbf152b9807294e12f9447cf4e087bc55d3dc9e623457cbf6827af130e0fc88183873d84ba2f2c1287da3c22be31a9e7678dbfe8ecd1e2a6,gx-no-cache=1457015206999 HTTP/1.1" 200 29
186.78.57.210 - - [03/Mar/2016:11:25:47 -0300] "POST /cormun/servlet/solicitudot?gx-no-cache=1457015207082 HTTP/1.1" 200 1116
191.112.78.213 - - [03/Mar/2016:11:25:53 -0300] "POST /cormun/servlet/trsolicitudot?78a791391b8286a9b26165191b25347f,,gx-no-cache=1457015178164 HTTP/1.1" 200 7777
191.112.78.213 - - [03/Mar/2016:11:25:54 -0300] "POST /cormun/servlet/trsolicitudot?78a791391b8286a9b26165191b25347f,,gx-no-cache=1457015179031 HTTP/1.1" 200 7775
191.112.78.213 - - [03/Mar/2016:11:26:04 -0300] "POST /cormun/servlet/trsolicitudot?78a791391b8286a9b26165191b25347f,,gx-no-cache=1457015188930 HTTP/1.1" 200 7775
191.112.78.213 - - [03/Mar/2016:11:26:05 -0300] "POST /cormun/servlet/trsolicitudot?78a791391b8286a9b26165191b25347f,,gx-no-cache=1457015190084 HTTP/1.1" 200 7776
191.112.78.213 - - [03/Mar/2016:11:26:06 -0300] "POST /cormun/servlet/trsolicitudot?78a791391b8286a9b26165191b25347f,,gx-no-cache=1457015191246 HTTP/1.1" 200 7775
191.112.78.213 - - [03/Mar/2016:11:26:07 -0300] "POST /cormun/servlet/trsolicitudot?78a791391b8286a9b26165191b25347f,,gx-no-cache=1457015192506 HTTP/1.1" 200 7775
191.112.78.213 - - [03/Mar/2016:11:26:08 -0300] "POST /cormun/servlet/trsolicitudot?78a791391b8286a9b26165191b25347f,,gx-no-cache=1457015193754 HTTP/1.1" 200 7776
191.112.78.213 - - [03/Mar/2016:11:26:10 -0300] "POST /cormun/servlet/trsolicitudot?78a791391b8286a9b26165191b25347f,,gx-no-cache=1457015195143 HTTP/1.1" 200 105
191.112.78.213 - - [03/Mar/2016:11:26:10 -0300] "GET /cormun/servlet/trsolicitudadjuntos?2016,462, HTTP/1.1" 200 5389
191.112.78.213 - - [03/Mar/2016:11:26:12 -0300] "GET /cormun/servlet/trsolicitudadjuntos?2016,462, HTTP/1.1" 200 5389
186.103.159.204 - - [03/Mar/2016:11:26:14 -0300] "POST /cormun/servlet/solicitudot?9ca652368fd7fa7bf6c59e588ba428b7,INS,0,0,,gx-no-cache=1457015197108 HTTP/1.1" 200 8765
191.112.78.213 - - [03/Mar/2016:11:26:14 -0300] "GET /cormun/servlet/solicitudotadjuntos?INS,2016,462,,1, HTTP/1.1" 200 5472
191.112.78.213 - - [03/Mar/2016:11:26:15 -0300] "GET /cormun/static/about:blank HTTP/1.1" 404 1011
191.112.78.213 - - [03/Mar/2016:11:26:16 -0300] "GET /cormun/servlet/solicitudotadjuntos?INS,2016,462,,1, HTTP/1.1" 200 5466
191.112.78.213 - - [03/Mar/2016:11:26:17 -0300] "GET /cormun/servlet/solicitudotadjuntos?5dc64e72aa6460987ed563b8bb772a1e6d804515e2fe519c2e9bf8ff5c08d64dcc79a545b9cadcb53d627544da7dec2e,gx-no-cache=1457015202778 HTTP/1.1" 200 30
191.112.78.213 - - [03/Mar/2016:11:26:17 -0300] "POST /cormun/servlet/solicitudotadjuntos?78a791391b8286a9b26165191b25347f,INS,2016,462,,1,,gx-no-cache=1457015202933 HTTP/1.1" 200 3374
191.112.78.213 - - [03/Mar/2016:11:26:20 -0300] "POST /cormun/servlet/solicitudotadjuntos?gx-no-cache=1457015205695 HTTP/1.1" 200 26
191.112.78.213 - - [03/Mar/2016:11:26:29 -0300] "GET /cormun/servlet/solicitudotadjuntos?5dc64e72aa6460987ed563b8bb772a1eb7d76dcf35d15f6dca7db02f4044a319,gx-no-cache=1457015214869 HTTP/1.1" 200 30
191.112.78.213 - - [03/Mar/2016:11:26:29 -0300] "GET /cormun/servlet/solicitudotadjuntos?5dc64e72aa6460987ed563b8bb772a1eb7d76dcf35d15f6dca7db02f4044a319,gx-no-cache=1457015214956 HTTP/1.1" 200 30
191.112.78.213 - - [03/Mar/2016:11:26:31 -0300] "POST /cormun/servlet/solicitudotadjuntos?78a791391b8286a9b26165191b25347f,INS,2016,462,,1, HTTP/1.1" 200 116
191.112.78.213 - - [03/Mar/2016:11:26:31 -0300] "GET /cormun/servlet/hpexe_return? HTTP/1.1" 200 1028
191.112.78.213 - - [03/Mar/2016:11:26:32 -0300] "GET /cormun/static/Resources/Spanish/PXTools.css?12112540 HTTP/1.1" 304 -
191.112.78.213 - - [03/Mar/2016:11:26:32 -0300] "GET /cormun/static/gxcfg.js?2015111312145050 HTTP/1.1" 304 -
191.112.78.213 - - [03/Mar/2016:11:26:32 -0300] "GET /cormun/static/hpexe_return.js?2015111312145056 HTTP/1.1" 304 -
191.112.78.213 - - [03/Mar/2016:11:26:32 -0300] "GET /cormun/servlet/trsolicitudadjuntos?2016,462, HTTP/1.1" 200 7294
191.112.78.213 - - [03/Mar/2016:11:26:35 -0300] "GET /cormun/servlet/trsolicitudadjuntos?2016,462, HTTP/1.1" 200 7292
186.78.57.210 - - [03/Mar/2016:11:26:35 -0300] "POST /cormun/servlet/trautorizarsolicitud?2f5996172139acdb0f2129849d5f1f23,,gx-no-cache=1457015303725 HTTP/1.1" 200 110
186.78.57.210 - - [03/Mar/2016:11:26:36 -0300] "GET /cormun/AutorizarSolicitud-4859.xls HTTP/1.1" 200 5120
191.112.78.213 - - [03/Mar/2016:11:26:37 -0300] "GET /cormun/servlet/solicitudotadjuntos?INS,2016,462,,1, HTTP/1.1" 200 5472
191.112.78.213 - - [03/Mar/2016:11:26:38 -0300] "GET /cormun/static/about:blank HTTP/1.1" 404 1011
191.112.78.213 - - [03/Mar/2016:11:26:39 -0300] "GET /cormun/servlet/solicitudotadjuntos?INS,2016,462,,1, HTTP/1.1" 200 5466
191.112.78.213 - - [03/Mar/2016:11:26:40 -0300] "GET /cormun/servlet/solicitudotadjuntos?5dc64e72aa6460987ed563b8bb772a1e6d804515e2fe519c2e9bf8ff5c08d64dcc79a545b9cadcb53d627544da7dec2e,gx-no-cache=1457015225665 HTTP/1.1" 200 30
191.112.78.213 - - [03/Mar/2016:11:26:40 -0300] "POST /cormun/servlet/solicitudotadjuntos?78a791391b8286a9b26165191b25347f,INS,2016,462,,1,,gx-no-cache=1457015225806 HTTP/1.1" 200 3374
186.103.159.204 - - [03/Mar/2016:11:26:42 -0300] "POST /cormun/servlet/solicitudot?gx-no-cache=1457015225354 HTTP/1.1" 200 120
186.103.159.204 - - [03/Mar/2016:11:26:42 -0300] "POST /cormun/servlet/solicitudot?gx-no-cache=1457015225413 HTTP/1.1" 200 33
186.103.159.204 - - [03/Mar/2016:11:26:42 -0300] "POST /cormun/servlet/solicitudot?gx-no-cache=1457015225474 HTTP/1.1" 200 452
186.103.159.204 - - [03/Mar/2016:11:26:42 -0300] "GET /cormun/servlet/solicitudot?8af182364616f29d3fe7c33ff8067d53d662a6de5b95c6de443dae159ab83705d81a1a3b7805454d4cfb2e3ab3b40a1a81319a7348dd31106dfef357fe6b9f9b25a97c6519f517e81d398984c64f4d75f91b1286b7fba7cc33c9745428413cbfa1d49bb41a67919c4ed4100967ec32d4360dc2b4095110f3579464f81925213b28b120fae27b25ef1a5763695b3fd8c164b00cb47a8f2802be9f8ef78019c768,gx-no-cache=1457015225567 HTTP/1.1" 200 41
186.103.159.204 - - [03/Mar/2016:11:26:42 -0300] "POST /cormun/servlet/solicitudot?gx-no-cache=1457015225632 HTTP/1.1" 200 404
186.103.159.204 - - [03/Mar/2016:11:26:42 -0300] "GET /cormun/servlet/solicitudot?8af182364616f29d3fe7c33ff8067d53341500f5de95a01013a40be26a99241073e13548b41dbd08cb6bb53916ebd676f133d85527ec6804331a2de70a7bc5aae5aa4bd4380f677c7c6a716a33d3312e5c1104abaf2464fb6f9d150555e79f9410f1010b02d99e0a08827b7d357c60aa069cd99574444df6b5dbadac8def07525197c33344aaae55cb760c47df3e71d45b196011f7329d7d15617d18b5469eac9dff489dc564f66e4195a4e0cac97161,gx-no-cache=1457015225673 HTTP/1.1" 200 30
186.103.159.204 - - [03/Mar/2016:11:26:43 -0300] "POST /cormun/servlet/solicitudot?9ca652368fd7fa7bf6c59e588ba428b7,INS,0,0,,gx-no-cache=1457015225712 HTTP/1.1" 200 8790
191.112.78.213 - - [03/Mar/2016:11:26:46 -0300] "POST /cormun/servlet/solicitudotadjuntos?gx-no-cache=1457015232098 HTTP/1.1" 200 26
191.112.78.213 - - [03/Mar/2016:11:26:53 -0300] "GET /cormun/servlet/solicitudotadjuntos?5dc64e72aa6460987ed563b8bb772a1eb7d76dcf35d15f6dca7db02f4044a319,gx-no-cache=1457015238873 HTTP/1.1" 200 30
191.112.78.213 - - [03/Mar/2016:11:26:53 -0300] "GET /cormun/servlet/solicitudotadjuntos?5dc64e72aa6460987ed563b8bb772a1eb7d76dcf35d15f6dca7db02f4044a319,gx-no-cache=1457015238988 HTTP/1.1" 200 30
191.112.78.213 - - [03/Mar/2016:11:26:55 -0300] "POST /cormun/servlet/solicitudotadjuntos?78a791391b8286a9b26165191b25347f,INS,2016,462,,1, HTTP/1.1" 200 116
191.112.78.213 - - [03/Mar/2016:11:26:55 -0300] "GET /cormun/servlet/hpexe_return? HTTP/1.1" 200 1028
191.112.78.213 - - [03/Mar/2016:11:26:56 -0300] "GET /cormun/servlet/trsolicitudadjuntos?2016,462, HTTP/1.1" 200 7444
191.112.78.213 - - [03/Mar/2016:11:26:59 -0300] "GET /cormun/servlet/trsolicitudadjuntos?2016,462, HTTP/1.1" 200 7440
191.112.78.213 - - [03/Mar/2016:11:27:03 -0300] "GET /cormun/servlet/solicitudotadjuntos?INS,2016,462,,1, HTTP/1.1" 200 5472
191.112.78.213 - - [03/Mar/2016:11:27:05 -0300] "GET /cormun/static/about:blank HTTP/1.1" 404 1011
191.112.78.213 - - [03/Mar/2016:11:27:05 -0300] "GET /cormun/servlet/solicitudotadjuntos?INS,2016,462,,1, HTTP/1.1" 200 5466
191.112.78.213 - - [03/Mar/2016:11:27:05 -0300] "GET /cormun/servlet/solicitudotadjuntos?5dc64e72aa6460987ed563b8bb772a1e6d804515e2fe519c2e9bf8ff5c08d64dcc79a545b9cadcb53d627544da7dec2e,gx-no-cache=1457015251135 HTTP/1.1" 200 30
191.112.78.213 - - [03/Mar/2016:11:27:06 -0300] "POST /cormun/servlet/solicitudotadjuntos?78a791391b8286a9b26165191b25347f,INS,2016,462,,1,,gx-no-cache=1457015251361 HTTP/1.1" 200 3374
186.103.159.204 - - [03/Mar/2016:11:27:09 -0300] "POST /cormun/servlet/solicitudot?gx-no-cache=1457015251807 HTTP/1.1" 200 30
191.112.78.213 - - [03/Mar/2016:11:27:11 -0300] "POST /cormun/servlet/solicitudotadjuntos?gx-no-cache=1457015257171 HTTP/1.1" 200 26
186.103.159.204 - - [03/Mar/2016:11:27:14 -0300] "POST /cormun/servlet/solicitudot?gx-no-cache=1457015257160 HTTP/1.1" 200 452
186.103.159.204 - - [03/Mar/2016:11:27:14 -0300] "GET /cormun/servlet/solicitudot?8af182364616f29d3fe7c33ff8067d53d662a6de5b95c6de443dae159ab83705d81a1a3b7805454d4cfb2e3ab3b40a1a81319a7348dd31106dfef357fe6b9f9b25a97c6519f517e81d398984c64f4d75f91b1286b7fba7cc33c9745428413cbfa1d49bb41a67919c4ed4100967ec32d4360dc2b4095110f3579464f81925213b28b120fae27b25ef1a5763695b3fd8c164b00cb47a8f2802be9f8ef78019c768,gx-no-cache=1457015257261 HTTP/1.1" 200 41
186.103.159.204 - - [03/Mar/2016:11:27:14 -0300] "POST /cormun/servlet/solicitudot?gx-no-cache=1457015257549 HTTP/1.1" 200 404
186.103.159.204 - - [03/Mar/2016:11:27:14 -0300] "GET /cormun/servlet/solicitudot?8af182364616f29d3fe7c33ff8067d53341500f5de95a01013a40be26a99241073e13548b41dbd08cb6bb53916ebd676f133d85527ec6804331a2de70a7bc5aae5aa4bd4380f677c7c6a716a33d3312e5c1104abaf2464fb6f9d150555e79f9410f1010b02d99e0a08827b7d357c60aa069cd99574444df6b5dbadac8def07525197c33344aaae55cb760c47df3e71d45b196011f7329d7d15617d18b5469eac9dff489dc564f66e4195a4e0cac97161,gx-no-cache=1457015257590 HTTP/1.1" 200 30
186.103.159.204 - - [03/Mar/2016:11:27:15 -0300] "POST /cormun/servlet/solicitudot?9ca652368fd7fa7bf6c59e588ba428b7,INS,0,0,,gx-no-cache=1457015257621 HTTP/1.1" 200 8852
191.112.78.213 - - [03/Mar/2016:11:27:19 -0300] "GET /cormun/servlet/solicitudotadjuntos?5dc64e72aa6460987ed563b8bb772a1eb7d76dcf35d15f6dca7db02f4044a319,gx-no-cache=1457015264371 HTTP/1.1" 200 30
191.112.78.213 - - [03/Mar/2016:11:27:19 -0300] "GET /cormun/servlet/solicitudotadjuntos?5dc64e72aa6460987ed563b8bb772a1eb7d76dcf35d15f6dca7db02f4044a319,gx-no-cache=1457015264462 HTTP/1.1" 200 30
191.112.78.213 - - [03/Mar/2016:11:27:20 -0300] "POST /cormun/servlet/solicitudotadjuntos?78a791391b8286a9b26165191b25347f,INS,2016,462,,1, HTTP/1.1" 200 116
191.112.78.213 - - [03/Mar/2016:11:27:20 -0300] "GET /cormun/servlet/hpexe_return? HTTP/1.1" 200 1028
191.112.78.213 - - [03/Mar/2016:11:27:21 -0300] "GET /cormun/servlet/trsolicitudadjuntos?2016,462, HTTP/1.1" 200 7618
191.112.78.213 - - [03/Mar/2016:11:27:24 -0300] "GET /cormun/servlet/trsolicitudadjuntos?2016,462, HTTP/1.1" 200 7614
191.112.78.213 - - [03/Mar/2016:11:27:29 -0300] "GET /cormun/servlet/solicitudotadjuntos?INS,2016,462,,1, HTTP/1.1" 200 5473
191.112.78.213 - - [03/Mar/2016:11:27:29 -0300] "GET /cormun/static/about:blank HTTP/1.1" 404 1011
191.112.78.213 - - [03/Mar/2016:11:27:31 -0300] "GET /cormun/servlet/solicitudotadjuntos?INS,2016,462,,1, HTTP/1.1" 200 5467
191.112.78.213 - - [03/Mar/2016:11:27:31 -0300] "GET /cormun/servlet/solicitudotadjuntos?5dc64e72aa6460987ed563b8bb772a1e6d804515e2fe519c2e9bf8ff5c08d64dcc79a545b9cadcb53d627544da7dec2e,gx-no-cache=1457015277173 HTTP/1.1" 200 30
191.112.78.213 - - [03/Mar/2016:11:27:32 -0300] "POST /cormun/servlet/solicitudotadjuntos?78a791391b8286a9b26165191b25347f,INS,2016,462,,1,,gx-no-cache=1457015277315 HTTP/1.1" 200 3375
191.112.78.213 - - [03/Mar/2016:11:27:40 -0300] "POST /cormun/servlet/solicitudotadjuntos?gx-no-cache=1457015285966 HTTP/1.1" 200 26
186.103.159.204 - - [03/Mar/2016:11:27:51 -0300] "POST /cormun/servlet/solicitudot?gx-no-cache=1457015293916 HTTP/1.1" 200 30
186.103.159.204 - - [03/Mar/2016:11:27:51 -0300] "POST /cormun/servlet/solicitudot?gx-no-cache=1457015294021 HTTP/1.1" 200 452
186.103.159.204 - - [03/Mar/2016:11:27:51 -0300] "GET /cormun/servlet/solicitudot?8af182364616f29d3fe7c33ff8067d53d662a6de5b95c6de443dae159ab83705d81a1a3b7805454d4cfb2e3ab3b40a1a81319a7348dd31106dfef357fe6b9f9b25a97c6519f517e81d398984c64f4d75f91b1286b7fba7cc33c9745428413cbfa1d49bb41a67919c4ed4100967ec32d4360dc2b4095110f3579464f81925213b28b120fae27b25ef1a5763695b3fd8c164b00cb47a8f2802be9f8ef78019c768,gx-no-cache=1457015294147 HTTP/1.1" 200 41
186.103.159.204 - - [03/Mar/2016:11:27:51 -0300] "POST /cormun/servlet/solicitudot?gx-no-cache=1457015294227 HTTP/1.1" 200 404
186.103.159.204 - - [03/Mar/2016:11:27:51 -0300] "GET /cormun/servlet/solicitudot?8af182364616f29d3fe7c33ff8067d53341500f5de95a01013a40be26a99241073e13548b41dbd08cb6bb53916ebd676f133d85527ec6804331a2de70a7bc5aae5aa4bd4380f677c7c6a716a33d3312e5c1104abaf2464fb6f9d150555e79f9410f1010b02d99e0a08827b7d357c60aa069cd99574444df6b5dbadac8def07525197c33344aaae55cb760c47df3e71d45b196011f7329d7d15617d18b5469eac9dff489dc564f66e4195a4e0cac97161,gx-no-cache=1457015294268 HTTP/1.1" 200 30
186.103.159.204 - - [03/Mar/2016:11:27:51 -0300] "POST /cormun/servlet/solicitudot?9ca652368fd7fa7bf6c59e588ba428b7,INS,0,0,,gx-no-cache=1457015294312 HTTP/1.1" 200 8899
191.112.78.213 - - [03/Mar/2016:11:27:56 -0300] "GET /cormun/servlet/solicitudotadjuntos?5dc64e72aa6460987ed563b8bb772a1eb7d76dcf35d15f6dca7db02f4044a319,gx-no-cache=1457015301282 HTTP/1.1" 200 30
191.112.78.213 - - [03/Mar/2016:11:27:56 -0300] "GET /cormun/servlet/solicitudotadjuntos?5dc64e72aa6460987ed563b8bb772a1eb7d76dcf35d15f6dca7db02f4044a319,gx-no-cache=1457015301373 HTTP/1.1" 200 30
191.112.78.213 - - [03/Mar/2016:11:27:57 -0300] "POST /cormun/servlet/solicitudotadjuntos?78a791391b8286a9b26165191b25347f,INS,2016,462,,1, HTTP/1.1" 200 116
191.112.78.213 - - [03/Mar/2016:11:27:57 -0300] "GET /cormun/servlet/hpexe_return? HTTP/1.1" 200 1028
191.112.78.213 - - [03/Mar/2016:11:27:58 -0300] "GET /cormun/servlet/trsolicitudadjuntos?2016,462, HTTP/1.1" 200 7732
191.112.78.213 - - [03/Mar/2016:11:28:01 -0300] "GET /cormun/servlet/trsolicitudadjuntos?2016,462, HTTP/1.1" 200 7732
191.112.78.213 - - [03/Mar/2016:11:28:06 -0300] "GET /cormun/servlet/solicitudotadjuntos?INS,2016,462,,1, HTTP/1.1" 200 5473
186.78.57.210 - - [03/Mar/2016:11:28:06 -0300] "GET /cormun/servlet/solicitudot?6e39a9a0d1bc265ceaef7678f52d3ee787c29a9994f0bc08b40b5122ca1ae5c5d7ae4b98996a1c7f96fe4ea2d9cb0c54b12cefeb85c121336ca26571b1a11a8f197898cd665fb4dd4f0ec214789a202e413ab53818e1945ccb9fdfecf59007d3a6b030301367140c9ef7cf5dec91b7752802bcc69b37011aed529050ffe7687e556976f1633dfeb6dd8dbd24b114b7fc8c94c031966bb4feb62720c34cd051a8587be19ec5aba2b1734a330d04442ecc,gx-no-cache=1457015345900 HTTP/1.1" 200 30
186.78.57.210 - - [03/Mar/2016:11:28:06 -0300] "POST /cormun/servlet/solicitudot?47b2748899f65881853b1d07e208b3a8,UPD,2016,489,,gx-no-cache=1457015346084 HTTP/1.1" 200 93
186.78.57.210 - - [03/Mar/2016:11:28:06 -0300] "GET /cormun/servlet/hpexe_return? HTTP/1.1" 200 1014
191.112.78.213 - - [03/Mar/2016:11:28:06 -0300] "GET /cormun/static/about:blank HTTP/1.1" 404 1011
186.78.57.210 - - [03/Mar/2016:11:28:07 -0300] "GET /cormun/servlet/trsolicitudot HTTP/1.1" 200 7869
186.78.57.210 - - [03/Mar/2016:11:28:07 -0300] "GET /cormun/servlet/trsolicitudot HTTP/1.1" 200 7865
191.112.78.213 - - [03/Mar/2016:11:28:08 -0300] "GET /cormun/servlet/solicitudotadjuntos?INS,2016,462,,1, HTTP/1.1" 200 5467
191.112.78.213 - - [03/Mar/2016:11:28:09 -0300] "GET /cormun/servlet/solicitudotadjuntos?5dc64e72aa6460987ed563b8bb772a1e6d804515e2fe519c2e9bf8ff5c08d64dcc79a545b9cadcb53d627544da7dec2e,gx-no-cache=1457015314516 HTTP/1.1" 200 30
191.112.78.213 - - [03/Mar/2016:11:28:09 -0300] "POST /cormun/servlet/solicitudotadjuntos?78a791391b8286a9b26165191b25347f,INS,2016,462,,1,,gx-no-cache=1457015314740 HTTP/1.1" 200 3375
186.78.57.210 - - [03/Mar/2016:11:28:10 -0300] "POST /cormun/servlet/trsolicitudot?47b2748899f65881853b1d07e208b3a8,gx-no-cache=1457015349812 HTTP/1.1" 200 4996
186.78.57.210 - - [03/Mar/2016:11:28:10 -0300] "POST /cormun/servlet/trsolicitudot?47b2748899f65881853b1d07e208b3a8,gx-no-cache=1457015350251 HTTP/1.1" 200 4936
191.112.78.213 - - [03/Mar/2016:11:28:13 -0300] "POST /cormun/servlet/solicitudotadjuntos?gx-no-cache=1457015318507 HTTP/1.1" 200 26
186.78.57.210 - - [03/Mar/2016:11:28:16 -0300] "GET /cormun/servlet/hhome HTTP/1.1" 200 3441
186.78.57.210 - - [03/Mar/2016:11:28:17 -0300] "GET /cormun/servlet/hhome HTTP/1.1" 200 3440
186.78.57.210 - - [03/Mar/2016:11:28:25 -0300] "GET /cormun/servlet/trautorizarsolicitud? HTTP/1.1" 200 7761
186.78.57.210 - - [03/Mar/2016:11:28:26 -0300] "GET /cormun/servlet/trautorizarsolicitud? HTTP/1.1" 200 7759
191.112.78.213 - - [03/Mar/2016:11:28:29 -0300] "GET /cormun/servlet/solicitudotadjuntos?5dc64e72aa6460987ed563b8bb772a1eb7d76dcf35d15f6dca7db02f4044a319,gx-no-cache=1457015334288 HTTP/1.1" 200 30
191.112.78.213 - - [03/Mar/2016:11:28:29 -0300] "GET /cormun/servlet/solicitudotadjuntos?5dc64e72aa6460987ed563b8bb772a1eb7d76dcf35d15f6dca7db02f4044a319,gx-no-cache=1457015334375 HTTP/1.1" 200 30
191.112.78.213 - - [03/Mar/2016:11:28:30 -0300] "POST /cormun/servlet/solicitudotadjuntos?78a791391b8286a9b26165191b25347f,INS,2016,462,,1, HTTP/1.1" 200 116
191.112.78.213 - - [03/Mar/2016:11:28:30 -0300] "GET /cormun/servlet/hpexe_return? HTTP/1.1" 200 1028
191.112.78.213 - - [03/Mar/2016:11:28:31 -0300] "GET /cormun/servlet/trsolicitudadjuntos?2016,462, HTTP/1.1" 200 7861
191.112.78.213 - - [03/Mar/2016:11:28:34 -0300] "GET /cormun/servlet/trsolicitudadjuntos?2016,462, HTTP/1.1" 200 7864
191.112.78.213 - - [03/Mar/2016:11:28:37 -0300] "GET /cormun/servlet/solicitudotadjuntos?INS,2016,462,,1, HTTP/1.1" 200 5473
186.78.57.210 - - [03/Mar/2016:11:28:37 -0300] "POST /cormun/servlet/trsolicitudot?47b2748899f65881853b1d07e208b3a8,gx-no-cache=1457015376368 HTTP/1.1" 200 5016
191.112.78.213 - - [03/Mar/2016:11:28:37 -0300] "GET /cormun/static/about:blank HTTP/1.1" 404 1011
191.112.78.213 - - [03/Mar/2016:11:28:39 -0300] "GET /cormun/servlet/solicitudotadjuntos?INS,2016,462,,1, HTTP/1.1" 200 5467
191.112.78.213 - - [03/Mar/2016:11:28:39 -0300] "GET /cormun/servlet/solicitudotadjuntos?5dc64e72aa6460987ed563b8bb772a1e6d804515e2fe519c2e9bf8ff5c08d64dcc79a545b9cadcb53d627544da7dec2e,gx-no-cache=1457015344899 HTTP/1.1" 200 30
186.78.57.210 - - [03/Mar/2016:11:28:39 -0300] "POST /cormun/servlet/trautorizarsolicitud?2f5996172139acdb0f2129849d5f1f23,,gx-no-cache=1457015430261 HTTP/1.1" 200 5220
191.112.78.213 - - [03/Mar/2016:11:28:40 -0300] "POST /cormun/servlet/solicitudotadjuntos?78a791391b8286a9b26165191b25347f,INS,2016,462,,1,,gx-no-cache=1457015345219 HTTP/1.1" 200 3375
186.78.57.210 - - [03/Mar/2016:11:28:40 -0300] "POST /cormun/servlet/trautorizarsolicitud?2f5996172139acdb0f2129849d5f1f23,,gx-no-cache=1457015430746 HTTP/1.1" 200 5220
186.103.159.204 - - [03/Mar/2016:11:28:40 -0300] "GET /cormun/servlet/solicitudot?8af182364616f29d3fe7c33ff8067d53341500f5de95a01013a40be26a99241073e13548b41dbd08cb6bb53916ebd676f133d85527ec6804331a2de70a7bc5aae5aa4bd4380f677c7c6a716a33d3312e5c1104abaf2464fb6f9d150555e79f9410f1010b02d99e0a08827b7d357c60aa069cd99574444df6b5dbadac8def07525197c33344aaae55cb760c47df3e71d45b196011f7329d7d15617d18b5469eac9dff489dc564f66e4195a4e0cac97161,gx-no-cache=1457015343467 HTTP/1.1" 200 30
186.78.57.210 - - [03/Mar/2016:11:28:40 -0300] "POST /cormun/servlet/trautorizarsolicitud?2f5996172139acdb0f2129849d5f1f23,,gx-no-cache=1457015431159 HTTP/1.1" 200 5221
186.103.159.204 - - [03/Mar/2016:11:28:40 -0300] "POST /cormun/servlet/solicitudot?9ca652368fd7fa7bf6c59e588ba428b7,INS,0,0,,gx-no-cache=1457015343510 HTTP/1.1" 200 8935
186.78.57.210 - - [03/Mar/2016:11:28:41 -0300] "POST /cormun/servlet/trautorizarsolicitud?2f5996172139acdb0f2129849d5f1f23,,gx-no-cache=1457015431558 HTTP/1.1" 200 5221
186.78.57.210 - - [03/Mar/2016:11:28:41 -0300] "POST /cormun/servlet/trautorizarsolicitud?2f5996172139acdb0f2129849d5f1f23,,gx-no-cache=1457015431982 HTTP/1.1" 200 5220
186.78.57.210 - - [03/Mar/2016:11:28:42 -0300] "POST /cormun/servlet/trautorizarsolicitud?2f5996172139acdb0f2129849d5f1f23,,gx-no-cache=1457015432412 HTTP/1.1" 200 5220
186.78.57.210 - - [03/Mar/2016:11:28:42 -0300] "POST /cormun/servlet/trautorizarsolicitud?2f5996172139acdb0f2129849d5f1f23,,gx-no-cache=1457015432824 HTTP/1.1" 200 5221
186.78.57.210 - - [03/Mar/2016:11:28:42 -0300] "POST /cormun/servlet/trautorizarsolicitud?2f5996172139acdb0f2129849d5f1f23,,gx-no-cache=1457015433255 HTTP/1.1" 200 4918
191.112.78.213 - - [03/Mar/2016:11:28:43 -0300] "POST /cormun/servlet/solicitudotadjuntos?gx-no-cache=1457015348519 HTTP/1.1" 200 26
186.78.57.210 - - [03/Mar/2016:11:28:43 -0300] "POST /cormun/servlet/trautorizarsolicitud?2f5996172139acdb0f2129849d5f1f23,,gx-no-cache=1457015433680 HTTP/1.1" 200 4862
191.112.78.213 - - [03/Mar/2016:11:28:49 -0300] "GET /cormun/servlet/solicitudotadjuntos?5dc64e72aa6460987ed563b8bb772a1eb7d76dcf35d15f6dca7db02f4044a319,gx-no-cache=1457015355123 HTTP/1.1" 200 30
191.112.78.213 - - [03/Mar/2016:11:28:49 -0300] "GET /cormun/servlet/solicitudotadjuntos?5dc64e72aa6460987ed563b8bb772a1eb7d76dcf35d15f6dca7db02f4044a319,gx-no-cache=1457015355209 HTTP/1.1" 200 30
186.78.57.210 - - [03/Mar/2016:11:28:51 -0300] "POST /cormun/servlet/trautorizarsolicitud?2f5996172139acdb0f2129849d5f1f23,,gx-no-cache=1457015441397 HTTP/1.1" 200 3608
186.78.57.210 - - [03/Mar/2016:11:28:51 -0300] "POST /cormun/servlet/trautorizarsolicitud?2f5996172139acdb0f2129849d5f1f23,,gx-no-cache=1457015441783 HTTP/1.1" 200 3448
191.112.78.213 - - [03/Mar/2016:11:28:51 -0300] "POST /cormun/servlet/solicitudotadjuntos?78a791391b8286a9b26165191b25347f,INS,2016,462,,1, HTTP/1.1" 200 116
191.112.78.213 - - [03/Mar/2016:11:28:52 -0300] "GET /cormun/servlet/hpexe_return? HTTP/1.1" 200 1028
186.78.57.210 - - [03/Mar/2016:11:28:52 -0300] "GET /cormun/servlet/solicitudot?INS,0,0, HTTP/1.1" 200 11423
186.78.57.210 - - [03/Mar/2016:11:28:52 -0300] "GET /cormun/servlet/solicitudot?INS,0,0, HTTP/1.1" 200 11428
191.112.78.213 - - [03/Mar/2016:11:28:53 -0300] "GET /cormun/servlet/trsolicitudadjuntos?2016,462, HTTP/1.1" 200 7968
191.112.78.213 - - [03/Mar/2016:11:28:55 -0300] "GET /cormun/servlet/trsolicitudadjuntos?2016,462, HTTP/1.1" 200 7963
186.78.57.210 - - [03/Mar/2016:11:28:57 -0300] "GET /cormun/servlet/trsolicitudot? HTTP/1.1" 200 7531
186.78.57.210 - - [03/Mar/2016:11:28:58 -0300] "GET /cormun/servlet/trsolicitudot? HTTP/1.1" 200 7530
186.78.57.210 - - [03/Mar/2016:11:29:02 -0300] "GET /cormun/servlet/trvisualizadoreventos? HTTP/1.1" 200 6247
186.78.57.210 - - [03/Mar/2016:11:29:03 -0300] "GET /cormun/servlet/trvisualizadoreventos? HTTP/1.1" 200 6247
186.78.57.210 - - [03/Mar/2016:11:29:09 -0300] "POST /cormun/servlet/trvisualizadoreventos?47b2748899f65881853b1d07e208b3a8,,gx-no-cache=1457015409257 HTTP/1.1" 200 3559
186.78.57.210 - - [03/Mar/2016:11:29:10 -0300] "POST /cormun/servlet/trvisualizadoreventos?47b2748899f65881853b1d07e208b3a8,,gx-no-cache=1457015409559 HTTP/1.1" 200 3559
186.78.57.210 - - [03/Mar/2016:11:29:10 -0300] "POST /cormun/servlet/trvisualizadoreventos?47b2748899f65881853b1d07e208b3a8,,gx-no-cache=1457015409876 HTTP/1.1" 200 3559
186.78.57.210 - - [03/Mar/2016:11:29:10 -0300] "POST /cormun/servlet/trvisualizadoreventos?47b2748899f65881853b1d07e208b3a8,,gx-no-cache=1457015410186 HTTP/1.1" 200 3559
186.78.57.210 - - [03/Mar/2016:11:29:11 -0300] "POST /cormun/servlet/trvisualizadoreventos?47b2748899f65881853b1d07e208b3a8,,gx-no-cache=1457015410506 HTTP/1.1" 200 3559
186.78.57.210 - - [03/Mar/2016:11:29:11 -0300] "GET /cormun/servlet/trautorizarsolicitud?69d2fab46a20de874e928d3fa51ffba4107203a95a494988d6a54804949167bbd16da61cbc14a5463031a426eab939ead72831173cd9aa0c67059526afe4ceba48c66867325e76e3b91963df12da2caee7bbc760d0c206ef86a95e2d19e3cb02,gx-no-cache=1457015462088 HTTP/1.1" 200 751
186.78.57.210 - - [03/Mar/2016:11:29:11 -0300] "POST /cormun/servlet/trautorizarsolicitud?2f5996172139acdb0f2129849d5f1f23,,gx-no-cache=1457015462273 HTTP/1.1" 200 3475
186.78.57.210 - - [03/Mar/2016:11:29:16 -0300] "POST /cormun/servlet/trautorizarsolicitud?2f5996172139acdb0f2129849d5f1f23,,gx-no-cache=1457015466997 HTTP/1.1" 200 3475
191.112.78.213 - - [03/Mar/2016:11:29:19 -0300] "GET /cormun/servlet/trsolicitudot? HTTP/1.1" 200 10339
191.112.78.213 - - [03/Mar/2016:11:29:21 -0300] "GET /cormun/servlet/trsolicitudot? HTTP/1.1" 200 10334
186.78.57.210 - - [03/Mar/2016:11:29:22 -0300] "POST /cormun/servlet/trautorizarsolicitud?2f5996172139acdb0f2129849d5f1f23,,gx-no-cache=1457015473130 HTTP/1.1" 200 3474
186.78.57.210 - - [03/Mar/2016:11:29:24 -0300] "GET /cormun/servlet/trvisualizadoreventos?5a49bdae2c68333ab4144f9181a5167af7cf6d10320837d24c850be28095ce75ca495178521b192a003b1eb63eb4e6350cbce7cd7beb1565402a2313e6e0b66f9b7837a0a3535f2e5fce246fc68b83ff40dc737e9b8374c0c919860aa14a824f38f7aeca83aa66fc2cad4773a435cf5d94128944e77ec1f70b3288e26d441674af15582c89ebdb45f7a7359cb801249ed11400ff927789431973f2fc4207011294f084252161ed8933af91c43a5fa1d6d4746076d186139506a93fd9d026a2726b58eed171417acec6651f8a73fd07ea,gx-no-cache=1457015423736 HTTP/1.1" 200 906
186.78.57.210 - - [03/Mar/2016:11:29:24 -0300] "POST /cormun/servlet/trvisualizadoreventos?47b2748899f65881853b1d07e208b3a8,,gx-no-cache=1457015423867 HTTP/1.1" 200 3272
186.78.57.210 - - [03/Mar/2016:11:29:28 -0300] "POST /cormun/servlet/trautorizarsolicitud?2f5996172139acdb0f2129849d5f1f23,,gx-no-cache=1457015478697 HTTP/1.1" 200 3473
186.78.57.210 - - [03/Mar/2016:11:29:30 -0300] "POST /cormun/servlet/trautorizarsolicitud?2f5996172139acdb0f2129849d5f1f23,,gx-no-cache=1457015480777 HTTP/1.1" 200 3475
186.78.57.210 - - [03/Mar/2016:11:29:30 -0300] "POST /cormun/servlet/trvisualizadoreventos?47b2748899f65881853b1d07e208b3a8,,gx-no-cache=1457015430046 HTTP/1.1" 200 3269
186.78.57.210 - - [03/Mar/2016:11:29:30 -0300] "GET /cormun/servlet/trvisualizadoreventos?5a49bdae2c68333ab4144f9181a5167af7cf6d10320837d24c850be28095ce755381430b725404b98ff1b751d62000d1dc7df2b1bf9645e3df4e3107fc1957479b7837a0a3535f2e5fce246fc68b83ff40dc737e9b8374c0c919860aa14a824f38f7aeca83aa66fc2cad4773a435cf5d94128944e77ec1f70b3288e26d441674af15582c89ebdb45f7a7359cb801249ed11400ff927789431973f2fc4207011294f084252161ed8933af91c43a5fa1d6d4746076d186139506a93fd9d026a2722dba658965d3604ce0c27a35fecbbc68,gx-no-cache=1457015430450 HTTP/1.1" 200 574
186.78.57.210 - - [03/Mar/2016:11:29:32 -0300] "POST /cormun/servlet/trautorizarsolicitud?2f5996172139acdb0f2129849d5f1f23,,gx-no-cache=1457015482412 HTTP/1.1" 200 3475
186.78.57.210 - - [03/Mar/2016:11:29:33 -0300] "POST /cormun/servlet/trvisualizadoreventos?47b2748899f65881853b1d07e208b3a8,,gx-no-cache=1457015433056 HTTP/1.1" 200 3272
186.78.57.210 - - [03/Mar/2016:11:29:33 -0300] "POST /cormun/servlet/trautorizarsolicitud?2f5996172139acdb0f2129849d5f1f23,,gx-no-cache=1457015484150 HTTP/1.1" 200 110
186.78.57.210 - - [03/Mar/2016:11:29:33 -0300] "GET /cormun/servlet/trvisualizadoreventos?5a49bdae2c68333ab4144f9181a5167af7cf6d10320837d24c850be28095ce75ca495178521b192a003b1eb63eb4e635dc7df2b1bf9645e3df4e3107fc1957479b7837a0a3535f2e5fce246fc68b83ff40dc737e9b8374c0c919860aa14a824f38f7aeca83aa66fc2cad4773a435cf5d94128944e77ec1f70b3288e26d441674af15582c89ebdb45f7a7359cb801249ed11400ff927789431973f2fc4207011294f084252161ed8933af91c43a5fa1d6d4746076d186139506a93fd9d026a2722dba658965d3604ce0c27a35fecbbc68,gx-no-cache=1457015433470 HTTP/1.1" 200 576
186.78.57.210 - - [03/Mar/2016:11:29:34 -0300] "GET /cormun/AutorizarSolicitud-7315.xls HTTP/1.1" 200 4608
186.78.57.210 - - [03/Mar/2016:11:29:43 -0300] "GET /cormun/servlet/trvisualizadoreventos?5a49bdae2c68333ab4144f9181a5167ada02a20f61809313123fd312e1ff143bca495178521b192a003b1eb63eb4e635dc7df2b1bf9645e3df4e3107fc1957479b7837a0a3535f2e5fce246fc68b83ff40dc737e9b8374c0c919860aa14a824f38f7aeca83aa66fc2cad4773a435cf5d94128944e77ec1f70b3288e26d441674af15582c89ebdb45f7a7359cb801249ed11400ff927789431973f2fc4207011294f084252161ed8933af91c43a5fa1d6d4746076d186139506a93fd9d026a2722dba658965d3604ce0c27a35fecbbc68,gx-no-cache=1457015442947 HTTP/1.1" 200 576
186.78.57.210 - - [03/Mar/2016:11:29:43 -0300] "POST /cormun/servlet/trvisualizadoreventos?47b2748899f65881853b1d07e208b3a8,,gx-no-cache=1457015443086 HTTP/1.1" 200 3559
186.78.57.210 - - [03/Mar/2016:11:29:55 -0300] "POST /cormun/servlet/trautorizarsolicitud?2f5996172139acdb0f2129849d5f1f23,,gx-no-cache=1457015505311 HTTP/1.1" 200 3474
186.78.57.210 - - [03/Mar/2016:11:29:58 -0300] "GET /cormun/servlet/trvisualizadoreventos? HTTP/1.1" 200 6247
186.78.57.210 - - [03/Mar/2016:11:29:59 -0300] "GET /cormun/servlet/trvisualizadoreventos? HTTP/1.1" 200 6247
186.78.57.210 - - [03/Mar/2016:11:30:05 -0300] "GET /cormun/servlet/trsolicitudot? HTTP/1.1" 200 7530
186.78.57.210 - - [03/Mar/2016:11:30:06 -0300] "GET /cormun/servlet/trsolicitudot? HTTP/1.1" 200 7530
186.78.57.210 - - [03/Mar/2016:11:30:17 -0300] "GET /cormun/servlet/treventos?2016,485, HTTP/1.1" 200 5179
186.78.57.210 - - [03/Mar/2016:11:30:17 -0300] "GET /cormun/static/gxcfg.js?2016311731661 HTTP/1.1" 200 953
186.78.57.210 - - [03/Mar/2016:11:30:17 -0300] "GET /cormun/static/treventos.js?2016311731865 HTTP/1.1" 200 14123
186.78.57.210 - - [03/Mar/2016:11:30:17 -0300] "GET /cormun/servlet/treventos?2016,485, HTTP/1.1" 200 5179
186.78.57.210 - - [03/Mar/2016:11:30:18 -0300] "POST /cormun/servlet/acontrolpreferencessavestate?None,CA-L%2FE,true HTTP/1.1" 200 35
186.78.57.210 - - [03/Mar/2016:11:30:28 -0300] "POST /cormun/servlet/treventos?47b2748899f65881853b1d07e208b3a8,2016,485,,gx-no-cache=1457015487515 HTTP/1.1" 200 3109
186.78.57.210 - - [03/Mar/2016:11:30:32 -0300] "POST /cormun/servlet/treventos?47b2748899f65881853b1d07e208b3a8,2016,485,,gx-no-cache=1457015491770 HTTP/1.1" 200 3109
186.78.57.210 - - [03/Mar/2016:11:30:51 -0300] "GET /cormun/servlet/trsolicitudot? HTTP/1.1" 200 7533
186.78.57.210 - - [03/Mar/2016:11:30:52 -0300] "GET /cormun/servlet/trsolicitudot? HTTP/1.1" 200 7532
186.78.57.210 - - [03/Mar/2016:11:31:20 -0300] "POST /cormun/servlet/trsolicitudot?47b2748899f65881853b1d07e208b3a8,,gx-no-cache=1457015538101 HTTP/1.1" 200 105
186.78.57.210 - - [03/Mar/2016:11:31:22 -0300] "GET /cormun/servlet/solicitudot?UPD,2016,485, HTTP/1.1" 200 12661
186.78.57.210 - - [03/Mar/2016:11:31:24 -0300] "GET /cormun/servlet/solicitudot?UPD,2016,485, HTTP/1.1" 200 12670
186.78.57.210 - - [03/Mar/2016:11:31:25 -0300] "POST /cormun/servlet/solicitudot?gx-no-cache=1457015544327 HTTP/1.1" 200 2742
186.78.57.210 - - [03/Mar/2016:11:31:26 -0300] "POST /cormun/servlet/solicitudot?47b2748899f65881853b1d07e208b3a8,UPD,2016,485,,gx-no-cache=1457015545834 HTTP/1.1" 200 9045
186.78.57.210 - - [03/Mar/2016:11:31:27 -0300] "GET /cormun/servlet/solicitudot?6e39a9a0d1bc265ceaef7678f52d3ee71e2ed678567aa97c110f8043537b2acc58e7eec6db14ff20517d1cad06b2fa04,gx-no-cache=1457015546645 HTTP/1.1" 200 30
186.78.57.210 - - [03/Mar/2016:11:31:27 -0300] "POST /cormun/servlet/solicitudot?gx-no-cache=1457015547181 HTTP/1.1" 200 30
186.78.57.210 - - [03/Mar/2016:11:31:28 -0300] "POST /cormun/servlet/solicitudot?gx-no-cache=1457015547739 HTTP/1.1" 200 122
186.78.57.210 - - [03/Mar/2016:11:31:28 -0300] "POST /cormun/servlet/solicitudot?gx-no-cache=1457015548318 HTTP/1.1" 200 1157
186.78.57.210 - - [03/Mar/2016:11:31:29 -0300] "GET /cormun/servlet/solicitudot?6e39a9a0d1bc265ceaef7678f52d3ee73b42368082a26ed9f40176c1090a5dddefcc89cf04a7367b20aa0b15d0cf6d5cdd9bb71e5e34df6f44f03dc274bd650ccce8037730835b4e1fdd495fedd66039a22a0e058346304f2d6963602213d89e0cd63fdd396f3960549a642d5f3fcff4c788d90daf63e2a97475704b8c446bcaaa0b8a3cf20a2bd5509fd189ce8c5878625e9a3aaf0939844e35117e05acea20,gx-no-cache=1457015548998 HTTP/1.1" 200 41
186.78.57.210 - - [03/Mar/2016:11:31:37 -0300] "GET /cormun/servlet/solicitudot?6e39a9a0d1bc265ceaef7678f52d3ee79758430a099ce6be1f8b7a0a35189ffbe4d98e422e3afde2b8e4604ba07932390f2eabf657dcd170dbf152b9807294e18eabc8207ab49b91de3451628a277aec1eaa88bf8aa4fb2abdf4a59a2a386e4c0969af542fbf0b2cf7c3990f4a1a85813a06360ad619e865ed05d11f85cc38c910c757158a4c393393c46c90dddd94e1e1a74df0baa8d2f3ee0c9d552a8c7df8,gx-no-cache=1457015556715 HTTP/1.1" 200 29
