191.112.17.11 - - [03/Mar/2016:12:27:14 -0300] "GET /cormun/servlet/solicitudot?4eda181fdd50b2d62d229ba088ba1c9d606ce77576ab9b2b3b9d9cc1d02ca3e73bff05db78930d103fd079f3305a02159e0714040e8be249d5291fb0d19a501ca4316be24646c663990397a1a6f4427e6ad8b7e24684b96c11c143a9b41c68ee8bc66636c5349716c62f4d40efea174f22efe1d3aac5a9d466351bf234dfbc7f0f217dc3c62a3a53cdabcc1e7e006d17a637533ab691528e54bac1a6f6d75004abb870e04f342223f101ab933cde25a3,gx-no-cache=1457018858724 HTTP/1.1" 200 30
186.78.57.210 - - [03/Mar/2016:12:27:20 -0300] "GET /cormun/servlet/solicitudotadjuntos?INS,2016,501,,1, HTTP/1.1" 200 5456
186.78.57.210 - - [03/Mar/2016:12:27:20 -0300] "GET /cormun/static/about:blank HTTP/1.1" 404 1011
186.78.57.210 - - [03/Mar/2016:12:27:21 -0300] "GET /cormun/servlet/solicitudotadjuntos?INS,2016,501,,1, HTTP/1.1" 200 5450
186.78.57.210 - - [03/Mar/2016:12:27:21 -0300] "GET /cormun/servlet/solicitudotadjuntos?6e39a9a0d1bc265ceaef7678f52d3ee7fdab35fc233a8518d6ba54e49289d050cd8106e10bf6fb6bfa35e7d152094c1e,gx-no-cache=1457018901348 HTTP/1.1" 200 30
186.78.57.210 - - [03/Mar/2016:12:27:21 -0300] "POST /cormun/servlet/solicitudotadjuntos?47b2748899f65881853b1d07e208b3a8,INS,2016,501,,1,,gx-no-cache=1457018901431 HTTP/1.1" 200 3357
186.78.57.210 - - [03/Mar/2016:12:27:25 -0300] "POST /cormun/servlet/solicitudotadjuntos?gx-no-cache=1457018904798 HTTP/1.1" 200 26
186.78.57.210 - - [03/Mar/2016:12:27:26 -0300] "GET /cormun/servlet/solicitudotadjuntos?6e39a9a0d1bc265ceaef7678f52d3ee744c7ee0f437c4b3b34d7efedc0650c67,gx-no-cache=1457018906147 HTTP/1.1" 200 30
186.78.57.210 - - [03/Mar/2016:12:27:26 -0300] "GET /cormun/servlet/solicitudotadjuntos?6e39a9a0d1bc265ceaef7678f52d3ee744c7ee0f437c4b3b34d7efedc0650c67,gx-no-cache=1457018906219 HTTP/1.1" 200 30
186.78.57.210 - - [03/Mar/2016:12:27:26 -0300] "POST /cormun/servlet/solicitudotadjuntos?47b2748899f65881853b1d07e208b3a8,INS,2016,501,,1,,gx-no-cache=1457018906288 HTTP/1.1" 200 93
186.78.57.210 - - [03/Mar/2016:12:27:26 -0300] "GET /cormun/servlet/hpexe_return? HTTP/1.1" 200 1025
186.78.57.210 - - [03/Mar/2016:12:27:27 -0300] "GET /cormun/servlet/trsolicitudadjuntos?2016,501, HTTP/1.1" 200 7403
192.168.10.94 - - [03/Mar/2016:12:27:27 -0300] "GET /cormun/servlet/trvisualizadoreventos? HTTP/1.1" 200 5575
186.78.57.210 - - [03/Mar/2016:12:27:27 -0300] "GET /cormun/servlet/trsolicitudadjuntos?2016,501, HTTP/1.1" 200 7399
191.112.17.11 - - [03/Mar/2016:12:27:27 -0300] "POST /cormun/servlet/solicitudot?gx-no-cache=1457018871950 HTTP/1.1" 200 30
192.168.10.94 - - [03/Mar/2016:12:27:28 -0300] "GET /cormun/servlet/hlogin HTTP/1.1" 200 1745
191.112.17.11 - - [03/Mar/2016:12:27:35 -0300] "POST /cormun/servlet/solicitudot?gx-no-cache=1457018879248 HTTP/1.1" 200 122
191.112.17.11 - - [03/Mar/2016:12:27:35 -0300] "GET /cormun/static/Shared/jqueryui/images/ui-bg_highlight-soft_100_c6c2c8_1x100.png HTTP/1.1" 404 1117
191.112.17.11 - - [03/Mar/2016:12:27:35 -0300] "GET /cormun/static/Shared/jqueryui/images/ui-icons_82798d_256x240.png HTTP/1.1" 404 1089
191.112.17.11 - - [03/Mar/2016:12:27:35 -0300] "GET /cormun/static/Shared/jqueryui/images/ui-bg_flat_55_fafafa_40x100.png HTTP/1.1" 404 1097
191.112.17.11 - - [03/Mar/2016:12:27:35 -0300] "GET /cormun/static/Shared/jqueryui/images/ui-icons_8d78a5_256x240.png HTTP/1.1" 404 1089
186.78.57.210 - - [03/Mar/2016:12:27:40 -0300] "GET /cormun/servlet/solicitudotadjuntos?INS,2016,501,,1, HTTP/1.1" 200 5456
186.78.57.210 - - [03/Mar/2016:12:27:40 -0300] "GET /cormun/static/about:blank HTTP/1.1" 404 1011
192.168.10.94 - - [03/Mar/2016:12:27:40 -0300] "POST /cormun/servlet/hlogin?16f55fa3ed8d0675aa73909fda064e5a,gx-no-cache=1457018612955 HTTP/1.1" 200 90
192.168.10.94 - - [03/Mar/2016:12:27:40 -0300] "GET /cormun/servlet/hpexe_link HTTP/1.1" 200 957
192.168.10.94 - - [03/Mar/2016:12:27:40 -0300] "GET /cormun/servlet/hhome HTTP/1.1" 200 3861
186.78.57.210 - - [03/Mar/2016:12:27:40 -0300] "GET /cormun/servlet/solicitudotadjuntos?INS,2016,501,,1, HTTP/1.1" 200 5450
186.78.57.210 - - [03/Mar/2016:12:27:41 -0300] "GET /cormun/servlet/solicitudotadjuntos?6e39a9a0d1bc265ceaef7678f52d3ee7fdab35fc233a8518d6ba54e49289d050cd8106e10bf6fb6bfa35e7d152094c1e,gx-no-cache=1457018920892 HTTP/1.1" 200 30
186.78.57.210 - - [03/Mar/2016:12:27:41 -0300] "POST /cormun/servlet/solicitudotadjuntos?47b2748899f65881853b1d07e208b3a8,INS,2016,501,,1,,gx-no-cache=1457018920976 HTTP/1.1" 200 3357
191.112.17.11 - - [03/Mar/2016:12:27:48 -0300] "POST /cormun/servlet/solicitudot?gx-no-cache=1457018892182 HTTP/1.1" 200 1158
191.112.17.11 - - [03/Mar/2016:12:27:48 -0300] "GET /cormun/servlet/solicitudot?4eda181fdd50b2d62d229ba088ba1c9d2c564a9d5d25d7b8137388f0be8bb90eb783d726883da2c7c91087e0632ba1499fd06a4b4016578e927fc11a5fc252353e40a15a85a208bd248865921318786ebb604b685802edf5ec49e64d78f0e669941f0e1df093e648deeb578d37a32767110b1c2c833d726a15b02e0342157ed0a868ac69fcb440180d16cd458537c1e5ce477556fc184cbc898e401c215cfe22,gx-no-cache=1457018892399 HTTP/1.1" 200 41
192.168.10.94 - - [03/Mar/2016:12:27:49 -0300] "GET /cormun/servlet/hlogin HTTP/1.1" 200 1735
186.78.57.210 - - [03/Mar/2016:12:27:51 -0300] "POST /cormun/servlet/solicitudotadjuntos?gx-no-cache=1457018931289 HTTP/1.1" 200 26
191.112.17.11 - - [03/Mar/2016:12:27:54 -0300] "POST /cormun/servlet/solicitudot?gx-no-cache=1457018898986 HTTP/1.1" 200 30
186.78.57.210 - - [03/Mar/2016:12:27:55 -0300] "POST /cormun/servlet/solicitudotadjuntos?gx-no-cache=1457018934747 HTTP/1.1" 200 26
186.78.57.210 - - [03/Mar/2016:12:27:56 -0300] "GET /cormun/servlet/solicitudotadjuntos?6e39a9a0d1bc265ceaef7678f52d3ee744c7ee0f437c4b3b34d7efedc0650c67,gx-no-cache=1457018936152 HTTP/1.1" 200 30
186.78.57.210 - - [03/Mar/2016:12:27:56 -0300] "GET /cormun/servlet/solicitudotadjuntos?6e39a9a0d1bc265ceaef7678f52d3ee744c7ee0f437c4b3b34d7efedc0650c67,gx-no-cache=1457018936218 HTTP/1.1" 200 30
186.78.57.210 - - [03/Mar/2016:12:27:56 -0300] "POST /cormun/servlet/solicitudotadjuntos?47b2748899f65881853b1d07e208b3a8,INS,2016,501,,1,,gx-no-cache=1457018936286 HTTP/1.1" 200 93
186.78.57.210 - - [03/Mar/2016:12:27:56 -0300] "GET /cormun/servlet/hpexe_return? HTTP/1.1" 200 1025
186.78.57.210 - - [03/Mar/2016:12:27:57 -0300] "GET /cormun/servlet/trsolicitudadjuntos?2016,501, HTTP/1.1" 200 7495
186.78.57.210 - - [03/Mar/2016:12:27:57 -0300] "GET /cormun/servlet/trsolicitudadjuntos?2016,501, HTTP/1.1" 200 7493
186.78.57.210 - - [03/Mar/2016:12:28:09 -0300] "GET /cormun/servlet/solicitudotadjuntos?INS,2016,501,,1, HTTP/1.1" 200 5456
186.78.57.210 - - [03/Mar/2016:12:28:09 -0300] "GET /cormun/static/about:blank HTTP/1.1" 404 1011
186.78.57.210 - - [03/Mar/2016:12:28:09 -0300] "GET /cormun/servlet/solicitudotadjuntos?INS,2016,501,,1, HTTP/1.1" 200 5450
186.78.57.210 - - [03/Mar/2016:12:28:10 -0300] "GET /cormun/servlet/solicitudotadjuntos?6e39a9a0d1bc265ceaef7678f52d3ee7fdab35fc233a8518d6ba54e49289d050cd8106e10bf6fb6bfa35e7d152094c1e,gx-no-cache=1457018949807 HTTP/1.1" 200 30
186.78.57.210 - - [03/Mar/2016:12:28:10 -0300] "POST /cormun/servlet/solicitudotadjuntos?47b2748899f65881853b1d07e208b3a8,INS,2016,501,,1,,gx-no-cache=1457018949902 HTTP/1.1" 200 3357
186.78.57.210 - - [03/Mar/2016:12:28:13 -0300] "POST /cormun/servlet/solicitudotadjuntos?gx-no-cache=1457018953381 HTTP/1.1" 200 26
186.78.57.210 - - [03/Mar/2016:12:28:16 -0300] "GET /cormun/servlet/solicitudotadjuntos?6e39a9a0d1bc265ceaef7678f52d3ee744c7ee0f437c4b3b34d7efedc0650c67,gx-no-cache=1457018956121 HTTP/1.1" 200 30
186.78.57.210 - - [03/Mar/2016:12:28:16 -0300] "GET /cormun/servlet/solicitudotadjuntos?6e39a9a0d1bc265ceaef7678f52d3ee744c7ee0f437c4b3b34d7efedc0650c67,gx-no-cache=1457018956202 HTTP/1.1" 200 30
186.78.57.210 - - [03/Mar/2016:12:28:16 -0300] "POST /cormun/servlet/solicitudotadjuntos?47b2748899f65881853b1d07e208b3a8,INS,2016,501,,1,,gx-no-cache=1457018956269 HTTP/1.1" 200 93
186.78.57.210 - - [03/Mar/2016:12:28:16 -0300] "GET /cormun/servlet/hpexe_return? HTTP/1.1" 200 1025
186.78.57.210 - - [03/Mar/2016:12:28:17 -0300] "GET /cormun/servlet/trsolicitudadjuntos?2016,501, HTTP/1.1" 200 7615
186.78.57.210 - - [03/Mar/2016:12:28:17 -0300] "GET /cormun/servlet/trsolicitudadjuntos?2016,501, HTTP/1.1" 200 7613
186.78.57.210 - - [03/Mar/2016:12:28:21 -0300] "GET /cormun/servlet/trsolicitudot? HTTP/1.1" 200 7505
186.78.57.210 - - [03/Mar/2016:12:28:21 -0300] "GET /cormun/servlet/trsolicitudot? HTTP/1.1" 200 7500
186.78.57.210 - - [03/Mar/2016:12:28:25 -0300] "POST /cormun/servlet/trsolicitudot?47b2748899f65881853b1d07e208b3a8,,gx-no-cache=1457018964842 HTTP/1.1" 200 4993
191.112.17.11 - - [03/Mar/2016:12:28:46 -0300] "POST /cormun/servlet/solicitudot?gx-no-cache=1457018951041 HTTP/1.1" 200 122
191.112.17.11 - - [03/Mar/2016:12:28:49 -0300] "POST /cormun/servlet/solicitudot?gx-no-cache=1457018953826 HTTP/1.1" 200 30
191.112.17.11 - - [03/Mar/2016:12:28:57 -0300] "POST /cormun/servlet/solicitudot?gx-no-cache=1457018961855 HTTP/1.1" 200 1158
191.112.17.11 - - [03/Mar/2016:12:28:57 -0300] "GET /cormun/servlet/solicitudot?4eda181fdd50b2d62d229ba088ba1c9d2c564a9d5d25d7b8137388f0be8bb90eb783d726883da2c7c91087e0632ba1499fd06a4b4016578e927fc11a5fc252353e40a15a85a208bd248865921318786ebb604b685802edf5ec49e64d78f0e669941f0e1df093e648deeb578d37a32767110b1c2c833d726a15b02e0342157ed0a868ac69fcb440180d16cd458537c1e5ce477556fc184cbc898e401c215cfe22,gx-no-cache=1457018962048 HTTP/1.1" 200 41
191.112.17.11 - - [03/Mar/2016:12:28:58 -0300] "POST /cormun/servlet/solicitudot?gx-no-cache=1457018962124 HTTP/1.1" 200 1116
186.78.57.210 - - [03/Mar/2016:12:29:00 -0300] "GET /cormun/servlet/solicitudot?INS,0,0, HTTP/1.1" 200 11424
186.78.57.210 - - [03/Mar/2016:12:29:00 -0300] "GET /cormun/static/gxcfg.js?20163219435133 HTTP/1.1" 304 -
186.78.57.210 - - [03/Mar/2016:12:29:00 -0300] "GET /cormun/static/solicitudot.js?20163219435183 HTTP/1.1" 304 -
186.78.57.210 - - [03/Mar/2016:12:29:01 -0300] "GET /cormun/servlet/solicitudot?INS,0,0, HTTP/1.1" 200 11428
191.112.17.11 - - [03/Mar/2016:12:29:03 -0300] "POST /cormun/servlet/solicitudot?gx-no-cache=1457018967450 HTTP/1.1" 200 30
191.112.17.11 - - [03/Mar/2016:12:29:03 -0300] "POST /cormun/servlet/solicitudot?gx-no-cache=1457018967530 HTTP/1.1" 200 1158
191.112.17.11 - - [03/Mar/2016:12:29:03 -0300] "GET /cormun/servlet/solicitudot?4eda181fdd50b2d62d229ba088ba1c9d2c564a9d5d25d7b8137388f0be8bb90eb783d726883da2c7c91087e0632ba1499fd06a4b4016578e927fc11a5fc252353e40a15a85a208bd248865921318786ebb604b685802edf5ec49e64d78f0e669941f0e1df093e648deeb578d37a32767110b1c2c833d726a15b02e0342157ed0a868ac69fcb440180d16cd458537c1e5ce477556fc184cbc898e401c215cfe22,gx-no-cache=1457018967725 HTTP/1.1" 200 41
191.112.17.11 - - [03/Mar/2016:12:29:03 -0300] "POST /cormun/servlet/solicitudot?gx-no-cache=1457018967787 HTTP/1.1" 200 1116
186.78.57.210 - - [03/Mar/2016:12:29:03 -0300] "GET /cormun/servlet/prfichaempleado?,MD,,gxPopupLevel%3D0%3B HTTP/1.1" 200 7902
186.78.57.210 - - [03/Mar/2016:12:29:03 -0300] "GET /cormun/static/scaMessage/css/jquery-ui.css?104140 HTTP/1.1" 404 1045
186.78.57.210 - - [03/Mar/2016:12:29:11 -0300] "GET /cormun/servlet/prfichaempleado?5a49bdae2c68333ab4144f9181a5167a16beba5b270d797cbd09c5f3b524a17d8f9ce3e0b9787cd8e37d855f0b9b964d24c3b18e19298106f90c6caff9e68a67,gx-no-cache=1457019011239 HTTP/1.1" 200 461
186.78.57.210 - - [03/Mar/2016:12:29:13 -0300] "GET /cormun/servlet/prfichaempleado?5a49bdae2c68333ab4144f9181a5167a942c417728e9b0111d1a18081c0ddb43f391e492211b210274634aaeccfb9f2895dd7862b03a8518fd54a863550bae41e0745e66df6410fdce3821953a047428,gx-no-cache=1457019012847 HTTP/1.1" 200 471
186.78.57.210 - - [03/Mar/2016:12:29:14 -0300] "GET /cormun/servlet/prfichaempleado?5a49bdae2c68333ab4144f9181a5167a942c417728e9b0111d1a18081c0ddb43d79fbb5c29cad362be53993692088dd852a43a1d55c348965a2d0ef94c7770d258a67d2b8b1fea2fef710c6eecfcd792,gx-no-cache=1457019013729 HTTP/1.1" 200 472
186.78.57.210 - - [03/Mar/2016:12:29:18 -0300] "GET /cormun/servlet/prfichaempleado?5a49bdae2c68333ab4144f9181a5167a942c417728e9b0111d1a18081c0ddb43394875b2f61b948f849b979532b60fcb6f4d0b70506c8ff09a4f9c456b80d0ac5e570033d0b828e41e2cdb7352d10e1c,gx-no-cache=1457019018460 HTTP/1.1" 200 468
186.78.57.210 - - [03/Mar/2016:12:29:20 -0300] "POST /cormun/servlet/prfichaempleado?47b2748899f65881853b1d07e208b3a8,,MD,,gxPopupLevel%3D0%3B,gx-no-cache=1457019019927 HTTP/1.1" 200 2873
186.78.57.210 - - [03/Mar/2016:12:29:23 -0300] "POST /cormun/servlet/solicitudot?gx-no-cache=1457019023271 HTTP/1.1" 200 2745
186.78.57.210 - - [03/Mar/2016:12:29:24 -0300] "POST /cormun/servlet/solicitudot?47b2748899f65881853b1d07e208b3a8,INS,0,0,,gx-no-cache=1457019023624 HTTP/1.1" 200 8354
186.78.57.210 - - [03/Mar/2016:12:29:24 -0300] "GET /cormun/servlet/solicitudot?6e39a9a0d1bc265ceaef7678f52d3ee769ecaae11b4f7b4de91fbfd33a483605dd9e96aa7d8ea484af62e47c500cb145,gx-no-cache=1457019024011 HTTP/1.1" 200 30
186.78.57.210 - - [03/Mar/2016:12:29:31 -0300] "POST /cormun/servlet/solicitudot?gx-no-cache=1457019030943 HTTP/1.1" 200 30
186.78.57.210 - - [03/Mar/2016:12:29:31 -0300] "POST /cormun/servlet/solicitudot?gx-no-cache=1457019031026 HTTP/1.1" 200 33
186.78.57.210 - - [03/Mar/2016:12:29:31 -0300] "POST /cormun/servlet/solicitudot?gx-no-cache=1457019031126 HTTP/1.1" 200 452
186.78.57.210 - - [03/Mar/2016:12:29:31 -0300] "GET /cormun/servlet/solicitudot?6e39a9a0d1bc265ceaef7678f52d3ee73b42368082a26ed9f40176c1090a5dddefcc89cf04a7367b20aa0b15d0cf6d5cdd9bb71e5e34df6f44f03dc274bd650ccce8037730835b4e1fdd495fedd66039a22a0e058346304f2d6963602213d89e0cd63fdd396f3960549a642d5f3fcff4c788d90daf63e2a97475704b8c446bca96c2ca1fe29d013f13e3bc74be01c2b9,gx-no-cache=1457019031281 HTTP/1.1" 200 38
191.112.17.11 - - [03/Mar/2016:12:30:05 -0300] "GET /cormun/servlet/trsolicitudot? HTTP/1.1" 200 6166
191.112.17.11 - - [03/Mar/2016:12:30:06 -0300] "GET /cormun/servlet/trsolicitudot? HTTP/1.1" 200 6166
191.112.17.11 - - [03/Mar/2016:12:30:10 -0300] "GET /cormun/servlet/solicitudot?INS,0,0, HTTP/1.1" 200 11417
191.112.17.11 - - [03/Mar/2016:12:30:11 -0300] "GET /cormun/servlet/solicitudot?INS,0,0, HTTP/1.1" 200 11421
191.112.17.11 - - [03/Mar/2016:12:30:24 -0300] "POST /cormun/servlet/solicitudot?gx-no-cache=1457019048519 HTTP/1.1" 200 2760
191.112.17.11 - - [03/Mar/2016:12:30:24 -0300] "POST /cormun/servlet/solicitudot?5619316feb5e38edb3968644c42d6612,INS,0,0,,gx-no-cache=1457019048935 HTTP/1.1" 200 8410
191.112.17.11 - - [03/Mar/2016:12:30:27 -0300] "GET /cormun/servlet/solicitudot?4eda181fdd50b2d62d229ba088ba1c9d2228ab9f4f129b8b1ae074886dfc6aa5d72e4400660419601100fc6170b97b2d,gx-no-cache=1457019051218 HTTP/1.1" 200 30
191.112.17.11 - - [03/Mar/2016:12:30:27 -0300] "POST /cormun/servlet/solicitudot?gx-no-cache=1457019051308 HTTP/1.1" 200 30
191.112.17.11 - - [03/Mar/2016:12:30:27 -0300] "POST /cormun/servlet/solicitudot?gx-no-cache=1457019051477 HTTP/1.1" 200 33
191.112.17.11 - - [03/Mar/2016:12:30:27 -0300] "POST /cormun/servlet/solicitudot?gx-no-cache=1457019051575 HTTP/1.1" 200 1158
191.112.17.11 - - [03/Mar/2016:12:30:27 -0300] "GET /cormun/servlet/solicitudot?4eda181fdd50b2d62d229ba088ba1c9d2c564a9d5d25d7b8137388f0be8bb90eb783d726883da2c7c91087e0632ba1499fd06a4b4016578e927fc11a5fc252353e40a15a85a208bd248865921318786ebb604b685802edf5ec49e64d78f0e669941f0e1df093e648deeb578d37a32767110b1c2c833d726a15b02e0342157ed0dc11c99698dba26bcf58a24422b1daad,gx-no-cache=1457019051708 HTTP/1.1" 200 38
191.112.17.11 - - [03/Mar/2016:12:30:39 -0300] "POST /cormun/servlet/solicitudot?gx-no-cache=1457019064083 HTTP/1.1" 200 1159
191.112.17.11 - - [03/Mar/2016:12:30:40 -0300] "GET /cormun/servlet/solicitudot?4eda181fdd50b2d62d229ba088ba1c9d2c564a9d5d25d7b8137388f0be8bb90eb783d726883da2c7c91087e0632ba1499fd06a4b4016578e927fc11a5fc252353e40a15a85a208bd248865921318786ebb604b685802edf5ec49e64d78f0e669941f0e1df093e648deeb578d37a32767110b1c2c833d726a15b02e0342157ed0a868ac69fcb440180d16cd458537c1e5ce477556fc184cbc898e401c215cfe22,gx-no-cache=1457019064275 HTTP/1.1" 200 41
191.112.17.11 - - [03/Mar/2016:12:30:40 -0300] "POST /cormun/servlet/solicitudot?gx-no-cache=1457019064350 HTTP/1.1" 200 1116
191.112.17.11 - - [03/Mar/2016:12:30:40 -0300] "GET /cormun/servlet/solicitudot?4eda181fdd50b2d62d229ba088ba1c9daca87ebf9936d93fcf87a1e6bff3fbede7748abd3cba41074ba37d6e23c051e2299a16fe40e60d3960a81d4af8f18d043855aa1c7024c4547eb0f992050e93841371947ae7b0acfdb3b68523b839b1e3f2944366f5fd387e939ade3fdc8f1d966f7cbd23e72b2cd895a9d0946de58bd72269d21d48cec506dc324d03991e2be10ee2125499f61b20b8282a09e3759722431b65a66b79cb3446796403f7b37854,gx-no-cache=1457019064514 HTTP/1.1" 200 30
191.112.17.11 - - [03/Mar/2016:12:30:41 -0300] "POST /cormun/servlet/solicitudot?5619316feb5e38edb3968644c42d6612,INS,0,0,,gx-no-cache=1457019064596 HTTP/1.1" 200 93
191.112.17.11 - - [03/Mar/2016:12:30:41 -0300] "GET /cormun/servlet/hpexe_return? HTTP/1.1" 200 1012
191.112.17.11 - - [03/Mar/2016:12:30:41 -0300] "GET /cormun/static/gxcfg.js?2015111312145050 HTTP/1.1" 200 953
191.112.17.11 - - [03/Mar/2016:12:30:41 -0300] "GET /cormun/static/hpexe_return.js?2015111312145056 HTTP/1.1" 200 1633
191.112.17.11 - - [03/Mar/2016:12:30:41 -0300] "GET /cormun/static/Resources/Spanish/PXTools.css?12112540 HTTP/1.1" 200 89042
191.112.17.11 - - [03/Mar/2016:12:30:41 -0300] "GET /cormun/servlet/trsolicitudot HTTP/1.1" 200 6169
191.112.17.11 - - [03/Mar/2016:12:30:42 -0300] "GET /cormun/servlet/trsolicitudot HTTP/1.1" 200 6166
191.112.17.11 - - [03/Mar/2016:12:30:47 -0300] "POST /cormun/servlet/trsolicitudot?5619316feb5e38edb3968644c42d6612,gx-no-cache=1457019071707 HTTP/1.1" 200 3521
191.112.17.11 - - [03/Mar/2016:12:30:48 -0300] "POST /cormun/servlet/trsolicitudot?5619316feb5e38edb3968644c42d6612,gx-no-cache=1457019072013 HTTP/1.1" 200 3521
191.112.17.11 - - [03/Mar/2016:12:30:49 -0300] "POST /cormun/servlet/trsolicitudot?5619316feb5e38edb3968644c42d6612,gx-no-cache=1457019073001 HTTP/1.1" 200 3521
191.112.17.11 - - [03/Mar/2016:12:30:49 -0300] "POST /cormun/servlet/trsolicitudot?5619316feb5e38edb3968644c42d6612,gx-no-cache=1457019073352 HTTP/1.1" 200 3521
191.112.17.11 - - [03/Mar/2016:12:30:49 -0300] "POST /cormun/servlet/trsolicitudot?5619316feb5e38edb3968644c42d6612,gx-no-cache=1457019073671 HTTP/1.1" 200 3521
191.112.17.11 - - [03/Mar/2016:12:30:50 -0300] "POST /cormun/servlet/trsolicitudot?5619316feb5e38edb3968644c42d6612,gx-no-cache=1457019074025 HTTP/1.1" 200 3522
191.112.17.11 - - [03/Mar/2016:12:30:50 -0300] "POST /cormun/servlet/trsolicitudot?5619316feb5e38edb3968644c42d6612,gx-no-cache=1457019074350 HTTP/1.1" 200 3521
191.112.17.11 - - [03/Mar/2016:12:30:50 -0300] "POST /cormun/servlet/trsolicitudot?5619316feb5e38edb3968644c42d6612,gx-no-cache=1457019074685 HTTP/1.1" 200 3522
191.112.78.213 - - [03/Mar/2016:12:30:52 -0300] "GET /cormun/servlet/solicitudotadjuntos?5dc64e72aa6460987ed563b8bb772a1eb7d76dcf35d15f6dca7db02f4044a319,gx-no-cache=1457019077351 HTTP/1.1" 200 30
191.112.78.213 - - [03/Mar/2016:12:30:52 -0300] "GET /cormun/servlet/solicitudotadjuntos?5dc64e72aa6460987ed563b8bb772a1eb7d76dcf35d15f6dca7db02f4044a319,gx-no-cache=1457019077504 HTTP/1.1" 200 30
191.112.78.213 - - [03/Mar/2016:12:30:53 -0300] "POST /cormun/servlet/solicitudotadjuntos?78a791391b8286a9b26165191b25347f,INS,2016,467,,1, HTTP/1.1" 200 116
191.112.78.213 - - [03/Mar/2016:12:30:53 -0300] "GET /cormun/servlet/hpexe_return? HTTP/1.1" 200 1029
191.112.78.213 - - [03/Mar/2016:12:30:55 -0300] "GET /cormun/servlet/trsolicitudadjuntos?2016,467, HTTP/1.1" 200 7771
191.112.17.11 - - [03/Mar/2016:12:30:55 -0300] "POST /cormun/servlet/trsolicitudot?5619316feb5e38edb3968644c42d6612,gx-no-cache=1457019079948 HTTP/1.1" 200 4947
191.112.17.11 - - [03/Mar/2016:12:30:56 -0300] "GET /cormun//static/Resources/PXToolsActionView.png HTTP/1.1" 200 2995
191.112.17.11 - - [03/Mar/2016:12:30:56 -0300] "GET /cormun//static/Resources/PXToolsGridUpdate.png HTTP/1.1" 200 2984
191.112.17.11 - - [03/Mar/2016:12:30:56 -0300] "GET /cormun//static/Resources/PXToolsGridDelete.png HTTP/1.1" 200 357
191.112.17.11 - - [03/Mar/2016:12:30:56 -0300] "GET /cormun//static/Resources/PXTools/ActionInsert.png HTTP/1.1" 200 1482
191.112.17.11 - - [03/Mar/2016:12:30:56 -0300] "GET /cormun//static/Resources/PXToolsRemoveAllAction.png HTTP/1.1" 200 3558
191.112.17.11 - - [03/Mar/2016:12:30:56 -0300] "GET /cormun/servlet/trsolicitudot?ffa1ef4ae70d32fe871baa51a855350ff75c9b973cd1ed6ba4422a55aaa84202b5b9b35845f1ba4d213b9aae7380e539f843cbee2005bf222fa2f52a827461c55d316e5aa84098b2cfe04dc0c9b74f52,gx-no-cache=1457019080369 HTTP/1.1" 200 2222
191.112.78.213 - - [03/Mar/2016:12:30:57 -0300] "GET /cormun/servlet/trsolicitudadjuntos?2016,467, HTTP/1.1" 200 7771
191.112.78.213 - - [03/Mar/2016:12:30:59 -0300] "GET /cormun/servlet/solicitudotadjuntos?INS,2016,467,,1, HTTP/1.1" 200 5473
191.112.78.213 - - [03/Mar/2016:12:31:00 -0300] "GET /cormun/static/about:blank HTTP/1.1" 404 1011
191.112.78.213 - - [03/Mar/2016:12:31:02 -0300] "GET /cormun/servlet/solicitudotadjuntos?INS,2016,467,,1, HTTP/1.1" 200 5467
191.112.78.213 - - [03/Mar/2016:12:31:03 -0300] "GET /cormun/servlet/solicitudotadjuntos?5dc64e72aa6460987ed563b8bb772a1e4d3c88e1ea9d0705505e04e69fa52f2dcc79a545b9cadcb53d627544da7dec2e,gx-no-cache=1457019088365 HTTP/1.1" 200 30
191.112.78.213 - - [03/Mar/2016:12:31:03 -0300] "POST /cormun/servlet/solicitudotadjuntos?78a791391b8286a9b26165191b25347f,INS,2016,467,,1,,gx-no-cache=1457019088533 HTTP/1.1" 200 3374
191.112.78.213 - - [03/Mar/2016:12:31:07 -0300] "POST /cormun/servlet/solicitudotadjuntos?gx-no-cache=1457019092789 HTTP/1.1" 200 26
191.112.17.11 - - [03/Mar/2016:12:31:12 -0300] "GET /cormun/servlet/solicitudot?4eda181fdd50b2d62d229ba088ba1c9d4e65fa83ca059fdf27942a68bbeb167f8cd31e425da4dd9c7ee9bc66bc1b050dfff608b1ffe1ba7116c020c593da6dd31839bd217e2b44eb99a09bd3f990545ecc5ca88cb870dafe2ef13618af576ef850cc1b2f7e2fc732dbe85fbda00b410b5dfe17140da75877c717f708da0f4d70dc76e7f2358c3ce6482c3b5886dfb021e60c25c6a04d7e6aa68aa32e60a562ba,gx-no-cache=1457019096957 HTTP/1.1" 200 29
191.112.17.11 - - [03/Mar/2016:12:31:13 -0300] "POST /cormun/servlet/solicitudot?gx-no-cache=1457019097113 HTTP/1.1" 200 1116
191.112.17.11 - - [03/Mar/2016:12:31:13 -0300] "GET /cormun/static/menuarrow.gif HTTP/1.1" 404 1015
191.112.17.11 - - [03/Mar/2016:12:31:21 -0300] "GET /cormun/servlet/solicitudot?4eda181fdd50b2d62d229ba088ba1c9da473d47248efcb7432f142659805758c48a5ca9cc934be4c7383127b47c3d2d59e0714040e8be249d5291fb0d19a501ca4316be24646c663990397a1a6f4427e6ad8b7e24684b96c11c143a9b41c68ee8bc66636c5349716c62f4d40efea174f22efe1d3aac5a9d466351bf234dfbc7f0f217dc3c62a3a53cdabcc1e7e006d17a637533ab691528e54bac1a6f6d75004abb870e04f342223f101ab933cde25a3,gx-no-cache=1457019106029 HTTP/1.1" 200 30
186.78.57.210 - - [03/Mar/2016:12:31:28 -0300] "POST /cormun/servlet/solicitudot?gx-no-cache=1457019147635 HTTP/1.1" 200 30
191.112.78.213 - - [03/Mar/2016:12:31:30 -0300] "POST /cormun/servlet/solicitudotadjuntos?gx-no-cache=1457019115411 HTTP/1.1" 200 26
191.112.17.11 - - [03/Mar/2016:12:31:31 -0300] "POST /cormun/servlet/solicitudot?5619316feb5e38edb3968644c42d6612,INS,0,0,,gx-no-cache=1457019114899 HTTP/1.1" 200 93
191.112.17.11 - - [03/Mar/2016:12:31:31 -0300] "GET /cormun/servlet/hpexe_return? HTTP/1.1" 200 1012
191.112.17.11 - - [03/Mar/2016:12:31:31 -0300] "GET /cormun/servlet/hhome HTTP/1.1" 200 3402
186.78.57.210 - - [03/Mar/2016:12:31:31 -0300] "POST /cormun/servlet/solicitudot?gx-no-cache=1457019151338 HTTP/1.1" 200 30
191.112.17.11 - - [03/Mar/2016:12:31:31 -0300] "GET /cormun/servlet/hhome HTTP/1.1" 200 3396
186.78.57.210 - - [03/Mar/2016:12:31:34 -0300] "POST /cormun/servlet/solicitudot?gx-no-cache=1457019153843 HTTP/1.1" 200 452
186.78.57.210 - - [03/Mar/2016:12:31:34 -0300] "GET /cormun/servlet/solicitudot?6e39a9a0d1bc265ceaef7678f52d3ee73b42368082a26ed9f40176c1090a5dddefcc89cf04a7367b20aa0b15d0cf6d5cdd9bb71e5e34df6f44f03dc274bd650ccce8037730835b4e1fdd495fedd66039a22a0e058346304f2d6963602213d89e0cd63fdd396f3960549a642d5f3fcff4c788d90daf63e2a97475704b8c446bca96c2ca1fe29d013f13e3bc74be01c2b9,gx-no-cache=1457019154103 HTTP/1.1" 200 38
191.112.17.11 - - [03/Mar/2016:12:31:41 -0300] "GET /cormun/servlet/trvisualizadoreventos? HTTP/1.1" 200 5915
191.112.17.11 - - [03/Mar/2016:12:31:41 -0300] "GET /cormun/static/gxcfg.js?2016251828014 HTTP/1.1" 200 953
191.112.17.11 - - [03/Mar/2016:12:31:41 -0300] "GET /cormun/static/Resources/Spanish/PXTools.css?17554516 HTTP/1.1" 200 89042
191.112.17.11 - - [03/Mar/2016:12:31:41 -0300] "GET /cormun/static/trvisualizadoreventos.js?2016251828276 HTTP/1.1" 200 19096
191.112.17.11 - - [03/Mar/2016:12:31:41 -0300] "GET /cormun/static/Resources/PXToolsActionPrint.png HTTP/1.1" 200 3317
191.112.17.11 - - [03/Mar/2016:12:31:42 -0300] "GET /cormun/servlet/trvisualizadoreventos? HTTP/1.1" 200 5915
191.112.17.11 - - [03/Mar/2016:12:31:42 -0300] "POST /cormun/servlet/acontrolpreferencessavestate?None,EVALENZUELA,true HTTP/1.1" 200 35
191.112.17.11 - - [03/Mar/2016:12:31:45 -0300] "GET /cormun/servlet/trautorizarsolicitud? HTTP/1.1" 200 6116
191.112.17.11 - - [03/Mar/2016:12:31:46 -0300] "GET /cormun/static/gxcfg.js?20163219504791 HTTP/1.1" 200 953
191.112.17.11 - - [03/Mar/2016:12:31:46 -0300] "GET /cormun/static/trautorizarsolicitud.js?20163219505323 HTTP/1.1" 200 45302
191.112.17.11 - - [03/Mar/2016:12:31:46 -0300] "GET /cormun/static/Resources/Spanish/PXTools.css?19444614 HTTP/1.1" 200 89042
191.112.17.11 - - [03/Mar/2016:12:31:46 -0300] "GET /cormun/servlet/trautorizarsolicitud? HTTP/1.1" 200 6116
191.112.17.11 - - [03/Mar/2016:12:31:47 -0300] "POST /cormun/servlet/acontrolpreferencessavestate?None,EVALENZUELA,true HTTP/1.1" 200 35
191.112.17.11 - - [03/Mar/2016:12:31:58 -0300] "GET /cormun/servlet/hhome HTTP/1.1" 200 3420
191.112.17.11 - - [03/Mar/2016:12:31:58 -0300] "GET /cormun/servlet/hhome HTTP/1.1" 200 3419
191.112.17.11 - - [03/Mar/2016:12:32:03 -0300] "GET /cormun/servlet/trautorizarsolicitud? HTTP/1.1" 200 6125
191.112.17.11 - - [03/Mar/2016:12:32:04 -0300] "GET /cormun/servlet/trautorizarsolicitud? HTTP/1.1" 200 6125
191.112.78.213 - - [03/Mar/2016:12:32:05 -0300] "GET /cormun/servlet/solicitudotadjuntos?5dc64e72aa6460987ed563b8bb772a1eb7d76dcf35d15f6dca7db02f4044a319,gx-no-cache=1457019150459 HTTP/1.1" 200 30
191.112.78.213 - - [03/Mar/2016:12:32:05 -0300] "GET /cormun/servlet/solicitudotadjuntos?5dc64e72aa6460987ed563b8bb772a1eb7d76dcf35d15f6dca7db02f4044a319,gx-no-cache=1457019150579 HTTP/1.1" 200 30
191.112.17.11 - - [03/Mar/2016:12:32:06 -0300] "POST /cormun/servlet/trautorizarsolicitud?5619316feb5e38edb3968644c42d6612,,gx-no-cache=1457019150969 HTTP/1.1" 200 3475
191.112.17.11 - - [03/Mar/2016:12:32:07 -0300] "POST /cormun/servlet/trautorizarsolicitud?5619316feb5e38edb3968644c42d6612,,gx-no-cache=1457019151274 HTTP/1.1" 200 3475
191.112.78.213 - - [03/Mar/2016:12:32:07 -0300] "POST /cormun/servlet/solicitudotadjuntos?78a791391b8286a9b26165191b25347f,INS,2016,467,,1, HTTP/1.1" 200 116
191.112.17.11 - - [03/Mar/2016:12:32:07 -0300] "POST /cormun/servlet/trautorizarsolicitud?5619316feb5e38edb3968644c42d6612,,gx-no-cache=1457019151594 HTTP/1.1" 200 3475
191.112.78.213 - - [03/Mar/2016:12:32:07 -0300] "GET /cormun/servlet/hpexe_return? HTTP/1.1" 200 1029
191.112.17.11 - - [03/Mar/2016:12:32:07 -0300] "POST /cormun/servlet/trautorizarsolicitud?5619316feb5e38edb3968644c42d6612,,gx-no-cache=1457019151908 HTTP/1.1" 200 3475
191.112.78.213 - - [03/Mar/2016:12:32:08 -0300] "GET /cormun/servlet/trsolicitudadjuntos?2016,467, HTTP/1.1" 200 7907
191.112.17.11 - - [03/Mar/2016:12:32:09 -0300] "POST /cormun/servlet/trautorizarsolicitud?5619316feb5e38edb3968644c42d6612,,gx-no-cache=1457019153595 HTTP/1.1" 200 5244
191.112.17.11 - - [03/Mar/2016:12:32:09 -0300] "GET /cormun/servlet/trautorizarsolicitud?ffa1ef4ae70d32fe871baa51a855350ff75c9b973cd1ed6ba4422a55aaa84202b5b9b35845f1ba4d213b9aae7380e5398de066942d35613d91b4a60e6919d8f43803591d7eca73d37f127877ef7874a1c8938c8257dfbdf12be5de125c1ebed1,gx-no-cache=1457019154006 HTTP/1.1" 200 2598
191.112.78.213 - - [03/Mar/2016:12:32:11 -0300] "GET /cormun/servlet/trsolicitudadjuntos?2016,467, HTTP/1.1" 200 7905
191.112.17.11 - - [03/Mar/2016:12:32:14 -0300] "POST /cormun/servlet/trautorizarsolicitud?5619316feb5e38edb3968644c42d6612,,gx-no-cache=1457019158555 HTTP/1.1" 200 5245
191.112.17.11 - - [03/Mar/2016:12:32:15 -0300] "POST /cormun/servlet/trautorizarsolicitud?5619316feb5e38edb3968644c42d6612,,gx-no-cache=1457019158970 HTTP/1.1" 200 5244
191.112.17.11 - - [03/Mar/2016:12:32:15 -0300] "POST /cormun/servlet/trautorizarsolicitud?5619316feb5e38edb3968644c42d6612,,gx-no-cache=1457019159429 HTTP/1.1" 200 5244
191.112.17.11 - - [03/Mar/2016:12:32:15 -0300] "POST /cormun/servlet/trautorizarsolicitud?5619316feb5e38edb3968644c42d6612,,gx-no-cache=1457019159848 HTTP/1.1" 200 5256
191.112.17.11 - - [03/Mar/2016:12:32:16 -0300] "GET /cormun/static/Shared/jqueryui/images/ui-bg_flat_55_fafafa_40x100.png HTTP/1.1" 404 1097
191.112.17.11 - - [03/Mar/2016:12:32:16 -0300] "GET /cormun/static/Shared/jqueryui/images/ui-icons_8d78a5_256x240.png HTTP/1.1" 404 1089
191.112.78.213 - - [03/Mar/2016:12:32:22 -0300] "GET /cormun/servlet/solicitudotadjuntos?INS,2016,467,,1, HTTP/1.1" 200 5473
191.112.78.213 - - [03/Mar/2016:12:32:23 -0300] "GET /cormun/static/about:blank HTTP/1.1" 404 1011
191.112.78.213 - - [03/Mar/2016:12:32:25 -0300] "GET /cormun/servlet/solicitudotadjuntos?INS,2016,467,,1, HTTP/1.1" 200 5467
191.112.78.213 - - [03/Mar/2016:12:32:25 -0300] "GET /cormun/servlet/solicitudotadjuntos?5dc64e72aa6460987ed563b8bb772a1e4d3c88e1ea9d0705505e04e69fa52f2dcc79a545b9cadcb53d627544da7dec2e,gx-no-cache=1457019170977 HTTP/1.1" 200 30
191.112.78.213 - - [03/Mar/2016:12:32:26 -0300] "POST /cormun/servlet/solicitudotadjuntos?78a791391b8286a9b26165191b25347f,INS,2016,467,,1,,gx-no-cache=1457019171137 HTTP/1.1" 200 3375
191.112.17.11 - - [03/Mar/2016:12:32:26 -0300] "GET /cormun/servlet/veautorizarsolicitud?2016,503,, HTTP/1.1" 200 7531
191.112.17.11 - - [03/Mar/2016:12:32:26 -0300] "GET /cormun/static/gxcfg.js?20163117315759 HTTP/1.1" 200 953
191.112.17.11 - - [03/Mar/2016:12:32:26 -0300] "GET /cormun/pexe_scrolldiv.js HTTP/1.1" 404 1009
191.112.17.11 - - [03/Mar/2016:12:32:26 -0300] "GET /cormun/static/Resources/Spanish/PXTools.css?171692 HTTP/1.1" 200 89042
191.112.17.11 - - [03/Mar/2016:12:32:26 -0300] "GET /cormun/static/veautorizarsolicitud.js?20163117315822 HTTP/1.1" 200 6140
191.112.17.11 - - [03/Mar/2016:12:32:26 -0300] "GET /cormun/static/hwcviewtabs.js?20151120014372 HTTP/1.1" 200 1074
191.112.17.11 - - [03/Mar/2016:12:32:26 -0300] "GET /cormun/static/hpexe_tabsview.js?20151120014350 HTTP/1.1" 200 1661
191.112.17.11 - - [03/Mar/2016:12:32:26 -0300] "GET /cormun/static/tbautorizarsolicitud01.js?20163117314344 HTTP/1.1" 200 27022
191.112.17.11 - - [03/Mar/2016:12:32:26 -0300] "GET /cormun/static/Resources/PXToolsTabLastUnselected.png HTTP/1.1" 200 1291
191.112.17.11 - - [03/Mar/2016:12:32:26 -0300] "GET /cormun/static/Resources/PXToolsTabFirstSelected.png HTTP/1.1" 200 1259
191.112.17.11 - - [03/Mar/2016:12:32:26 -0300] "GET /cormun/static/Resources/PXToolsTabPrevious.gif HTTP/1.1" 200 172
191.112.17.11 - - [03/Mar/2016:12:32:26 -0300] "GET /cormun/static/Resources/PXToolsTabNext.gif HTTP/1.1" 200 168
191.112.17.11 - - [03/Mar/2016:12:32:26 -0300] "GET /cormun/static/calendar-system.css HTTP/1.1" 200 5572
191.112.17.11 - - [03/Mar/2016:12:32:26 -0300] "GET /cormun/static/Resources/PXToolsTabBackSelected.png HTTP/1.1" 200 1157
191.112.17.11 - - [03/Mar/2016:12:32:26 -0300] "GET /cormun/static/Resources/PXToolsTabBackUnselected.png HTTP/1.1" 200 1175
191.112.17.11 - - [03/Mar/2016:12:32:26 -0300] "GET /cormun/static/Resources/PXToolsTabSelectedUnselected.png HTTP/1.1" 200 1428
191.112.17.11 - - [03/Mar/2016:12:32:26 -0300] "GET /cormun/static/Resources/PXToolsTabUnselectedUnselected.png HTTP/1.1" 200 1459
191.112.17.11 - - [03/Mar/2016:12:32:26 -0300] "GET /cormun/servlet/veautorizarsolicitud?2016,503,, HTTP/1.1" 200 7531
191.112.78.213 - - [03/Mar/2016:12:32:28 -0300] "POST /cormun/servlet/solicitudotadjuntos?gx-no-cache=1457019174223 HTTP/1.1" 200 26
191.112.17.11 - - [03/Mar/2016:12:32:30 -0300] "GET /cormun/servlet/trautorizarsolicitud? HTTP/1.1" 200 7738
191.112.17.11 - - [03/Mar/2016:12:32:31 -0300] "GET /cormun/servlet/trautorizarsolicitud? HTTP/1.1" 200 7737
186.78.57.210 - - [03/Mar/2016:12:32:38 -0300] "GET /cormun/servlet/solicitudot?6e39a9a0d1bc265ceaef7678f52d3ee760e6ddc2d33d5a9f4849f6e5f2ec557a57926716032d05535c6c9a99fdb061594c8c087191093b0d881d0803b6641c86d5c5bde1f4277370a316ff7200920f6610c757158a4c393393c46c90dddd94e1e1a74df0baa8d2f3ee0c9d552a8c7df8,gx-no-cache=1457019218029 HTTP/1.1" 200 29
191.112.78.213 - - [03/Mar/2016:12:32:39 -0300] "GET /cormun/servlet/solicitudotadjuntos?5dc64e72aa6460987ed563b8bb772a1eb7d76dcf35d15f6dca7db02f4044a319,gx-no-cache=1457019184819 HTTP/1.1" 200 30
191.112.78.213 - - [03/Mar/2016:12:32:39 -0300] "GET /cormun/servlet/solicitudotadjuntos?5dc64e72aa6460987ed563b8bb772a1eb7d76dcf35d15f6dca7db02f4044a319,gx-no-cache=1457019184923 HTTP/1.1" 200 30
186.78.57.210 - - [03/Mar/2016:12:32:39 -0300] "POST /cormun/servlet/solicitudot?gx-no-cache=1457019219364 HTTP/1.1" 200 1116
191.112.78.213 - - [03/Mar/2016:12:32:42 -0300] "POST /cormun/servlet/solicitudotadjuntos?78a791391b8286a9b26165191b25347f,INS,2016,467,,1, HTTP/1.1" 200 116
191.112.78.213 - - [03/Mar/2016:12:32:42 -0300] "GET /cormun/servlet/hpexe_return? HTTP/1.1" 200 1029
191.112.78.213 - - [03/Mar/2016:12:32:43 -0300] "GET /cormun/servlet/trsolicitudadjuntos?2016,467, HTTP/1.1" 200 8016
191.112.78.213 - - [03/Mar/2016:12:32:46 -0300] "GET /cormun/servlet/trsolicitudadjuntos?2016,467, HTTP/1.1" 200 8012
191.112.17.11 - - [03/Mar/2016:12:32:58 -0300] "POST /cormun/servlet/trautorizarsolicitud?5619316feb5e38edb3968644c42d6612,,gx-no-cache=1457019202748 HTTP/1.1" 200 5245
191.112.17.11 - - [03/Mar/2016:12:32:59 -0300] "POST /cormun/servlet/trautorizarsolicitud?5619316feb5e38edb3968644c42d6612,,gx-no-cache=1457019203170 HTTP/1.1" 200 5245
191.112.17.11 - - [03/Mar/2016:12:32:59 -0300] "POST /cormun/servlet/trautorizarsolicitud?5619316feb5e38edb3968644c42d6612,,gx-no-cache=1457019203569 HTTP/1.1" 200 5245
191.112.17.11 - - [03/Mar/2016:12:33:00 -0300] "POST /cormun/servlet/trautorizarsolicitud?5619316feb5e38edb3968644c42d6612,,gx-no-cache=1457019203992 HTTP/1.1" 200 5243
191.112.17.11 - - [03/Mar/2016:12:33:00 -0300] "POST /cormun/servlet/trautorizarsolicitud?5619316feb5e38edb3968644c42d6612,,gx-no-cache=1457019204395 HTTP/1.1" 200 5246
191.112.17.11 - - [03/Mar/2016:12:33:00 -0300] "POST /cormun/servlet/trautorizarsolicitud?5619316feb5e38edb3968644c42d6612,,gx-no-cache=1457019204804 HTTP/1.1" 200 5244
191.112.17.11 - - [03/Mar/2016:12:33:01 -0300] "POST /cormun/servlet/trautorizarsolicitud?5619316feb5e38edb3968644c42d6612,,gx-no-cache=1457019205217 HTTP/1.1" 200 5245
191.112.17.11 - - [03/Mar/2016:12:33:01 -0300] "POST /cormun/servlet/trautorizarsolicitud?5619316feb5e38edb3968644c42d6612,,gx-no-cache=1457019205641 HTTP/1.1" 200 5257
191.112.17.11 - - [03/Mar/2016:12:33:06 -0300] "POST /cormun/servlet/trautorizarsolicitud?5619316feb5e38edb3968644c42d6612,,gx-no-cache=1457019210273 HTTP/1.1" 200 5245
191.112.17.11 - - [03/Mar/2016:12:33:06 -0300] "POST /cormun/servlet/trautorizarsolicitud?5619316feb5e38edb3968644c42d6612,,gx-no-cache=1457019210698 HTTP/1.1" 200 5245
191.112.17.11 - - [03/Mar/2016:12:33:07 -0300] "POST /cormun/servlet/trautorizarsolicitud?5619316feb5e38edb3968644c42d6612,,gx-no-cache=1457019211162 HTTP/1.1" 200 5245
191.112.17.11 - - [03/Mar/2016:12:33:07 -0300] "POST /cormun/servlet/trautorizarsolicitud?5619316feb5e38edb3968644c42d6612,,gx-no-cache=1457019211605 HTTP/1.1" 200 5244
191.112.17.11 - - [03/Mar/2016:12:33:08 -0300] "POST /cormun/servlet/trautorizarsolicitud?5619316feb5e38edb3968644c42d6612,,gx-no-cache=1457019212030 HTTP/1.1" 200 5243
191.112.17.11 - - [03/Mar/2016:12:33:08 -0300] "POST /cormun/servlet/trautorizarsolicitud?5619316feb5e38edb3968644c42d6612,,gx-no-cache=1457019212483 HTTP/1.1" 200 5245
191.112.17.11 - - [03/Mar/2016:12:33:08 -0300] "POST /cormun/servlet/trautorizarsolicitud?5619316feb5e38edb3968644c42d6612,,gx-no-cache=1457019212932 HTTP/1.1" 200 5245
191.112.17.11 - - [03/Mar/2016:12:33:09 -0300] "POST /cormun/servlet/trautorizarsolicitud?5619316feb5e38edb3968644c42d6612,,gx-no-cache=1457019213416 HTTP/1.1" 200 5259
191.112.17.11 - - [03/Mar/2016:12:33:14 -0300] "POST /cormun/servlet/trautorizarsolicitud?5619316feb5e38edb3968644c42d6612,,gx-no-cache=1457019218816 HTTP/1.1" 200 5243
191.112.17.11 - - [03/Mar/2016:12:33:15 -0300] "POST /cormun/servlet/trautorizarsolicitud?5619316feb5e38edb3968644c42d6612,,gx-no-cache=1457019219267 HTTP/1.1" 200 5244
191.112.17.11 - - [03/Mar/2016:12:33:15 -0300] "POST /cormun/servlet/trautorizarsolicitud?5619316feb5e38edb3968644c42d6612,,gx-no-cache=1457019219750 HTTP/1.1" 200 5244
191.112.17.11 - - [03/Mar/2016:12:33:16 -0300] "POST /cormun/servlet/trautorizarsolicitud?5619316feb5e38edb3968644c42d6612,,gx-no-cache=1457019220189 HTTP/1.1" 200 5244
186.78.45.190 - - [03/Mar/2016:12:33:16 -0300] "GET /cormun/servlet/hlogin HTTP/1.1" 200 1725
186.78.45.190 - - [03/Mar/2016:12:33:16 -0300] "GET /cormun/static/Resources/Spanish/PXTools.css?005343 HTTP/1.1" 304 -
186.78.45.190 - - [03/Mar/2016:12:33:16 -0300] "GET /cormun/static/gxtimezone.js?85251 HTTP/1.1" 304 -
186.78.45.190 - - [03/Mar/2016:12:33:16 -0300] "GET /cormun/static/gxgral.js?85251 HTTP/1.1" 304 -
186.78.45.190 - - [03/Mar/2016:12:33:16 -0300] "GET /cormun/static/gxcfg.js?20151120045111 HTTP/1.1" 304 -
186.78.45.190 - - [03/Mar/2016:12:33:16 -0300] "GET /cormun/static/Resources/ComunLogin.png HTTP/1.1" 304 -
186.78.45.190 - - [03/Mar/2016:12:33:16 -0300] "GET /cormun/static/messages.spa.js?85251 HTTP/1.1" 304 -
186.78.45.190 - - [03/Mar/2016:12:33:16 -0300] "GET /cormun/static/hlogin.js?20151120045126 HTTP/1.1" 304 -
186.78.45.190 - - [03/Mar/2016:12:33:16 -0300] "GET /cormun/static/Resources/PXToolsButtonBackground2.png HTTP/1.1" 304 -
186.78.45.190 - - [03/Mar/2016:12:33:16 -0300] "GET /cormun/static/Resources/PXToolsLoginBackground.png HTTP/1.1" 304 -
186.78.45.190 - - [03/Mar/2016:12:33:16 -0300] "GET /cormun/static/Resources/PXToolsButtonRight21.png HTTP/1.1" 304 -
186.78.45.190 - - [03/Mar/2016:12:33:16 -0300] "GET /cormun/static/Resources/PXToolsButtonLeft21.png HTTP/1.1" 304 -
186.78.45.190 - - [03/Mar/2016:12:33:16 -0300] "GET /cormun/static/Resources/PXToolsLoginBottom.png HTTP/1.1" 304 -
186.78.45.190 - - [03/Mar/2016:12:33:16 -0300] "GET /cormun/static/Resources/PXToolsLoginTop.png HTTP/1.1" 304 -
186.78.45.190 - - [03/Mar/2016:12:33:16 -0300] "GET /cormun/static/Resources/indicator.gif HTTP/1.1" 304 -
191.112.17.11 - - [03/Mar/2016:12:33:16 -0300] "POST /cormun/servlet/trautorizarsolicitud?5619316feb5e38edb3968644c42d6612,,gx-no-cache=1457019220632 HTTP/1.1" 200 5245
191.112.17.11 - - [03/Mar/2016:12:33:17 -0300] "POST /cormun/servlet/trautorizarsolicitud?5619316feb5e38edb3968644c42d6612,,gx-no-cache=1457019221084 HTTP/1.1" 200 5245
191.112.17.11 - - [03/Mar/2016:12:33:17 -0300] "POST /cormun/servlet/trautorizarsolicitud?5619316feb5e38edb3968644c42d6612,,gx-no-cache=1457019221896 HTTP/1.1" 200 5245
191.112.17.11 - - [03/Mar/2016:12:33:18 -0300] "POST /cormun/servlet/trautorizarsolicitud?5619316feb5e38edb3968644c42d6612,,gx-no-cache=1457019222346 HTTP/1.1" 200 5256
191.112.17.11 - - [03/Mar/2016:12:33:26 -0300] "GET /cormun/servlet/trsolicitudot? HTTP/1.1" 200 7801
191.112.17.11 - - [03/Mar/2016:12:33:26 -0300] "GET /cormun/servlet/trsolicitudot? HTTP/1.1" 200 7800
191.112.17.11 - - [03/Mar/2016:12:33:31 -0300] "GET /cormun/servlet/solicitudot?INS,0,0, HTTP/1.1" 200 11443
191.112.17.11 - - [03/Mar/2016:12:33:32 -0300] "GET /cormun/servlet/solicitudot?INS,0,0, HTTP/1.1" 200 11448
186.78.45.190 - - [03/Mar/2016:12:33:36 -0300] "POST /cormun/servlet/hlogin?bbe20fa7627856f01390cbeeedc8c8ed,gx-no-cache=1457019242705 HTTP/1.1" 200 90
186.78.45.190 - - [03/Mar/2016:12:33:36 -0300] "GET /cormun/servlet/hpexe_link HTTP/1.1" 200 956
186.78.45.190 - - [03/Mar/2016:12:33:36 -0300] "GET /cormun/static/hpexe_link.js?20151120044398 HTTP/1.1" 200 625
186.78.45.190 - - [03/Mar/2016:12:33:36 -0300] "GET /cormun/servlet/hhome HTTP/1.1" 200 3452
191.112.17.11 - - [03/Mar/2016:12:33:40 -0300] "POST /cormun/servlet/trautorizarsolicitud?5619316feb5e38edb3968644c42d6612,,gx-no-cache=1457019244165 HTTP/1.1" 200 3484
191.112.17.11 - - [03/Mar/2016:12:33:49 -0300] "POST /cormun/servlet/solicitudot?gx-no-cache=1457019253763 HTTP/1.1" 200 2760
191.112.17.11 - - [03/Mar/2016:12:33:50 -0300] "POST /cormun/servlet/solicitudot?5619316feb5e38edb3968644c42d6612,INS,0,0,,gx-no-cache=1457019254135 HTTP/1.1" 200 8414
186.78.45.190 - - [03/Mar/2016:12:33:51 -0300] "GET /cormun/servlet/trvisualizadoreventos? HTTP/1.1" 200 5970
186.78.45.190 - - [03/Mar/2016:12:33:51 -0300] "GET /cormun/static/gxui/gxui-all.css?120300 HTTP/1.1" 200 2179
186.78.45.190 - - [03/Mar/2016:12:33:51 -0300] "GET /cormun/static/calendar-system.css?85620 HTTP/1.1" 200 5572
186.78.45.190 - - [03/Mar/2016:12:33:51 -0300] "GET /cormun/static/gxcfg.js?2016251828014 HTTP/1.1" 200 953
186.78.45.190 - - [03/Mar/2016:12:33:51 -0300] "GET /cormun/static/calendar-setup.js?85251 HTTP/1.1" 200 2588
186.78.45.190 - - [03/Mar/2016:12:33:51 -0300] "GET /cormun/static/calendar-es.js?85251 HTTP/1.1" 200 1901
186.78.45.190 - - [03/Mar/2016:12:33:51 -0300] "GET /cormun/static/calendar.js?85251 HTTP/1.1" 200 26246
186.78.45.190 - - [03/Mar/2016:12:33:51 -0300] "GET /cormun/static/Resources/PXTools/calendar.png HTTP/1.1" 200 1306
186.78.45.190 - - [03/Mar/2016:12:33:51 -0300] "GET /cormun/static/Resources/Spanish/PXTools.css?17554516 HTTP/1.1" 200 89042
186.78.45.190 - - [03/Mar/2016:12:33:51 -0300] "GET /cormun/static/gxdec.js?85251 HTTP/1.1" 200 19579
186.78.45.190 - - [03/Mar/2016:12:33:51 -0300] "GET /cormun/static/Resources/PXToolsDataSearch.png HTTP/1.1" 200 419
186.78.45.190 - - [03/Mar/2016:12:33:51 -0300] "GET /cormun/static/trvisualizadoreventos.js?2016251828276 HTTP/1.1" 200 19096
186.78.45.190 - - [03/Mar/2016:12:33:51 -0300] "GET /cormun/static/Resources/PXToolsGridFirst.gif HTTP/1.1" 200 379
186.78.45.190 - - [03/Mar/2016:12:33:52 -0300] "GET /cormun/static/Resources/PXToolsGridPrevious.gif HTTP/1.1" 200 369
186.78.45.190 - - [03/Mar/2016:12:33:52 -0300] "GET /cormun/static/Resources/PXToolsGridNext.gif HTTP/1.1" 200 369
186.78.45.190 - - [03/Mar/2016:12:33:52 -0300] "GET /cormun/static/Resources/PXToolsGridLast.gif HTTP/1.1" 200 370
186.78.45.190 - - [03/Mar/2016:12:33:52 -0300] "GET /cormun/static/Resources/PXToolsActionPrint.png HTTP/1.1" 200 3317
191.112.17.11 - - [03/Mar/2016:12:33:52 -0300] "GET /cormun/servlet/solicitudot?4eda181fdd50b2d62d229ba088ba1c9d2228ab9f4f129b8b1ae074886dfc6aa5d72e4400660419601100fc6170b97b2d,gx-no-cache=1457019256359 HTTP/1.1" 200 30
186.78.45.190 - - [03/Mar/2016:12:33:52 -0300] "GET /cormun/static/Resources/PXToolsActionExcel.png HTTP/1.1" 200 3187
191.112.17.11 - - [03/Mar/2016:12:33:52 -0300] "POST /cormun/servlet/solicitudot?gx-no-cache=1457019256470 HTTP/1.1" 200 30
186.78.45.190 - - [03/Mar/2016:12:33:52 -0300] "GET /cormun/static/Shared/ext/resources/css/ext-all.css?215870 HTTP/1.1" 200 416045
186.78.45.190 - - [03/Mar/2016:12:33:53 -0300] "GET /cormun/static/Resources/asc.gif HTTP/1.1" 200 67
186.78.45.190 - - [03/Mar/2016:12:33:53 -0300] "GET /cormun/static/Resources/desc.gif HTTP/1.1" 200 65
186.78.45.190 - - [03/Mar/2016:12:33:53 -0300] "GET /cormun/static/Shared/ext/resources/themes/images/default/panel/bg-headersPanel.png HTTP/1.1" 200 255
186.78.45.190 - - [03/Mar/2016:12:33:53 -0300] "GET /cormun/static/Shared/ext/resources/themes/images/default/tools/tool-sprites.gif HTTP/1.1" 200 5434
186.78.45.190 - - [03/Mar/2016:12:33:54 -0300] "POST /cormun/servlet/acontrolpreferencessavestate?None,MGALVEZ,true HTTP/1.1" 200 35
191.112.17.11 - - [03/Mar/2016:12:33:54 -0300] "POST /cormun/servlet/solicitudot?gx-no-cache=1457019259009 HTTP/1.1" 200 30
191.112.17.11 - - [03/Mar/2016:12:34:01 -0300] "POST /cormun/servlet/solicitudot?gx-no-cache=1457019265298 HTTP/1.1" 200 1158
191.112.17.11 - - [03/Mar/2016:12:34:01 -0300] "GET /cormun/servlet/solicitudot?4eda181fdd50b2d62d229ba088ba1c9d2c564a9d5d25d7b8137388f0be8bb90eb783d726883da2c7c91087e0632ba1499fd06a4b4016578e927fc11a5fc252353e40a15a85a208bd248865921318786ebb604b685802edf5ec49e64d78f0e669941f0e1df093e648deeb578d37a32767110b1c2c833d726a15b02e0342157ed0dc11c99698dba26bcf58a24422b1daad,gx-no-cache=1457019265453 HTTP/1.1" 200 38
186.78.57.210 - - [03/Mar/2016:12:34:01 -0300] "GET /cormun/servlet/solicitudot?6e39a9a0d1bc265ceaef7678f52d3ee782b6fa2aade900fcd46e81df97ccf2ef708d1eeafbe48b8d9b12ee627ed8867bb12cefeb85c121336ca26571b1a11a8f197898cd665fb4dd4f0ec214789a202e413ab53818e1945ccb9fdfecf59007d3a6b030301367140c9ef7cf5dec91b7752802bcc69b37011aed529050ffe7687e556976f1633dfeb6dd8dbd24b114b7fc8c94c031966bb4feb62720c34cd051a8587be19ec5aba2b1734a330d04442ecc,gx-no-cache=1457019301321 HTTP/1.1" 200 30
191.112.17.11 - - [03/Mar/2016:12:34:05 -0300] "GET /cormun/servlet/solicitudot?4eda181fdd50b2d62d229ba088ba1c9d4e65fa83ca059fdf27942a68bbeb167f8cd31e425da4dd9c7ee9bc66bc1b050dfff608b1ffe1ba7116c020c593da6dd31839bd217e2b44eb99a09bd3f990545ecc5ca88cb870dafe2ef13618af576ef850cc1b2f7e2fc732dbe85fbda00b410b5dfe17140da75877c717f708da0f4d70dc76e7f2358c3ce6482c3b5886dfb021e60c25c6a04d7e6aa68aa32e60a562ba,gx-no-cache=1457019269933 HTTP/1.1" 200 29
191.112.17.11 - - [03/Mar/2016:12:34:05 -0300] "POST /cormun/servlet/solicitudot?gx-no-cache=1457019270020 HTTP/1.1" 200 1116
191.112.17.11 - - [03/Mar/2016:12:34:07 -0300] "GET /cormun/static/menuarrow.gif HTTP/1.1" 404 1015
191.112.17.11 - - [03/Mar/2016:12:34:16 -0300] "GET /cormun/servlet/solicitudot?4eda181fdd50b2d62d229ba088ba1c9da473d47248efcb7432f142659805758c1f5d289aca1a9f229f34d7deb2da5663299a16fe40e60d3960a81d4af8f18d043855aa1c7024c4547eb0f992050e93841371947ae7b0acfdb3b68523b839b1e3f2944366f5fd387e939ade3fdc8f1d966f7cbd23e72b2cd895a9d0946de58bd72269d21d48cec506dc324d03991e2be10ee2125499f61b20b8282a09e3759722431b65a66b79cb3446796403f7b37854,gx-no-cache=1457019280415 HTTP/1.1" 200 30
191.112.17.11 - - [03/Mar/2016:12:34:21 -0300] "POST /cormun/servlet/solicitudot?5619316feb5e38edb3968644c42d6612,INS,0,0,,gx-no-cache=1457019285799 HTTP/1.1" 200 93
191.112.17.11 - - [03/Mar/2016:12:34:22 -0300] "GET /cormun/servlet/hpexe_return? HTTP/1.1" 200 1020
191.112.17.11 - - [03/Mar/2016:12:34:22 -0300] "GET /cormun/servlet/trautorizarsolicitud? HTTP/1.1" 200 6128
191.112.17.11 - - [03/Mar/2016:12:34:22 -0300] "GET /cormun/servlet/trautorizarsolicitud? HTTP/1.1" 200 6125
191.112.17.11 - - [03/Mar/2016:12:34:25 -0300] "POST /cormun/servlet/trautorizarsolicitud?5619316feb5e38edb3968644c42d6612,,gx-no-cache=1457019289475 HTTP/1.1" 200 3480
191.112.17.11 - - [03/Mar/2016:12:34:25 -0300] "POST /cormun/servlet/trautorizarsolicitud?5619316feb5e38edb3968644c42d6612,,gx-no-cache=1457019289784 HTTP/1.1" 200 3480
191.112.17.11 - - [03/Mar/2016:12:34:26 -0300] "POST /cormun/servlet/trautorizarsolicitud?5619316feb5e38edb3968644c42d6612,,gx-no-cache=1457019290124 HTTP/1.1" 200 3480
191.112.17.11 - - [03/Mar/2016:12:34:26 -0300] "POST /cormun/servlet/trautorizarsolicitud?5619316feb5e38edb3968644c42d6612,,gx-no-cache=1457019290450 HTTP/1.1" 200 3479
191.112.17.11 - - [03/Mar/2016:12:34:28 -0300] "POST /cormun/servlet/trautorizarsolicitud?5619316feb5e38edb3968644c42d6612,,gx-no-cache=1457019292355 HTTP/1.1" 200 5496
191.112.17.11 - - [03/Mar/2016:12:34:28 -0300] "GET /cormun/servlet/trautorizarsolicitud?ffa1ef4ae70d32fe871baa51a855350ff75c9b973cd1ed6ba4422a55aaa84202b5b9b35845f1ba4d213b9aae7380e5398de066942d35613d91b4a60e6919d8f43803591d7eca73d37f127877ef7874a1c8938c8257dfbdf12be5de125c1ebed1,gx-no-cache=1457019292766 HTTP/1.1" 200 2887
186.78.45.190 - - [03/Mar/2016:12:34:31 -0300] "POST /cormun/servlet/trvisualizadoreventos?bbe20fa7627856f01390cbeeedc8c8ed,,gx-no-cache=1457019297497 HTTP/1.1" 200 3268
186.78.45.190 - - [03/Mar/2016:12:34:31 -0300] "POST /cormun/servlet/trvisualizadoreventos?bbe20fa7627856f01390cbeeedc8c8ed,,gx-no-cache=1457019297915 HTTP/1.1" 200 3268
186.78.45.190 - - [03/Mar/2016:12:34:31 -0300] "GET /cormun/static/menuarrow.gif HTTP/1.1" 404 1015
191.112.17.11 - - [03/Mar/2016:12:34:33 -0300] "POST /cormun/servlet/trautorizarsolicitud?5619316feb5e38edb3968644c42d6612,,gx-no-cache=1457019297117 HTTP/1.1" 200 5495
191.112.17.11 - - [03/Mar/2016:12:34:33 -0300] "POST /cormun/servlet/trautorizarsolicitud?5619316feb5e38edb3968644c42d6612,,gx-no-cache=1457019297595 HTTP/1.1" 200 5496
191.112.17.11 - - [03/Mar/2016:12:34:34 -0300] "POST /cormun/servlet/trautorizarsolicitud?5619316feb5e38edb3968644c42d6612,,gx-no-cache=1457019298061 HTTP/1.1" 200 5495
191.112.17.11 - - [03/Mar/2016:12:34:34 -0300] "POST /cormun/servlet/trautorizarsolicitud?5619316feb5e38edb3968644c42d6612,,gx-no-cache=1457019298526 HTTP/1.1" 200 5507
191.112.17.11 - - [03/Mar/2016:12:34:34 -0300] "GET /cormun/static/Shared/jqueryui/images/ui-bg_highlight-soft_100_c6c2c8_1x100.png HTTP/1.1" 404 1117
191.112.17.11 - - [03/Mar/2016:12:34:34 -0300] "GET /cormun/static/Shared/jqueryui/images/ui-icons_82798d_256x240.png HTTP/1.1" 404 1089
191.112.17.11 - - [03/Mar/2016:12:34:34 -0300] "GET /cormun/static/Shared/jqueryui/images/ui-bg_flat_55_fafafa_40x100.png HTTP/1.1" 404 1097
191.112.17.11 - - [03/Mar/2016:12:34:34 -0300] "GET /cormun/static/Shared/jqueryui/images/ui-icons_8d78a5_256x240.png HTTP/1.1" 404 1089
186.78.45.190 - - [03/Mar/2016:12:34:39 -0300] "GET /cormun/servlet/trvisualizadoreventos?1532f0c65ed46dc4c6d99b8c16347d82d368a24069e7c5e7fca410c83e0c5bdba0789034bb610b4d33f57e55c4d947619aeb2b275e0e4d9462fe40b49a57d4798eeba8774eb4cda760d88dfcfcee30c492b2c5744fc79228e9f5c07f28de9d2ab2cdb77c12f4a29df248dba0d4e29500515372fce30889d4339c7942195c23e213cc6000f64546ab56a323481b91190d9ff0f70e75b8e139fb8088dde1f259c2718741aef8bcf7b925819e639cf7add43627a5c8d358ee6608450ee816e53cb8,gx-no-cache=1457019305863 HTTP/1.1" 200 562
