186.103.156.24 - - [02/Mar/2016:11:57:16 -0300] "POST /cormun/servlet/trautorizarsolicitud?be3165041499b8058c65c42614994a57,,gx-no-cache=1456930935319 HTTP/1.1" 200 3453
192.168.10.98 - - [02/Mar/2016:11:57:16 -0300] "POST /cormun/servlet/trsolicitudot?a5ef76c73876a25ce4e755f4c48e4d8c,,gx-no-cache=1456930389227 HTTP/1.1" 200 5261
186.103.156.24 - - [02/Mar/2016:11:57:16 -0300] "GET /cormun/servlet/trautorizarsolicitud?58a62feccd4f09c34ded51384f811b4306595c54ba91726b49558330379eedaea407aa7e38196c5dc546530de895f4f79d87852947a41d2837b8c5a43488cfc166458aaf829de4f1a6c47a005078bd76a1d889f7d5465a8c9553c2901e2c985d5ac0cfecea250650d21d8ed25c6360d8,gx-no-cache=1456930935742 HTTP/1.1" 200 742
192.168.10.98 - - [02/Mar/2016:11:57:16 -0300] "POST /cormun/servlet/trsolicitudot?a5ef76c73876a25ce4e755f4c48e4d8c,,gx-no-cache=1456930389749 HTTP/1.1" 200 5262
192.168.10.98 - - [02/Mar/2016:11:57:17 -0300] "POST /cormun/servlet/trsolicitudot?a5ef76c73876a25ce4e755f4c48e4d8c,,gx-no-cache=1456930390307 HTTP/1.1" 200 5261
192.168.10.98 - - [02/Mar/2016:11:57:18 -0300] "POST /cormun/servlet/trsolicitudot?a5ef76c73876a25ce4e755f4c48e4d8c,,gx-no-cache=1456930390811 HTTP/1.1" 200 5260
192.168.10.98 - - [02/Mar/2016:11:57:18 -0300] "POST /cormun/servlet/trsolicitudot?a5ef76c73876a25ce4e755f4c48e4d8c,,gx-no-cache=1456930391392 HTTP/1.1" 200 5506
192.168.10.98 - - [02/Mar/2016:11:57:23 -0300] "POST /cormun/servlet/trsolicitudot?a5ef76c73876a25ce4e755f4c48e4d8c,,gx-no-cache=1456930396059 HTTP/1.1" 200 105
192.168.10.98 - - [02/Mar/2016:11:57:23 -0300] "GET /cormun/servlet/solicitudot?UPD,2016,287, HTTP/1.1" 200 11925
192.168.10.98 - - [02/Mar/2016:11:57:24 -0300] "GET /cormun/servlet/solicitudot?UPD,2016,287, HTTP/1.1" 200 11934
192.168.10.98 - - [02/Mar/2016:11:57:24 -0300] "POST /cormun/servlet/solicitudot?gx-no-cache=1456930397511 HTTP/1.1" 200 2783
192.168.10.98 - - [02/Mar/2016:11:57:24 -0300] "POST /cormun/servlet/solicitudot?a5ef76c73876a25ce4e755f4c48e4d8c,UPD,2016,287,,gx-no-cache=1456930397734 HTTP/1.1" 200 8435
192.168.10.98 - - [02/Mar/2016:11:57:25 -0300] "GET /cormun/servlet/solicitudot?04b384f621502dc7688aea1e6e2ebb9fe9cb20bd0154688ba78fb67a4a0acf5d8e3d81910a3af17502bcb2209d647d14,gx-no-cache=1456930397935 HTTP/1.1" 200 30
192.168.10.98 - - [02/Mar/2016:11:57:25 -0300] "POST /cormun/servlet/solicitudot?gx-no-cache=1456930397974 HTTP/1.1" 200 30
192.168.10.98 - - [02/Mar/2016:11:57:25 -0300] "POST /cormun/servlet/solicitudot?gx-no-cache=1456930397996 HTTP/1.1" 200 33
192.168.10.98 - - [02/Mar/2016:11:57:25 -0300] "POST /cormun/servlet/solicitudot?gx-no-cache=1456930398058 HTTP/1.1" 200 452
192.168.10.98 - - [02/Mar/2016:11:57:25 -0300] "GET /cormun/servlet/solicitudot?04b384f621502dc7688aea1e6e2ebb9f3ebbd480f83d4e840b83feb14995ddaee91825e7ac648f0d79ceaa184a403c4f8dc44c377fad9a765c11394e5b76a89b1a330f5ebccacc7ff9ccd389b50899448987f18d18537878e77eb069ea23c784dac797473f476876fea9c535195c01f81c86847ed6380769759720373c41c94786342ca55407ac63ddd4462955d5e82a50561b9e6c86d7633e7d39444f02420c,gx-no-cache=1456930398141 HTTP/1.1" 200 41
186.103.157.246 - - [02/Mar/2016:11:57:26 -0300] "GET /cormun/servlet/solicitudot?0f3d567439e73de225fea6ae2d44c3f1846212a1587d91177acd95ba6ed408e7caf91f8b72efb97b9d4789e50f2948f67a4e6d8b83cfd49dd2eb64b669dc69e81c47c8b7bf03df17407b097502a7c1bc16b95001c816acc95fb1f46acfd50053188c26a1125810f0a29183af4c5f9d95de7f823336994d340cecd03c4022b7ad4771579fcd26c327228ccc72f1ca81e93829a23652ce7d83d703f42bf5bc78dd,gx-no-cache=1456930676888 HTTP/1.1" 200 29
186.103.157.246 - - [02/Mar/2016:11:57:27 -0300] "POST /cormun/servlet/solicitudot?gx-no-cache=1456930678591 HTTP/1.1" 200 1116
192.168.10.98 - - [02/Mar/2016:11:57:30 -0300] "POST /cormun/servlet/solicitudot?gx-no-cache=1456930403777 HTTP/1.1" 200 122
191.112.87.159 - - [02/Mar/2016:11:57:30 -0300] "GET /cormun/servlet/trvisualizadoreventos? HTTP/1.1" 200 6287
192.168.10.98 - - [02/Mar/2016:11:57:31 -0300] "GET /cormun/static/Shared/jqueryui/images/ui-icons_82798d_256x240.png HTTP/1.1" 404 1089
192.168.10.98 - - [02/Mar/2016:11:57:31 -0300] "GET /cormun/static/Shared/jqueryui/images/ui-bg_highlight-soft_100_c6c2c8_1x100.png HTTP/1.1" 404 1117
192.168.10.98 - - [02/Mar/2016:11:57:31 -0300] "GET /cormun/static/Shared/jqueryui/images/ui-icons_8d78a5_256x240.png HTTP/1.1" 404 1089
192.168.10.98 - - [02/Mar/2016:11:57:31 -0300] "GET /cormun/static/Shared/jqueryui/images/ui-bg_flat_55_fafafa_40x100.png HTTP/1.1" 404 1097
191.112.87.159 - - [02/Mar/2016:11:57:32 -0300] "GET /cormun/servlet/trvisualizadoreventos? HTTP/1.1" 200 6287
186.103.156.24 - - [02/Mar/2016:11:57:37 -0300] "GET /cormun/servlet/trautorizarsolicitud?58a62feccd4f09c34ded51384f811b43a0e25e5a56fe45284577fd917cf4f24f9751ccbd2678d3d3ba43e02d8073f7207034b6b2eb8ffb0ee9509c1b3608daa3d2464af385937d0ea51c36a68d16eb1b6b9b6d53d8e05af16c277e8f776f800696aace7c88474b2bedc464d0065b09cd,gx-no-cache=1456930958977 HTTP/1.1" 200 742
186.103.156.24 - - [02/Mar/2016:11:57:37 -0300] "POST /cormun/servlet/trautorizarsolicitud?be3165041499b8058c65c42614994a57,,gx-no-cache=1456930959251 HTTP/1.1" 200 3453
186.103.156.24 - - [02/Mar/2016:11:57:37 -0300] "POST /cormun/servlet/trautorizarsolicitud?be3165041499b8058c65c42614994a57,,gx-no-cache=1456930959578 HTTP/1.1" 200 3454
186.103.156.24 - - [02/Mar/2016:11:57:39 -0300] "GET /cormun/servlet/trautorizarsolicitud?58a62feccd4f09c34ded51384f811b434c730ffd68fefe1480e75412b955bf68cbce3d9f66cb5ea24c83d184ca2826a044e50d4e8ff951d2a298f57c0d3923f31ccecfd5dbb28682608e16d76d2b31cb1fe0f88bfa9100039d455a634ce77644,gx-no-cache=1456930962057 HTTP/1.1" 200 730
186.103.156.24 - - [02/Mar/2016:11:57:40 -0300] "GET /cormun/servlet/trautorizarsolicitud?58a62feccd4f09c34ded51384f811b438e02fbd684ae0526bf52e05288e181a5b9e7a59c256a88a925b9efba743625807b8eff83bdc351cfce1429eec79746899eadd46781d42c01e44c4e47dc5a7b6b75ec04809a40af3ffafc01432c9e06af,gx-no-cache=1456930962858 HTTP/1.1" 200 730
186.103.156.24 - - [02/Mar/2016:11:57:42 -0300] "POST /cormun/servlet/trautorizarsolicitud?be3165041499b8058c65c42614994a57,,gx-no-cache=1456930964950 HTTP/1.1" 200 3460
186.103.156.24 - - [02/Mar/2016:11:57:44 -0300] "GET /cormun/servlet/trautorizarsolicitud?58a62feccd4f09c34ded51384f811b438e02fbd684ae0526bf52e05288e181a5b57355dc1f4cc645703a174ff4e3eb6c4e6eb5c9a0ee998ef9cb61ef8a200c7d8c919f494b5a3ebe3653dccfd3438c23a36790ba57a0e84b3a520beb6575cfb0,gx-no-cache=1456930967449 HTTP/1.1" 200 733
186.103.156.24 - - [02/Mar/2016:11:57:46 -0300] "GET /cormun/servlet/trautorizarsolicitud?58a62feccd4f09c34ded51384f811b438e02fbd684ae0526bf52e05288e181a56e8c4e4accd55349ed0370212feb1be8c1fb9321b85b249e8ba499b19ce80be0102e2937b16816b3840194db5c825f063b2ea5105fac854aad910202db378c145ac0cfecea250650d21d8ed25c6360d8,gx-no-cache=1456930968907 HTTP/1.1" 200 733
186.103.156.24 - - [02/Mar/2016:11:57:46 -0300] "GET /cormun/servlet/trautorizarsolicitud?58a62feccd4f09c34ded51384f811b438e02fbd684ae0526bf52e05288e181a5d7a7d238e6b63f31678570965de2cd915e2989af057822c15af8fe9a7ce5c78726cf00f84237eb0b23120224a5e84222f88f4ef8f9c19250e87a6bb0a060a9558d5d30e2ee180fa77697493dd6aa8d6b,gx-no-cache=1456930969620 HTTP/1.1" 200 733
186.103.156.24 - - [02/Mar/2016:11:57:48 -0300] "GET /cormun/servlet/trautorizarsolicitud?58a62feccd4f09c34ded51384f811b438e02fbd684ae0526bf52e05288e181a5d5ee3999c0cbbe725daec0b12c3de5e264dafaaf7d94dae75610ece0ae2a4b0f5ae0282ee1df202475de7ca22410d1211396fd6b53add332d4289ab45d0e0febdacca404cc218567d33492d99ca563e7,gx-no-cache=1456930971084 HTTP/1.1" 200 733
186.103.156.24 - - [02/Mar/2016:11:57:50 -0300] "POST /cormun/servlet/trautorizarsolicitud?be3165041499b8058c65c42614994a57,,gx-no-cache=1456930973608 HTTP/1.1" 200 3467
186.103.156.24 - - [02/Mar/2016:11:57:50 -0300] "POST /cormun/servlet/trautorizarsolicitud?be3165041499b8058c65c42614994a57,,gx-no-cache=1456930973968 HTTP/1.1" 200 3468
192.168.10.98 - - [02/Mar/2016:11:57:51 -0300] "POST /cormun/servlet/solicitudot?gx-no-cache=1456930424019 HTTP/1.1" 200 30
186.103.156.24 - - [02/Mar/2016:11:57:51 -0300] "POST /cormun/servlet/trautorizarsolicitud?be3165041499b8058c65c42614994a57,,gx-no-cache=1456930974308 HTTP/1.1" 200 3467
186.103.156.24 - - [02/Mar/2016:11:57:51 -0300] "POST /cormun/servlet/trautorizarsolicitud?be3165041499b8058c65c42614994a57,,gx-no-cache=1456930974651 HTTP/1.1" 200 3468
186.103.156.24 - - [02/Mar/2016:11:57:53 -0300] "POST /cormun/servlet/trautorizarsolicitud?be3165041499b8058c65c42614994a57,,gx-no-cache=1456930976180 HTTP/1.1" 200 3468
186.103.156.24 - - [02/Mar/2016:11:57:58 -0300] "POST /cormun/servlet/trautorizarsolicitud?be3165041499b8058c65c42614994a57,,gx-no-cache=1456930982805 HTTP/1.1" 200 5215
186.103.156.24 - - [02/Mar/2016:11:57:59 -0300] "GET /cormun/servlet/trautorizarsolicitud?58a62feccd4f09c34ded51384f811b438e02fbd684ae0526bf52e05288e181a5bcb3de2df2300d148c178c24d32b99ba64dafaaf7d94dae75610ece0ae2a4b0f5ae0282ee1df202475de7ca22410d1211396fd6b53add332d4289ab45d0e0febdacca404cc218567d33492d99ca563e7,gx-no-cache=1456930983364 HTTP/1.1" 200 2542
192.168.10.98 - - [02/Mar/2016:11:58:04 -0300] "POST /cormun/servlet/solicitudot?gx-no-cache=1456930437516 HTTP/1.1" 200 122
192.168.10.98 - - [02/Mar/2016:11:58:10 -0300] "POST /cormun/servlet/solicitudot?gx-no-cache=1456930443738 HTTP/1.1" 200 122
186.103.156.24 - - [02/Mar/2016:11:58:20 -0300] "POST /cormun/servlet/trautorizarsolicitud?be3165041499b8058c65c42614994a57,,gx-no-cache=1456931006649 HTTP/1.1" 200 5214
186.103.156.24 - - [02/Mar/2016:11:58:20 -0300] "POST /cormun/servlet/trautorizarsolicitud?be3165041499b8058c65c42614994a57,,gx-no-cache=1456931007301 HTTP/1.1" 200 5213
186.103.156.24 - - [02/Mar/2016:11:58:21 -0300] "POST /cormun/servlet/trautorizarsolicitud?be3165041499b8058c65c42614994a57,,gx-no-cache=1456931007850 HTTP/1.1" 200 105
186.103.156.24 - - [02/Mar/2016:11:58:21 -0300] "GET /cormun/servlet/trsolicitudadjuntos?2016,362, HTTP/1.1" 200 7965
186.103.156.24 - - [02/Mar/2016:11:58:22 -0300] "GET /cormun/servlet/trsolicitudadjuntos?2016,362, HTTP/1.1" 200 7966
186.103.156.24 - - [02/Mar/2016:11:58:31 -0300] "GET /cormun/servlet/trautorizarsolicitud? HTTP/1.1" 200 7770
186.103.156.24 - - [02/Mar/2016:11:58:32 -0300] "GET /cormun/servlet/trautorizarsolicitud? HTTP/1.1" 200 7767
186.103.156.24 - - [02/Mar/2016:11:58:35 -0300] "GET /cormun/servlet/veautorizarsolicitud?2016,341,, HTTP/1.1" 200 7573
186.103.156.24 - - [02/Mar/2016:11:58:35 -0300] "GET /cormun/pexe_scrolldiv.js HTTP/1.1" 404 1009
186.103.156.24 - - [02/Mar/2016:11:58:35 -0300] "GET /cormun/servlet/veautorizarsolicitud?2016,341,, HTTP/1.1" 200 7573
186.103.156.24 - - [02/Mar/2016:11:58:38 -0300] "GET /cormun/servlet/trautorizarsolicitud? HTTP/1.1" 200 7770
186.103.156.24 - - [02/Mar/2016:11:58:38 -0300] "GET /cormun/servlet/trautorizarsolicitud? HTTP/1.1" 200 7767
186.103.156.24 - - [02/Mar/2016:11:58:41 -0300] "POST /cormun/servlet/trautorizarsolicitud?be3165041499b8058c65c42614994a57,,gx-no-cache=1456931029037 HTTP/1.1" 200 5213
186.103.156.24 - - [02/Mar/2016:11:58:41 -0300] "POST /cormun/servlet/trautorizarsolicitud?be3165041499b8058c65c42614994a57,,gx-no-cache=1456931029292 HTTP/1.1" 200 5213
186.103.156.24 - - [02/Mar/2016:11:58:41 -0300] "POST /cormun/servlet/trautorizarsolicitud?be3165041499b8058c65c42614994a57,,gx-no-cache=1456931029472 HTTP/1.1" 200 5214
186.103.156.24 - - [02/Mar/2016:11:58:41 -0300] "POST /cormun/servlet/trautorizarsolicitud?be3165041499b8058c65c42614994a57,,gx-no-cache=1456931029656 HTTP/1.1" 200 5213
186.103.156.24 - - [02/Mar/2016:11:58:41 -0300] "POST /cormun/servlet/trautorizarsolicitud?be3165041499b8058c65c42614994a57,,gx-no-cache=1456931029862 HTTP/1.1" 200 5215
186.103.156.24 - - [02/Mar/2016:11:58:42 -0300] "POST /cormun/servlet/trautorizarsolicitud?be3165041499b8058c65c42614994a57,,gx-no-cache=1456931030064 HTTP/1.1" 200 5213
186.103.156.24 - - [02/Mar/2016:11:58:42 -0300] "POST /cormun/servlet/trautorizarsolicitud?be3165041499b8058c65c42614994a57,,gx-no-cache=1456931030287 HTTP/1.1" 200 5213
186.103.156.24 - - [02/Mar/2016:11:58:42 -0300] "POST /cormun/servlet/trautorizarsolicitud?be3165041499b8058c65c42614994a57,,gx-no-cache=1456931030501 HTTP/1.1" 200 106
186.103.156.24 - - [02/Mar/2016:11:58:42 -0300] "GET /cormun/servlet/trsolicitudadjuntos?2016,341, HTTP/1.1" 200 5404
186.103.156.24 - - [02/Mar/2016:11:58:43 -0300] "GET /cormun/servlet/trsolicitudadjuntos?2016,341, HTTP/1.1" 200 5404
186.103.156.24 - - [02/Mar/2016:11:58:46 -0300] "GET /cormun/servlet/solicitudotadjuntos?INS,2016,341,,1, HTTP/1.1" 200 5496
186.103.156.24 - - [02/Mar/2016:11:58:46 -0300] "GET /cormun/static/about:blank HTTP/1.1" 404 1011
186.103.156.24 - - [02/Mar/2016:11:58:47 -0300] "GET /cormun/servlet/solicitudotadjuntos?INS,2016,341,,1, HTTP/1.1" 200 5490
186.103.156.24 - - [02/Mar/2016:11:58:47 -0300] "GET /cormun/servlet/solicitudotadjuntos?e0139e73eff4ebca9fcf51efdab74d30c01df8009c18ecd363e3eb2a6e7c59985ac0cfecea250650d21d8ed25c6360d8,gx-no-cache=1456931036020 HTTP/1.1" 200 30
191.112.91.68 - - [02/Mar/2016:11:58:47 -0300] "POST /cormun/servlet/solicitudotadjuntos?0c0ee8f3b383daf4648f2d40d97b65a9,INS,2016,355,,2,,gx-no-cache=1456930754300 HTTP/1.1" 200 93
186.103.156.24 - - [02/Mar/2016:11:58:47 -0300] "POST /cormun/servlet/solicitudotadjuntos?be3165041499b8058c65c42614994a57,INS,2016,341,,1,,gx-no-cache=1456931036055 HTTP/1.1" 200 3376
191.112.91.68 - - [02/Mar/2016:11:58:47 -0300] "GET /cormun/servlet/hpexe_return? HTTP/1.1" 200 1033
191.112.91.68 - - [02/Mar/2016:11:58:48 -0300] "GET /cormun/servlet/vesolicitudot?2016,355,,SolicitudOTAdjuntos HTTP/1.1" 200 9438
191.112.91.68 - - [02/Mar/2016:11:58:49 -0300] "GET /cormun/pexe_scrolldiv.js HTTP/1.1" 404 1009
186.103.156.24 - - [02/Mar/2016:11:58:51 -0300] "POST /cormun/servlet/solicitudotadjuntos?gx-no-cache=1456931040351 HTTP/1.1" 200 26
191.112.91.68 - - [02/Mar/2016:11:58:51 -0300] "GET /cormun/servlet/vesolicitudot?2016,355,,SolicitudOTAdjuntos HTTP/1.1" 200 9433
191.112.91.68 - - [02/Mar/2016:11:58:53 -0300] "POST /cormun/servlet/acontrolpreferencessavestate?None,CD-33,true HTTP/1.1" 200 35
186.103.156.24 - - [02/Mar/2016:11:59:09 -0300] "POST /cormun/servlet/solicitudotadjuntos?gx-no-cache=1456931060513 HTTP/1.1" 200 26
192.168.10.89 - - [02/Mar/2016:11:59:14 -0300] "GET /cormun/servlet/hhome HTTP/1.1" 200 3216
192.168.10.89 - - [02/Mar/2016:11:59:15 -0300] "GET /cormun/servlet/hlogin HTTP/1.1" 200 1719
192.168.10.89 - - [02/Mar/2016:11:59:24 -0300] "POST /cormun/servlet/hlogin?584929d0c8b6ad997db4c1ab0973b8db,gx-no-cache=1456930517465 HTTP/1.1" 200 90
192.168.10.89 - - [02/Mar/2016:11:59:24 -0300] "GET /cormun/servlet/hpexe_link HTTP/1.1" 200 943
192.168.10.89 - - [02/Mar/2016:11:59:24 -0300] "GET /cormun/static/gxcfg.js?20151120044395 HTTP/1.1" 304 -
192.168.10.89 - - [02/Mar/2016:11:59:24 -0300] "GET /cormun/static/hpexe_link.js?20151120044398 HTTP/1.1" 304 -
192.168.10.89 - - [02/Mar/2016:11:59:24 -0300] "GET /cormun/servlet/hhome HTTP/1.1" 200 3419
186.103.156.24 - - [02/Mar/2016:11:59:32 -0300] "POST /cormun/servlet/solicitudotadjuntos?gx-no-cache=1456931085799 HTTP/1.1" 200 26
191.112.87.159 - - [02/Mar/2016:11:59:35 -0300] "POST /cormun/servlet/trvisualizadoreventos?67bf934034d96584b21130ff03dba25f,,gx-no-cache=1456934400819 HTTP/1.1" 200 3649
191.112.87.159 - - [02/Mar/2016:11:59:36 -0300] "POST /cormun/servlet/trvisualizadoreventos?67bf934034d96584b21130ff03dba25f,,gx-no-cache=1456934403046 HTTP/1.1" 200 3649
191.112.87.159 - - [02/Mar/2016:11:59:37 -0300] "POST /cormun/servlet/trvisualizadoreventos?67bf934034d96584b21130ff03dba25f,,gx-no-cache=1456934403741 HTTP/1.1" 200 3649
191.112.87.159 - - [02/Mar/2016:11:59:38 -0300] "POST /cormun/servlet/trvisualizadoreventos?67bf934034d96584b21130ff03dba25f,,gx-no-cache=1456934404419 HTTP/1.1" 200 3649
192.168.10.89 - - [02/Mar/2016:11:59:40 -0300] "GET /cormun/servlet/trsolicitudot? HTTP/1.1" 200 6159
192.168.10.89 - - [02/Mar/2016:11:59:40 -0300] "GET /cormun/static/Resources/Spanish/PXTools.css?171692 HTTP/1.1" 304 -
192.168.10.89 - - [02/Mar/2016:11:59:40 -0300] "GET /cormun/static/gxcfg.js?20163117265139 HTTP/1.1" 304 -
192.168.10.89 - - [02/Mar/2016:11:59:40 -0300] "GET /cormun/static/trsolicitudot.js?20163117265688 HTTP/1.1" 304 -
192.168.10.89 - - [02/Mar/2016:11:59:43 -0300] "GET /cormun/static/menuarrow.gif HTTP/1.1" 404 1015
186.103.156.24 - - [02/Mar/2016:11:59:46 -0300] "GET /cormun/servlet/solicitudotadjuntos?e0139e73eff4ebca9fcf51efdab74d30065f5b5e16bad4e0e4dadd1c2679ef58,gx-no-cache=1456931102487 HTTP/1.1" 200 30
186.103.156.24 - - [02/Mar/2016:11:59:46 -0300] "GET /cormun/servlet/solicitudotadjuntos?e0139e73eff4ebca9fcf51efdab74d30065f5b5e16bad4e0e4dadd1c2679ef58,gx-no-cache=1456931102534 HTTP/1.1" 200 30
192.168.10.89 - - [02/Mar/2016:11:59:47 -0300] "POST /cormun/servlet/trsolicitudot?584929d0c8b6ad997db4c1ab0973b8db,,gx-no-cache=1456930539957 HTTP/1.1" 200 6632
192.168.10.89 - - [02/Mar/2016:11:59:47 -0300] "POST /cormun/servlet/trsolicitudot?584929d0c8b6ad997db4c1ab0973b8db,,gx-no-cache=1456930540417 HTTP/1.1" 200 6632
186.103.156.24 - - [02/Mar/2016:11:59:47 -0300] "POST /cormun/servlet/solicitudotadjuntos?be3165041499b8058c65c42614994a57,INS,2016,341,,1, HTTP/1.1" 200 116
192.168.10.89 - - [02/Mar/2016:11:59:48 -0300] "POST /cormun/servlet/trsolicitudot?584929d0c8b6ad997db4c1ab0973b8db,,gx-no-cache=1456930540913 HTTP/1.1" 200 6631
186.103.156.24 - - [02/Mar/2016:11:59:48 -0300] "GET /cormun/servlet/hpexe_return? HTTP/1.1" 200 1023
192.168.10.89 - - [02/Mar/2016:11:59:48 -0300] "POST /cormun/servlet/trsolicitudot?584929d0c8b6ad997db4c1ab0973b8db,,gx-no-cache=1456930541527 HTTP/1.1" 200 6632
186.103.156.24 - - [02/Mar/2016:11:59:49 -0300] "GET /cormun/servlet/trsolicitudadjuntos?2016,341, HTTP/1.1" 200 7292
192.168.10.89 - - [02/Mar/2016:11:59:49 -0300] "POST /cormun/servlet/trsolicitudot?584929d0c8b6ad997db4c1ab0973b8db,,gx-no-cache=1456930542169 HTTP/1.1" 200 6633
192.168.10.89 - - [02/Mar/2016:11:59:50 -0300] "POST /cormun/servlet/trsolicitudot?584929d0c8b6ad997db4c1ab0973b8db,,gx-no-cache=1456930542866 HTTP/1.1" 200 6632
186.103.156.24 - - [02/Mar/2016:11:59:50 -0300] "GET /cormun/servlet/trsolicitudadjuntos?2016,341, HTTP/1.1" 200 7290
192.168.10.89 - - [02/Mar/2016:11:59:50 -0300] "POST /cormun/servlet/trsolicitudot?584929d0c8b6ad997db4c1ab0973b8db,,gx-no-cache=1456930543667 HTTP/1.1" 200 6632
192.168.10.89 - - [02/Mar/2016:11:59:56 -0300] "POST /cormun/servlet/trsolicitudot?584929d0c8b6ad997db4c1ab0973b8db,,gx-no-cache=1456930544518 HTTP/1.1" 200 6630
191.112.87.159 - - [02/Mar/2016:11:59:56 -0300] "POST /cormun/servlet/trvisualizadoreventos?67bf934034d96584b21130ff03dba25f,,gx-no-cache=1456934423236 HTTP/1.1" 200 3649
186.103.156.24 - - [02/Mar/2016:11:59:58 -0300] "GET /cormun/servlet/solicitudotadjuntos?INS,2016,341,,1, HTTP/1.1" 200 5497
186.103.156.24 - - [02/Mar/2016:11:59:58 -0300] "GET /cormun/static/about:blank HTTP/1.1" 404 1011
186.103.156.24 - - [02/Mar/2016:11:59:58 -0300] "GET /cormun/servlet/solicitudotadjuntos?INS,2016,341,,1, HTTP/1.1" 200 5491
186.103.156.24 - - [02/Mar/2016:11:59:59 -0300] "GET /cormun/servlet/solicitudotadjuntos?e0139e73eff4ebca9fcf51efdab74d30c01df8009c18ecd363e3eb2a6e7c59985ac0cfecea250650d21d8ed25c6360d8,gx-no-cache=1456931115735 HTTP/1.1" 200 30
186.103.156.24 - - [02/Mar/2016:11:59:59 -0300] "POST /cormun/servlet/solicitudotadjuntos?be3165041499b8058c65c42614994a57,INS,2016,341,,1,,gx-no-cache=1456931115772 HTTP/1.1" 200 3377
186.103.156.24 - - [02/Mar/2016:12:00:02 -0300] "POST /cormun/servlet/solicitudotadjuntos?gx-no-cache=1456931119539 HTTP/1.1" 200 26
191.112.87.159 - - [02/Mar/2016:12:00:04 -0300] "POST /cormun/servlet/trvisualizadoreventos?67bf934034d96584b21130ff03dba25f,,gx-no-cache=1456934430604 HTTP/1.1" 200 90
191.112.87.159 - - [02/Mar/2016:12:00:04 -0300] "GET /cormun/servlet/hpexe_link HTTP/1.1" 200 973
191.112.87.159 - - [02/Mar/2016:12:00:04 -0300] "GET /cormun/servlet/trautorizarsolicitud HTTP/1.1" 200 7385
191.112.87.159 - - [02/Mar/2016:12:00:05 -0300] "GET /cormun/servlet/trautorizarsolicitud HTTP/1.1" 200 7384
186.103.156.24 - - [02/Mar/2016:12:00:11 -0300] "GET /cormun/servlet/solicitudotadjuntos?e0139e73eff4ebca9fcf51efdab74d30065f5b5e16bad4e0e4dadd1c2679ef58,gx-no-cache=1456931129796 HTTP/1.1" 200 30
186.103.156.24 - - [02/Mar/2016:12:00:11 -0300] "GET /cormun/servlet/solicitudotadjuntos?e0139e73eff4ebca9fcf51efdab74d30065f5b5e16bad4e0e4dadd1c2679ef58,gx-no-cache=1456931129839 HTTP/1.1" 200 30
186.103.156.24 - - [02/Mar/2016:12:00:12 -0300] "POST /cormun/servlet/solicitudotadjuntos?be3165041499b8058c65c42614994a57,INS,2016,341,,1, HTTP/1.1" 200 116
186.103.156.24 - - [02/Mar/2016:12:00:12 -0300] "GET /cormun/servlet/hpexe_return? HTTP/1.1" 200 1023
186.103.156.24 - - [02/Mar/2016:12:00:13 -0300] "GET /cormun/servlet/trsolicitudadjuntos?2016,341, HTTP/1.1" 200 7441
191.112.87.159 - - [02/Mar/2016:12:00:13 -0300] "POST /cormun/servlet/trautorizarsolicitud?67bf934034d96584b21130ff03dba25f,gx-no-cache=1456934439514 HTTP/1.1" 200 4857
191.112.87.159 - - [02/Mar/2016:12:00:13 -0300] "POST /cormun/servlet/trautorizarsolicitud?67bf934034d96584b21130ff03dba25f,gx-no-cache=1456934440076 HTTP/1.1" 200 4856
186.103.156.24 - - [02/Mar/2016:12:00:14 -0300] "GET /cormun/servlet/trsolicitudadjuntos?2016,341, HTTP/1.1" 200 7436
191.112.87.159 - - [02/Mar/2016:12:00:14 -0300] "POST /cormun/servlet/trautorizarsolicitud?67bf934034d96584b21130ff03dba25f,gx-no-cache=1456934440855 HTTP/1.1" 200 4857
191.112.87.159 - - [02/Mar/2016:12:00:15 -0300] "POST /cormun/servlet/trautorizarsolicitud?67bf934034d96584b21130ff03dba25f,gx-no-cache=1456934441451 HTTP/1.1" 200 4856
191.112.87.159 - - [02/Mar/2016:12:00:15 -0300] "POST /cormun/servlet/trautorizarsolicitud?67bf934034d96584b21130ff03dba25f,gx-no-cache=1456934442245 HTTP/1.1" 200 4858
191.112.87.159 - - [02/Mar/2016:12:00:16 -0300] "POST /cormun/servlet/trautorizarsolicitud?67bf934034d96584b21130ff03dba25f,gx-no-cache=1456934442894 HTTP/1.1" 200 4857
191.112.87.159 - - [02/Mar/2016:12:00:17 -0300] "POST /cormun/servlet/trautorizarsolicitud?67bf934034d96584b21130ff03dba25f,gx-no-cache=1456934443767 HTTP/1.1" 200 4857
191.112.87.159 - - [02/Mar/2016:12:00:18 -0300] "POST /cormun/servlet/trautorizarsolicitud?67bf934034d96584b21130ff03dba25f,gx-no-cache=1456934444330 HTTP/1.1" 200 4868
186.103.156.24 - - [02/Mar/2016:12:00:18 -0300] "GET /cormun/servlet/solicitudotadjuntos?INS,2016,341,,1, HTTP/1.1" 200 5497
191.112.87.159 - - [02/Mar/2016:12:00:18 -0300] "GET /cormun/static/Shared/jqueryui/images/ui-bg_highlight-soft_100_c6c2c8_1x100.png HTTP/1.1" 404 1117
186.103.156.24 - - [02/Mar/2016:12:00:18 -0300] "GET /cormun/static/about:blank HTTP/1.1" 404 1011
186.103.156.24 - - [02/Mar/2016:12:00:18 -0300] "GET /cormun/servlet/solicitudotadjuntos?INS,2016,341,,1, HTTP/1.1" 200 5491
191.112.87.159 - - [02/Mar/2016:12:00:18 -0300] "GET /cormun/static/Shared/jqueryui/images/ui-icons_82798d_256x240.png HTTP/1.1" 404 1089
191.112.87.159 - - [02/Mar/2016:12:00:18 -0300] "GET /cormun/static/Shared/jqueryui/images/ui-bg_flat_55_fafafa_40x100.png HTTP/1.1" 404 1097
191.112.87.159 - - [02/Mar/2016:12:00:19 -0300] "GET /cormun/static/Shared/jqueryui/images/ui-icons_8d78a5_256x240.png HTTP/1.1" 404 1089
186.103.156.24 - - [02/Mar/2016:12:00:19 -0300] "GET /cormun/servlet/solicitudotadjuntos?e0139e73eff4ebca9fcf51efdab74d30c01df8009c18ecd363e3eb2a6e7c59985ac0cfecea250650d21d8ed25c6360d8,gx-no-cache=1456931137822 HTTP/1.1" 200 30
186.103.156.24 - - [02/Mar/2016:12:00:19 -0300] "POST /cormun/servlet/solicitudotadjuntos?be3165041499b8058c65c42614994a57,INS,2016,341,,1,,gx-no-cache=1456931137855 HTTP/1.1" 200 3376
186.103.156.24 - - [02/Mar/2016:12:00:23 -0300] "POST /cormun/servlet/solicitudotadjuntos?gx-no-cache=1456931141899 HTTP/1.1" 200 26
192.168.10.89 - - [02/Mar/2016:12:00:26 -0300] "POST /cormun/servlet/trsolicitudot?584929d0c8b6ad997db4c1ab0973b8db,,gx-no-cache=1456930578995 HTTP/1.1" 200 6392
192.168.10.89 - - [02/Mar/2016:12:00:27 -0300] "POST /cormun/servlet/trsolicitudot?584929d0c8b6ad997db4c1ab0973b8db,,gx-no-cache=1456930580240 HTTP/1.1" 200 6332
192.168.10.89 - - [02/Mar/2016:12:00:28 -0300] "GET /cormun/static/Shared/jqueryui/images/ui-icons_82798d_256x240.png HTTP/1.1" 404 1089
192.168.10.89 - - [02/Mar/2016:12:00:28 -0300] "GET /cormun/static/Shared/jqueryui/images/ui-bg_flat_55_fafafa_40x100.png HTTP/1.1" 404 1097
192.168.10.89 - - [02/Mar/2016:12:00:28 -0300] "GET /cormun/static/Shared/jqueryui/images/ui-bg_highlight-soft_100_c6c2c8_1x100.png HTTP/1.1" 404 1117
192.168.10.89 - - [02/Mar/2016:12:00:28 -0300] "GET /cormun/static/Shared/jqueryui/images/ui-icons_8d78a5_256x240.png HTTP/1.1" 404 1089
186.103.156.24 - - [02/Mar/2016:12:00:30 -0300] "GET /cormun/servlet/solicitudotadjuntos?e0139e73eff4ebca9fcf51efdab74d30065f5b5e16bad4e0e4dadd1c2679ef58,gx-no-cache=1456931150497 HTTP/1.1" 200 30
186.103.156.24 - - [02/Mar/2016:12:00:30 -0300] "GET /cormun/servlet/solicitudotadjuntos?e0139e73eff4ebca9fcf51efdab74d30065f5b5e16bad4e0e4dadd1c2679ef58,gx-no-cache=1456931150535 HTTP/1.1" 200 30
186.103.156.24 - - [02/Mar/2016:12:00:31 -0300] "POST /cormun/servlet/solicitudotadjuntos?be3165041499b8058c65c42614994a57,INS,2016,341,,1, HTTP/1.1" 200 116
186.103.157.246 - - [02/Mar/2016:12:00:31 -0300] "GET /cormun/static/menuarrow.gif HTTP/1.1" 404 1015
186.103.156.24 - - [02/Mar/2016:12:00:31 -0300] "GET /cormun/servlet/hpexe_return? HTTP/1.1" 200 1023
186.103.156.24 - - [02/Mar/2016:12:00:32 -0300] "GET /cormun/servlet/trsolicitudadjuntos?2016,341, HTTP/1.1" 200 7606
192.168.10.89 - - [02/Mar/2016:12:00:32 -0300] "POST /cormun/servlet/trsolicitudot?584929d0c8b6ad997db4c1ab0973b8db,,gx-no-cache=1456930584878 HTTP/1.1" 200 6159
186.103.156.24 - - [02/Mar/2016:12:00:32 -0300] "GET /cormun/servlet/trsolicitudadjuntos?2016,341, HTTP/1.1" 200 7605
192.168.10.89 - - [02/Mar/2016:12:00:33 -0300] "POST /cormun/servlet/trsolicitudot?584929d0c8b6ad997db4c1ab0973b8db,,gx-no-cache=1456930586222 HTTP/1.1" 200 6099
186.103.156.24 - - [02/Mar/2016:12:00:37 -0300] "GET /cormun/servlet/solicitudotadjuntos?INS,2016,341,,1, HTTP/1.1" 200 5497
186.103.156.24 - - [02/Mar/2016:12:00:37 -0300] "GET /cormun/static/about:blank HTTP/1.1" 404 1011
186.103.156.24 - - [02/Mar/2016:12:00:37 -0300] "GET /cormun/servlet/solicitudotadjuntos?INS,2016,341,,1, HTTP/1.1" 200 5491
186.103.156.24 - - [02/Mar/2016:12:00:38 -0300] "GET /cormun/servlet/solicitudotadjuntos?e0139e73eff4ebca9fcf51efdab74d30c01df8009c18ecd363e3eb2a6e7c59985ac0cfecea250650d21d8ed25c6360d8,gx-no-cache=1456931158466 HTTP/1.1" 200 30
186.103.156.24 - - [02/Mar/2016:12:00:38 -0300] "POST /cormun/servlet/solicitudotadjuntos?be3165041499b8058c65c42614994a57,INS,2016,341,,1,,gx-no-cache=1456931158500 HTTP/1.1" 200 3376
186.103.156.24 - - [02/Mar/2016:12:00:43 -0300] "POST /cormun/servlet/solicitudotadjuntos?gx-no-cache=1456931163620 HTTP/1.1" 200 26
186.103.156.24 - - [02/Mar/2016:12:00:44 -0300] "GET /cormun/servlet/solicitudotadjuntos?e0139e73eff4ebca9fcf51efdab74d30065f5b5e16bad4e0e4dadd1c2679ef58,gx-no-cache=1456931165656 HTTP/1.1" 200 30
186.103.156.24 - - [02/Mar/2016:12:00:44 -0300] "GET /cormun/servlet/solicitudotadjuntos?e0139e73eff4ebca9fcf51efdab74d30065f5b5e16bad4e0e4dadd1c2679ef58,gx-no-cache=1456931165702 HTTP/1.1" 200 30
186.103.156.24 - - [02/Mar/2016:12:00:44 -0300] "POST /cormun/servlet/solicitudotadjuntos?be3165041499b8058c65c42614994a57,INS,2016,341,,1,,gx-no-cache=1456931165725 HTTP/1.1" 200 93
186.103.156.24 - - [02/Mar/2016:12:00:44 -0300] "GET /cormun/servlet/hpexe_return? HTTP/1.1" 200 1023
192.168.10.98 - - [02/Mar/2016:12:00:44 -0300] "POST /cormun/servlet/solicitudot?gx-no-cache=1456930597782 HTTP/1.1" 200 30
186.103.156.24 - - [02/Mar/2016:12:00:45 -0300] "GET /cormun/servlet/trsolicitudadjuntos?2016,341, HTTP/1.1" 200 7713
186.103.156.24 - - [02/Mar/2016:12:00:46 -0300] "GET /cormun/servlet/trsolicitudadjuntos?2016,341, HTTP/1.1" 200 7711
192.168.10.98 - - [02/Mar/2016:12:00:51 -0300] "POST /cormun/servlet/solicitudot?gx-no-cache=1456930604124 HTTP/1.1" 200 452
192.168.10.98 - - [02/Mar/2016:12:00:51 -0300] "GET /cormun/servlet/solicitudot?04b384f621502dc7688aea1e6e2ebb9f3ebbd480f83d4e840b83feb14995ddaee91825e7ac648f0d79ceaa184a403c4f8dc44c377fad9a765c11394e5b76a89b1a330f5ebccacc7ff9ccd389b50899448987f18d18537878e77eb069ea23c784dac797473f476876fea9c535195c01f81c86847ed6380769759720373c41c94786342ca55407ac63ddd4462955d5e82a50561b9e6c86d7633e7d39444f02420c,gx-no-cache=1456930604189 HTTP/1.1" 200 41
192.168.10.98 - - [02/Mar/2016:12:00:51 -0300] "GET /cormun/servlet/solicitudot?04b384f621502dc7688aea1e6e2ebb9f514c523cdf9c75a6984c8b28be97d265a7e177e03f27ca51fe1c74ff52b4c09e4abb86e110b7c150ca7e3f5e04362d632a8ddeb1499c3a8fa53484ccc046d5d6052d58fd2e6017cb165a8855a587461cf25014f7468ecd158519f1195e18ee95405f466d564fa993e705588822734fc01a54af683ca82257566206edf5d6d672aaf2043038ae200bf302912e4294d342d889ec8c00f9ce87588d6beabe84acd65fded40095ce2ee4c5cd54f1c99027b07b706299f2ead1589cf4414ab9342d12,gx-no-cache=1456930604226 HTTP/1.1" 200 29
192.168.10.98 - - [02/Mar/2016:12:00:51 -0300] "POST /cormun/servlet/solicitudot?gx-no-cache=1456930604251 HTTP/1.1" 200 404
192.168.10.98 - - [02/Mar/2016:12:00:51 -0300] "GET /cormun/servlet/solicitudot?04b384f621502dc7688aea1e6e2ebb9fba05a40cf37156c78d7b869fea5829c04f33cf785468f7fa0cc0eb0276fd27267885904c062829513a0c2b1ca3df6b2cef30b791a31c005108615bc8e13f9e7fcff5945c65c4327abf68ef1da029088c712414778a4b6cde34207693615b1e268145719e7083b28a136b1c554fbe9b5e07a9c7229f5396d3e4a206b1ab82303b5c270fa2477b45d0543250ffc346be1a09ac976c57b4b4799b372314e08103c0,gx-no-cache=1456930604278 HTTP/1.1" 200 30
192.168.10.98 - - [02/Mar/2016:12:00:51 -0300] "POST /cormun/servlet/solicitudot?a5ef76c73876a25ce4e755f4c48e4d8c,UPD,2016,287,,gx-no-cache=1456930604306 HTTP/1.1" 200 8731
192.168.10.98 - - [02/Mar/2016:12:00:51 -0300] "GET /cormun/static/Shared/jqueryui/images/ui-icons_ebccce_256x240.png HTTP/1.1" 404 1089
192.168.10.98 - - [02/Mar/2016:12:00:51 -0300] "GET /cormun/static/Shared/jqueryui/images/ui-bg_flat_55_994d53_40x100.png HTTP/1.1" 404 1097
192.168.10.89 - - [02/Mar/2016:12:00:53 -0300] "POST /cormun/servlet/trsolicitudot?584929d0c8b6ad997db4c1ab0973b8db,,gx-no-cache=1456930606222 HTTP/1.1" 200 105
192.168.10.89 - - [02/Mar/2016:12:00:53 -0300] "GET /cormun/servlet/trsolicitudadjuntos?2016,266, HTTP/1.1" 200 5358
192.168.10.89 - - [02/Mar/2016:12:00:53 -0300] "GET /cormun/static/gxcfg.js?2016311731090 HTTP/1.1" 200 953
192.168.10.89 - - [02/Mar/2016:12:00:53 -0300] "GET /cormun/static/trsolicitudadjuntos.js?2016311731342 HTTP/1.1" 200 17275
192.168.10.98 - - [02/Mar/2016:12:00:55 -0300] "POST /cormun/servlet/solicitudot?gx-no-cache=1456930608515 HTTP/1.1" 200 2783
192.168.10.98 - - [02/Mar/2016:12:00:55 -0300] "POST /cormun/servlet/solicitudot?a5ef76c73876a25ce4e755f4c48e4d8c,UPD,2016,287,,gx-no-cache=1456930608676 HTTP/1.1" 200 8528
192.168.10.98 - - [02/Mar/2016:12:00:55 -0300] "GET /cormun/servlet/solicitudot?04b384f621502dc7688aea1e6e2ebb9fe9cb20bd0154688ba78fb67a4a0acf5d8e3d81910a3af17502bcb2209d647d14,gx-no-cache=1456930608862 HTTP/1.1" 200 30
192.168.10.98 - - [02/Mar/2016:12:00:56 -0300] "POST /cormun/servlet/solicitudot?gx-no-cache=1456930608896 HTTP/1.1" 200 30
186.103.156.24 - - [02/Mar/2016:12:00:58 -0300] "GET /cormun/servlet/solicitudotadjuntos?DLT,2016,341,CERTIF3,0, HTTP/1.1" 200 5395
186.103.157.246 - - [02/Mar/2016:12:00:58 -0300] "GET /cormun/servlet/solicitudot?0f3d567439e73de225fea6ae2d44c3f1fb4e66a72b4a0c7faeee8b238e4f7d0242c61c28436aacf3b27c5f7bb81f78c24ec22eee489749f9e70e67f4a102dd50625b8db2ff453bb20327637e7b75f76c7bb2a3f69405f82e3385008c2a9799b24b03596b5b8fc27b39ee05bef4e3ad275e0e859946d08dbdc3a7c4c0887a58833b74d8340317ad85438bde2c2938ee243c7d006d3b28d6a1591d487ed1644f7b26f03dfafbbe8e20e1591661d71ddbc4,gx-no-cache=1456930889340 HTTP/1.1" 200 30
186.103.156.24 - - [02/Mar/2016:12:00:58 -0300] "GET /cormun/static/about:blank HTTP/1.1" 404 1011
186.103.156.24 - - [02/Mar/2016:12:00:59 -0300] "GET /cormun/servlet/solicitudotadjuntos?DLT,2016,341,CERTIF3,0, HTTP/1.1" 200 5387
192.168.10.89 - - [02/Mar/2016:12:01:04 -0300] "GET /cormun/servlet/trsolicitudot? HTTP/1.1" 200 8670
192.168.10.98 - - [02/Mar/2016:12:01:05 -0300] "POST /cormun/servlet/solicitudot?gx-no-cache=1456930618502 HTTP/1.1" 200 30
186.103.156.24 - - [02/Mar/2016:12:01:09 -0300] "GET /cormun/servlet/trsolicitudadjuntos?2016,341, HTTP/1.1" 200 7713
186.103.156.24 - - [02/Mar/2016:12:01:10 -0300] "GET /cormun/servlet/trsolicitudadjuntos?2016,341, HTTP/1.1" 200 7711
192.168.10.98 - - [02/Mar/2016:12:01:15 -0300] "POST /cormun/servlet/solicitudot?gx-no-cache=1456930628024 HTTP/1.1" 200 452
192.168.10.98 - - [02/Mar/2016:12:01:15 -0300] "GET /cormun/servlet/solicitudot?04b384f621502dc7688aea1e6e2ebb9f3ebbd480f83d4e840b83feb14995ddaee91825e7ac648f0d79ceaa184a403c4f8dc44c377fad9a765c11394e5b76a89b1a330f5ebccacc7ff9ccd389b50899448987f18d18537878e77eb069ea23c784dac797473f476876fea9c535195c01f81c86847ed6380769759720373c41c94786342ca55407ac63ddd4462955d5e82a50561b9e6c86d7633e7d39444f02420c,gx-no-cache=1456930628103 HTTP/1.1" 200 41
192.168.10.98 - - [02/Mar/2016:12:01:15 -0300] "POST /cormun/servlet/solicitudot?gx-no-cache=1456930628168 HTTP/1.1" 200 404
192.168.10.98 - - [02/Mar/2016:12:01:15 -0300] "GET /cormun/servlet/solicitudot?04b384f621502dc7688aea1e6e2ebb9fba05a40cf37156c78d7b869fea5829c04f33cf785468f7fa0cc0eb0276fd27267885904c062829513a0c2b1ca3df6b2cef30b791a31c005108615bc8e13f9e7fcff5945c65c4327abf68ef1da029088c712414778a4b6cde34207693615b1e268145719e7083b28a136b1c554fbe9b5e07a9c7229f5396d3e4a206b1ab82303b5c270fa2477b45d0543250ffc346be1a09ac976c57b4b4799b372314e08103c0,gx-no-cache=1456930628200 HTTP/1.1" 200 30
192.168.10.98 - - [02/Mar/2016:12:01:15 -0300] "POST /cormun/servlet/solicitudot?a5ef76c73876a25ce4e755f4c48e4d8c,UPD,2016,287,,gx-no-cache=1456930628235 HTTP/1.1" 200 93
192.168.10.98 - - [02/Mar/2016:12:01:15 -0300] "GET /cormun/servlet/hpexe_return? HTTP/1.1" 200 1008
192.168.10.98 - - [02/Mar/2016:12:01:15 -0300] "GET /cormun/static/messages.spa.js?85251 HTTP/1.1" 304 -
192.168.10.98 - - [02/Mar/2016:12:01:15 -0300] "GET /cormun/servlet/trsolicitudot? HTTP/1.1" 200 7764
192.168.10.98 - - [02/Mar/2016:12:01:15 -0300] "GET /cormun/static/hpexe_recentlink.js?2015111312121342 HTTP/1.1" 304 -
192.168.10.98 - - [02/Mar/2016:12:01:15 -0300] "GET /cormun/static/hpexe_scripts.js?20151120014546 HTTP/1.1" 304 -
192.168.10.98 - - [02/Mar/2016:12:01:15 -0300] "GET /cormun/static/hwchdr01.js?20162241650484 HTTP/1.1" 304 -
192.168.10.98 - - [02/Mar/2016:12:01:15 -0300] "GET /cormun/static/hpexe_messagecontroller.js?2015112210524422 HTTP/1.1" 304 -
192.168.10.98 - - [02/Mar/2016:12:01:15 -0300] "GET /cormun/static/hpexe_messagepopupcomponent.js?2016311717983 HTTP/1.1" 304 -
192.168.10.98 - - [02/Mar/2016:12:01:15 -0300] "GET /cormun/static/hpexe_messagegenexuscomponent.js?20151120014314 HTTP/1.1" 304 -
192.168.10.98 - - [02/Mar/2016:12:01:15 -0300] "GET /cormun/static/cmcontrolpreferences.js?20151120014525 HTTP/1.1" 304 -
192.168.10.98 - - [02/Mar/2016:12:01:15 -0300] "GET /cormun/static/hmpwkw03.js?20163114183826 HTTP/1.1" 304 -
192.168.10.98 - - [02/Mar/2016:12:01:16 -0300] "GET /cormun/servlet/trsolicitudot? HTTP/1.1" 200 7760
186.103.156.24 - - [02/Mar/2016:12:01:17 -0300] "GET /cormun/servlet/solicitudotadjuntos?DLT,2016,341,CERTIF3,0, HTTP/1.1" 200 5396
186.103.156.24 - - [02/Mar/2016:12:01:17 -0300] "GET /cormun/static/about:blank HTTP/1.1" 404 1011
186.103.156.24 - - [02/Mar/2016:12:01:18 -0300] "GET /cormun/servlet/solicitudotadjuntos?DLT,2016,341,CERTIF3,0, HTTP/1.1" 200 5388
192.168.10.89 - - [02/Mar/2016:12:01:20 -0300] "POST /cormun/servlet/trsolicitudot?584929d0c8b6ad997db4c1ab0973b8db,,gx-no-cache=1456930633410 HTTP/1.1" 200 6132
192.168.10.89 - - [02/Mar/2016:12:01:20 -0300] "POST /cormun/servlet/trsolicitudot?584929d0c8b6ad997db4c1ab0973b8db,,gx-no-cache=1456930633765 HTTP/1.1" 200 6132
186.103.157.246 - - [02/Mar/2016:12:01:21 -0300] "POST /cormun/servlet/solicitudot?5dde72f24db47df7606f50bbec570d2c,INS,0,0,,gx-no-cache=1456930911526 HTTP/1.1" 200 93
186.103.157.246 - - [02/Mar/2016:12:01:21 -0300] "GET /cormun/servlet/hpexe_return? HTTP/1.1" 200 996
186.103.156.24 - - [02/Mar/2016:12:01:21 -0300] "POST /cormun/servlet/solicitudotadjuntos?be3165041499b8058c65c42614994a57,DLT,2016,341,CERTIF3,0,,gx-no-cache=1456931205271 HTTP/1.1" 200 93
186.103.156.24 - - [02/Mar/2016:12:01:21 -0300] "GET /cormun/servlet/hpexe_return? HTTP/1.1" 200 1029
192.168.10.89 - - [02/Mar/2016:12:01:21 -0300] "POST /cormun/servlet/trsolicitudot?584929d0c8b6ad997db4c1ab0973b8db,,gx-no-cache=1456930634185 HTTP/1.1" 200 6131
186.103.157.246 - - [02/Mar/2016:12:01:21 -0300] "GET /cormun/servlet/trsolicitudot HTTP/1.1" 200 7719
186.103.156.24 - - [02/Mar/2016:12:01:21 -0300] "GET /cormun/servlet/trsolicitudadjuntos?2016,341, HTTP/1.1" 200 7609
192.168.10.89 - - [02/Mar/2016:12:01:21 -0300] "POST /cormun/servlet/trsolicitudot?584929d0c8b6ad997db4c1ab0973b8db,,gx-no-cache=1456930634670 HTTP/1.1" 200 6132
186.103.156.24 - - [02/Mar/2016:12:01:22 -0300] "GET /cormun/servlet/trsolicitudadjuntos?2016,341, HTTP/1.1" 200 7606
192.168.10.89 - - [02/Mar/2016:12:01:22 -0300] "POST /cormun/servlet/trsolicitudot?584929d0c8b6ad997db4c1ab0973b8db,,gx-no-cache=1456930635257 HTTP/1.1" 200 6131
192.168.10.89 - - [02/Mar/2016:12:01:23 -0300] "POST /cormun/servlet/trsolicitudot?584929d0c8b6ad997db4c1ab0973b8db,,gx-no-cache=1456930635903 HTTP/1.1" 200 6132
192.168.10.89 - - [02/Mar/2016:12:01:23 -0300] "POST /cormun/servlet/trsolicitudot?584929d0c8b6ad997db4c1ab0973b8db,,gx-no-cache=1456930636589 HTTP/1.1" 200 6132
186.103.156.24 - - [02/Mar/2016:12:01:27 -0300] "GET /cormun/servlet/solicitudotadjuntos?INS,2016,341,,1, HTTP/1.1" 200 5497
192.168.10.89 - - [02/Mar/2016:12:01:28 -0300] "POST /cormun/servlet/trsolicitudot?584929d0c8b6ad997db4c1ab0973b8db,,gx-no-cache=1456930637343 HTTP/1.1" 200 5873
186.103.156.24 - - [02/Mar/2016:12:01:28 -0300] "GET /cormun/static/about:blank HTTP/1.1" 404 1011
186.103.156.24 - - [02/Mar/2016:12:01:28 -0300] "GET /cormun/servlet/solicitudotadjuntos?INS,2016,341,,1, HTTP/1.1" 200 5491
186.103.156.24 - - [02/Mar/2016:12:01:29 -0300] "GET /cormun/servlet/solicitudotadjuntos?e0139e73eff4ebca9fcf51efdab74d30c01df8009c18ecd363e3eb2a6e7c59985ac0cfecea250650d21d8ed25c6360d8,gx-no-cache=1456931214423 HTTP/1.1" 200 30
186.103.156.24 - - [02/Mar/2016:12:01:29 -0300] "POST /cormun/servlet/solicitudotadjuntos?be3165041499b8058c65c42614994a57,INS,2016,341,,1,,gx-no-cache=1456931214460 HTTP/1.1" 200 3377
192.168.10.89 - - [02/Mar/2016:12:01:29 -0300] "POST /cormun/servlet/trsolicitudot?584929d0c8b6ad997db4c1ab0973b8db,,gx-no-cache=1456930641936 HTTP/1.1" 200 5814
192.168.10.89 - - [02/Mar/2016:12:01:29 -0300] "GET /cormun/static/Shared/jqueryui/images/ui-bg_highlight-soft_100_c6c2c8_1x100.png HTTP/1.1" 404 1117
192.168.10.89 - - [02/Mar/2016:12:01:29 -0300] "GET /cormun/static/Shared/jqueryui/images/ui-icons_8d78a5_256x240.png HTTP/1.1" 404 1089
192.168.10.89 - - [02/Mar/2016:12:01:29 -0300] "GET /cormun/static/Shared/jqueryui/images/ui-icons_82798d_256x240.png HTTP/1.1" 404 1089
192.168.10.89 - - [02/Mar/2016:12:01:29 -0300] "GET /cormun/static/Shared/jqueryui/images/ui-bg_flat_55_fafafa_40x100.png HTTP/1.1" 404 1097
186.103.156.24 - - [02/Mar/2016:12:01:33 -0300] "POST /cormun/servlet/solicitudotadjuntos?gx-no-cache=1456931219640 HTTP/1.1" 200 26
192.168.10.89 - - [02/Mar/2016:12:01:34 -0300] "POST /cormun/servlet/trsolicitudot?584929d0c8b6ad997db4c1ab0973b8db,,gx-no-cache=1456930646911 HTTP/1.1" 200 5568
192.168.10.89 - - [02/Mar/2016:12:01:35 -0300] "POST /cormun/servlet/trsolicitudot?584929d0c8b6ad997db4c1ab0973b8db,,gx-no-cache=1456930647948 HTTP/1.1" 200 5511
192.168.10.89 - - [02/Mar/2016:12:01:37 -0300] "POST /cormun/servlet/trsolicitudot?584929d0c8b6ad997db4c1ab0973b8db,,gx-no-cache=1456930650406 HTTP/1.1" 200 5534
192.168.10.89 - - [02/Mar/2016:12:01:38 -0300] "POST /cormun/servlet/trsolicitudot?584929d0c8b6ad997db4c1ab0973b8db,,gx-no-cache=1456930651297 HTTP/1.1" 200 5535
192.168.10.89 - - [02/Mar/2016:12:01:39 -0300] "POST /cormun/servlet/trsolicitudot?584929d0c8b6ad997db4c1ab0973b8db,,gx-no-cache=1456930652330 HTTP/1.1" 200 5534
192.168.10.89 - - [02/Mar/2016:12:01:40 -0300] "POST /cormun/servlet/trsolicitudot?584929d0c8b6ad997db4c1ab0973b8db,,gx-no-cache=1456930653368 HTTP/1.1" 200 5534
192.168.10.89 - - [02/Mar/2016:12:01:41 -0300] "POST /cormun/servlet/trsolicitudot?584929d0c8b6ad997db4c1ab0973b8db,,gx-no-cache=1456930654452 HTTP/1.1" 200 5534
192.168.10.89 - - [02/Mar/2016:12:01:42 -0300] "POST /cormun/servlet/trsolicitudot?584929d0c8b6ad997db4c1ab0973b8db,,gx-no-cache=1456930655580 HTTP/1.1" 200 5534
186.103.156.24 - - [02/Mar/2016:12:01:43 -0300] "GET /cormun/servlet/solicitudotadjuntos?e0139e73eff4ebca9fcf51efdab74d30065f5b5e16bad4e0e4dadd1c2679ef58,gx-no-cache=1456931230970 HTTP/1.1" 200 30
186.103.156.24 - - [02/Mar/2016:12:01:43 -0300] "GET /cormun/servlet/solicitudotadjuntos?e0139e73eff4ebca9fcf51efdab74d30065f5b5e16bad4e0e4dadd1c2679ef58,gx-no-cache=1456931231000 HTTP/1.1" 200 30
192.168.10.89 - - [02/Mar/2016:12:01:43 -0300] "POST /cormun/servlet/trsolicitudot?584929d0c8b6ad997db4c1ab0973b8db,,gx-no-cache=1456930656781 HTTP/1.1" 200 5534
191.112.87.159 - - [02/Mar/2016:12:01:44 -0300] "POST /cormun/servlet/trautorizarsolicitud?67bf934034d96584b21130ff03dba25f,gx-no-cache=1456934530695 HTTP/1.1" 200 4869
186.103.156.24 - - [02/Mar/2016:12:01:44 -0300] "POST /cormun/servlet/solicitudotadjuntos?be3165041499b8058c65c42614994a57,INS,2016,341,,1, HTTP/1.1" 200 116
186.103.156.24 - - [02/Mar/2016:12:01:44 -0300] "GET /cormun/servlet/hpexe_return? HTTP/1.1" 200 1023
186.103.156.24 - - [02/Mar/2016:12:01:45 -0300] "GET /cormun/servlet/trsolicitudadjuntos?2016,341, HTTP/1.1" 200 7731
186.103.156.24 - - [02/Mar/2016:12:01:46 -0300] "GET /cormun/servlet/trsolicitudadjuntos?2016,341, HTTP/1.1" 200 7729
186.103.156.24 - - [02/Mar/2016:12:01:50 -0300] "GET /cormun/servlet/solicitudotadjuntos?INS,2016,341,,1, HTTP/1.1" 200 5497
186.103.156.24 - - [02/Mar/2016:12:01:51 -0300] "GET /cormun/static/about:blank HTTP/1.1" 404 1011
186.103.156.24 - - [02/Mar/2016:12:01:51 -0300] "GET /cormun/servlet/solicitudotadjuntos?INS,2016,341,,1, HTTP/1.1" 200 5491
186.103.156.24 - - [02/Mar/2016:12:01:51 -0300] "GET /cormun/servlet/solicitudotadjuntos?e0139e73eff4ebca9fcf51efdab74d30c01df8009c18ecd363e3eb2a6e7c59985ac0cfecea250650d21d8ed25c6360d8,gx-no-cache=1456931239525 HTTP/1.1" 200 30
186.103.156.24 - - [02/Mar/2016:12:01:51 -0300] "POST /cormun/servlet/solicitudotadjuntos?be3165041499b8058c65c42614994a57,INS,2016,341,,1,,gx-no-cache=1456931239560 HTTP/1.1" 200 3377
192.168.10.89 - - [02/Mar/2016:12:01:52 -0300] "POST /cormun/servlet/trsolicitudot?584929d0c8b6ad997db4c1ab0973b8db,,gx-no-cache=1456930664889 HTTP/1.1" 200 5315
186.103.157.246 - - [02/Mar/2016:12:01:52 -0300] "GET /cormun/servlet/solicitudot?INS,0,0, HTTP/1.1" 200 11382
192.168.10.89 - - [02/Mar/2016:12:01:53 -0300] "POST /cormun/servlet/trsolicitudot?584929d0c8b6ad997db4c1ab0973b8db,,gx-no-cache=1456930666330 HTTP/1.1" 200 5254
192.168.10.89 - - [02/Mar/2016:12:01:57 -0300] "POST /cormun/servlet/trsolicitudot?584929d0c8b6ad997db4c1ab0973b8db,,gx-no-cache=1456930669909 HTTP/1.1" 200 5278
192.168.10.89 - - [02/Mar/2016:12:01:58 -0300] "POST /cormun/servlet/trsolicitudot?584929d0c8b6ad997db4c1ab0973b8db,,gx-no-cache=1456930671157 HTTP/1.1" 200 5279
192.168.10.89 - - [02/Mar/2016:12:01:59 -0300] "POST /cormun/servlet/trsolicitudot?584929d0c8b6ad997db4c1ab0973b8db,,gx-no-cache=1456930672510 HTTP/1.1" 200 5278
186.103.156.24 - - [02/Mar/2016:12:01:59 -0300] "POST /cormun/servlet/solicitudotadjuntos?gx-no-cache=1456931248540 HTTP/1.1" 200 26
192.168.10.89 - - [02/Mar/2016:12:02:01 -0300] "POST /cormun/servlet/trsolicitudot?584929d0c8b6ad997db4c1ab0973b8db,,gx-no-cache=1456930673883 HTTP/1.1" 200 5278
192.168.10.89 - - [02/Mar/2016:12:02:02 -0300] "POST /cormun/servlet/trsolicitudot?584929d0c8b6ad997db4c1ab0973b8db,,gx-no-cache=1456930675335 HTTP/1.1" 200 5278
192.168.10.89 - - [02/Mar/2016:12:02:03 -0300] "POST /cormun/servlet/trsolicitudot?584929d0c8b6ad997db4c1ab0973b8db,,gx-no-cache=1456930676800 HTTP/1.1" 200 5278
192.168.10.89 - - [02/Mar/2016:12:02:05 -0300] "POST /cormun/servlet/trsolicitudot?584929d0c8b6ad997db4c1ab0973b8db,,gx-no-cache=1456930678304 HTTP/1.1" 200 5277
186.103.156.24 - - [02/Mar/2016:12:02:06 -0300] "GET /cormun/servlet/solicitudotadjuntos?e0139e73eff4ebca9fcf51efdab74d30065f5b5e16bad4e0e4dadd1c2679ef58,gx-no-cache=1456931256272 HTTP/1.1" 200 30
186.103.156.24 - - [02/Mar/2016:12:02:06 -0300] "GET /cormun/servlet/solicitudotadjuntos?e0139e73eff4ebca9fcf51efdab74d30065f5b5e16bad4e0e4dadd1c2679ef58,gx-no-cache=1456931256309 HTTP/1.1" 200 30
186.103.156.24 - - [02/Mar/2016:12:02:07 -0300] "POST /cormun/servlet/solicitudotadjuntos?be3165041499b8058c65c42614994a57,INS,2016,341,,1, HTTP/1.1" 200 116
186.103.156.24 - - [02/Mar/2016:12:02:08 -0300] "GET /cormun/servlet/hpexe_return? HTTP/1.1" 200 1023
186.103.156.24 - - [02/Mar/2016:12:02:08 -0300] "GET /cormun/servlet/trsolicitudadjuntos?2016,341, HTTP/1.1" 200 7868
186.103.156.24 - - [02/Mar/2016:12:02:09 -0300] "GET /cormun/servlet/trsolicitudadjuntos?2016,341, HTTP/1.1" 200 7865
200.30.209.241 - - [02/Mar/2016:12:02:11 -0300] "GET /cormun/servlet/hlogin HTTP/1.1" 200 1720
200.30.209.241 - - [02/Mar/2016:12:02:11 -0300] "GET /cormun/static/Resources/Spanish/PXTools.css?005343 HTTP/1.1" 304 -
200.30.209.241 - - [02/Mar/2016:12:02:11 -0300] "GET /cormun/static/gxcfg.js?20151120045111 HTTP/1.1" 304 -
200.30.209.241 - - [02/Mar/2016:12:02:11 -0300] "GET /cormun/static/messages.spa.js?85251 HTTP/1.1" 304 -
200.30.209.241 - - [02/Mar/2016:12:02:11 -0300] "GET /cormun/static/hlogin.js?20151120045126 HTTP/1.1" 304 -
186.103.157.246 - - [02/Mar/2016:12:02:11 -0300] "POST /cormun/servlet/solicitudot?gx-no-cache=1456930961838 HTTP/1.1" 200 2740
186.103.157.246 - - [02/Mar/2016:12:02:11 -0300] "POST /cormun/servlet/solicitudot?5dde72f24db47df7606f50bbec570d2c,INS,0,0,,gx-no-cache=1456930962419 HTTP/1.1" 200 8328
186.103.156.24 - - [02/Mar/2016:12:02:14 -0300] "GET /cormun/servlet/solicitudotadjuntos?INS,2016,341,,1, HTTP/1.1" 200 5496
186.103.156.24 - - [02/Mar/2016:12:02:14 -0300] "GET /cormun/static/about:blank HTTP/1.1" 404 1011
186.103.156.24 - - [02/Mar/2016:12:02:14 -0300] "GET /cormun/servlet/solicitudotadjuntos?INS,2016,341,,1, HTTP/1.1" 200 5490
192.168.10.98 - - [02/Mar/2016:12:02:14 -0300] "GET /cormun/servlet/hpexe_return? HTTP/1.1" 200 1007
192.168.10.98 - - [02/Mar/2016:12:02:15 -0300] "GET /cormun/servlet/hhome HTTP/1.1" 200 3376
192.168.10.98 - - [02/Mar/2016:12:02:15 -0300] "GET /cormun/static/Resources/Spanish/PXTools.css?10515224 HTTP/1.1" 304 -
192.168.10.98 - - [02/Mar/2016:12:02:15 -0300] "GET /cormun/static/gxcfg.js?2015112210564248 HTTP/1.1" 304 -
192.168.10.98 - - [02/Mar/2016:12:02:15 -0300] "GET /cormun/static/hhome.js?2015112210564255 HTTP/1.1" 304 -
186.103.156.24 - - [02/Mar/2016:12:02:15 -0300] "GET /cormun/servlet/solicitudotadjuntos?e0139e73eff4ebca9fcf51efdab74d30c01df8009c18ecd363e3eb2a6e7c59985ac0cfecea250650d21d8ed25c6360d8,gx-no-cache=1456931265066 HTTP/1.1" 200 30
186.103.156.24 - - [02/Mar/2016:12:02:15 -0300] "POST /cormun/servlet/solicitudotadjuntos?be3165041499b8058c65c42614994a57,INS,2016,341,,1,,gx-no-cache=1456931265100 HTTP/1.1" 200 3377
186.103.157.246 - - [02/Mar/2016:12:02:15 -0300] "GET /cormun/servlet/solicitudot?0f3d567439e73de225fea6ae2d44c3f12d4294ad3b880044941f8492befdd7be86a79899447670d53a781ae3d8bc6add,gx-no-cache=1456930966414 HTTP/1.1" 200 30
192.168.10.98 - - [02/Mar/2016:12:02:15 -0300] "GET /cormun/servlet/hhome HTTP/1.1" 200 3371
192.168.10.89 - - [02/Mar/2016:12:02:17 -0300] "POST /cormun/servlet/trsolicitudot?584929d0c8b6ad997db4c1ab0973b8db,,gx-no-cache=1456930690659 HTTP/1.1" 200 4955
192.168.10.98 - - [02/Mar/2016:12:02:18 -0300] "GET /cormun/servlet/hpexe_return? HTTP/1.1" 200 1007
192.168.10.98 - - [02/Mar/2016:12:02:18 -0300] "GET /cormun/servlet/hhome HTTP/1.1" 200 3376
192.168.10.98 - - [02/Mar/2016:12:02:18 -0300] "GET /cormun/servlet/hhome HTTP/1.1" 200 3371
192.168.10.89 - - [02/Mar/2016:12:02:19 -0300] "POST /cormun/servlet/trsolicitudot?584929d0c8b6ad997db4c1ab0973b8db,,gx-no-cache=1456930692287 HTTP/1.1" 200 4897
192.168.10.98 - - [02/Mar/2016:12:02:20 -0300] "GET /cormun/servlet/hpexe_return? HTTP/1.1" 200 1007
192.168.10.98 - - [02/Mar/2016:12:02:20 -0300] "GET /cormun/servlet/hhome HTTP/1.1" 200 3376
192.168.10.98 - - [02/Mar/2016:12:02:21 -0300] "GET /cormun/servlet/hhome HTTP/1.1" 200 3371
192.168.10.89 - - [02/Mar/2016:12:02:23 -0300] "POST /cormun/servlet/trsolicitudot?584929d0c8b6ad997db4c1ab0973b8db,,gx-no-cache=1456930696730 HTTP/1.1" 200 4920
200.30.209.241 - - [02/Mar/2016:12:02:25 -0300] "POST /cormun/servlet/hlogin?35a5a300eb430605080711524fcb2cfd,gx-no-cache=1456930975553 HTTP/1.1" 200 90
200.30.209.241 - - [02/Mar/2016:12:02:25 -0300] "GET /cormun/servlet/hpexe_link HTTP/1.1" 200 948
200.30.209.241 - - [02/Mar/2016:12:02:25 -0300] "GET /cormun/static/gxcfg.js?20151120044395 HTTP/1.1" 304 -
192.168.10.89 - - [02/Mar/2016:12:02:25 -0300] "POST /cormun/servlet/trsolicitudot?584929d0c8b6ad997db4c1ab0973b8db,,gx-no-cache=1456930698222 HTTP/1.1" 200 4921
200.30.209.241 - - [02/Mar/2016:12:02:25 -0300] "GET /cormun/static/hpexe_link.js?20151120044398 HTTP/1.1" 304 -
200.30.209.241 - - [02/Mar/2016:12:02:25 -0300] "GET /cormun/servlet/hhome HTTP/1.1" 200 3557
200.30.209.241 - - [02/Mar/2016:12:02:25 -0300] "GET /cormun/static/Resources/Spanish/PXTools.css?10515224 HTTP/1.1" 304 -
200.30.209.241 - - [02/Mar/2016:12:02:25 -0300] "GET /cormun/static/gxcfg.js?2015112210564248 HTTP/1.1" 304 -
200.30.209.241 - - [02/Mar/2016:12:02:25 -0300] "GET /cormun/static/hpexe_recentlink.js?2015111312121342 HTTP/1.1" 304 -
200.30.209.241 - - [02/Mar/2016:12:02:25 -0300] "GET /cormun/static/hwchdr01.js?20162241650484 HTTP/1.1" 304 -
