192.168.10.89 - - [02/Mar/2016:10:55:14 -0300] "GET /cormun/servlet/solicitudot?521f9665cfb361228f25d91890049fa90f6435255dd7a130947561c70593c5fca6c6e0e0af4d122b3c165c37e19a8ad320aa638f3b35eba309de90dbda9713fed0b5eafe094b13aaf47fd28add15bf07324bfe3407d9e7cacaa3aca1d7823688e5a26d4fac7915c6838d15fd385db7811b630b51893f5381e857d0b82e18f85d86e0600aed89b3504d3dbbf401b4799b2d0c5ee74e2ee8e87e5c853cd45bfa6c008c30ba5b684ca6a6268e6cc7dcce73,gx-no-cache=1456926667446 HTTP/1.1" 200 30
186.78.57.210 - - [02/Mar/2016:10:55:14 -0300] "GET /cormun/servlet/trsolicitudot?f1d7b191284c9b973e24856e6762f5658d5829c02008c015220e19630df9dca5a31cf0820cb0fe4482be308f4072d1652918a792101ba41cddf59c5665556c74fd356a4e4ebe26a2cb416b87cdeaaf9441207e7119f0d5c787c8ebc5c390ae39,gx-no-cache=1456926973030 HTTP/1.1" 200 2182
192.168.10.98 - - [02/Mar/2016:10:55:14 -0300] "GET /cormun/servlet/hpexe_return? HTTP/1.1" 200 1013
192.168.10.98 - - [02/Mar/2016:10:55:15 -0300] "GET /cormun/servlet/trauditlogspanish? HTTP/1.1" 200 13293
192.168.10.98 - - [02/Mar/2016:10:55:16 -0300] "GET /cormun/servlet/trauditlogspanish? HTTP/1.1" 200 13289
192.168.10.98 - - [02/Mar/2016:10:55:17 -0300] "GET /cormun/servlet/hpexe_return? HTTP/1.1" 200 1005
192.168.10.98 - - [02/Mar/2016:10:55:17 -0300] "GET /cormun/servlet/hhome HTTP/1.1" 200 3808
192.168.10.98 - - [02/Mar/2016:10:55:18 -0300] "GET /cormun/servlet/hhome HTTP/1.1" 200 3803
192.168.10.98 - - [02/Mar/2016:10:55:22 -0300] "GET /cormun/servlet/hpexe_return? HTTP/1.1" 200 1005
192.168.10.98 - - [02/Mar/2016:10:55:22 -0300] "GET /cormun/servlet/hhome HTTP/1.1" 200 3808
192.168.10.89 - - [02/Mar/2016:10:55:22 -0300] "POST /cormun/servlet/solicitudot?e6bf61c7ee82836ecba3bb60bf3ce0e8,INS,0,0,,gx-no-cache=1456926675091 HTTP/1.1" 200 93
192.168.10.89 - - [02/Mar/2016:10:55:22 -0300] "GET /cormun/servlet/hpexe_return? HTTP/1.1" 200 1031
192.168.10.98 - - [02/Mar/2016:10:55:23 -0300] "GET /cormun/servlet/hhome HTTP/1.1" 200 3803
192.168.10.89 - - [02/Mar/2016:10:55:23 -0300] "GET /cormun/servlet/trsolicitudot?gx-no-cache=1456925052420 HTTP/1.1" 200 7732
192.168.10.98 - - [02/Mar/2016:10:55:27 -0300] "GET /cormun/servlet/hpexe_return? HTTP/1.1" 200 1005
192.168.10.98 - - [02/Mar/2016:10:55:27 -0300] "GET /cormun/servlet/hhome HTTP/1.1" 200 3808
192.168.10.98 - - [02/Mar/2016:10:55:28 -0300] "GET /cormun/servlet/hhome HTTP/1.1" 200 3803
192.168.10.98 - - [02/Mar/2016:10:55:29 -0300] "GET /cormun/servlet/hpexe_return? HTTP/1.1" 200 1005
192.168.10.89 - - [02/Mar/2016:10:55:29 -0300] "GET /cormun/servlet/solicitudot?INS,0,0, HTTP/1.1" 200 11409
192.168.10.98 - - [02/Mar/2016:10:55:29 -0300] "GET /cormun/servlet/hhome HTTP/1.1" 200 3808
192.168.10.98 - - [02/Mar/2016:10:55:30 -0300] "GET /cormun/servlet/hhome HTTP/1.1" 200 3803
191.112.91.68 - - [02/Mar/2016:10:55:31 -0300] "GET /cormun/servlet/solicitudot?cc3825a6bcde85380411dea6bcbbd66b0089b5b2b16fac95e3cad0da44173b38f0b1ebc9111bdc2a9695f118521270141767a066276c40e4858a4148a2b69c20fa54ab7b92a847eb3183e9d1885934ce1916a326da6d8549f6f5214f112a34bfadc87700d31ecfa5e3fc4e3f07b8615b,gx-no-cache=1456926958232 HTTP/1.1" 200 29
192.168.10.89 - - [02/Mar/2016:10:55:33 -0300] "GET /cormun/servlet/prfichaempleado?,MD,,gxPopupLevel%3D0%3B HTTP/1.1" 200 7879
192.168.10.89 - - [02/Mar/2016:10:55:33 -0300] "GET /cormun/static/scaMessage/css/jquery-ui.css?104140 HTTP/1.1" 404 1045
191.112.91.68 - - [02/Mar/2016:10:55:33 -0300] "POST /cormun/servlet/solicitudot?gx-no-cache=1456926960703 HTTP/1.1" 200 1116
192.168.10.89 - - [02/Mar/2016:10:55:37 -0300] "GET /cormun/servlet/prfichaempleado?b83a3073b92727be8d37255bd116bdc9961d92b43915219eba1cdde56ccf183a854b8c3bd99b9f782638334d0eda0b04d6bbf7340c247adec3d45f7ed040ff2ae8e4d58a10ab9bd68bbe7c2513ac482c,gx-no-cache=1456926690267 HTTP/1.1" 200 463
192.168.10.89 - - [02/Mar/2016:10:55:38 -0300] "GET /cormun/servlet/prfichaempleado?b83a3073b92727be8d37255bd116bdc9961d92b43915219eba1cdde56ccf183ad93350b510142eb057b9dd332e91b9e6ab7c7e3c627aacf9b7dc030d71007e416343d88a58a299959246dab8e75b4afa,gx-no-cache=1456926691467 HTTP/1.1" 200 470
192.168.10.89 - - [02/Mar/2016:10:55:39 -0300] "POST /cormun/servlet/prfichaempleado?e6bf61c7ee82836ecba3bb60bf3ce0e8,,MD,,gxPopupLevel%3D0%3B,gx-no-cache=1456926692363 HTTP/1.1" 200 2848
192.168.10.98 - - [02/Mar/2016:10:55:41 -0300] "GET /cormun/servlet/hlogin HTTP/1.1" 200 1712
192.168.10.89 - - [02/Mar/2016:10:55:43 -0300] "POST /cormun/servlet/solicitudot?gx-no-cache=1456926696229 HTTP/1.1" 200 2780
192.168.10.89 - - [02/Mar/2016:10:55:43 -0300] "POST /cormun/servlet/solicitudot?e6bf61c7ee82836ecba3bb60bf3ce0e8,INS,0,0,,gx-no-cache=1456926696363 HTTP/1.1" 200 8400
192.168.10.89 - - [02/Mar/2016:10:55:55 -0300] "GET /cormun/servlet/solicitudot?521f9665cfb361228f25d91890049fa92bd2d601fcf936cb445c38f367a2d4a684d8b5f3ae84f4ac5d3553a53671b1f6,gx-no-cache=1456926708660 HTTP/1.1" 200 30
192.168.10.89 - - [02/Mar/2016:10:55:55 -0300] "POST /cormun/servlet/solicitudot?gx-no-cache=1456926708695 HTTP/1.1" 200 30
186.103.159.186 - - [02/Mar/2016:10:55:56 -0300] "GET /cormun/servlet/hlogin HTTP/1.1" 200 1720
186.103.159.186 - - [02/Mar/2016:10:55:56 -0300] "GET /cormun/static/Resources/Spanish/PXTools.css?005343 HTTP/1.1" 200 89042
186.103.159.186 - - [02/Mar/2016:10:55:57 -0300] "GET /cormun/static/gxcfg.js?20151120045111 HTTP/1.1" 200 953
186.103.159.186 - - [02/Mar/2016:10:55:57 -0300] "GET /cormun/static/messages.spa.js?85251 HTTP/1.1" 200 30736
186.103.159.186 - - [02/Mar/2016:10:55:57 -0300] "GET /cormun/static/hlogin.js?20151120045126 HTTP/1.1" 200 2136
192.168.10.89 - - [02/Mar/2016:10:56:03 -0300] "POST /cormun/servlet/solicitudot?gx-no-cache=1456926716021 HTTP/1.1" 200 30
192.168.10.89 - - [02/Mar/2016:10:56:05 -0300] "GET /cormun/servlet/prsolicitudot?17117969,,,,,MD,,gxPopupLevel%3D0%3B HTTP/1.1" 200 5577
191.112.91.68 - - [02/Mar/2016:10:56:07 -0300] "GET /cormun/static/menuarrow.gif HTTP/1.1" 404 1015
192.168.10.89 - - [02/Mar/2016:10:56:07 -0300] "POST /cormun/servlet/solicitudot?gx-no-cache=1456926720734 HTTP/1.1" 200 452
192.168.10.89 - - [02/Mar/2016:10:56:07 -0300] "GET /cormun/servlet/solicitudot?521f9665cfb361228f25d91890049fa984fa24b8199350474ca1ee07f508e3c24d5c8739d6f9affa20e67f84c5b9fc28d4da589ad8ee4e99b06346944cebf75c6f6f0a3114161386948103389c15878bc8fd08291b4d02a47fb4469c4edb7e38f225b4e70a7aa2dd825c844ab907b6f4c3384a11f39f25516d025d7264e3efb5927d2452c923f76345aea6bc23c955a2,gx-no-cache=1456926720765 HTTP/1.1" 200 38
192.168.10.89 - - [02/Mar/2016:10:56:07 -0300] "GET /cormun/servlet/solicitudot?521f9665cfb361228f25d91890049fa9788d1a674f8ed1eb3471f79990f80117048952a13aae1752cc8525d814a9290e08f8c7a964e347afa6cde893fe87d8e344c5957efc582199b5594121d5358ff88907e7f9e8b45c00e66107a7dec82d30de566cf34b117148b32e338dc795746897b4d61351e7abe9313225817dec84fd556f930fe39774e8b75309e3bcb5a543330709f6cdc1d38b45c2e333e605ff1b,gx-no-cache=1456926720787 HTTP/1.1" 200 29
192.168.10.89 - - [02/Mar/2016:10:56:07 -0300] "POST /cormun/servlet/solicitudot?gx-no-cache=1456926720804 HTTP/1.1" 200 404
192.168.10.89 - - [02/Mar/2016:10:56:16 -0300] "POST /cormun/servlet/solicitudot?gx-no-cache=1456926729666 HTTP/1.1" 200 1116
192.168.10.89 - - [02/Mar/2016:10:56:22 -0300] "GET /cormun/servlet/solicitudot?521f9665cfb361228f25d91890049fa90f6435255dd7a130947561c70593c5fca6c6e0e0af4d122b3c165c37e19a8ad320aa638f3b35eba309de90dbda9713fed0b5eafe094b13aaf47fd28add15bf07324bfe3407d9e7cacaa3aca1d7823688e5a26d4fac7915c6838d15fd385db7811b630b51893f5381e857d0b82e18f85d86e0600aed89b3504d3dbbf401b4799b2d0c5ee74e2ee8e87e5c853cd45bfa6c008c30ba5b684ca6a6268e6cc7dcce73,gx-no-cache=1456926735114 HTTP/1.1" 200 30
191.112.91.68 - - [02/Mar/2016:10:56:24 -0300] "GET /cormun/servlet/solicitudot?cc3825a6bcde85380411dea6bcbbd66b328a62a0c58ba9472c81a40ef6da04a624deb3a32cc0607c191cd56e8f9a8b7a281abc85656edacb81faf63dcb94254864ad71d17717ba4563c45a84ebc80c0179484842739f8f9bb6735bbb3940e9c696a76f7f5424c77728996ad5cf6c84893131d24e7938e3e2e27a4d38aafff45b970d61283d3cbf88d375ff32f77ac9a967265e9af3e63a90fe86705949f05492b4c5a4e3fb0af6f9d94a8448e8b6cb12,gx-no-cache=1456927011175 HTTP/1.1" 200 30
192.168.10.89 - - [02/Mar/2016:10:56:26 -0300] "POST /cormun/servlet/solicitudot?e6bf61c7ee82836ecba3bb60bf3ce0e8,INS,0,0,,gx-no-cache=1456926739005 HTTP/1.1" 200 93
192.168.10.89 - - [02/Mar/2016:10:56:26 -0300] "GET /cormun/servlet/hpexe_return? HTTP/1.1" 200 1031
192.168.10.89 - - [02/Mar/2016:10:56:27 -0300] "GET /cormun/servlet/trsolicitudot?gx-no-cache=1456925052420 HTTP/1.1" 200 7989
186.78.57.210 - - [02/Mar/2016:10:56:29 -0300] "GET /cormun/servlet/solicitudot?INS,0,0, HTTP/1.1" 200 11405
186.78.57.210 - - [02/Mar/2016:10:56:30 -0300] "GET /cormun/servlet/solicitudot?INS,0,0, HTTP/1.1" 200 11410
192.168.10.89 - - [02/Mar/2016:10:56:34 -0300] "POST /cormun/servlet/trsolicitudot?e6bf61c7ee82836ecba3bb60bf3ce0e8,gx-no-cache=1456925052420,gx-no-cache=1456926747708 HTTP/1.1" 200 5450
192.168.10.89 - - [02/Mar/2016:10:56:35 -0300] "POST /cormun/servlet/trsolicitudot?e6bf61c7ee82836ecba3bb60bf3ce0e8,gx-no-cache=1456925052420,gx-no-cache=1456926748017 HTTP/1.1" 200 5450
192.168.10.89 - - [02/Mar/2016:10:56:35 -0300] "POST /cormun/servlet/trsolicitudot?e6bf61c7ee82836ecba3bb60bf3ce0e8,gx-no-cache=1456925052420,gx-no-cache=1456926748387 HTTP/1.1" 200 5450
192.168.10.89 - - [02/Mar/2016:10:56:36 -0300] "POST /cormun/servlet/trsolicitudot?e6bf61c7ee82836ecba3bb60bf3ce0e8,gx-no-cache=1456925052420,gx-no-cache=1456926748817 HTTP/1.1" 200 5450
192.168.10.89 - - [02/Mar/2016:10:56:36 -0300] "POST /cormun/servlet/trsolicitudot?e6bf61c7ee82836ecba3bb60bf3ce0e8,gx-no-cache=1456925052420,gx-no-cache=1456926749329 HTTP/1.1" 200 5450
192.168.10.89 - - [02/Mar/2016:10:56:37 -0300] "POST /cormun/servlet/trsolicitudot?e6bf61c7ee82836ecba3bb60bf3ce0e8,gx-no-cache=1456925052420,gx-no-cache=1456926749912 HTTP/1.1" 200 5450
192.168.10.89 - - [02/Mar/2016:10:56:37 -0300] "POST /cormun/servlet/trsolicitudot?e6bf61c7ee82836ecba3bb60bf3ce0e8,gx-no-cache=1456925052420,gx-no-cache=1456926750498 HTTP/1.1" 200 5450
192.168.10.98 - - [02/Mar/2016:10:56:38 -0300] "POST /cormun/servlet/hlogin?cdb142f7fa332aba2fe13b8e7d58cd56,gx-no-cache=1456926751640 HTTP/1.1" 200 90
192.168.10.98 - - [02/Mar/2016:10:56:38 -0300] "GET /cormun/servlet/hpexe_link HTTP/1.1" 200 946
192.168.10.98 - - [02/Mar/2016:10:56:39 -0300] "GET /cormun/servlet/hhome HTTP/1.1" 200 3375
192.168.10.98 - - [02/Mar/2016:10:56:39 -0300] "GET /cormun/servlet/hhome HTTP/1.1" 200 3372
192.168.10.89 - - [02/Mar/2016:10:56:41 -0300] "POST /cormun/servlet/trsolicitudot?e6bf61c7ee82836ecba3bb60bf3ce0e8,gx-no-cache=1456925052420,gx-no-cache=1456926751140 HTTP/1.1" 200 5228
192.168.10.89 - - [02/Mar/2016:10:56:42 -0300] "POST /cormun/servlet/trsolicitudot?e6bf61c7ee82836ecba3bb60bf3ce0e8,gx-no-cache=1456925052420,gx-no-cache=1456926754922 HTTP/1.1" 200 5169
192.168.10.89 - - [02/Mar/2016:10:56:42 -0300] "GET /cormun/static/Shared/jqueryui/images/ui-icons_8d78a5_256x240.png HTTP/1.1" 404 1089
192.168.10.89 - - [02/Mar/2016:10:56:42 -0300] "GET /cormun/static/Shared/jqueryui/images/ui-bg_flat_55_fafafa_40x100.png HTTP/1.1" 404 1097
192.168.10.89 - - [02/Mar/2016:10:56:42 -0300] "GET /cormun/static/Shared/jqueryui/images/ui-bg_highlight-soft_100_c6c2c8_1x100.png HTTP/1.1" 404 1117
192.168.10.89 - - [02/Mar/2016:10:56:42 -0300] "GET /cormun/static/Shared/jqueryui/images/ui-icons_82798d_256x240.png HTTP/1.1" 404 1089
192.168.10.89 - - [02/Mar/2016:10:56:45 -0300] "POST /cormun/servlet/trsolicitudot?e6bf61c7ee82836ecba3bb60bf3ce0e8,gx-no-cache=1456925052420,gx-no-cache=1456926758503 HTTP/1.1" 200 5193
192.168.10.89 - - [02/Mar/2016:10:56:46 -0300] "POST /cormun/servlet/trsolicitudot?e6bf61c7ee82836ecba3bb60bf3ce0e8,gx-no-cache=1456925052420,gx-no-cache=1456926759236 HTTP/1.1" 200 5193
192.168.10.89 - - [02/Mar/2016:10:56:47 -0300] "POST /cormun/servlet/trsolicitudot?e6bf61c7ee82836ecba3bb60bf3ce0e8,gx-no-cache=1456925052420,gx-no-cache=1456926760250 HTTP/1.1" 200 5193
192.168.10.89 - - [02/Mar/2016:10:56:48 -0300] "POST /cormun/servlet/trsolicitudot?e6bf61c7ee82836ecba3bb60bf3ce0e8,gx-no-cache=1456925052420,gx-no-cache=1456926761143 HTTP/1.1" 200 5193
186.78.57.210 - - [02/Mar/2016:10:56:48 -0300] "POST /cormun/servlet/solicitudot?gx-no-cache=1456927066932 HTTP/1.1" 200 2745
186.78.57.210 - - [02/Mar/2016:10:56:49 -0300] "POST /cormun/servlet/solicitudot?dfd6672ade0be13cdd5b2f9918277ff5,INS,0,0,,gx-no-cache=1456927067345 HTTP/1.1" 200 8339
192.168.10.89 - - [02/Mar/2016:10:56:49 -0300] "POST /cormun/servlet/trsolicitudot?e6bf61c7ee82836ecba3bb60bf3ce0e8,gx-no-cache=1456925052420,gx-no-cache=1456926762041 HTTP/1.1" 200 5193
192.168.10.98 - - [02/Mar/2016:10:56:49 -0300] "GET /cormun/servlet/trsolicitudot? HTTP/1.1" 200 6111
192.168.10.89 - - [02/Mar/2016:10:56:50 -0300] "POST /cormun/servlet/trsolicitudot?e6bf61c7ee82836ecba3bb60bf3ce0e8,gx-no-cache=1456925052420,gx-no-cache=1456926763002 HTTP/1.1" 200 5193
192.168.10.98 - - [02/Mar/2016:10:56:50 -0300] "GET /cormun/servlet/trsolicitudot? HTTP/1.1" 200 6110
192.168.10.89 - - [02/Mar/2016:10:56:51 -0300] "POST /cormun/servlet/trsolicitudot?e6bf61c7ee82836ecba3bb60bf3ce0e8,gx-no-cache=1456925052420,gx-no-cache=1456926763998 HTTP/1.1" 200 5193
192.168.10.98 - - [02/Mar/2016:10:56:52 -0300] "POST /cormun/servlet/trsolicitudot?cdb142f7fa332aba2fe13b8e7d58cd56,,gx-no-cache=1456926765709 HTTP/1.1" 200 3457
192.168.10.98 - - [02/Mar/2016:10:56:53 -0300] "POST /cormun/servlet/trsolicitudot?cdb142f7fa332aba2fe13b8e7d58cd56,,gx-no-cache=1456926765904 HTTP/1.1" 200 3457
192.168.10.98 - - [02/Mar/2016:10:56:53 -0300] "POST /cormun/servlet/trsolicitudot?cdb142f7fa332aba2fe13b8e7d58cd56,,gx-no-cache=1456926766264 HTTP/1.1" 200 3458
192.168.10.98 - - [02/Mar/2016:10:56:53 -0300] "POST /cormun/servlet/trsolicitudot?cdb142f7fa332aba2fe13b8e7d58cd56,,gx-no-cache=1456926766469 HTTP/1.1" 200 3458
192.168.10.89 - - [02/Mar/2016:10:56:57 -0300] "POST /cormun/servlet/trsolicitudot?e6bf61c7ee82836ecba3bb60bf3ce0e8,gx-no-cache=1456925052420,gx-no-cache=1456926765058 HTTP/1.1" 200 4943
186.78.57.210 - - [02/Mar/2016:10:56:58 -0300] "GET /cormun/servlet/solicitudot?a43b556691c5656bd571f5a48f66b4e75a4955f47c8fdd5ac606b2a7c4d885c2057f26c95146a7a066920abde0106cbd,gx-no-cache=1456927076522 HTTP/1.1" 200 111
186.78.57.210 - - [02/Mar/2016:10:56:58 -0300] "GET /cormun/static/Shared/jqueryui/images/ui-bg_highlight-soft_100_c6c2c8_1x100.png HTTP/1.1" 404 1117
186.78.57.210 - - [02/Mar/2016:10:56:58 -0300] "POST /cormun/servlet/solicitudot?gx-no-cache=1456927076638 HTTP/1.1" 200 30
186.78.57.210 - - [02/Mar/2016:10:56:58 -0300] "GET /cormun/static/Shared/jqueryui/images/ui-icons_82798d_256x240.png HTTP/1.1" 404 1089
186.78.57.210 - - [02/Mar/2016:10:56:58 -0300] "GET /cormun/static/Shared/jqueryui/images/ui-bg_flat_55_994d53_40x100.png HTTP/1.1" 404 1097
186.78.57.210 - - [02/Mar/2016:10:56:58 -0300] "GET /cormun/static/Shared/jqueryui/images/ui-icons_ebccce_256x240.png HTTP/1.1" 404 1089
186.103.159.186 - - [02/Mar/2016:10:56:58 -0300] "POST /cormun/servlet/hlogin?bd50540bbe5b644e381b4fd551e7768f,gx-no-cache=1456927048064 HTTP/1.1" 200 90
186.103.159.186 - - [02/Mar/2016:10:56:58 -0300] "GET /cormun/servlet/hpexe_link HTTP/1.1" 200 952
192.168.10.89 - - [02/Mar/2016:10:56:58 -0300] "POST /cormun/servlet/trsolicitudot?e6bf61c7ee82836ecba3bb60bf3ce0e8,gx-no-cache=1456925052420,gx-no-cache=1456926771654 HTTP/1.1" 200 4886
186.103.159.186 - - [02/Mar/2016:10:56:59 -0300] "GET /cormun/static/gxcfg.js?20151120044395 HTTP/1.1" 200 953
186.103.159.186 - - [02/Mar/2016:10:56:59 -0300] "GET /cormun/servlet/hhome HTTP/1.1" 200 3380
186.103.159.186 - - [02/Mar/2016:10:56:59 -0300] "GET /cormun/static/hpexe_messagepopupcomponent.js?2016311717983 HTTP/1.1" 200 605
186.103.159.186 - - [02/Mar/2016:10:56:59 -0300] "GET /cormun/static/hmpwkw03.js?20163114183826 HTTP/1.1" 200 3898
186.103.159.186 - - [02/Mar/2016:10:56:59 -0300] "GET /cormun/static/gxcfg.js?2015112210564248 HTTP/1.1" 200 953
186.103.159.186 - - [02/Mar/2016:10:57:00 -0300] "GET /cormun/static/Resources/Spanish/PXTools.css?10515224 HTTP/1.1" 200 89042
186.103.159.186 - - [02/Mar/2016:10:57:01 -0300] "GET /cormun/static/hhome.js?2015112210564255 HTTP/1.1" 200 777
186.103.159.186 - - [02/Mar/2016:10:57:01 -0300] "GET /cormun/static/hwchdr01.js?20162241650484 HTTP/1.1" 200 1183
186.103.159.186 - - [02/Mar/2016:10:57:01 -0300] "GET /cormun/static/hpexe_recentlink.js?2015111312121342 HTTP/1.1" 200 2144
186.103.159.186 - - [02/Mar/2016:10:57:01 -0300] "GET /cormun/static/hpexe_scripts.js?20151120014546 HTTP/1.1" 200 1544
186.103.159.186 - - [02/Mar/2016:10:57:01 -0300] "GET /cormun/static/hpexe_messagecontroller.js?2015112210524422 HTTP/1.1" 200 870
186.103.159.186 - - [02/Mar/2016:10:57:01 -0300] "GET /cormun/static/hpexe_messagegenexuscomponent.js?20151120014314 HTTP/1.1" 200 587
186.103.159.186 - - [02/Mar/2016:10:57:01 -0300] "GET /cormun/static/cmcontrolpreferences.js?20151120014525 HTTP/1.1" 200 1375
186.78.57.210 - - [02/Mar/2016:10:57:02 -0300] "POST /cormun/servlet/solicitudot?gx-no-cache=1456927080790 HTTP/1.1" 200 30
186.103.159.186 - - [02/Mar/2016:10:57:03 -0300] "GET /cormun/servlet/hhome HTTP/1.1" 200 3377
192.168.10.89 - - [02/Mar/2016:10:57:04 -0300] "POST /cormun/servlet/trsolicitudot?e6bf61c7ee82836ecba3bb60bf3ce0e8,gx-no-cache=1456925052420,gx-no-cache=1456926776903 HTTP/1.1" 200 4910
186.78.57.210 - - [02/Mar/2016:10:57:04 -0300] "POST /cormun/servlet/solicitudot?gx-no-cache=1456927083060 HTTP/1.1" 200 452
186.78.57.210 - - [02/Mar/2016:10:57:04 -0300] "GET /cormun/servlet/solicitudot?a43b556691c5656bd571f5a48f66b4e76a77336e6486574136cab22572ca42aa35ba103f1b2111d56b0d5b8201588a1653dbfc8d46f030ee2411e195f57dfe96458611c4e3f9047d62f31acebb94ef782b0488c9792bc8c208beb6dfac6c3714f5cad6b3c551ccf549e65852c4869a129948a311d4aa2b082d3ed054d1268da0d5d84578cc2785c475c40cf36bf02e29,gx-no-cache=1456927083190 HTTP/1.1" 200 38
192.168.10.89 - - [02/Mar/2016:10:57:05 -0300] "POST /cormun/servlet/trsolicitudot?e6bf61c7ee82836ecba3bb60bf3ce0e8,gx-no-cache=1456925052420,gx-no-cache=1456926777967 HTTP/1.1" 200 4910
192.168.10.89 - - [02/Mar/2016:10:57:06 -0300] "POST /cormun/servlet/trsolicitudot?e6bf61c7ee82836ecba3bb60bf3ce0e8,gx-no-cache=1456925052420,gx-no-cache=1456926779074 HTTP/1.1" 200 4910
192.168.10.89 - - [02/Mar/2016:10:57:07 -0300] "POST /cormun/servlet/trsolicitudot?e6bf61c7ee82836ecba3bb60bf3ce0e8,gx-no-cache=1456925052420,gx-no-cache=1456926780325 HTTP/1.1" 200 4910
192.168.10.89 - - [02/Mar/2016:10:57:08 -0300] "POST /cormun/servlet/trsolicitudot?e6bf61c7ee82836ecba3bb60bf3ce0e8,gx-no-cache=1456925052420,gx-no-cache=1456926781555 HTTP/1.1" 200 4910
192.168.10.89 - - [02/Mar/2016:10:57:09 -0300] "POST /cormun/servlet/trsolicitudot?e6bf61c7ee82836ecba3bb60bf3ce0e8,gx-no-cache=1456925052420,gx-no-cache=1456926782810 HTTP/1.1" 200 4910
192.168.10.89 - - [02/Mar/2016:10:57:11 -0300] "POST /cormun/servlet/trsolicitudot?e6bf61c7ee82836ecba3bb60bf3ce0e8,gx-no-cache=1456925052420,gx-no-cache=1456926784109 HTTP/1.1" 200 4910
186.103.159.186 - - [02/Mar/2016:10:57:12 -0300] "GET /cormun/servlet/trsolicitudot? HTTP/1.1" 200 6118
186.103.159.186 - - [02/Mar/2016:10:57:12 -0300] "GET /cormun/static/gxcfg.js?20163117265139 HTTP/1.1" 200 953
186.103.159.186 - - [02/Mar/2016:10:57:12 -0300] "GET /cormun/static/Resources/Spanish/PXTools.css?171692 HTTP/1.1" 200 89042
186.103.159.186 - - [02/Mar/2016:10:57:12 -0300] "GET /cormun/static/trsolicitudot.js?20163117265688 HTTP/1.1" 200 45326
186.103.159.186 - - [02/Mar/2016:10:57:15 -0300] "GET /cormun/servlet/trsolicitudot? HTTP/1.1" 200 6117
186.103.159.186 - - [02/Mar/2016:10:57:15 -0300] "GET /cormun/static/Resources/PXToolsGridNew.png HTTP/1.1" 200 2949
192.168.10.89 - - [02/Mar/2016:10:57:19 -0300] "POST /cormun/servlet/trsolicitudot?e6bf61c7ee82836ecba3bb60bf3ce0e8,gx-no-cache=1456925052420,gx-no-cache=1456926785513 HTTP/1.1" 200 3605
192.168.10.89 - - [02/Mar/2016:10:57:21 -0300] "POST /cormun/servlet/trsolicitudot?e6bf61c7ee82836ecba3bb60bf3ce0e8,gx-no-cache=1456925052420,gx-no-cache=1456926794065 HTTP/1.1" 200 3439
192.168.10.98 - - [02/Mar/2016:10:57:22 -0300] "GET /cormun/static/menuarrow.gif HTTP/1.1" 404 1015
186.103.159.186 - - [02/Mar/2016:10:57:26 -0300] "GET /cormun/static/menuarrow.gif HTTP/1.1" 404 1015
192.168.10.98 - - [02/Mar/2016:10:57:38 -0300] "POST /cormun/servlet/trsolicitudot?cdb142f7fa332aba2fe13b8e7d58cd56,,gx-no-cache=1456926811483 HTTP/1.1" 200 3462
186.103.159.186 - - [02/Mar/2016:10:57:40 -0300] "POST /cormun/servlet/trsolicitudot?bd50540bbe5b644e381b4fd551e7768f,,gx-no-cache=1456927090269 HTTP/1.1" 200 3467
186.103.159.186 - - [02/Mar/2016:10:57:41 -0300] "POST /cormun/servlet/trsolicitudot?bd50540bbe5b644e381b4fd551e7768f,,gx-no-cache=1456927090562 HTTP/1.1" 200 3466
186.103.159.186 - - [02/Mar/2016:10:57:41 -0300] "POST /cormun/servlet/trsolicitudot?bd50540bbe5b644e381b4fd551e7768f,,gx-no-cache=1456927090799 HTTP/1.1" 200 3467
186.103.159.186 - - [02/Mar/2016:10:57:41 -0300] "POST /cormun/servlet/trsolicitudot?bd50540bbe5b644e381b4fd551e7768f,,gx-no-cache=1456927091034 HTTP/1.1" 200 3466
186.103.159.186 - - [02/Mar/2016:10:57:42 -0300] "POST /cormun/servlet/trsolicitudot?bd50540bbe5b644e381b4fd551e7768f,,gx-no-cache=1456927092329 HTTP/1.1" 200 3469
186.103.159.186 - - [02/Mar/2016:10:57:43 -0300] "GET /cormun/servlet/trsolicitudot?1c612ba85ff8f13ca1a9b3f99194e27f89048ff2cf90f847b41399a6b16a3d19c374965d6cc7bab9550a3c73bb1d5679ac4768466789fc2bae670b5c1f4ceddc4bebd26cc0702ee8c31cc5c736fa18f5,gx-no-cache=1456927092735 HTTP/1.1" 200 743
192.168.10.98 - - [02/Mar/2016:10:57:43 -0300] "POST /cormun/servlet/trsolicitudot?cdb142f7fa332aba2fe13b8e7d58cd56,,gx-no-cache=1456926816350 HTTP/1.1" 200 3463
192.168.10.98 - - [02/Mar/2016:10:57:43 -0300] "GET /cormun/servlet/trsolicitudot?9cad4494a63324f742af0f8735a08f145101444dbf9eb1df1702abfc506c0189c868f83ef0e80eafa76882bc97523385ba534835ea7a9d71165dc561ed6a20a2b11a962258bf8a9177497dc7ef4310c1,gx-no-cache=1456926816768 HTTP/1.1" 200 743
192.168.10.98 - - [02/Mar/2016:10:57:52 -0300] "POST /cormun/servlet/trsolicitudot?cdb142f7fa332aba2fe13b8e7d58cd56,,gx-no-cache=1456926825567 HTTP/1.1" 200 3462
192.168.10.98 - - [02/Mar/2016:10:57:53 -0300] "GET /cormun/servlet/trsolicitudot?9cad4494a63324f742af0f8735a08f1471c8cde229d9426c7995dcb6931e4dd5c868f83ef0e80eafa76882bc97523385ba534835ea7a9d71165dc561ed6a20a2b11a962258bf8a9177497dc7ef4310c1,gx-no-cache=1456926825984 HTTP/1.1" 200 740
186.103.159.186 - - [02/Mar/2016:10:58:05 -0300] "POST /cormun/servlet/trsolicitudot?bd50540bbe5b644e381b4fd551e7768f,,gx-no-cache=1456927115170 HTTP/1.1" 200 3469
192.168.10.98 - - [02/Mar/2016:10:58:07 -0300] "POST /cormun/servlet/trsolicitudot?cdb142f7fa332aba2fe13b8e7d58cd56,,gx-no-cache=1456926840297 HTTP/1.1" 200 3463
186.103.159.186 - - [02/Mar/2016:10:58:07 -0300] "POST /cormun/servlet/trsolicitudot?bd50540bbe5b644e381b4fd551e7768f,,gx-no-cache=1456927115435 HTTP/1.1" 200 3468
186.103.159.186 - - [02/Mar/2016:10:58:07 -0300] "POST /cormun/servlet/trsolicitudot?bd50540bbe5b644e381b4fd551e7768f,,gx-no-cache=1456927117124 HTTP/1.1" 200 3469
192.168.10.98 - - [02/Mar/2016:10:58:07 -0300] "GET /cormun/servlet/trsolicitudot?9cad4494a63324f742af0f8735a08f14b672b90a16a540a2779bf51e964ab26ec868f83ef0e80eafa76882bc97523385ba534835ea7a9d71165dc561ed6a20a2b11a962258bf8a9177497dc7ef4310c1,gx-no-cache=1456926840710 HTTP/1.1" 200 743
186.103.159.186 - - [02/Mar/2016:10:58:08 -0300] "POST /cormun/servlet/trsolicitudot?bd50540bbe5b644e381b4fd551e7768f,,gx-no-cache=1456927117439 HTTP/1.1" 200 3469
186.103.159.186 - - [02/Mar/2016:10:58:10 -0300] "POST /cormun/servlet/trsolicitudot?bd50540bbe5b644e381b4fd551e7768f,,gx-no-cache=1456927119722 HTTP/1.1" 200 3469
186.103.159.186 - - [02/Mar/2016:10:58:10 -0300] "GET /cormun/servlet/trsolicitudot?1c612ba85ff8f13ca1a9b3f99194e27ff84dcbe149066dfbeda3948516cbefbac374965d6cc7bab9550a3c73bb1d5679ac4768466789fc2bae670b5c1f4ceddc4bebd26cc0702ee8c31cc5c736fa18f5,gx-no-cache=1456927120141 HTTP/1.1" 200 744
192.168.10.98 - - [02/Mar/2016:10:58:12 -0300] "POST /cormun/servlet/trsolicitudot?cdb142f7fa332aba2fe13b8e7d58cd56,,gx-no-cache=1456926845425 HTTP/1.1" 200 3465
192.168.10.98 - - [02/Mar/2016:10:58:12 -0300] "GET /cormun/servlet/trsolicitudot?9cad4494a63324f742af0f8735a08f142122a6f272eb7837dfc0ec2883ec8fd7c868f83ef0e80eafa76882bc97523385ba534835ea7a9d71165dc561ed6a20a2b11a962258bf8a9177497dc7ef4310c1,gx-no-cache=1456926845826 HTTP/1.1" 200 744
186.103.159.186 - - [02/Mar/2016:10:58:16 -0300] "POST /cormun/servlet/trsolicitudot?bd50540bbe5b644e381b4fd551e7768f,,gx-no-cache=1456927126107 HTTP/1.1" 200 4868
186.103.159.186 - - [02/Mar/2016:10:58:17 -0300] "GET /cormun//static/Resources/PXToolsGridUpdate.png HTTP/1.1" 200 2984
186.103.159.186 - - [02/Mar/2016:10:58:17 -0300] "GET /cormun//static/Resources/PXToolsRemoveAllAction.png HTTP/1.1" 200 3558
186.103.159.186 - - [02/Mar/2016:10:58:17 -0300] "GET /cormun//static/Resources/PXToolsGridDelete.png HTTP/1.1" 200 357
186.103.159.186 - - [02/Mar/2016:10:58:17 -0300] "GET /cormun//static/Resources/PXTools/ActionInsert.png HTTP/1.1" 200 1482
186.103.159.186 - - [02/Mar/2016:10:58:17 -0300] "GET /cormun//static/Resources/PXToolsActionView.png HTTP/1.1" 200 2995
186.103.159.186 - - [02/Mar/2016:10:58:17 -0300] "GET /cormun/servlet/trsolicitudot?1c612ba85ff8f13ca1a9b3f99194e27fcf28353bd28c01425a3c3574a8ea6a00c374965d6cc7bab9550a3c73bb1d5679ac4768466789fc2bae670b5c1f4ceddc4bebd26cc0702ee8c31cc5c736fa18f5,gx-no-cache=1456927126628 HTTP/1.1" 200 2168
192.168.10.98 - - [02/Mar/2016:10:58:20 -0300] "POST /cormun/servlet/trsolicitudot?cdb142f7fa332aba2fe13b8e7d58cd56,,gx-no-cache=1456926853537 HTTP/1.1" 200 4862
192.168.10.98 - - [02/Mar/2016:10:58:21 -0300] "GET /cormun/servlet/trsolicitudot?9cad4494a63324f742af0f8735a08f148366ab6c40d9ade4f2990ed4f16e8aaac868f83ef0e80eafa76882bc97523385ba534835ea7a9d71165dc561ed6a20a2b11a962258bf8a9177497dc7ef4310c1,gx-no-cache=1456926853943 HTTP/1.1" 200 2168
192.168.10.89 - - [02/Mar/2016:10:58:34 -0300] "GET /cormun/servlet/solicitudot?INS,0,0, HTTP/1.1" 200 11409
192.168.10.89 - - [02/Mar/2016:10:58:41 -0300] "POST /cormun/servlet/solicitudot?gx-no-cache=1456926874029 HTTP/1.1" 200 2668
192.168.10.89 - - [02/Mar/2016:10:58:41 -0300] "POST /cormun/servlet/solicitudot?e6bf61c7ee82836ecba3bb60bf3ce0e8,INS,0,0,,gx-no-cache=1456926874104 HTTP/1.1" 200 8254
192.168.10.89 - - [02/Mar/2016:10:58:43 -0300] "GET /cormun/servlet/prfichaempleado?,MD,,gxPopupLevel%3D0%3B HTTP/1.1" 200 7879
192.168.10.89 - - [02/Mar/2016:10:58:43 -0300] "GET /cormun/static/scaMessage/css/jquery-ui.css?104140 HTTP/1.1" 404 1045
192.168.10.89 - - [02/Mar/2016:10:58:47 -0300] "GET /cormun/servlet/prfichaempleado?b83a3073b92727be8d37255bd116bdc9f32943a788c8318a56bff0f64a51b1efce7633bf290c4ebdfa8346c7c21b37e91efb0aca4b57925ee9d11c2c5382f96870e51b84d4491f462daaecb2a5a37749,gx-no-cache=1456926880367 HTTP/1.1" 200 470
192.168.10.89 - - [02/Mar/2016:10:58:48 -0300] "GET /cormun/servlet/prfichaempleado?b83a3073b92727be8d37255bd116bdc9f32943a788c8318a56bff0f64a51b1ef316a2b564ed2570dc66888d3a35479887f9ee7e77f4f1c28ead6ea97a655b45176df54e2435b16df930ab15bac3a292e,gx-no-cache=1456926881731 HTTP/1.1" 200 469
192.168.10.89 - - [02/Mar/2016:10:58:51 -0300] "POST /cormun/servlet/prfichaempleado?e6bf61c7ee82836ecba3bb60bf3ce0e8,,MD,,gxPopupLevel%3D0%3B,gx-no-cache=1456926884590 HTTP/1.1" 200 2847
192.168.10.89 - - [02/Mar/2016:10:58:55 -0300] "POST /cormun/servlet/solicitudot?gx-no-cache=1456926888283 HTTP/1.1" 200 2764
192.168.10.89 - - [02/Mar/2016:10:58:55 -0300] "POST /cormun/servlet/solicitudot?e6bf61c7ee82836ecba3bb60bf3ce0e8,INS,0,0,,gx-no-cache=1456926888404 HTTP/1.1" 200 8435
192.168.10.89 - - [02/Mar/2016:10:58:58 -0300] "GET /cormun/servlet/solicitudot?521f9665cfb361228f25d91890049fa9bc970223f4fcc80a52c0078d5640cf5584d8b5f3ae84f4ac5d3553a53671b1f6,gx-no-cache=1456926891136 HTTP/1.1" 200 30
192.168.10.89 - - [02/Mar/2016:10:58:58 -0300] "POST /cormun/servlet/solicitudot?gx-no-cache=1456926891176 HTTP/1.1" 200 30
186.103.156.24 - - [02/Mar/2016:10:58:58 -0300] "POST /cormun/servlet/solicitudot?gx-no-cache=1456927417311 HTTP/1.1" 440 972
192.168.10.89 - - [02/Mar/2016:10:59:02 -0300] "POST /cormun/servlet/solicitudot?gx-no-cache=1456926895613 HTTP/1.1" 200 30
186.103.156.24 - - [02/Mar/2016:10:59:03 -0300] "GET /cormun/servlet/solicitudot?INS,0,0, HTTP/1.1" 200 11026
186.103.156.24 - - [02/Mar/2016:10:59:04 -0300] "GET /cormun/servlet/solicitudot?INS,0,0, HTTP/1.1" 200 11026
186.103.156.24 - - [02/Mar/2016:10:59:04 -0300] "GET /cormun/servlet/hlogin HTTP/1.1" 200 1737
192.168.10.89 - - [02/Mar/2016:10:59:04 -0300] "GET /cormun/servlet/prcontratosol?14203518,,,,,MD,,gxPopupLevel%3D0%3B HTTP/1.1" 200 5660
186.103.156.24 - - [02/Mar/2016:10:59:06 -0300] "POST /cormun/servlet/hlogin?be3165041499b8058c65c42614994a57,gx-no-cache=1456927424612 HTTP/1.1" 200 90
186.103.156.24 - - [02/Mar/2016:10:59:06 -0300] "GET /cormun/servlet/hpexe_link HTTP/1.1" 200 961
186.103.156.24 - - [02/Mar/2016:10:59:06 -0300] "GET /cormun/servlet/solicitudot?INS,0,0, HTTP/1.1" 200 11270
192.168.10.89 - - [02/Mar/2016:10:59:07 -0300] "POST /cormun/servlet/solicitudot?gx-no-cache=1456926900149 HTTP/1.1" 200 1158
192.168.10.89 - - [02/Mar/2016:10:59:07 -0300] "GET /cormun/servlet/solicitudot?521f9665cfb361228f25d91890049fa984fa24b8199350474ca1ee07f508e3c24d5c8739d6f9affa20e67f84c5b9fc28d4da589ad8ee4e99b06346944cebf75c6f6f0a3114161386948103389c15878bc8fd08291b4d02a47fb4469c4edb7e38f225b4e70a7aa2dd825c844ab907b6f4c3384a11f39f25516d025d7264e3efb5927d2452c923f76345aea6bc23c955a2,gx-no-cache=1456926900269 HTTP/1.1" 200 38
192.168.10.89 - - [02/Mar/2016:10:59:07 -0300] "GET /cormun/servlet/solicitudot?521f9665cfb361228f25d91890049fa9788d1a674f8ed1eb3471f79990f80117048952a13aae1752cc8525d814a9290efcd763c05e562af59c730c32791fec8e44c5957efc582199b5594121d5358ff88907e7f9e8b45c00e66107a7dec82d30de566cf34b117148b32e338dc795746897b4d61351e7abe9313225817dec84fd556f930fe39774e8b75309e3bcb5a543330709f6cdc1d38b45c2e333e605ff1b,gx-no-cache=1456926900290 HTTP/1.1" 200 29
192.168.10.89 - - [02/Mar/2016:10:59:07 -0300] "POST /cormun/servlet/solicitudot?gx-no-cache=1456926900311 HTTP/1.1" 200 1116
186.103.156.24 - - [02/Mar/2016:10:59:07 -0300] "GET /cormun/servlet/solicitudot?INS,0,0, HTTP/1.1" 200 11275
192.168.10.89 - - [02/Mar/2016:10:59:13 -0300] "GET /cormun/servlet/solicitudot?521f9665cfb361228f25d91890049fa9788d1a674f8ed1eb3471f79990f80117048952a13aae1752cc8525d814a9290e08f8c7a964e347afa6cde893fe87d8e344c5957efc582199b5594121d5358ff88907e7f9e8b45c00e66107a7dec82d30de566cf34b117148b32e338dc795746897b4d61351e7abe9313225817dec84fd556f930fe39774e8b75309e3bcb5a543330709f6cdc1d38b45c2e333e605ff1b,gx-no-cache=1456926906686 HTTP/1.1" 200 29
192.168.10.89 - - [02/Mar/2016:10:59:21 -0300] "GET /cormun/servlet/prsolicitudot?14203518,,,,,MD,,gxPopupLevel%3D0%3B HTTP/1.1" 200 5358
186.103.156.24 - - [02/Mar/2016:10:59:22 -0300] "POST /cormun/servlet/solicitudot?gx-no-cache=1456927442948 HTTP/1.1" 200 2750
191.112.91.68 - - [02/Mar/2016:10:59:22 -0300] "POST /cormun/servlet/solicitudot?gx-no-cache=1456927189515 HTTP/1.1" 200 30
186.103.156.24 - - [02/Mar/2016:10:59:22 -0300] "POST /cormun/servlet/solicitudot?be3165041499b8058c65c42614994a57,INS,0,0,,gx-no-cache=1456927443081 HTTP/1.1" 200 8112
191.112.91.68 - - [02/Mar/2016:10:59:22 -0300] "POST /cormun/servlet/solicitudot?gx-no-cache=1456927189717 HTTP/1.1" 200 1153
191.112.91.68 - - [02/Mar/2016:10:59:23 -0300] "GET /cormun/servlet/solicitudot?cc3825a6bcde85380411dea6bcbbd66ba0a809f03ac0b9d6bc2e3d70b255fe0cb0bae8301897d9b933dd5b9206823050198eecfdca69b45be528acc78ad6e80d7bdbf44e47b4ce658084a7861ddd45f69f85ba9ba4b6182c55af139d39c11ef4d33dfa3f3a60f288984d0adad09a105e03edcacd1835ccf5d17ffeadc25cea735f00013cdd0ef8faa13acc7cb037141365071cafe5fc2b06121d40f4d045fd08,gx-no-cache=1456927189945 HTTP/1.1" 200 41
191.112.91.68 - - [02/Mar/2016:10:59:23 -0300] "POST /cormun/servlet/solicitudot?gx-no-cache=1456927190050 HTTP/1.1" 200 1116
191.112.91.68 - - [02/Mar/2016:10:59:23 -0300] "GET /cormun/servlet/solicitudot?cc3825a6bcde85380411dea6bcbbd66b328a62a0c58ba9472c81a40ef6da04a624deb3a32cc0607c191cd56e8f9a8b7a281abc85656edacb81faf63dcb94254864ad71d17717ba4563c45a84ebc80c0179484842739f8f9bb6735bbb3940e9c696a76f7f5424c77728996ad5cf6c84893131d24e7938e3e2e27a4d38aafff45b970d61283d3cbf88d375ff32f77ac9a967265e9af3e63a90fe86705949f05492b4c5a4e3fb0af6f9d94a8448e8b6cb12,gx-no-cache=1456927190241 HTTP/1.1" 200 30
191.112.91.68 - - [02/Mar/2016:10:59:23 -0300] "POST /cormun/servlet/solicitudot?0c0ee8f3b383daf4648f2d40d97b65a9,INS,0,0,,gx-no-cache=1456927190375 HTTP/1.1" 200 93
191.112.91.68 - - [02/Mar/2016:10:59:24 -0300] "GET /cormun/servlet/hpexe_return? HTTP/1.1" 200 1007
192.168.10.89 - - [02/Mar/2016:10:59:24 -0300] "GET /cormun/servlet/prcontratosol?14203518,,,,,MD,,gxPopupLevel%3D0%3B HTTP/1.1" 200 5660
191.112.91.68 - - [02/Mar/2016:10:59:24 -0300] "GET /cormun/static/gxcfg.js?2015111312145050 HTTP/1.1" 200 953
191.112.91.68 - - [02/Mar/2016:10:59:24 -0300] "GET /cormun/static/hpexe_return.js?2015111312145056 HTTP/1.1" 200 1633
191.112.91.68 - - [02/Mar/2016:10:59:24 -0300] "GET /cormun/static/Resources/Spanish/PXTools.css?12112540 HTTP/1.1" 200 89042
191.112.91.68 - - [02/Mar/2016:10:59:25 -0300] "GET /cormun/servlet/trsolicitudot? HTTP/1.1" 200 7483
186.103.156.24 - - [02/Mar/2016:10:59:26 -0300] "GET /cormun/servlet/solicitudot?e0139e73eff4ebca9fcf51efdab74d3008ce24a54c12fe97558a0dede3e1827f8d5d30e2ee180fa77697493dd6aa8d6b,gx-no-cache=1456927447262 HTTP/1.1" 200 30
186.103.156.24 - - [02/Mar/2016:10:59:27 -0300] "POST /cormun/servlet/solicitudot?gx-no-cache=1456927447349 HTTP/1.1" 200 30
191.112.91.68 - - [02/Mar/2016:10:59:28 -0300] "GET /cormun/servlet/trsolicitudot? HTTP/1.1" 200 7479
192.168.10.89 - - [02/Mar/2016:10:59:28 -0300] "GET /cormun/servlet/prpersonalsolicitud?14203518,,,,,MD,,gxPopupLevel%3D0%3B HTTP/1.1" 200 5680
192.168.10.89 - - [02/Mar/2016:10:59:32 -0300] "POST /cormun/servlet/solicitudot?gx-no-cache=1456926925044 HTTP/1.1" 200 1158
192.168.10.89 - - [02/Mar/2016:10:59:32 -0300] "GET /cormun/servlet/solicitudot?521f9665cfb361228f25d91890049fa984fa24b8199350474ca1ee07f508e3c24d5c8739d6f9affa20e67f84c5b9fc28d4da589ad8ee4e99b06346944cebf75c6f6f0a3114161386948103389c15878bc8fd08291b4d02a47fb4469c4edb7e38f225b4e70a7aa2dd825c844ab907b6f4c3384a11f39f25516d025d7264e3efb56c5af1ceda96db207242a0f7b06c6a81007fa5d17cc94846c3eff2b92bad7936,gx-no-cache=1456926925081 HTTP/1.1" 200 41
192.168.10.89 - - [02/Mar/2016:10:59:32 -0300] "POST /cormun/servlet/solicitudot?gx-no-cache=1456926925106 HTTP/1.1" 200 1116
192.168.10.89 - - [02/Mar/2016:10:59:36 -0300] "GET /cormun/servlet/prcontratosol?14203518,,,,,MD,,gxPopupLevel%3D0%3B HTTP/1.1" 200 5660
186.103.156.24 - - [02/Mar/2016:10:59:36 -0300] "POST /cormun/servlet/solicitudot?gx-no-cache=1456927458750 HTTP/1.1" 200 122
192.168.10.89 - - [02/Mar/2016:10:59:44 -0300] "GET /cormun/servlet/prsolicitudot?14203518,,,,,MD,,gxPopupLevel%3D0%3B HTTP/1.1" 200 5358
192.168.10.89 - - [02/Mar/2016:10:59:48 -0300] "GET /cormun/servlet/prpersonalsolicitud?14203518,,,,,MD,,gxPopupLevel%3D0%3B HTTP/1.1" 200 5680
191.112.91.68 - - [02/Mar/2016:10:59:50 -0300] "POST /cormun/servlet/trsolicitudot?0c0ee8f3b383daf4648f2d40d97b65a9,,gx-no-cache=1456927217024 HTTP/1.1" 200 4926
191.112.91.68 - - [02/Mar/2016:10:59:51 -0300] "POST /cormun/servlet/trsolicitudot?0c0ee8f3b383daf4648f2d40d97b65a9,,gx-no-cache=1456927217770 HTTP/1.1" 200 4926
191.112.91.68 - - [02/Mar/2016:10:59:51 -0300] "POST /cormun/servlet/trsolicitudot?0c0ee8f3b383daf4648f2d40d97b65a9,,gx-no-cache=1456927218318 HTTP/1.1" 200 4925
191.112.91.68 - - [02/Mar/2016:10:59:52 -0300] "POST /cormun/servlet/trsolicitudot?0c0ee8f3b383daf4648f2d40d97b65a9,,gx-no-cache=1456927218870 HTTP/1.1" 200 4926
191.112.91.68 - - [02/Mar/2016:10:59:52 -0300] "POST /cormun/servlet/trsolicitudot?0c0ee8f3b383daf4648f2d40d97b65a9,,gx-no-cache=1456927219462 HTTP/1.1" 200 4926
191.112.91.68 - - [02/Mar/2016:10:59:53 -0300] "POST /cormun/servlet/trsolicitudot?0c0ee8f3b383daf4648f2d40d97b65a9,,gx-no-cache=1456927220045 HTTP/1.1" 200 4926
191.112.91.68 - - [02/Mar/2016:10:59:54 -0300] "POST /cormun/servlet/trsolicitudot?0c0ee8f3b383daf4648f2d40d97b65a9,,gx-no-cache=1456927220639 HTTP/1.1" 200 4926
191.112.91.68 - - [02/Mar/2016:10:59:54 -0300] "POST /cormun/servlet/trsolicitudot?0c0ee8f3b383daf4648f2d40d97b65a9,,gx-no-cache=1456927221323 HTTP/1.1" 200 106
191.112.91.68 - - [02/Mar/2016:10:59:54 -0300] "GET /cormun/servlet/trsolicitudadjuntos?2016,355, HTTP/1.1" 200 5373
191.112.91.68 - - [02/Mar/2016:10:59:55 -0300] "GET /cormun/static/gxcfg.js?2016311731090 HTTP/1.1" 200 953
191.112.91.68 - - [02/Mar/2016:10:59:55 -0300] "GET /cormun/static/trsolicitudadjuntos.js?2016311731342 HTTP/1.1" 200 17275
191.112.91.68 - - [02/Mar/2016:10:59:57 -0300] "GET /cormun/servlet/trsolicitudadjuntos?2016,355, HTTP/1.1" 200 5373
191.112.91.68 - - [02/Mar/2016:11:00:03 -0300] "GET /cormun/servlet/solicitudotadjuntos?INS,2016,355,,2, HTTP/1.1" 200 5456
191.112.91.68 - - [02/Mar/2016:11:00:04 -0300] "GET /cormun/static/gxcfg.js?20163117305946 HTTP/1.1" 200 953
191.112.91.68 - - [02/Mar/2016:11:00:04 -0300] "GET /cormun/static/solicitudotadjuntos.js?20163117305966 HTTP/1.1" 200 11762
191.112.91.68 - - [02/Mar/2016:11:00:04 -0300] "GET /cormun/static/about:blank HTTP/1.1" 404 1011
191.112.91.68 - - [02/Mar/2016:11:00:06 -0300] "GET /cormun/servlet/solicitudotadjuntos?INS,2016,355,,2, HTTP/1.1" 200 5450
192.168.10.89 - - [02/Mar/2016:11:00:06 -0300] "POST /cormun/servlet/solicitudot?e6bf61c7ee82836ecba3bb60bf3ce0e8,INS,0,0,,gx-no-cache=1456926959144 HTTP/1.1" 200 93
192.168.10.89 - - [02/Mar/2016:11:00:06 -0300] "GET /cormun/servlet/hpexe_return? HTTP/1.1" 200 1031
191.112.91.68 - - [02/Mar/2016:11:00:06 -0300] "GET /cormun/servlet/solicitudotadjuntos?cc3825a6bcde85380411dea6bcbbd66bff3627d1dad65910064eaa0128b3b85265071cafe5fc2b06121d40f4d045fd08,gx-no-cache=1456927233603 HTTP/1.1" 200 30
191.112.91.68 - - [02/Mar/2016:11:00:07 -0300] "POST /cormun/servlet/solicitudotadjuntos?0c0ee8f3b383daf4648f2d40d97b65a9,INS,2016,355,,2,,gx-no-cache=1456927233765 HTTP/1.1" 200 3516
192.168.10.89 - - [02/Mar/2016:11:00:07 -0300] "GET /cormun/servlet/trsolicitudot?gx-no-cache=1456925052420 HTTP/1.1" 200 6163
192.168.10.98 - - [02/Mar/2016:11:00:53 -0300] "POST /cormun/servlet/trsolicitudot?cdb142f7fa332aba2fe13b8e7d58cd56,,gx-no-cache=1456927006714 HTTP/1.1" 200 3464
192.168.10.98 - - [02/Mar/2016:11:00:54 -0300] "GET /cormun/servlet/trsolicitudot?9cad4494a63324f742af0f8735a08f145101444dbf9eb1df1702abfc506c0189ac5097d1e8ac5b312732ba73b05614a250b54ba520038cd34010367fce2ab69776339a389ba92f6645b12b5e8035cff4d291ed2509ee6f879defc980894132ad,gx-no-cache=1456927007132 HTTP/1.1" 200 753
186.103.156.24 - - [02/Mar/2016:11:00:54 -0300] "POST /cormun/servlet/solicitudot?gx-no-cache=1456927545998 HTTP/1.1" 200 122
192.168.10.98 - - [02/Mar/2016:11:01:03 -0300] "GET /cormun/servlet/hhome HTTP/1.1" 200 3375
192.168.10.98 - - [02/Mar/2016:11:01:04 -0300] "GET /cormun/servlet/hhome HTTP/1.1" 200 3372
186.103.156.24 - - [02/Mar/2016:11:01:40 -0300] "POST /cormun/servlet/solicitudot?gx-no-cache=1456927597701 HTTP/1.1" 200 33
186.103.156.24 - - [02/Mar/2016:11:01:50 -0300] "POST /cormun/servlet/solicitudot?gx-no-cache=1456927609186 HTTP/1.1" 200 30
186.103.156.24 - - [02/Mar/2016:11:02:04 -0300] "POST /cormun/servlet/solicitudot?gx-no-cache=1456927624224 HTTP/1.1" 200 122
186.103.156.24 - - [02/Mar/2016:11:02:17 -0300] "POST /cormun/servlet/solicitudot?gx-no-cache=1456927639241 HTTP/1.1" 200 122
186.103.156.24 - - [02/Mar/2016:11:02:23 -0300] "POST /cormun/servlet/solicitudot?gx-no-cache=1456927645621 HTTP/1.1" 200 122
186.103.156.24 - - [02/Mar/2016:11:02:34 -0300] "POST /cormun/servlet/solicitudot?gx-no-cache=1456927657322 HTTP/1.1" 200 122
186.103.156.24 - - [02/Mar/2016:11:02:57 -0300] "POST /cormun/servlet/solicitudot?gx-no-cache=1456927683668 HTTP/1.1" 200 33
186.103.156.24 - - [02/Mar/2016:11:03:08 -0300] "POST /cormun/servlet/solicitudot?gx-no-cache=1456927695893 HTTP/1.1" 200 122
186.103.156.24 - - [02/Mar/2016:11:03:18 -0300] "POST /cormun/servlet/solicitudot?gx-no-cache=1456927707169 HTTP/1.1" 200 30
186.103.156.24 - - [02/Mar/2016:11:03:24 -0300] "POST /cormun/servlet/solicitudot?gx-no-cache=1456927713778 HTTP/1.1" 200 122
191.112.91.68 - - [02/Mar/2016:11:03:50 -0300] "POST /cormun/servlet/solicitudotadjuntos?gx-no-cache=1456927457473 HTTP/1.1" 200 26
191.112.91.68 - - [02/Mar/2016:11:03:54 -0300] "POST /cormun/servlet/solicitudotadjuntos?0c0ee8f3b383daf4648f2d40d97b65a9,INS,2016,355,,2,,gx-no-cache=1456927461001 HTTP/1.1" 200 93
191.112.91.68 - - [02/Mar/2016:11:03:54 -0300] "GET /cormun/servlet/hpexe_return? HTTP/1.1" 200 1025
191.112.91.68 - - [02/Mar/2016:11:03:55 -0300] "GET /cormun/servlet/trsolicitudadjuntos?2016,355, HTTP/1.1" 200 5376
191.112.91.68 - - [02/Mar/2016:11:03:58 -0300] "GET /cormun/servlet/trsolicitudadjuntos?2016,355, HTTP/1.1" 200 5373
191.112.91.68 - - [02/Mar/2016:11:04:03 -0300] "GET /cormun/servlet/solicitudotadjuntos?INS,2016,355,,2, HTTP/1.1" 200 5458
191.112.91.68 - - [02/Mar/2016:11:04:06 -0300] "GET /cormun/servlet/solicitudotadjuntos?INS,2016,355,,2, HTTP/1.1" 200 5452
191.112.91.68 - - [02/Mar/2016:11:04:06 -0300] "GET /cormun/servlet/solicitudotadjuntos?cc3825a6bcde85380411dea6bcbbd66bff3627d1dad65910064eaa0128b3b85265071cafe5fc2b06121d40f4d045fd08,gx-no-cache=1456927473722 HTTP/1.1" 200 30
191.112.91.68 - - [02/Mar/2016:11:04:07 -0300] "POST /cormun/servlet/solicitudotadjuntos?0c0ee8f3b383daf4648f2d40d97b65a9,INS,2016,355,,2,,gx-no-cache=1456927473924 HTTP/1.1" 200 3518
191.112.91.68 - - [02/Mar/2016:11:04:13 -0300] "GET /cormun/servlet/trsolicitudot? HTTP/1.1" 200 7489
191.112.91.68 - - [02/Mar/2016:11:04:15 -0300] "GET /cormun/servlet/trsolicitudot? HTTP/1.1" 200 7479
191.112.91.68 - - [02/Mar/2016:11:04:19 -0300] "GET /cormun/servlet/vesolicitudot?2016,355,, HTTP/1.1" 200 7539
191.112.91.68 - - [02/Mar/2016:11:04:19 -0300] "GET /cormun/static/gxcfg.js?20163117275080 HTTP/1.1" 200 953
191.112.91.68 - - [02/Mar/2016:11:04:19 -0300] "GET /cormun/pexe_scrolldiv.js HTTP/1.1" 404 1009
191.112.91.68 - - [02/Mar/2016:11:04:20 -0300] "GET /cormun/static/vesolicitudot.js?20163117275148 HTTP/1.1" 200 6091
191.112.91.68 - - [02/Mar/2016:11:04:20 -0300] "GET /cormun/static/hwcviewtabs.js?20151120014372 HTTP/1.1" 200 1074
191.112.91.68 - - [02/Mar/2016:11:04:20 -0300] "GET /cormun/static/hpexe_tabsview.js?20151120014350 HTTP/1.1" 200 1661
191.112.91.68 - - [02/Mar/2016:11:04:20 -0300] "GET /cormun/static/tbsolicitudot01.js?20163117273399 HTTP/1.1" 200 27008
191.112.91.68 - - [02/Mar/2016:11:04:22 -0300] "GET /cormun/servlet/vesolicitudot?2016,355,, HTTP/1.1" 200 7539
191.112.91.68 - - [02/Mar/2016:11:04:29 -0300] "GET /cormun/servlet/vesolicitudot?2016,355,,SolicitudOTAdjuntos HTTP/1.1" 200 6597
191.112.91.68 - - [02/Mar/2016:11:04:30 -0300] "GET /cormun/pexe_scrolldiv.js HTTP/1.1" 404 1009
191.112.91.68 - - [02/Mar/2016:11:04:30 -0300] "GET /cormun/static/tbsolicitudot02.js?20163117272879 HTTP/1.1" 200 14861
191.112.91.68 - - [02/Mar/2016:11:04:32 -0300] "GET /cormun/servlet/vesolicitudot?2016,355,,SolicitudOTAdjuntos HTTP/1.1" 200 6597
191.112.91.68 - - [02/Mar/2016:11:04:33 -0300] "POST /cormun/servlet/acontrolpreferencessavestate?None,CD-33,true HTTP/1.1" 200 35
192.168.10.89 - - [02/Mar/2016:11:04:38 -0300] "GET /cormun/servlet/solicitudot?INS,0,0, HTTP/1.1" 200 11407
191.112.91.68 - - [02/Mar/2016:11:04:41 -0300] "GET /cormun/servlet/solicitudotadjuntos?INS,2016,355,,1, HTTP/1.1" 200 5471
191.112.91.68 - - [02/Mar/2016:11:04:41 -0300] "GET /cormun/static/about:blank HTTP/1.1" 404 1011
191.112.91.68 - - [02/Mar/2016:11:04:43 -0300] "GET /cormun/servlet/solicitudotadjuntos?INS,2016,355,,1, HTTP/1.1" 200 5464
191.112.91.68 - - [02/Mar/2016:11:04:44 -0300] "GET /cormun/servlet/solicitudotadjuntos?cc3825a6bcde85380411dea6bcbbd66bff3627d1dad65910064eaa0128b3b85265071cafe5fc2b06121d40f4d045fd08,gx-no-cache=1456927511103 HTTP/1.1" 200 30
191.112.91.68 - - [02/Mar/2016:11:04:44 -0300] "POST /cormun/servlet/solicitudotadjuntos?0c0ee8f3b383daf4648f2d40d97b65a9,INS,2016,355,,1,,gx-no-cache=1456927511229 HTTP/1.1" 200 3378
192.168.10.89 - - [02/Mar/2016:11:04:47 -0300] "GET /cormun/servlet/prfichaempleado?,MD,,gxPopupLevel%3D0%3B HTTP/1.1" 200 7879
192.168.10.89 - - [02/Mar/2016:11:04:47 -0300] "GET /cormun/static/scaMessage/css/jquery-ui.css?104140 HTTP/1.1" 404 1045
191.112.91.68 - - [02/Mar/2016:11:04:53 -0300] "POST /cormun/servlet/solicitudotadjuntos?gx-no-cache=1456927520103 HTTP/1.1" 200 26
192.168.10.89 - - [02/Mar/2016:11:04:55 -0300] "GET /cormun/servlet/prfichaempleado?b83a3073b92727be8d37255bd116bdc9ead2276dd2a06742b002fafc3c2f451374620894df3a7a43f1a7535d342bb4b34cd89101bee69f3743940df177c75ae1669daf62b9fb274443999073da4d3bda,gx-no-cache=1456927247893 HTTP/1.1" 200 469
191.112.91.68 - - [02/Mar/2016:11:05:01 -0300] "GET /cormun/servlet/solicitudotadjuntos?cc3825a6bcde85380411dea6bcbbd66b633b8525340459f8f593f8d1a6b73094,gx-no-cache=1456927528722 HTTP/1.1" 200 30
191.112.91.68 - - [02/Mar/2016:11:05:01 -0300] "GET /cormun/servlet/solicitudotadjuntos?cc3825a6bcde85380411dea6bcbbd66b633b8525340459f8f593f8d1a6b73094,gx-no-cache=1456927528801 HTTP/1.1" 200 30
191.112.91.68 - - [02/Mar/2016:11:05:02 -0300] "POST /cormun/servlet/solicitudotadjuntos?0c0ee8f3b383daf4648f2d40d97b65a9,INS,2016,355,,1,,gx-no-cache=1456927528889 HTTP/1.1" 200 93
191.112.91.68 - - [02/Mar/2016:11:05:02 -0300] "GET /cormun/servlet/hpexe_return? HTTP/1.1" 200 1033
191.112.91.68 - - [02/Mar/2016:11:05:03 -0300] "GET /cormun/servlet/vesolicitudot?2016,355,,SolicitudOTAdjuntos HTTP/1.1" 200 8415
191.112.91.68 - - [02/Mar/2016:11:05:03 -0300] "GET /cormun/pexe_scrolldiv.js HTTP/1.1" 404 1009
186.103.156.24 - - [02/Mar/2016:11:05:03 -0300] "POST /cormun/servlet/solicitudot?gx-no-cache=1456927825025 HTTP/1.1" 200 30
192.168.10.89 - - [02/Mar/2016:11:05:05 -0300] "GET /cormun/servlet/prfichaempleado?b83a3073b92727be8d37255bd116bdc9ead2276dd2a06742b002fafc3c2f451309a396c58891339a2e811f251a22a04227cee777d80bad2c2b14aa99dc076f45e594c23eae6c811775b2ea78c637f68d,gx-no-cache=1456927258573 HTTP/1.1" 200 465
191.112.91.68 - - [02/Mar/2016:11:05:06 -0300] "GET /cormun/servlet/vesolicitudot?2016,355,,SolicitudOTAdjuntos HTTP/1.1" 200 8411
192.168.10.89 - - [02/Mar/2016:11:05:07 -0300] "POST /cormun/servlet/prfichaempleado?e6bf61c7ee82836ecba3bb60bf3ce0e8,,MD,,gxPopupLevel%3D0%3B,gx-no-cache=1456927259894 HTTP/1.1" 200 2845
186.103.156.24 - - [02/Mar/2016:11:05:07 -0300] "POST /cormun/servlet/solicitudot?gx-no-cache=1456927828919 HTTP/1.1" 200 1157
186.103.156.24 - - [02/Mar/2016:11:05:07 -0300] "GET /cormun/servlet/solicitudot?e0139e73eff4ebca9fcf51efdab74d30571597d9d1135913db3fa2113e36e31c571231572b6c3f297a0909c61fd4cd8ea24394e928618c0a96059010de355207fbdb44de860d16058fa8a607ad6bc3095ebc530e8717483ff0328aecbff7cd6808dee23ec8ebf744dae97272421fc5a61912eea99922361543851b48053c779da828b9880cba169fd8d1389cd0dbe412,gx-no-cache=1456927828994 HTTP/1.1" 200 38
191.112.91.68 - - [02/Mar/2016:11:05:08 -0300] "POST /cormun/servlet/acontrolpreferencessavestate?None,CD-33,true HTTP/1.1" 200 35
192.168.10.89 - - [02/Mar/2016:11:05:10 -0300] "POST /cormun/servlet/solicitudot?gx-no-cache=1456927263501 HTTP/1.1" 200 2782
192.168.10.89 - - [02/Mar/2016:11:05:10 -0300] "POST /cormun/servlet/solicitudot?e6bf61c7ee82836ecba3bb60bf3ce0e8,INS,0,0,,gx-no-cache=1456927263635 HTTP/1.1" 200 8394
192.168.10.89 - - [02/Mar/2016:11:05:13 -0300] "GET /cormun/servlet/solicitudot?521f9665cfb361228f25d91890049fa9227d8d3ff46e089957d741d873749e8084d8b5f3ae84f4ac5d3553a53671b1f6,gx-no-cache=1456927265938 HTTP/1.1" 200 30
192.168.10.89 - - [02/Mar/2016:11:05:13 -0300] "POST /cormun/servlet/solicitudot?gx-no-cache=1456927265978 HTTP/1.1" 200 30
192.168.10.89 - - [02/Mar/2016:11:05:14 -0300] "POST /cormun/servlet/solicitudot?gx-no-cache=1456927267549 HTTP/1.1" 200 30
186.103.156.24 - - [02/Mar/2016:11:05:15 -0300] "POST /cormun/servlet/solicitudot?gx-no-cache=1456927837850 HTTP/1.1" 200 30
192.168.10.89 - - [02/Mar/2016:11:05:17 -0300] "POST /cormun/servlet/solicitudot?gx-no-cache=1456927270495 HTTP/1.1" 200 1158
192.168.10.89 - - [02/Mar/2016:11:05:17 -0300] "GET /cormun/servlet/solicitudot?521f9665cfb361228f25d91890049fa984fa24b8199350474ca1ee07f508e3c24d5c8739d6f9affa20e67f84c5b9fc28d4da589ad8ee4e99b06346944cebf75c6f6f0a3114161386948103389c15878bc8fd08291b4d02a47fb4469c4edb7e38f225b4e70a7aa2dd825c844ab907b6f4c3384a11f39f25516d025d7264e3efb5927d2452c923f76345aea6bc23c955a2,gx-no-cache=1456927270621 HTTP/1.1" 200 38
186.67.172.234 - - [02/Mar/2016:11:05:20 -0300] "GET /cormun/servlet/hlogin HTTP/1.1" 200 1725
186.67.172.234 - - [02/Mar/2016:11:05:20 -0300] "GET /cormun/static/Resources/Spanish/PXTools.css?005343 HTTP/1.1" 304 -
186.67.172.234 - - [02/Mar/2016:11:05:20 -0300] "GET /cormun/static/gxcfg.js?20151120045111 HTTP/1.1" 304 -
186.67.172.234 - - [02/Mar/2016:11:05:20 -0300] "GET /cormun/static/messages.spa.js?85251 HTTP/1.1" 304 -
186.67.172.234 - - [02/Mar/2016:11:05:20 -0300] "GET /cormun/static/hlogin.js?20151120045126 HTTP/1.1" 304 -
186.103.156.24 - - [02/Mar/2016:11:05:20 -0300] "POST /cormun/servlet/solicitudot?gx-no-cache=1456927844445 HTTP/1.1" 200 122
186.67.172.234 - - [02/Mar/2016:11:05:25 -0300] "POST /cormun/servlet/hlogin?ebe38ab99384e8e511af220a9c00e623,gx-no-cache=1456927577341 HTTP/1.1" 200 90
186.67.172.234 - - [02/Mar/2016:11:05:25 -0300] "GET /cormun/servlet/hpexe_link HTTP/1.1" 200 952
186.67.172.234 - - [02/Mar/2016:11:05:25 -0300] "GET /cormun/static/gxcfg.js?20151120044395 HTTP/1.1" 304 -
186.67.172.234 - - [02/Mar/2016:11:05:25 -0300] "GET /cormun/static/hpexe_link.js?20151120044398 HTTP/1.1" 304 -
186.67.172.234 - - [02/Mar/2016:11:05:25 -0300] "GET /cormun/servlet/hhome HTTP/1.1" 200 3400
