186.103.157.246 - - [02/Mar/2016:12:10:31 -0300] "GET /cormun/servlet/solicitudot?0f3d567439e73de225fea6ae2d44c3f1436b0665ccd8296061402d505e73492f996870ea8707e5e6a00eb0c2969f2ed8a096393d978b08bac455d4a33e93ca57e6802649b7d576164691f30d09f148a6d7b9eea704aee8192980773ab770f53bb7e2830b07082478ead3440663cb4a30c5357cb5fc3e667b15349620dd2f0330c3bfd7d5cda7341a1f138d656e9e499ef065ad7064f0715948a72fcdba19ed25,gx-no-cache=1456931462530 HTTP/1.1" 200 41
186.103.156.24 - - [02/Mar/2016:12:10:31 -0300] "POST /cormun/servlet/trsolicitudot?ccbcbcf2b3ba78b1aabd16cb478f2e30,gx-no-cache=1456931606311,gx-no-cache=1456931459899 HTTP/1.1" 200 5268
186.103.156.24 - - [02/Mar/2016:12:10:33 -0300] "POST /cormun/servlet/trsolicitudot?ccbcbcf2b3ba78b1aabd16cb478f2e30,gx-no-cache=1456931606311,gx-no-cache=1456931462117 HTTP/1.1" 200 5076
186.103.156.24 - - [02/Mar/2016:12:10:33 -0300] "POST /cormun/servlet/trsolicitudot?ccbcbcf2b3ba78b1aabd16cb478f2e30,gx-no-cache=1456931606311,gx-no-cache=1456931462525 HTTP/1.1" 200 5017
186.103.156.24 - - [02/Mar/2016:12:10:35 -0300] "POST /cormun/servlet/trsolicitudot?ccbcbcf2b3ba78b1aabd16cb478f2e30,gx-no-cache=1456931606311,gx-no-cache=1456931464319 HTTP/1.1" 200 4742
186.103.156.24 - - [02/Mar/2016:12:10:35 -0300] "POST /cormun/servlet/trsolicitudot?ccbcbcf2b3ba78b1aabd16cb478f2e30,gx-no-cache=1456931606311,gx-no-cache=1456931464686 HTTP/1.1" 200 4683
186.103.159.189 - - [02/Mar/2016:12:10:36 -0300] "POST /cormun/servlet/solicitudot?6fbb8a74c90d37811d0ead77d9743ebd,INS,0,0,,gx-no-cache=1456931461053 HTTP/1.1" 440 972
186.103.156.24 - - [02/Mar/2016:12:10:37 -0300] "POST /cormun/servlet/trsolicitudot?ccbcbcf2b3ba78b1aabd16cb478f2e30,gx-no-cache=1456931606311,gx-no-cache=1456931466294 HTTP/1.1" 200 3342
186.103.156.24 - - [02/Mar/2016:12:10:37 -0300] "POST /cormun/servlet/trsolicitudot?ccbcbcf2b3ba78b1aabd16cb478f2e30,gx-no-cache=1456931606311,gx-no-cache=1456931466600 HTTP/1.1" 200 3192
186.103.159.189 - - [02/Mar/2016:12:10:38 -0300] "GET /cormun/servlet/solicitudot?INS,0,0, HTTP/1.1" 200 11026
186.103.159.189 - - [02/Mar/2016:12:10:38 -0300] "GET /cormun/static/Resources/Spanish/PXTools.css?171692 HTTP/1.1" 304 -
186.103.159.189 - - [02/Mar/2016:12:10:38 -0300] "GET /cormun/static/messages.spa.js?85251 HTTP/1.1" 304 -
186.103.159.189 - - [02/Mar/2016:12:10:38 -0300] "GET /cormun/static/solicitudot.js?20163117305174 HTTP/1.1" 304 -
186.103.159.189 - - [02/Mar/2016:12:10:38 -0300] "GET /cormun/static/gxcfg.js?20163117305121 HTTP/1.1" 304 -
186.103.159.189 - - [02/Mar/2016:12:10:38 -0300] "GET /cormun/static/hwchdr01.js?20162241650484 HTTP/1.1" 304 -
186.103.159.189 - - [02/Mar/2016:12:10:38 -0300] "GET /cormun/static/hpexe_recentlink.js?2015111312121342 HTTP/1.1" 304 -
186.103.159.189 - - [02/Mar/2016:12:10:38 -0300] "GET /cormun/static/hpexe_scripts.js?20151120014546 HTTP/1.1" 304 -
186.103.159.189 - - [02/Mar/2016:12:10:38 -0300] "GET /cormun/static/hpexe_messagecontroller.js?2015112210524422 HTTP/1.1" 304 -
186.103.159.189 - - [02/Mar/2016:12:10:38 -0300] "GET /cormun/static/hpexe_messagepopupcomponent.js?2016311717983 HTTP/1.1" 304 -
186.103.159.189 - - [02/Mar/2016:12:10:38 -0300] "GET /cormun/static/hpexe_messagegenexuscomponent.js?20151120014314 HTTP/1.1" 304 -
186.103.159.189 - - [02/Mar/2016:12:10:38 -0300] "GET /cormun/static/cmcontrolpreferences.js?20151120014525 HTTP/1.1" 304 -
186.103.159.189 - - [02/Mar/2016:12:10:38 -0300] "GET /cormun/static/hmpwkw03.js?20163114183826 HTTP/1.1" 304 -
186.103.159.189 - - [02/Mar/2016:12:10:40 -0300] "GET /cormun/servlet/solicitudot?INS,0,0, HTTP/1.1" 200 11026
186.103.159.189 - - [02/Mar/2016:12:10:40 -0300] "GET /cormun/servlet/hlogin HTTP/1.1" 200 1740
186.103.159.189 - - [02/Mar/2016:12:10:41 -0300] "GET /cormun/static/Resources/Spanish/PXTools.css?005343 HTTP/1.1" 304 -
186.103.159.189 - - [02/Mar/2016:12:10:41 -0300] "GET /cormun/static/gxcfg.js?20151120045111 HTTP/1.1" 304 -
186.103.159.189 - - [02/Mar/2016:12:10:41 -0300] "GET /cormun/static/hlogin.js?20151120045126 HTTP/1.1" 304 -
191.112.91.68 - - [02/Mar/2016:12:10:41 -0300] "POST /cormun/servlet/solicitudot?gx-no-cache=1456931468055 HTTP/1.1" 200 2785
191.112.91.68 - - [02/Mar/2016:12:10:41 -0300] "POST /cormun/servlet/solicitudot?0c0ee8f3b383daf4648f2d40d97b65a9,INS,0,0,,gx-no-cache=1456931468568 HTTP/1.1" 200 8392
200.30.209.241 - - [02/Mar/2016:12:10:45 -0300] "POST /cormun/servlet/solicitudot?35a5a300eb430605080711524fcb2cfd,INS,0,0,,gx-no-cache=1456931476046 HTTP/1.1" 200 93
200.30.209.241 - - [02/Mar/2016:12:10:46 -0300] "GET /cormun/servlet/hpexe_return? HTTP/1.1" 200 1004
200.30.209.241 - - [02/Mar/2016:12:10:46 -0300] "GET /cormun/static/hpexe_return.js?2015111312145056 HTTP/1.1" 200 1633
200.30.209.241 - - [02/Mar/2016:12:10:46 -0300] "GET /cormun/static/gxcfg.js?2015111312145050 HTTP/1.1" 200 953
200.30.209.241 - - [02/Mar/2016:12:10:46 -0300] "GET /cormun/static/Resources/Spanish/PXTools.css?12112540 HTTP/1.1" 200 89042
200.30.209.241 - - [02/Mar/2016:12:10:46 -0300] "GET /cormun/servlet/trsolicitudot HTTP/1.1" 200 7588
200.30.209.241 - - [02/Mar/2016:12:10:47 -0300] "GET /cormun//static/Resources/PXToolsGridUpdate.png HTTP/1.1" 200 2984
200.30.209.241 - - [02/Mar/2016:12:10:47 -0300] "GET /cormun//static/Resources/PXToolsActionView.png HTTP/1.1" 200 2995
200.30.209.241 - - [02/Mar/2016:12:10:47 -0300] "GET /cormun//static/Resources/PXToolsGridDelete.png HTTP/1.1" 200 357
200.30.209.241 - - [02/Mar/2016:12:10:47 -0300] "GET /cormun/servlet/trsolicitudot HTTP/1.1" 200 7583
200.30.209.241 - - [02/Mar/2016:12:10:47 -0300] "GET /cormun//static/Resources/PXToolsRemoveAllAction.png HTTP/1.1" 200 3558
200.30.209.241 - - [02/Mar/2016:12:10:47 -0300] "GET /cormun//static/Resources/PXTools/ActionInsert.png HTTP/1.1" 200 1482
186.103.156.24 - - [02/Mar/2016:12:10:47 -0300] "GET /cormun/servlet/trautorizarsolicitud? HTTP/1.1" 200 9314
186.103.157.246 - - [02/Mar/2016:12:10:47 -0300] "POST /cormun/servlet/solicitudot?5dde72f24db47df7606f50bbec570d2c,UPD,2016,346,,gx-no-cache=1456931478357 HTTP/1.1" 200 93
186.103.157.246 - - [02/Mar/2016:12:10:47 -0300] "GET /cormun/servlet/hpexe_return? HTTP/1.1" 200 1020
186.103.157.246 - - [02/Mar/2016:12:10:47 -0300] "GET /cormun/servlet/trsolicitudot?gx-no-cache=1456931459025 HTTP/1.1" 200 7992
186.103.156.24 - - [02/Mar/2016:12:10:48 -0300] "GET /cormun/servlet/trautorizarsolicitud? HTTP/1.1" 200 9294
200.30.209.241 - - [02/Mar/2016:12:10:58 -0300] "GET /cormun/servlet/solicitudot?INS,0,0, HTTP/1.1" 200 11547
200.30.209.241 - - [02/Mar/2016:12:10:58 -0300] "GET /cormun/servlet/solicitudot?INS,0,0, HTTP/1.1" 200 11552
186.103.157.246 - - [02/Mar/2016:12:10:59 -0300] "GET /cormun/servlet/solicitudot?INS,0,0, HTTP/1.1" 200 11403
200.30.209.241 - - [02/Mar/2016:12:11:14 -0300] "POST /cormun/servlet/solicitudot?gx-no-cache=1456931504273 HTTP/1.1" 200 2707
200.30.209.241 - - [02/Mar/2016:12:11:14 -0300] "POST /cormun/servlet/solicitudot?35a5a300eb430605080711524fcb2cfd,INS,0,0,,gx-no-cache=1456931504569 HTTP/1.1" 200 8323
200.30.209.241 - - [02/Mar/2016:12:11:18 -0300] "GET /cormun/servlet/solicitudot?f4e499fc06ce276d74c0ddbc347234b16570cb93b5908a17e0c4d503e7a0090263e3073eb0fdfc6241bd897f263943ac,gx-no-cache=1456931508500 HTTP/1.1" 200 30
186.103.157.246 - - [02/Mar/2016:12:11:37 -0300] "POST /cormun/servlet/solicitudot?gx-no-cache=1456931528346 HTTP/1.1" 200 2740
186.103.157.246 - - [02/Mar/2016:12:11:38 -0300] "POST /cormun/servlet/solicitudot?5dde72f24db47df7606f50bbec570d2c,INS,0,0,,gx-no-cache=1456931528998 HTTP/1.1" 200 8346
186.103.157.246 - - [02/Mar/2016:12:11:41 -0300] "GET /cormun/servlet/solicitudot?0f3d567439e73de225fea6ae2d44c3f12d4294ad3b880044941f8492befdd7be86a79899447670d53a781ae3d8bc6add,gx-no-cache=1456931532394 HTTP/1.1" 200 30
186.67.172.234 - - [02/Mar/2016:12:12:02 -0300] "GET /cormun/servlet/solicitudot?ea84282dc36e144c425897d90195bb075b83a463244f747c1949ae0ab799985ca42c52d62cce75ca2122feccf07b9353982e7d93c2eaafe218c4276750f4f3f544e858d3ef3630a27fcccd48583528844ec10503628c9ba039cfe8178c20eb65b9fe1be1748339e8bf77ba4cac79c7d75d2356e872d45109088a2e95c42e01ecbe0a7651625a11975dc8dea442fb6f4004cd20627e59131707a2dd1a88a4f03174480bc2f54efbcea6f3ff8998554e16,gx-no-cache=1456931574521 HTTP/1.1" 440 972
186.67.172.234 - - [02/Mar/2016:12:12:08 -0300] "POST /cormun/servlet/solicitudot?ebe38ab99384e8e511af220a9c00e623,INS,0,0,,gx-no-cache=1456931580554 HTTP/1.1" 440 972
186.67.172.234 - - [02/Mar/2016:12:12:10 -0300] "GET /cormun/servlet/solicitudot?INS,0,0, HTTP/1.1" 200 11023
186.67.172.234 - - [02/Mar/2016:12:12:11 -0300] "GET /cormun/servlet/hlogin HTTP/1.1" 200 1735
186.67.172.234 - - [02/Mar/2016:12:12:11 -0300] "GET /cormun/servlet/solicitudot?INS,0,0, HTTP/1.1" 200 11023
200.30.209.241 - - [02/Mar/2016:12:12:13 -0300] "POST /cormun/servlet/solicitudot?gx-no-cache=1456931563540 HTTP/1.1" 200 30
192.168.10.89 - - [02/Mar/2016:12:12:14 -0300] "GET /cormun/servlet/trsolicitudot? HTTP/1.1" 200 6178
186.67.172.234 - - [02/Mar/2016:12:12:16 -0300] "POST /cormun/servlet/hlogin?50a498daef5b043102dc8b15e5c75fc1,gx-no-cache=1456931587971 HTTP/1.1" 200 90
186.67.172.234 - - [02/Mar/2016:12:12:16 -0300] "GET /cormun/servlet/hpexe_link HTTP/1.1" 200 959
186.67.172.234 - - [02/Mar/2016:12:12:16 -0300] "GET /cormun/servlet/solicitudot?INS,0,0, HTTP/1.1" 200 11204
186.67.172.234 - - [02/Mar/2016:12:12:17 -0300] "GET /cormun/servlet/solicitudot?INS,0,0, HTTP/1.1" 200 11209
192.168.10.89 - - [02/Mar/2016:12:12:19 -0300] "GET /cormun/servlet/solicitudot?INS,0,0, HTTP/1.1" 200 11419
192.168.10.89 - - [02/Mar/2016:12:12:22 -0300] "GET /cormun/servlet/prfichaempleado?,MD,,gxPopupLevel%3D0%3B HTTP/1.1" 200 7881
192.168.10.89 - - [02/Mar/2016:12:12:22 -0300] "GET /cormun/static/Resources/Spanish/PXTools.css?16184758 HTTP/1.1" 304 -
192.168.10.89 - - [02/Mar/2016:12:12:22 -0300] "GET /cormun/static/gxcfg.js?201511151625694 HTTP/1.1" 304 -
192.168.10.89 - - [02/Mar/2016:12:12:22 -0300] "GET /cormun/static/prfichaempleado.js?201511151625857 HTTP/1.1" 304 -
192.168.10.89 - - [02/Mar/2016:12:12:22 -0300] "GET /cormun/static/menusearch.js?20163117171215 HTTP/1.1" 304 -
192.168.10.89 - - [02/Mar/2016:12:12:22 -0300] "GET /cormun/static/hmpwkw01.js?201511211495945 HTTP/1.1" 304 -
192.168.10.89 - - [02/Mar/2016:12:12:26 -0300] "GET /cormun/servlet/prfichaempleado?aafe5dfe7381f74ed456f9343c58d985631e989d7fee88dae52c96b3c4cf5efd9744dc808f10a70c869a7475a13f3b8fb6ecdaff929f520ed45de818de0f041099e223c28701e792f73cd979d08f99e7,gx-no-cache=1456931299131 HTTP/1.1" 200 474
192.168.10.89 - - [02/Mar/2016:12:12:26 -0300] "GET /cormun/servlet/prfichaempleado?aafe5dfe7381f74ed456f9343c58d985631e989d7fee88dae52c96b3c4cf5efdc5acf30ca408688637710afbef80ab00eee7bfa1d23c122a211dfa445a14c99191591465521df82bcec943960d844d41,gx-no-cache=1456931299794 HTTP/1.1" 200 437
192.168.10.89 - - [02/Mar/2016:12:12:27 -0300] "GET /cormun/servlet/prfichaempleado?aafe5dfe7381f74ed456f9343c58d985631e989d7fee88dae52c96b3c4cf5efd9744dc808f10a70c869a7475a13f3b8f1487c40217a78be0532bd9cbd8c74ebb,gx-no-cache=1456931300678 HTTP/1.1" 200 469
192.168.10.89 - - [02/Mar/2016:12:12:29 -0300] "GET /cormun/servlet/prfichaempleado?aafe5dfe7381f74ed456f9343c58d985631e989d7fee88dae52c96b3c4cf5efd9b2681b2d80326bf649262b4c8ba94a74357a97a9a9c046fffea7f7a5e939f7a5a685143520eab011d17e11545e3fcad,gx-no-cache=1456931302227 HTTP/1.1" 200 474
192.168.10.89 - - [02/Mar/2016:12:12:30 -0300] "POST /cormun/servlet/prfichaempleado?584929d0c8b6ad997db4c1ab0973b8db,,MD,,gxPopupLevel%3D0%3B,gx-no-cache=1456931302954 HTTP/1.1" 200 2962
200.30.209.241 - - [02/Mar/2016:12:12:31 -0300] "POST /cormun/servlet/solicitudot?gx-no-cache=1456931581989 HTTP/1.1" 200 30
192.168.10.89 - - [02/Mar/2016:12:12:35 -0300] "POST /cormun/servlet/solicitudot?gx-no-cache=1456931308542 HTTP/1.1" 200 2780
192.168.10.89 - - [02/Mar/2016:12:12:35 -0300] "POST /cormun/servlet/solicitudot?584929d0c8b6ad997db4c1ab0973b8db,INS,0,0,,gx-no-cache=1456931308713 HTTP/1.1" 200 8397
192.168.10.89 - - [02/Mar/2016:12:12:38 -0300] "GET /cormun/servlet/solicitudot?73eea1e89a0a08e905935054d37f98a9d1c65cada571d0ee669a4bc5f74d694f4ee5e031d611f5ca5e1f90ac6a2074a3,gx-no-cache=1456931311756 HTTP/1.1" 200 30
192.168.10.89 - - [02/Mar/2016:12:12:38 -0300] "POST /cormun/servlet/solicitudot?gx-no-cache=1456931311795 HTTP/1.1" 200 30
200.30.209.241 - - [02/Mar/2016:12:12:43 -0300] "GET /cormun/servlet/trsolicitudot? HTTP/1.1" 200 7584
200.30.209.241 - - [02/Mar/2016:12:12:44 -0300] "GET /cormun/servlet/trsolicitudot? HTTP/1.1" 200 7584
192.168.10.89 - - [02/Mar/2016:12:12:44 -0300] "POST /cormun/servlet/solicitudot?gx-no-cache=1456931317281 HTTP/1.1" 200 30
192.168.10.89 - - [02/Mar/2016:12:12:47 -0300] "GET /cormun/servlet/prpersonalsolicitud?16884126,,,,,MD,,gxPopupLevel%3D0%3B HTTP/1.1" 200 5688
192.168.10.89 - - [02/Mar/2016:12:12:47 -0300] "GET /cormun/static/gxcfg.js?20163117361395 HTTP/1.1" 304 -
192.168.10.89 - - [02/Mar/2016:12:12:47 -0300] "GET /cormun/static/prpersonalsolicitud.js?20163117361535 HTTP/1.1" 304 -
192.168.10.89 - - [02/Mar/2016:12:12:47 -0300] "GET /cormun/static/hmpwkw011.js?20163114183117 HTTP/1.1" 304 -
186.67.172.234 - - [02/Mar/2016:12:12:48 -0300] "POST /cormun/servlet/solicitudot?gx-no-cache=1456931619883 HTTP/1.1" 200 2668
186.67.172.234 - - [02/Mar/2016:12:12:48 -0300] "POST /cormun/servlet/solicitudot?50a498daef5b043102dc8b15e5c75fc1,INS,0,0,,gx-no-cache=1456931620021 HTTP/1.1" 200 7956
192.168.10.89 - - [02/Mar/2016:12:12:48 -0300] "POST /cormun/servlet/acontrolpreferencessavestate?None,ASAAVEDRA,true HTTP/1.1" 200 35
192.168.10.89 - - [02/Mar/2016:12:12:51 -0300] "POST /cormun/servlet/solicitudot?gx-no-cache=1456931324088 HTTP/1.1" 200 1157
192.168.10.89 - - [02/Mar/2016:12:12:51 -0300] "GET /cormun/servlet/solicitudot?73eea1e89a0a08e905935054d37f98a97a75f95efaa7ae6f2d4022abb38e45e2975500dcf8d0e5a42eb4b1b5503f3f8f60fc6e23f4f25d441044d8b656df8d96c9ff947bb8d4bb5d9a5bc1254aad4e3cf7720bc84159e5c3e73de31ee0f61aba7d79aadd85e8e181627624d607c2cc1983a4730fe9552a9673c80dbcdd28be813ed068d7ae33fab6133ede75f424e7e9,gx-no-cache=1456931324207 HTTP/1.1" 200 38
192.168.10.89 - - [02/Mar/2016:12:12:51 -0300] "GET /cormun/servlet/solicitudot?73eea1e89a0a08e905935054d37f98a933572c5fdd34ebdd51deda46440a3afc39d67e28bdb435ea39216d8861ffea4c3d7d66a3b528c786cfacdeeefa274867c5d8a43bccb2141cf45169e3e59dd11236dcd6c3dcac23dba5f11463b28fddce16c1e5cd774dec078cb88f7cbfe60009194be05c0c4954a0fbde3c7f512a86df8bd660683e588acc0d4b74ef159f9b7cb7d5094929bb86727d94bf442b55c283,gx-no-cache=1456931324255 HTTP/1.1" 200 29
192.168.10.89 - - [02/Mar/2016:12:12:51 -0300] "POST /cormun/servlet/solicitudot?gx-no-cache=1456931324280 HTTP/1.1" 200 1117
192.168.10.89 - - [02/Mar/2016:12:12:52 -0300] "GET /cormun/servlet/prpersonalsolicitud?16884126,,,,,MD,,gxPopupLevel%3D0%3B HTTP/1.1" 200 5694
186.103.157.246 - - [02/Mar/2016:12:12:53 -0300] "POST /cormun/servlet/solicitudot?gx-no-cache=1456931604022 HTTP/1.1" 200 30
200.30.209.241 - - [02/Mar/2016:12:12:53 -0300] "GET /cormun/servlet/solicitudot?INS,0,0, HTTP/1.1" 200 11548
200.30.209.241 - - [02/Mar/2016:12:12:54 -0300] "GET /cormun/servlet/solicitudot?INS,0,0, HTTP/1.1" 200 11553
186.103.157.246 - - [02/Mar/2016:12:12:56 -0300] "POST /cormun/servlet/solicitudot?gx-no-cache=1456931607092 HTTP/1.1" 200 30
192.168.10.89 - - [02/Mar/2016:12:13:00 -0300] "GET /cormun/servlet/prsolicitudot?16884126,,,,,MD,,gxPopupLevel%3D0%3B HTTP/1.1" 200 5372
192.168.10.89 - - [02/Mar/2016:12:13:00 -0300] "GET /cormun/static/gxcfg.js?20163117275193 HTTP/1.1" 200 953
192.168.10.89 - - [02/Mar/2016:12:13:00 -0300] "GET /cormun/static/prsolicitudot.js?20163117275348 HTTP/1.1" 200 12356
191.112.87.159 - - [02/Mar/2016:12:13:01 -0300] "GET /cormun/servlet/hlogin HTTP/1.1" 200 1704
191.112.87.159 - - [02/Mar/2016:12:13:01 -0300] "GET /cormun/static/Resources/Spanish/PXTools.css?005343 HTTP/1.1" 304 -
191.112.87.159 - - [02/Mar/2016:12:13:02 -0300] "GET /cormun/static/gxgral.js?85251 HTTP/1.1" 304 -
191.112.87.159 - - [02/Mar/2016:12:13:02 -0300] "GET /cormun/static/gxcfg.js?20151120045111 HTTP/1.1" 304 -
191.112.87.159 - - [02/Mar/2016:12:13:02 -0300] "GET /cormun/static/gxtimezone.js?85251 HTTP/1.1" 304 -
191.112.87.159 - - [02/Mar/2016:12:13:02 -0300] "GET /cormun/static/messages.spa.js?85251 HTTP/1.1" 304 -
191.112.87.159 - - [02/Mar/2016:12:13:02 -0300] "GET /cormun/static/hlogin.js?20151120045126 HTTP/1.1" 304 -
192.168.10.89 - - [02/Mar/2016:12:13:02 -0300] "GET /cormun/servlet/prcontratosol?16884126,,,,,MD,,gxPopupLevel%3D0%3B HTTP/1.1" 200 5675
192.168.10.89 - - [02/Mar/2016:12:13:02 -0300] "GET /cormun/static/Resources/Spanish/PXTools.css?1423257 HTTP/1.1" 200 89042
192.168.10.89 - - [02/Mar/2016:12:13:02 -0300] "GET /cormun/static/gxcfg.js?2016141247819 HTTP/1.1" 200 953
191.112.87.159 - - [02/Mar/2016:12:13:02 -0300] "GET /cormun/static/Resources/ComunLogin.png HTTP/1.1" 304 -
191.112.87.159 - - [02/Mar/2016:12:13:02 -0300] "GET /cormun/static/Resources/PXToolsLoginTop.png HTTP/1.1" 304 -
192.168.10.89 - - [02/Mar/2016:12:13:02 -0300] "GET /cormun/static/prcontratosol.js?2016141247993 HTTP/1.1" 200 13528
191.112.87.159 - - [02/Mar/2016:12:13:02 -0300] "GET /cormun/static/Resources/PXToolsLoginBackground.png HTTP/1.1" 304 -
191.112.87.159 - - [02/Mar/2016:12:13:02 -0300] "GET /cormun/static/Resources/PXToolsButtonLeft21.png HTTP/1.1" 304 -
191.112.87.159 - - [02/Mar/2016:12:13:02 -0300] "GET /cormun/static/Resources/PXToolsButtonRight21.png HTTP/1.1" 304 -
191.112.87.159 - - [02/Mar/2016:12:13:03 -0300] "GET /cormun/static/Resources/PXToolsLoginBottom.png HTTP/1.1" 304 -
191.112.87.159 - - [02/Mar/2016:12:13:03 -0300] "GET /cormun/static/Resources/PXToolsButtonBackground2.png HTTP/1.1" 304 -
186.103.157.246 - - [02/Mar/2016:12:13:03 -0300] "POST /cormun/servlet/solicitudot?gx-no-cache=1456931614481 HTTP/1.1" 200 452
191.112.87.159 - - [02/Mar/2016:12:13:03 -0300] "GET /cormun/static/Resources/indicator.gif HTTP/1.1" 304 -
186.103.157.246 - - [02/Mar/2016:12:13:03 -0300] "GET /cormun/servlet/solicitudot?0f3d567439e73de225fea6ae2d44c3f1436b0665ccd8296061402d505e73492f996870ea8707e5e6a00eb0c2969f2ed8a096393d978b08bac455d4a33e93ca57e6802649b7d576164691f30d09f148a6d7b9eea704aee8192980773ab770f53bb7e2830b07082478ead3440663cb4a30c5357cb5fc3e667b15349620dd2f0330986d14db0d883d8e9eaffa8b04afc549,gx-no-cache=1456931614598 HTTP/1.1" 200 38
200.30.209.241 - - [02/Mar/2016:12:13:04 -0300] "POST /cormun/servlet/solicitudot?gx-no-cache=1456931615148 HTTP/1.1" 200 2707
200.30.209.241 - - [02/Mar/2016:12:13:05 -0300] "POST /cormun/servlet/solicitudot?35a5a300eb430605080711524fcb2cfd,INS,0,0,,gx-no-cache=1456931615409 HTTP/1.1" 200 8322
192.168.10.89 - - [02/Mar/2016:12:13:06 -0300] "POST /cormun/servlet/solicitudot?584929d0c8b6ad997db4c1ab0973b8db,INS,0,0,,gx-no-cache=1456931339676 HTTP/1.1" 200 93
192.168.10.89 - - [02/Mar/2016:12:13:06 -0300] "GET /cormun/servlet/hpexe_return? HTTP/1.1" 200 999
200.30.209.241 - - [02/Mar/2016:12:13:07 -0300] "GET /cormun/servlet/solicitudot?f4e499fc06ce276d74c0ddbc347234b16570cb93b5908a17e0c4d503e7a0090263e3073eb0fdfc6241bd897f263943ac,gx-no-cache=1456931617423 HTTP/1.1" 200 30
192.168.10.89 - - [02/Mar/2016:12:13:07 -0300] "GET /cormun/servlet/trsolicitudot HTTP/1.1" 200 6192
191.112.87.159 - - [02/Mar/2016:12:13:13 -0300] "POST /cormun/servlet/hlogin?e12f3e2649a031774ae4d357c01eca8e,gx-no-cache=1456931639437 HTTP/1.1" 200 90
191.112.87.159 - - [02/Mar/2016:12:13:13 -0300] "GET /cormun/servlet/hpexe_link HTTP/1.1" 200 939
191.112.87.159 - - [02/Mar/2016:12:13:14 -0300] "GET /cormun/static/gxcfg.js?20151120044395 HTTP/1.1" 304 -
191.112.87.159 - - [02/Mar/2016:12:13:14 -0300] "GET /cormun/static/hpexe_link.js?20151120044398 HTTP/1.1" 304 -
115.231.222.40 - - [02/Mar/2016:12:13:14 -0300] "GET /cgi-bin/common/attr?id=260714&r=0.4281151361541323 HTTP/1.1" 404 999
191.112.87.159 - - [02/Mar/2016:12:13:14 -0300] "GET /cormun/servlet/hhome HTTP/1.1" 200 3379
191.112.87.159 - - [02/Mar/2016:12:13:15 -0300] "GET /cormun/static/Shared/jqueryui/jquery-ui.min.css?1345370 HTTP/1.1" 304 -
191.112.87.159 - - [02/Mar/2016:12:13:15 -0300] "GET /cormun/static/Resources/Spanish/PXTools.css?10515224 HTTP/1.1" 304 -
191.112.87.159 - - [02/Mar/2016:12:13:15 -0300] "GET /cormun/static/scaMessage/css/jquery.pnotify.default.css?1816380 HTTP/1.1" 304 -
191.112.87.159 - - [02/Mar/2016:12:13:15 -0300] "GET /cormun/static/SmoothNavMenu/resources/ddsmoothmenu.css?1112540 HTTP/1.1" 304 -
191.112.87.159 - - [02/Mar/2016:12:13:15 -0300] "GET /cormun/static/SmoothNavMenu/resources/ddsmoothmenu-v.css?1112540 HTTP/1.1" 304 -
191.112.87.159 - - [02/Mar/2016:12:13:15 -0300] "GET /cormun/static/gxcfg.js?2015112210564248 HTTP/1.1" 304 -
191.112.87.159 - - [02/Mar/2016:12:13:16 -0300] "GET /cormun/static/PXToolsJavascripts/pexe_autoreload.js HTTP/1.1" 304 -
191.112.87.159 - - [02/Mar/2016:12:13:16 -0300] "GET /cormun/static/PXToolsJavascripts/pexe_cookies.js HTTP/1.1" 304 -
191.112.87.159 - - [02/Mar/2016:12:13:16 -0300] "GET /cormun/static/PXToolsJavascripts/pexe_grid.js HTTP/1.1" 304 -
191.112.87.159 - - [02/Mar/2016:12:13:16 -0300] "GET /cormun/static/PXToolsJavascripts/pexe_windows.js HTTP/1.1" 304 -
191.112.87.159 - - [02/Mar/2016:12:13:16 -0300] "GET /cormun/static/PXToolsJavascripts/pexe_link.js HTTP/1.1" 304 -
191.112.87.159 - - [02/Mar/2016:12:13:16 -0300] "GET /cormun/static/PXToolsJavascripts/pexe_menudivfix.js HTTP/1.1" 304 -
191.112.87.159 - - [02/Mar/2016:12:13:16 -0300] "GET /cormun/static/PXToolsJavascripts/pexe_menus.js HTTP/1.1" 304 -
191.112.87.159 - - [02/Mar/2016:12:13:16 -0300] "GET /cormun/static/PXToolsJavascripts/pexe_layers.js HTTP/1.1" 304 -
191.112.87.159 - - [02/Mar/2016:12:13:16 -0300] "GET /cormun/static/PXToolsJavascripts/pexe_oav.js HTTP/1.1" 304 -
191.112.87.159 - - [02/Mar/2016:12:13:16 -0300] "GET /cormun/static/PXToolsJavascripts/pexe_popup.js HTTP/1.1" 304 -
191.112.87.159 - - [02/Mar/2016:12:13:16 -0300] "GET /cormun/static/PXToolsJavascripts/pexe_picture.js HTTP/1.1" 304 -
191.112.87.159 - - [02/Mar/2016:12:13:16 -0300] "GET /cormun/static/PXToolsJavascripts/pexe_oavdivfix.js HTTP/1.1" 304 -
191.112.87.159 - - [02/Mar/2016:12:13:17 -0300] "GET /cormun/static/PXToolsJavascripts/pexe_tabdivfix.js HTTP/1.1" 304 -
191.112.87.159 - - [02/Mar/2016:12:13:17 -0300] "GET /cormun/static/PXToolsJavascripts/pexe_scrolldiv.js HTTP/1.1" 304 -
191.112.87.159 - - [02/Mar/2016:12:13:17 -0300] "GET /cormun/static/PXToolsJavascripts/pexe_tabs.js HTTP/1.1" 304 -
191.112.87.159 - - [02/Mar/2016:12:13:17 -0300] "GET /cormun/static/PXToolsJavascripts/pexe_upload.js HTTP/1.1" 304 -
191.112.87.159 - - [02/Mar/2016:12:13:17 -0300] "GET /cormun/static/PXToolsJavascripts/PXToolsJavascriptsRender.js HTTP/1.1" 304 -
191.112.87.159 - - [02/Mar/2016:12:13:17 -0300] "GET /cormun/static/RunJS/RunJS.js HTTP/1.1" 304 -
191.112.87.159 - - [02/Mar/2016:12:13:17 -0300] "GET /cormun/static/Shared/ext/ext-all.js HTTP/1.1" 304 -
191.112.87.159 - - [02/Mar/2016:12:13:17 -0300] "GET /cormun/static/gxui/gxui-all.js HTTP/1.1" 304 -
191.112.87.159 - - [02/Mar/2016:12:13:17 -0300] "GET /cormun/static/Shared/ext/locale/ext-lang-en.js HTTP/1.1" 304 -
191.112.87.159 - - [02/Mar/2016:12:13:17 -0300] "GET /cormun/static/hhome.js?2015112210564255 HTTP/1.1" 304 -
191.112.87.159 - - [02/Mar/2016:12:13:17 -0300] "GET /cormun/static/hwchdr01.js?20162241650484 HTTP/1.1" 304 -
191.112.87.159 - - [02/Mar/2016:12:13:17 -0300] "GET /cormun/static/hpexe_recentlink.js?2015111312121342 HTTP/1.1" 304 -
191.112.87.159 - - [02/Mar/2016:12:13:17 -0300] "GET /cormun/static/hpexe_scripts.js?20151120014546 HTTP/1.1" 304 -
191.112.87.159 - - [02/Mar/2016:12:13:17 -0300] "GET /cormun/static/hpexe_messagecontroller.js?2015112210524422 HTTP/1.1" 304 -
191.112.87.159 - - [02/Mar/2016:12:13:17 -0300] "GET /cormun/static/hpexe_messagepopupcomponent.js?2016311717983 HTTP/1.1" 304 -
191.112.87.159 - - [02/Mar/2016:12:13:18 -0300] "GET /cormun/static/hpexe_messagegenexuscomponent.js?20151120014314 HTTP/1.1" 304 -
191.112.87.159 - - [02/Mar/2016:12:13:18 -0300] "GET /cormun/static/cmcontrolpreferences.js?20151120014525 HTTP/1.1" 304 -
191.112.87.159 - - [02/Mar/2016:12:13:18 -0300] "GET /cormun/static/Shared/jquery/jquery-1.4.2.min.js HTTP/1.1" 304 -
191.112.87.159 - - [02/Mar/2016:12:13:18 -0300] "GET /cormun/static/Shared/jquery/jquery-1.10.2.min.js HTTP/1.1" 304 -
191.112.87.159 - - [02/Mar/2016:12:13:18 -0300] "GET /cormun/static/Shared/jqueryui/jquery-ui.min.js HTTP/1.1" 304 -
191.112.87.159 - - [02/Mar/2016:12:13:18 -0300] "GET /cormun/static/SmoothNavMenu/resources/ddsmoothmenu.js HTTP/1.1" 304 -
191.112.87.159 - - [02/Mar/2016:12:13:18 -0300] "GET /cormun/static/SmoothNavMenu/resources/SmoothNavMenuRender.js HTTP/1.1" 304 -
191.112.87.159 - - [02/Mar/2016:12:13:18 -0300] "GET /cormun/static/scaMessage/js/jquery.pnotify.min.js HTTP/1.1" 304 -
191.112.87.159 - - [02/Mar/2016:12:13:18 -0300] "GET /cormun/static/scaMessage/scaMessageRender.js HTTP/1.1" 304 -
191.112.87.159 - - [02/Mar/2016:12:13:18 -0300] "GET /cormun/static/hmpwkw03.js?20163114183826 HTTP/1.1" 304 -
191.112.87.159 - - [02/Mar/2016:12:13:18 -0300] "GET /cormun/static/PXToolsJavascripts/pexe_griddivfix.js HTTP/1.1" 304 -
191.112.87.159 - - [02/Mar/2016:12:13:19 -0300] "GET /cormun/static/Resources/logo4.png HTTP/1.1" 304 -
191.112.87.159 - - [02/Mar/2016:12:13:19 -0300] "GET /cormun/static/Resources/PXToolsFooterBackground2.png HTTP/1.1" 304 -
191.112.87.159 - - [02/Mar/2016:12:13:19 -0300] "GET /cormun/static/Resources/PXToolsHeaderActionsLeft.png HTTP/1.1" 304 -
191.112.87.159 - - [02/Mar/2016:12:13:19 -0300] "GET /cormun/static/Resources/PXToolsHeaderBackground2.png HTTP/1.1" 304 -
191.112.87.159 - - [02/Mar/2016:12:13:19 -0300] "GET /cormun/static/Resources/PXToolsHeaderActionsBackground.png HTTP/1.1" 304 -
191.112.87.159 - - [02/Mar/2016:12:13:19 -0300] "GET /cormun/static/Resources/PXToolsHeaderHome.png HTTP/1.1" 304 -
191.112.87.159 - - [02/Mar/2016:12:13:19 -0300] "GET /cormun/static/Resources/PXToolsHeaderLogin.png HTTP/1.1" 304 -
191.112.87.159 - - [02/Mar/2016:12:13:20 -0300] "GET /cormun/static/Resources/PXToolsHeaderPreferences.png HTTP/1.1" 304 -
191.112.87.159 - - [02/Mar/2016:12:13:20 -0300] "GET /cormun/static/Resources/PXToolsHeaderSecurity.png HTTP/1.1" 304 -
191.112.87.159 - - [02/Mar/2016:12:13:20 -0300] "GET /cormun/static/Resources/PXToolsDataTitle.png HTTP/1.1" 304 -
191.112.87.159 - - [02/Mar/2016:12:13:20 -0300] "GET /cormun/static/Resources/PXToolsHeaderActionsRight.png HTTP/1.1" 304 -
191.112.87.159 - - [02/Mar/2016:12:13:20 -0300] "GET /cormun/static/SmoothNavMenu/resources/images/down.gif HTTP/1.1" 304 -
191.112.87.159 - - [02/Mar/2016:12:13:27 -0300] "GET /cormun/servlet/trsolicitudot? HTTP/1.1" 200 6120
191.112.87.159 - - [02/Mar/2016:12:13:28 -0300] "GET /cormun/static/Shared/ext/resources/css/ext-all.css?215870 HTTP/1.1" 304 -
191.112.87.159 - - [02/Mar/2016:12:13:28 -0300] "GET /cormun/static/gxui/gxui-all.css?120300 HTTP/1.1" 304 -
191.112.87.159 - - [02/Mar/2016:12:13:28 -0300] "GET /cormun/static/Resources/Spanish/PXTools.css?171692 HTTP/1.1" 304 -
191.112.87.159 - - [02/Mar/2016:12:13:28 -0300] "GET /cormun/static/calendar-system.css?85620 HTTP/1.1" 304 -
191.112.87.159 - - [02/Mar/2016:12:13:28 -0300] "GET /cormun/static/calendar.js?85251 HTTP/1.1" 304 -
191.112.87.159 - - [02/Mar/2016:12:13:28 -0300] "GET /cormun/static/gxcfg.js?20163117265139 HTTP/1.1" 304 -
191.112.87.159 - - [02/Mar/2016:12:13:28 -0300] "GET /cormun/static/calendar-setup.js?85251 HTTP/1.1" 304 -
191.112.87.159 - - [02/Mar/2016:12:13:28 -0300] "GET /cormun/static/calendar-es.js?85251 HTTP/1.1" 304 -
191.112.87.159 - - [02/Mar/2016:12:13:30 -0300] "GET /cormun/static/Resources/PXTools/calendar.png HTTP/1.1" 304 -
191.112.87.159 - - [02/Mar/2016:12:13:30 -0300] "GET /cormun/static/Resources/PXToolsDataSearch.png HTTP/1.1" 304 -
191.112.87.159 - - [02/Mar/2016:12:13:30 -0300] "GET /cormun/static/Resources/PXToolsGridFirst.gif HTTP/1.1" 304 -
191.112.87.159 - - [02/Mar/2016:12:13:30 -0300] "GET /cormun/static/Resources/PXToolsGridPrevious.gif HTTP/1.1" 304 -
191.112.87.159 - - [02/Mar/2016:12:13:30 -0300] "GET /cormun/static/Resources/PXToolsGridNext.gif HTTP/1.1" 304 -
191.112.87.159 - - [02/Mar/2016:12:13:30 -0300] "GET /cormun/static/Resources/PXToolsGridLast.gif HTTP/1.1" 304 -
191.112.87.159 - - [02/Mar/2016:12:13:30 -0300] "GET /cormun/static/gxdec.js?85251 HTTP/1.1" 304 -
191.112.87.159 - - [02/Mar/2016:12:13:30 -0300] "GET /cormun/static/Resources/PXToolsGridNew.png HTTP/1.1" 304 -
191.112.87.159 - - [02/Mar/2016:12:13:30 -0300] "GET /cormun/static/Resources/PXToolsActionExcel.png HTTP/1.1" 304 -
186.103.157.246 - - [02/Mar/2016:12:13:30 -0300] "GET /cormun/servlet/solicitudot?0f3d567439e73de225fea6ae2d44c3f1846212a1587d91177acd95ba6ed408e7caf91f8b72efb97b9d4789e50f2948f67a4e6d8b83cfd49dd2eb64b669dc69e81c47c8b7bf03df17407b097502a7c1bc16b95001c816acc95fb1f46acfd50053188c26a1125810f0a29183af4c5f9d95de7f823336994d340cecd03c4022b7ad4771579fcd26c327228ccc72f1ca81e93829a23652ce7d83d703f42bf5bc78dd,gx-no-cache=1456931641424 HTTP/1.1" 200 29
191.112.87.159 - - [02/Mar/2016:12:13:30 -0300] "GET /cormun/static/trsolicitudot.js?20163117265688 HTTP/1.1" 304 -
191.112.87.159 - - [02/Mar/2016:12:13:31 -0300] "GET /cormun/static/Resources/asc.gif HTTP/1.1" 304 -
191.112.87.159 - - [02/Mar/2016:12:13:31 -0300] "GET /cormun/static/Resources/desc.gif HTTP/1.1" 304 -
191.112.87.159 - - [02/Mar/2016:12:13:32 -0300] "GET /cormun/static/Shared/ext/resources/themes/images/default/panel/bg-headersPanel.png HTTP/1.1" 304 -
191.112.87.159 - - [02/Mar/2016:12:13:32 -0300] "GET /cormun/static/Shared/ext/resources/themes/images/default/tools/tool-sprites.gif HTTP/1.1" 304 -
191.112.87.159 - - [02/Mar/2016:12:13:32 -0300] "GET /cormun/static/Shared/ext/resources/themes/images/default/tip/tip-corners.gif HTTP/1.1" 304 -
186.103.157.246 - - [02/Mar/2016:12:13:32 -0300] "POST /cormun/servlet/solicitudot?gx-no-cache=1456931643078 HTTP/1.1" 200 1116
191.112.87.159 - - [02/Mar/2016:12:13:32 -0300] "GET /cormun/static/Shared/ext/resources/themes/images/default/tip/tip-sides.gif HTTP/1.1" 304 -
192.168.10.89 - - [02/Mar/2016:12:13:32 -0300] "GET /cormun/servlet/solicitudot?INS,0,0, HTTP/1.1" 200 11427
192.168.10.89 - - [02/Mar/2016:12:13:52 -0300] "GET /cormun/servlet/prfichaempleado?,MD,,gxPopupLevel%3D0%3B HTTP/1.1" 200 7892
200.30.209.241 - - [02/Mar/2016:12:13:54 -0300] "POST /cormun/servlet/solicitudot?gx-no-cache=1456931664947 HTTP/1.1" 200 30
192.168.10.89 - - [02/Mar/2016:12:13:57 -0300] "GET /cormun/servlet/prfichaempleado?aafe5dfe7381f74ed456f9343c58d985ddd0c9bda8a0130892c297c6800be1245f40bef7e5624b42e2e55683a7fa9ac73e0f5829b56308cb1bf23a89f1c4eba69a62430fb73297cecd17953adccee207,gx-no-cache=1456931390244 HTTP/1.1" 200 466
186.103.157.246 - - [02/Mar/2016:12:13:57 -0300] "GET /cormun/static/menuarrow.gif HTTP/1.1" 404 1015
191.112.87.159 - - [02/Mar/2016:12:13:57 -0300] "POST /cormun/servlet/trsolicitudot?e12f3e2649a031774ae4d357c01eca8e,,gx-no-cache=1456931683328 HTTP/1.1" 200 4858
191.112.87.159 - - [02/Mar/2016:12:13:59 -0300] "POST /cormun/servlet/trsolicitudot?e12f3e2649a031774ae4d357c01eca8e,,gx-no-cache=1456931685562 HTTP/1.1" 200 4858
191.112.87.159 - - [02/Mar/2016:12:13:59 -0300] "GET /cormun//static/Resources/PXToolsGridUpdate.png HTTP/1.1" 304 -
191.112.87.159 - - [02/Mar/2016:12:13:59 -0300] "GET /cormun//static/Resources/PXToolsGridDelete.png HTTP/1.1" 304 -
191.112.87.159 - - [02/Mar/2016:12:13:59 -0300] "GET /cormun//static/Resources/PXToolsRemoveAllAction.png HTTP/1.1" 304 -
191.112.87.159 - - [02/Mar/2016:12:13:59 -0300] "GET /cormun//static/Resources/PXToolsActionView.png HTTP/1.1" 304 -
191.112.87.159 - - [02/Mar/2016:12:13:59 -0300] "GET /cormun//static/Resources/PXTools/ActionInsert.png HTTP/1.1" 304 -
191.112.87.159 - - [02/Mar/2016:12:13:59 -0300] "GET /cormun//static/Resources/PXTools/ActionInsert.png HTTP/1.1" 304 -
192.168.10.89 - - [02/Mar/2016:12:14:00 -0300] "GET /cormun/servlet/prfichaempleado?aafe5dfe7381f74ed456f9343c58d985c72d07e11cb446eecd77a7c93462f647867066b7353437415f21f7f3b3cee755e571346ac87fdf85b690e0a166198879a680cd9820622951d0586e75310d3390,gx-no-cache=1456931392964 HTTP/1.1" 200 469
200.30.209.241 - - [02/Mar/2016:12:14:00 -0300] "POST /cormun/servlet/solicitudot?gx-no-cache=1456931670823 HTTP/1.1" 200 30
191.112.87.159 - - [02/Mar/2016:12:14:00 -0300] "POST /cormun/servlet/trsolicitudot?e12f3e2649a031774ae4d357c01eca8e,,gx-no-cache=1456931686421 HTTP/1.1" 200 4858
192.168.10.89 - - [02/Mar/2016:12:14:00 -0300] "POST /cormun/servlet/prfichaempleado?584929d0c8b6ad997db4c1ab0973b8db,,MD,,gxPopupLevel%3D0%3B,gx-no-cache=1456931393816 HTTP/1.1" 200 2861
191.112.87.159 - - [02/Mar/2016:12:14:02 -0300] "POST /cormun/servlet/trsolicitudot?e12f3e2649a031774ae4d357c01eca8e,,gx-no-cache=1456931688031 HTTP/1.1" 200 4857
192.168.10.89 - - [02/Mar/2016:12:14:05 -0300] "POST /cormun/servlet/solicitudot?gx-no-cache=1456931398179 HTTP/1.1" 200 2771
192.168.10.89 - - [02/Mar/2016:12:14:05 -0300] "POST /cormun/servlet/solicitudot?584929d0c8b6ad997db4c1ab0973b8db,INS,0,0,,gx-no-cache=1456931398367 HTTP/1.1" 200 8366
191.112.87.159 - - [02/Mar/2016:12:14:11 -0300] "POST /cormun/servlet/trsolicitudot?e12f3e2649a031774ae4d357c01eca8e,,gx-no-cache=1456931696859 HTTP/1.1" 200 4859
200.30.209.241 - - [02/Mar/2016:12:14:12 -0300] "GET /cormun/servlet/prfichaempleado?,MD,,gxPopupLevel%3D0%3B HTTP/1.1" 200 8015
200.30.209.241 - - [02/Mar/2016:12:14:12 -0300] "GET /cormun/static/scaMessage/css/jquery-ui.css?104140 HTTP/1.1" 404 1045
191.112.87.159 - - [02/Mar/2016:12:14:12 -0300] "POST /cormun/servlet/trsolicitudot?e12f3e2649a031774ae4d357c01eca8e,,gx-no-cache=1456931698578 HTTP/1.1" 200 4859
191.112.87.159 - - [02/Mar/2016:12:14:13 -0300] "POST /cormun/servlet/trsolicitudot?e12f3e2649a031774ae4d357c01eca8e,,gx-no-cache=1456931700390 HTTP/1.1" 200 4858
191.112.87.159 - - [02/Mar/2016:12:14:15 -0300] "POST /cormun/servlet/trsolicitudot?e12f3e2649a031774ae4d357c01eca8e,,gx-no-cache=1456931701296 HTTP/1.1" 200 105
191.112.87.159 - - [02/Mar/2016:12:14:15 -0300] "GET /cormun/servlet/trsolicitudadjuntos?2016,300, HTTP/1.1" 200 7950
200.30.209.241 - - [02/Mar/2016:12:14:16 -0300] "POST /cormun/servlet/prfichaempleado?35a5a300eb430605080711524fcb2cfd,,MD,,gxPopupLevel%3D0%3B,gx-no-cache=1456931686237 HTTP/1.1" 200 5083
191.112.87.159 - - [02/Mar/2016:12:14:16 -0300] "GET /cormun/static/gxcfg.js?2016311731090 HTTP/1.1" 304 -
191.112.87.159 - - [02/Mar/2016:12:14:17 -0300] "GET /cormun/static/trsolicitudadjuntos.js?2016311731342 HTTP/1.1" 304 -
200.30.209.241 - - [02/Mar/2016:12:14:18 -0300] "POST /cormun/servlet/prfichaempleado?35a5a300eb430605080711524fcb2cfd,,MD,,gxPopupLevel%3D0%3B,gx-no-cache=1456931688908 HTTP/1.1" 200 5074
192.168.10.89 - - [02/Mar/2016:12:14:20 -0300] "POST /cormun/servlet/solicitudot?584929d0c8b6ad997db4c1ab0973b8db,INS,0,0,,gx-no-cache=1456931413365 HTTP/1.1" 500 10
200.30.209.241 - - [02/Mar/2016:12:14:22 -0300] "POST /cormun/servlet/prfichaempleado?35a5a300eb430605080711524fcb2cfd,,MD,,gxPopupLevel%3D0%3B,gx-no-cache=1456931692141 HTTP/1.1" 200 5114
200.30.209.241 - - [02/Mar/2016:12:14:22 -0300] "POST /cormun/servlet/prfichaempleado?35a5a300eb430605080711524fcb2cfd,,MD,,gxPopupLevel%3D0%3B,gx-no-cache=1456931692634 HTTP/1.1" 200 5099
200.30.209.241 - - [02/Mar/2016:12:14:22 -0300] "POST /cormun/servlet/prfichaempleado?35a5a300eb430605080711524fcb2cfd,,MD,,gxPopupLevel%3D0%3B,gx-no-cache=1456931693062 HTTP/1.1" 200 5165
200.30.209.241 - - [02/Mar/2016:12:14:23 -0300] "POST /cormun/servlet/prfichaempleado?35a5a300eb430605080711524fcb2cfd,,MD,,gxPopupLevel%3D0%3B,gx-no-cache=1456931693526 HTTP/1.1" 200 5128
200.30.209.241 - - [02/Mar/2016:12:14:23 -0300] "POST /cormun/servlet/prfichaempleado?35a5a300eb430605080711524fcb2cfd,,MD,,gxPopupLevel%3D0%3B,gx-no-cache=1456931694004 HTTP/1.1" 200 5112
200.30.209.241 - - [02/Mar/2016:12:14:24 -0300] "POST /cormun/servlet/prfichaempleado?35a5a300eb430605080711524fcb2cfd,,MD,,gxPopupLevel%3D0%3B,gx-no-cache=1456931694686 HTTP/1.1" 200 5083
200.30.209.241 - - [02/Mar/2016:12:14:25 -0300] "POST /cormun/servlet/prfichaempleado?35a5a300eb430605080711524fcb2cfd,,MD,,gxPopupLevel%3D0%3B,gx-no-cache=1456931695180 HTTP/1.1" 200 5054
200.30.209.241 - - [02/Mar/2016:12:14:25 -0300] "POST /cormun/servlet/prfichaempleado?35a5a300eb430605080711524fcb2cfd,,MD,,gxPopupLevel%3D0%3B,gx-no-cache=1456931695700 HTTP/1.1" 200 5125
200.30.209.241 - - [02/Mar/2016:12:14:26 -0300] "POST /cormun/servlet/prfichaempleado?35a5a300eb430605080711524fcb2cfd,,MD,,gxPopupLevel%3D0%3B,gx-no-cache=1456931696157 HTTP/1.1" 200 5084
200.30.209.241 - - [02/Mar/2016:12:14:26 -0300] "POST /cormun/servlet/prfichaempleado?35a5a300eb430605080711524fcb2cfd,,MD,,gxPopupLevel%3D0%3B,gx-no-cache=1456931696630 HTTP/1.1" 200 5041
200.30.209.241 - - [02/Mar/2016:12:14:27 -0300] "POST /cormun/servlet/prfichaempleado?35a5a300eb430605080711524fcb2cfd,,MD,,gxPopupLevel%3D0%3B,gx-no-cache=1456931697109 HTTP/1.1" 200 5089
200.30.209.241 - - [02/Mar/2016:12:14:27 -0300] "POST /cormun/servlet/prfichaempleado?35a5a300eb430605080711524fcb2cfd,,MD,,gxPopupLevel%3D0%3B,gx-no-cache=1456931697600 HTTP/1.1" 200 5112
200.30.209.241 - - [02/Mar/2016:12:14:27 -0300] "POST /cormun/servlet/prfichaempleado?35a5a300eb430605080711524fcb2cfd,,MD,,gxPopupLevel%3D0%3B,gx-no-cache=1456931698086 HTTP/1.1" 200 5064
200.30.209.241 - - [02/Mar/2016:12:14:28 -0300] "POST /cormun/servlet/prfichaempleado?35a5a300eb430605080711524fcb2cfd,,MD,,gxPopupLevel%3D0%3B,gx-no-cache=1456931698562 HTTP/1.1" 200 5047
200.30.209.241 - - [02/Mar/2016:12:14:28 -0300] "POST /cormun/servlet/prfichaempleado?35a5a300eb430605080711524fcb2cfd,,MD,,gxPopupLevel%3D0%3B,gx-no-cache=1456931699080 HTTP/1.1" 200 5085
200.30.209.241 - - [02/Mar/2016:12:14:29 -0300] "POST /cormun/servlet/prfichaempleado?35a5a300eb430605080711524fcb2cfd,,MD,,gxPopupLevel%3D0%3B,gx-no-cache=1456931699701 HTTP/1.1" 200 5102
200.30.209.241 - - [02/Mar/2016:12:14:30 -0300] "POST /cormun/servlet/prfichaempleado?35a5a300eb430605080711524fcb2cfd,,MD,,gxPopupLevel%3D0%3B,gx-no-cache=1456931700270 HTTP/1.1" 200 5171
200.30.209.241 - - [02/Mar/2016:12:14:30 -0300] "POST /cormun/servlet/prfichaempleado?35a5a300eb430605080711524fcb2cfd,,MD,,gxPopupLevel%3D0%3B,gx-no-cache=1456931700957 HTTP/1.1" 200 5124
200.30.209.241 - - [02/Mar/2016:12:14:31 -0300] "POST /cormun/servlet/prfichaempleado?35a5a300eb430605080711524fcb2cfd,,MD,,gxPopupLevel%3D0%3B,gx-no-cache=1456931701496 HTTP/1.1" 200 5051
200.30.209.241 - - [02/Mar/2016:12:14:31 -0300] "POST /cormun/servlet/prfichaempleado?35a5a300eb430605080711524fcb2cfd,,MD,,gxPopupLevel%3D0%3B,gx-no-cache=1456931702057 HTTP/1.1" 200 5049
200.30.209.241 - - [02/Mar/2016:12:14:32 -0300] "POST /cormun/servlet/prfichaempleado?35a5a300eb430605080711524fcb2cfd,,MD,,gxPopupLevel%3D0%3B,gx-no-cache=1456931702672 HTTP/1.1" 200 5127
200.30.209.241 - - [02/Mar/2016:12:14:33 -0300] "POST /cormun/servlet/prfichaempleado?35a5a300eb430605080711524fcb2cfd,,MD,,gxPopupLevel%3D0%3B,gx-no-cache=1456931703217 HTTP/1.1" 200 5117
200.30.209.241 - - [02/Mar/2016:12:14:33 -0300] "POST /cormun/servlet/prfichaempleado?35a5a300eb430605080711524fcb2cfd,,MD,,gxPopupLevel%3D0%3B,gx-no-cache=1456931703871 HTTP/1.1" 200 5114
200.30.209.241 - - [02/Mar/2016:12:14:34 -0300] "POST /cormun/servlet/prfichaempleado?35a5a300eb430605080711524fcb2cfd,,MD,,gxPopupLevel%3D0%3B,gx-no-cache=1456931704499 HTTP/1.1" 200 5046
200.30.209.241 - - [02/Mar/2016:12:14:35 -0300] "POST /cormun/servlet/prfichaempleado?35a5a300eb430605080711524fcb2cfd,,MD,,gxPopupLevel%3D0%3B,gx-no-cache=1456931705137 HTTP/1.1" 200 5070
200.30.209.241 - - [02/Mar/2016:12:14:35 -0300] "POST /cormun/servlet/prfichaempleado?35a5a300eb430605080711524fcb2cfd,,MD,,gxPopupLevel%3D0%3B,gx-no-cache=1456931705733 HTTP/1.1" 200 5009
200.30.209.241 - - [02/Mar/2016:12:14:36 -0300] "POST /cormun/servlet/prfichaempleado?35a5a300eb430605080711524fcb2cfd,,MD,,gxPopupLevel%3D0%3B,gx-no-cache=1456931706400 HTTP/1.1" 200 5093
200.30.209.241 - - [02/Mar/2016:12:14:36 -0300] "POST /cormun/servlet/prfichaempleado?35a5a300eb430605080711524fcb2cfd,,MD,,gxPopupLevel%3D0%3B,gx-no-cache=1456931706975 HTTP/1.1" 200 5059
200.30.209.241 - - [02/Mar/2016:12:14:37 -0300] "POST /cormun/servlet/prfichaempleado?35a5a300eb430605080711524fcb2cfd,,MD,,gxPopupLevel%3D0%3B,gx-no-cache=1456931707581 HTTP/1.1" 200 5080
200.30.209.241 - - [02/Mar/2016:12:14:38 -0300] "POST /cormun/servlet/prfichaempleado?35a5a300eb430605080711524fcb2cfd,,MD,,gxPopupLevel%3D0%3B,gx-no-cache=1456931708457 HTTP/1.1" 200 5082
200.30.209.241 - - [02/Mar/2016:12:14:38 -0300] "POST /cormun/servlet/prfichaempleado?35a5a300eb430605080711524fcb2cfd,,MD,,gxPopupLevel%3D0%3B,gx-no-cache=1456931709098 HTTP/1.1" 200 5162
191.112.87.159 - - [02/Mar/2016:12:14:39 -0300] "GET /cormun/servlet/trsolicitudot? HTTP/1.1" 200 7405
200.30.209.241 - - [02/Mar/2016:12:14:39 -0300] "POST /cormun/servlet/prfichaempleado?35a5a300eb430605080711524fcb2cfd,,MD,,gxPopupLevel%3D0%3B,gx-no-cache=1456931709734 HTTP/1.1" 200 5113
200.30.209.241 - - [02/Mar/2016:12:14:40 -0300] "POST /cormun/servlet/prfichaempleado?35a5a300eb430605080711524fcb2cfd,,MD,,gxPopupLevel%3D0%3B,gx-no-cache=1456931710460 HTTP/1.1" 200 5034
200.30.209.241 - - [02/Mar/2016:12:14:41 -0300] "POST /cormun/servlet/prfichaempleado?35a5a300eb430605080711524fcb2cfd,,MD,,gxPopupLevel%3D0%3B,gx-no-cache=1456931711116 HTTP/1.1" 200 5033
200.30.209.241 - - [02/Mar/2016:12:14:41 -0300] "POST /cormun/servlet/prfichaempleado?35a5a300eb430605080711524fcb2cfd,,MD,,gxPopupLevel%3D0%3B,gx-no-cache=1456931711812 HTTP/1.1" 200 5113
200.30.209.241 - - [02/Mar/2016:12:14:42 -0300] "POST /cormun/servlet/prfichaempleado?35a5a300eb430605080711524fcb2cfd,,MD,,gxPopupLevel%3D0%3B,gx-no-cache=1456931712477 HTTP/1.1" 200 5044
200.30.209.241 - - [02/Mar/2016:12:14:43 -0300] "POST /cormun/servlet/prfichaempleado?35a5a300eb430605080711524fcb2cfd,,MD,,gxPopupLevel%3D0%3B,gx-no-cache=1456931713232 HTTP/1.1" 200 5094
200.30.209.241 - - [02/Mar/2016:12:14:43 -0300] "POST /cormun/servlet/prfichaempleado?35a5a300eb430605080711524fcb2cfd,,MD,,gxPopupLevel%3D0%3B,gx-no-cache=1456931713908 HTTP/1.1" 200 5122
200.30.209.241 - - [02/Mar/2016:12:14:44 -0300] "POST /cormun/servlet/prfichaempleado?35a5a300eb430605080711524fcb2cfd,,MD,,gxPopupLevel%3D0%3B,gx-no-cache=1456931714629 HTTP/1.1" 200 5081
200.30.209.241 - - [02/Mar/2016:12:14:45 -0300] "POST /cormun/servlet/prfichaempleado?35a5a300eb430605080711524fcb2cfd,,MD,,gxPopupLevel%3D0%3B,gx-no-cache=1456931715340 HTTP/1.1" 200 5088
200.30.209.241 - - [02/Mar/2016:12:14:45 -0300] "POST /cormun/servlet/prfichaempleado?35a5a300eb430605080711524fcb2cfd,,MD,,gxPopupLevel%3D0%3B,gx-no-cache=1456931716065 HTTP/1.1" 200 5080
200.30.209.241 - - [02/Mar/2016:12:14:46 -0300] "POST /cormun/servlet/prfichaempleado?35a5a300eb430605080711524fcb2cfd,,MD,,gxPopupLevel%3D0%3B,gx-no-cache=1456931716816 HTTP/1.1" 200 5063
200.30.209.241 - - [02/Mar/2016:12:14:47 -0300] "POST /cormun/servlet/prfichaempleado?35a5a300eb430605080711524fcb2cfd,,MD,,gxPopupLevel%3D0%3B,gx-no-cache=1456931717906 HTTP/1.1" 200 5100
200.30.209.241 - - [02/Mar/2016:12:14:49 -0300] "POST /cormun/servlet/prfichaempleado?35a5a300eb430605080711524fcb2cfd,,MD,,gxPopupLevel%3D0%3B,gx-no-cache=1456931719341 HTTP/1.1" 200 5093
200.30.209.241 - - [02/Mar/2016:12:14:50 -0300] "POST /cormun/servlet/prfichaempleado?35a5a300eb430605080711524fcb2cfd,,MD,,gxPopupLevel%3D0%3B,gx-no-cache=1456931720822 HTTP/1.1" 200 5134
200.30.209.241 - - [02/Mar/2016:12:14:52 -0300] "POST /cormun/servlet/prfichaempleado?35a5a300eb430605080711524fcb2cfd,,MD,,gxPopupLevel%3D0%3B,gx-no-cache=1456931722108 HTTP/1.1" 200 5102
186.103.157.246 - - [02/Mar/2016:12:14:52 -0300] "GET /cormun/servlet/solicitudot?0f3d567439e73de225fea6ae2d44c3f1fb4e66a72b4a0c7faeee8b238e4f7d02b7e8c9b5297e74afa53340b4c829577d4ec22eee489749f9e70e67f4a102dd50625b8db2ff453bb20327637e7b75f76c7bb2a3f69405f82e3385008c2a9799b24b03596b5b8fc27b39ee05bef4e3ad275e0e859946d08dbdc3a7c4c0887a58833b74d8340317ad85438bde2c2938ee246175498d91a4eafb3330e95142f05c5a55535e346240c98d8500b49ceac7c3f1,gx-no-cache=1456931723467 HTTP/1.1" 200 30
200.30.209.241 - - [02/Mar/2016:12:14:52 -0300] "POST /cormun/servlet/prfichaempleado?35a5a300eb430605080711524fcb2cfd,,MD,,gxPopupLevel%3D0%3B,gx-no-cache=1456931722940 HTTP/1.1" 200 5053
200.30.209.241 - - [02/Mar/2016:12:14:53 -0300] "POST /cormun/servlet/prfichaempleado?35a5a300eb430605080711524fcb2cfd,,MD,,gxPopupLevel%3D0%3B,gx-no-cache=1456931723753 HTTP/1.1" 200 5082
191.112.87.159 - - [02/Mar/2016:12:14:54 -0300] "POST /cormun/servlet/trsolicitudot?e12f3e2649a031774ae4d357c01eca8e,,gx-no-cache=1456931739687 HTTP/1.1" 200 4869
200.30.209.241 - - [02/Mar/2016:12:14:54 -0300] "POST /cormun/servlet/prfichaempleado?35a5a300eb430605080711524fcb2cfd,,MD,,gxPopupLevel%3D0%3B,gx-no-cache=1456931724566 HTTP/1.1" 200 5089
200.30.209.241 - - [02/Mar/2016:12:14:55 -0300] "POST /cormun/servlet/prfichaempleado?35a5a300eb430605080711524fcb2cfd,,MD,,gxPopupLevel%3D0%3B,gx-no-cache=1456931725361 HTTP/1.1" 200 5113
200.30.209.241 - - [02/Mar/2016:12:14:56 -0300] "POST /cormun/servlet/prfichaempleado?35a5a300eb430605080711524fcb2cfd,,MD,,gxPopupLevel%3D0%3B,gx-no-cache=1456931726159 HTTP/1.1" 200 5113
191.112.87.159 - - [02/Mar/2016:12:14:56 -0300] "POST /cormun/servlet/trsolicitudot?e12f3e2649a031774ae4d357c01eca8e,,gx-no-cache=1456931741796 HTTP/1.1" 200 4869
200.30.209.241 - - [02/Mar/2016:12:14:56 -0300] "POST /cormun/servlet/prfichaempleado?35a5a300eb430605080711524fcb2cfd,,MD,,gxPopupLevel%3D0%3B,gx-no-cache=1456931726991 HTTP/1.1" 200 5130
200.30.209.241 - - [02/Mar/2016:12:14:57 -0300] "POST /cormun/servlet/prfichaempleado?35a5a300eb430605080711524fcb2cfd,,MD,,gxPopupLevel%3D0%3B,gx-no-cache=1456931727826 HTTP/1.1" 200 5108
200.30.209.241 - - [02/Mar/2016:12:14:58 -0300] "POST /cormun/servlet/prfichaempleado?35a5a300eb430605080711524fcb2cfd,,MD,,gxPopupLevel%3D0%3B,gx-no-cache=1456931728642 HTTP/1.1" 200 5101
191.112.87.159 - - [02/Mar/2016:12:14:58 -0300] "POST /cormun/servlet/trsolicitudot?e12f3e2649a031774ae4d357c01eca8e,,gx-no-cache=1456931743812 HTTP/1.1" 200 4868
200.30.209.241 - - [02/Mar/2016:12:14:59 -0300] "POST /cormun/servlet/prfichaempleado?35a5a300eb430605080711524fcb2cfd,,MD,,gxPopupLevel%3D0%3B,gx-no-cache=1456931729832 HTTP/1.1" 200 5170
191.112.87.159 - - [02/Mar/2016:12:15:00 -0300] "POST /cormun/servlet/trsolicitudot?e12f3e2649a031774ae4d357c01eca8e,,gx-no-cache=1456931745968 HTTP/1.1" 200 4869
200.30.209.241 - - [02/Mar/2016:12:15:00 -0300] "POST /cormun/servlet/prfichaempleado?35a5a300eb430605080711524fcb2cfd,,MD,,gxPopupLevel%3D0%3B,gx-no-cache=1456931730725 HTTP/1.1" 200 5067
200.30.209.241 - - [02/Mar/2016:12:15:01 -0300] "POST /cormun/servlet/prfichaempleado?35a5a300eb430605080711524fcb2cfd,,MD,,gxPopupLevel%3D0%3B,gx-no-cache=1456931731579 HTTP/1.1" 200 5091
200.30.209.241 - - [02/Mar/2016:12:15:02 -0300] "POST /cormun/servlet/prfichaempleado?35a5a300eb430605080711524fcb2cfd,,MD,,gxPopupLevel%3D0%3B,gx-no-cache=1456931732458 HTTP/1.1" 200 5092
200.30.209.241 - - [02/Mar/2016:12:15:03 -0300] "POST /cormun/servlet/prfichaempleado?35a5a300eb430605080711524fcb2cfd,,MD,,gxPopupLevel%3D0%3B,gx-no-cache=1456931733351 HTTP/1.1" 200 5089
191.112.87.159 - - [02/Mar/2016:12:15:05 -0300] "POST /cormun/servlet/trsolicitudot?e12f3e2649a031774ae4d357c01eca8e,,gx-no-cache=1456931750562 HTTP/1.1" 200 4868
191.112.87.159 - - [02/Mar/2016:12:15:06 -0300] "POST /cormun/servlet/trsolicitudot?e12f3e2649a031774ae4d357c01eca8e,,gx-no-cache=1456931752796 HTTP/1.1" 200 4869
200.30.209.241 - - [02/Mar/2016:12:15:06 -0300] "POST /cormun/servlet/prfichaempleado?35a5a300eb430605080711524fcb2cfd,,MD,,gxPopupLevel%3D0%3B,gx-no-cache=1456931736659 HTTP/1.1" 200 5145
191.112.87.159 - - [02/Mar/2016:12:15:07 -0300] "POST /cormun/servlet/trsolicitudot?e12f3e2649a031774ae4d357c01eca8e,,gx-no-cache=1456931753687 HTTP/1.1" 200 4869
200.30.209.241 - - [02/Mar/2016:12:15:07 -0300] "POST /cormun/servlet/prfichaempleado?35a5a300eb430605080711524fcb2cfd,,MD,,gxPopupLevel%3D0%3B,gx-no-cache=1456931737556 HTTP/1.1" 200 5075
200.30.209.241 - - [02/Mar/2016:12:15:08 -0300] "POST /cormun/servlet/prfichaempleado?35a5a300eb430605080711524fcb2cfd,,MD,,gxPopupLevel%3D0%3B,gx-no-cache=1456931738825 HTTP/1.1" 200 5054
191.112.87.159 - - [02/Mar/2016:12:15:08 -0300] "POST /cormun/servlet/trsolicitudot?e12f3e2649a031774ae4d357c01eca8e,,gx-no-cache=1456931754562 HTTP/1.1" 200 3605
191.112.87.159 - - [02/Mar/2016:12:15:09 -0300] "GET /cormun/static/Shared/jqueryui/images/ui-bg_highlight-soft_100_c6c2c8_1x100.png HTTP/1.1" 404 1117
191.112.87.159 - - [02/Mar/2016:12:15:09 -0300] "GET /cormun/static/Shared/jqueryui/images/ui-icons_82798d_256x240.png HTTP/1.1" 404 1089
191.112.87.159 - - [02/Mar/2016:12:15:09 -0300] "GET /cormun/static/Shared/jqueryui/images/ui-bg_flat_55_fafafa_40x100.png HTTP/1.1" 404 1097
191.112.87.159 - - [02/Mar/2016:12:15:09 -0300] "GET /cormun/static/Shared/jqueryui/images/ui-icons_8d78a5_256x240.png HTTP/1.1" 404 1089
191.112.87.159 - - [02/Mar/2016:12:15:09 -0300] "POST /cormun/servlet/trsolicitudot?e12f3e2649a031774ae4d357c01eca8e,,gx-no-cache=1456931756250 HTTP/1.1" 200 3453
200.30.209.241 - - [02/Mar/2016:12:15:09 -0300] "POST /cormun/servlet/prfichaempleado?35a5a300eb430605080711524fcb2cfd,,MD,,gxPopupLevel%3D0%3B,gx-no-cache=1456931739778 HTTP/1.1" 200 5093
200.30.209.241 - - [02/Mar/2016:12:15:10 -0300] "POST /cormun/servlet/prfichaempleado?35a5a300eb430605080711524fcb2cfd,,MD,,gxPopupLevel%3D0%3B,gx-no-cache=1456931740755 HTTP/1.1" 200 5101
200.30.209.241 - - [02/Mar/2016:12:15:11 -0300] "POST /cormun/servlet/prfichaempleado?35a5a300eb430605080711524fcb2cfd,,MD,,gxPopupLevel%3D0%3B,gx-no-cache=1456931741669 HTTP/1.1" 200 5077
