200.30.209.241 - - [02/Mar/2016:12:15:12 -0300] "POST /cormun/servlet/prfichaempleado?35a5a300eb430605080711524fcb2cfd,,MD,,gxPopupLevel%3D0%3B,gx-no-cache=1456931742628 HTTP/1.1" 200 5097
200.30.209.241 - - [02/Mar/2016:12:15:13 -0300] "POST /cormun/servlet/prfichaempleado?35a5a300eb430605080711524fcb2cfd,,MD,,gxPopupLevel%3D0%3B,gx-no-cache=1456931743602 HTTP/1.1" 200 5079
200.30.209.241 - - [02/Mar/2016:12:15:15 -0300] "POST /cormun/servlet/prfichaempleado?35a5a300eb430605080711524fcb2cfd,,MD,,gxPopupLevel%3D0%3B,gx-no-cache=1456931745394 HTTP/1.1" 200 5096
200.30.209.241 - - [02/Mar/2016:12:15:16 -0300] "POST /cormun/servlet/prfichaempleado?35a5a300eb430605080711524fcb2cfd,,MD,,gxPopupLevel%3D0%3B,gx-no-cache=1456931746353 HTTP/1.1" 200 5093
200.30.209.241 - - [02/Mar/2016:12:15:17 -0300] "POST /cormun/servlet/prfichaempleado?35a5a300eb430605080711524fcb2cfd,,MD,,gxPopupLevel%3D0%3B,gx-no-cache=1456931747331 HTTP/1.1" 200 5052
200.30.209.241 - - [02/Mar/2016:12:15:18 -0300] "POST /cormun/servlet/prfichaempleado?35a5a300eb430605080711524fcb2cfd,,MD,,gxPopupLevel%3D0%3B,gx-no-cache=1456931748326 HTTP/1.1" 200 5072
200.30.209.241 - - [02/Mar/2016:12:15:19 -0300] "POST /cormun/servlet/prfichaempleado?35a5a300eb430605080711524fcb2cfd,,MD,,gxPopupLevel%3D0%3B,gx-no-cache=1456931749317 HTTP/1.1" 200 5099
200.30.209.241 - - [02/Mar/2016:12:15:20 -0300] "POST /cormun/servlet/prfichaempleado?35a5a300eb430605080711524fcb2cfd,,MD,,gxPopupLevel%3D0%3B,gx-no-cache=1456931750820 HTTP/1.1" 200 5104
192.168.10.89 - - [02/Mar/2016:12:15:21 -0300] "GET /cormun/servlet/solicitudot?INS,0,0, HTTP/1.1" 200 11427
200.30.209.241 - - [02/Mar/2016:12:15:21 -0300] "POST /cormun/servlet/prfichaempleado?35a5a300eb430605080711524fcb2cfd,,MD,,gxPopupLevel%3D0%3B,gx-no-cache=1456931751829 HTTP/1.1" 200 5050
200.30.209.241 - - [02/Mar/2016:12:15:26 -0300] "POST /cormun/servlet/prfichaempleado?35a5a300eb430605080711524fcb2cfd,,MD,,gxPopupLevel%3D0%3B,gx-no-cache=1456931756952 HTTP/1.1" 200 5099
192.168.10.89 - - [02/Mar/2016:12:15:27 -0300] "POST /cormun/servlet/solicitudot?584929d0c8b6ad997db4c1ab0973b8db,INS,0,0,,gx-no-cache=1456931480102 HTTP/1.1" 200 90
192.168.10.89 - - [02/Mar/2016:12:15:27 -0300] "GET /cormun/servlet/hpexe_link HTTP/1.1" 200 954
192.168.10.89 - - [02/Mar/2016:12:15:27 -0300] "GET /cormun/servlet/trsolicitudot HTTP/1.1" 200 6188
200.30.209.241 - - [02/Mar/2016:12:15:27 -0300] "POST /cormun/servlet/prfichaempleado?35a5a300eb430605080711524fcb2cfd,,MD,,gxPopupLevel%3D0%3B,gx-no-cache=1456931757994 HTTP/1.1" 200 5067
200.30.209.241 - - [02/Mar/2016:12:15:36 -0300] "POST /cormun/servlet/prfichaempleado?35a5a300eb430605080711524fcb2cfd,,MD,,gxPopupLevel%3D0%3B,gx-no-cache=1456931766137 HTTP/1.1" 200 5099
192.168.10.89 - - [02/Mar/2016:12:15:48 -0300] "GET /cormun/servlet/solicitudot?INS,0,0, HTTP/1.1" 200 11427
191.112.91.68 - - [02/Mar/2016:12:15:49 -0300] "GET /cormun/servlet/solicitudot?cc3825a6bcde85380411dea6bcbbd66bdf9326766d4ac9ed74599f6c08a5adf5abd0f2c32d8c98159b734dccd5e4282b,gx-no-cache=1456931776536 HTTP/1.1" 200 30
191.112.91.68 - - [02/Mar/2016:12:15:50 -0300] "POST /cormun/servlet/solicitudot?gx-no-cache=1456931776886 HTTP/1.1" 200 30
191.112.91.68 - - [02/Mar/2016:12:15:50 -0300] "POST /cormun/servlet/solicitudot?gx-no-cache=1456931776990 HTTP/1.1" 200 33
191.112.91.68 - - [02/Mar/2016:12:15:50 -0300] "POST /cormun/servlet/solicitudot?gx-no-cache=1456931777130 HTTP/1.1" 200 1157
191.112.91.68 - - [02/Mar/2016:12:15:50 -0300] "GET /cormun/servlet/solicitudot?cc3825a6bcde85380411dea6bcbbd66ba0a809f03ac0b9d6bc2e3d70b255fe0cb0bae8301897d9b933dd5b9206823050198eecfdca69b45be528acc78ad6e80d7bdbf44e47b4ce658084a7861ddd45f69f85ba9ba4b6182c55af139d39c11ef4d33dfa3f3a60f288984d0adad09a105e03edcacd1835ccf5d17ffeadc25cea738b4e9a1a0092b0319b4df72fd044e5cf,gx-no-cache=1456931777320 HTTP/1.1" 200 38
200.30.209.241 - - [02/Mar/2016:12:15:51 -0300] "GET /cormun/servlet/prlicenciaspermisos?13946144,L,,MD,,gxPopupLevel%3D0%3B HTTP/1.1" 200 5990
192.168.10.89 - - [02/Mar/2016:12:15:52 -0300] "GET /cormun/servlet/prfichaempleado?,MD,,gxPopupLevel%3D0%3B HTTP/1.1" 200 7892
200.30.209.241 - - [02/Mar/2016:12:15:56 -0300] "POST /cormun/servlet/solicitudot?gx-no-cache=1456931787136 HTTP/1.1" 200 1156
192.168.10.89 - - [02/Mar/2016:12:15:57 -0300] "GET /cormun/servlet/prfichaempleado?aafe5dfe7381f74ed456f9343c58d9851f598638c10e4fc45f3c3203117931df00b2402c0ae4a44ba0e2965d55156e1324b2aaaaca37c7e5659e0c010c275ea7e8eab861ef5ba73719e3df20280890f0,gx-no-cache=1456931510335 HTTP/1.1" 200 468
186.103.157.246 - - [02/Mar/2016:12:15:57 -0300] "POST /cormun/servlet/solicitudot?5dde72f24db47df7606f50bbec570d2c,INS,0,0,,gx-no-cache=1456931788044 HTTP/1.1" 200 93
186.103.157.246 - - [02/Mar/2016:12:15:57 -0300] "GET /cormun/servlet/hpexe_return? HTTP/1.1" 200 1016
186.103.157.246 - - [02/Mar/2016:12:15:58 -0300] "GET /cormun/servlet/trsolicitudot?gx-no-cache=1456931459025 HTTP/1.1" 200 8243
200.30.209.241 - - [02/Mar/2016:12:16:00 -0300] "GET /cormun/servlet/solicitudot?f4e499fc06ce276d74c0ddbc347234b1f662041c669c4fdc3fa34a1f778c6078beaa17e8b70ad39d189deaf847afc4d3f9701b77907eaf4ef7a481f6f96aea97be9ca645a50fd380ccf6ee468d771b72ee0917d83c6b4222b6dffd9eb669147b228263f2941a2cbbb95246ae3b392057b7c7413669a8456638e69de042cba31da52f8d4e343d0ede342bcd0c88be9d934c74dec40e03075384dd20d83c635375,gx-no-cache=1456931791014 HTTP/1.1" 200 38
192.168.10.89 - - [02/Mar/2016:12:16:00 -0300] "GET /cormun/servlet/prfichaempleado?aafe5dfe7381f74ed456f9343c58d9851f598638c10e4fc45f3c3203117931df8b0cb00a01b710f0d1b414853fe5ccfd88b92ed972ab01fce332b54fbc58b5265b6d55e58d545a2e5192497b7b4be717,gx-no-cache=1456931513747 HTTP/1.1" 200 476
192.168.10.89 - - [02/Mar/2016:12:16:01 -0300] "POST /cormun/servlet/prfichaempleado?584929d0c8b6ad997db4c1ab0973b8db,,MD,,gxPopupLevel%3D0%3B,gx-no-cache=1456931514629 HTTP/1.1" 200 2870
192.168.10.89 - - [02/Mar/2016:12:16:06 -0300] "POST /cormun/servlet/solicitudot?gx-no-cache=1456931519733 HTTP/1.1" 200 2789
192.168.10.89 - - [02/Mar/2016:12:16:07 -0300] "POST /cormun/servlet/solicitudot?584929d0c8b6ad997db4c1ab0973b8db,INS,0,0,,gx-no-cache=1456931519866 HTTP/1.1" 200 8374
192.168.10.89 - - [02/Mar/2016:12:16:10 -0300] "GET /cormun/servlet/solicitudot?73eea1e89a0a08e905935054d37f98a96ff1c8ff951eb1d94d2d602fa070fe964ee5e031d611f5ca5e1f90ac6a2074a3,gx-no-cache=1456931522914 HTTP/1.1" 200 30
192.168.10.89 - - [02/Mar/2016:12:16:10 -0300] "POST /cormun/servlet/solicitudot?gx-no-cache=1456931522966 HTTP/1.1" 200 30
192.168.10.89 - - [02/Mar/2016:12:16:12 -0300] "POST /cormun/servlet/solicitudot?gx-no-cache=1456931525263 HTTP/1.1" 200 30
200.30.209.241 - - [02/Mar/2016:12:16:14 -0300] "GET /cormun/servlet/solicitudot?f4e499fc06ce276d74c0ddbc347234b13020ba6a23f3175731ef01d8798bfaed04364a054151b8bb907d16598427a9cbd9e0c046a447bbe373bee6e144a7cd244f942390aa3bcd687bae0db1b25c6d4fabc9cc2b9cb1493bf0a6b92335d5f16121e296cc4b88274044336a6bfeb79590902cf2cd6313eb03ee3131f452f22356fad5047276980a6d9981b2274d50302c29e54c13fe71aa1a6a5948af4e532243,gx-no-cache=1456931805161 HTTP/1.1" 200 29
200.30.209.241 - - [02/Mar/2016:12:16:14 -0300] "POST /cormun/servlet/solicitudot?gx-no-cache=1456931805224 HTTP/1.1" 200 1116
200.30.209.241 - - [02/Mar/2016:12:16:14 -0300] "GET /cormun/static/menuarrow.gif HTTP/1.1" 404 1015
192.168.10.89 - - [02/Mar/2016:12:16:15 -0300] "GET /cormun/servlet/prcontratosol?15126684,,,,,MD,,gxPopupLevel%3D0%3B HTTP/1.1" 200 5676
192.168.10.89 - - [02/Mar/2016:12:16:18 -0300] "POST /cormun/servlet/solicitudot?gx-no-cache=1456931531020 HTTP/1.1" 200 1158
192.168.10.89 - - [02/Mar/2016:12:16:18 -0300] "GET /cormun/servlet/solicitudot?73eea1e89a0a08e905935054d37f98a97a75f95efaa7ae6f2d4022abb38e45e2975500dcf8d0e5a42eb4b1b5503f3f8f60fc6e23f4f25d441044d8b656df8d96c9ff947bb8d4bb5d9a5bc1254aad4e3cf7720bc84159e5c3e73de31ee0f61aba7d79aadd85e8e181627624d607c2cc1983a4730fe9552a9673c80dbcdd28be813ed068d7ae33fab6133ede75f424e7e9,gx-no-cache=1456931531136 HTTP/1.1" 200 38
192.168.10.89 - - [02/Mar/2016:12:16:18 -0300] "GET /cormun/servlet/solicitudot?73eea1e89a0a08e905935054d37f98a933572c5fdd34ebdd51deda46440a3afc39d67e28bdb435ea39216d8861ffea4c39c5a51c58a90226b643f7e39eaa3cb07d98c36c26e081ae78223a0d29fad6a68e539fabba5478e22196a149ee439397945ceffd3bd140b2cb75e78dc1d3843b,gx-no-cache=1456931531157 HTTP/1.1" 200 29
192.168.10.89 - - [02/Mar/2016:12:16:18 -0300] "POST /cormun/servlet/solicitudot?gx-no-cache=1456931531178 HTTP/1.1" 200 1115
192.168.10.89 - - [02/Mar/2016:12:16:18 -0300] "GET /cormun/servlet/prsolicitudot?15126684,,,,,MD,,gxPopupLevel%3D0%3B HTTP/1.1" 200 5372
186.103.157.246 - - [02/Mar/2016:12:16:21 -0300] "GET /cormun/servlet/trsolicitudot? HTTP/1.1" 200 8260
192.168.10.89 - - [02/Mar/2016:12:16:21 -0300] "GET /cormun/servlet/prpersonalsolicitud?15126684,,,,,MD,,gxPopupLevel%3D0%3B HTTP/1.1" 200 5694
200.30.209.241 - - [02/Mar/2016:12:16:22 -0300] "GET /cormun/servlet/solicitudot?f4e499fc06ce276d74c0ddbc347234b10b07438be193e33da74a218b38d0be9daf7486ca01dfed582c5f43a007717206d1a5dbc7e02f461b0959fd77bbd5b489ba537e5ea2d96130cf09c4d19198ade3d2c48bcd27e2d91fe5d7eea422980e05cb1b69847b66442b7d2c03fb2fc8ef511fdcd05f2c60026b7ac7f614042f407b28482654756f9ebe724bc5dff99e382388cfea524b84ea4b2e0db21bbd203f5283ef545e3f5c56d36db0213a902e16c57f4f93e015e82c7861930dca7647bcb5,gx-no-cache=1456931813313 HTTP/1.1" 200 30
191.112.91.68 - - [02/Mar/2016:12:16:25 -0300] "GET /cormun/servlet/solicitudot?cc3825a6bcde85380411dea6bcbbd66b0089b5b2b16fac95e3cad0da44173b38f0b1ebc9111bdc2a9695f11852127014ac425c18854d9a92638f03654bd979d0dded389513d88efd392b959716973c655eecc4f8ec20c2830a98b6d9447f095007dba116e6c17ee89df300ee414d6da45743c98a4d0099a5b609e7f607aa420117ed77d577edeb6c03c5d510f7ab82d7769ead2513b5f38d425441ee00d894ecc16c6a0428de4e102e3660f26e220640b6ff44e830aa2c1cfea9b533a11f69f1a074803388ef016fa99674221f1493d5,gx-no-cache=1456931812795 HTTP/1.1" 200 29
191.112.91.68 - - [02/Mar/2016:12:16:26 -0300] "POST /cormun/servlet/solicitudot?gx-no-cache=1456931812950 HTTP/1.1" 200 1116
191.112.91.68 - - [02/Mar/2016:12:16:26 -0300] "GET /cormun/static/menuarrow.gif HTTP/1.1" 404 1015
192.168.10.89 - - [02/Mar/2016:12:16:28 -0300] "GET /cormun/servlet/trsolicitudot HTTP/1.1" 200 6188
186.103.157.246 - - [02/Mar/2016:12:16:39 -0300] "POST /cormun/servlet/trsolicitudot?5dde72f24db47df7606f50bbec570d2c,,gx-no-cache=1456931829793 HTTP/1.1" 200 5714
186.103.157.246 - - [02/Mar/2016:12:16:39 -0300] "POST /cormun/servlet/trsolicitudot?5dde72f24db47df7606f50bbec570d2c,,gx-no-cache=1456931830186 HTTP/1.1" 200 5714
186.103.157.246 - - [02/Mar/2016:12:16:40 -0300] "POST /cormun/servlet/trsolicitudot?5dde72f24db47df7606f50bbec570d2c,,gx-no-cache=1456931830900 HTTP/1.1" 200 5714
186.103.157.246 - - [02/Mar/2016:12:16:40 -0300] "POST /cormun/servlet/trsolicitudot?5dde72f24db47df7606f50bbec570d2c,,gx-no-cache=1456931831322 HTTP/1.1" 200 5715
186.103.157.246 - - [02/Mar/2016:12:16:41 -0300] "POST /cormun/servlet/trsolicitudot?5dde72f24db47df7606f50bbec570d2c,,gx-no-cache=1456931831731 HTTP/1.1" 200 5714
186.103.157.246 - - [02/Mar/2016:12:16:41 -0300] "POST /cormun/servlet/trsolicitudot?5dde72f24db47df7606f50bbec570d2c,,gx-no-cache=1456931832133 HTTP/1.1" 200 5714
186.103.157.246 - - [02/Mar/2016:12:16:41 -0300] "POST /cormun/servlet/trsolicitudot?5dde72f24db47df7606f50bbec570d2c,,gx-no-cache=1456931832543 HTTP/1.1" 200 5714
186.103.157.246 - - [02/Mar/2016:12:16:42 -0300] "POST /cormun/servlet/trsolicitudot?5dde72f24db47df7606f50bbec570d2c,,gx-no-cache=1456931832976 HTTP/1.1" 200 5494
186.103.157.246 - - [02/Mar/2016:12:16:42 -0300] "GET /cormun/static/Shared/jqueryui/images/ui-bg_highlight-soft_100_c6c2c8_1x100.png HTTP/1.1" 404 1117
186.103.157.246 - - [02/Mar/2016:12:16:42 -0300] "GET /cormun/static/Shared/jqueryui/images/ui-icons_82798d_256x240.png HTTP/1.1" 404 1089
186.103.157.246 - - [02/Mar/2016:12:16:42 -0300] "GET /cormun/static/Shared/jqueryui/images/ui-icons_8d78a5_256x240.png HTTP/1.1" 404 1089
186.103.157.246 - - [02/Mar/2016:12:16:42 -0300] "GET /cormun/static/Shared/jqueryui/images/ui-bg_flat_55_fafafa_40x100.png HTTP/1.1" 404 1097
186.103.157.246 - - [02/Mar/2016:12:16:42 -0300] "POST /cormun/servlet/trsolicitudot?5dde72f24db47df7606f50bbec570d2c,,gx-no-cache=1456931833514 HTTP/1.1" 200 5434
186.103.157.246 - - [02/Mar/2016:12:16:46 -0300] "POST /cormun/servlet/trsolicitudot?5dde72f24db47df7606f50bbec570d2c,,gx-no-cache=1456931837611 HTTP/1.1" 200 5221
186.103.157.246 - - [02/Mar/2016:12:16:47 -0300] "POST /cormun/servlet/trsolicitudot?5dde72f24db47df7606f50bbec570d2c,,gx-no-cache=1456931838095 HTTP/1.1" 200 5165
191.112.91.68 - - [02/Mar/2016:12:16:48 -0300] "GET /cormun/servlet/solicitudot?cc3825a6bcde85380411dea6bcbbd66bea38cbc8274caaed883fd7dbee333cbcb599fd4c4568e62aa403d742ff078803281abc85656edacb81faf63dcb94254864ad71d17717ba4563c45a84ebc80c0179484842739f8f9bb6735bbb3940e9c696a76f7f5424c77728996ad5cf6c84893131d24e7938e3e2e27a4d38aafff45b970d61283d3cbf88d375ff32f77ac9a967265e9af3e63a90fe86705949f05492b4c5a4e3fb0af6f9d94a8448e8b6cb12,gx-no-cache=1456931835650 HTTP/1.1" 200 30
186.103.157.246 - - [02/Mar/2016:12:16:49 -0300] "POST /cormun/servlet/trsolicitudot?5dde72f24db47df7606f50bbec570d2c,,gx-no-cache=1456931840460 HTTP/1.1" 200 4914
186.103.157.246 - - [02/Mar/2016:12:16:50 -0300] "POST /cormun/servlet/trsolicitudot?5dde72f24db47df7606f50bbec570d2c,,gx-no-cache=1456931840985 HTTP/1.1" 200 4858
192.168.10.89 - - [02/Mar/2016:12:16:53 -0300] "GET /cormun/servlet/hlogin HTTP/1.1" 200 1724
186.103.157.246 - - [02/Mar/2016:12:16:55 -0300] "POST /cormun/servlet/trsolicitudot?5dde72f24db47df7606f50bbec570d2c,,gx-no-cache=1456931846087 HTTP/1.1" 200 3579
186.103.157.246 - - [02/Mar/2016:12:16:56 -0300] "POST /cormun/servlet/trsolicitudot?5dde72f24db47df7606f50bbec570d2c,,gx-no-cache=1456931846885 HTTP/1.1" 200 3437
191.112.91.68 - - [02/Mar/2016:12:18:30 -0300] "POST /cormun/servlet/solicitudot?0c0ee8f3b383daf4648f2d40d97b65a9,INS,0,0,,gx-no-cache=1456931937038 HTTP/1.1" 200 93
191.112.91.68 - - [02/Mar/2016:12:18:30 -0300] "GET /cormun/servlet/hpexe_return? HTTP/1.1" 200 1029
191.112.91.68 - - [02/Mar/2016:12:18:31 -0300] "GET /cormun/servlet/trsolicitudot?gx-no-cache=1456931326147 HTTP/1.1" 200 7504
191.112.91.68 - - [02/Mar/2016:12:18:34 -0300] "GET /cormun/servlet/trsolicitudot?gx-no-cache=1456931326147 HTTP/1.1" 200 7522
191.112.91.68 - - [02/Mar/2016:12:18:44 -0300] "GET /cormun/servlet/vesolicitudot?2016,368,, HTTP/1.1" 200 7590
191.112.91.68 - - [02/Mar/2016:12:18:44 -0300] "GET /cormun/pexe_scrolldiv.js HTTP/1.1" 404 1009
191.112.91.68 - - [02/Mar/2016:12:18:47 -0300] "GET /cormun/servlet/vesolicitudot?2016,368,, HTTP/1.1" 200 7569
191.112.87.159 - - [02/Mar/2016:12:18:51 -0300] "POST /cormun/servlet/trautorizarsolicitud?67bf934034d96584b21130ff03dba25f,gx-no-cache=1456935557147 HTTP/1.1" 200 3459
191.112.87.159 - - [02/Mar/2016:12:18:51 -0300] "POST /cormun/servlet/trautorizarsolicitud?67bf934034d96584b21130ff03dba25f,gx-no-cache=1456935557699 HTTP/1.1" 200 3459
191.112.87.159 - - [02/Mar/2016:12:18:51 -0300] "POST /cormun/servlet/trautorizarsolicitud?67bf934034d96584b21130ff03dba25f,gx-no-cache=1456935558097 HTTP/1.1" 200 3459
191.112.87.159 - - [02/Mar/2016:12:18:52 -0300] "POST /cormun/servlet/trautorizarsolicitud?67bf934034d96584b21130ff03dba25f,gx-no-cache=1456935558473 HTTP/1.1" 200 3459
191.112.91.68 - - [02/Mar/2016:12:18:52 -0300] "POST /cormun/servlet/vesolicitudot?0c0ee8f3b383daf4648f2d40d97b65a9,2016,368,,,gx-no-cache=1456931958906 HTTP/1.1" 200 93
191.112.91.68 - - [02/Mar/2016:12:18:52 -0300] "GET /cormun/servlet/hpexe_return? HTTP/1.1" 200 1032
191.112.87.159 - - [02/Mar/2016:12:18:52 -0300] "POST /cormun/servlet/trautorizarsolicitud?67bf934034d96584b21130ff03dba25f,gx-no-cache=1456935558861 HTTP/1.1" 200 3459
191.112.87.159 - - [02/Mar/2016:12:18:53 -0300] "POST /cormun/servlet/trautorizarsolicitud?67bf934034d96584b21130ff03dba25f,gx-no-cache=1456935559269 HTTP/1.1" 200 3459
191.112.91.68 - - [02/Mar/2016:12:18:53 -0300] "GET /cormun/servlet/trsolicitudot?gx-no-cache=1456931326147 HTTP/1.1" 200 7504
191.112.87.159 - - [02/Mar/2016:12:18:53 -0300] "POST /cormun/servlet/trautorizarsolicitud?67bf934034d96584b21130ff03dba25f,gx-no-cache=1456935559748 HTTP/1.1" 200 3459
191.112.91.68 - - [02/Mar/2016:12:18:55 -0300] "GET /cormun/servlet/trsolicitudot?gx-no-cache=1456931326147 HTTP/1.1" 200 7522
200.30.209.241 - - [02/Mar/2016:12:19:06 -0300] "GET /cormun/servlet/solicitudot?f4e499fc06ce276d74c0ddbc347234b10b07438be193e33da74a218b38d0be9daf7486ca01dfed582c5f43a007717206d1a5dbc7e02f461b0959fd77bbd5b489ba537e5ea2d96130cf09c4d19198ade3d2c48bcd27e2d91fe5d7eea422980e05cb1b69847b66442b7d2c03fb2fc8ef511fdcd05f2c60026b7ac7f614042f407b28482654756f9ebe724bc5dff99e382388cfea524b84ea4b2e0db21bbd203f5283ef545e3f5c56d36db0213a902e16c57f4f93e015e82c7861930dca7647bcb5,gx-no-cache=1456931976981 HTTP/1.1" 200 30
200.30.209.241 - - [02/Mar/2016:12:19:07 -0300] "POST /cormun/servlet/solicitudot?35a5a300eb430605080711524fcb2cfd,INS,0,0,,gx-no-cache=1456931977262 HTTP/1.1" 200 93
200.30.209.241 - - [02/Mar/2016:12:19:07 -0300] "GET /cormun/servlet/hpexe_return? HTTP/1.1" 200 1004
200.30.209.241 - - [02/Mar/2016:12:19:07 -0300] "GET /cormun/servlet/trsolicitudot HTTP/1.1" 200 7858
200.30.209.241 - - [02/Mar/2016:12:19:08 -0300] "GET /cormun/servlet/trsolicitudot HTTP/1.1" 200 7854
200.30.209.241 - - [02/Mar/2016:12:19:18 -0300] "POST /cormun/servlet/trsolicitudot?35a5a300eb430605080711524fcb2cfd,gx-no-cache=1456931988918 HTTP/1.1" 200 106
200.30.209.241 - - [02/Mar/2016:12:19:18 -0300] "GET /cormun/servlet/trsolicitudadjuntos?2016,365, HTTP/1.1" 200 5494
200.30.209.241 - - [02/Mar/2016:12:19:18 -0300] "GET /cormun/static/gxcfg.js?2016311731090 HTTP/1.1" 200 953
200.30.209.241 - - [02/Mar/2016:12:19:18 -0300] "GET /cormun/static/trsolicitudadjuntos.js?2016311731342 HTTP/1.1" 200 17275
200.30.209.241 - - [02/Mar/2016:12:19:19 -0300] "GET /cormun/servlet/trsolicitudadjuntos?2016,365, HTTP/1.1" 200 5494
200.30.209.241 - - [02/Mar/2016:12:19:26 -0300] "GET /cormun/servlet/solicitudotadjuntos?INS,2016,365,,1, HTTP/1.1" 200 5573
200.30.209.241 - - [02/Mar/2016:12:19:26 -0300] "GET /cormun/static/gxcfg.js?20163117305946 HTTP/1.1" 200 953
200.30.209.241 - - [02/Mar/2016:12:19:27 -0300] "GET /cormun/static/solicitudotadjuntos.js?20163117305966 HTTP/1.1" 200 11762
200.30.209.241 - - [02/Mar/2016:12:19:27 -0300] "GET /cormun/static/about:blank HTTP/1.1" 404 1011
200.30.209.241 - - [02/Mar/2016:12:19:27 -0300] "GET /cormun/servlet/solicitudotadjuntos?INS,2016,365,,1, HTTP/1.1" 200 5567
200.30.209.241 - - [02/Mar/2016:12:19:27 -0300] "GET /cormun/servlet/solicitudotadjuntos?f4e499fc06ce276d74c0ddbc347234b18eea434b3e95a1cd4cdc348d1469adefb6e38984edbdb693c44706473a77f918,gx-no-cache=1456931998308 HTTP/1.1" 200 30
200.30.209.241 - - [02/Mar/2016:12:19:28 -0300] "POST /cormun/servlet/solicitudotadjuntos?35a5a300eb430605080711524fcb2cfd,INS,2016,365,,1,,gx-no-cache=1456931998379 HTTP/1.1" 200 3382
200.30.209.241 - - [02/Mar/2016:12:19:34 -0300] "POST /cormun/servlet/solicitudotadjuntos?gx-no-cache=1456932004847 HTTP/1.1" 200 26
186.103.159.204 - - [02/Mar/2016:12:20:26 -0300] "GET /cormun/servlet/hlogin HTTP/1.1" 200 1717
186.103.159.204 - - [02/Mar/2016:12:20:26 -0300] "GET /cormun/static/gxtimezone.js?85251 HTTP/1.1" 200 5781
186.103.159.204 - - [02/Mar/2016:12:20:26 -0300] "GET /cormun/static/gxcfg.js?20151120045111 HTTP/1.1" 200 953
186.103.159.204 - - [02/Mar/2016:12:20:26 -0300] "GET /cormun/static/hlogin.js?20151120045126 HTTP/1.1" 200 2136
186.103.159.204 - - [02/Mar/2016:12:20:26 -0300] "GET /cormun/static/messages.spa.js?85251 HTTP/1.1" 200 30736
186.103.159.204 - - [02/Mar/2016:12:20:26 -0300] "GET /cormun/static/Resources/Spanish/PXTools.css?005343 HTTP/1.1" 200 89042
186.103.159.204 - - [02/Mar/2016:12:20:26 -0300] "GET /cormun/static/gxgral.js?85251 HTTP/1.1" 200 384558
186.103.159.204 - - [02/Mar/2016:12:20:26 -0300] "GET /cormun/static/Resources/ComunLogin.png HTTP/1.1" 200 17326
186.103.159.204 - - [02/Mar/2016:12:20:27 -0300] "GET /cormun/static/Resources/PXToolsLoginTop.png HTTP/1.1" 200 1337
186.103.159.204 - - [02/Mar/2016:12:20:27 -0300] "GET /cormun/static/Resources/PXToolsLoginBackground.png HTTP/1.1" 200 1164
186.103.159.204 - - [02/Mar/2016:12:20:27 -0300] "GET /cormun/static/Resources/PXToolsButtonRight21.png HTTP/1.1" 200 1283
186.103.159.204 - - [02/Mar/2016:12:20:27 -0300] "GET /cormun/static/Resources/PXToolsButtonLeft21.png HTTP/1.1" 200 1287
186.103.159.204 - - [02/Mar/2016:12:20:27 -0300] "GET /cormun/static/Resources/PXToolsLoginBottom.png HTTP/1.1" 200 1389
186.103.159.204 - - [02/Mar/2016:12:20:27 -0300] "GET /cormun/static/Resources/PXToolsButtonBackground2.png HTTP/1.1" 200 1181
186.103.159.204 - - [02/Mar/2016:12:20:27 -0300] "GET /cormun/static/Resources/indicator.gif HTTP/1.1" 200 1553
186.103.159.204 - - [02/Mar/2016:12:20:27 -0300] "GET /cormun/servlet/hlogin HTTP/1.1" 200 1728
186.103.159.204 - - [02/Mar/2016:12:20:27 -0300] "GET /favicon.ico HTTP/1.1" 200 21630
192.168.10.89 - - [02/Mar/2016:12:20:38 -0300] "POST /cormun/servlet/hlogin?584929d0c8b6ad997db4c1ab0973b8db,gx-no-cache=1456931790989 HTTP/1.1" 200 90
192.168.10.89 - - [02/Mar/2016:12:20:38 -0300] "GET /cormun/servlet/hpexe_link HTTP/1.1" 200 949
192.168.10.89 - - [02/Mar/2016:12:20:39 -0300] "GET /cormun/servlet/trsolicitudot HTTP/1.1" 200 6188
192.168.10.89 - - [02/Mar/2016:12:20:43 -0300] "GET /cormun/servlet/trsolicitudot? HTTP/1.1" 200 6187
192.168.10.89 - - [02/Mar/2016:12:20:46 -0300] "GET /cormun/servlet/solicitudot?INS,0,0, HTTP/1.1" 200 11425
192.168.10.89 - - [02/Mar/2016:12:21:02 -0300] "GET /cormun/servlet/prfichaempleado?,MD,,gxPopupLevel%3D0%3B HTTP/1.1" 200 7892
192.168.10.89 - - [02/Mar/2016:12:21:05 -0300] "GET /cormun/servlet/prfichaempleado?aafe5dfe7381f74ed456f9343c58d985889e8d067f5dd537404b43cef88d9f81dfd4711fa71ccc350c2d005beca806400050057e321bd519c508db33c4e9cedcea20397116e112171669e74886e371b0,gx-no-cache=1456931818145 HTTP/1.1" 200 478
192.168.10.89 - - [02/Mar/2016:12:21:06 -0300] "GET /cormun/servlet/prfichaempleado?aafe5dfe7381f74ed456f9343c58d985889e8d067f5dd537404b43cef88d9f814e5ee6cf8ca1e1a711bd5f6af12fcd1ea72949b41e4c0b9a18e5b7077de40660b4e49c07e7d8fd82b795248aa3fd6ee9,gx-no-cache=1456931819820 HTTP/1.1" 200 472
192.168.10.89 - - [02/Mar/2016:12:21:07 -0300] "POST /cormun/servlet/prfichaempleado?584929d0c8b6ad997db4c1ab0973b8db,,MD,,gxPopupLevel%3D0%3B,gx-no-cache=1456931820771 HTTP/1.1" 200 2915
186.67.172.234 - - [02/Mar/2016:12:21:14 -0300] "GET /cormun/servlet/solicitudot?82909765fd5f7a25ea3d732db88df32ede0d6f006b1efff7d67bfa1c7e0ea73642887b8a6e0a99257f41e8b30ff04b50,gx-no-cache=1456932125334 HTTP/1.1" 200 30
192.168.10.89 - - [02/Mar/2016:12:21:15 -0300] "POST /cormun/servlet/solicitudot?gx-no-cache=1456931828257 HTTP/1.1" 200 2779
192.168.10.89 - - [02/Mar/2016:12:21:15 -0300] "POST /cormun/servlet/solicitudot?584929d0c8b6ad997db4c1ab0973b8db,INS,0,0,,gx-no-cache=1456931828417 HTTP/1.1" 200 8383
192.168.10.89 - - [02/Mar/2016:12:21:17 -0300] "GET /cormun/servlet/solicitudot?73eea1e89a0a08e905935054d37f98a9c0eec0f024b6f32cb884ed34f9a011f04ee5e031d611f5ca5e1f90ac6a2074a3,gx-no-cache=1456931830545 HTTP/1.1" 200 30
192.168.10.89 - - [02/Mar/2016:12:21:17 -0300] "POST /cormun/servlet/solicitudot?gx-no-cache=1456931830580 HTTP/1.1" 200 30
192.168.10.89 - - [02/Mar/2016:12:21:20 -0300] "POST /cormun/servlet/solicitudot?gx-no-cache=1456931833243 HTTP/1.1" 200 30
192.168.10.89 - - [02/Mar/2016:12:21:23 -0300] "POST /cormun/servlet/solicitudot?gx-no-cache=1456931836601 HTTP/1.1" 200 1157
192.168.10.89 - - [02/Mar/2016:12:21:23 -0300] "GET /cormun/servlet/solicitudot?73eea1e89a0a08e905935054d37f98a97a75f95efaa7ae6f2d4022abb38e45e2975500dcf8d0e5a42eb4b1b5503f3f8f60fc6e23f4f25d441044d8b656df8d96c9ff947bb8d4bb5d9a5bc1254aad4e3cf7720bc84159e5c3e73de31ee0f61aba7d79aadd85e8e181627624d607c2cc1983a4730fe9552a9673c80dbcdd28be813ed068d7ae33fab6133ede75f424e7e9,gx-no-cache=1456931836716 HTTP/1.1" 200 38
192.168.10.89 - - [02/Mar/2016:12:21:41 -0300] "GET /cormun/servlet/solicitudot?73eea1e89a0a08e905935054d37f98a933572c5fdd34ebdd51deda46440a3afc39d67e28bdb435ea39216d8861ffea4c3d7d66a3b528c786cfacdeeefa274867c5d8a43bccb2141cf45169e3e59dd11236dcd6c3dcac23dba5f11463b28fddce16c1e5cd774dec078cb88f7cbfe60009194be05c0c4954a0fbde3c7f512a86df8bd660683e588acc0d4b74ef159f9b7cb7d5094929bb86727d94bf442b55c283,gx-no-cache=1456931853962 HTTP/1.1" 200 29
192.168.10.89 - - [02/Mar/2016:12:21:41 -0300] "POST /cormun/servlet/solicitudot?gx-no-cache=1456931853990 HTTP/1.1" 200 1116
191.112.91.68 - - [02/Mar/2016:12:21:45 -0300] "GET /cormun/servlet/solicitudot?INS,0,0, HTTP/1.1" 200 11440
192.168.10.89 - - [02/Mar/2016:12:21:47 -0300] "GET /cormun/servlet/solicitudot?73eea1e89a0a08e905935054d37f98a98bed733567aeef73f05d1520b6b29e4708b186b11394a5d1bdecb728368bff95b8e12e9d52ff17a614dfe19cb3b95f9b63b602b78c535b7d1d6ce806de14df171d384d2663e579dcc15a6e61a18fecd288e602cd2183fc0c21faaf6178b5bf8ff33b444d1fb0b9e17f45b2dea92441b03d097d0858bd5fd4dbd3e843470a758a9be8a88f06a4ee3b7457732ad8b61b9c5b872cdd2378b8a49058743af1ca6d7d,gx-no-cache=1456931860387 HTTP/1.1" 200 30
191.112.91.68 - - [02/Mar/2016:12:21:48 -0300] "GET /cormun/servlet/solicitudot?INS,0,0, HTTP/1.1" 200 11423
192.168.10.89 - - [02/Mar/2016:12:21:53 -0300] "POST /cormun/servlet/solicitudot?584929d0c8b6ad997db4c1ab0973b8db,INS,0,0,,gx-no-cache=1456931866426 HTTP/1.1" 200 93
192.168.10.89 - - [02/Mar/2016:12:21:53 -0300] "GET /cormun/servlet/hpexe_return? HTTP/1.1" 200 999
192.168.10.89 - - [02/Mar/2016:12:21:54 -0300] "GET /cormun/servlet/trsolicitudot HTTP/1.1" 200 7500
192.168.10.89 - - [02/Mar/2016:12:22:00 -0300] "POST /cormun/servlet/trsolicitudot?584929d0c8b6ad997db4c1ab0973b8db,gx-no-cache=1456931873255 HTTP/1.1" 200 4917
192.168.10.89 - - [02/Mar/2016:12:22:00 -0300] "POST /cormun/servlet/trsolicitudot?584929d0c8b6ad997db4c1ab0973b8db,gx-no-cache=1456931873513 HTTP/1.1" 200 4917
192.168.10.89 - - [02/Mar/2016:12:22:01 -0300] "POST /cormun/servlet/trsolicitudot?584929d0c8b6ad997db4c1ab0973b8db,gx-no-cache=1456931873839 HTTP/1.1" 200 4917
192.168.10.89 - - [02/Mar/2016:12:22:01 -0300] "POST /cormun/servlet/trsolicitudot?584929d0c8b6ad997db4c1ab0973b8db,gx-no-cache=1456931874189 HTTP/1.1" 200 4917
192.168.10.89 - - [02/Mar/2016:12:22:01 -0300] "POST /cormun/servlet/trsolicitudot?584929d0c8b6ad997db4c1ab0973b8db,gx-no-cache=1456931874593 HTTP/1.1" 200 4917
192.168.10.89 - - [02/Mar/2016:12:22:02 -0300] "POST /cormun/servlet/trsolicitudot?584929d0c8b6ad997db4c1ab0973b8db,gx-no-cache=1456931875006 HTTP/1.1" 200 4916
192.168.10.89 - - [02/Mar/2016:12:22:02 -0300] "POST /cormun/servlet/trsolicitudot?584929d0c8b6ad997db4c1ab0973b8db,gx-no-cache=1456931875488 HTTP/1.1" 200 4917
192.168.10.89 - - [02/Mar/2016:12:22:05 -0300] "POST /cormun/servlet/trsolicitudot?584929d0c8b6ad997db4c1ab0973b8db,gx-no-cache=1456931876017 HTTP/1.1" 200 3615
192.168.10.89 - - [02/Mar/2016:12:22:06 -0300] "POST /cormun/servlet/trsolicitudot?584929d0c8b6ad997db4c1ab0973b8db,gx-no-cache=1456931878909 HTTP/1.1" 200 3461
192.168.10.89 - - [02/Mar/2016:12:22:06 -0300] "GET /cormun/static/Shared/jqueryui/images/ui-bg_highlight-soft_100_c6c2c8_1x100.png HTTP/1.1" 404 1117
192.168.10.89 - - [02/Mar/2016:12:22:06 -0300] "GET /cormun/static/Shared/jqueryui/images/ui-icons_82798d_256x240.png HTTP/1.1" 404 1089
192.168.10.89 - - [02/Mar/2016:12:22:06 -0300] "GET /cormun/static/Shared/jqueryui/images/ui-bg_flat_55_fafafa_40x100.png HTTP/1.1" 404 1097
192.168.10.89 - - [02/Mar/2016:12:22:06 -0300] "GET /cormun/static/Shared/jqueryui/images/ui-icons_8d78a5_256x240.png HTTP/1.1" 404 1089
192.168.10.98 - - [02/Mar/2016:12:22:23 -0300] "POST /cormun/servlet/hlogin?a5ef76c73876a25ce4e755f4c48e4d8c,gx-no-cache=1456931896431 HTTP/1.1" 200 90
192.168.10.98 - - [02/Mar/2016:12:22:23 -0300] "GET /cormun/servlet/hpexe_link HTTP/1.1" 200 945
192.168.10.98 - - [02/Mar/2016:12:22:23 -0300] "GET /cormun/static/gxcfg.js?20151120044395 HTTP/1.1" 304 -
192.168.10.98 - - [02/Mar/2016:12:22:23 -0300] "GET /cormun/static/hpexe_link.js?20151120044398 HTTP/1.1" 304 -
192.168.10.98 - - [02/Mar/2016:12:22:23 -0300] "GET /cormun/servlet/hhome HTTP/1.1" 200 3807
192.168.10.98 - - [02/Mar/2016:12:22:24 -0300] "GET /cormun/servlet/hhome HTTP/1.1" 200 3804
192.168.10.89 - - [02/Mar/2016:12:22:25 -0300] "GET /cormun/servlet/trautorizarsolicitud? HTTP/1.1" 200 7437
192.168.10.98 - - [02/Mar/2016:12:22:30 -0300] "GET /cormun/servlet/trsecurityuser01? HTTP/1.1" 200 9902
192.168.10.98 - - [02/Mar/2016:12:22:30 -0300] "GET /cormun/static/Resources/Spanish/PXTools.css?12395978 HTTP/1.1" 304 -
192.168.10.98 - - [02/Mar/2016:12:22:30 -0300] "GET /cormun/static/trsecurityuser01.js?20162241763410 HTTP/1.1" 304 -
192.168.10.98 - - [02/Mar/2016:12:22:30 -0300] "GET /cormun/static/gxcfg.js?20162241763181 HTTP/1.1" 304 -
192.168.10.98 - - [02/Mar/2016:12:22:31 -0300] "GET /cormun/servlet/trsecurityuser01? HTTP/1.1" 200 9900
192.168.10.89 - - [02/Mar/2016:12:22:32 -0300] "POST /cormun/servlet/trautorizarsolicitud?584929d0c8b6ad997db4c1ab0973b8db,,gx-no-cache=1456931905180 HTTP/1.1" 200 4881
192.168.10.89 - - [02/Mar/2016:12:22:32 -0300] "POST /cormun/servlet/trautorizarsolicitud?584929d0c8b6ad997db4c1ab0973b8db,,gx-no-cache=1456931905433 HTTP/1.1" 200 4881
192.168.10.89 - - [02/Mar/2016:12:22:32 -0300] "POST /cormun/servlet/trautorizarsolicitud?584929d0c8b6ad997db4c1ab0973b8db,,gx-no-cache=1456931905753 HTTP/1.1" 200 4882
192.168.10.89 - - [02/Mar/2016:12:22:33 -0300] "POST /cormun/servlet/trautorizarsolicitud?584929d0c8b6ad997db4c1ab0973b8db,,gx-no-cache=1456931906106 HTTP/1.1" 200 4881
192.168.10.89 - - [02/Mar/2016:12:22:33 -0300] "POST /cormun/servlet/trautorizarsolicitud?584929d0c8b6ad997db4c1ab0973b8db,,gx-no-cache=1456931906484 HTTP/1.1" 200 4882
192.168.10.89 - - [02/Mar/2016:12:22:34 -0300] "POST /cormun/servlet/trautorizarsolicitud?584929d0c8b6ad997db4c1ab0973b8db,,gx-no-cache=1456931906946 HTTP/1.1" 200 4881
192.168.10.89 - - [02/Mar/2016:12:22:34 -0300] "POST /cormun/servlet/trautorizarsolicitud?584929d0c8b6ad997db4c1ab0973b8db,,gx-no-cache=1456931907426 HTTP/1.1" 200 4881
192.168.10.89 - - [02/Mar/2016:12:22:37 -0300] "POST /cormun/servlet/trautorizarsolicitud?584929d0c8b6ad997db4c1ab0973b8db,,gx-no-cache=1456931907964 HTTP/1.1" 200 3578
192.168.10.89 - - [02/Mar/2016:12:22:38 -0300] "POST /cormun/servlet/trautorizarsolicitud?584929d0c8b6ad997db4c1ab0973b8db,,gx-no-cache=1456931910855 HTTP/1.1" 200 3425
192.168.10.98 - - [02/Mar/2016:12:22:38 -0300] "POST /cormun/servlet/trsecurityuser01?a5ef76c73876a25ce4e755f4c48e4d8c,,gx-no-cache=1456931911122 HTTP/1.1" 200 7638
192.168.10.89 - - [02/Mar/2016:12:22:38 -0300] "GET /cormun/static/Shared/jqueryui/images/ui-bg_highlight-soft_100_c6c2c8_1x100.png HTTP/1.1" 404 1117
192.168.10.89 - - [02/Mar/2016:12:22:38 -0300] "GET /cormun/static/Shared/jqueryui/images/ui-icons_82798d_256x240.png HTTP/1.1" 404 1089
192.168.10.89 - - [02/Mar/2016:12:22:38 -0300] "GET /cormun/static/Shared/jqueryui/images/ui-icons_8d78a5_256x240.png HTTP/1.1" 404 1089
192.168.10.89 - - [02/Mar/2016:12:22:38 -0300] "GET /cormun/static/Shared/jqueryui/images/ui-bg_flat_55_fafafa_40x100.png HTTP/1.1" 404 1097
192.168.10.98 - - [02/Mar/2016:12:22:38 -0300] "POST /cormun/servlet/trsecurityuser01?a5ef76c73876a25ce4e755f4c48e4d8c,,gx-no-cache=1456931911467 HTTP/1.1" 200 6140
186.103.157.39 - - [02/Mar/2016:12:22:56 -0300] "GET /cormun/servlet/hlogin HTTP/1.1" 200 1719
186.103.157.39 - - [02/Mar/2016:12:22:56 -0300] "GET /cormun/static/Resources/Spanish/PXTools.css?005343 HTTP/1.1" 200 89042
186.103.157.39 - - [02/Mar/2016:12:22:56 -0300] "GET /cormun/static/gxcfg.js?20151120045111 HTTP/1.1" 200 953
186.103.157.39 - - [02/Mar/2016:12:22:56 -0300] "GET /cormun/static/messages.spa.js?85251 HTTP/1.1" 200 30736
186.103.157.39 - - [02/Mar/2016:12:22:56 -0300] "GET /cormun/static/hlogin.js?20151120045126 HTTP/1.1" 200 2136
192.168.10.98 - - [02/Mar/2016:12:23:00 -0300] "GET /cormun/servlet/securityusers?UPD,31, HTTP/1.1" 200 6481
192.168.10.98 - - [02/Mar/2016:12:23:00 -0300] "GET /cormun/static/gxcfg.js?20162241762939 HTTP/1.1" 200 953
192.168.10.98 - - [02/Mar/2016:12:23:00 -0300] "GET /cormun/static/securityusers.js?20162241762968 HTTP/1.1" 200 19627
192.168.10.98 - - [02/Mar/2016:12:23:01 -0300] "GET /cormun/servlet/securityusers?UPD,31, HTTP/1.1" 200 6480
192.168.10.98 - - [02/Mar/2016:12:23:09 -0300] "POST /cormun/servlet/securityusers?a5ef76c73876a25ce4e755f4c48e4d8c,UPD,31,,gx-no-cache=1456931942477 HTTP/1.1" 200 93
192.168.10.98 - - [02/Mar/2016:12:23:09 -0300] "GET /cormun/servlet/hpexe_return? HTTP/1.1" 200 1006
192.168.10.98 - - [02/Mar/2016:12:23:09 -0300] "GET /cormun/static/gxcfg.js?2015111312145050 HTTP/1.1" 304 -
192.168.10.98 - - [02/Mar/2016:12:23:09 -0300] "GET /cormun/servlet/trsecurityuser01? HTTP/1.1" 200 8495
192.168.10.98 - - [02/Mar/2016:12:23:10 -0300] "GET /cormun/servlet/trsecurityuser01? HTTP/1.1" 200 8492
186.103.157.39 - - [02/Mar/2016:12:23:10 -0300] "POST /cormun/servlet/hlogin?2f050709303b0867238ece7423ccdede,gx-no-cache=1456932187367 HTTP/1.1" 200 90
186.103.157.39 - - [02/Mar/2016:12:23:10 -0300] "GET /cormun/servlet/hpexe_link HTTP/1.1" 200 947
186.103.157.39 - - [02/Mar/2016:12:23:11 -0300] "GET /cormun/static/gxcfg.js?20151120044395 HTTP/1.1" 200 953
186.103.157.39 - - [02/Mar/2016:12:23:11 -0300] "GET /cormun/static/hpexe_link.js?20151120044398 HTTP/1.1" 200 625
186.103.157.39 - - [02/Mar/2016:12:23:11 -0300] "GET /cormun/servlet/hhome HTTP/1.1" 200 3374
186.103.157.39 - - [02/Mar/2016:12:23:11 -0300] "GET /cormun/static/Resources/Spanish/PXTools.css?10515224 HTTP/1.1" 200 89042
186.103.157.39 - - [02/Mar/2016:12:23:11 -0300] "GET /cormun/static/gxcfg.js?2015112210564248 HTTP/1.1" 200 953
186.103.157.39 - - [02/Mar/2016:12:23:11 -0300] "GET /cormun/static/hhome.js?2015112210564255 HTTP/1.1" 200 777
186.103.157.39 - - [02/Mar/2016:12:23:11 -0300] "GET /cormun/static/hwchdr01.js?20162241650484 HTTP/1.1" 200 1183
186.103.157.39 - - [02/Mar/2016:12:23:11 -0300] "GET /cormun/static/hpexe_recentlink.js?2015111312121342 HTTP/1.1" 200 2144
186.103.157.39 - - [02/Mar/2016:12:23:11 -0300] "GET /cormun/static/hpexe_scripts.js?20151120014546 HTTP/1.1" 200 1544
186.103.157.39 - - [02/Mar/2016:12:23:13 -0300] "GET /cormun/static/hpexe_messagecontroller.js?2015112210524422 HTTP/1.1" 200 870
186.103.157.39 - - [02/Mar/2016:12:23:13 -0300] "GET /cormun/static/hpexe_messagepopupcomponent.js?2016311717983 HTTP/1.1" 200 605
186.103.157.39 - - [02/Mar/2016:12:23:13 -0300] "GET /cormun/static/cmcontrolpreferences.js?20151120014525 HTTP/1.1" 200 1375
186.103.157.39 - - [02/Mar/2016:12:23:13 -0300] "GET /cormun/static/hpexe_messagegenexuscomponent.js?20151120014314 HTTP/1.1" 200 587
186.103.157.39 - - [02/Mar/2016:12:23:13 -0300] "GET /cormun/static/hmpwkw03.js?20163114183826 HTTP/1.1" 200 3898
186.103.157.39 - - [02/Mar/2016:12:23:14 -0300] "GET /cormun/servlet/hhome HTTP/1.1" 200 3371
192.168.10.98 - - [02/Mar/2016:12:23:18 -0300] "GET /cormun/servlet/securityusers?UPD,36, HTTP/1.1" 200 6479
192.168.10.98 - - [02/Mar/2016:12:23:19 -0300] "GET /cormun/servlet/securityusers?UPD,36, HTTP/1.1" 200 6479
186.103.157.39 - - [02/Mar/2016:12:23:19 -0300] "GET /cormun/servlet/trsolicitudot? HTTP/1.1" 200 6112
186.103.157.39 - - [02/Mar/2016:12:23:19 -0300] "GET /cormun/static/gxcfg.js?20163117265139 HTTP/1.1" 200 953
186.103.157.39 - - [02/Mar/2016:12:23:19 -0300] "GET /cormun/static/Resources/Spanish/PXTools.css?171692 HTTP/1.1" 200 89042
186.103.157.39 - - [02/Mar/2016:12:23:19 -0300] "GET /cormun/static/trsolicitudot.js?20163117265688 HTTP/1.1" 200 45326
186.103.157.39 - - [02/Mar/2016:12:23:21 -0300] "GET /cormun/servlet/trsolicitudot? HTTP/1.1" 200 6112
192.168.10.98 - - [02/Mar/2016:12:23:22 -0300] "POST /cormun/servlet/securityusers?a5ef76c73876a25ce4e755f4c48e4d8c,UPD,36,,gx-no-cache=1456931955545 HTTP/1.1" 200 93
192.168.10.98 - - [02/Mar/2016:12:23:22 -0300] "GET /cormun/servlet/hpexe_return? HTTP/1.1" 200 1005
192.168.10.98 - - [02/Mar/2016:12:23:22 -0300] "GET /cormun/servlet/trsecurityuser01 HTTP/1.1" 200 8495
192.168.10.98 - - [02/Mar/2016:12:23:23 -0300] "GET /cormun/servlet/trsecurityuser01 HTTP/1.1" 200 8492
192.168.10.98 - - [02/Mar/2016:12:23:26 -0300] "GET /cormun/servlet/securityusers?UPD,10, HTTP/1.1" 200 6484
192.168.10.98 - - [02/Mar/2016:12:23:26 -0300] "GET /cormun/servlet/securityusers?UPD,10, HTTP/1.1" 200 6484
192.168.10.98 - - [02/Mar/2016:12:23:29 -0300] "POST /cormun/servlet/securityusers?a5ef76c73876a25ce4e755f4c48e4d8c,UPD,10,,gx-no-cache=1456931961887 HTTP/1.1" 200 93
192.168.10.98 - - [02/Mar/2016:12:23:29 -0300] "GET /cormun/servlet/hpexe_return? HTTP/1.1" 200 1004
192.168.10.98 - - [02/Mar/2016:12:23:29 -0300] "GET /cormun/servlet/trsecurityuser01 HTTP/1.1" 200 8495
192.168.10.98 - - [02/Mar/2016:12:23:30 -0300] "GET /cormun/servlet/trsecurityuser01 HTTP/1.1" 200 8492
186.103.157.39 - - [02/Mar/2016:12:23:30 -0300] "POST /cormun/servlet/trsolicitudot?2f050709303b0867238ece7423ccdede,,gx-no-cache=1456932206735 HTTP/1.1" 200 3451
186.103.157.39 - - [02/Mar/2016:12:23:30 -0300] "POST /cormun/servlet/trsolicitudot?2f050709303b0867238ece7423ccdede,,gx-no-cache=1456932206999 HTTP/1.1" 200 3450
186.103.157.39 - - [02/Mar/2016:12:23:30 -0300] "POST /cormun/servlet/trsolicitudot?2f050709303b0867238ece7423ccdede,,gx-no-cache=1456932207158 HTTP/1.1" 200 3451
186.103.157.39 - - [02/Mar/2016:12:23:30 -0300] "POST /cormun/servlet/trsolicitudot?2f050709303b0867238ece7423ccdede,,gx-no-cache=1456932207310 HTTP/1.1" 200 3451
192.168.10.89 - - [02/Mar/2016:12:23:34 -0300] "GET /cormun/servlet/hlogin HTTP/1.1" 200 1729
186.67.172.234 - - [02/Mar/2016:12:23:55 -0300] "POST /cormun/servlet/solicitudot?gx-no-cache=1456932287245 HTTP/1.1" 200 30
192.168.10.98 - - [02/Mar/2016:12:23:58 -0300] "GET /cormun/servlet/securityusers?UPD,30, HTTP/1.1" 200 6476
186.67.172.234 - - [02/Mar/2016:12:23:59 -0300] "POST /cormun/servlet/solicitudot?gx-no-cache=1456932290750 HTTP/1.1" 200 30
192.168.10.98 - - [02/Mar/2016:12:23:59 -0300] "GET /cormun/servlet/securityusers?UPD,30, HTTP/1.1" 200 6476
191.112.91.68 - - [02/Mar/2016:12:24:00 -0300] "POST /cormun/servlet/solicitudot?0c0ee8f3b383daf4648f2d40d97b65a9,INS,0,0,,gx-no-cache=1456932267456 HTTP/1.1" 200 93
191.112.91.68 - - [02/Mar/2016:12:24:00 -0300] "GET /cormun/servlet/hpexe_return? HTTP/1.1" 200 1029
186.67.172.234 - - [02/Mar/2016:12:24:01 -0300] "POST /cormun/servlet/solicitudot?gx-no-cache=1456932293510 HTTP/1.1" 200 452
186.67.172.234 - - [02/Mar/2016:12:24:01 -0300] "GET /cormun/servlet/solicitudot?82909765fd5f7a25ea3d732db88df32ed68a1cc7d59a4f62f1cd813100583c0a62668e71662acbcff8084cbb67b0d244ec1ba2cc7b7aca7f680b73cf9fc1361d5315d66506bfe3390d0e6cad297d84b582c16a5992a685573388c29a27c0a25ce25f821dcb72a486ecbea7989e88e6b469e1d1a563046079a2b0a3a1667db04a632c075c72cc3192c517fc4d0dac2af8,gx-no-cache=1456932293566 HTTP/1.1" 200 38
191.112.91.68 - - [02/Mar/2016:12:24:01 -0300] "GET /cormun/servlet/trsolicitudot?gx-no-cache=1456931326147 HTTP/1.1" 200 7775
192.168.10.98 - - [02/Mar/2016:12:24:03 -0300] "POST /cormun/servlet/securityusers?a5ef76c73876a25ce4e755f4c48e4d8c,UPD,30,,gx-no-cache=1456931995865 HTTP/1.1" 200 93
192.168.10.98 - - [02/Mar/2016:12:24:03 -0300] "GET /cormun/servlet/hpexe_return? HTTP/1.1" 200 1005
192.168.10.98 - - [02/Mar/2016:12:24:03 -0300] "GET /cormun/static/hpexe_return.js?2015111312145056 HTTP/1.1" 304 -
192.168.10.98 - - [02/Mar/2016:12:24:03 -0300] "GET /cormun/servlet/trsecurityuser01 HTTP/1.1" 200 8496
192.168.10.98 - - [02/Mar/2016:12:24:04 -0300] "GET /cormun/servlet/trsecurityuser01 HTTP/1.1" 200 8492
191.112.91.68 - - [02/Mar/2016:12:24:04 -0300] "GET /cormun/servlet/trsolicitudot?gx-no-cache=1456931326147 HTTP/1.1" 200 7792
192.168.10.98 - - [02/Mar/2016:12:24:14 -0300] "GET /cormun/servlet/securityusers?UPD,38, HTTP/1.1" 200 6481
192.168.10.98 - - [02/Mar/2016:12:24:15 -0300] "GET /cormun/servlet/securityusers?UPD,38, HTTP/1.1" 200 6481
191.112.91.68 - - [02/Mar/2016:12:24:16 -0300] "GET /cormun/servlet/vesolicitudot?2016,371,, HTTP/1.1" 200 7523
191.112.91.68 - - [02/Mar/2016:12:24:17 -0300] "GET /cormun/pexe_scrolldiv.js HTTP/1.1" 404 1009
192.168.10.98 - - [02/Mar/2016:12:24:19 -0300] "POST /cormun/servlet/securityusers?a5ef76c73876a25ce4e755f4c48e4d8c,UPD,38,,gx-no-cache=1456932012130 HTTP/1.1" 200 93
192.168.10.98 - - [02/Mar/2016:12:24:19 -0300] "GET /cormun/servlet/hpexe_return? HTTP/1.1" 200 1005
192.168.10.98 - - [02/Mar/2016:12:24:19 -0300] "GET /cormun/static/Resources/Spanish/PXTools.css?12112540 HTTP/1.1" 304 -
191.112.91.68 - - [02/Mar/2016:12:24:19 -0300] "GET /cormun/servlet/vesolicitudot?2016,371,, HTTP/1.1" 200 7502
192.168.10.98 - - [02/Mar/2016:12:24:19 -0300] "GET /cormun/servlet/trsecurityuser01 HTTP/1.1" 200 8495
192.168.10.98 - - [02/Mar/2016:12:24:20 -0300] "GET /cormun/servlet/trsecurityuser01 HTTP/1.1" 200 8491
191.112.91.68 - - [02/Mar/2016:12:24:32 -0300] "POST /cormun/servlet/vesolicitudot?0c0ee8f3b383daf4648f2d40d97b65a9,2016,371,,,gx-no-cache=1456932298981 HTTP/1.1" 200 93
191.112.91.68 - - [02/Mar/2016:12:24:32 -0300] "GET /cormun/servlet/hpexe_return? HTTP/1.1" 200 1032
191.112.91.68 - - [02/Mar/2016:12:24:33 -0300] "GET /cormun/servlet/trsolicitudot?gx-no-cache=1456931326147 HTTP/1.1" 200 7775
191.112.91.68 - - [02/Mar/2016:12:24:35 -0300] "GET /cormun/servlet/trsolicitudot?gx-no-cache=1456931326147 HTTP/1.1" 200 7792
192.168.10.98 - - [02/Mar/2016:12:24:45 -0300] "POST /cormun/servlet/trsecurityuser01?a5ef76c73876a25ce4e755f4c48e4d8c,gx-no-cache=1456932038376 HTTP/1.1" 200 6138
192.168.10.98 - - [02/Mar/2016:12:24:45 -0300] "POST /cormun/servlet/trsecurityuser01?a5ef76c73876a25ce4e755f4c48e4d8c,gx-no-cache=1456932038644 HTTP/1.1" 200 7641
191.112.91.68 - - [02/Mar/2016:12:24:46 -0300] "POST /cormun/servlet/trsolicitudot?0c0ee8f3b383daf4648f2d40d97b65a9,gx-no-cache=1456931326147,gx-no-cache=1456932312806 HTTP/1.1" 200 5221
191.112.91.68 - - [02/Mar/2016:12:24:46 -0300] "POST /cormun/servlet/trsolicitudot?0c0ee8f3b383daf4648f2d40d97b65a9,gx-no-cache=1456931326147,gx-no-cache=1456932313440 HTTP/1.1" 200 5221
191.112.91.68 - - [02/Mar/2016:12:24:47 -0300] "POST /cormun/servlet/trsolicitudot?0c0ee8f3b383daf4648f2d40d97b65a9,gx-no-cache=1456931326147,gx-no-cache=1456932314049 HTTP/1.1" 200 5221
191.112.91.68 - - [02/Mar/2016:12:24:48 -0300] "POST /cormun/servlet/trsolicitudot?0c0ee8f3b383daf4648f2d40d97b65a9,gx-no-cache=1456931326147,gx-no-cache=1456932314708 HTTP/1.1" 200 5221
191.112.91.68 - - [02/Mar/2016:12:24:48 -0300] "POST /cormun/servlet/trsolicitudot?0c0ee8f3b383daf4648f2d40d97b65a9,gx-no-cache=1456931326147,gx-no-cache=1456932315343 HTTP/1.1" 200 5221
191.112.91.68 - - [02/Mar/2016:12:24:49 -0300] "POST /cormun/servlet/trsolicitudot?0c0ee8f3b383daf4648f2d40d97b65a9,gx-no-cache=1456931326147,gx-no-cache=1456932316057 HTTP/1.1" 200 5221
191.112.91.68 - - [02/Mar/2016:12:24:50 -0300] "POST /cormun/servlet/trsolicitudot?0c0ee8f3b383daf4648f2d40d97b65a9,gx-no-cache=1456931326147,gx-no-cache=1456932316754 HTTP/1.1" 200 5221
191.112.91.68 - - [02/Mar/2016:12:24:50 -0300] "POST /cormun/servlet/trsolicitudot?0c0ee8f3b383daf4648f2d40d97b65a9,gx-no-cache=1456931326147,gx-no-cache=1456932317507 HTTP/1.1" 200 104
191.112.91.68 - - [02/Mar/2016:12:24:51 -0300] "GET /cormun/servlet/solicitudot?DLT,2016,371, HTTP/1.1" 200 8355
191.112.91.68 - - [02/Mar/2016:12:24:53 -0300] "GET /cormun/static/Shared/jqueryui/images/ui-bg_highlight-soft_100_c6c2c8_1x100.png HTTP/1.1" 404 1117
191.112.91.68 - - [02/Mar/2016:12:24:53 -0300] "GET /cormun/static/Shared/jqueryui/images/ui-icons_82798d_256x240.png HTTP/1.1" 404 1089
191.112.91.68 - - [02/Mar/2016:12:24:53 -0300] "GET /cormun/static/Shared/jqueryui/images/ui-bg_flat_55_fafafa_40x100.png HTTP/1.1" 404 1097
191.112.91.68 - - [02/Mar/2016:12:24:53 -0300] "GET /cormun/static/Shared/jqueryui/images/ui-icons_8d78a5_256x240.png HTTP/1.1" 404 1089
191.112.91.68 - - [02/Mar/2016:12:24:53 -0300] "GET /cormun/servlet/solicitudot?DLT,2016,371, HTTP/1.1" 200 8341
202.109.143.18 - - [02/Mar/2016:12:24:58 -0300] "GET /manager/html HTTP/1.1" 401 2474
202.109.143.18 - - [02/Mar/2016:12:24:59 -0300] "GET /manager/html HTTP/1.1" 401 2474
202.109.143.18 - - [02/Mar/2016:12:24:59 -0300] "GET /manager/html HTTP/1.1" 401 2474
202.109.143.18 - - [02/Mar/2016:12:24:59 -0300] "GET /manager/html HTTP/1.1" 401 2474
202.109.143.18 - - [02/Mar/2016:12:24:59 -0300] "GET /manager/html HTTP/1.1" 401 2474
202.109.143.18 - - [02/Mar/2016:12:24:59 -0300] "GET /manager/html HTTP/1.1" 401 2474
202.109.143.18 - - [02/Mar/2016:12:24:59 -0300] "GET /manager/html HTTP/1.1" 401 2474
202.109.143.18 - - [02/Mar/2016:12:24:59 -0300] "GET /manager/html HTTP/1.1" 401 2474
202.109.143.18 - - [02/Mar/2016:12:24:59 -0300] "GET /manager/html HTTP/1.1" 401 2474
202.109.143.18 - - [02/Mar/2016:12:24:59 -0300] "GET /manager/html HTTP/1.1" 401 2474
202.109.143.18 - - [02/Mar/2016:12:24:59 -0300] "GET /manager/html HTTP/1.1" 401 2474
202.109.143.18 - - [02/Mar/2016:12:24:59 -0300] "GET /manager/html HTTP/1.1" 401 2474
202.109.143.18 - - [02/Mar/2016:12:24:59 -0300] "GET /manager/html HTTP/1.1" 401 2474
202.109.143.18 - - [02/Mar/2016:12:24:59 -0300] "GET /manager/html HTTP/1.1" 401 2474
202.109.143.18 - - [02/Mar/2016:12:24:59 -0300] "GET /manager/html HTTP/1.1" 401 2474
202.109.143.18 - - [02/Mar/2016:12:24:59 -0300] "GET /manager/html HTTP/1.1" 401 2474
202.109.143.18 - - [02/Mar/2016:12:24:59 -0300] "GET /manager/html HTTP/1.1" 401 2474
202.109.143.18 - - [02/Mar/2016:12:24:59 -0300] "GET /manager/html HTTP/1.1" 401 2474
202.109.143.18 - - [02/Mar/2016:12:24:59 -0300] "GET /manager/html HTTP/1.1" 401 2474
202.109.143.18 - - [02/Mar/2016:12:24:59 -0300] "GET /manager/html HTTP/1.1" 401 2474
202.109.143.18 - - [02/Mar/2016:12:24:59 -0300] "GET /manager/html HTTP/1.1" 401 2474
202.109.143.18 - - [02/Mar/2016:12:24:59 -0300] "GET /manager/html HTTP/1.1" 401 2474
202.109.143.18 - - [02/Mar/2016:12:24:59 -0300] "GET /manager/html HTTP/1.1" 401 2474
202.109.143.18 - - [02/Mar/2016:12:25:00 -0300] "GET /manager/html HTTP/1.1" 401 2474
202.109.143.18 - - [02/Mar/2016:12:25:00 -0300] "GET /manager/html HTTP/1.1" 401 2474
186.67.172.234 - - [02/Mar/2016:12:25:16 -0300] "GET /cormun/servlet/solicitudot?82909765fd5f7a25ea3d732db88df32ef76b713e2f297829813f35752112db1564c595ace865aec31be117cdb9f469079451619e15a6c1ddb45744104cae1abf91cd19c2f79b28acbf5b39f5ff6901d30e18192ee5bc446eb393f81d1af5ee98966694229894550dfd047b3b155d4b13,gx-no-cache=1456932368159 HTTP/1.1" 200 29
186.67.172.234 - - [02/Mar/2016:12:25:18 -0300] "POST /cormun/servlet/solicitudot?gx-no-cache=1456932369805 HTTP/1.1" 200 1116
192.168.10.98 - - [02/Mar/2016:12:25:18 -0300] "POST /cormun/servlet/trsecurityuser01?a5ef76c73876a25ce4e755f4c48e4d8c,gx-no-cache=1456932070931 HTTP/1.1" 200 7640
191.112.91.68 - - [02/Mar/2016:12:25:31 -0300] "POST /cormun/servlet/solicitudot?0c0ee8f3b383daf4648f2d40d97b65a9,DLT,2016,371,,gx-no-cache=1456932358120 HTTP/1.1" 200 93
191.112.91.68 - - [02/Mar/2016:12:25:31 -0300] "GET /cormun/servlet/hpexe_return? HTTP/1.1" 200 1034
192.168.10.98 - - [02/Mar/2016:12:25:31 -0300] "POST /cormun/servlet/trsecurityuser01?a5ef76c73876a25ce4e755f4c48e4d8c,gx-no-cache=1456932084612 HTTP/1.1" 200 6137
191.112.91.68 - - [02/Mar/2016:12:25:32 -0300] "GET /cormun/servlet/trsolicitudot?gx-no-cache=1456931326147 HTTP/1.1" 200 7775
191.112.91.68 - - [02/Mar/2016:12:25:35 -0300] "GET /cormun/servlet/trsolicitudot?gx-no-cache=1456931326147 HTTP/1.1" 200 7792
186.67.172.234 - - [02/Mar/2016:12:26:29 -0300] "GET /cormun/servlet/solicitudot?82909765fd5f7a25ea3d732db88df32ed9ed372cd49096d877e0b4bc6b336e433a54d2e618eff5a464d4e99987b8f93a1fc450dfe6947a27cc5967aa59349dd503df67551cb105861450568ae46a29721c4791c1f54684388ee9246b69df3f92cdaaa13ef209ba4085a9485701bbc3284c1bf8d0fc37db5c820084e9d2f9ea41adf7cd5171ce893e1a84dbab3ce7b6912e41ffd9496f7ee6114e1cdffbf2aa384625cc03e06a727c50dc65331765489c,gx-no-cache=1456932440466 HTTP/1.1" 200 30
191.112.91.68 - - [02/Mar/2016:12:26:35 -0300] "POST /cormun/servlet/trsolicitudot?0c0ee8f3b383daf4648f2d40d97b65a9,gx-no-cache=1456931326147,gx-no-cache=1456932422199 HTTP/1.1" 200 5221
191.112.91.68 - - [02/Mar/2016:12:26:36 -0300] "POST /cormun/servlet/trsolicitudot?0c0ee8f3b383daf4648f2d40d97b65a9,gx-no-cache=1456931326147,gx-no-cache=1456932422859 HTTP/1.1" 200 5221
191.112.91.68 - - [02/Mar/2016:12:26:36 -0300] "POST /cormun/servlet/trsolicitudot?0c0ee8f3b383daf4648f2d40d97b65a9,gx-no-cache=1456931326147,gx-no-cache=1456932423492 HTTP/1.1" 200 5221
191.112.91.68 - - [02/Mar/2016:12:26:37 -0300] "POST /cormun/servlet/trsolicitudot?0c0ee8f3b383daf4648f2d40d97b65a9,gx-no-cache=1456931326147,gx-no-cache=1456932424108 HTTP/1.1" 200 5221
191.112.91.68 - - [02/Mar/2016:12:26:38 -0300] "POST /cormun/servlet/trsolicitudot?0c0ee8f3b383daf4648f2d40d97b65a9,gx-no-cache=1456931326147,gx-no-cache=1456932424747 HTTP/1.1" 200 5221
191.112.91.68 - - [02/Mar/2016:12:26:38 -0300] "POST /cormun/servlet/trsolicitudot?0c0ee8f3b383daf4648f2d40d97b65a9,gx-no-cache=1456931326147,gx-no-cache=1456932425466 HTTP/1.1" 200 5221
191.112.91.68 - - [02/Mar/2016:12:26:39 -0300] "POST /cormun/servlet/trsolicitudot?0c0ee8f3b383daf4648f2d40d97b65a9,gx-no-cache=1456931326147,gx-no-cache=1456932426144 HTTP/1.1" 200 5221
191.112.91.68 - - [02/Mar/2016:12:26:40 -0300] "POST /cormun/servlet/trsolicitudot?0c0ee8f3b383daf4648f2d40d97b65a9,gx-no-cache=1456931326147,gx-no-cache=1456932426840 HTTP/1.1" 200 5466
191.112.91.68 - - [02/Mar/2016:12:26:40 -0300] "GET /cormun/static/Shared/jqueryui/images/ui-bg_highlight-soft_100_c6c2c8_1x100.png HTTP/1.1" 404 1117
191.112.91.68 - - [02/Mar/2016:12:26:40 -0300] "GET /cormun/static/Shared/jqueryui/images/ui-icons_82798d_256x240.png HTTP/1.1" 404 1089
191.112.91.68 - - [02/Mar/2016:12:26:40 -0300] "GET /cormun/static/Shared/jqueryui/images/ui-bg_flat_55_fafafa_40x100.png HTTP/1.1" 404 1097
