191.112.87.159 - - [02/Mar/2016:11:46:30 -0300] "POST /cormun/servlet/trsolicitudot?7a0c2073d73c49b39f1696a0bf243ae2,,gx-no-cache=1456930031109 HTTP/1.1" 200 5214
191.112.87.159 - - [02/Mar/2016:11:46:30 -0300] "GET /cormun/servlet/hlogin HTTP/1.1" 200 1723
191.112.87.159 - - [02/Mar/2016:11:46:31 -0300] "GET /cormun/static/gxtimezone.js?85251 HTTP/1.1" 200 5781
186.103.156.24 - - [02/Mar/2016:11:46:32 -0300] "GET /cormun/servlet/solicitudotadjuntos?e0139e73eff4ebca9fcf51efdab74d30065f5b5e16bad4e0e4dadd1c2679ef58,gx-no-cache=1456930240496 HTTP/1.1" 200 30
186.103.156.24 - - [02/Mar/2016:11:46:32 -0300] "GET /cormun/servlet/solicitudotadjuntos?e0139e73eff4ebca9fcf51efdab74d30065f5b5e16bad4e0e4dadd1c2679ef58,gx-no-cache=1456930240563 HTTP/1.1" 200 30
191.112.87.159 - - [02/Mar/2016:11:46:32 -0300] "POST /cormun/servlet/trsolicitudot?7a0c2073d73c49b39f1696a0bf243ae2,,gx-no-cache=1456930033218 HTTP/1.1" 200 5215
191.112.87.159 - - [02/Mar/2016:11:46:33 -0300] "GET /cormun/static/gxcfg.js?20151120045111 HTTP/1.1" 200 953
191.112.87.159 - - [02/Mar/2016:11:46:33 -0300] "GET /cormun/static/hlogin.js?20151120045126 HTTP/1.1" 200 2136
191.112.87.159 - - [02/Mar/2016:11:46:33 -0300] "GET /cormun/static/messages.spa.js?85251 HTTP/1.1" 200 30736
191.112.87.159 - - [02/Mar/2016:11:46:34 -0300] "GET /cormun/static/Resources/ComunLogin.png HTTP/1.1" 200 17326
191.112.87.159 - - [02/Mar/2016:11:46:34 -0300] "POST /cormun/servlet/trsolicitudot?7a0c2073d73c49b39f1696a0bf243ae2,,gx-no-cache=1456930035406 HTTP/1.1" 200 5215
186.103.156.24 - - [02/Mar/2016:11:46:34 -0300] "POST /cormun/servlet/solicitudotadjuntos?be3165041499b8058c65c42614994a57,INS,2016,362,,1, HTTP/1.1" 200 116
186.103.156.24 - - [02/Mar/2016:11:46:34 -0300] "GET /cormun/servlet/hpexe_return? HTTP/1.1" 200 1023
186.103.156.24 - - [02/Mar/2016:11:46:35 -0300] "GET /cormun/servlet/trsolicitudadjuntos?2016,362, HTTP/1.1" 200 7846
191.112.87.159 - - [02/Mar/2016:11:46:35 -0300] "POST /cormun/servlet/trsolicitudot?7a0c2073d73c49b39f1696a0bf243ae2,,gx-no-cache=1456930037375 HTTP/1.1" 200 5216
186.103.156.24 - - [02/Mar/2016:11:46:36 -0300] "GET /cormun/servlet/trsolicitudadjuntos?2016,362, HTTP/1.1" 200 7843
191.112.87.159 - - [02/Mar/2016:11:46:36 -0300] "POST /cormun/servlet/trsolicitudot?7a0c2073d73c49b39f1696a0bf243ae2,,gx-no-cache=1456930038171 HTTP/1.1" 200 4911
191.112.87.159 - - [02/Mar/2016:11:46:37 -0300] "GET /cormun/static/Shared/jqueryui/images/ui-bg_highlight-soft_100_c6c2c8_1x100.png HTTP/1.1" 404 1117
191.112.87.159 - - [02/Mar/2016:11:46:37 -0300] "GET /cormun/static/Shared/jqueryui/images/ui-icons_82798d_256x240.png HTTP/1.1" 404 1089
191.112.87.159 - - [02/Mar/2016:11:46:37 -0300] "GET /cormun/static/Shared/jqueryui/images/ui-bg_flat_55_fafafa_40x100.png HTTP/1.1" 404 1097
191.112.87.159 - - [02/Mar/2016:11:46:37 -0300] "GET /cormun/static/Shared/jqueryui/images/ui-icons_8d78a5_256x240.png HTTP/1.1" 404 1089
191.112.87.159 - - [02/Mar/2016:11:46:37 -0300] "POST /cormun/servlet/trsolicitudot?7a0c2073d73c49b39f1696a0bf243ae2,,gx-no-cache=1456930039515 HTTP/1.1" 200 4855
191.112.87.159 - - [02/Mar/2016:11:46:37 -0300] "GET /cormun/static/Resources/Spanish/PXTools.css?005343 HTTP/1.1" 200 89042
191.112.87.159 - - [02/Mar/2016:11:46:42 -0300] "GET /cormun/servlet/solicitudot?INS,0,0, HTTP/1.1" 200 11370
191.112.87.159 - - [02/Mar/2016:11:46:43 -0300] "GET /cormun/static/gxgral.js?85251 HTTP/1.1" 200 384558
191.112.87.159 - - [02/Mar/2016:11:46:44 -0300] "GET /cormun/static/Resources/PXToolsLoginTop.png HTTP/1.1" 200 1337
191.112.87.159 - - [02/Mar/2016:11:46:44 -0300] "GET /cormun/static/Resources/PXToolsLoginBackground.png HTTP/1.1" 200 1164
191.112.87.159 - - [02/Mar/2016:11:46:44 -0300] "GET /cormun/static/Resources/PXToolsButtonLeft21.png HTTP/1.1" 200 1287
191.112.87.159 - - [02/Mar/2016:11:46:44 -0300] "GET /cormun/static/Resources/PXToolsButtonRight21.png HTTP/1.1" 200 1283
191.112.87.159 - - [02/Mar/2016:11:46:44 -0300] "GET /cormun/static/Resources/PXToolsButtonBackground2.png HTTP/1.1" 200 1181
191.112.87.159 - - [02/Mar/2016:11:46:44 -0300] "GET /cormun/static/Resources/PXToolsLoginBottom.png HTTP/1.1" 200 1389
191.112.87.159 - - [02/Mar/2016:11:46:44 -0300] "GET /cormun/servlet/hlogin HTTP/1.1" 200 1730
191.112.87.159 - - [02/Mar/2016:11:46:44 -0300] "GET /cormun/static/Resources/indicator.gif HTTP/1.1" 200 1553
191.112.87.159 - - [02/Mar/2016:11:46:45 -0300] "GET /cormun/static/Resources/indicator.gif HTTP/1.1" 200 1553
191.112.87.159 - - [02/Mar/2016:11:46:46 -0300] "GET /favicon.ico HTTP/1.1" 200 21630
186.103.156.24 - - [02/Mar/2016:11:46:50 -0300] "GET /cormun/servlet/solicitudotadjuntos?INS,2016,362,,1, HTTP/1.1" 200 5482
186.103.156.24 - - [02/Mar/2016:11:46:50 -0300] "GET /cormun/static/about:blank HTTP/1.1" 404 1011
186.103.156.24 - - [02/Mar/2016:11:46:50 -0300] "GET /cormun/servlet/solicitudotadjuntos?INS,2016,362,,1, HTTP/1.1" 200 5476
186.103.156.24 - - [02/Mar/2016:11:46:51 -0300] "GET /cormun/servlet/solicitudotadjuntos?e0139e73eff4ebca9fcf51efdab74d304c6f5d215be7f145b323075abfdcca435ac0cfecea250650d21d8ed25c6360d8,gx-no-cache=1456930261547 HTTP/1.1" 200 30
186.103.156.24 - - [02/Mar/2016:11:46:51 -0300] "POST /cormun/servlet/solicitudotadjuntos?be3165041499b8058c65c42614994a57,INS,2016,362,,1,,gx-no-cache=1456930261580 HTTP/1.1" 200 3376
191.112.87.159 - - [02/Mar/2016:11:47:00 -0300] "GET /cormun/servlet/trsolicitudot? HTTP/1.1" 200 7408
191.112.87.159 - - [02/Mar/2016:11:47:09 -0300] "POST /cormun/servlet/trsolicitudot?7a0c2073d73c49b39f1696a0bf243ae2,,gx-no-cache=1456930071046 HTTP/1.1" 200 4864
191.112.87.159 - - [02/Mar/2016:11:47:09 -0300] "POST /cormun/servlet/trsolicitudot?7a0c2073d73c49b39f1696a0bf243ae2,,gx-no-cache=1456930071593 HTTP/1.1" 200 4865
191.112.87.159 - - [02/Mar/2016:11:47:10 -0300] "POST /cormun/servlet/trsolicitudot?7a0c2073d73c49b39f1696a0bf243ae2,,gx-no-cache=1456930072312 HTTP/1.1" 200 4864
191.112.87.159 - - [02/Mar/2016:11:47:11 -0300] "POST /cormun/servlet/trsolicitudot?7a0c2073d73c49b39f1696a0bf243ae2,,gx-no-cache=1456930073046 HTTP/1.1" 200 4864
191.112.87.159 - - [02/Mar/2016:11:47:11 -0300] "POST /cormun/servlet/trsolicitudot?7a0c2073d73c49b39f1696a0bf243ae2,,gx-no-cache=1456930073640 HTTP/1.1" 200 4864
191.112.87.159 - - [02/Mar/2016:11:47:12 -0300] "POST /cormun/servlet/trsolicitudot?7a0c2073d73c49b39f1696a0bf243ae2,,gx-no-cache=1456930074265 HTTP/1.1" 200 4865
191.112.87.159 - - [02/Mar/2016:11:47:12 -0300] "POST /cormun/servlet/trsolicitudot?7a0c2073d73c49b39f1696a0bf243ae2,,gx-no-cache=1456930074828 HTTP/1.1" 200 4864
191.112.87.159 - - [02/Mar/2016:11:47:14 -0300] "POST /cormun/servlet/trsolicitudot?7a0c2073d73c49b39f1696a0bf243ae2,,gx-no-cache=1456930075437 HTTP/1.1" 200 105
191.112.87.159 - - [02/Mar/2016:11:47:14 -0300] "GET /cormun/servlet/trsolicitudadjuntos?2016,300, HTTP/1.1" 200 7823
191.112.87.159 - - [02/Mar/2016:11:47:20 -0300] "GET /cormun/servlet/solicitudotadjuntos?INS,2016,300,,1, HTTP/1.1" 200 5404
191.112.87.159 - - [02/Mar/2016:11:47:20 -0300] "GET /cormun/static/about:blank HTTP/1.1" 404 1011
191.112.87.159 - - [02/Mar/2016:11:47:20 -0300] "GET /cormun/static/about:blank HTTP/1.1" 404 1011
186.103.157.246 - - [02/Mar/2016:11:47:21 -0300] "GET /cormun/servlet/solicitudotadjuntos?INS,2016,346,,1, HTTP/1.1" 200 5080
186.103.157.246 - - [02/Mar/2016:11:47:22 -0300] "GET /cormun/static/about:blank HTTP/1.1" 404 1011
186.103.157.246 - - [02/Mar/2016:11:47:22 -0300] "GET /cormun/static/about:blank HTTP/1.1" 404 1011
191.112.87.159 - - [02/Mar/2016:11:47:22 -0300] "GET /cormun/servlet/solicitudotadjuntos?c369bc08116d637b79f80ab8024ade9e9b30fa6b184b156a9800a8adb7efde30c17225b477279ff8c6bebc8aec30c602,gx-no-cache=1456930084437 HTTP/1.1" 200 30
186.103.157.246 - - [02/Mar/2016:11:47:22 -0300] "GET /cormun/servlet/hlogin HTTP/1.1" 200 1743
191.112.87.159 - - [02/Mar/2016:11:47:22 -0300] "POST /cormun/servlet/solicitudotadjuntos?7a0c2073d73c49b39f1696a0bf243ae2,INS,2016,300,,1,,gx-no-cache=1456930084937 HTTP/1.1" 200 3322
191.112.87.159 - - [02/Mar/2016:11:47:26 -0300] "POST /cormun/servlet/solicitudotadjuntos?gx-no-cache=1456930088500 HTTP/1.1" 200 26
186.103.157.246 - - [02/Mar/2016:11:47:33 -0300] "POST /cormun/servlet/hlogin?5dde72f24db47df7606f50bbec570d2c,gx-no-cache=1456930084355 HTTP/1.1" 200 90
191.112.87.159 - - [02/Mar/2016:11:47:33 -0300] "POST /cormun/servlet/hlogin?67bf934034d96584b21130ff03dba25f,gx-no-cache=1456933680087 HTTP/1.1" 200 90
186.103.157.246 - - [02/Mar/2016:11:47:33 -0300] "GET /cormun/servlet/hpexe_link HTTP/1.1" 200 966
191.112.87.159 - - [02/Mar/2016:11:47:33 -0300] "GET /cormun/servlet/hpexe_link HTTP/1.1" 200 951
186.103.157.246 - - [02/Mar/2016:11:47:33 -0300] "GET /cormun/servlet/solicitudotadjuntos?INS,2016,346,,1, HTTP/1.1" 200 5254
191.112.87.159 - - [02/Mar/2016:11:47:33 -0300] "GET /cormun/static/gxcfg.js?20151120044395 HTTP/1.1" 200 953
186.103.157.246 - - [02/Mar/2016:11:47:33 -0300] "GET /cormun/static/about:blank HTTP/1.1" 404 1011
191.112.87.159 - - [02/Mar/2016:11:47:33 -0300] "GET /cormun/static/hpexe_link.js?20151120044398 HTTP/1.1" 200 625
186.103.157.246 - - [02/Mar/2016:11:47:34 -0300] "GET /cormun/static/about:blank HTTP/1.1" 404 1011
191.112.87.159 - - [02/Mar/2016:11:47:34 -0300] "GET /cormun/servlet/hhome HTTP/1.1" 200 3362
191.112.87.159 - - [02/Mar/2016:11:47:34 -0300] "GET /cormun/static/SmoothNavMenu/resources/ddsmoothmenu.css?1112540 HTTP/1.1" 200 2223
191.112.87.159 - - [02/Mar/2016:11:47:34 -0300] "GET /cormun/static/SmoothNavMenu/resources/ddsmoothmenu-v.css?1112540 HTTP/1.1" 200 1188
191.112.87.159 - - [02/Mar/2016:11:47:34 -0300] "GET /cormun/static/scaMessage/css/jquery.pnotify.default.css?1816380 HTTP/1.1" 200 1707
191.112.87.159 - - [02/Mar/2016:11:47:34 -0300] "GET /cormun/static/gxcfg.js?2015112210564248 HTTP/1.1" 200 953
191.112.87.159 - - [02/Mar/2016:11:47:34 -0300] "GET /cormun/static/Shared/jqueryui/jquery-ui.min.css?1345370 HTTP/1.1" 200 30288
191.112.87.159 - - [02/Mar/2016:11:47:34 -0300] "GET /cormun/static/PXToolsJavascripts/pexe_autoreload.js HTTP/1.1" 200 1762
191.112.87.159 - - [02/Mar/2016:11:47:34 -0300] "GET /cormun/static/PXToolsJavascripts/pexe_cookies.js HTTP/1.1" 200 792
191.112.87.159 - - [02/Mar/2016:11:47:34 -0300] "GET /cormun/static/PXToolsJavascripts/pexe_windows.js HTTP/1.1" 200 15207
191.112.87.159 - - [02/Mar/2016:11:47:34 -0300] "GET /cormun/static/PXToolsJavascripts/pexe_grid.js HTTP/1.1" 200 7559
191.112.87.159 - - [02/Mar/2016:11:47:34 -0300] "GET /cormun/static/PXToolsJavascripts/pexe_griddivfix.js HTTP/1.1" 200 6644
191.112.87.159 - - [02/Mar/2016:11:47:34 -0300] "GET /cormun/static/PXToolsJavascripts/pexe_link.js HTTP/1.1" 200 5671
191.112.87.159 - - [02/Mar/2016:11:47:34 -0300] "GET /cormun/static/PXToolsJavascripts/pexe_menudivfix.js HTTP/1.1" 200 333
191.112.87.159 - - [02/Mar/2016:11:47:35 -0300] "GET /cormun/static/PXToolsJavascripts/pexe_menus.js HTTP/1.1" 200 1286
191.112.87.159 - - [02/Mar/2016:11:47:35 -0300] "GET /cormun/static/Resources/Spanish/PXTools.css?10515224 HTTP/1.1" 200 89042
186.103.157.246 - - [02/Mar/2016:11:47:35 -0300] "GET /cormun/servlet/solicitudotadjuntos?0f3d567439e73de225fea6ae2d44c3f1f98dda4063518338630d63737bfcd58ef065ad7064f0715948a72fcdba19ed25,gx-no-cache=1456930085919 HTTP/1.1" 200 30
186.103.157.246 - - [02/Mar/2016:11:47:35 -0300] "POST /cormun/servlet/solicitudotadjuntos?5dde72f24db47df7606f50bbec570d2c,INS,2016,346,,1,,gx-no-cache=1456930085969 HTTP/1.1" 200 3080
191.112.87.159 - - [02/Mar/2016:11:47:35 -0300] "GET /cormun/static/PXToolsJavascripts/pexe_layers.js HTTP/1.1" 200 4114
191.112.87.159 - - [02/Mar/2016:11:47:35 -0300] "GET /cormun/static/PXToolsJavascripts/pexe_oav.js HTTP/1.1" 200 645
191.112.87.159 - - [02/Mar/2016:11:47:35 -0300] "GET /cormun/static/PXToolsJavascripts/pexe_oavdivfix.js HTTP/1.1" 200 639
191.112.87.159 - - [02/Mar/2016:11:47:35 -0300] "GET /cormun/static/PXToolsJavascripts/pexe_picture.js HTTP/1.1" 200 689
191.112.87.159 - - [02/Mar/2016:11:47:35 -0300] "GET /cormun/static/PXToolsJavascripts/pexe_popup.js HTTP/1.1" 200 13458
191.112.87.159 - - [02/Mar/2016:11:47:35 -0300] "GET /cormun/static/PXToolsJavascripts/pexe_scrolldiv.js HTTP/1.1" 200 4138
191.112.87.159 - - [02/Mar/2016:11:47:35 -0300] "GET /cormun/static/PXToolsJavascripts/pexe_tabdivfix.js HTTP/1.1" 200 876
191.112.87.159 - - [02/Mar/2016:11:47:35 -0300] "GET /cormun/static/PXToolsJavascripts/pexe_tabs.js HTTP/1.1" 200 3748
191.112.87.159 - - [02/Mar/2016:11:47:35 -0300] "GET /cormun/static/PXToolsJavascripts/pexe_upload.js HTTP/1.1" 200 1423
191.112.87.159 - - [02/Mar/2016:11:47:35 -0300] "GET /cormun/static/PXToolsJavascripts/PXToolsJavascriptsRender.js HTTP/1.1" 200 367
191.112.87.159 - - [02/Mar/2016:11:47:35 -0300] "GET /cormun/static/RunJS/RunJS.js HTTP/1.1" 200 288
191.112.87.159 - - [02/Mar/2016:11:47:35 -0300] "GET /cormun/static/Shared/ext/locale/ext-lang-en.js HTTP/1.1" 200 10940
191.112.87.159 - - [02/Mar/2016:11:47:35 -0300] "GET /cormun/static/hhome.js?2015112210564255 HTTP/1.1" 200 777
191.112.87.159 - - [02/Mar/2016:11:47:35 -0300] "GET /cormun/static/hwchdr01.js?20162241650484 HTTP/1.1" 200 1183
191.112.87.159 - - [02/Mar/2016:11:47:36 -0300] "GET /cormun/static/hpexe_scripts.js?20151120014546 HTTP/1.1" 200 1544
191.112.87.159 - - [02/Mar/2016:11:47:36 -0300] "GET /cormun/static/hpexe_messagecontroller.js?2015112210524422 HTTP/1.1" 200 870
191.112.87.159 - - [02/Mar/2016:11:47:36 -0300] "GET /cormun/static/hpexe_messagepopupcomponent.js?2016311717983 HTTP/1.1" 200 605
191.112.87.159 - - [02/Mar/2016:11:47:36 -0300] "GET /cormun/static/hpexe_recentlink.js?2015111312121342 HTTP/1.1" 200 2144
191.112.87.159 - - [02/Mar/2016:11:47:36 -0300] "GET /cormun/static/hpexe_messagegenexuscomponent.js?20151120014314 HTTP/1.1" 200 587
191.112.87.159 - - [02/Mar/2016:11:47:36 -0300] "GET /cormun/static/cmcontrolpreferences.js?20151120014525 HTTP/1.1" 200 1375
191.112.87.159 - - [02/Mar/2016:11:47:36 -0300] "GET /cormun/static/SmoothNavMenu/resources/ddsmoothmenu.js HTTP/1.1" 200 12712
191.112.87.159 - - [02/Mar/2016:11:47:37 -0300] "GET /cormun/static/Shared/jquery/jquery-1.4.2.min.js HTTP/1.1" 200 72174
191.112.87.159 - - [02/Mar/2016:11:47:38 -0300] "GET /cormun/static/SmoothNavMenu/resources/SmoothNavMenuRender.js HTTP/1.1" 200 5951
191.112.87.159 - - [02/Mar/2016:11:47:38 -0300] "GET /cormun/static/gxui/gxui-all.js HTTP/1.1" 200 107772
191.112.87.159 - - [02/Mar/2016:11:47:39 -0300] "GET /cormun/static/scaMessage/js/jquery.pnotify.min.js HTTP/1.1" 200 13038
191.112.87.159 - - [02/Mar/2016:11:47:39 -0300] "GET /cormun/static/scaMessage/scaMessageRender.js HTTP/1.1" 200 11977
191.112.87.159 - - [02/Mar/2016:11:47:39 -0300] "GET /cormun/static/hmpwkw03.js?20163114183826 HTTP/1.1" 200 3898
191.112.87.159 - - [02/Mar/2016:11:47:40 -0300] "GET /cormun/static/Resources/PXToolsHeaderBackground2.png HTTP/1.1" 200 1174
191.112.87.159 - - [02/Mar/2016:11:47:40 -0300] "GET /cormun/static/Resources/PXToolsFooterBackground2.png HTTP/1.1" 200 1172
191.112.87.159 - - [02/Mar/2016:11:47:40 -0300] "GET /cormun/static/Resources/PXToolsDataTitle.png HTTP/1.1" 200 1173
191.112.87.159 - - [02/Mar/2016:11:47:40 -0300] "GET /cormun/static/Resources/PXToolsHeaderActionsBackground.png HTTP/1.1" 200 484
191.112.87.159 - - [02/Mar/2016:11:47:40 -0300] "GET /cormun/static/Resources/PXToolsHeaderHome.png HTTP/1.1" 200 4147
191.112.87.159 - - [02/Mar/2016:11:47:40 -0300] "GET /cormun/static/Shared/jqueryui/jquery-ui.min.js HTTP/1.1" 200 240427
191.112.87.159 - - [02/Mar/2016:11:47:40 -0300] "GET /cormun/static/Resources/PXToolsHeaderActionsLeft.png HTTP/1.1" 200 1118
191.112.87.159 - - [02/Mar/2016:11:47:41 -0300] "GET /cormun/static/Resources/PXToolsHeaderLogin.png HTTP/1.1" 200 4279
191.112.87.159 - - [02/Mar/2016:11:47:41 -0300] "GET /cormun/static/Resources/PXToolsHeaderActionsRight.png HTTP/1.1" 200 1201
191.112.87.159 - - [02/Mar/2016:11:47:41 -0300] "GET /cormun/static/Resources/logo4.png HTTP/1.1" 200 6582
191.112.87.159 - - [02/Mar/2016:11:47:41 -0300] "GET /cormun/static/Resources/PXToolsHeaderSecurity.png HTTP/1.1" 200 4166
191.112.87.159 - - [02/Mar/2016:11:47:41 -0300] "GET /cormun/static/Resources/PXToolsHeaderPreferences.png HTTP/1.1" 200 4189
186.103.157.246 - - [02/Mar/2016:11:47:44 -0300] "POST /cormun/servlet/solicitudotadjuntos?gx-no-cache=1456930094941 HTTP/1.1" 200 26
191.112.87.159 - - [02/Mar/2016:11:47:46 -0300] "GET /cormun/servlet/solicitudotadjuntos?c369bc08116d637b79f80ab8024ade9e1607d46bf5deca7fa1825c5d9eff777c,gx-no-cache=1456930108625 HTTP/1.1" 200 30
191.112.87.159 - - [02/Mar/2016:11:47:48 -0300] "GET /cormun/servlet/solicitudotadjuntos?c369bc08116d637b79f80ab8024ade9e1607d46bf5deca7fa1825c5d9eff777c,gx-no-cache=1456930109750 HTTP/1.1" 200 30
191.112.87.159 - - [02/Mar/2016:11:47:51 -0300] "POST /cormun/servlet/solicitudotadjuntos?7a0c2073d73c49b39f1696a0bf243ae2,INS,2016,300,,1, HTTP/1.1" 200 116
186.103.157.246 - - [02/Mar/2016:11:47:53 -0300] "GET /cormun/servlet/solicitudotadjuntos?0f3d567439e73de225fea6ae2d44c3f10983dd2f58399a17dac9c8fe8c589332,gx-no-cache=1456930104627 HTTP/1.1" 200 30
186.103.157.246 - - [02/Mar/2016:11:47:53 -0300] "GET /cormun/servlet/solicitudotadjuntos?0f3d567439e73de225fea6ae2d44c3f10983dd2f58399a17dac9c8fe8c589332,gx-no-cache=1456930104657 HTTP/1.1" 200 30
186.103.157.246 - - [02/Mar/2016:11:47:54 -0300] "POST /cormun/servlet/solicitudotadjuntos?5dde72f24db47df7606f50bbec570d2c,INS,2016,346,,1, HTTP/1.1" 200 116
191.112.87.159 - - [02/Mar/2016:11:47:54 -0300] "GET /cormun/servlet/hpexe_return? HTTP/1.1" 200 1016
191.112.87.159 - - [02/Mar/2016:11:47:54 -0300] "GET /cormun/static/Shared/jquery/jquery-1.10.2.min.js HTTP/1.1" 200 273199
186.103.157.246 - - [02/Mar/2016:11:47:54 -0300] "GET /cormun/servlet/hpexe_return? HTTP/1.1" 200 1010
186.103.157.246 - - [02/Mar/2016:11:47:54 -0300] "GET /cormun/servlet/hhome HTTP/1.1" 200 3400
191.112.87.159 - - [02/Mar/2016:11:47:55 -0300] "GET /cormun/servlet/trsolicitudadjuntos?2016,300, HTTP/1.1" 200 7953
191.112.87.159 - - [02/Mar/2016:11:47:56 -0300] "GET /cormun/static/Shared/ext/ext-all.js HTTP/1.1" 200 1289687
191.112.87.159 - - [02/Mar/2016:11:47:58 -0300] "GET /cormun/servlet/hhome HTTP/1.1" 200 3359
191.112.87.159 - - [02/Mar/2016:11:47:59 -0300] "GET /cormun/static/SmoothNavMenu/resources/images/down.gif HTTP/1.1" 200 854
191.112.87.159 - - [02/Mar/2016:11:48:03 -0300] "GET /cormun/servlet/trsolicitudot? HTTP/1.1" 200 7413
186.103.157.246 - - [02/Mar/2016:11:48:06 -0300] "GET /cormun/servlet/trsolicitudot? HTTP/1.1" 200 7429
191.112.87.159 - - [02/Mar/2016:11:48:11 -0300] "POST /cormun/servlet/trsolicitudot?7a0c2073d73c49b39f1696a0bf243ae2,,gx-no-cache=1456930133718 HTTP/1.1" 200 4874
191.112.87.159 - - [02/Mar/2016:11:48:12 -0300] "POST /cormun/servlet/trsolicitudot?7a0c2073d73c49b39f1696a0bf243ae2,,gx-no-cache=1456930134250 HTTP/1.1" 200 4874
186.103.157.246 - - [02/Mar/2016:11:48:12 -0300] "POST /cormun/servlet/trsolicitudot?5dde72f24db47df7606f50bbec570d2c,,gx-no-cache=1456930123326 HTTP/1.1" 200 4873
191.112.87.159 - - [02/Mar/2016:11:48:12 -0300] "GET /cormun/servlet/trautorizarsolicitud? HTTP/1.1" 200 6047
186.103.157.246 - - [02/Mar/2016:11:48:12 -0300] "POST /cormun/servlet/trsolicitudot?5dde72f24db47df7606f50bbec570d2c,,gx-no-cache=1456930123626 HTTP/1.1" 200 4873
186.103.157.246 - - [02/Mar/2016:11:48:13 -0300] "POST /cormun/servlet/trsolicitudot?5dde72f24db47df7606f50bbec570d2c,,gx-no-cache=1456930123936 HTTP/1.1" 200 4873
191.112.87.159 - - [02/Mar/2016:11:48:13 -0300] "GET /cormun/static/gxui/gxui-all.css?120300 HTTP/1.1" 200 2179
186.103.157.246 - - [02/Mar/2016:11:48:13 -0300] "POST /cormun/servlet/trsolicitudot?5dde72f24db47df7606f50bbec570d2c,,gx-no-cache=1456930124256 HTTP/1.1" 200 4872
191.112.87.159 - - [02/Mar/2016:11:48:13 -0300] "POST /cormun/servlet/trsolicitudot?7a0c2073d73c49b39f1696a0bf243ae2,,gx-no-cache=1456930134828 HTTP/1.1" 200 4874
186.103.157.246 - - [02/Mar/2016:11:48:13 -0300] "POST /cormun/servlet/trsolicitudot?5dde72f24db47df7606f50bbec570d2c,,gx-no-cache=1456930124576 HTTP/1.1" 200 4873
191.112.87.159 - - [02/Mar/2016:11:48:13 -0300] "GET /cormun/static/calendar-system.css?85620 HTTP/1.1" 200 5572
191.112.87.159 - - [02/Mar/2016:11:48:13 -0300] "GET /cormun/static/gxcfg.js?20163117314923 HTTP/1.1" 200 953
191.112.87.159 - - [02/Mar/2016:11:48:13 -0300] "GET /cormun/static/calendar-setup.js?85251 HTTP/1.1" 200 2588
186.103.157.246 - - [02/Mar/2016:11:48:14 -0300] "POST /cormun/servlet/trsolicitudot?5dde72f24db47df7606f50bbec570d2c,,gx-no-cache=1456930124926 HTTP/1.1" 200 4873
186.103.157.246 - - [02/Mar/2016:11:48:14 -0300] "POST /cormun/servlet/trsolicitudot?5dde72f24db47df7606f50bbec570d2c,,gx-no-cache=1456930125256 HTTP/1.1" 200 4873
186.103.157.246 - - [02/Mar/2016:11:48:14 -0300] "POST /cormun/servlet/trsolicitudot?5dde72f24db47df7606f50bbec570d2c,,gx-no-cache=1456930125606 HTTP/1.1" 200 106
186.103.157.246 - - [02/Mar/2016:11:48:15 -0300] "GET /cormun/servlet/trsolicitudadjuntos?2016,346, HTTP/1.1" 200 7935
191.112.87.159 - - [02/Mar/2016:11:48:15 -0300] "GET /cormun/static/Resources/Spanish/PXTools.css?171692 HTTP/1.1" 200 89042
191.112.87.159 - - [02/Mar/2016:11:48:15 -0300] "GET /cormun/static/calendar-es.js?85251 HTTP/1.1" 200 1901
191.112.87.159 - - [02/Mar/2016:11:48:15 -0300] "GET /cormun/static/gxdec.js?85251 HTTP/1.1" 200 19579
191.112.87.159 - - [02/Mar/2016:11:48:16 -0300] "GET /cormun/static/Resources/PXTools/calendar.png HTTP/1.1" 200 1306
191.112.87.159 - - [02/Mar/2016:11:48:17 -0300] "GET /cormun/static/Resources/PXToolsDataSearch.png HTTP/1.1" 200 419
191.112.87.159 - - [02/Mar/2016:11:48:17 -0300] "GET /cormun/static/calendar.js?85251 HTTP/1.1" 200 26246
191.112.87.159 - - [02/Mar/2016:11:48:17 -0300] "GET /cormun/static/Resources/PXToolsGridFirst.gif HTTP/1.1" 200 379
191.112.87.159 - - [02/Mar/2016:11:48:17 -0300] "GET /cormun/static/trautorizarsolicitud.js?20163117315445 HTTP/1.1" 200 45302
191.112.87.159 - - [02/Mar/2016:11:48:17 -0300] "GET /cormun/static/Resources/PXToolsGridPrevious.gif HTTP/1.1" 200 369
191.112.87.159 - - [02/Mar/2016:11:48:17 -0300] "GET /cormun/static/Resources/PXToolsGridNext.gif HTTP/1.1" 200 369
191.112.87.159 - - [02/Mar/2016:11:48:17 -0300] "GET /cormun/static/Resources/PXToolsGridLast.gif HTTP/1.1" 200 370
191.112.87.159 - - [02/Mar/2016:11:48:17 -0300] "GET /cormun/static/Resources/PXToolsActionExcel.png HTTP/1.1" 200 3187
191.112.87.159 - - [02/Mar/2016:11:48:20 -0300] "GET /cormun/static/Shared/ext/resources/css/ext-all.css?215870 HTTP/1.1" 200 416045
191.112.87.159 - - [02/Mar/2016:11:48:22 -0300] "GET /cormun/static/Resources/asc.gif HTTP/1.1" 200 67
191.112.87.159 - - [02/Mar/2016:11:48:22 -0300] "GET /cormun/static/Resources/desc.gif HTTP/1.1" 200 65
191.112.87.159 - - [02/Mar/2016:11:48:22 -0300] "GET /cormun/servlet/trautorizarsolicitud? HTTP/1.1" 200 6047
191.112.87.159 - - [02/Mar/2016:11:48:22 -0300] "GET /cormun/static/Shared/ext/resources/themes/images/default/panel/bg-headersPanel.png HTTP/1.1" 200 255
191.112.87.159 - - [02/Mar/2016:11:48:22 -0300] "GET /cormun/static/Shared/ext/resources/themes/images/default/tools/tool-sprites.gif HTTP/1.1" 200 5434
191.112.87.159 - - [02/Mar/2016:11:48:23 -0300] "POST /cormun/servlet/acontrolpreferencessavestate?None,JPARRAGUEZ,true HTTP/1.1" 200 35
186.103.157.246 - - [02/Mar/2016:11:48:27 -0300] "GET /cormun/servlet/trsolicitudot? HTTP/1.1" 200 7434
191.112.87.159 - - [02/Mar/2016:11:48:35 -0300] "POST /cormun/servlet/trsolicitudot?7a0c2073d73c49b39f1696a0bf243ae2,,gx-no-cache=1456930136734 HTTP/1.1" 500 10
186.103.157.246 - - [02/Mar/2016:11:48:48 -0300] "GET /cormun/servlet/solicitudot?INS,0,0, HTTP/1.1" 200 11382
191.112.87.159 - - [02/Mar/2016:11:48:48 -0300] "GET /cormun/servlet/trsolicitudot? HTTP/1.1" 200 6133
191.112.87.159 - - [02/Mar/2016:11:48:49 -0300] "GET /cormun/static/gxcfg.js?20163117265139 HTTP/1.1" 200 953
191.112.87.159 - - [02/Mar/2016:11:48:49 -0300] "GET /cormun/static/Resources/PXToolsGridNew.png HTTP/1.1" 200 2949
191.112.87.159 - - [02/Mar/2016:11:48:49 -0300] "GET /cormun/static/trsolicitudot.js?20163117265688 HTTP/1.1" 200 45326
191.112.87.159 - - [02/Mar/2016:11:48:50 -0300] "GET /cormun/servlet/trsolicitudot? HTTP/1.1" 200 6133
191.112.87.159 - - [02/Mar/2016:11:48:51 -0300] "POST /cormun/servlet/acontrolpreferencessavestate?None,JPARRAGUEZ,true HTTP/1.1" 200 35
191.112.87.159 - - [02/Mar/2016:11:49:01 -0300] "GET /cormun/servlet/trautorizarsolicitud? HTTP/1.1" 200 6091
191.112.87.159 - - [02/Mar/2016:11:49:02 -0300] "GET /cormun/servlet/trautorizarsolicitud? HTTP/1.1" 200 6091
191.112.91.68 - - [02/Mar/2016:11:49:06 -0300] "POST /cormun/servlet/solicitudotadjuntos?gx-no-cache=1456930173255 HTTP/1.1" 200 26
191.112.87.159 - - [02/Mar/2016:11:49:09 -0300] "POST /cormun/servlet/trautorizarsolicitud?67bf934034d96584b21130ff03dba25f,,gx-no-cache=1456933775975 HTTP/1.1" 200 3459
191.112.87.159 - - [02/Mar/2016:11:49:10 -0300] "POST /cormun/servlet/trautorizarsolicitud?67bf934034d96584b21130ff03dba25f,,gx-no-cache=1456933776380 HTTP/1.1" 200 3458
191.112.87.159 - - [02/Mar/2016:11:49:10 -0300] "POST /cormun/servlet/trautorizarsolicitud?67bf934034d96584b21130ff03dba25f,,gx-no-cache=1456933776749 HTTP/1.1" 200 3458
191.112.87.159 - - [02/Mar/2016:11:49:10 -0300] "POST /cormun/servlet/trautorizarsolicitud?67bf934034d96584b21130ff03dba25f,,gx-no-cache=1456933777112 HTTP/1.1" 200 3458
191.112.87.159 - - [02/Mar/2016:11:49:11 -0300] "POST /cormun/servlet/trautorizarsolicitud?67bf934034d96584b21130ff03dba25f,,gx-no-cache=1456933777495 HTTP/1.1" 200 3459
191.112.87.159 - - [02/Mar/2016:11:49:11 -0300] "POST /cormun/servlet/trautorizarsolicitud?67bf934034d96584b21130ff03dba25f,,gx-no-cache=1456933777864 HTTP/1.1" 200 3459
191.112.87.159 - - [02/Mar/2016:11:49:11 -0300] "POST /cormun/servlet/trautorizarsolicitud?67bf934034d96584b21130ff03dba25f,,gx-no-cache=1456933778251 HTTP/1.1" 200 3459
191.112.87.159 - - [02/Mar/2016:11:49:12 -0300] "POST /cormun/servlet/trautorizarsolicitud?67bf934034d96584b21130ff03dba25f,,gx-no-cache=1456933778621 HTTP/1.1" 200 3459
191.112.87.159 - - [02/Mar/2016:11:49:24 -0300] "GET /cormun/servlet/hhome HTTP/1.1" 200 3409
191.112.87.159 - - [02/Mar/2016:11:49:25 -0300] "GET /cormun/servlet/hhome HTTP/1.1" 200 3407
186.103.156.24 - - [02/Mar/2016:11:49:32 -0300] "POST /cormun/servlet/solicitudotadjuntos?gx-no-cache=1456930426662 HTTP/1.1" 200 26
191.112.91.68 - - [02/Mar/2016:11:49:33 -0300] "GET /cormun/servlet/solicitudotadjuntos?cc3825a6bcde85380411dea6bcbbd66b633b8525340459f8f593f8d1a6b73094,gx-no-cache=1456930200217 HTTP/1.1" 200 30
191.112.91.68 - - [02/Mar/2016:11:49:33 -0300] "GET /cormun/servlet/solicitudotadjuntos?cc3825a6bcde85380411dea6bcbbd66b633b8525340459f8f593f8d1a6b73094,gx-no-cache=1456930200340 HTTP/1.1" 200 30
191.112.87.159 - - [02/Mar/2016:11:49:34 -0300] "GET /cormun/servlet/trautorizarsolicitud? HTTP/1.1" 200 6089
191.112.87.159 - - [02/Mar/2016:11:49:35 -0300] "GET /cormun/servlet/trautorizarsolicitud? HTTP/1.1" 200 6091
191.112.91.68 - - [02/Mar/2016:11:49:35 -0300] "POST /cormun/servlet/solicitudotadjuntos?0c0ee8f3b383daf4648f2d40d97b65a9,INS,2016,355,,1, HTTP/1.1" 200 116
191.112.91.68 - - [02/Mar/2016:11:49:35 -0300] "GET /cormun/servlet/hpexe_return? HTTP/1.1" 200 1033
191.112.91.68 - - [02/Mar/2016:11:49:36 -0300] "GET /cormun/servlet/vesolicitudot?2016,355,,SolicitudOTAdjuntos HTTP/1.1" 200 9439
191.112.91.68 - - [02/Mar/2016:11:49:37 -0300] "GET /cormun/pexe_scrolldiv.js HTTP/1.1" 404 1009
191.112.87.159 - - [02/Mar/2016:11:49:37 -0300] "POST /cormun/servlet/trautorizarsolicitud?67bf934034d96584b21130ff03dba25f,,gx-no-cache=1456933804256 HTTP/1.1" 200 3455
191.112.87.159 - - [02/Mar/2016:11:49:38 -0300] "POST /cormun/servlet/trautorizarsolicitud?67bf934034d96584b21130ff03dba25f,,gx-no-cache=1456933804605 HTTP/1.1" 200 3455
191.112.87.159 - - [02/Mar/2016:11:49:38 -0300] "POST /cormun/servlet/trautorizarsolicitud?67bf934034d96584b21130ff03dba25f,,gx-no-cache=1456933804962 HTTP/1.1" 200 3455
191.112.87.159 - - [02/Mar/2016:11:49:39 -0300] "POST /cormun/servlet/trautorizarsolicitud?67bf934034d96584b21130ff03dba25f,,gx-no-cache=1456933805328 HTTP/1.1" 200 3455
191.112.87.159 - - [02/Mar/2016:11:49:39 -0300] "POST /cormun/servlet/trautorizarsolicitud?67bf934034d96584b21130ff03dba25f,,gx-no-cache=1456933805699 HTTP/1.1" 200 3454
191.112.87.159 - - [02/Mar/2016:11:49:39 -0300] "POST /cormun/servlet/trautorizarsolicitud?67bf934034d96584b21130ff03dba25f,,gx-no-cache=1456933806079 HTTP/1.1" 200 3455
191.112.91.68 - - [02/Mar/2016:11:49:40 -0300] "GET /cormun/servlet/vesolicitudot?2016,355,,SolicitudOTAdjuntos HTTP/1.1" 200 9440
191.112.87.159 - - [02/Mar/2016:11:49:40 -0300] "POST /cormun/servlet/trautorizarsolicitud?67bf934034d96584b21130ff03dba25f,,gx-no-cache=1456933806495 HTTP/1.1" 200 3456
191.112.87.159 - - [02/Mar/2016:11:49:40 -0300] "POST /cormun/servlet/trautorizarsolicitud?67bf934034d96584b21130ff03dba25f,,gx-no-cache=1456933806862 HTTP/1.1" 200 110
191.112.87.159 - - [02/Mar/2016:11:49:40 -0300] "GET /cormun/AutorizarSolicitud-9791.xls HTTP/1.1" 200 4608
191.112.91.68 - - [02/Mar/2016:11:49:41 -0300] "POST /cormun/servlet/acontrolpreferencessavestate?None,CD-33,true HTTP/1.1" 200 35
186.103.156.24 - - [02/Mar/2016:11:49:41 -0300] "GET /cormun/servlet/solicitudotadjuntos?e0139e73eff4ebca9fcf51efdab74d30065f5b5e16bad4e0e4dadd1c2679ef58,gx-no-cache=1456930437711 HTTP/1.1" 200 30
186.103.156.24 - - [02/Mar/2016:11:49:41 -0300] "GET /cormun/servlet/solicitudotadjuntos?e0139e73eff4ebca9fcf51efdab74d30065f5b5e16bad4e0e4dadd1c2679ef58,gx-no-cache=1456930437758 HTTP/1.1" 200 30
186.103.157.246 - - [02/Mar/2016:11:49:42 -0300] "POST /cormun/servlet/solicitudot?gx-no-cache=1456930213117 HTTP/1.1" 200 2740
186.103.156.24 - - [02/Mar/2016:11:49:42 -0300] "POST /cormun/servlet/solicitudotadjuntos?be3165041499b8058c65c42614994a57,INS,2016,362,,1, HTTP/1.1" 200 116
186.103.157.246 - - [02/Mar/2016:11:49:42 -0300] "POST /cormun/servlet/solicitudot?5dde72f24db47df7606f50bbec570d2c,INS,0,0,,gx-no-cache=1456930213387 HTTP/1.1" 200 8327
186.103.156.24 - - [02/Mar/2016:11:49:43 -0300] "GET /cormun/servlet/hpexe_return? HTTP/1.1" 200 1023
186.103.156.24 - - [02/Mar/2016:11:49:43 -0300] "GET /cormun/servlet/trsolicitudadjuntos?2016,362, HTTP/1.1" 200 7953
186.103.156.24 - - [02/Mar/2016:11:49:45 -0300] "GET /cormun/servlet/trsolicitudadjuntos?2016,362, HTTP/1.1" 200 7948
186.103.157.246 - - [02/Mar/2016:11:49:48 -0300] "GET /cormun/servlet/solicitudot?0f3d567439e73de225fea6ae2d44c3f12d4294ad3b880044941f8492befdd7be86a79899447670d53a781ae3d8bc6add,gx-no-cache=1456930219030 HTTP/1.1" 200 30
191.112.91.68 - - [02/Mar/2016:11:49:51 -0300] "GET /cormun/servlet/solicitudotadjuntos?INS,2016,355,,2, HTTP/1.1" 200 5469
191.112.91.68 - - [02/Mar/2016:11:49:52 -0300] "GET /cormun/static/about:blank HTTP/1.1" 404 1011
191.112.91.68 - - [02/Mar/2016:11:49:54 -0300] "GET /cormun/servlet/solicitudotadjuntos?INS,2016,355,,2, HTTP/1.1" 200 5462
191.112.91.68 - - [02/Mar/2016:11:49:54 -0300] "GET /cormun/servlet/solicitudotadjuntos?cc3825a6bcde85380411dea6bcbbd66bff3627d1dad65910064eaa0128b3b85265071cafe5fc2b06121d40f4d045fd08,gx-no-cache=1456930221609 HTTP/1.1" 200 30
191.112.91.68 - - [02/Mar/2016:11:49:55 -0300] "POST /cormun/servlet/solicitudotadjuntos?0c0ee8f3b383daf4648f2d40d97b65a9,INS,2016,355,,2,,gx-no-cache=1456930221806 HTTP/1.1" 200 3526
186.103.156.24 - - [02/Mar/2016:11:50:05 -0300] "POST /cormun/servlet/trsolicitudadjuntos?be3165041499b8058c65c42614994a57,2016,362,,gx-no-cache=1456930462992 HTTP/1.1" 200 90
186.103.156.24 - - [02/Mar/2016:11:50:05 -0300] "GET /cormun/servlet/hpexe_link HTTP/1.1" 200 972
186.103.156.24 - - [02/Mar/2016:11:50:05 -0300] "GET /cormun/servlet/trautorizarsolicitud? HTTP/1.1" 200 9280
186.103.156.24 - - [02/Mar/2016:11:50:06 -0300] "GET /cormun/servlet/trautorizarsolicitud? HTTP/1.1" 200 9279
186.103.156.24 - - [02/Mar/2016:11:50:19 -0300] "POST /cormun/servlet/trautorizarsolicitud?be3165041499b8058c65c42614994a57,,gx-no-cache=1456930479429 HTTP/1.1" 200 6841
186.103.156.24 - - [02/Mar/2016:11:50:20 -0300] "POST /cormun/servlet/trautorizarsolicitud?be3165041499b8058c65c42614994a57,,gx-no-cache=1456930479757 HTTP/1.1" 200 6841
186.103.156.24 - - [02/Mar/2016:11:50:20 -0300] "POST /cormun/servlet/trautorizarsolicitud?be3165041499b8058c65c42614994a57,,gx-no-cache=1456930480073 HTTP/1.1" 200 6840
186.103.156.24 - - [02/Mar/2016:11:50:21 -0300] "POST /cormun/servlet/trautorizarsolicitud?be3165041499b8058c65c42614994a57,,gx-no-cache=1456930480481 HTTP/1.1" 200 6840
186.103.156.24 - - [02/Mar/2016:11:50:21 -0300] "POST /cormun/servlet/trautorizarsolicitud?be3165041499b8058c65c42614994a57,,gx-no-cache=1456930481252 HTTP/1.1" 200 6841
186.103.156.24 - - [02/Mar/2016:11:50:22 -0300] "POST /cormun/servlet/trautorizarsolicitud?be3165041499b8058c65c42614994a57,,gx-no-cache=1456930481775 HTTP/1.1" 200 6842
186.103.156.24 - - [02/Mar/2016:11:50:23 -0300] "POST /cormun/servlet/trautorizarsolicitud?be3165041499b8058c65c42614994a57,,gx-no-cache=1456930482298 HTTP/1.1" 200 6841
186.103.156.24 - - [02/Mar/2016:11:50:23 -0300] "POST /cormun/servlet/trautorizarsolicitud?be3165041499b8058c65c42614994a57,,gx-no-cache=1456930483339 HTTP/1.1" 200 6853
186.103.156.24 - - [02/Mar/2016:11:50:41 -0300] "POST /cormun/servlet/trautorizarsolicitud?be3165041499b8058c65c42614994a57,,gx-no-cache=1456930503793 HTTP/1.1" 200 3451
186.103.156.24 - - [02/Mar/2016:11:50:42 -0300] "GET /cormun/servlet/trautorizarsolicitud?58a62feccd4f09c34ded51384f811b4306595c54ba91726b49558330379eedaec658de9bacf43a604d1e44a0bd30b1909d87852947a41d2837b8c5a43488cfc166458aaf829de4f1a6c47a005078bd7632984ee92d012945916ae09c8d8f545c2b9b39ff240af66161ea9ae3114a2b57,gx-no-cache=1456930504196 HTTP/1.1" 200 742
191.112.87.159 - - [02/Mar/2016:11:50:52 -0300] "GET /cormun/servlet/trsolicitudot? HTTP/1.1" 200 6143
191.112.87.159 - - [02/Mar/2016:11:50:53 -0300] "GET /cormun/servlet/trsolicitudot? HTTP/1.1" 200 6143
191.112.87.159 - - [02/Mar/2016:11:50:58 -0300] "GET /cormun/static/menuarrow.gif HTTP/1.1" 404 1015
186.103.156.24 - - [02/Mar/2016:11:50:59 -0300] "POST /cormun/servlet/trautorizarsolicitud?be3165041499b8058c65c42614994a57,,gx-no-cache=1456930523512 HTTP/1.1" 200 6841
186.103.156.24 - - [02/Mar/2016:11:50:59 -0300] "GET /cormun/servlet/trautorizarsolicitud?58a62feccd4f09c34ded51384f811b432b0920fff129eb78cff395b69d30102da407aa7e38196c5dc546530de895f4f79d87852947a41d2837b8c5a43488cfc166458aaf829de4f1a6c47a005078bd76a1d889f7d5465a8c9553c2901e2c985d5ac0cfecea250650d21d8ed25c6360d8,gx-no-cache=1456930524026 HTTP/1.1" 200 4502
192.168.10.89 - - [02/Mar/2016:11:51:18 -0300] "GET /cormun/servlet/hlogin HTTP/1.1" 200 1739
186.103.156.24 - - [02/Mar/2016:11:51:23 -0300] "GET /cormun/servlet/veautorizarsolicitud?2016,362,, HTTP/1.1" 200 7592
186.103.156.24 - - [02/Mar/2016:11:51:24 -0300] "GET /cormun/static/gxcfg.js?20163117315759 HTTP/1.1" 200 953
186.103.156.24 - - [02/Mar/2016:11:51:24 -0300] "GET /cormun/static/hwcviewtabs.js?20151120014372 HTTP/1.1" 200 1074
186.103.156.24 - - [02/Mar/2016:11:51:24 -0300] "GET /cormun/pexe_scrolldiv.js HTTP/1.1" 404 1009
186.103.156.24 - - [02/Mar/2016:11:51:24 -0300] "GET /cormun/static/veautorizarsolicitud.js?20163117315822 HTTP/1.1" 200 6140
186.103.156.24 - - [02/Mar/2016:11:51:24 -0300] "GET /cormun/static/hpexe_tabsview.js?20151120014350 HTTP/1.1" 200 1661
186.103.156.24 - - [02/Mar/2016:11:51:24 -0300] "GET /cormun/static/tbautorizarsolicitud01.js?20163117314344 HTTP/1.1" 200 27022
186.103.156.24 - - [02/Mar/2016:11:51:24 -0300] "GET /cormun/static/Resources/PXToolsTabFirstSelected.png HTTP/1.1" 200 1259
186.103.156.24 - - [02/Mar/2016:11:51:24 -0300] "GET /cormun/static/Resources/PXToolsTabLastUnselected.png HTTP/1.1" 200 1291
186.103.156.24 - - [02/Mar/2016:11:51:24 -0300] "GET /cormun/static/Resources/PXToolsTabNext.gif HTTP/1.1" 200 168
186.103.156.24 - - [02/Mar/2016:11:51:24 -0300] "GET /cormun/static/Resources/PXToolsTabPrevious.gif HTTP/1.1" 200 172
186.103.156.24 - - [02/Mar/2016:11:51:24 -0300] "GET /cormun/static/calendar-system.css HTTP/1.1" 200 5572
186.103.156.24 - - [02/Mar/2016:11:51:24 -0300] "GET /cormun/static/Resources/PXToolsTabBackSelected.png HTTP/1.1" 200 1157
186.103.156.24 - - [02/Mar/2016:11:51:24 -0300] "GET /cormun/static/Resources/PXToolsTabBackUnselected.png HTTP/1.1" 200 1175
186.103.156.24 - - [02/Mar/2016:11:51:24 -0300] "GET /cormun/static/Resources/PXToolsTabSelectedUnselected.png HTTP/1.1" 200 1428
186.103.156.24 - - [02/Mar/2016:11:51:24 -0300] "GET /cormun/static/Resources/PXToolsTabUnselectedUnselected.png HTTP/1.1" 200 1459
186.103.156.24 - - [02/Mar/2016:11:51:24 -0300] "GET /cormun/servlet/veautorizarsolicitud?2016,362,, HTTP/1.1" 200 7592
191.112.87.159 - - [02/Mar/2016:11:51:27 -0300] "POST /cormun/servlet/trsolicitudot?67bf934034d96584b21130ff03dba25f,,gx-no-cache=1456933912696 HTTP/1.1" 200 4896
191.112.87.159 - - [02/Mar/2016:11:51:27 -0300] "POST /cormun/servlet/trsolicitudot?67bf934034d96584b21130ff03dba25f,,gx-no-cache=1456933914206 HTTP/1.1" 200 4897
191.112.87.159 - - [02/Mar/2016:11:51:28 -0300] "GET /cormun//static/Resources/PXToolsGridUpdate.png HTTP/1.1" 200 2984
191.112.87.159 - - [02/Mar/2016:11:51:28 -0300] "GET /cormun//static/Resources/PXToolsGridDelete.png HTTP/1.1" 200 357
191.112.87.159 - - [02/Mar/2016:11:51:28 -0300] "GET /cormun//static/Resources/PXToolsRemoveAllAction.png HTTP/1.1" 200 3558
191.112.87.159 - - [02/Mar/2016:11:51:28 -0300] "GET /cormun//static/Resources/PXTools/ActionInsert.png HTTP/1.1" 200 1482
191.112.87.159 - - [02/Mar/2016:11:51:28 -0300] "GET /cormun//static/Resources/PXToolsActionView.png HTTP/1.1" 200 2995
186.103.156.24 - - [02/Mar/2016:11:51:36 -0300] "GET /cormun/servlet/veautorizarsolicitud?2016,362,,SolicitudOTAdjuntos HTTP/1.1" 200 8974
186.103.156.24 - - [02/Mar/2016:11:51:36 -0300] "GET /cormun/pexe_scrolldiv.js HTTP/1.1" 404 1009
186.103.156.24 - - [02/Mar/2016:11:51:36 -0300] "GET /cormun/static/tbautorizarsolicitud02.js?20163117313928 HTTP/1.1" 200 13822
186.103.156.24 - - [02/Mar/2016:11:51:37 -0300] "GET /cormun/static/gxui/gxui-all.css HTTP/1.1" 200 2179
186.103.156.24 - - [02/Mar/2016:11:51:37 -0300] "GET /cormun/static/Resources/PXToolsTabUnselectedSelected.png HTTP/1.1" 200 1444
186.103.156.24 - - [02/Mar/2016:11:51:37 -0300] "GET /cormun/static/Resources/PXToolsTabFirstUnselected.png HTTP/1.1" 200 1264
186.103.156.24 - - [02/Mar/2016:11:51:37 -0300] "GET /cormun/static/Shared/ext/resources/css/ext-all.css HTTP/1.1" 200 416045
186.103.156.24 - - [02/Mar/2016:11:51:37 -0300] "GET /cormun/servlet/veautorizarsolicitud?2016,362,,SolicitudOTAdjuntos HTTP/1.1" 200 8978
186.103.156.24 - - [02/Mar/2016:11:51:38 -0300] "POST /cormun/servlet/acontrolpreferencessavestate?None,GALVAREZ,true HTTP/1.1" 200 35
191.112.87.159 - - [02/Mar/2016:11:51:39 -0300] "GET /cormun/servlet/trvisualizadoreventos? HTTP/1.1" 200 5935
191.112.87.159 - - [02/Mar/2016:11:51:39 -0300] "GET /cormun/static/gxcfg.js?2016251828014 HTTP/1.1" 200 953
191.112.87.159 - - [02/Mar/2016:11:51:39 -0300] "GET /cormun/static/Resources/PXToolsActionPrint.png HTTP/1.1" 200 3317
191.112.87.159 - - [02/Mar/2016:11:51:40 -0300] "GET /cormun/static/trvisualizadoreventos.js?2016251828276 HTTP/1.1" 200 19096
191.112.87.159 - - [02/Mar/2016:11:51:40 -0300] "GET /cormun/static/Resources/Spanish/PXTools.css?17554516 HTTP/1.1" 200 89042
191.112.87.159 - - [02/Mar/2016:11:51:42 -0300] "GET /cormun/servlet/trvisualizadoreventos? HTTP/1.1" 200 5935
191.112.87.159 - - [02/Mar/2016:11:51:43 -0300] "POST /cormun/servlet/acontrolpreferencessavestate?None,JPARRAGUEZ,true HTTP/1.1" 200 35
186.103.156.24 - - [02/Mar/2016:11:51:45 -0300] "GET /cormun/servlet/veautorizarsolicitud?2016,362,,SolicitudOTLog HTTP/1.1" 200 6463
186.103.156.24 - - [02/Mar/2016:11:51:45 -0300] "GET /cormun/pexe_scrolldiv.js HTTP/1.1" 404 1009
186.103.156.24 - - [02/Mar/2016:11:51:45 -0300] "GET /cormun/static/tbautorizarsolicitud03.js?20163117313579 HTTP/1.1" 200 12400
186.103.156.24 - - [02/Mar/2016:11:51:45 -0300] "GET /cormun/static/Resources/PXToolsTabLastSelected.png HTTP/1.1" 200 1262
186.103.156.24 - - [02/Mar/2016:11:51:46 -0300] "GET /cormun/servlet/veautorizarsolicitud?2016,362,,SolicitudOTLog HTTP/1.1" 200 6462
186.103.156.24 - - [02/Mar/2016:11:51:47 -0300] "POST /cormun/servlet/acontrolpreferencessavestate?None,GALVAREZ,true HTTP/1.1" 200 35
191.112.87.159 - - [02/Mar/2016:11:51:47 -0300] "POST /cormun/servlet/trvisualizadoreventos?67bf934034d96584b21130ff03dba25f,,gx-no-cache=1456933934059 HTTP/1.1" 200 3287
186.103.156.24 - - [02/Mar/2016:11:51:47 -0300] "GET /cormun/servlet/veautorizarsolicitud?2016,362,,SolicitudOTAdjuntos HTTP/1.1" 200 8988
186.103.156.24 - - [02/Mar/2016:11:51:48 -0300] "GET /cormun/pexe_scrolldiv.js HTTP/1.1" 404 1009
191.112.87.159 - - [02/Mar/2016:11:51:48 -0300] "POST /cormun/servlet/trvisualizadoreventos?67bf934034d96584b21130ff03dba25f,,gx-no-cache=1456933934526 HTTP/1.1" 200 3287
191.112.87.159 - - [02/Mar/2016:11:51:48 -0300] "POST /cormun/servlet/trvisualizadoreventos?67bf934034d96584b21130ff03dba25f,,gx-no-cache=1456933934871 HTTP/1.1" 200 3287
186.103.156.24 - - [02/Mar/2016:11:51:48 -0300] "GET /cormun/servlet/veautorizarsolicitud?2016,362,,SolicitudOTAdjuntos HTTP/1.1" 200 8987
191.112.87.159 - - [02/Mar/2016:11:51:48 -0300] "POST /cormun/servlet/trvisualizadoreventos?67bf934034d96584b21130ff03dba25f,,gx-no-cache=1456933935231 HTTP/1.1" 200 3287
186.103.156.24 - - [02/Mar/2016:11:51:49 -0300] "POST /cormun/servlet/acontrolpreferencessavestate?None,GALVAREZ,true HTTP/1.1" 200 35
186.103.156.24 - - [02/Mar/2016:11:51:55 -0300] "GET /cormun/servlet/veautorizarsolicitud?2016,362,,General HTTP/1.1" 200 7611
186.103.156.24 - - [02/Mar/2016:11:51:55 -0300] "GET /cormun/pexe_scrolldiv.js HTTP/1.1" 404 1009
186.103.156.24 - - [02/Mar/2016:11:51:55 -0300] "GET /cormun/servlet/veautorizarsolicitud?2016,362,,General HTTP/1.1" 200 7611
191.112.87.159 - - [02/Mar/2016:11:51:57 -0300] "GET /cormun/servlet/trautorizarsolicitud? HTTP/1.1" 200 6101
191.112.87.159 - - [02/Mar/2016:11:51:58 -0300] "GET /cormun/servlet/trautorizarsolicitud? HTTP/1.1" 200 6100
192.168.10.89 - - [02/Mar/2016:11:52:00 -0300] "POST /cormun/servlet/hlogin?a71a54fb63298fe2410017a0521d7eb1,gx-no-cache=1456930073038 HTTP/1.1" 200 90
192.168.10.89 - - [02/Mar/2016:11:52:00 -0300] "GET /cormun/servlet/hpexe_link HTTP/1.1" 200 949
192.168.10.89 - - [02/Mar/2016:11:52:02 -0300] "GET /cormun/servlet/hhome HTTP/1.1" 200 3439
186.103.156.24 - - [02/Mar/2016:11:52:02 -0300] "POST /cormun/servlet/veautorizarsolicitud?be3165041499b8058c65c42614994a57,2016,362,,General,gx-no-cache=1456930593546 HTTP/1.1" 200 93
186.103.156.24 - - [02/Mar/2016:11:52:02 -0300] "GET /cormun/servlet/hpexe_return? HTTP/1.1" 200 1020
186.103.156.24 - - [02/Mar/2016:11:52:02 -0300] "GET /cormun/servlet/trautorizarsolicitud? HTTP/1.1" 200 9306
186.103.156.24 - - [02/Mar/2016:11:52:03 -0300] "GET /cormun/servlet/trautorizarsolicitud? HTTP/1.1" 200 9303
186.103.157.246 - - [02/Mar/2016:11:52:04 -0300] "POST /cormun/servlet/solicitudot?gx-no-cache=1456930355728 HTTP/1.1" 200 30
186.103.157.246 - - [02/Mar/2016:11:52:08 -0300] "POST /cormun/servlet/solicitudot?gx-no-cache=1456930358849 HTTP/1.1" 200 30
191.112.87.159 - - [02/Mar/2016:11:52:12 -0300] "POST /cormun/servlet/trautorizarsolicitud?67bf934034d96584b21130ff03dba25f,,gx-no-cache=1456933958208 HTTP/1.1" 200 5212
186.103.157.246 - - [02/Mar/2016:11:52:13 -0300] "POST /cormun/servlet/solicitudot?gx-no-cache=1456930364390 HTTP/1.1" 200 452
186.103.157.246 - - [02/Mar/2016:11:52:13 -0300] "GET /cormun/servlet/solicitudot?0f3d567439e73de225fea6ae2d44c3f1436b0665ccd8296061402d505e73492f996870ea8707e5e6a00eb0c2969f2ed8a096393d978b08bac455d4a33e93ca57e6802649b7d576164691f30d09f148a6d7b9eea704aee8192980773ab770f53bb7e2830b07082478ead3440663cb4a30c5357cb5fc3e667b15349620dd2f0330986d14db0d883d8e9eaffa8b04afc549,gx-no-cache=1456930364490 HTTP/1.1" 200 38
191.112.87.159 - - [02/Mar/2016:11:52:13 -0300] "POST /cormun/servlet/trautorizarsolicitud?67bf934034d96584b21130ff03dba25f,,gx-no-cache=1456933959733 HTTP/1.1" 200 5212
192.168.10.89 - - [02/Mar/2016:11:52:13 -0300] "GET /cormun/servlet/trsolicitudot? HTTP/1.1" 200 6177
186.103.156.24 - - [02/Mar/2016:11:52:14 -0300] "POST /cormun/servlet/trautorizarsolicitud?be3165041499b8058c65c42614994a57,,gx-no-cache=1456930605438 HTTP/1.1" 200 6843
186.103.156.24 - - [02/Mar/2016:11:52:14 -0300] "POST /cormun/servlet/trautorizarsolicitud?be3165041499b8058c65c42614994a57,,gx-no-cache=1456930606578 HTTP/1.1" 200 6843
186.103.156.24 - - [02/Mar/2016:11:52:15 -0300] "POST /cormun/servlet/trautorizarsolicitud?be3165041499b8058c65c42614994a57,,gx-no-cache=1456930607216 HTTP/1.1" 200 6842
186.103.156.24 - - [02/Mar/2016:11:52:15 -0300] "POST /cormun/servlet/trautorizarsolicitud?be3165041499b8058c65c42614994a57,,gx-no-cache=1456930607903 HTTP/1.1" 200 6843
186.103.156.24 - - [02/Mar/2016:11:52:16 -0300] "POST /cormun/servlet/trautorizarsolicitud?be3165041499b8058c65c42614994a57,,gx-no-cache=1456930608279 HTTP/1.1" 200 6843
186.103.156.24 - - [02/Mar/2016:11:52:16 -0300] "POST /cormun/servlet/trautorizarsolicitud?be3165041499b8058c65c42614994a57,,gx-no-cache=1456930608637 HTTP/1.1" 200 6843
186.103.156.24 - - [02/Mar/2016:11:52:17 -0300] "POST /cormun/servlet/trautorizarsolicitud?be3165041499b8058c65c42614994a57,,gx-no-cache=1456930609283 HTTP/1.1" 200 6843
192.168.10.89 - - [02/Mar/2016:11:52:17 -0300] "GET /cormun/static/menuarrow.gif HTTP/1.1" 404 1015
186.103.156.24 - - [02/Mar/2016:11:52:17 -0300] "POST /cormun/servlet/trautorizarsolicitud?be3165041499b8058c65c42614994a57,,gx-no-cache=1456930609738 HTTP/1.1" 200 6856
192.168.10.89 - - [02/Mar/2016:11:52:23 -0300] "POST /cormun/servlet/trsolicitudot?a71a54fb63298fe2410017a0521d7eb1,,gx-no-cache=1456930096371 HTTP/1.1" 200 6653
192.168.10.89 - - [02/Mar/2016:11:52:23 -0300] "POST /cormun/servlet/trsolicitudot?a71a54fb63298fe2410017a0521d7eb1,,gx-no-cache=1456930096777 HTTP/1.1" 200 6653
186.103.156.24 - - [02/Mar/2016:11:52:24 -0300] "POST /cormun/servlet/trautorizarsolicitud?be3165041499b8058c65c42614994a57,,gx-no-cache=1456930616809 HTTP/1.1" 200 6843
192.168.10.89 - - [02/Mar/2016:11:52:24 -0300] "POST /cormun/servlet/trsolicitudot?a71a54fb63298fe2410017a0521d7eb1,,gx-no-cache=1456930097285 HTTP/1.1" 200 6654
186.103.156.24 - - [02/Mar/2016:11:52:24 -0300] "POST /cormun/servlet/trautorizarsolicitud?be3165041499b8058c65c42614994a57,,gx-no-cache=1456930617242 HTTP/1.1" 200 6844
192.168.10.89 - - [02/Mar/2016:11:52:25 -0300] "POST /cormun/servlet/trsolicitudot?a71a54fb63298fe2410017a0521d7eb1,,gx-no-cache=1456930097842 HTTP/1.1" 200 6654
186.103.156.24 - - [02/Mar/2016:11:52:25 -0300] "POST /cormun/servlet/trautorizarsolicitud?be3165041499b8058c65c42614994a57,,gx-no-cache=1456930617684 HTTP/1.1" 200 6843
186.103.156.24 - - [02/Mar/2016:11:52:25 -0300] "POST /cormun/servlet/trautorizarsolicitud?be3165041499b8058c65c42614994a57,,gx-no-cache=1456930618148 HTTP/1.1" 200 6843
192.168.10.89 - - [02/Mar/2016:11:52:25 -0300] "POST /cormun/servlet/trsolicitudot?a71a54fb63298fe2410017a0521d7eb1,,gx-no-cache=1456930098495 HTTP/1.1" 200 6652
186.103.156.24 - - [02/Mar/2016:11:52:26 -0300] "POST /cormun/servlet/trautorizarsolicitud?be3165041499b8058c65c42614994a57,,gx-no-cache=1456930618600 HTTP/1.1" 200 6843
192.168.10.89 - - [02/Mar/2016:11:52:26 -0300] "POST /cormun/servlet/trsolicitudot?a71a54fb63298fe2410017a0521d7eb1,,gx-no-cache=1456930099248 HTTP/1.1" 200 6653
191.112.87.159 - - [02/Mar/2016:11:52:26 -0300] "POST /cormun/servlet/trautorizarsolicitud?67bf934034d96584b21130ff03dba25f,,gx-no-cache=1456933973040 HTTP/1.1" 200 5212
186.103.156.24 - - [02/Mar/2016:11:52:26 -0300] "POST /cormun/servlet/trautorizarsolicitud?be3165041499b8058c65c42614994a57,,gx-no-cache=1456930619448 HTTP/1.1" 200 6843
192.168.10.89 - - [02/Mar/2016:11:52:27 -0300] "POST /cormun/servlet/trsolicitudot?a71a54fb63298fe2410017a0521d7eb1,,gx-no-cache=1456930100093 HTTP/1.1" 200 6653
186.103.156.24 - - [02/Mar/2016:11:52:27 -0300] "POST /cormun/servlet/trautorizarsolicitud?be3165041499b8058c65c42614994a57,,gx-no-cache=1456930619956 HTTP/1.1" 200 6843
191.112.87.159 - - [02/Mar/2016:11:52:27 -0300] "POST /cormun/servlet/trautorizarsolicitud?67bf934034d96584b21130ff03dba25f,,gx-no-cache=1456933973700 HTTP/1.1" 200 5211
191.112.87.159 - - [02/Mar/2016:11:52:27 -0300] "POST /cormun/servlet/trautorizarsolicitud?67bf934034d96584b21130ff03dba25f,,gx-no-cache=1456933974216 HTTP/1.1" 200 5211
186.103.156.24 - - [02/Mar/2016:11:52:28 -0300] "POST /cormun/servlet/trautorizarsolicitud?be3165041499b8058c65c42614994a57,,gx-no-cache=1456930620569 HTTP/1.1" 200 6855
191.112.87.159 - - [02/Mar/2016:11:52:28 -0300] "POST /cormun/servlet/trautorizarsolicitud?67bf934034d96584b21130ff03dba25f,,gx-no-cache=1456933974732 HTTP/1.1" 200 5212
191.112.87.159 - - [02/Mar/2016:11:52:28 -0300] "POST /cormun/servlet/trautorizarsolicitud?67bf934034d96584b21130ff03dba25f,,gx-no-cache=1456933975227 HTTP/1.1" 200 5212
191.112.87.159 - - [02/Mar/2016:11:52:29 -0300] "POST /cormun/servlet/trautorizarsolicitud?67bf934034d96584b21130ff03dba25f,,gx-no-cache=1456933975737 HTTP/1.1" 200 4892
191.112.87.159 - - [02/Mar/2016:11:52:29 -0300] "GET /cormun/static/Shared/jqueryui/images/ui-bg_highlight-soft_100_c6c2c8_1x100.png HTTP/1.1" 404 1117
191.112.87.159 - - [02/Mar/2016:11:52:29 -0300] "GET /cormun/static/Shared/jqueryui/images/ui-icons_82798d_256x240.png HTTP/1.1" 404 1089
191.112.87.159 - - [02/Mar/2016:11:52:29 -0300] "GET /cormun/static/Shared/jqueryui/images/ui-bg_flat_55_fafafa_40x100.png HTTP/1.1" 404 1097
191.112.87.159 - - [02/Mar/2016:11:52:29 -0300] "GET /cormun/static/Shared/jqueryui/images/ui-icons_8d78a5_256x240.png HTTP/1.1" 404 1089
191.112.87.159 - - [02/Mar/2016:11:52:30 -0300] "POST /cormun/servlet/trautorizarsolicitud?67bf934034d96584b21130ff03dba25f,,gx-no-cache=1456933976284 HTTP/1.1" 200 4837
