192.168.10.89 - - [02/Mar/2016:11:52:32 -0300] "POST /cormun/servlet/trsolicitudot?a71a54fb63298fe2410017a0521d7eb1,,gx-no-cache=1456930101043 HTTP/1.1" 200 6652
191.112.87.159 - - [02/Mar/2016:11:52:36 -0300] "POST /cormun/servlet/trautorizarsolicitud?67bf934034d96584b21130ff03dba25f,,gx-no-cache=1456933982597 HTTP/1.1" 200 3594
191.112.87.159 - - [02/Mar/2016:11:52:36 -0300] "POST /cormun/servlet/trautorizarsolicitud?67bf934034d96584b21130ff03dba25f,,gx-no-cache=1456933983071 HTTP/1.1" 200 3445
186.103.156.24 - - [02/Mar/2016:11:52:42 -0300] "POST /cormun/servlet/trautorizarsolicitud?be3165041499b8058c65c42614994a57,,gx-no-cache=1456930636130 HTTP/1.1" 200 6843
186.103.156.24 - - [02/Mar/2016:11:52:42 -0300] "POST /cormun/servlet/trautorizarsolicitud?be3165041499b8058c65c42614994a57,,gx-no-cache=1456930636695 HTTP/1.1" 200 6844
186.103.156.24 - - [02/Mar/2016:11:52:43 -0300] "POST /cormun/servlet/trautorizarsolicitud?be3165041499b8058c65c42614994a57,,gx-no-cache=1456930637240 HTTP/1.1" 200 6843
186.103.156.24 - - [02/Mar/2016:11:52:43 -0300] "POST /cormun/servlet/trautorizarsolicitud?be3165041499b8058c65c42614994a57,,gx-no-cache=1456930637812 HTTP/1.1" 200 6843
186.103.156.24 - - [02/Mar/2016:11:52:44 -0300] "POST /cormun/servlet/trautorizarsolicitud?be3165041499b8058c65c42614994a57,,gx-no-cache=1456930638676 HTTP/1.1" 200 6843
186.103.156.24 - - [02/Mar/2016:11:52:45 -0300] "POST /cormun/servlet/trautorizarsolicitud?be3165041499b8058c65c42614994a57,,gx-no-cache=1456930639316 HTTP/1.1" 200 6843
186.103.156.24 - - [02/Mar/2016:11:52:45 -0300] "POST /cormun/servlet/trautorizarsolicitud?be3165041499b8058c65c42614994a57,,gx-no-cache=1456930640009 HTTP/1.1" 200 6843
186.103.156.24 - - [02/Mar/2016:11:52:46 -0300] "POST /cormun/servlet/trautorizarsolicitud?be3165041499b8058c65c42614994a57,,gx-no-cache=1456930640733 HTTP/1.1" 200 6856
192.168.10.98 - - [02/Mar/2016:11:52:49 -0300] "GET /cormun/servlet/hlogin HTTP/1.1" 200 1711
186.103.156.24 - - [02/Mar/2016:11:52:51 -0300] "POST /cormun/servlet/trautorizarsolicitud?be3165041499b8058c65c42614994a57,,gx-no-cache=1456930645527 HTTP/1.1" 200 6843
186.103.156.24 - - [02/Mar/2016:11:52:51 -0300] "POST /cormun/servlet/trautorizarsolicitud?be3165041499b8058c65c42614994a57,,gx-no-cache=1456930646251 HTTP/1.1" 200 6842
186.103.156.24 - - [02/Mar/2016:11:52:53 -0300] "POST /cormun/servlet/trautorizarsolicitud?be3165041499b8058c65c42614994a57,,gx-no-cache=1456930646919 HTTP/1.1" 200 6843
186.103.156.24 - - [02/Mar/2016:11:52:54 -0300] "POST /cormun/servlet/trautorizarsolicitud?be3165041499b8058c65c42614994a57,,gx-no-cache=1456930648285 HTTP/1.1" 200 6843
186.103.156.24 - - [02/Mar/2016:11:52:54 -0300] "POST /cormun/servlet/trautorizarsolicitud?be3165041499b8058c65c42614994a57,,gx-no-cache=1456930649263 HTTP/1.1" 200 6843
186.103.156.24 - - [02/Mar/2016:11:52:55 -0300] "POST /cormun/servlet/trautorizarsolicitud?be3165041499b8058c65c42614994a57,,gx-no-cache=1456930649993 HTTP/1.1" 200 6843
186.103.156.24 - - [02/Mar/2016:11:52:56 -0300] "POST /cormun/servlet/trautorizarsolicitud?be3165041499b8058c65c42614994a57,,gx-no-cache=1456930650739 HTTP/1.1" 200 6843
186.103.156.24 - - [02/Mar/2016:11:52:56 -0300] "POST /cormun/servlet/trautorizarsolicitud?be3165041499b8058c65c42614994a57,,gx-no-cache=1456930651504 HTTP/1.1" 200 6855
192.168.10.89 - - [02/Mar/2016:11:52:57 -0300] "GET /cormun/servlet/hhome HTTP/1.1" 200 3439
186.103.156.24 - - [02/Mar/2016:11:53:04 -0300] "POST /cormun/servlet/trautorizarsolicitud?be3165041499b8058c65c42614994a57,,gx-no-cache=1456930659426 HTTP/1.1" 200 6843
186.103.156.24 - - [02/Mar/2016:11:53:04 -0300] "POST /cormun/servlet/trautorizarsolicitud?be3165041499b8058c65c42614994a57,,gx-no-cache=1456930660234 HTTP/1.1" 200 6843
186.103.156.24 - - [02/Mar/2016:11:53:06 -0300] "POST /cormun/servlet/trautorizarsolicitud?be3165041499b8058c65c42614994a57,,gx-no-cache=1456930661034 HTTP/1.1" 200 6843
186.103.156.24 - - [02/Mar/2016:11:53:07 -0300] "POST /cormun/servlet/trautorizarsolicitud?be3165041499b8058c65c42614994a57,,gx-no-cache=1456930662336 HTTP/1.1" 200 6843
186.103.156.24 - - [02/Mar/2016:11:53:07 -0300] "POST /cormun/servlet/trautorizarsolicitud?be3165041499b8058c65c42614994a57,,gx-no-cache=1456930663173 HTTP/1.1" 200 6842
186.103.156.24 - - [02/Mar/2016:11:53:08 -0300] "POST /cormun/servlet/trautorizarsolicitud?be3165041499b8058c65c42614994a57,,gx-no-cache=1456930664081 HTTP/1.1" 200 6843
186.103.156.24 - - [02/Mar/2016:11:53:09 -0300] "POST /cormun/servlet/trautorizarsolicitud?be3165041499b8058c65c42614994a57,,gx-no-cache=1456930664926 HTTP/1.1" 200 6843
186.103.156.24 - - [02/Mar/2016:11:53:11 -0300] "POST /cormun/servlet/trautorizarsolicitud?be3165041499b8058c65c42614994a57,,gx-no-cache=1456930665832 HTTP/1.1" 200 6856
192.168.10.98 - - [02/Mar/2016:11:53:12 -0300] "POST /cormun/servlet/hlogin?a5ef76c73876a25ce4e755f4c48e4d8c,gx-no-cache=1456930144835 HTTP/1.1" 200 90
192.168.10.98 - - [02/Mar/2016:11:53:12 -0300] "GET /cormun/servlet/hpexe_link HTTP/1.1" 200 945
192.168.10.98 - - [02/Mar/2016:11:53:12 -0300] "GET /cormun/servlet/hhome HTTP/1.1" 200 3374
192.168.10.98 - - [02/Mar/2016:11:53:12 -0300] "GET /cormun/servlet/hhome HTTP/1.1" 200 3371
186.103.156.24 - - [02/Mar/2016:11:53:16 -0300] "POST /cormun/servlet/trautorizarsolicitud?be3165041499b8058c65c42614994a57,,gx-no-cache=1456930671727 HTTP/1.1" 200 6843
186.103.156.24 - - [02/Mar/2016:11:53:16 -0300] "POST /cormun/servlet/trautorizarsolicitud?be3165041499b8058c65c42614994a57,,gx-no-cache=1456930672705 HTTP/1.1" 200 6843
186.103.156.24 - - [02/Mar/2016:11:53:18 -0300] "POST /cormun/servlet/trautorizarsolicitud?be3165041499b8058c65c42614994a57,,gx-no-cache=1456930673616 HTTP/1.1" 200 6842
186.103.156.24 - - [02/Mar/2016:11:53:19 -0300] "POST /cormun/servlet/trautorizarsolicitud?be3165041499b8058c65c42614994a57,,gx-no-cache=1456930674790 HTTP/1.1" 200 6843
192.168.10.89 - - [02/Mar/2016:11:53:19 -0300] "GET /cormun/servlet/hhome HTTP/1.1" 200 3227
192.168.10.89 - - [02/Mar/2016:11:53:19 -0300] "GET /cormun/static/gxcfg.js?2015112210564248 HTTP/1.1" 304 -
192.168.10.89 - - [02/Mar/2016:11:53:19 -0300] "GET /cormun/static/messages.spa.js?85251 HTTP/1.1" 304 -
192.168.10.89 - - [02/Mar/2016:11:53:19 -0300] "GET /cormun/static/hhome.js?2015112210564255 HTTP/1.1" 304 -
192.168.10.89 - - [02/Mar/2016:11:53:19 -0300] "GET /cormun/static/hwchdr01.js?20162241650484 HTTP/1.1" 304 -
192.168.10.89 - - [02/Mar/2016:11:53:19 -0300] "GET /cormun/static/hpexe_recentlink.js?2015111312121342 HTTP/1.1" 304 -
192.168.10.89 - - [02/Mar/2016:11:53:19 -0300] "GET /cormun/static/hpexe_scripts.js?20151120014546 HTTP/1.1" 304 -
192.168.10.89 - - [02/Mar/2016:11:53:19 -0300] "GET /cormun/static/hpexe_messagecontroller.js?2015112210524422 HTTP/1.1" 304 -
192.168.10.89 - - [02/Mar/2016:11:53:19 -0300] "GET /cormun/static/hpexe_messagepopupcomponent.js?2016311717983 HTTP/1.1" 304 -
192.168.10.89 - - [02/Mar/2016:11:53:19 -0300] "GET /cormun/static/hpexe_messagegenexuscomponent.js?20151120014314 HTTP/1.1" 304 -
192.168.10.89 - - [02/Mar/2016:11:53:19 -0300] "GET /cormun/static/cmcontrolpreferences.js?20151120014525 HTTP/1.1" 304 -
192.168.10.89 - - [02/Mar/2016:11:53:19 -0300] "GET /cormun/static/hmpwkw03.js?20163114183826 HTTP/1.1" 304 -
186.103.156.24 - - [02/Mar/2016:11:53:20 -0300] "POST /cormun/servlet/trautorizarsolicitud?be3165041499b8058c65c42614994a57,,gx-no-cache=1456930675758 HTTP/1.1" 200 6843
192.168.10.89 - - [02/Mar/2016:11:53:20 -0300] "GET /cormun/servlet/hlogin HTTP/1.1" 200 1733
192.168.10.89 - - [02/Mar/2016:11:53:20 -0300] "GET /cormun/static/Resources/Spanish/PXTools.css?005343 HTTP/1.1" 304 -
192.168.10.89 - - [02/Mar/2016:11:53:20 -0300] "GET /cormun/static/gxcfg.js?20151120045111 HTTP/1.1" 304 -
192.168.10.89 - - [02/Mar/2016:11:53:20 -0300] "GET /cormun/static/hlogin.js?20151120045126 HTTP/1.1" 304 -
186.103.156.24 - - [02/Mar/2016:11:53:20 -0300] "POST /cormun/servlet/trautorizarsolicitud?be3165041499b8058c65c42614994a57,,gx-no-cache=1456930676744 HTTP/1.1" 200 6843
186.103.156.24 - - [02/Mar/2016:11:53:22 -0300] "POST /cormun/servlet/trautorizarsolicitud?be3165041499b8058c65c42614994a57,,gx-no-cache=1456930677721 HTTP/1.1" 200 6843
186.103.156.24 - - [02/Mar/2016:11:53:23 -0300] "POST /cormun/servlet/trautorizarsolicitud?be3165041499b8058c65c42614994a57,,gx-no-cache=1456930678790 HTTP/1.1" 200 6844
186.103.156.24 - - [02/Mar/2016:11:53:24 -0300] "POST /cormun/servlet/trautorizarsolicitud?be3165041499b8058c65c42614994a57,,gx-no-cache=1456930679786 HTTP/1.1" 200 6843
192.168.10.98 - - [02/Mar/2016:11:53:24 -0300] "GET /cormun/servlet/trsolicitudot? HTTP/1.1" 200 6112
186.103.156.24 - - [02/Mar/2016:11:53:25 -0300] "POST /cormun/servlet/trautorizarsolicitud?be3165041499b8058c65c42614994a57,,gx-no-cache=1456930680790 HTTP/1.1" 200 6843
192.168.10.98 - - [02/Mar/2016:11:53:25 -0300] "GET /cormun/servlet/trsolicitudot? HTTP/1.1" 200 6111
186.103.156.24 - - [02/Mar/2016:11:53:26 -0300] "POST /cormun/servlet/trautorizarsolicitud?be3165041499b8058c65c42614994a57,,gx-no-cache=1456930681848 HTTP/1.1" 200 6843
186.103.156.24 - - [02/Mar/2016:11:53:27 -0300] "POST /cormun/servlet/trautorizarsolicitud?be3165041499b8058c65c42614994a57,,gx-no-cache=1456930682864 HTTP/1.1" 200 6843
186.103.156.24 - - [02/Mar/2016:11:53:28 -0300] "POST /cormun/servlet/trautorizarsolicitud?be3165041499b8058c65c42614994a57,,gx-no-cache=1456930683933 HTTP/1.1" 200 6843
186.103.156.24 - - [02/Mar/2016:11:53:29 -0300] "POST /cormun/servlet/trautorizarsolicitud?be3165041499b8058c65c42614994a57,,gx-no-cache=1456930685003 HTTP/1.1" 200 6843
192.168.10.98 - - [02/Mar/2016:11:53:30 -0300] "GET /cormun/static/menuarrow.gif HTTP/1.1" 404 1015
186.103.156.24 - - [02/Mar/2016:11:53:31 -0300] "POST /cormun/servlet/trautorizarsolicitud?be3165041499b8058c65c42614994a57,,gx-no-cache=1456930686555 HTTP/1.1" 200 6856
191.112.87.159 - - [02/Mar/2016:11:53:31 -0300] "POST /cormun/servlet/trautorizarsolicitud?67bf934034d96584b21130ff03dba25f,,gx-no-cache=1456934037712 HTTP/1.1" 200 3468
191.112.87.159 - - [02/Mar/2016:11:53:31 -0300] "POST /cormun/servlet/trautorizarsolicitud?67bf934034d96584b21130ff03dba25f,,gx-no-cache=1456934038163 HTTP/1.1" 200 3468
191.112.87.159 - - [02/Mar/2016:11:53:32 -0300] "POST /cormun/servlet/trautorizarsolicitud?67bf934034d96584b21130ff03dba25f,,gx-no-cache=1456934038583 HTTP/1.1" 200 3468
191.112.87.159 - - [02/Mar/2016:11:53:32 -0300] "POST /cormun/servlet/trautorizarsolicitud?67bf934034d96584b21130ff03dba25f,,gx-no-cache=1456934039008 HTTP/1.1" 200 3468
192.168.10.89 - - [02/Mar/2016:11:53:36 -0300] "POST /cormun/servlet/hlogin?889d65e61d1fb336d575481861b0d931,gx-no-cache=1456930169765 HTTP/1.1" 200 444
186.103.156.24 - - [02/Mar/2016:11:53:36 -0300] "POST /cormun/servlet/trautorizarsolicitud?be3165041499b8058c65c42614994a57,,gx-no-cache=1456930693159 HTTP/1.1" 200 6842
186.103.156.24 - - [02/Mar/2016:11:53:38 -0300] "POST /cormun/servlet/trautorizarsolicitud?be3165041499b8058c65c42614994a57,,gx-no-cache=1456930694309 HTTP/1.1" 200 6842
186.103.156.24 - - [02/Mar/2016:11:53:39 -0300] "POST /cormun/servlet/trautorizarsolicitud?be3165041499b8058c65c42614994a57,,gx-no-cache=1456930695429 HTTP/1.1" 200 6842
186.103.156.24 - - [02/Mar/2016:11:53:40 -0300] "POST /cormun/servlet/trautorizarsolicitud?be3165041499b8058c65c42614994a57,,gx-no-cache=1456930696565 HTTP/1.1" 200 6844
192.168.10.89 - - [02/Mar/2016:11:53:41 -0300] "POST /cormun/servlet/hlogin?889d65e61d1fb336d575481861b0d931,gx-no-cache=1456930174549 HTTP/1.1" 200 444
186.103.156.24 - - [02/Mar/2016:11:53:41 -0300] "POST /cormun/servlet/trautorizarsolicitud?be3165041499b8058c65c42614994a57,,gx-no-cache=1456930698004 HTTP/1.1" 200 6842
192.168.10.98 - - [02/Mar/2016:11:53:41 -0300] "POST /cormun/servlet/trsolicitudot?a5ef76c73876a25ce4e755f4c48e4d8c,,gx-no-cache=1456930174636 HTTP/1.1" 200 6402
192.168.10.98 - - [02/Mar/2016:11:53:42 -0300] "POST /cormun/servlet/trsolicitudot?a5ef76c73876a25ce4e755f4c48e4d8c,,gx-no-cache=1456930174986 HTTP/1.1" 200 6402
192.168.10.98 - - [02/Mar/2016:11:53:42 -0300] "POST /cormun/servlet/trsolicitudot?a5ef76c73876a25ce4e755f4c48e4d8c,,gx-no-cache=1456930175225 HTTP/1.1" 200 6402
192.168.10.98 - - [02/Mar/2016:11:53:42 -0300] "POST /cormun/servlet/trsolicitudot?a5ef76c73876a25ce4e755f4c48e4d8c,,gx-no-cache=1456930175510 HTTP/1.1" 200 6402
186.103.156.24 - - [02/Mar/2016:11:53:43 -0300] "POST /cormun/servlet/trautorizarsolicitud?be3165041499b8058c65c42614994a57,,gx-no-cache=1456930699207 HTTP/1.1" 200 6843
186.103.156.24 - - [02/Mar/2016:11:53:44 -0300] "POST /cormun/servlet/trautorizarsolicitud?be3165041499b8058c65c42614994a57,,gx-no-cache=1456930700400 HTTP/1.1" 200 6843
186.103.156.24 - - [02/Mar/2016:11:53:45 -0300] "POST /cormun/servlet/trautorizarsolicitud?be3165041499b8058c65c42614994a57,,gx-no-cache=1456930701625 HTTP/1.1" 200 6854
191.112.87.159 - - [02/Mar/2016:11:53:47 -0300] "POST /cormun/servlet/trautorizarsolicitud?67bf934034d96584b21130ff03dba25f,,gx-no-cache=1456934053743 HTTP/1.1" 200 4865
191.112.87.159 - - [02/Mar/2016:11:53:47 -0300] "GET /cormun/servlet/trautorizarsolicitud?52607d9bb0123ef65c3eece0262836b91246953ec6d5c8455b551f4456749642cc1a1c0733c6cd599cd1cfafa35b15c04a0bc4e13e588ab85080a1766a2b2e5b2ce7d4626fcf8b65299299c01f3f986838c70752947a6926a411166027afcf23,gx-no-cache=1456934054139 HTTP/1.1" 200 2156
192.168.10.98 - - [02/Mar/2016:11:53:53 -0300] "GET /cormun/servlet/trsolicitudot? HTTP/1.1" 200 8866
192.168.10.98 - - [02/Mar/2016:11:53:54 -0300] "GET /cormun/servlet/trsolicitudot? HTTP/1.1" 200 8866
192.168.10.98 - - [02/Mar/2016:11:53:57 -0300] "POST /cormun/servlet/trsolicitudot?a5ef76c73876a25ce4e755f4c48e4d8c,,gx-no-cache=1456930190486 HTTP/1.1" 200 6403
192.168.10.98 - - [02/Mar/2016:11:53:57 -0300] "POST /cormun/servlet/trsolicitudot?a5ef76c73876a25ce4e755f4c48e4d8c,,gx-no-cache=1456930190776 HTTP/1.1" 200 6403
192.168.10.98 - - [02/Mar/2016:11:53:58 -0300] "POST /cormun/servlet/trsolicitudot?a5ef76c73876a25ce4e755f4c48e4d8c,,gx-no-cache=1456930191066 HTTP/1.1" 200 6403
192.168.10.98 - - [02/Mar/2016:11:53:58 -0300] "POST /cormun/servlet/trsolicitudot?a5ef76c73876a25ce4e755f4c48e4d8c,,gx-no-cache=1456930191342 HTTP/1.1" 200 6403
192.168.10.98 - - [02/Mar/2016:11:54:08 -0300] "POST /cormun/servlet/trsolicitudot?a5ef76c73876a25ce4e755f4c48e4d8c,,gx-no-cache=1456930201055 HTTP/1.1" 200 3455
192.168.10.98 - - [02/Mar/2016:11:54:08 -0300] "GET /cormun/servlet/trsolicitudot?58873165e3c99b11f1abcd2eabd68cf280bdb57751359796abf868187841a6308f34910c148ee2f1fc1f9ee67e9386e67f71e55cc95f891ca22b21c7ab7d40817f7baebb3d2c6083bacdf27168a14752ff589f728f1f15e439d4f48016797855,gx-no-cache=1456930201467 HTTP/1.1" 200 755
192.168.10.98 - - [02/Mar/2016:11:54:13 -0300] "POST /cormun/servlet/trsolicitudot?a5ef76c73876a25ce4e755f4c48e4d8c,,gx-no-cache=1456930206600 HTTP/1.1" 200 6403
192.168.10.98 - - [02/Mar/2016:11:54:14 -0300] "GET /cormun/servlet/trsolicitudot?58873165e3c99b11f1abcd2eabd68cf296acebaabe57bb86c337b7948793e4cef6f7970de280c1a1c173767f995f1f337f71e55cc95f891ca22b21c7ab7d4081ff50d77f6f45fd07693eece54b67abced9ca54a12291891b985b6f286ee95d51,gx-no-cache=1456930207028 HTTP/1.1" 200 3987
192.168.10.89 - - [02/Mar/2016:11:54:24 -0300] "GET /cormun/servlet/hhome HTTP/1.1" 200 3220
192.168.10.89 - - [02/Mar/2016:11:54:24 -0300] "GET /cormun/static/Resources/Spanish/PXTools.css?10515224 HTTP/1.1" 304 -
192.168.10.89 - - [02/Mar/2016:11:54:24 -0300] "GET /cormun/servlet/hlogin HTTP/1.1" 200 1725
186.78.57.210 - - [02/Mar/2016:11:54:26 -0300] "POST /cormun/servlet/solicitudot?gx-no-cache=1456930523455 HTTP/1.1" 440 972
186.78.57.210 - - [02/Mar/2016:11:54:26 -0300] "POST /cormun/servlet/solicitudot?gx-no-cache=1456930524850 HTTP/1.1" 440 972
192.168.10.98 - - [02/Mar/2016:11:54:29 -0300] "POST /cormun/servlet/trsolicitudot?a5ef76c73876a25ce4e755f4c48e4d8c,,gx-no-cache=1456930222064 HTTP/1.1" 200 6402
192.168.10.98 - - [02/Mar/2016:11:54:29 -0300] "POST /cormun/servlet/trsolicitudot?a5ef76c73876a25ce4e755f4c48e4d8c,,gx-no-cache=1456930222440 HTTP/1.1" 200 6403
192.168.10.98 - - [02/Mar/2016:11:54:30 -0300] "POST /cormun/servlet/trsolicitudot?a5ef76c73876a25ce4e755f4c48e4d8c,,gx-no-cache=1456930222846 HTTP/1.1" 200 6403
192.168.10.98 - - [02/Mar/2016:11:54:30 -0300] "POST /cormun/servlet/trsolicitudot?a5ef76c73876a25ce4e755f4c48e4d8c,,gx-no-cache=1456930223267 HTTP/1.1" 200 104
192.168.10.98 - - [02/Mar/2016:11:54:30 -0300] "GET /cormun/servlet/solicitudot?UPD,2016,326, HTTP/1.1" 200 11907
192.168.10.98 - - [02/Mar/2016:11:54:30 -0300] "GET /cormun/static/gxcfg.js?20163117305121 HTTP/1.1" 200 953
192.168.10.98 - - [02/Mar/2016:11:54:30 -0300] "GET /cormun/static/Resources/prompt.gif HTTP/1.1" 200 902
192.168.10.98 - - [02/Mar/2016:11:54:30 -0300] "GET /cormun/static/solicitudot.js?20163117305174 HTTP/1.1" 200 44151
186.78.57.210 - - [02/Mar/2016:11:54:31 -0300] "POST /cormun/servlet/solicitudot?gx-no-cache=1456930529894 HTTP/1.1" 440 972
192.168.10.98 - - [02/Mar/2016:11:54:31 -0300] "GET /cormun/servlet/solicitudot?UPD,2016,326, HTTP/1.1" 200 11916
192.168.10.98 - - [02/Mar/2016:11:54:31 -0300] "POST /cormun/servlet/solicitudot?gx-no-cache=1456930224759 HTTP/1.1" 200 2780
192.168.10.98 - - [02/Mar/2016:11:54:32 -0300] "POST /cormun/servlet/solicitudot?a5ef76c73876a25ce4e755f4c48e4d8c,UPD,2016,326,,gx-no-cache=1456930224890 HTTP/1.1" 200 8424
191.112.87.159 - - [02/Mar/2016:11:54:32 -0300] "POST /cormun/servlet/trautorizarsolicitud?67bf934034d96584b21130ff03dba25f,,gx-no-cache=1456934098292 HTTP/1.1" 200 4865
192.168.10.98 - - [02/Mar/2016:11:54:32 -0300] "GET /cormun/servlet/solicitudot?04b384f621502dc7688aea1e6e2ebb9f6c980be2ea5d3fd0c39da04f848d9a828e3d81910a3af17502bcb2209d647d14,gx-no-cache=1456930225088 HTTP/1.1" 200 30
192.168.10.98 - - [02/Mar/2016:11:54:32 -0300] "POST /cormun/servlet/solicitudot?gx-no-cache=1456930225129 HTTP/1.1" 200 30
192.168.10.98 - - [02/Mar/2016:11:54:32 -0300] "POST /cormun/servlet/solicitudot?gx-no-cache=1456930225143 HTTP/1.1" 200 30
192.168.10.98 - - [02/Mar/2016:11:54:32 -0300] "POST /cormun/servlet/solicitudot?gx-no-cache=1456930225203 HTTP/1.1" 200 452
192.168.10.98 - - [02/Mar/2016:11:54:32 -0300] "GET /cormun/servlet/solicitudot?04b384f621502dc7688aea1e6e2ebb9f3ebbd480f83d4e840b83feb14995ddaee91825e7ac648f0d79ceaa184a403c4f8dc44c377fad9a765c11394e5b76a89b1a330f5ebccacc7ff9ccd389b50899448987f18d18537878e77eb069ea23c784dac797473f476876fea9c535195c01f81c86847ed6380769759720373c41c94786342ca55407ac63ddd4462955d5e82a50561b9e6c86d7633e7d39444f02420c,gx-no-cache=1456930225296 HTTP/1.1" 200 41
192.168.10.89 - - [02/Mar/2016:11:54:32 -0300] "POST /cormun/servlet/hlogin?6386f2e03f8dd9a8c88984c77056b0aa,gx-no-cache=1456930225507 HTTP/1.1" 200 440
191.112.87.159 - - [02/Mar/2016:11:54:32 -0300] "POST /cormun/servlet/trautorizarsolicitud?67bf934034d96584b21130ff03dba25f,,gx-no-cache=1456934098972 HTTP/1.1" 200 4865
191.112.87.159 - - [02/Mar/2016:11:54:33 -0300] "POST /cormun/servlet/trautorizarsolicitud?67bf934034d96584b21130ff03dba25f,,gx-no-cache=1456934099486 HTTP/1.1" 200 4865
191.112.87.159 - - [02/Mar/2016:11:54:33 -0300] "POST /cormun/servlet/trautorizarsolicitud?67bf934034d96584b21130ff03dba25f,,gx-no-cache=1456934099988 HTTP/1.1" 200 4876
186.78.57.210 - - [02/Mar/2016:11:54:36 -0300] "POST /cormun/servlet/solicitudot?gx-no-cache=1456930534915 HTTP/1.1" 440 972
186.78.57.210 - - [02/Mar/2016:11:54:37 -0300] "GET /cormun/servlet/solicitudot?a43b556691c5656bd571f5a48f66b4e76a77336e6486574136cab22572ca42aa35ba103f1b2111d56b0d5b8201588a1653dbfc8d46f030ee2411e195f57dfe96458611c4e3f9047d62f31acebb94ef782b0488c9792bc8c208beb6dfac6c3714f5cad6b3c551ccf549e65852c4869a129948a311d4aa2b082d3ed054d1268da0d5d84578cc2785c475c40cf36bf02e29,gx-no-cache=1456930535469 HTTP/1.1" 440 972
186.78.57.210 - - [02/Mar/2016:11:54:37 -0300] "GET /cormun/servlet/solicitudot?a43b556691c5656bd571f5a48f66b4e732b721283092a86ec0e9c1de10e93dd65cff1b729a8c6044532b40e1668e22f82c870096c99468da0309ecd5af5b5a93809353229185868d924b629bd9b94a1c9df0ca13386091639debdca84b5f194d5438f6c2c00da060528224c265c44c1a,gx-no-cache=1456930535732 HTTP/1.1" 440 972
186.78.57.210 - - [02/Mar/2016:11:54:37 -0300] "POST /cormun/servlet/solicitudot?gx-no-cache=1456930536161 HTTP/1.1" 440 972
186.78.57.210 - - [02/Mar/2016:11:54:38 -0300] "POST /cormun/servlet/solicitudot?gx-no-cache=1456930536754 HTTP/1.1" 440 972
186.78.57.210 - - [02/Mar/2016:11:54:38 -0300] "POST /cormun/servlet/solicitudot?gx-no-cache=1456930537205 HTTP/1.1" 440 972
186.78.57.210 - - [02/Mar/2016:11:54:40 -0300] "GET /cormun/servlet/solicitudot?a43b556691c5656bd571f5a48f66b4e76a77336e6486574136cab22572ca42aa35ba103f1b2111d56b0d5b8201588a1653dbfc8d46f030ee2411e195f57dfe96458611c4e3f9047d62f31acebb94ef782b0488c9792bc8c208beb6dfac6c3714f5cad6b3c551ccf549e65852c4869a129948a311d4aa2b082d3ed054d1268da0d5d84578cc2785c475c40cf36bf02e29,gx-no-cache=1456930538632 HTTP/1.1" 440 972
186.78.57.210 - - [02/Mar/2016:11:54:40 -0300] "POST /cormun/servlet/solicitudot?gx-no-cache=1456930538840 HTTP/1.1" 440 972
186.78.57.210 - - [02/Mar/2016:11:54:40 -0300] "GET /cormun/servlet/solicitudot?INS,0,0, HTTP/1.1" 200 11021
186.78.57.210 - - [02/Mar/2016:11:54:41 -0300] "GET /cormun/servlet/hlogin HTTP/1.1" 200 1738
186.78.57.210 - - [02/Mar/2016:11:54:41 -0300] "GET /cormun/servlet/solicitudot?INS,0,0, HTTP/1.1" 200 11021
191.112.87.159 - - [02/Mar/2016:11:54:52 -0300] "GET /cormun/servlet/trautorizarsolicitud? HTTP/1.1" 200 7384
191.112.87.159 - - [02/Mar/2016:11:54:54 -0300] "GET /cormun/servlet/trautorizarsolicitud? HTTP/1.1" 200 7384
192.168.10.98 - - [02/Mar/2016:11:55:04 -0300] "POST /cormun/servlet/solicitudot?gx-no-cache=1456930257510 HTTP/1.1" 200 30
192.168.10.98 - - [02/Mar/2016:11:55:04 -0300] "POST /cormun/servlet/solicitudot?gx-no-cache=1456930257597 HTTP/1.1" 200 452
192.168.10.98 - - [02/Mar/2016:11:55:04 -0300] "GET /cormun/servlet/solicitudot?04b384f621502dc7688aea1e6e2ebb9f3ebbd480f83d4e840b83feb14995ddaee91825e7ac648f0d79ceaa184a403c4f8dc44c377fad9a765c11394e5b76a89b1a330f5ebccacc7ff9ccd389b50899448987f18d18537878e77eb069ea23c784dac797473f476876fea9c535195c01f81c86847ed6380769759720373c41c94786342ca55407ac63ddd4462955d5e82a50561b9e6c86d7633e7d39444f02420c,gx-no-cache=1456930257672 HTTP/1.1" 200 41
192.168.10.98 - - [02/Mar/2016:11:55:04 -0300] "GET /cormun/servlet/solicitudot?04b384f621502dc7688aea1e6e2ebb9f514c523cdf9c75a6984c8b28be97d265a7e177e03f27ca51fe1c74ff52b4c09e4abb86e110b7c150ca7e3f5e04362d632a8ddeb1499c3a8fa53484ccc046d5d6052d58fd2e6017cb165a8855a587461cf25014f7468ecd158519f1195e18ee95405f466d564fa993e705588822734fc01a54af683ca82257566206edf5d6d672aaf2043038ae200bf302912e4294d342d889ec8c00f9ce87588d6beabe84acd65fded40095ce2ee4c5cd54f1c99027b07b706299f2ead1589cf4414ab9342d12,gx-no-cache=1456930257722 HTTP/1.1" 200 29
192.168.10.98 - - [02/Mar/2016:11:55:04 -0300] "POST /cormun/servlet/solicitudot?gx-no-cache=1456930257744 HTTP/1.1" 200 404
186.103.156.24 - - [02/Mar/2016:11:55:08 -0300] "POST /cormun/servlet/trautorizarsolicitud?be3165041499b8058c65c42614994a57,,gx-no-cache=1456930794657 HTTP/1.1" 200 6843
192.168.10.98 - - [02/Mar/2016:11:55:10 -0300] "GET /cormun/servlet/trsolicitudot? HTTP/1.1" 200 8866
186.103.156.24 - - [02/Mar/2016:11:55:10 -0300] "POST /cormun/servlet/trautorizarsolicitud?be3165041499b8058c65c42614994a57,,gx-no-cache=1456930796041 HTTP/1.1" 200 6843
192.168.10.98 - - [02/Mar/2016:11:55:11 -0300] "GET /cormun/servlet/trsolicitudot? HTTP/1.1" 200 8866
186.103.156.24 - - [02/Mar/2016:11:55:11 -0300] "POST /cormun/servlet/trautorizarsolicitud?be3165041499b8058c65c42614994a57,,gx-no-cache=1456930797501 HTTP/1.1" 200 6843
186.103.156.24 - - [02/Mar/2016:11:55:12 -0300] "POST /cormun/servlet/trautorizarsolicitud?be3165041499b8058c65c42614994a57,,gx-no-cache=1456930798764 HTTP/1.1" 200 6843
186.103.156.24 - - [02/Mar/2016:11:55:14 -0300] "POST /cormun/servlet/trautorizarsolicitud?be3165041499b8058c65c42614994a57,,gx-no-cache=1456930800115 HTTP/1.1" 200 6843
186.103.156.24 - - [02/Mar/2016:11:55:15 -0300] "POST /cormun/servlet/trautorizarsolicitud?be3165041499b8058c65c42614994a57,,gx-no-cache=1456930801415 HTTP/1.1" 200 6843
186.103.156.24 - - [02/Mar/2016:11:55:16 -0300] "POST /cormun/servlet/trautorizarsolicitud?be3165041499b8058c65c42614994a57,,gx-no-cache=1456930802721 HTTP/1.1" 200 6843
186.103.156.24 - - [02/Mar/2016:11:55:18 -0300] "POST /cormun/servlet/trautorizarsolicitud?be3165041499b8058c65c42614994a57,,gx-no-cache=1456930804034 HTTP/1.1" 200 6856
191.112.87.159 - - [02/Mar/2016:11:55:18 -0300] "POST /cormun/servlet/trautorizarsolicitud?67bf934034d96584b21130ff03dba25f,,gx-no-cache=1456934144398 HTTP/1.1" 200 4858
191.112.87.159 - - [02/Mar/2016:11:55:19 -0300] "POST /cormun/servlet/trautorizarsolicitud?67bf934034d96584b21130ff03dba25f,,gx-no-cache=1456934145289 HTTP/1.1" 200 4858
191.112.87.159 - - [02/Mar/2016:11:55:19 -0300] "POST /cormun/servlet/trautorizarsolicitud?67bf934034d96584b21130ff03dba25f,,gx-no-cache=1456934145862 HTTP/1.1" 200 4858
191.112.87.159 - - [02/Mar/2016:11:55:20 -0300] "POST /cormun/servlet/trautorizarsolicitud?67bf934034d96584b21130ff03dba25f,,gx-no-cache=1456934146360 HTTP/1.1" 200 4859
191.112.87.159 - - [02/Mar/2016:11:55:20 -0300] "POST /cormun/servlet/trautorizarsolicitud?67bf934034d96584b21130ff03dba25f,,gx-no-cache=1456934146802 HTTP/1.1" 200 4859
191.112.87.159 - - [02/Mar/2016:11:55:20 -0300] "POST /cormun/servlet/trautorizarsolicitud?67bf934034d96584b21130ff03dba25f,,gx-no-cache=1456934147257 HTTP/1.1" 200 4859
191.112.87.159 - - [02/Mar/2016:11:55:21 -0300] "POST /cormun/servlet/trautorizarsolicitud?67bf934034d96584b21130ff03dba25f,,gx-no-cache=1456934147685 HTTP/1.1" 200 4859
191.112.87.159 - - [02/Mar/2016:11:55:21 -0300] "POST /cormun/servlet/trautorizarsolicitud?67bf934034d96584b21130ff03dba25f,,gx-no-cache=1456934148145 HTTP/1.1" 200 4870
186.103.156.24 - - [02/Mar/2016:11:55:34 -0300] "GET /cormun/servlet/treventos?2016,362, HTTP/1.1" 200 5211
186.103.156.24 - - [02/Mar/2016:11:55:34 -0300] "GET /cormun/static/Resources/Spanish/PXTools.css?171692 HTTP/1.1" 304 -
186.103.156.24 - - [02/Mar/2016:11:55:34 -0300] "GET /cormun/static/hwchdr01.js?20162241650484 HTTP/1.1" 304 -
186.103.156.24 - - [02/Mar/2016:11:55:34 -0300] "GET /cormun/static/messages.spa.js?85251 HTTP/1.1" 304 -
186.103.156.24 - - [02/Mar/2016:11:55:34 -0300] "GET /cormun/static/hpexe_recentlink.js?2015111312121342 HTTP/1.1" 304 -
186.103.156.24 - - [02/Mar/2016:11:55:34 -0300] "GET /cormun/static/hpexe_scripts.js?20151120014546 HTTP/1.1" 304 -
186.103.156.24 - - [02/Mar/2016:11:55:35 -0300] "GET /cormun/static/treventos.js?2016311731865 HTTP/1.1" 200 14123
186.103.156.24 - - [02/Mar/2016:11:55:35 -0300] "GET /cormun/static/gxcfg.js?2016311731661 HTTP/1.1" 200 953
186.103.156.24 - - [02/Mar/2016:11:55:35 -0300] "GET /cormun/static/hpexe_messagecontroller.js?2015112210524422 HTTP/1.1" 304 -
186.103.156.24 - - [02/Mar/2016:11:55:35 -0300] "GET /cormun/static/hpexe_messagepopupcomponent.js?2016311717983 HTTP/1.1" 304 -
186.103.156.24 - - [02/Mar/2016:11:55:35 -0300] "GET /cormun/static/cmcontrolpreferences.js?20151120014525 HTTP/1.1" 304 -
186.103.156.24 - - [02/Mar/2016:11:55:35 -0300] "GET /cormun/static/hpexe_messagegenexuscomponent.js?20151120014314 HTTP/1.1" 304 -
186.103.156.24 - - [02/Mar/2016:11:55:35 -0300] "GET /cormun/static/hmpwkw03.js?20163114183826 HTTP/1.1" 304 -
191.112.87.159 - - [02/Mar/2016:11:55:35 -0300] "GET /cormun/servlet/hlogin HTTP/1.1" 200 1709
186.103.156.24 - - [02/Mar/2016:11:55:35 -0300] "GET /cormun/servlet/treventos?2016,362, HTTP/1.1" 200 5210
192.168.10.98 - - [02/Mar/2016:11:55:35 -0300] "POST /cormun/servlet/trsolicitudot?a5ef76c73876a25ce4e755f4c48e4d8c,,gx-no-cache=1456930288729 HTTP/1.1" 200 6403
192.168.10.98 - - [02/Mar/2016:11:55:36 -0300] "POST /cormun/servlet/trsolicitudot?a5ef76c73876a25ce4e755f4c48e4d8c,,gx-no-cache=1456930289016 HTTP/1.1" 200 6401
192.168.10.98 - - [02/Mar/2016:11:55:36 -0300] "POST /cormun/servlet/trsolicitudot?a5ef76c73876a25ce4e755f4c48e4d8c,,gx-no-cache=1456930289295 HTTP/1.1" 200 6403
192.168.10.98 - - [02/Mar/2016:11:55:36 -0300] "POST /cormun/servlet/trsolicitudot?a5ef76c73876a25ce4e755f4c48e4d8c,,gx-no-cache=1456930289595 HTTP/1.1" 200 6403
192.168.10.98 - - [02/Mar/2016:11:55:37 -0300] "POST /cormun/servlet/trsolicitudot?a5ef76c73876a25ce4e755f4c48e4d8c,,gx-no-cache=1456930289881 HTTP/1.1" 200 6403
191.112.87.159 - - [02/Mar/2016:11:55:37 -0300] "GET /cormun/servlet/trvisualizadoreventos? HTTP/1.1" 200 5931
192.168.10.98 - - [02/Mar/2016:11:55:37 -0300] "POST /cormun/servlet/trsolicitudot?a5ef76c73876a25ce4e755f4c48e4d8c,,gx-no-cache=1456930290202 HTTP/1.1" 200 6403
192.168.10.98 - - [02/Mar/2016:11:55:37 -0300] "POST /cormun/servlet/trsolicitudot?a5ef76c73876a25ce4e755f4c48e4d8c,,gx-no-cache=1456930290549 HTTP/1.1" 200 6403
192.168.10.98 - - [02/Mar/2016:11:55:38 -0300] "POST /cormun/servlet/trsolicitudot?a5ef76c73876a25ce4e755f4c48e4d8c,,gx-no-cache=1456930290925 HTTP/1.1" 200 6157
192.168.10.98 - - [02/Mar/2016:11:55:38 -0300] "GET /cormun/static/Shared/jqueryui/images/ui-icons_82798d_256x240.png HTTP/1.1" 404 1089
192.168.10.98 - - [02/Mar/2016:11:55:38 -0300] "GET /cormun/static/Shared/jqueryui/images/ui-bg_highlight-soft_100_c6c2c8_1x100.png HTTP/1.1" 404 1117
192.168.10.98 - - [02/Mar/2016:11:55:38 -0300] "GET /cormun/static/Shared/jqueryui/images/ui-bg_flat_55_fafafa_40x100.png HTTP/1.1" 404 1097
192.168.10.98 - - [02/Mar/2016:11:55:38 -0300] "GET /cormun/static/Shared/jqueryui/images/ui-icons_8d78a5_256x240.png HTTP/1.1" 404 1089
191.112.87.159 - - [02/Mar/2016:11:55:38 -0300] "GET /cormun/servlet/trvisualizadoreventos? HTTP/1.1" 200 5931
192.168.10.98 - - [02/Mar/2016:11:55:38 -0300] "POST /cormun/servlet/trsolicitudot?a5ef76c73876a25ce4e755f4c48e4d8c,,gx-no-cache=1456930291281 HTTP/1.1" 200 6095
191.112.87.159 - - [02/Mar/2016:11:55:42 -0300] "POST /cormun/servlet/hlogin?601f7f0fd3c0f02722ff803e4cb570c2,gx-no-cache=1456930584484 HTTP/1.1" 200 90
191.112.87.159 - - [02/Mar/2016:11:55:43 -0300] "GET /cormun/servlet/hpexe_link HTTP/1.1" 200 943
191.112.87.159 - - [02/Mar/2016:11:55:43 -0300] "GET /cormun/static/hpexe_link.js?20151120044398 HTTP/1.1" 304 -
191.112.87.159 - - [02/Mar/2016:11:55:44 -0300] "GET /cormun/servlet/hhome HTTP/1.1" 200 3382
186.103.156.24 - - [02/Mar/2016:11:55:44 -0300] "GET /cormun/servlet/trautorizarsolicitud? HTTP/1.1" 200 9306
186.103.156.24 - - [02/Mar/2016:11:55:45 -0300] "GET /cormun/servlet/trautorizarsolicitud? HTTP/1.1" 200 9303
191.112.87.159 - - [02/Mar/2016:11:55:49 -0300] "GET /cormun/servlet/trvisualizadoreventos?52607d9bb0123ef65c3eece0262836b94f42460dcb27eed07041dfb05ce29a59cf737eda201dad0311a90863a236dcfd41cff6f4c1bb81337523d3b09d989ab3f674da33cd45f42e0bb0797b61687c7396258642ff840208c53de0cb6d4a6afed67172c3e2700f1cefc56375937fb590ed674fb5feb4a0bf7643b8fbffde77dfadf502eea63c1b1f2e6f8f134886b76a2d28698d6b48da4676c4f0883b648aaf3a29b0b187d50beee1f92bcf1ccfe79d38332c51582d28b8e1a91967539efa6e,gx-no-cache=1456934175545 HTTP/1.1" 200 565
202.109.143.18 - - [02/Mar/2016:11:55:50 -0300] "GET /manager/html HTTP/1.1" 401 2474
191.112.87.159 - - [02/Mar/2016:11:55:50 -0300] "POST /cormun/servlet/trvisualizadoreventos?67bf934034d96584b21130ff03dba25f,,gx-no-cache=1456934177006 HTTP/1.1" 200 3338
191.112.87.159 - - [02/Mar/2016:11:55:51 -0300] "POST /cormun/servlet/trvisualizadoreventos?67bf934034d96584b21130ff03dba25f,,gx-no-cache=1456934177376 HTTP/1.1" 200 3338
202.109.143.18 - - [02/Mar/2016:11:55:51 -0300] "GET /manager/html HTTP/1.1" 401 2474
202.109.143.18 - - [02/Mar/2016:11:55:51 -0300] "GET /manager/html HTTP/1.1" 401 2474
202.109.143.18 - - [02/Mar/2016:11:55:51 -0300] "GET /manager/html HTTP/1.1" 401 2474
202.109.143.18 - - [02/Mar/2016:11:55:51 -0300] "GET /manager/html HTTP/1.1" 401 2474
202.109.143.18 - - [02/Mar/2016:11:55:51 -0300] "GET /manager/html HTTP/1.1" 401 2474
202.109.143.18 - - [02/Mar/2016:11:55:51 -0300] "GET /manager/html HTTP/1.1" 401 2474
191.112.87.159 - - [02/Mar/2016:11:55:51 -0300] "POST /cormun/servlet/trvisualizadoreventos?67bf934034d96584b21130ff03dba25f,,gx-no-cache=1456934177791 HTTP/1.1" 200 3338
202.109.143.18 - - [02/Mar/2016:11:55:51 -0300] "GET /manager/html HTTP/1.1" 401 2474
202.109.143.18 - - [02/Mar/2016:11:55:51 -0300] "GET /manager/html HTTP/1.1" 401 2474
202.109.143.18 - - [02/Mar/2016:11:55:51 -0300] "GET /manager/html HTTP/1.1" 401 2474
202.109.143.18 - - [02/Mar/2016:11:55:51 -0300] "GET /manager/html HTTP/1.1" 401 2474
202.109.143.18 - - [02/Mar/2016:11:55:51 -0300] "GET /manager/html HTTP/1.1" 401 2474
202.109.143.18 - - [02/Mar/2016:11:55:51 -0300] "GET /manager/html HTTP/1.1" 401 2474
202.109.143.18 - - [02/Mar/2016:11:55:51 -0300] "GET /manager/html HTTP/1.1" 401 2474
202.109.143.18 - - [02/Mar/2016:11:55:51 -0300] "GET /manager/html HTTP/1.1" 401 2474
202.109.143.18 - tomcat [02/Mar/2016:11:55:51 -0300] "GET /manager/html HTTP/1.1" 403 3196
202.109.143.18 - - [02/Mar/2016:11:55:51 -0300] "GET /manager/html HTTP/1.1" 401 2474
202.109.143.18 - - [02/Mar/2016:11:55:51 -0300] "GET /manager/html HTTP/1.1" 401 2474
202.109.143.18 - - [02/Mar/2016:11:55:51 -0300] "GET /manager/html HTTP/1.1" 401 2474
191.112.87.159 - - [02/Mar/2016:11:55:51 -0300] "POST /cormun/servlet/trvisualizadoreventos?67bf934034d96584b21130ff03dba25f,,gx-no-cache=1456934178143 HTTP/1.1" 200 3338
202.109.143.18 - - [02/Mar/2016:11:55:51 -0300] "GET /manager/html HTTP/1.1" 401 2474
202.109.143.18 - - [02/Mar/2016:11:55:51 -0300] "GET /manager/html HTTP/1.1" 401 2474
202.109.143.18 - - [02/Mar/2016:11:55:51 -0300] "GET /manager/html HTTP/1.1" 401 2474
202.109.143.18 - - [02/Mar/2016:11:55:51 -0300] "GET /manager/html HTTP/1.1" 401 2474
202.109.143.18 - - [02/Mar/2016:11:55:52 -0300] "GET /manager/html HTTP/1.1" 401 2474
202.109.143.18 - - [02/Mar/2016:11:55:52 -0300] "GET /manager/html HTTP/1.1" 401 2474
191.112.87.159 - - [02/Mar/2016:11:55:54 -0300] "GET /cormun/servlet/trsolicitudot? HTTP/1.1" 200 6125
191.112.87.159 - - [02/Mar/2016:11:55:56 -0300] "POST /cormun/servlet/trvisualizadoreventos?67bf934034d96584b21130ff03dba25f,,gx-no-cache=1456934182966 HTTP/1.1" 200 3703
191.112.87.159 - - [02/Mar/2016:11:55:56 -0300] "GET /cormun/servlet/trvisualizadoreventos?52607d9bb0123ef65c3eece0262836b9b51d67cc7907857021b7c16df575ce1fcf737eda201dad0311a90863a236dcfd41cff6f4c1bb81337523d3b09d989ab3f674da33cd45f42e0bb0797b61687c7396258642ff840208c53de0cb6d4a6afed67172c3e2700f1cefc56375937fb590ed674fb5feb4a0bf7643b8fbffde77dfadf502eea63c1b1f2e6f8f134886b76a2d28698d6b48da4676c4f0883b648aaf3a29b0b187d50beee1f92bcf1ccfe79d38332c51582d28b8e1a91967539efa6e,gx-no-cache=1456934183371 HTTP/1.1" 200 978
186.103.156.24 - - [02/Mar/2016:11:56:03 -0300] "POST /cormun/servlet/trautorizarsolicitud?be3165041499b8058c65c42614994a57,,gx-no-cache=1456930854150 HTTP/1.1" 200 6842
186.103.156.24 - - [02/Mar/2016:11:56:07 -0300] "POST /cormun/servlet/trautorizarsolicitud?be3165041499b8058c65c42614994a57,,gx-no-cache=1456930858201 HTTP/1.1" 200 6842
186.103.156.24 - - [02/Mar/2016:11:56:07 -0300] "POST /cormun/servlet/trautorizarsolicitud?be3165041499b8058c65c42614994a57,,gx-no-cache=1456930858504 HTTP/1.1" 200 6842
186.103.156.24 - - [02/Mar/2016:11:56:07 -0300] "POST /cormun/servlet/trautorizarsolicitud?be3165041499b8058c65c42614994a57,,gx-no-cache=1456930858833 HTTP/1.1" 200 6843
191.112.87.159 - - [02/Mar/2016:11:56:08 -0300] "GET /cormun/servlet/avisualizareventos?0,0,ENV,20160201,20160302,PU HTTP/1.1" 200 1139
191.112.87.159 - - [02/Mar/2016:11:56:08 -0300] "GET /cormun/servlet/avisualizareventos?0,0,ENV,20160201,20160302,PU HTTP/1.1" 200 1142
186.103.156.24 - - [02/Mar/2016:11:56:12 -0300] "POST /cormun/servlet/trautorizarsolicitud?be3165041499b8058c65c42614994a57,,gx-no-cache=1456930863823 HTTP/1.1" 200 3453
186.103.156.24 - - [02/Mar/2016:11:56:12 -0300] "GET /cormun/servlet/trautorizarsolicitud?58a62feccd4f09c34ded51384f811b43878d14199436986943e3a68b4b648fb5c658de9bacf43a604d1e44a0bd30b1909d87852947a41d2837b8c5a43488cfc166458aaf829de4f1a6c47a005078bd7632984ee92d012945916ae09c8d8f545c2b9b39ff240af66161ea9ae3114a2b57,gx-no-cache=1456930864241 HTTP/1.1" 200 742
192.168.10.98 - - [02/Mar/2016:11:56:15 -0300] "POST /cormun/servlet/trsolicitudot?a5ef76c73876a25ce4e755f4c48e4d8c,,gx-no-cache=1456930328062 HTTP/1.1" 200 5908
192.168.10.98 - - [02/Mar/2016:11:56:15 -0300] "POST /cormun/servlet/trsolicitudot?a5ef76c73876a25ce4e755f4c48e4d8c,,gx-no-cache=1456930328417 HTTP/1.1" 200 5848
186.103.156.24 - - [02/Mar/2016:11:56:19 -0300] "POST /cormun/servlet/trautorizarsolicitud?be3165041499b8058c65c42614994a57,,gx-no-cache=1456930871408 HTTP/1.1" 200 3452
186.103.156.24 - - [02/Mar/2016:11:56:19 -0300] "GET /cormun/servlet/trautorizarsolicitud?58a62feccd4f09c34ded51384f811b4306595c54ba91726b49558330379eedaea407aa7e38196c5dc546530de895f4f79d87852947a41d2837b8c5a43488cfc166458aaf829de4f1a6c47a005078bd76a1d889f7d5465a8c9553c2901e2c985d5ac0cfecea250650d21d8ed25c6360d8,gx-no-cache=1456930871809 HTTP/1.1" 200 742
192.168.10.98 - - [02/Mar/2016:11:56:22 -0300] "POST /cormun/servlet/trsolicitudot?a5ef76c73876a25ce4e755f4c48e4d8c,,gx-no-cache=1456930335348 HTTP/1.1" 200 5605
192.168.10.98 - - [02/Mar/2016:11:56:22 -0300] "POST /cormun/servlet/trsolicitudot?a5ef76c73876a25ce4e755f4c48e4d8c,,gx-no-cache=1456930335694 HTTP/1.1" 200 5545
186.103.156.24 - - [02/Mar/2016:11:56:23 -0300] "POST /cormun/servlet/trautorizarsolicitud?be3165041499b8058c65c42614994a57,,gx-no-cache=1456930875977 HTTP/1.1" 200 3454
186.103.156.24 - - [02/Mar/2016:11:56:23 -0300] "GET /cormun/servlet/trautorizarsolicitud?58a62feccd4f09c34ded51384f811b436b9a6e1116b79165d65dc1ea8f8efcb7a407aa7e38196c5dc546530de895f4f79d87852947a41d2837b8c5a43488cfc166458aaf829de4f1a6c47a005078bd76a1d889f7d5465a8c9553c2901e2c985d5ac0cfecea250650d21d8ed25c6360d8,gx-no-cache=1456930876377 HTTP/1.1" 200 742
191.112.87.159 - - [02/Mar/2016:11:56:28 -0300] "POST /cormun/servlet/trvisualizadoreventos?67bf934034d96584b21130ff03dba25f,,gx-no-cache=1456934214292 HTTP/1.1" 200 111
191.112.87.159 - - [02/Mar/2016:11:56:28 -0300] "GET /cormun/VisualizadorEventos-9987.xls HTTP/1.1" 200 4608
186.103.156.24 - - [02/Mar/2016:11:56:32 -0300] "POST /cormun/servlet/trautorizarsolicitud?be3165041499b8058c65c42614994a57,,gx-no-cache=1456930886138 HTTP/1.1" 200 3454
186.103.156.24 - - [02/Mar/2016:11:56:32 -0300] "GET /cormun/servlet/trautorizarsolicitud?58a62feccd4f09c34ded51384f811b43d5f80ef53c12ed8be265596bc4eb253ca407aa7e38196c5dc546530de895f4f79d87852947a41d2837b8c5a43488cfc166458aaf829de4f1a6c47a005078bd76a1d889f7d5465a8c9553c2901e2c985d5ac0cfecea250650d21d8ed25c6360d8,gx-no-cache=1456930886540 HTTP/1.1" 200 743
192.168.10.98 - - [02/Mar/2016:11:56:33 -0300] "POST /cormun/servlet/trsolicitudot?a5ef76c73876a25ce4e755f4c48e4d8c,,gx-no-cache=1456930346474 HTTP/1.1" 200 5819
191.112.87.159 - - [02/Mar/2016:11:56:35 -0300] "POST /cormun/servlet/trsolicitudot?601f7f0fd3c0f02722ff803e4cb570c2,,gx-no-cache=1456930617421 HTTP/1.1" 500 10
186.103.156.24 - - [02/Mar/2016:11:56:36 -0300] "POST /cormun/servlet/trautorizarsolicitud?be3165041499b8058c65c42614994a57,,gx-no-cache=1456930890689 HTTP/1.1" 200 3454
186.103.156.24 - - [02/Mar/2016:11:56:36 -0300] "GET /cormun/servlet/trautorizarsolicitud?58a62feccd4f09c34ded51384f811b4334acb9ca97c36efb5ea1426823b299dea407aa7e38196c5dc546530de895f4f79d87852947a41d2837b8c5a43488cfc166458aaf829de4f1a6c47a005078bd76a1d889f7d5465a8c9553c2901e2c985d5ac0cfecea250650d21d8ed25c6360d8,gx-no-cache=1456930891095 HTTP/1.1" 200 743
186.103.156.24 - - [02/Mar/2016:11:56:40 -0300] "POST /cormun/servlet/trautorizarsolicitud?be3165041499b8058c65c42614994a57,,gx-no-cache=1456930895054 HTTP/1.1" 200 3454
186.103.156.24 - - [02/Mar/2016:11:56:40 -0300] "GET /cormun/servlet/trautorizarsolicitud?58a62feccd4f09c34ded51384f811b43b0ab6830b2906a04183a308572b9de6da407aa7e38196c5dc546530de895f4f79d87852947a41d2837b8c5a43488cfc166458aaf829de4f1a6c47a005078bd76a1d889f7d5465a8c9553c2901e2c985d5ac0cfecea250650d21d8ed25c6360d8,gx-no-cache=1456930895455 HTTP/1.1" 200 744
186.103.156.24 - - [02/Mar/2016:11:56:43 -0300] "POST /cormun/servlet/trautorizarsolicitud?be3165041499b8058c65c42614994a57,,gx-no-cache=1456930898673 HTTP/1.1" 200 3455
186.103.156.24 - - [02/Mar/2016:11:56:43 -0300] "GET /cormun/servlet/trautorizarsolicitud?58a62feccd4f09c34ded51384f811b4349d7a9229eb05c70eccdfa3c6dd19bcba407aa7e38196c5dc546530de895f4f79d87852947a41d2837b8c5a43488cfc166458aaf829de4f1a6c47a005078bd76a1d889f7d5465a8c9553c2901e2c985d5ac0cfecea250650d21d8ed25c6360d8,gx-no-cache=1456930899121 HTTP/1.1" 200 744
192.168.10.98 - - [02/Mar/2016:11:56:44 -0300] "POST /cormun/servlet/trsolicitudot?a5ef76c73876a25ce4e755f4c48e4d8c,,gx-no-cache=1456930356856 HTTP/1.1" 200 5571
192.168.10.98 - - [02/Mar/2016:11:56:44 -0300] "POST /cormun/servlet/trsolicitudot?a5ef76c73876a25ce4e755f4c48e4d8c,,gx-no-cache=1456930357202 HTTP/1.1" 200 5572
192.168.10.98 - - [02/Mar/2016:11:56:44 -0300] "POST /cormun/servlet/trsolicitudot?a5ef76c73876a25ce4e755f4c48e4d8c,,gx-no-cache=1456930357573 HTTP/1.1" 200 5572
192.168.10.98 - - [02/Mar/2016:11:56:45 -0300] "POST /cormun/servlet/trsolicitudot?a5ef76c73876a25ce4e755f4c48e4d8c,,gx-no-cache=1456930357945 HTTP/1.1" 200 5571
192.168.10.98 - - [02/Mar/2016:11:56:45 -0300] "POST /cormun/servlet/trsolicitudot?a5ef76c73876a25ce4e755f4c48e4d8c,,gx-no-cache=1456930358326 HTTP/1.1" 200 5571
192.168.10.98 - - [02/Mar/2016:11:56:45 -0300] "POST /cormun/servlet/trsolicitudot?a5ef76c73876a25ce4e755f4c48e4d8c,,gx-no-cache=1456930358723 HTTP/1.1" 200 5572
192.168.10.98 - - [02/Mar/2016:11:56:46 -0300] "POST /cormun/servlet/trsolicitudot?a5ef76c73876a25ce4e755f4c48e4d8c,,gx-no-cache=1456930359119 HTTP/1.1" 200 5571
192.168.10.98 - - [02/Mar/2016:11:56:46 -0300] "POST /cormun/servlet/trsolicitudot?a5ef76c73876a25ce4e755f4c48e4d8c,,gx-no-cache=1456930359535 HTTP/1.1" 200 5818
186.103.156.24 - - [02/Mar/2016:11:56:47 -0300] "POST /cormun/servlet/trautorizarsolicitud?be3165041499b8058c65c42614994a57,,gx-no-cache=1456930903085 HTTP/1.1" 200 6844
186.103.156.24 - - [02/Mar/2016:11:56:47 -0300] "GET /cormun/servlet/trautorizarsolicitud?58a62feccd4f09c34ded51384f811b432b0920fff129eb78cff395b69d30102da407aa7e38196c5dc546530de895f4f79d87852947a41d2837b8c5a43488cfc166458aaf829de4f1a6c47a005078bd76a1d889f7d5465a8c9553c2901e2c985d5ac0cfecea250650d21d8ed25c6360d8,gx-no-cache=1456930903664 HTTP/1.1" 200 4502
186.103.156.24 - - [02/Mar/2016:11:56:50 -0300] "POST /cormun/servlet/trautorizarsolicitud?be3165041499b8058c65c42614994a57,,gx-no-cache=1456930907223 HTTP/1.1" 200 3453
186.103.156.24 - - [02/Mar/2016:11:56:51 -0300] "GET /cormun/servlet/trautorizarsolicitud?58a62feccd4f09c34ded51384f811b43878d14199436986943e3a68b4b648fb5c658de9bacf43a604d1e44a0bd30b1909d87852947a41d2837b8c5a43488cfc166458aaf829de4f1a6c47a005078bd7632984ee92d012945916ae09c8d8f545c2b9b39ff240af66161ea9ae3114a2b57,gx-no-cache=1456930907626 HTTP/1.1" 200 742
191.112.87.159 - - [02/Mar/2016:11:56:52 -0300] "POST /cormun/servlet/trvisualizadoreventos?67bf934034d96584b21130ff03dba25f,,gx-no-cache=1456934238357 HTTP/1.1" 200 3703
192.168.10.98 - - [02/Mar/2016:11:56:53 -0300] "POST /cormun/servlet/trsolicitudot?a5ef76c73876a25ce4e755f4c48e4d8c,,gx-no-cache=1456930366014 HTTP/1.1" 200 5571
192.168.10.98 - - [02/Mar/2016:11:56:53 -0300] "POST /cormun/servlet/trsolicitudot?a5ef76c73876a25ce4e755f4c48e4d8c,,gx-no-cache=1456930366413 HTTP/1.1" 200 5572
192.168.10.98 - - [02/Mar/2016:11:56:54 -0300] "POST /cormun/servlet/trsolicitudot?a5ef76c73876a25ce4e755f4c48e4d8c,,gx-no-cache=1456930366836 HTTP/1.1" 200 5571
192.168.10.98 - - [02/Mar/2016:11:56:54 -0300] "POST /cormun/servlet/trsolicitudot?a5ef76c73876a25ce4e755f4c48e4d8c,,gx-no-cache=1456930367274 HTTP/1.1" 200 5570
186.103.156.24 - - [02/Mar/2016:11:56:54 -0300] "POST /cormun/servlet/trautorizarsolicitud?be3165041499b8058c65c42614994a57,,gx-no-cache=1456930911524 HTTP/1.1" 200 3452
192.168.10.98 - - [02/Mar/2016:11:56:54 -0300] "POST /cormun/servlet/trsolicitudot?a5ef76c73876a25ce4e755f4c48e4d8c,,gx-no-cache=1456930367724 HTTP/1.1" 200 5571
186.103.156.24 - - [02/Mar/2016:11:56:55 -0300] "GET /cormun/servlet/trautorizarsolicitud?58a62feccd4f09c34ded51384f811b436b9a6e1116b79165d65dc1ea8f8efcb7a407aa7e38196c5dc546530de895f4f79d87852947a41d2837b8c5a43488cfc166458aaf829de4f1a6c47a005078bd76a1d889f7d5465a8c9553c2901e2c985d5ac0cfecea250650d21d8ed25c6360d8,gx-no-cache=1456930911925 HTTP/1.1" 200 742
192.168.10.98 - - [02/Mar/2016:11:56:55 -0300] "POST /cormun/servlet/trsolicitudot?a5ef76c73876a25ce4e755f4c48e4d8c,,gx-no-cache=1456930368186 HTTP/1.1" 200 5571
192.168.10.98 - - [02/Mar/2016:11:56:55 -0300] "POST /cormun/servlet/trsolicitudot?a5ef76c73876a25ce4e755f4c48e4d8c,,gx-no-cache=1456930368669 HTTP/1.1" 200 5571
192.168.10.98 - - [02/Mar/2016:11:56:56 -0300] "POST /cormun/servlet/trsolicitudot?a5ef76c73876a25ce4e755f4c48e4d8c,,gx-no-cache=1456930369154 HTTP/1.1" 200 5296
192.168.10.98 - - [02/Mar/2016:11:56:56 -0300] "POST /cormun/servlet/trsolicitudot?a5ef76c73876a25ce4e755f4c48e4d8c,,gx-no-cache=1456930369589 HTTP/1.1" 200 5237
186.103.156.24 - - [02/Mar/2016:11:56:57 -0300] "POST /cormun/servlet/trautorizarsolicitud?be3165041499b8058c65c42614994a57,,gx-no-cache=1456930914453 HTTP/1.1" 200 3454
186.103.156.24 - - [02/Mar/2016:11:56:57 -0300] "GET /cormun/servlet/trautorizarsolicitud?58a62feccd4f09c34ded51384f811b4306595c54ba91726b49558330379eedaea407aa7e38196c5dc546530de895f4f79d87852947a41d2837b8c5a43488cfc166458aaf829de4f1a6c47a005078bd76a1d889f7d5465a8c9553c2901e2c985d5ac0cfecea250650d21d8ed25c6360d8,gx-no-cache=1456930914882 HTTP/1.1" 200 742
186.103.156.24 - - [02/Mar/2016:11:57:00 -0300] "POST /cormun/servlet/trautorizarsolicitud?be3165041499b8058c65c42614994a57,,gx-no-cache=1456930917387 HTTP/1.1" 200 3455
186.103.156.24 - - [02/Mar/2016:11:57:00 -0300] "GET /cormun/servlet/trautorizarsolicitud?58a62feccd4f09c34ded51384f811b43d5f80ef53c12ed8be265596bc4eb253ca407aa7e38196c5dc546530de895f4f79d87852947a41d2837b8c5a43488cfc166458aaf829de4f1a6c47a005078bd76a1d889f7d5465a8c9553c2901e2c985d5ac0cfecea250650d21d8ed25c6360d8,gx-no-cache=1456930917820 HTTP/1.1" 200 743
186.103.156.24 - - [02/Mar/2016:11:57:03 -0300] "POST /cormun/servlet/trautorizarsolicitud?be3165041499b8058c65c42614994a57,,gx-no-cache=1456930921204 HTTP/1.1" 200 3453
186.103.156.24 - - [02/Mar/2016:11:57:03 -0300] "GET /cormun/servlet/trautorizarsolicitud?58a62feccd4f09c34ded51384f811b4334acb9ca97c36efb5ea1426823b299dea407aa7e38196c5dc546530de895f4f79d87852947a41d2837b8c5a43488cfc166458aaf829de4f1a6c47a005078bd76a1d889f7d5465a8c9553c2901e2c985d5ac0cfecea250650d21d8ed25c6360d8,gx-no-cache=1456930921606 HTTP/1.1" 200 743
192.168.10.98 - - [02/Mar/2016:11:57:04 -0300] "POST /cormun/servlet/trsolicitudot?a5ef76c73876a25ce4e755f4c48e4d8c,,gx-no-cache=1456930377131 HTTP/1.1" 200 5261
192.168.10.98 - - [02/Mar/2016:11:57:04 -0300] "POST /cormun/servlet/trsolicitudot?a5ef76c73876a25ce4e755f4c48e4d8c,,gx-no-cache=1456930377592 HTTP/1.1" 200 5261
192.168.10.98 - - [02/Mar/2016:11:57:05 -0300] "POST /cormun/servlet/trsolicitudot?a5ef76c73876a25ce4e755f4c48e4d8c,,gx-no-cache=1456930378026 HTTP/1.1" 200 5261
192.168.10.98 - - [02/Mar/2016:11:57:05 -0300] "POST /cormun/servlet/trsolicitudot?a5ef76c73876a25ce4e755f4c48e4d8c,,gx-no-cache=1456930378460 HTTP/1.1" 200 5262
192.168.10.98 - - [02/Mar/2016:11:57:06 -0300] "POST /cormun/servlet/trsolicitudot?a5ef76c73876a25ce4e755f4c48e4d8c,,gx-no-cache=1456930378914 HTTP/1.1" 200 5261
192.168.10.98 - - [02/Mar/2016:11:57:06 -0300] "POST /cormun/servlet/trsolicitudot?a5ef76c73876a25ce4e755f4c48e4d8c,,gx-no-cache=1456930379376 HTTP/1.1" 200 5261
192.168.10.98 - - [02/Mar/2016:11:57:07 -0300] "POST /cormun/servlet/trsolicitudot?a5ef76c73876a25ce4e755f4c48e4d8c,,gx-no-cache=1456930379852 HTTP/1.1" 200 5262
192.168.10.98 - - [02/Mar/2016:11:57:07 -0300] "POST /cormun/servlet/trsolicitudot?a5ef76c73876a25ce4e755f4c48e4d8c,,gx-no-cache=1456930380344 HTTP/1.1" 200 5507
186.103.156.24 - - [02/Mar/2016:11:57:08 -0300] "POST /cormun/servlet/trautorizarsolicitud?be3165041499b8058c65c42614994a57,,gx-no-cache=1456930926302 HTTP/1.1" 200 3454
186.103.156.24 - - [02/Mar/2016:11:57:08 -0300] "GET /cormun/servlet/trautorizarsolicitud?58a62feccd4f09c34ded51384f811b43b0ab6830b2906a04183a308572b9de6da407aa7e38196c5dc546530de895f4f79d87852947a41d2837b8c5a43488cfc166458aaf829de4f1a6c47a005078bd76a1d889f7d5465a8c9553c2901e2c985d5ac0cfecea250650d21d8ed25c6360d8,gx-no-cache=1456930926736 HTTP/1.1" 200 744
191.112.87.159 - - [02/Mar/2016:11:57:10 -0300] "POST /cormun/servlet/trvisualizadoreventos?67bf934034d96584b21130ff03dba25f,,gx-no-cache=1456934256645 HTTP/1.1" 200 90
191.112.87.159 - - [02/Mar/2016:11:57:10 -0300] "GET /cormun/servlet/hpexe_link HTTP/1.1" 200 974
186.103.156.24 - - [02/Mar/2016:11:57:11 -0300] "POST /cormun/servlet/trautorizarsolicitud?be3165041499b8058c65c42614994a57,,gx-no-cache=1456930929967 HTTP/1.1" 200 3456
186.103.156.24 - - [02/Mar/2016:11:57:11 -0300] "GET /cormun/servlet/trautorizarsolicitud?58a62feccd4f09c34ded51384f811b4349d7a9229eb05c70eccdfa3c6dd19bcba407aa7e38196c5dc546530de895f4f79d87852947a41d2837b8c5a43488cfc166458aaf829de4f1a6c47a005078bd76a1d889f7d5465a8c9553c2901e2c985d5ac0cfecea250650d21d8ed25c6360d8,gx-no-cache=1456930930401 HTTP/1.1" 200 744
191.112.87.159 - - [02/Mar/2016:11:57:11 -0300] "GET /cormun/servlet/trautorizarsolicitud? HTTP/1.1" 200 7385
191.112.87.159 - - [02/Mar/2016:11:57:12 -0300] "GET /cormun/servlet/trautorizarsolicitud? HTTP/1.1" 200 7384
192.168.10.98 - - [02/Mar/2016:11:57:14 -0300] "POST /cormun/servlet/trsolicitudot?a5ef76c73876a25ce4e755f4c48e4d8c,,gx-no-cache=1456930387726 HTTP/1.1" 200 5261
192.168.10.98 - - [02/Mar/2016:11:57:15 -0300] "POST /cormun/servlet/trsolicitudot?a5ef76c73876a25ce4e755f4c48e4d8c,,gx-no-cache=1456930388218 HTTP/1.1" 200 5261
192.168.10.98 - - [02/Mar/2016:11:57:15 -0300] "POST /cormun/servlet/trsolicitudot?a5ef76c73876a25ce4e755f4c48e4d8c,,gx-no-cache=1456930388713 HTTP/1.1" 200 5261
