186.103.156.24 - - [02/Mar/2016:11:39:07 -0300] "POST /cormun/servlet/trsolicitudot?be3165041499b8058c65c42614994a57,gx-no-cache=1456929745803 HTTP/1.1" 200 6609
186.103.156.24 - - [02/Mar/2016:11:39:07 -0300] "POST /cormun/servlet/trsolicitudot?be3165041499b8058c65c42614994a57,gx-no-cache=1456929746131 HTTP/1.1" 200 6609
186.103.156.24 - - [02/Mar/2016:11:39:07 -0300] "POST /cormun/servlet/trsolicitudot?be3165041499b8058c65c42614994a57,gx-no-cache=1456929746495 HTTP/1.1" 200 6611
186.103.156.24 - - [02/Mar/2016:11:39:07 -0300] "POST /cormun/servlet/trsolicitudot?be3165041499b8058c65c42614994a57,gx-no-cache=1456929746833 HTTP/1.1" 200 104
186.103.156.24 - - [02/Mar/2016:11:39:08 -0300] "GET /cormun/servlet/solicitudot?UPD,2016,341, HTTP/1.1" 200 12653
186.103.156.24 - - [02/Mar/2016:11:39:09 -0300] "GET /cormun/servlet/solicitudot?UPD,2016,341, HTTP/1.1" 200 12662
186.103.156.24 - - [02/Mar/2016:11:39:09 -0300] "POST /cormun/servlet/solicitudot?gx-no-cache=1456929748642 HTTP/1.1" 200 2770
186.103.156.24 - - [02/Mar/2016:11:39:10 -0300] "POST /cormun/servlet/solicitudot?be3165041499b8058c65c42614994a57,UPD,2016,341,,gx-no-cache=1456929748810 HTTP/1.1" 200 9070
186.103.156.24 - - [02/Mar/2016:11:39:10 -0300] "GET /cormun/servlet/solicitudot?e0139e73eff4ebca9fcf51efdab74d305bac1080598315fc35917decb8995c365b0a673dc91e123d7d170d9f20595306,gx-no-cache=1456929749083 HTTP/1.1" 200 30
186.103.156.24 - - [02/Mar/2016:11:39:10 -0300] "POST /cormun/servlet/solicitudot?gx-no-cache=1456929749161 HTTP/1.1" 200 30
186.103.156.24 - - [02/Mar/2016:11:39:10 -0300] "POST /cormun/servlet/solicitudot?gx-no-cache=1456929749217 HTTP/1.1" 200 30
186.103.156.24 - - [02/Mar/2016:11:39:10 -0300] "POST /cormun/servlet/solicitudot?gx-no-cache=1456929749270 HTTP/1.1" 200 1153
186.103.156.24 - - [02/Mar/2016:11:39:10 -0300] "GET /cormun/servlet/solicitudot?e0139e73eff4ebca9fcf51efdab74d30571597d9d1135913db3fa2113e36e31c571231572b6c3f297a0909c61fd4cd8ea24394e928618c0a96059010de355207fbdb44de860d16058fa8a607ad6bc3095ebc530e8717483ff0328aecbff7cd6808dee23ec8ebf744dae97272421fc5a61912eea99922361543851b48053c779d82f48bcce4d7a84acd5df6a2b2eb81e95ac0cfecea250650d21d8ed25c6360d8,gx-no-cache=1456929749342 HTTP/1.1" 200 41
186.103.156.24 - - [02/Mar/2016:11:39:30 -0300] "POST /cormun/servlet/solicitudot?be3165041499b8058c65c42614994a57,UPD,2016,341,,gx-no-cache=1456929771744 HTTP/1.1" 200 93
186.103.156.24 - - [02/Mar/2016:11:39:30 -0300] "GET /cormun/servlet/hpexe_return? HTTP/1.1" 200 1032
186.103.156.24 - - [02/Mar/2016:11:39:30 -0300] "GET /cormun/servlet/trsolicitudot?gx-no-cache=1456929746495 HTTP/1.1" 200 9096
186.103.156.24 - - [02/Mar/2016:11:39:31 -0300] "GET /cormun/servlet/trsolicitudot?gx-no-cache=1456929746495 HTTP/1.1" 200 9112
186.103.156.24 - - [02/Mar/2016:11:39:35 -0300] "GET /cormun/servlet/solicitudot?INS,0,0, HTTP/1.1" 200 11462
186.103.156.24 - - [02/Mar/2016:11:39:36 -0300] "GET /cormun/servlet/solicitudot?INS,0,0, HTTP/1.1" 200 11444
186.103.156.24 - - [02/Mar/2016:11:39:59 -0300] "POST /cormun/servlet/solicitudot?gx-no-cache=1456929802295 HTTP/1.1" 200 2770
186.103.156.24 - - [02/Mar/2016:11:40:00 -0300] "POST /cormun/servlet/solicitudot?be3165041499b8058c65c42614994a57,INS,0,0,,gx-no-cache=1456929804034 HTTP/1.1" 200 8423
186.103.156.24 - - [02/Mar/2016:11:40:07 -0300] "GET /cormun/servlet/solicitudot?e0139e73eff4ebca9fcf51efdab74d305bac1080598315fc35917decb8995c36dacca404cc218567d33492d99ca563e7,gx-no-cache=1456929812325 HTTP/1.1" 200 30
186.103.156.24 - - [02/Mar/2016:11:40:07 -0300] "POST /cormun/servlet/solicitudot?gx-no-cache=1456929812367 HTTP/1.1" 200 30
186.103.156.24 - - [02/Mar/2016:11:40:11 -0300] "POST /cormun/servlet/solicitudot?gx-no-cache=1456929816607 HTTP/1.1" 200 30
186.103.156.24 - - [02/Mar/2016:11:40:12 -0300] "POST /cormun/servlet/solicitudot?gx-no-cache=1456929818551 HTTP/1.1" 200 452
186.103.156.24 - - [02/Mar/2016:11:40:12 -0300] "GET /cormun/servlet/solicitudot?e0139e73eff4ebca9fcf51efdab74d30571597d9d1135913db3fa2113e36e31c571231572b6c3f297a0909c61fd4cd8ea24394e928618c0a96059010de355207fbdb44de860d16058fa8a607ad6bc3095ebc530e8717483ff0328aecbff7cd6808dee23ec8ebf744dae97272421fc5a61912eea99922361543851b48053c779da828b9880cba169fd8d1389cd0dbe412,gx-no-cache=1456929818592 HTTP/1.1" 200 38
186.103.156.24 - - [02/Mar/2016:11:40:40 -0300] "GET /cormun/servlet/solicitudot?e0139e73eff4ebca9fcf51efdab74d30d541592f26fb37473b74a139683920f0e535671e9e222a364156afbfa733ecb31fe8057cc3d760aed59ce2711e4fb6fec5ccbc0f49a6e5f7bf7785c977691a5118cbd7e6eb0630a744d1b2aa8bde30ce6a35ef4cf2cd13a82088c3d3899e117d6853fc5eaa4305fb3fd07e2b56dede011d86814688f6f25354f3f3e2568167839a5394372cbe260ba09267f91a65d132243f0be9ec4f22ea4ccb2a6010828dba9c2b0b4caf107852b61be809bebbddd5c624f4203bf411d095f2ff537768663e,gx-no-cache=1456929850205 HTTP/1.1" 200 29
186.103.156.24 - - [02/Mar/2016:11:40:42 -0300] "POST /cormun/servlet/solicitudot?gx-no-cache=1456929852113 HTTP/1.1" 200 1116
186.103.156.24 - - [02/Mar/2016:11:41:19 -0300] "GET /cormun/servlet/solicitudot?e0139e73eff4ebca9fcf51efdab74d30120bb93bc127b4490044eef3622cfa3bb07caf490a40cc26e665da9584189213bcb1e2d3603e4ca24ee6c4d6ea044965adc7c4c301bbfdada923630f26338e3efde829c221d431f78a34955399bbe527e89fa71c10f3fb023416ee5832d2343a7282b21df3708e0328195a51fe7adba676ae06365d6e634f937d6f8a8357dd84f7f527130a23698573d49628a588a32c56b1517233e0901abfc4fadf826afb67,gx-no-cache=1456929893909 HTTP/1.1" 200 30
191.112.91.68 - - [02/Mar/2016:11:41:26 -0300] "POST /cormun/servlet/solicitudotadjuntos?gx-no-cache=1456929713466 HTTP/1.1" 200 26
191.112.91.68 - - [02/Mar/2016:11:41:43 -0300] "GET /cormun/servlet/solicitudotadjuntos?cc3825a6bcde85380411dea6bcbbd66b633b8525340459f8f593f8d1a6b73094,gx-no-cache=1456929730438 HTTP/1.1" 200 30
191.112.91.68 - - [02/Mar/2016:11:41:43 -0300] "GET /cormun/servlet/solicitudotadjuntos?cc3825a6bcde85380411dea6bcbbd66b633b8525340459f8f593f8d1a6b73094,gx-no-cache=1456929730522 HTTP/1.1" 200 30
191.112.91.68 - - [02/Mar/2016:11:41:46 -0300] "POST /cormun/servlet/solicitudotadjuntos?0c0ee8f3b383daf4648f2d40d97b65a9,INS,2016,355,,1, HTTP/1.1" 200 116
191.112.91.68 - - [02/Mar/2016:11:41:46 -0300] "GET /cormun/servlet/hpexe_return? HTTP/1.1" 200 1033
191.112.91.68 - - [02/Mar/2016:11:41:47 -0300] "GET /cormun/servlet/vesolicitudot?2016,355,,SolicitudOTAdjuntos HTTP/1.1" 200 8563
191.112.91.68 - - [02/Mar/2016:11:41:48 -0300] "GET /cormun/pexe_scrolldiv.js HTTP/1.1" 404 1009
191.112.91.68 - - [02/Mar/2016:11:41:50 -0300] "GET /cormun/servlet/vesolicitudot?2016,355,,SolicitudOTAdjuntos HTTP/1.1" 200 8559
191.112.91.68 - - [02/Mar/2016:11:41:52 -0300] "POST /cormun/servlet/acontrolpreferencessavestate?None,CD-33,true HTTP/1.1" 200 35
191.112.91.68 - - [02/Mar/2016:11:41:55 -0300] "GET /cormun/servlet/solicitudotadjuntos?INS,2016,355,,1, HTTP/1.1" 200 5471
191.112.91.68 - - [02/Mar/2016:11:41:56 -0300] "GET /cormun/static/about:blank HTTP/1.1" 404 1011
191.112.91.68 - - [02/Mar/2016:11:41:58 -0300] "GET /cormun/servlet/solicitudotadjuntos?INS,2016,355,,1, HTTP/1.1" 200 5463
191.112.91.68 - - [02/Mar/2016:11:41:58 -0300] "GET /cormun/servlet/solicitudotadjuntos?cc3825a6bcde85380411dea6bcbbd66bff3627d1dad65910064eaa0128b3b85265071cafe5fc2b06121d40f4d045fd08,gx-no-cache=1456929745714 HTTP/1.1" 200 30
191.112.91.68 - - [02/Mar/2016:11:41:59 -0300] "POST /cormun/servlet/solicitudotadjuntos?0c0ee8f3b383daf4648f2d40d97b65a9,INS,2016,355,,1,,gx-no-cache=1456929745862 HTTP/1.1" 200 3380
186.103.156.24 - - [02/Mar/2016:11:42:11 -0300] "POST /cormun/servlet/solicitudot?be3165041499b8058c65c42614994a57,INS,0,0,,gx-no-cache=1456929952957 HTTP/1.1" 200 93
186.103.156.24 - - [02/Mar/2016:11:42:12 -0300] "GET /cormun/servlet/hpexe_return? HTTP/1.1" 200 1027
186.103.156.24 - - [02/Mar/2016:11:42:12 -0300] "GET /cormun/servlet/trsolicitudot?gx-no-cache=1456929746495 HTTP/1.1" 200 9336
186.103.156.24 - - [02/Mar/2016:11:42:13 -0300] "GET /cormun/servlet/trsolicitudot?gx-no-cache=1456929746495 HTTP/1.1" 200 9353
191.112.91.68 - - [02/Mar/2016:11:42:20 -0300] "POST /cormun/servlet/solicitudotadjuntos?gx-no-cache=1456929766888 HTTP/1.1" 200 26
186.103.156.24 - - [02/Mar/2016:11:42:25 -0300] "GET /cormun/servlet/solicitudot?INS,0,0, HTTP/1.1" 200 11462
186.103.156.24 - - [02/Mar/2016:11:42:26 -0300] "GET /cormun/servlet/solicitudot?INS,0,0, HTTP/1.1" 200 11445
191.112.91.68 - - [02/Mar/2016:11:42:38 -0300] "GET /cormun/servlet/solicitudotadjuntos?cc3825a6bcde85380411dea6bcbbd66b633b8525340459f8f593f8d1a6b73094,gx-no-cache=1456929785639 HTTP/1.1" 200 30
191.112.91.68 - - [02/Mar/2016:11:42:38 -0300] "GET /cormun/servlet/solicitudotadjuntos?cc3825a6bcde85380411dea6bcbbd66b633b8525340459f8f593f8d1a6b73094,gx-no-cache=1456929785724 HTTP/1.1" 200 30
191.112.91.68 - - [02/Mar/2016:11:42:41 -0300] "POST /cormun/servlet/solicitudotadjuntos?0c0ee8f3b383daf4648f2d40d97b65a9,INS,2016,355,,1, HTTP/1.1" 200 5372
191.112.91.68 - - [02/Mar/2016:11:42:41 -0300] "GET /cormun/static/Shared/jqueryui/images/ui-bg_highlight-soft_100_c6c2c8_1x100.png HTTP/1.1" 404 1117
191.112.91.68 - - [02/Mar/2016:11:42:41 -0300] "GET /cormun/static/Shared/jqueryui/images/ui-icons_82798d_256x240.png HTTP/1.1" 404 1089
191.112.91.68 - - [02/Mar/2016:11:42:41 -0300] "GET /cormun/static/Shared/jqueryui/images/ui-bg_flat_55_994d53_40x100.png HTTP/1.1" 404 1097
191.112.91.68 - - [02/Mar/2016:11:42:41 -0300] "GET /cormun/static/Shared/jqueryui/images/ui-icons_ebccce_256x240.png HTTP/1.1" 404 1089
191.112.91.68 - - [02/Mar/2016:11:42:41 -0300] "GET /cormun/PrivateTempStorage/upload_00000895.jpg HTTP/1.1" 200 136569
186.103.156.24 - - [02/Mar/2016:11:42:43 -0300] "GET /cormun/servlet/trautorizarsolicitud? HTTP/1.1" 200 6150
186.103.156.24 - - [02/Mar/2016:11:42:44 -0300] "GET /cormun/servlet/trautorizarsolicitud? HTTP/1.1" 200 6144
186.103.156.24 - - [02/Mar/2016:11:42:50 -0300] "POST /cormun/servlet/trautorizarsolicitud?be3165041499b8058c65c42614994a57,,gx-no-cache=1456929995248 HTTP/1.1" 200 3457
186.103.156.24 - - [02/Mar/2016:11:42:50 -0300] "POST /cormun/servlet/trautorizarsolicitud?be3165041499b8058c65c42614994a57,,gx-no-cache=1456929995408 HTTP/1.1" 200 3456
186.103.156.24 - - [02/Mar/2016:11:42:50 -0300] "POST /cormun/servlet/trautorizarsolicitud?be3165041499b8058c65c42614994a57,,gx-no-cache=1456929995556 HTTP/1.1" 200 3456
186.103.156.24 - - [02/Mar/2016:11:42:50 -0300] "POST /cormun/servlet/trautorizarsolicitud?be3165041499b8058c65c42614994a57,,gx-no-cache=1456929995704 HTTP/1.1" 200 3456
191.112.91.68 - - [02/Mar/2016:11:42:51 -0300] "GET /cormun/servlet/solicitudotadjuntos?cc3825a6bcde85380411dea6bcbbd66b85aca1f40482dbc91fa785799bd19e2b65071cafe5fc2b06121d40f4d045fd08,gx-no-cache=1456929798415 HTTP/1.1" 200 30
186.103.156.24 - - [02/Mar/2016:11:42:53 -0300] "POST /cormun/servlet/trautorizarsolicitud?be3165041499b8058c65c42614994a57,,gx-no-cache=1456929998876 HTTP/1.1" 200 6847
191.112.91.68 - - [02/Mar/2016:11:42:53 -0300] "POST /cormun/servlet/solicitudotadjuntos?0c0ee8f3b383daf4648f2d40d97b65a9,INS,2016,355,,1, HTTP/1.1" 200 5373
186.103.156.24 - - [02/Mar/2016:11:42:53 -0300] "GET /cormun/servlet/trautorizarsolicitud?58a62feccd4f09c34ded51384f811b432b0920fff129eb78cff395b69d30102da407aa7e38196c5dc546530de895f4f79d87852947a41d2837b8c5a43488cfc1e043c4454d87ee80818ff72006b63a648bff752afcc3af9d7a5f2367bcfb40a9,gx-no-cache=1456929999279 HTTP/1.1" 200 4502
191.112.91.68 - - [02/Mar/2016:11:42:54 -0300] "GET /cormun/PrivateTempStorage/upload_00000907.jpg HTTP/1.1" 200 136569
191.112.87.159 - - [02/Mar/2016:11:42:54 -0300] "GET /cormun/servlet/hlogin HTTP/1.1" 200 1708
191.112.87.159 - - [02/Mar/2016:11:42:55 -0300] "GET /cormun/static/Resources/Spanish/PXTools.css?005343 HTTP/1.1" 304 -
191.112.87.159 - - [02/Mar/2016:11:42:55 -0300] "GET /cormun/static/gxtimezone.js?85251 HTTP/1.1" 304 -
191.112.87.159 - - [02/Mar/2016:11:42:55 -0300] "GET /cormun/static/gxgral.js?85251 HTTP/1.1" 304 -
191.112.87.159 - - [02/Mar/2016:11:42:56 -0300] "GET /cormun/static/gxcfg.js?20151120045111 HTTP/1.1" 304 -
191.112.87.159 - - [02/Mar/2016:11:42:57 -0300] "GET /cormun/static/hlogin.js?20151120045126 HTTP/1.1" 304 -
191.112.87.159 - - [02/Mar/2016:11:42:57 -0300] "GET /cormun/static/messages.spa.js?85251 HTTP/1.1" 304 -
191.112.87.159 - - [02/Mar/2016:11:42:57 -0300] "GET /cormun/static/Resources/ComunLogin.png HTTP/1.1" 304 -
191.112.87.159 - - [02/Mar/2016:11:42:58 -0300] "GET /cormun/static/Resources/PXToolsLoginTop.png HTTP/1.1" 304 -
191.112.87.159 - - [02/Mar/2016:11:42:58 -0300] "GET /cormun/static/Resources/PXToolsLoginBackground.png HTTP/1.1" 304 -
191.112.87.159 - - [02/Mar/2016:11:42:58 -0300] "GET /cormun/static/Resources/PXToolsButtonLeft21.png HTTP/1.1" 304 -
191.112.87.159 - - [02/Mar/2016:11:42:58 -0300] "GET /cormun/static/Resources/PXToolsButtonRight21.png HTTP/1.1" 304 -
191.112.87.159 - - [02/Mar/2016:11:42:58 -0300] "GET /cormun/static/Resources/PXToolsLoginBottom.png HTTP/1.1" 304 -
191.112.87.159 - - [02/Mar/2016:11:42:58 -0300] "GET /cormun/static/Resources/PXToolsButtonBackground2.png HTTP/1.1" 304 -
191.112.91.68 - - [02/Mar/2016:11:43:00 -0300] "POST /cormun/servlet/solicitudotadjuntos?0c0ee8f3b383daf4648f2d40d97b65a9,INS,2016,355,,1, HTTP/1.1" 200 116
191.112.91.68 - - [02/Mar/2016:11:43:00 -0300] "GET /cormun/servlet/hpexe_return? HTTP/1.1" 200 1033
191.112.91.68 - - [02/Mar/2016:11:43:01 -0300] "GET /cormun/servlet/vesolicitudot?2016,355,,SolicitudOTAdjuntos HTTP/1.1" 200 8563
191.112.91.68 - - [02/Mar/2016:11:43:01 -0300] "GET /cormun/pexe_scrolldiv.js HTTP/1.1" 404 1009
191.112.87.159 - - [02/Mar/2016:11:43:02 -0300] "GET /cormun/static/Resources/indicator.gif HTTP/1.1" 304 -
191.112.91.68 - - [02/Mar/2016:11:43:04 -0300] "GET /cormun/servlet/vesolicitudot?2016,355,,SolicitudOTAdjuntos HTTP/1.1" 200 8559
191.112.91.68 - - [02/Mar/2016:11:43:06 -0300] "POST /cormun/servlet/acontrolpreferencessavestate?None,CD-33,true HTTP/1.1" 200 35
191.112.87.159 - - [02/Mar/2016:11:43:11 -0300] "POST /cormun/servlet/hlogin?7a0c2073d73c49b39f1696a0bf243ae2,gx-no-cache=1456929831171 HTTP/1.1" 200 90
191.112.87.159 - - [02/Mar/2016:11:43:11 -0300] "GET /cormun/servlet/hpexe_link HTTP/1.1" 200 941
191.112.87.159 - - [02/Mar/2016:11:43:12 -0300] "GET /cormun/static/gxcfg.js?20151120044395 HTTP/1.1" 304 -
191.112.87.159 - - [02/Mar/2016:11:43:12 -0300] "GET /cormun/static/hpexe_link.js?20151120044398 HTTP/1.1" 304 -
191.112.87.159 - - [02/Mar/2016:11:43:12 -0300] "GET /cormun/servlet/hhome HTTP/1.1" 200 3382
191.112.87.159 - - [02/Mar/2016:11:43:12 -0300] "GET /cormun/static/Resources/Spanish/PXTools.css?10515224 HTTP/1.1" 304 -
191.112.87.159 - - [02/Mar/2016:11:43:12 -0300] "GET /cormun/static/Shared/jqueryui/jquery-ui.min.css?1345370 HTTP/1.1" 304 -
186.103.156.24 - - [02/Mar/2016:11:43:12 -0300] "POST /cormun/servlet/trautorizarsolicitud?be3165041499b8058c65c42614994a57,,gx-no-cache=1456930020189 HTTP/1.1" 200 6846
191.112.87.159 - - [02/Mar/2016:11:43:12 -0300] "GET /cormun/static/SmoothNavMenu/resources/ddsmoothmenu.css?1112540 HTTP/1.1" 304 -
191.112.87.159 - - [02/Mar/2016:11:43:12 -0300] "GET /cormun/static/SmoothNavMenu/resources/ddsmoothmenu-v.css?1112540 HTTP/1.1" 304 -
191.112.87.159 - - [02/Mar/2016:11:43:12 -0300] "GET /cormun/static/scaMessage/css/jquery.pnotify.default.css?1816380 HTTP/1.1" 304 -
191.112.87.159 - - [02/Mar/2016:11:43:12 -0300] "GET /cormun/static/gxcfg.js?2015112210564248 HTTP/1.1" 304 -
191.112.87.159 - - [02/Mar/2016:11:43:12 -0300] "GET /cormun/static/PXToolsJavascripts/pexe_autoreload.js HTTP/1.1" 304 -
191.112.87.159 - - [02/Mar/2016:11:43:12 -0300] "GET /cormun/static/PXToolsJavascripts/pexe_cookies.js HTTP/1.1" 304 -
191.112.87.159 - - [02/Mar/2016:11:43:12 -0300] "GET /cormun/static/PXToolsJavascripts/pexe_windows.js HTTP/1.1" 304 -
186.103.156.24 - - [02/Mar/2016:11:43:13 -0300] "POST /cormun/servlet/trautorizarsolicitud?be3165041499b8058c65c42614994a57,,gx-no-cache=1456930020664 HTTP/1.1" 200 6846
191.112.87.159 - - [02/Mar/2016:11:43:13 -0300] "GET /cormun/static/PXToolsJavascripts/pexe_grid.js HTTP/1.1" 304 -
191.112.87.159 - - [02/Mar/2016:11:43:13 -0300] "GET /cormun/static/PXToolsJavascripts/pexe_menudivfix.js HTTP/1.1" 304 -
191.112.87.159 - - [02/Mar/2016:11:43:13 -0300] "GET /cormun/static/PXToolsJavascripts/pexe_link.js HTTP/1.1" 304 -
191.112.87.159 - - [02/Mar/2016:11:43:13 -0300] "GET /cormun/static/PXToolsJavascripts/pexe_griddivfix.js HTTP/1.1" 304 -
191.112.87.159 - - [02/Mar/2016:11:43:13 -0300] "GET /cormun/static/PXToolsJavascripts/pexe_menus.js HTTP/1.1" 304 -
191.112.87.159 - - [02/Mar/2016:11:43:13 -0300] "GET /cormun/static/PXToolsJavascripts/pexe_layers.js HTTP/1.1" 304 -
191.112.87.159 - - [02/Mar/2016:11:43:13 -0300] "GET /cormun/static/PXToolsJavascripts/pexe_oavdivfix.js HTTP/1.1" 304 -
191.112.87.159 - - [02/Mar/2016:11:43:13 -0300] "GET /cormun/static/PXToolsJavascripts/pexe_picture.js HTTP/1.1" 304 -
191.112.87.159 - - [02/Mar/2016:11:43:13 -0300] "GET /cormun/static/PXToolsJavascripts/pexe_oav.js HTTP/1.1" 304 -
191.112.87.159 - - [02/Mar/2016:11:43:13 -0300] "GET /cormun/static/PXToolsJavascripts/pexe_popup.js HTTP/1.1" 304 -
191.112.87.159 - - [02/Mar/2016:11:43:13 -0300] "GET /cormun/static/PXToolsJavascripts/pexe_scrolldiv.js HTTP/1.1" 304 -
191.112.87.159 - - [02/Mar/2016:11:43:13 -0300] "GET /cormun/static/PXToolsJavascripts/pexe_tabdivfix.js HTTP/1.1" 304 -
186.103.156.24 - - [02/Mar/2016:11:43:13 -0300] "POST /cormun/servlet/trautorizarsolicitud?be3165041499b8058c65c42614994a57,,gx-no-cache=1456930021065 HTTP/1.1" 200 6846
191.112.87.159 - - [02/Mar/2016:11:43:13 -0300] "GET /cormun/static/PXToolsJavascripts/pexe_tabs.js HTTP/1.1" 304 -
191.112.87.159 - - [02/Mar/2016:11:43:13 -0300] "GET /cormun/static/PXToolsJavascripts/pexe_upload.js HTTP/1.1" 304 -
191.112.87.159 - - [02/Mar/2016:11:43:13 -0300] "GET /cormun/static/RunJS/RunJS.js HTTP/1.1" 304 -
191.112.87.159 - - [02/Mar/2016:11:43:13 -0300] "GET /cormun/static/PXToolsJavascripts/PXToolsJavascriptsRender.js HTTP/1.1" 304 -
186.103.156.24 - - [02/Mar/2016:11:43:13 -0300] "POST /cormun/servlet/trautorizarsolicitud?be3165041499b8058c65c42614994a57,,gx-no-cache=1456930021519 HTTP/1.1" 200 6858
191.112.87.159 - - [02/Mar/2016:11:43:14 -0300] "GET /cormun/static/Shared/ext/ext-all.js HTTP/1.1" 304 -
191.112.87.159 - - [02/Mar/2016:11:43:14 -0300] "GET /cormun/static/gxui/gxui-all.js HTTP/1.1" 304 -
191.112.87.159 - - [02/Mar/2016:11:43:14 -0300] "GET /cormun/static/Shared/ext/locale/ext-lang-en.js HTTP/1.1" 304 -
191.112.87.159 - - [02/Mar/2016:11:43:14 -0300] "GET /cormun/static/hhome.js?2015112210564255 HTTP/1.1" 304 -
191.112.87.159 - - [02/Mar/2016:11:43:14 -0300] "GET /cormun/static/hwchdr01.js?20162241650484 HTTP/1.1" 304 -
191.112.87.159 - - [02/Mar/2016:11:43:14 -0300] "GET /cormun/static/hpexe_recentlink.js?2015111312121342 HTTP/1.1" 304 -
191.112.87.159 - - [02/Mar/2016:11:43:14 -0300] "GET /cormun/static/hpexe_scripts.js?20151120014546 HTTP/1.1" 304 -
191.112.87.159 - - [02/Mar/2016:11:43:14 -0300] "GET /cormun/static/hpexe_messagecontroller.js?2015112210524422 HTTP/1.1" 304 -
191.112.87.159 - - [02/Mar/2016:11:43:14 -0300] "GET /cormun/static/hpexe_messagepopupcomponent.js?2016311717983 HTTP/1.1" 304 -
191.112.87.159 - - [02/Mar/2016:11:43:14 -0300] "GET /cormun/static/hpexe_messagegenexuscomponent.js?20151120014314 HTTP/1.1" 304 -
191.112.87.159 - - [02/Mar/2016:11:43:14 -0300] "GET /cormun/static/cmcontrolpreferences.js?20151120014525 HTTP/1.1" 304 -
191.112.87.159 - - [02/Mar/2016:11:43:14 -0300] "GET /cormun/static/Shared/jquery/jquery-1.4.2.min.js HTTP/1.1" 304 -
191.112.87.159 - - [02/Mar/2016:11:43:15 -0300] "GET /cormun/static/Shared/jquery/jquery-1.10.2.min.js HTTP/1.1" 304 -
191.112.87.159 - - [02/Mar/2016:11:43:15 -0300] "GET /cormun/static/Shared/jqueryui/jquery-ui.min.js HTTP/1.1" 304 -
191.112.87.159 - - [02/Mar/2016:11:43:15 -0300] "GET /cormun/static/SmoothNavMenu/resources/ddsmoothmenu.js HTTP/1.1" 304 -
191.112.87.159 - - [02/Mar/2016:11:43:15 -0300] "GET /cormun/static/SmoothNavMenu/resources/SmoothNavMenuRender.js HTTP/1.1" 304 -
191.112.87.159 - - [02/Mar/2016:11:43:15 -0300] "GET /cormun/static/scaMessage/js/jquery.pnotify.min.js HTTP/1.1" 304 -
191.112.87.159 - - [02/Mar/2016:11:43:15 -0300] "GET /cormun/static/scaMessage/scaMessageRender.js HTTP/1.1" 304 -
191.112.87.159 - - [02/Mar/2016:11:43:15 -0300] "GET /cormun/static/hmpwkw03.js?20163114183826 HTTP/1.1" 304 -
191.112.87.159 - - [02/Mar/2016:11:43:16 -0300] "GET /cormun/static/Resources/logo4.png HTTP/1.1" 304 -
191.112.87.159 - - [02/Mar/2016:11:43:16 -0300] "GET /cormun/static/Resources/PXToolsFooterBackground2.png HTTP/1.1" 304 -
191.112.87.159 - - [02/Mar/2016:11:43:16 -0300] "GET /cormun/static/Resources/PXToolsHeaderActionsLeft.png HTTP/1.1" 304 -
191.112.87.159 - - [02/Mar/2016:11:43:16 -0300] "GET /cormun/static/Resources/PXToolsHeaderHome.png HTTP/1.1" 304 -
191.112.87.159 - - [02/Mar/2016:11:43:16 -0300] "GET /cormun/static/Resources/PXToolsHeaderBackground2.png HTTP/1.1" 304 -
191.112.87.159 - - [02/Mar/2016:11:43:16 -0300] "GET /cormun/static/Resources/PXToolsHeaderLogin.png HTTP/1.1" 304 -
191.112.87.159 - - [02/Mar/2016:11:43:16 -0300] "GET /cormun/static/Resources/PXToolsHeaderPreferences.png HTTP/1.1" 304 -
191.112.87.159 - - [02/Mar/2016:11:43:16 -0300] "GET /cormun/static/Resources/PXToolsHeaderActionsBackground.png HTTP/1.1" 304 -
191.112.87.159 - - [02/Mar/2016:11:43:16 -0300] "GET /cormun/static/Resources/PXToolsHeaderActionsRight.png HTTP/1.1" 304 -
191.112.87.159 - - [02/Mar/2016:11:43:16 -0300] "GET /cormun/static/Resources/PXToolsHeaderSecurity.png HTTP/1.1" 304 -
191.112.87.159 - - [02/Mar/2016:11:43:16 -0300] "GET /cormun/static/Resources/PXToolsDataTitle.png HTTP/1.1" 304 -
191.112.87.159 - - [02/Mar/2016:11:43:18 -0300] "GET /cormun/static/SmoothNavMenu/resources/images/down.gif HTTP/1.1" 304 -
191.112.87.159 - - [02/Mar/2016:11:43:21 -0300] "GET /cormun/servlet/trsolicitudot? HTTP/1.1" 200 6123
191.112.87.159 - - [02/Mar/2016:11:43:22 -0300] "GET /cormun/static/Shared/ext/resources/css/ext-all.css?215870 HTTP/1.1" 304 -
191.112.87.159 - - [02/Mar/2016:11:43:22 -0300] "GET /cormun/static/calendar-system.css?85620 HTTP/1.1" 304 -
191.112.87.159 - - [02/Mar/2016:11:43:22 -0300] "GET /cormun/static/gxui/gxui-all.css?120300 HTTP/1.1" 304 -
191.112.87.159 - - [02/Mar/2016:11:43:22 -0300] "GET /cormun/static/Resources/Spanish/PXTools.css?171692 HTTP/1.1" 304 -
191.112.87.159 - - [02/Mar/2016:11:43:22 -0300] "GET /cormun/static/gxcfg.js?20163117265139 HTTP/1.1" 304 -
191.112.87.159 - - [02/Mar/2016:11:43:22 -0300] "GET /cormun/static/calendar.js?85251 HTTP/1.1" 304 -
191.112.87.159 - - [02/Mar/2016:11:43:22 -0300] "GET /cormun/static/calendar-setup.js?85251 HTTP/1.1" 304 -
191.112.87.159 - - [02/Mar/2016:11:43:22 -0300] "GET /cormun/static/calendar-es.js?85251 HTTP/1.1" 304 -
191.112.87.159 - - [02/Mar/2016:11:43:24 -0300] "GET /cormun/static/Resources/PXTools/calendar.png HTTP/1.1" 304 -
191.112.87.159 - - [02/Mar/2016:11:43:24 -0300] "GET /cormun/static/Resources/PXToolsDataSearch.png HTTP/1.1" 304 -
191.112.87.159 - - [02/Mar/2016:11:43:24 -0300] "GET /cormun/static/Resources/PXToolsGridFirst.gif HTTP/1.1" 304 -
191.112.87.159 - - [02/Mar/2016:11:43:24 -0300] "GET /cormun/static/Resources/PXToolsGridPrevious.gif HTTP/1.1" 304 -
191.112.87.159 - - [02/Mar/2016:11:43:24 -0300] "GET /cormun/static/Resources/PXToolsGridLast.gif HTTP/1.1" 304 -
191.112.87.159 - - [02/Mar/2016:11:43:24 -0300] "GET /cormun/static/Resources/PXToolsGridNext.gif HTTP/1.1" 304 -
191.112.87.159 - - [02/Mar/2016:11:43:24 -0300] "GET /cormun/static/Resources/PXToolsActionExcel.png HTTP/1.1" 304 -
191.112.87.159 - - [02/Mar/2016:11:43:24 -0300] "GET /cormun/static/Resources/PXToolsGridNew.png HTTP/1.1" 304 -
191.112.87.159 - - [02/Mar/2016:11:43:24 -0300] "GET /cormun/static/gxdec.js?85251 HTTP/1.1" 304 -
191.112.87.159 - - [02/Mar/2016:11:43:24 -0300] "GET /cormun/static/trsolicitudot.js?20163117265688 HTTP/1.1" 304 -
191.112.87.159 - - [02/Mar/2016:11:43:26 -0300] "GET /cormun/static/Resources/asc.gif HTTP/1.1" 304 -
191.112.87.159 - - [02/Mar/2016:11:43:26 -0300] "GET /cormun/static/Resources/desc.gif HTTP/1.1" 304 -
191.112.87.159 - - [02/Mar/2016:11:43:27 -0300] "GET /cormun/static/Shared/ext/resources/themes/images/default/panel/bg-headersPanel.png HTTP/1.1" 304 -
191.112.87.159 - - [02/Mar/2016:11:43:27 -0300] "GET /cormun/static/Shared/ext/resources/themes/images/default/tools/tool-sprites.gif HTTP/1.1" 304 -
191.112.87.159 - - [02/Mar/2016:11:43:27 -0300] "GET /cormun/static/Shared/ext/resources/themes/images/default/tip/tip-corners.gif HTTP/1.1" 304 -
191.112.87.159 - - [02/Mar/2016:11:43:27 -0300] "GET /cormun/static/Shared/ext/resources/themes/images/default/tip/tip-sides.gif HTTP/1.1" 304 -
186.103.156.24 - - [02/Mar/2016:11:43:30 -0300] "POST /cormun/servlet/trautorizarsolicitud?be3165041499b8058c65c42614994a57,,gx-no-cache=1456930039517 HTTP/1.1" 200 6846
186.103.156.24 - - [02/Mar/2016:11:43:30 -0300] "POST /cormun/servlet/trautorizarsolicitud?be3165041499b8058c65c42614994a57,,gx-no-cache=1456930040354 HTTP/1.1" 200 6846
186.103.156.24 - - [02/Mar/2016:11:43:31 -0300] "POST /cormun/servlet/trautorizarsolicitud?be3165041499b8058c65c42614994a57,,gx-no-cache=1456930040842 HTTP/1.1" 200 6846
186.103.156.24 - - [02/Mar/2016:11:43:32 -0300] "POST /cormun/servlet/trautorizarsolicitud?be3165041499b8058c65c42614994a57,,gx-no-cache=1456930041355 HTTP/1.1" 200 105
186.103.156.24 - - [02/Mar/2016:11:43:32 -0300] "GET /cormun/servlet/trsolicitudadjuntos?2016,362, HTTP/1.1" 200 5390
186.103.156.24 - - [02/Mar/2016:11:43:32 -0300] "GET /cormun/static/gxcfg.js?2016311731090 HTTP/1.1" 200 953
186.103.156.24 - - [02/Mar/2016:11:43:32 -0300] "GET /cormun/static/trsolicitudadjuntos.js?2016311731342 HTTP/1.1" 200 17275
186.103.156.24 - - [02/Mar/2016:11:43:33 -0300] "GET /cormun/servlet/trsolicitudadjuntos?2016,362, HTTP/1.1" 200 5390
191.112.87.159 - - [02/Mar/2016:11:43:38 -0300] "POST /cormun/servlet/acontrolpreferencessavestate?None,CENOR,true HTTP/1.1" 200 35
186.103.156.24 - - [02/Mar/2016:11:43:42 -0300] "GET /cormun/servlet/solicitudotadjuntos?INS,2016,362,,1, HTTP/1.1" 200 5483
186.103.156.24 - - [02/Mar/2016:11:43:43 -0300] "GET /cormun/static/gxcfg.js?20163117305946 HTTP/1.1" 200 953
186.103.156.24 - - [02/Mar/2016:11:43:43 -0300] "GET /cormun/static/solicitudotadjuntos.js?20163117305966 HTTP/1.1" 200 11762
186.103.156.24 - - [02/Mar/2016:11:43:43 -0300] "GET /cormun/static/about:blank HTTP/1.1" 404 1011
186.103.156.24 - - [02/Mar/2016:11:43:43 -0300] "GET /cormun/servlet/solicitudotadjuntos?INS,2016,362,,1, HTTP/1.1" 200 5477
186.103.156.24 - - [02/Mar/2016:11:43:44 -0300] "GET /cormun/servlet/solicitudotadjuntos?e0139e73eff4ebca9fcf51efdab74d304c6f5d215be7f145b323075abfdcca435ac0cfecea250650d21d8ed25c6360d8,gx-no-cache=1456930055027 HTTP/1.1" 200 30
186.103.156.24 - - [02/Mar/2016:11:43:44 -0300] "POST /cormun/servlet/solicitudotadjuntos?be3165041499b8058c65c42614994a57,INS,2016,362,,1,,gx-no-cache=1456930055073 HTTP/1.1" 200 3377
191.112.87.159 - - [02/Mar/2016:11:43:45 -0300] "POST /cormun/servlet/trsolicitudot?7a0c2073d73c49b39f1696a0bf243ae2,,gx-no-cache=1456929865390 HTTP/1.1" 200 5205
186.103.156.24 - - [02/Mar/2016:11:43:45 -0300] "GET /cormun/servlet/trsolicitudadjuntos?2016,362, HTTP/1.1" 200 5390
191.112.87.159 - - [02/Mar/2016:11:43:45 -0300] "GET /cormun//static/Resources/PXToolsGridUpdate.png HTTP/1.1" 304 -
191.112.87.159 - - [02/Mar/2016:11:43:45 -0300] "GET /cormun//static/Resources/PXToolsGridDelete.png HTTP/1.1" 304 -
191.112.87.159 - - [02/Mar/2016:11:43:45 -0300] "GET /cormun//static/Resources/PXToolsRemoveAllAction.png HTTP/1.1" 304 -
191.112.87.159 - - [02/Mar/2016:11:43:46 -0300] "GET /cormun//static/Resources/PXToolsActionView.png HTTP/1.1" 304 -
191.112.87.159 - - [02/Mar/2016:11:43:46 -0300] "GET /cormun//static/Resources/PXTools/ActionInsert.png HTTP/1.1" 304 -
186.103.156.24 - - [02/Mar/2016:11:43:46 -0300] "GET /cormun/servlet/trsolicitudadjuntos?2016,362, HTTP/1.1" 200 5390
191.112.91.68 - - [02/Mar/2016:11:43:52 -0300] "GET /cormun/servlet/solicitudotadjuntos?INS,2016,355,,1, HTTP/1.1" 200 5472
186.103.156.24 - - [02/Mar/2016:11:43:53 -0300] "GET /cormun/servlet/solicitudotadjuntos?INS,2016,362,,1, HTTP/1.1" 200 5483
191.112.91.68 - - [02/Mar/2016:11:43:53 -0300] "GET /cormun/static/about:blank HTTP/1.1" 404 1011
186.103.156.24 - - [02/Mar/2016:11:43:53 -0300] "GET /cormun/static/about:blank HTTP/1.1" 404 1011
186.103.156.24 - - [02/Mar/2016:11:43:53 -0300] "GET /cormun/servlet/solicitudotadjuntos?INS,2016,362,,1, HTTP/1.1" 200 5477
186.103.156.24 - - [02/Mar/2016:11:43:54 -0300] "GET /cormun/servlet/solicitudotadjuntos?e0139e73eff4ebca9fcf51efdab74d304c6f5d215be7f145b323075abfdcca435ac0cfecea250650d21d8ed25c6360d8,gx-no-cache=1456930066059 HTTP/1.1" 200 30
186.103.156.24 - - [02/Mar/2016:11:43:54 -0300] "POST /cormun/servlet/solicitudotadjuntos?be3165041499b8058c65c42614994a57,INS,2016,362,,1,,gx-no-cache=1456930066090 HTTP/1.1" 200 3377
191.112.91.68 - - [02/Mar/2016:11:43:55 -0300] "GET /cormun/servlet/solicitudotadjuntos?INS,2016,355,,1, HTTP/1.1" 200 5464
191.112.91.68 - - [02/Mar/2016:11:43:56 -0300] "GET /cormun/servlet/solicitudotadjuntos?cc3825a6bcde85380411dea6bcbbd66bff3627d1dad65910064eaa0128b3b85265071cafe5fc2b06121d40f4d045fd08,gx-no-cache=1456929863333 HTTP/1.1" 200 30
191.112.91.68 - - [02/Mar/2016:11:43:56 -0300] "POST /cormun/servlet/solicitudotadjuntos?0c0ee8f3b383daf4648f2d40d97b65a9,INS,2016,355,,1,,gx-no-cache=1456929863467 HTTP/1.1" 200 3381
191.112.91.68 - - [02/Mar/2016:11:44:02 -0300] "POST /cormun/servlet/solicitudotadjuntos?gx-no-cache=1456929869692 HTTP/1.1" 200 26
186.103.156.24 - - [02/Mar/2016:11:44:07 -0300] "POST /cormun/servlet/solicitudotadjuntos?gx-no-cache=1456930080015 HTTP/1.1" 200 26
191.112.91.68 - - [02/Mar/2016:11:44:11 -0300] "GET /cormun/servlet/solicitudotadjuntos?cc3825a6bcde85380411dea6bcbbd66b633b8525340459f8f593f8d1a6b73094,gx-no-cache=1456929878055 HTTP/1.1" 200 30
191.112.91.68 - - [02/Mar/2016:11:44:11 -0300] "GET /cormun/servlet/solicitudotadjuntos?cc3825a6bcde85380411dea6bcbbd66b633b8525340459f8f593f8d1a6b73094,gx-no-cache=1456929878130 HTTP/1.1" 200 30
191.112.91.68 - - [02/Mar/2016:11:44:13 -0300] "POST /cormun/servlet/solicitudotadjuntos?0c0ee8f3b383daf4648f2d40d97b65a9,INS,2016,355,,1, HTTP/1.1" 200 116
191.112.91.68 - - [02/Mar/2016:11:44:13 -0300] "GET /cormun/servlet/hpexe_return? HTTP/1.1" 200 1033
191.112.91.68 - - [02/Mar/2016:11:44:14 -0300] "GET /cormun/servlet/vesolicitudot?2016,355,,SolicitudOTAdjuntos HTTP/1.1" 200 8730
191.112.91.68 - - [02/Mar/2016:11:44:14 -0300] "GET /cormun/pexe_scrolldiv.js HTTP/1.1" 404 1009
191.112.91.68 - - [02/Mar/2016:11:44:16 -0300] "GET /cormun/servlet/vesolicitudot?2016,355,,SolicitudOTAdjuntos HTTP/1.1" 200 8725
191.112.91.68 - - [02/Mar/2016:11:44:18 -0300] "POST /cormun/servlet/acontrolpreferencessavestate?None,CD-33,true HTTP/1.1" 200 35
191.112.87.159 - - [02/Mar/2016:11:44:20 -0300] "GET /cormun/servlet/solicitudot?INS,0,0, HTTP/1.1" 200 11369
191.112.87.159 - - [02/Mar/2016:11:44:20 -0300] "GET /cormun/static/gxcfg.js?20163117305121 HTTP/1.1" 304 -
191.112.87.159 - - [02/Mar/2016:11:44:20 -0300] "GET /cormun/static/Resources/prompt.gif HTTP/1.1" 304 -
191.112.87.159 - - [02/Mar/2016:11:44:21 -0300] "GET /cormun/static/solicitudot.js?20163117305174 HTTP/1.1" 304 -
191.112.91.68 - - [02/Mar/2016:11:44:24 -0300] "GET /cormun/servlet/solicitudotadjuntos?INS,2016,355,,1, HTTP/1.1" 200 5472
191.112.91.68 - - [02/Mar/2016:11:44:24 -0300] "GET /cormun/static/about:blank HTTP/1.1" 404 1011
191.112.87.159 - - [02/Mar/2016:11:44:25 -0300] "GET /cormun/servlet/trsolicitudot? HTTP/1.1" 200 7729
191.112.91.68 - - [02/Mar/2016:11:44:26 -0300] "GET /cormun/servlet/solicitudotadjuntos?INS,2016,355,,1, HTTP/1.1" 200 5465
191.112.91.68 - - [02/Mar/2016:11:44:26 -0300] "GET /cormun/servlet/solicitudotadjuntos?cc3825a6bcde85380411dea6bcbbd66bff3627d1dad65910064eaa0128b3b85265071cafe5fc2b06121d40f4d045fd08,gx-no-cache=1456929893812 HTTP/1.1" 200 30
191.112.91.68 - - [02/Mar/2016:11:44:27 -0300] "POST /cormun/servlet/solicitudotadjuntos?0c0ee8f3b383daf4648f2d40d97b65a9,INS,2016,355,,1,,gx-no-cache=1456929893954 HTTP/1.1" 200 3381
191.112.91.68 - - [02/Mar/2016:11:44:32 -0300] "POST /cormun/servlet/solicitudotadjuntos?gx-no-cache=1456929899320 HTTP/1.1" 200 26
191.112.87.159 - - [02/Mar/2016:11:44:34 -0300] "POST /cormun/servlet/trsolicitudot?7a0c2073d73c49b39f1696a0bf243ae2,,gx-no-cache=1456929913328 HTTP/1.1" 200 5205
191.112.87.159 - - [02/Mar/2016:11:44:36 -0300] "POST /cormun/servlet/trsolicitudot?7a0c2073d73c49b39f1696a0bf243ae2,,gx-no-cache=1456929915718 HTTP/1.1" 200 5206
186.103.156.24 - - [02/Mar/2016:11:44:39 -0300] "GET /cormun/servlet/solicitudotadjuntos?e0139e73eff4ebca9fcf51efdab74d30065f5b5e16bad4e0e4dadd1c2679ef58,gx-no-cache=1456930116819 HTTP/1.1" 200 30
186.103.156.24 - - [02/Mar/2016:11:44:39 -0300] "GET /cormun/servlet/solicitudotadjuntos?e0139e73eff4ebca9fcf51efdab74d30065f5b5e16bad4e0e4dadd1c2679ef58,gx-no-cache=1456930116864 HTTP/1.1" 200 30
191.112.87.159 - - [02/Mar/2016:11:44:40 -0300] "POST /cormun/servlet/trsolicitudot?7a0c2073d73c49b39f1696a0bf243ae2,,gx-no-cache=1456929919968 HTTP/1.1" 200 5206
186.103.156.24 - - [02/Mar/2016:11:44:40 -0300] "POST /cormun/servlet/solicitudotadjuntos?be3165041499b8058c65c42614994a57,INS,2016,362,,1, HTTP/1.1" 200 116
186.103.156.24 - - [02/Mar/2016:11:44:40 -0300] "GET /cormun/servlet/hpexe_return? HTTP/1.1" 200 1023
186.103.156.24 - - [02/Mar/2016:11:44:41 -0300] "GET /cormun/servlet/trsolicitudadjuntos?2016,362, HTTP/1.1" 200 7285
191.112.87.159 - - [02/Mar/2016:11:44:41 -0300] "POST /cormun/servlet/trsolicitudot?7a0c2073d73c49b39f1696a0bf243ae2,,gx-no-cache=1456929921953 HTTP/1.1" 200 5206
186.103.156.24 - - [02/Mar/2016:11:44:42 -0300] "GET /cormun/servlet/trsolicitudadjuntos?2016,362, HTTP/1.1" 200 7281
191.112.87.159 - - [02/Mar/2016:11:44:43 -0300] "POST /cormun/servlet/trsolicitudot?7a0c2073d73c49b39f1696a0bf243ae2,,gx-no-cache=1456929923937 HTTP/1.1" 200 5206
191.112.87.159 - - [02/Mar/2016:11:44:48 -0300] "POST /cormun/servlet/trsolicitudot?7a0c2073d73c49b39f1696a0bf243ae2,,gx-no-cache=1456929926109 HTTP/1.1" 200 5205
191.112.87.159 - - [02/Mar/2016:11:44:49 -0300] "POST /cormun/servlet/trsolicitudot?7a0c2073d73c49b39f1696a0bf243ae2,,gx-no-cache=1456929931406 HTTP/1.1" 200 5206
186.103.156.24 - - [02/Mar/2016:11:44:49 -0300] "GET /cormun/servlet/solicitudotadjuntos?INS,2016,362,,1, HTTP/1.1" 200 5483
186.103.156.24 - - [02/Mar/2016:11:44:50 -0300] "GET /cormun/static/about:blank HTTP/1.1" 404 1011
186.103.156.24 - - [02/Mar/2016:11:44:50 -0300] "GET /cormun/servlet/solicitudotadjuntos?INS,2016,362,,1, HTTP/1.1" 200 5477
186.103.156.24 - - [02/Mar/2016:11:44:51 -0300] "GET /cormun/servlet/solicitudotadjuntos?e0139e73eff4ebca9fcf51efdab74d304c6f5d215be7f145b323075abfdcca435ac0cfecea250650d21d8ed25c6360d8,gx-no-cache=1456930128961 HTTP/1.1" 200 30
186.103.156.24 - - [02/Mar/2016:11:44:51 -0300] "POST /cormun/servlet/solicitudotadjuntos?be3165041499b8058c65c42614994a57,INS,2016,362,,1,,gx-no-cache=1456930128999 HTTP/1.1" 200 3377
191.112.87.159 - - [02/Mar/2016:11:44:51 -0300] "POST /cormun/servlet/trsolicitudot?7a0c2073d73c49b39f1696a0bf243ae2,,gx-no-cache=1456929932484 HTTP/1.1" 200 106
191.112.87.159 - - [02/Mar/2016:11:44:52 -0300] "GET /cormun/servlet/trsolicitudadjuntos?2016,304, HTTP/1.1" 200 7965
191.112.91.68 - - [02/Mar/2016:11:44:53 -0300] "GET /cormun/servlet/solicitudotadjuntos?cc3825a6bcde85380411dea6bcbbd66b633b8525340459f8f593f8d1a6b73094,gx-no-cache=1456929920661 HTTP/1.1" 200 30
191.112.91.68 - - [02/Mar/2016:11:44:53 -0300] "GET /cormun/servlet/solicitudotadjuntos?cc3825a6bcde85380411dea6bcbbd66b633b8525340459f8f593f8d1a6b73094,gx-no-cache=1456929920843 HTTP/1.1" 200 30
191.112.87.159 - - [02/Mar/2016:11:44:54 -0300] "GET /cormun/static/gxcfg.js?2016311731090 HTTP/1.1" 304 -
191.112.87.159 - - [02/Mar/2016:11:44:55 -0300] "GET /cormun/static/trsolicitudadjuntos.js?2016311731342 HTTP/1.1" 304 -
191.112.91.68 - - [02/Mar/2016:11:44:55 -0300] "POST /cormun/servlet/solicitudotadjuntos?0c0ee8f3b383daf4648f2d40d97b65a9,INS,2016,355,,1, HTTP/1.1" 200 116
191.112.91.68 - - [02/Mar/2016:11:44:56 -0300] "GET /cormun/servlet/hpexe_return? HTTP/1.1" 200 1033
191.112.91.68 - - [02/Mar/2016:11:44:57 -0300] "GET /cormun/servlet/vesolicitudot?2016,355,,SolicitudOTAdjuntos HTTP/1.1" 200 8858
191.112.91.68 - - [02/Mar/2016:11:44:57 -0300] "GET /cormun/pexe_scrolldiv.js HTTP/1.1" 404 1009
191.112.91.68 - - [02/Mar/2016:11:45:00 -0300] "GET /cormun/servlet/vesolicitudot?2016,355,,SolicitudOTAdjuntos HTTP/1.1" 200 8851
191.112.91.68 - - [02/Mar/2016:11:45:01 -0300] "POST /cormun/servlet/acontrolpreferencessavestate?None,CD-33,true HTTP/1.1" 200 35
186.103.156.24 - - [02/Mar/2016:11:45:02 -0300] "POST /cormun/servlet/solicitudotadjuntos?gx-no-cache=1456930141906 HTTP/1.1" 200 26
191.112.91.68 - - [02/Mar/2016:11:45:04 -0300] "GET /cormun/servlet/solicitudotadjuntos?INS,2016,355,,1, HTTP/1.1" 200 5472
191.112.91.68 - - [02/Mar/2016:11:45:04 -0300] "GET /cormun/static/about:blank HTTP/1.1" 404 1011
191.112.91.68 - - [02/Mar/2016:11:45:06 -0300] "GET /cormun/servlet/solicitudotadjuntos?INS,2016,355,,1, HTTP/1.1" 200 5465
191.112.91.68 - - [02/Mar/2016:11:45:07 -0300] "GET /cormun/servlet/solicitudotadjuntos?cc3825a6bcde85380411dea6bcbbd66bff3627d1dad65910064eaa0128b3b85265071cafe5fc2b06121d40f4d045fd08,gx-no-cache=1456929934341 HTTP/1.1" 200 30
191.112.91.68 - - [02/Mar/2016:11:45:07 -0300] "POST /cormun/servlet/solicitudotadjuntos?0c0ee8f3b383daf4648f2d40d97b65a9,INS,2016,355,,1,,gx-no-cache=1456929934487 HTTP/1.1" 200 3381
191.112.87.159 - - [02/Mar/2016:11:45:08 -0300] "GET /cormun/servlet/solicitudotadjuntos?INS,2016,304,,1, HTTP/1.1" 200 5405
186.103.156.24 - - [02/Mar/2016:11:45:08 -0300] "GET /cormun/servlet/solicitudotadjuntos?e0139e73eff4ebca9fcf51efdab74d30065f5b5e16bad4e0e4dadd1c2679ef58,gx-no-cache=1456930148612 HTTP/1.1" 200 30
186.103.156.24 - - [02/Mar/2016:11:45:08 -0300] "GET /cormun/servlet/solicitudotadjuntos?e0139e73eff4ebca9fcf51efdab74d30065f5b5e16bad4e0e4dadd1c2679ef58,gx-no-cache=1456930148683 HTTP/1.1" 200 30
191.112.87.159 - - [02/Mar/2016:11:45:08 -0300] "GET /cormun/static/gxcfg.js?20163117305946 HTTP/1.1" 304 -
191.112.87.159 - - [02/Mar/2016:11:45:08 -0300] "GET /cormun/static/about:blank HTTP/1.1" 404 1011
191.112.87.159 - - [02/Mar/2016:11:45:09 -0300] "GET /cormun/static/about:blank HTTP/1.1" 404 1011
191.112.87.159 - - [02/Mar/2016:11:45:09 -0300] "GET /cormun/static/solicitudotadjuntos.js?20163117305966 HTTP/1.1" 304 -
186.103.156.24 - - [02/Mar/2016:11:45:09 -0300] "POST /cormun/servlet/solicitudotadjuntos?be3165041499b8058c65c42614994a57,INS,2016,362,,1, HTTP/1.1" 200 116
186.103.156.24 - - [02/Mar/2016:11:45:10 -0300] "GET /cormun/servlet/hpexe_return? HTTP/1.1" 200 1023
186.103.156.24 - - [02/Mar/2016:11:45:10 -0300] "GET /cormun/servlet/trsolicitudadjuntos?2016,362, HTTP/1.1" 200 7432
191.112.87.159 - - [02/Mar/2016:11:45:10 -0300] "GET /cormun/servlet/solicitudotadjuntos?c369bc08116d637b79f80ab8024ade9ee6e56890db5b6b0059b0292e43bdcccfc17225b477279ff8c6bebc8aec30c602,gx-no-cache=1456929953015 HTTP/1.1" 200 30
186.103.156.24 - - [02/Mar/2016:11:45:11 -0300] "GET /cormun/servlet/trsolicitudadjuntos?2016,362, HTTP/1.1" 200 7429
191.112.87.159 - - [02/Mar/2016:11:45:11 -0300] "POST /cormun/servlet/solicitudotadjuntos?7a0c2073d73c49b39f1696a0bf243ae2,INS,2016,304,,1,,gx-no-cache=1456929953531 HTTP/1.1" 200 3322
186.103.156.24 - - [02/Mar/2016:11:45:14 -0300] "GET /cormun/servlet/solicitudotadjuntos?INS,2016,362,,1, HTTP/1.1" 200 5482
186.103.156.24 - - [02/Mar/2016:11:45:15 -0300] "GET /cormun/static/about:blank HTTP/1.1" 404 1011
186.103.156.24 - - [02/Mar/2016:11:45:15 -0300] "GET /cormun/servlet/solicitudotadjuntos?INS,2016,362,,1, HTTP/1.1" 200 5476
186.103.156.24 - - [02/Mar/2016:11:45:16 -0300] "GET /cormun/servlet/solicitudotadjuntos?e0139e73eff4ebca9fcf51efdab74d304c6f5d215be7f145b323075abfdcca435ac0cfecea250650d21d8ed25c6360d8,gx-no-cache=1456930156439 HTTP/1.1" 200 30
186.103.156.24 - - [02/Mar/2016:11:45:16 -0300] "POST /cormun/servlet/solicitudotadjuntos?be3165041499b8058c65c42614994a57,INS,2016,362,,1,,gx-no-cache=1456930156472 HTTP/1.1" 200 3377
191.112.87.159 - - [02/Mar/2016:11:45:16 -0300] "POST /cormun/servlet/solicitudotadjuntos?gx-no-cache=1456929958109 HTTP/1.1" 200 26
191.112.91.68 - - [02/Mar/2016:11:45:18 -0300] "POST /cormun/servlet/solicitudotadjuntos?gx-no-cache=1456929945285 HTTP/1.1" 200 26
186.103.156.24 - - [02/Mar/2016:11:45:21 -0300] "POST /cormun/servlet/solicitudotadjuntos?gx-no-cache=1456930162526 HTTP/1.1" 200 26
191.112.91.68 - - [02/Mar/2016:11:45:30 -0300] "GET /cormun/servlet/solicitudotadjuntos?cc3825a6bcde85380411dea6bcbbd66b633b8525340459f8f593f8d1a6b73094,gx-no-cache=1456929957055 HTTP/1.1" 200 30
191.112.91.68 - - [02/Mar/2016:11:45:30 -0300] "GET /cormun/servlet/solicitudotadjuntos?cc3825a6bcde85380411dea6bcbbd66b633b8525340459f8f593f8d1a6b73094,gx-no-cache=1456929957128 HTTP/1.1" 200 30
191.112.91.68 - - [02/Mar/2016:11:45:31 -0300] "POST /cormun/servlet/solicitudotadjuntos?0c0ee8f3b383daf4648f2d40d97b65a9,INS,2016,355,,1, HTTP/1.1" 200 116
191.112.91.68 - - [02/Mar/2016:11:45:31 -0300] "GET /cormun/servlet/hpexe_return? HTTP/1.1" 200 1033
191.112.91.68 - - [02/Mar/2016:11:45:32 -0300] "GET /cormun/servlet/vesolicitudot?2016,355,,SolicitudOTAdjuntos HTTP/1.1" 200 9013
191.112.91.68 - - [02/Mar/2016:11:45:33 -0300] "GET /cormun/pexe_scrolldiv.js HTTP/1.1" 404 1009
191.112.91.68 - - [02/Mar/2016:11:45:35 -0300] "GET /cormun/servlet/vesolicitudot?2016,355,,SolicitudOTAdjuntos HTTP/1.1" 200 9011
186.103.156.24 - - [02/Mar/2016:11:45:35 -0300] "GET /cormun/servlet/solicitudotadjuntos?e0139e73eff4ebca9fcf51efdab74d30065f5b5e16bad4e0e4dadd1c2679ef58,gx-no-cache=1456930178442 HTTP/1.1" 200 30
186.103.156.24 - - [02/Mar/2016:11:45:35 -0300] "GET /cormun/servlet/solicitudotadjuntos?e0139e73eff4ebca9fcf51efdab74d30065f5b5e16bad4e0e4dadd1c2679ef58,gx-no-cache=1456930178462 HTTP/1.1" 200 30
186.103.156.24 - - [02/Mar/2016:11:45:36 -0300] "POST /cormun/servlet/solicitudotadjuntos?be3165041499b8058c65c42614994a57,INS,2016,362,,1, HTTP/1.1" 200 116
186.103.156.24 - - [02/Mar/2016:11:45:36 -0300] "GET /cormun/servlet/hpexe_return? HTTP/1.1" 200 1023
186.103.156.24 - - [02/Mar/2016:11:45:36 -0300] "GET /cormun/servlet/trsolicitudadjuntos?2016,362, HTTP/1.1" 200 7589
191.112.91.68 - - [02/Mar/2016:11:45:37 -0300] "POST /cormun/servlet/acontrolpreferencessavestate?None,CD-33,true HTTP/1.1" 200 35
191.112.87.159 - - [02/Mar/2016:11:45:37 -0300] "GET /cormun/servlet/solicitudotadjuntos?c369bc08116d637b79f80ab8024ade9e1607d46bf5deca7fa1825c5d9eff777c,gx-no-cache=1456929978031 HTTP/1.1" 200 30
186.103.156.24 - - [02/Mar/2016:11:45:37 -0300] "GET /cormun/servlet/trsolicitudadjuntos?2016,362, HTTP/1.1" 200 7585
191.112.91.68 - - [02/Mar/2016:11:45:39 -0300] "GET /cormun/servlet/solicitudotadjuntos?INS,2016,355,,1, HTTP/1.1" 200 5471
191.112.91.68 - - [02/Mar/2016:11:45:39 -0300] "GET /cormun/static/about:blank HTTP/1.1" 404 1011
186.103.156.24 - - [02/Mar/2016:11:45:40 -0300] "GET /cormun/servlet/solicitudotadjuntos?INS,2016,362,,1, HTTP/1.1" 200 5482
191.112.87.159 - - [02/Mar/2016:11:45:40 -0300] "GET /cormun/servlet/solicitudotadjuntos?c369bc08116d637b79f80ab8024ade9e1607d46bf5deca7fa1825c5d9eff777c,gx-no-cache=1456929982953 HTTP/1.1" 200 30
186.103.156.24 - - [02/Mar/2016:11:45:41 -0300] "GET /cormun/static/about:blank HTTP/1.1" 404 1011
186.103.156.24 - - [02/Mar/2016:11:45:41 -0300] "GET /cormun/servlet/solicitudotadjuntos?INS,2016,362,,1, HTTP/1.1" 200 5476
191.112.91.68 - - [02/Mar/2016:11:45:41 -0300] "GET /cormun/servlet/solicitudotadjuntos?INS,2016,355,,1, HTTP/1.1" 200 5464
186.103.156.24 - - [02/Mar/2016:11:45:41 -0300] "GET /cormun/servlet/solicitudotadjuntos?e0139e73eff4ebca9fcf51efdab74d304c6f5d215be7f145b323075abfdcca435ac0cfecea250650d21d8ed25c6360d8,gx-no-cache=1456930184689 HTTP/1.1" 200 30
186.103.156.24 - - [02/Mar/2016:11:45:41 -0300] "POST /cormun/servlet/solicitudotadjuntos?be3165041499b8058c65c42614994a57,INS,2016,362,,1,,gx-no-cache=1456930184722 HTTP/1.1" 200 3377
191.112.91.68 - - [02/Mar/2016:11:45:42 -0300] "GET /cormun/servlet/solicitudotadjuntos?cc3825a6bcde85380411dea6bcbbd66bff3627d1dad65910064eaa0128b3b85265071cafe5fc2b06121d40f4d045fd08,gx-no-cache=1456929968956 HTTP/1.1" 200 30
191.112.91.68 - - [02/Mar/2016:11:45:42 -0300] "POST /cormun/servlet/solicitudotadjuntos?0c0ee8f3b383daf4648f2d40d97b65a9,INS,2016,355,,1,,gx-no-cache=1456929969079 HTTP/1.1" 200 3381
191.112.87.159 - - [02/Mar/2016:11:45:43 -0300] "POST /cormun/servlet/solicitudotadjuntos?7a0c2073d73c49b39f1696a0bf243ae2,INS,2016,304,,1, HTTP/1.1" 200 116
191.112.87.159 - - [02/Mar/2016:11:45:44 -0300] "GET /cormun/servlet/hpexe_return? HTTP/1.1" 200 1017
191.112.87.159 - - [02/Mar/2016:11:45:44 -0300] "GET /cormun/static/hpexe_return.js?2015111312145056 HTTP/1.1" 304 -
191.112.87.159 - - [02/Mar/2016:11:45:45 -0300] "GET /cormun/static/Resources/Spanish/PXTools.css?12112540 HTTP/1.1" 304 -
191.112.87.159 - - [02/Mar/2016:11:45:45 -0300] "GET /cormun/static/gxcfg.js?2015111312145050 HTTP/1.1" 304 -
186.103.156.24 - - [02/Mar/2016:11:45:47 -0300] "POST /cormun/servlet/solicitudotadjuntos?gx-no-cache=1456930190841 HTTP/1.1" 200 26
191.112.87.159 - - [02/Mar/2016:11:45:47 -0300] "GET /cormun/servlet/trsolicitudadjuntos?2016,304, HTTP/1.1" 200 8217
191.112.91.68 - - [02/Mar/2016:11:45:52 -0300] "POST /cormun/servlet/solicitudotadjuntos?gx-no-cache=1456929979789 HTTP/1.1" 200 26
186.103.156.24 - - [02/Mar/2016:11:45:57 -0300] "GET /cormun/servlet/solicitudotadjuntos?e0139e73eff4ebca9fcf51efdab74d30065f5b5e16bad4e0e4dadd1c2679ef58,gx-no-cache=1456930202674 HTTP/1.1" 200 30
186.103.156.24 - - [02/Mar/2016:11:45:57 -0300] "GET /cormun/servlet/solicitudotadjuntos?e0139e73eff4ebca9fcf51efdab74d30065f5b5e16bad4e0e4dadd1c2679ef58,gx-no-cache=1456930202732 HTTP/1.1" 200 30
186.103.156.24 - - [02/Mar/2016:11:45:59 -0300] "POST /cormun/servlet/solicitudotadjuntos?be3165041499b8058c65c42614994a57,INS,2016,362,,1, HTTP/1.1" 200 116
186.103.156.24 - - [02/Mar/2016:11:45:59 -0300] "GET /cormun/servlet/hpexe_return? HTTP/1.1" 200 1023
186.103.156.24 - - [02/Mar/2016:11:45:59 -0300] "GET /cormun/servlet/trsolicitudadjuntos?2016,362, HTTP/1.1" 200 7705
186.103.156.24 - - [02/Mar/2016:11:46:00 -0300] "GET /cormun/servlet/trsolicitudadjuntos?2016,362, HTTP/1.1" 200 7703
186.103.156.24 - - [02/Mar/2016:11:46:02 -0300] "GET /cormun/servlet/solicitudotadjuntos?INS,2016,362,,1, HTTP/1.1" 200 5482
186.103.156.24 - - [02/Mar/2016:11:46:03 -0300] "GET /cormun/static/about:blank HTTP/1.1" 404 1011
186.103.156.24 - - [02/Mar/2016:11:46:03 -0300] "GET /cormun/servlet/solicitudotadjuntos?INS,2016,362,,1, HTTP/1.1" 200 5476
191.112.91.68 - - [02/Mar/2016:11:46:03 -0300] "GET /cormun/servlet/solicitudotadjuntos?cc3825a6bcde85380411dea6bcbbd66b633b8525340459f8f593f8d1a6b73094,gx-no-cache=1456929990356 HTTP/1.1" 200 30
191.112.91.68 - - [02/Mar/2016:11:46:03 -0300] "GET /cormun/servlet/solicitudotadjuntos?cc3825a6bcde85380411dea6bcbbd66b633b8525340459f8f593f8d1a6b73094,gx-no-cache=1456929990462 HTTP/1.1" 200 30
186.103.156.24 - - [02/Mar/2016:11:46:04 -0300] "GET /cormun/servlet/solicitudotadjuntos?e0139e73eff4ebca9fcf51efdab74d304c6f5d215be7f145b323075abfdcca435ac0cfecea250650d21d8ed25c6360d8,gx-no-cache=1456930209066 HTTP/1.1" 200 30
186.103.156.24 - - [02/Mar/2016:11:46:04 -0300] "POST /cormun/servlet/solicitudotadjuntos?be3165041499b8058c65c42614994a57,INS,2016,362,,1,,gx-no-cache=1456930209098 HTTP/1.1" 200 3377
191.112.91.68 - - [02/Mar/2016:11:46:05 -0300] "POST /cormun/servlet/solicitudotadjuntos?0c0ee8f3b383daf4648f2d40d97b65a9,INS,2016,355,,1, HTTP/1.1" 200 116
191.112.91.68 - - [02/Mar/2016:11:46:06 -0300] "GET /cormun/servlet/hpexe_return? HTTP/1.1" 200 1033
191.112.91.68 - - [02/Mar/2016:11:46:07 -0300] "GET /cormun/servlet/vesolicitudot?2016,355,,SolicitudOTAdjuntos HTTP/1.1" 200 9141
191.112.91.68 - - [02/Mar/2016:11:46:07 -0300] "GET /cormun/pexe_scrolldiv.js HTTP/1.1" 404 1009
186.103.156.24 - - [02/Mar/2016:11:46:09 -0300] "POST /cormun/servlet/solicitudotadjuntos?gx-no-cache=1456930215497 HTTP/1.1" 200 26
191.112.91.68 - - [02/Mar/2016:11:46:09 -0300] "GET /cormun/servlet/vesolicitudot?2016,355,,SolicitudOTAdjuntos HTTP/1.1" 200 9136
191.112.91.68 - - [02/Mar/2016:11:46:11 -0300] "POST /cormun/servlet/acontrolpreferencessavestate?None,CD-33,true HTTP/1.1" 200 35
191.112.91.68 - - [02/Mar/2016:11:46:12 -0300] "GET /cormun/servlet/solicitudotadjuntos?INS,2016,355,,1, HTTP/1.1" 200 5471
191.112.91.68 - - [02/Mar/2016:11:46:13 -0300] "GET /cormun/static/about:blank HTTP/1.1" 404 1011
191.112.91.68 - - [02/Mar/2016:11:46:15 -0300] "GET /cormun/servlet/solicitudotadjuntos?INS,2016,355,,1, HTTP/1.1" 200 5464
191.112.91.68 - - [02/Mar/2016:11:46:15 -0300] "GET /cormun/servlet/solicitudotadjuntos?cc3825a6bcde85380411dea6bcbbd66bff3627d1dad65910064eaa0128b3b85265071cafe5fc2b06121d40f4d045fd08,gx-no-cache=1456930002700 HTTP/1.1" 200 30
191.112.91.68 - - [02/Mar/2016:11:46:16 -0300] "POST /cormun/servlet/solicitudotadjuntos?0c0ee8f3b383daf4648f2d40d97b65a9,INS,2016,355,,1,,gx-no-cache=1456930002842 HTTP/1.1" 200 3380
191.112.87.159 - - [02/Mar/2016:11:46:19 -0300] "GET /cormun/servlet/trsolicitudot? HTTP/1.1" 200 7733
191.112.87.159 - - [02/Mar/2016:11:46:27 -0300] "POST /cormun/servlet/trsolicitudot?7a0c2073d73c49b39f1696a0bf243ae2,,gx-no-cache=1456930029171 HTTP/1.1" 200 5215
191.112.87.159 - - [02/Mar/2016:11:46:27 -0300] "POST /cormun/servlet/trsolicitudot?7a0c2073d73c49b39f1696a0bf243ae2,,gx-no-cache=1456930029796 HTTP/1.1" 200 5215
191.112.87.159 - - [02/Mar/2016:11:46:28 -0300] "POST /cormun/servlet/trsolicitudot?7a0c2073d73c49b39f1696a0bf243ae2,,gx-no-cache=1456930030484 HTTP/1.1" 200 5215
