200.30.209.241 - - [02/Mar/2016:12:02:25 -0300] "GET /cormun/static/hhome.js?2015112210564255 HTTP/1.1" 304 -
200.30.209.241 - - [02/Mar/2016:12:02:25 -0300] "GET /cormun/static/hpexe_scripts.js?20151120014546 HTTP/1.1" 304 -
200.30.209.241 - - [02/Mar/2016:12:02:25 -0300] "GET /cormun/static/hpexe_messagecontroller.js?2015112210524422 HTTP/1.1" 304 -
200.30.209.241 - - [02/Mar/2016:12:02:25 -0300] "GET /cormun/static/hpexe_messagepopupcomponent.js?2016311717983 HTTP/1.1" 304 -
200.30.209.241 - - [02/Mar/2016:12:02:25 -0300] "GET /cormun/static/hpexe_messagegenexuscomponent.js?20151120014314 HTTP/1.1" 304 -
200.30.209.241 - - [02/Mar/2016:12:02:25 -0300] "GET /cormun/static/cmcontrolpreferences.js?20151120014525 HTTP/1.1" 304 -
200.30.209.241 - - [02/Mar/2016:12:02:25 -0300] "GET /cormun/static/hmpwkw03.js?20163114183826 HTTP/1.1" 304 -
200.30.209.241 - - [02/Mar/2016:12:02:26 -0300] "GET /cormun/servlet/hhome HTTP/1.1" 200 3552
186.103.156.24 - - [02/Mar/2016:12:02:26 -0300] "POST /cormun/servlet/solicitudotadjuntos?gx-no-cache=1456931277987 HTTP/1.1" 200 26
192.168.10.98 - - [02/Mar/2016:12:02:26 -0300] "GET /cormun/servlet/hlogin HTTP/1.1" 200 1711
192.168.10.98 - - [02/Mar/2016:12:02:26 -0300] "GET /cormun/static/Resources/Spanish/PXTools.css?005343 HTTP/1.1" 304 -
192.168.10.98 - - [02/Mar/2016:12:02:26 -0300] "GET /cormun/static/gxcfg.js?20151120045111 HTTP/1.1" 304 -
192.168.10.98 - - [02/Mar/2016:12:02:26 -0300] "GET /cormun/static/hlogin.js?20151120045126 HTTP/1.1" 304 -
192.168.10.89 - - [02/Mar/2016:12:02:27 -0300] "POST /cormun/servlet/trsolicitudot?584929d0c8b6ad997db4c1ab0973b8db,,gx-no-cache=1456930699826 HTTP/1.1" 200 4920
192.168.10.89 - - [02/Mar/2016:12:02:28 -0300] "POST /cormun/servlet/trsolicitudot?584929d0c8b6ad997db4c1ab0973b8db,,gx-no-cache=1456930701430 HTTP/1.1" 200 4921
200.30.209.241 - - [02/Mar/2016:12:02:29 -0300] "GET /cormun/servlet/trsolicitudot? HTTP/1.1" 200 6291
200.30.209.241 - - [02/Mar/2016:12:02:29 -0300] "GET /cormun/static/gxcfg.js?20163117265139 HTTP/1.1" 304 -
200.30.209.241 - - [02/Mar/2016:12:02:29 -0300] "GET /cormun/static/Resources/Spanish/PXTools.css?171692 HTTP/1.1" 304 -
200.30.209.241 - - [02/Mar/2016:12:02:29 -0300] "GET /cormun/static/trsolicitudot.js?20163117265688 HTTP/1.1" 304 -
192.168.10.89 - - [02/Mar/2016:12:02:30 -0300] "POST /cormun/servlet/trsolicitudot?584929d0c8b6ad997db4c1ab0973b8db,,gx-no-cache=1456930703085 HTTP/1.1" 200 4921
200.30.209.241 - - [02/Mar/2016:12:02:30 -0300] "GET /cormun/servlet/trsolicitudot? HTTP/1.1" 200 6291
192.168.10.89 - - [02/Mar/2016:12:02:31 -0300] "POST /cormun/servlet/trsolicitudot?584929d0c8b6ad997db4c1ab0973b8db,,gx-no-cache=1456930704794 HTTP/1.1" 200 4922
192.168.10.89 - - [02/Mar/2016:12:02:33 -0300] "POST /cormun/servlet/trsolicitudot?584929d0c8b6ad997db4c1ab0973b8db,,gx-no-cache=1456930706555 HTTP/1.1" 200 4920
186.103.156.24 - - [02/Mar/2016:12:02:36 -0300] "GET /cormun/servlet/solicitudotadjuntos?e0139e73eff4ebca9fcf51efdab74d30065f5b5e16bad4e0e4dadd1c2679ef58,gx-no-cache=1456931288896 HTTP/1.1" 200 30
186.103.156.24 - - [02/Mar/2016:12:02:36 -0300] "GET /cormun/servlet/solicitudotadjuntos?e0139e73eff4ebca9fcf51efdab74d30065f5b5e16bad4e0e4dadd1c2679ef58,gx-no-cache=1456931288945 HTTP/1.1" 200 30
186.103.156.24 - - [02/Mar/2016:12:02:37 -0300] "POST /cormun/servlet/solicitudotadjuntos?be3165041499b8058c65c42614994a57,INS,2016,341,,1, HTTP/1.1" 200 116
186.103.156.24 - - [02/Mar/2016:12:02:37 -0300] "GET /cormun/servlet/hpexe_return? HTTP/1.1" 200 1023
186.103.156.24 - - [02/Mar/2016:12:02:38 -0300] "GET /cormun/servlet/trsolicitudadjuntos?2016,341, HTTP/1.1" 200 7981
186.103.156.24 - - [02/Mar/2016:12:02:39 -0300] "GET /cormun/servlet/trsolicitudadjuntos?2016,341, HTTP/1.1" 200 7975
186.103.156.24 - - [02/Mar/2016:12:02:54 -0300] "POST /cormun/servlet/trsolicitudadjuntos?be3165041499b8058c65c42614994a57,2016,341,,gx-no-cache=1456931308957 HTTP/1.1" 200 90
186.103.156.24 - - [02/Mar/2016:12:02:54 -0300] "GET /cormun/servlet/hpexe_link HTTP/1.1" 200 972
186.103.156.24 - - [02/Mar/2016:12:02:54 -0300] "GET /cormun/static/Resources/Spanish/PXTools.css?005343 HTTP/1.1" 304 -
186.103.156.24 - - [02/Mar/2016:12:02:54 -0300] "GET /cormun/static/hpexe_link.js?20151120044398 HTTP/1.1" 304 -
186.103.156.24 - - [02/Mar/2016:12:02:54 -0300] "GET /cormun/static/gxcfg.js?20151120044395 HTTP/1.1" 304 -
186.103.156.24 - - [02/Mar/2016:12:02:54 -0300] "GET /cormun/servlet/trautorizarsolicitud? HTTP/1.1" 200 7768
186.103.156.24 - - [02/Mar/2016:12:02:55 -0300] "GET /cormun/static/trautorizarsolicitud.js?20163117315445 HTTP/1.1" 304 -
186.103.156.24 - - [02/Mar/2016:12:02:55 -0300] "GET /cormun/static/gxcfg.js?20163117314923 HTTP/1.1" 304 -
186.103.156.24 - - [02/Mar/2016:12:02:55 -0300] "GET /cormun/servlet/trautorizarsolicitud? HTTP/1.1" 200 7767
186.103.156.24 - - [02/Mar/2016:12:03:02 -0300] "POST /cormun/servlet/trautorizarsolicitud?be3165041499b8058c65c42614994a57,,gx-no-cache=1456931318145 HTTP/1.1" 200 5211
186.103.156.24 - - [02/Mar/2016:12:03:03 -0300] "POST /cormun/servlet/trautorizarsolicitud?be3165041499b8058c65c42614994a57,,gx-no-cache=1456931318361 HTTP/1.1" 200 5212
186.103.156.24 - - [02/Mar/2016:12:03:03 -0300] "POST /cormun/servlet/trautorizarsolicitud?be3165041499b8058c65c42614994a57,,gx-no-cache=1456931318539 HTTP/1.1" 200 5212
186.103.156.24 - - [02/Mar/2016:12:03:03 -0300] "POST /cormun/servlet/trautorizarsolicitud?be3165041499b8058c65c42614994a57,,gx-no-cache=1456931318725 HTTP/1.1" 200 5212
186.103.156.24 - - [02/Mar/2016:12:03:04 -0300] "POST /cormun/servlet/trautorizarsolicitud?be3165041499b8058c65c42614994a57,,gx-no-cache=1456931318923 HTTP/1.1" 200 5212
186.103.156.24 - - [02/Mar/2016:12:03:04 -0300] "POST /cormun/servlet/trautorizarsolicitud?be3165041499b8058c65c42614994a57,,gx-no-cache=1456931319758 HTTP/1.1" 200 5212
186.103.156.24 - - [02/Mar/2016:12:03:04 -0300] "POST /cormun/servlet/trautorizarsolicitud?be3165041499b8058c65c42614994a57,,gx-no-cache=1456931319997 HTTP/1.1" 200 5212
186.103.156.24 - - [02/Mar/2016:12:03:05 -0300] "POST /cormun/servlet/trautorizarsolicitud?be3165041499b8058c65c42614994a57,,gx-no-cache=1456931320240 HTTP/1.1" 200 5222
186.103.156.24 - - [02/Mar/2016:12:03:12 -0300] "POST /cormun/servlet/trautorizarsolicitud?be3165041499b8058c65c42614994a57,,gx-no-cache=1456931328144 HTTP/1.1" 200 5211
186.103.156.24 - - [02/Mar/2016:12:03:12 -0300] "POST /cormun/servlet/trautorizarsolicitud?be3165041499b8058c65c42614994a57,,gx-no-cache=1456931328402 HTTP/1.1" 200 5212
186.103.156.24 - - [02/Mar/2016:12:03:12 -0300] "POST /cormun/servlet/trautorizarsolicitud?be3165041499b8058c65c42614994a57,,gx-no-cache=1456931328633 HTTP/1.1" 200 5212
186.103.156.24 - - [02/Mar/2016:12:03:12 -0300] "POST /cormun/servlet/trautorizarsolicitud?be3165041499b8058c65c42614994a57,,gx-no-cache=1456931328875 HTTP/1.1" 200 5212
186.103.156.24 - - [02/Mar/2016:12:03:13 -0300] "POST /cormun/servlet/trautorizarsolicitud?be3165041499b8058c65c42614994a57,,gx-no-cache=1456931329124 HTTP/1.1" 200 5211
186.103.156.24 - - [02/Mar/2016:12:03:13 -0300] "POST /cormun/servlet/trautorizarsolicitud?be3165041499b8058c65c42614994a57,,gx-no-cache=1456931329397 HTTP/1.1" 200 5212
186.103.156.24 - - [02/Mar/2016:12:03:13 -0300] "POST /cormun/servlet/trautorizarsolicitud?be3165041499b8058c65c42614994a57,,gx-no-cache=1456931329663 HTTP/1.1" 200 5213
186.103.156.24 - - [02/Mar/2016:12:03:13 -0300] "POST /cormun/servlet/trautorizarsolicitud?be3165041499b8058c65c42614994a57,,gx-no-cache=1456931329932 HTTP/1.1" 200 5223
192.168.10.89 - - [02/Mar/2016:12:03:18 -0300] "POST /cormun/servlet/trsolicitudot?584929d0c8b6ad997db4c1ab0973b8db,,gx-no-cache=1456930751388 HTTP/1.1" 200 104
192.168.10.89 - - [02/Mar/2016:12:03:18 -0300] "GET /cormun/servlet/solicitudot?UPD,2016,256, HTTP/1.1" 200 12619
192.168.10.89 - - [02/Mar/2016:12:03:18 -0300] "GET /cormun/static/gxcfg.js?20163117305121 HTTP/1.1" 304 -
192.168.10.89 - - [02/Mar/2016:12:03:18 -0300] "GET /cormun/static/solicitudot.js?20163117305174 HTTP/1.1" 304 -
186.103.156.24 - - [02/Mar/2016:12:03:19 -0300] "POST /cormun/servlet/trautorizarsolicitud?be3165041499b8058c65c42614994a57,,gx-no-cache=1456931335730 HTTP/1.1" 200 3464
186.103.156.24 - - [02/Mar/2016:12:03:19 -0300] "GET /cormun/servlet/trautorizarsolicitud?58a62feccd4f09c34ded51384f811b438e02fbd684ae0526bf52e05288e181a5d5ee3999c0cbbe725daec0b12c3de5e22c53d4b8f646ef8d42bbc0eca15034725ae0282ee1df202475de7ca22410d121c50bcc7770c259f59b664491f5d4b8e8668d78e73d0ba4258ab333fcf56e889f8d5d30e2ee180fa77697493dd6aa8d6b,gx-no-cache=1456931336141 HTTP/1.1" 200 753
192.168.10.89 - - [02/Mar/2016:12:03:19 -0300] "POST /cormun/servlet/solicitudot?gx-no-cache=1456930752782 HTTP/1.1" 200 2784
192.168.10.89 - - [02/Mar/2016:12:03:20 -0300] "POST /cormun/servlet/solicitudot?584929d0c8b6ad997db4c1ab0973b8db,UPD,2016,256,,gx-no-cache=1456930752961 HTTP/1.1" 200 9033
192.168.10.89 - - [02/Mar/2016:12:03:20 -0300] "GET /cormun/servlet/solicitudot?73eea1e89a0a08e905935054d37f98a9217d6640cc906195c5d693f0bebe6508e8eab861ef5ba73719e3df20280890f0,gx-no-cache=1456930753203 HTTP/1.1" 200 30
192.168.10.89 - - [02/Mar/2016:12:03:20 -0300] "POST /cormun/servlet/solicitudot?gx-no-cache=1456930753273 HTTP/1.1" 200 30
192.168.10.89 - - [02/Mar/2016:12:03:20 -0300] "POST /cormun/servlet/solicitudot?gx-no-cache=1456930753291 HTTP/1.1" 200 30
192.168.10.89 - - [02/Mar/2016:12:03:20 -0300] "POST /cormun/servlet/solicitudot?gx-no-cache=1456930753330 HTTP/1.1" 200 1157
192.168.10.89 - - [02/Mar/2016:12:03:20 -0300] "GET /cormun/servlet/solicitudot?73eea1e89a0a08e905935054d37f98a97a75f95efaa7ae6f2d4022abb38e45e2975500dcf8d0e5a42eb4b1b5503f3f8f60fc6e23f4f25d441044d8b656df8d96c9ff947bb8d4bb5d9a5bc1254aad4e3cf7720bc84159e5c3e73de31ee0f61aba7d79aadd85e8e181627624d607c2cc1983a4730fe9552a9673c80dbcdd28be814864a69cdd71ce13985b97f14320bfef9a62430fb73297cecd17953adccee207,gx-no-cache=1456930753364 HTTP/1.1" 200 41
186.103.156.24 - - [02/Mar/2016:12:03:27 -0300] "POST /cormun/servlet/trautorizarsolicitud?be3165041499b8058c65c42614994a57,,gx-no-cache=1456931344709 HTTP/1.1" 200 5212
192.168.10.89 - - [02/Mar/2016:12:03:27 -0300] "GET /cormun/servlet/solicitudot?73eea1e89a0a08e905935054d37f98a9c846070f66188efcf365e9d33bb7eb7f0972e49001e4081c60cbe4c4f25e08f524a61b1bea5d84abd1b1c2c394d7e00cf77cf54c622c6dad02fb2fb610424183465490211c90db8a6fe42e73eb1e149f1a081148e52bd4e0715b30a5fe27e47f29148ab700eb2e4c49755bf59f367b7e7a31210141c90adc6f041c969d1fa7db4db758910da211b40c3feddcc6d17083,gx-no-cache=1456930760206 HTTP/1.1" 200 29
192.168.10.89 - - [02/Mar/2016:12:03:27 -0300] "POST /cormun/servlet/solicitudot?gx-no-cache=1456930760239 HTTP/1.1" 200 1116
192.168.10.89 - - [02/Mar/2016:12:03:27 -0300] "GET /cormun/servlet/solicitudot?73eea1e89a0a08e905935054d37f98a901ea01d4df4a50c295635eb331d10b752dd9a6a8df8daafac9045856abbb998eb8e12e9d52ff17a614dfe19cb3b95f9b63b602b78c535b7d1d6ce806de14df171d384d2663e579dcc15a6e61a18fecd288e602cd2183fc0c21faaf6178b5bf8ff33b444d1fb0b9e17f45b2dea92441b03d097d0858bd5fd4dbd3e843470a758a9be8a88f06a4ee3b7457732ad8b61b9c5b872cdd2378b8a49058743af1ca6d7d,gx-no-cache=1456930760283 HTTP/1.1" 200 30
192.168.10.89 - - [02/Mar/2016:12:03:27 -0300] "POST /cormun/servlet/solicitudot?584929d0c8b6ad997db4c1ab0973b8db,UPD,2016,256,,gx-no-cache=1456930760309 HTTP/1.1" 200 93
192.168.10.89 - - [02/Mar/2016:12:03:27 -0300] "GET /cormun/servlet/hpexe_return? HTTP/1.1" 200 1005
186.103.156.24 - - [02/Mar/2016:12:03:27 -0300] "GET /cormun/servlet/trautorizarsolicitud?58a62feccd4f09c34ded51384f811b438e02fbd684ae0526bf52e05288e181a5bcb3de2df2300d148c178c24d32b99ba64dafaaf7d94dae75610ece0ae2a4b0f5ae0282ee1df202475de7ca22410d121643e61df532e68ab6636bbdc902bcfe86b6e1e5c9cc9b04120d445c29bdd8cac,gx-no-cache=1456931345113 HTTP/1.1" 200 2542
192.168.10.89 - - [02/Mar/2016:12:03:27 -0300] "GET /cormun/static/Resources/Spanish/PXTools.css?12112540 HTTP/1.1" 304 -
192.168.10.89 - - [02/Mar/2016:12:03:27 -0300] "GET /cormun/static/gxcfg.js?2015111312145050 HTTP/1.1" 304 -
192.168.10.89 - - [02/Mar/2016:12:03:27 -0300] "GET /cormun/static/hpexe_return.js?2015111312145056 HTTP/1.1" 304 -
192.168.10.89 - - [02/Mar/2016:12:03:27 -0300] "GET /cormun/servlet/trsolicitudot? HTTP/1.1" 200 7485
186.103.157.246 - - [02/Mar/2016:12:03:36 -0300] "POST /cormun/servlet/solicitudot?gx-no-cache=1456931046851 HTTP/1.1" 200 30
192.168.10.89 - - [02/Mar/2016:12:03:37 -0300] "POST /cormun/servlet/trsolicitudot?584929d0c8b6ad997db4c1ab0973b8db,,gx-no-cache=1456930770738 HTTP/1.1" 200 4911
192.168.10.89 - - [02/Mar/2016:12:03:38 -0300] "POST /cormun/servlet/trsolicitudot?584929d0c8b6ad997db4c1ab0973b8db,,gx-no-cache=1456930771079 HTTP/1.1" 200 4910
192.168.10.89 - - [02/Mar/2016:12:03:38 -0300] "POST /cormun/servlet/trsolicitudot?584929d0c8b6ad997db4c1ab0973b8db,,gx-no-cache=1456930771398 HTTP/1.1" 200 4909
192.168.10.89 - - [02/Mar/2016:12:03:38 -0300] "POST /cormun/servlet/trsolicitudot?584929d0c8b6ad997db4c1ab0973b8db,,gx-no-cache=1456930771740 HTTP/1.1" 200 4911
186.103.157.246 - - [02/Mar/2016:12:03:39 -0300] "POST /cormun/servlet/solicitudot?gx-no-cache=1456931050061 HTTP/1.1" 200 30
186.103.156.24 - - [02/Mar/2016:12:03:39 -0300] "POST /cormun/servlet/trautorizarsolicitud?be3165041499b8058c65c42614994a57,,gx-no-cache=1456931358289 HTTP/1.1" 200 3466
192.168.10.89 - - [02/Mar/2016:12:03:39 -0300] "POST /cormun/servlet/trsolicitudot?584929d0c8b6ad997db4c1ab0973b8db,,gx-no-cache=1456930772147 HTTP/1.1" 200 4910
186.103.156.24 - - [02/Mar/2016:12:03:39 -0300] "GET /cormun/servlet/trautorizarsolicitud?58a62feccd4f09c34ded51384f811b438e02fbd684ae0526bf52e05288e181a5d5ee3999c0cbbe725daec0b12c3de5e22c53d4b8f646ef8d42bbc0eca15034725ae0282ee1df202475de7ca22410d121c50bcc7770c259f59b664491f5d4b8e8668d78e73d0ba4258ab333fcf56e889f8d5d30e2ee180fa77697493dd6aa8d6b,gx-no-cache=1456931358716 HTTP/1.1" 200 753
192.168.10.89 - - [02/Mar/2016:12:03:39 -0300] "POST /cormun/servlet/trsolicitudot?584929d0c8b6ad997db4c1ab0973b8db,,gx-no-cache=1456930772592 HTTP/1.1" 200 4910
192.168.10.89 - - [02/Mar/2016:12:03:40 -0300] "POST /cormun/servlet/trsolicitudot?584929d0c8b6ad997db4c1ab0973b8db,,gx-no-cache=1456930773079 HTTP/1.1" 200 4910
192.168.10.89 - - [02/Mar/2016:12:03:43 -0300] "POST /cormun/servlet/trsolicitudot?584929d0c8b6ad997db4c1ab0973b8db,,gx-no-cache=1456930773621 HTTP/1.1" 200 3607
192.168.10.89 - - [02/Mar/2016:12:03:43 -0300] "POST /cormun/servlet/trsolicitudot?584929d0c8b6ad997db4c1ab0973b8db,,gx-no-cache=1456930776395 HTTP/1.1" 200 3443
186.103.156.24 - - [02/Mar/2016:12:03:43 -0300] "POST /cormun/servlet/trautorizarsolicitud?be3165041499b8058c65c42614994a57,,gx-no-cache=1456931362785 HTTP/1.1" 200 3465
192.168.10.89 - - [02/Mar/2016:12:03:44 -0300] "GET /cormun/static/Shared/jqueryui/images/ui-bg_highlight-soft_100_c6c2c8_1x100.png HTTP/1.1" 404 1117
192.168.10.89 - - [02/Mar/2016:12:03:44 -0300] "GET /cormun/static/Shared/jqueryui/images/ui-icons_82798d_256x240.png HTTP/1.1" 404 1089
192.168.10.89 - - [02/Mar/2016:12:03:44 -0300] "GET /cormun/static/Shared/jqueryui/images/ui-bg_flat_55_fafafa_40x100.png HTTP/1.1" 404 1097
192.168.10.89 - - [02/Mar/2016:12:03:44 -0300] "GET /cormun/static/Shared/jqueryui/images/ui-icons_8d78a5_256x240.png HTTP/1.1" 404 1089
186.103.156.24 - - [02/Mar/2016:12:03:44 -0300] "POST /cormun/servlet/trautorizarsolicitud?be3165041499b8058c65c42614994a57,,gx-no-cache=1456931363600 HTTP/1.1" 200 3465
200.30.209.241 - - [02/Mar/2016:12:03:44 -0300] "GET /cormun/servlet/trsolicitudot? HTTP/1.1" 200 6291
186.103.156.24 - - [02/Mar/2016:12:03:44 -0300] "POST /cormun/servlet/trautorizarsolicitud?be3165041499b8058c65c42614994a57,,gx-no-cache=1456931363908 HTTP/1.1" 200 3465
186.103.156.24 - - [02/Mar/2016:12:03:44 -0300] "POST /cormun/servlet/trautorizarsolicitud?be3165041499b8058c65c42614994a57,,gx-no-cache=1456931364160 HTTP/1.1" 200 3465
186.103.156.24 - - [02/Mar/2016:12:03:44 -0300] "POST /cormun/servlet/trautorizarsolicitud?be3165041499b8058c65c42614994a57,,gx-no-cache=1456931364416 HTTP/1.1" 200 3463
200.30.209.241 - - [02/Mar/2016:12:03:44 -0300] "GET /cormun/servlet/trsolicitudot? HTTP/1.1" 200 6291
186.103.156.24 - - [02/Mar/2016:12:03:45 -0300] "POST /cormun/servlet/trautorizarsolicitud?be3165041499b8058c65c42614994a57,,gx-no-cache=1456931364680 HTTP/1.1" 200 3465
186.103.156.24 - - [02/Mar/2016:12:03:45 -0300] "POST /cormun/servlet/trautorizarsolicitud?be3165041499b8058c65c42614994a57,,gx-no-cache=1456931364999 HTTP/1.1" 200 3465
186.103.156.24 - - [02/Mar/2016:12:03:45 -0300] "POST /cormun/servlet/trautorizarsolicitud?be3165041499b8058c65c42614994a57,,gx-no-cache=1456931365263 HTTP/1.1" 200 110
186.103.156.24 - - [02/Mar/2016:12:03:46 -0300] "POST /cormun/servlet/trautorizarsolicitud?be3165041499b8058c65c42614994a57,,gx-no-cache=1456931365611 HTTP/1.1" 200 3444
186.103.156.24 - - [02/Mar/2016:12:03:46 -0300] "GET /cormun/AutorizarSolicitud-7173.xls HTTP/1.1" 200 4608
200.30.209.241 - - [02/Mar/2016:12:03:47 -0300] "GET /cormun/servlet/solicitudot?INS,0,0, HTTP/1.1" 200 11549
200.30.209.241 - - [02/Mar/2016:12:03:47 -0300] "GET /cormun/static/gxcfg.js?20163117305121 HTTP/1.1" 304 -
200.30.209.241 - - [02/Mar/2016:12:03:47 -0300] "GET /cormun/static/solicitudot.js?20163117305174 HTTP/1.1" 304 -
200.30.209.241 - - [02/Mar/2016:12:03:48 -0300] "GET /cormun/servlet/solicitudot?INS,0,0, HTTP/1.1" 200 11553
186.103.157.246 - - [02/Mar/2016:12:03:50 -0300] "POST /cormun/servlet/solicitudot?gx-no-cache=1456931061393 HTTP/1.1" 200 452
186.103.157.246 - - [02/Mar/2016:12:03:50 -0300] "GET /cormun/servlet/solicitudot?0f3d567439e73de225fea6ae2d44c3f1436b0665ccd8296061402d505e73492f996870ea8707e5e6a00eb0c2969f2ed8a096393d978b08bac455d4a33e93ca57e6802649b7d576164691f30d09f148a6d7b9eea704aee8192980773ab770f53bb7e2830b07082478ead3440663cb4a30c5357cb5fc3e667b15349620dd2f0330986d14db0d883d8e9eaffa8b04afc549,gx-no-cache=1456931061488 HTTP/1.1" 200 38
192.168.10.89 - - [02/Mar/2016:12:03:55 -0300] "GET /cormun/servlet/trsolicitudot? HTTP/1.1" 200 6168
192.168.10.89 - - [02/Mar/2016:12:03:58 -0300] "GET /cormun/servlet/hlogin HTTP/1.1" 200 1725
186.103.157.246 - - [02/Mar/2016:12:03:59 -0300] "GET /cormun/servlet/solicitudot?0f3d567439e73de225fea6ae2d44c3f1846212a1587d91177acd95ba6ed408e7caf91f8b72efb97b9d4789e50f2948f67a4e6d8b83cfd49dd2eb64b669dc69e81c47c8b7bf03df17407b097502a7c1bc16b95001c816acc95fb1f46acfd50053188c26a1125810f0a29183af4c5f9d95de7f823336994d340cecd03c4022b7ad4771579fcd26c327228ccc72f1ca81e93829a23652ce7d83d703f42bf5bc78dd,gx-no-cache=1456931070154 HTTP/1.1" 200 29
186.103.157.246 - - [02/Mar/2016:12:04:01 -0300] "POST /cormun/servlet/solicitudot?gx-no-cache=1456931071887 HTTP/1.1" 200 1116
186.103.156.24 - - [02/Mar/2016:12:04:06 -0300] "POST /cormun/servlet/trautorizarsolicitud?be3165041499b8058c65c42614994a57,,gx-no-cache=1456931387648 HTTP/1.1" 200 3464
186.103.156.24 - - [02/Mar/2016:12:04:06 -0300] "GET /cormun/servlet/trautorizarsolicitud?58a62feccd4f09c34ded51384f811b438e02fbd684ae0526bf52e05288e181a5bf7f2a8304b5ccb4b87082dddb27e9a164dafaaf7d94dae75610ece0ae2a4b0f5ae0282ee1df202475de7ca22410d1211396fd6b53add332d4289ab45d0e0febdacca404cc218567d33492d99ca563e7,gx-no-cache=1456931388049 HTTP/1.1" 200 740
192.168.10.89 - - [02/Mar/2016:12:04:11 -0300] "POST /cormun/servlet/hlogin?584929d0c8b6ad997db4c1ab0973b8db,gx-no-cache=1456930803983 HTTP/1.1" 200 90
192.168.10.89 - - [02/Mar/2016:12:04:11 -0300] "GET /cormun/servlet/hpexe_link HTTP/1.1" 200 943
192.168.10.89 - - [02/Mar/2016:12:04:11 -0300] "GET /cormun/servlet/hhome HTTP/1.1" 200 3431
186.103.156.24 - - [02/Mar/2016:12:04:12 -0300] "GET /cormun/servlet/trautorizarsolicitud? HTTP/1.1" 200 6180
186.103.156.24 - - [02/Mar/2016:12:04:13 -0300] "GET /cormun/servlet/trautorizarsolicitud? HTTP/1.1" 200 6180
186.103.156.24 - - [02/Mar/2016:12:04:18 -0300] "POST /cormun/servlet/trautorizarsolicitud?be3165041499b8058c65c42614994a57,,gx-no-cache=1456931400859 HTTP/1.1" 200 3465
186.103.156.24 - - [02/Mar/2016:12:04:18 -0300] "POST /cormun/servlet/trautorizarsolicitud?be3165041499b8058c65c42614994a57,,gx-no-cache=1456931401023 HTTP/1.1" 200 3464
186.103.156.24 - - [02/Mar/2016:12:04:18 -0300] "POST /cormun/servlet/trautorizarsolicitud?be3165041499b8058c65c42614994a57,,gx-no-cache=1456931401166 HTTP/1.1" 200 3464
186.103.156.24 - - [02/Mar/2016:12:04:20 -0300] "GET /cormun/servlet/trautorizarsolicitud?58a62feccd4f09c34ded51384f811b439590f63d3e4935d85c742b10e15d00bafc259e76f0df1cd0a0a8248c5dd60ab63050dcd4d319b31db23d40b27221e995ef569237557ad716686c80038de4d83e27b9769ecf8b6728c763fe815474970a,gx-no-cache=1456931403312 HTTP/1.1" 200 740
192.168.10.89 - - [02/Mar/2016:12:04:20 -0300] "GET /cormun/servlet/trautorizarsolicitud? HTTP/1.1" 200 6113
192.168.10.89 - - [02/Mar/2016:12:04:20 -0300] "GET /cormun/static/gxcfg.js?20163117314923 HTTP/1.1" 304 -
192.168.10.89 - - [02/Mar/2016:12:04:21 -0300] "GET /cormun/static/trautorizarsolicitud.js?20163117315445 HTTP/1.1" 304 -
186.103.156.24 - - [02/Mar/2016:12:04:22 -0300] "POST /cormun/servlet/trautorizarsolicitud?be3165041499b8058c65c42614994a57,,gx-no-cache=1456931405977 HTTP/1.1" 200 3459
186.103.156.24 - - [02/Mar/2016:12:04:24 -0300] "GET /cormun/servlet/trautorizarsolicitud?58a62feccd4f09c34ded51384f811b43878d14199436986943e3a68b4b648fb5a407aa7e38196c5dc546530de895f4f79d87852947a41d2837b8c5a43488cfc1e043c4454d87ee80818ff72006b63a648bff752afcc3af9d7a5f2367bcfb40a9,gx-no-cache=1456931407526 HTTP/1.1" 200 736
192.168.10.89 - - [02/Mar/2016:12:04:24 -0300] "POST /cormun/servlet/trautorizarsolicitud?584929d0c8b6ad997db4c1ab0973b8db,,gx-no-cache=1456930817484 HTTP/1.1" 200 3442
192.168.10.89 - - [02/Mar/2016:12:04:24 -0300] "POST /cormun/servlet/trautorizarsolicitud?584929d0c8b6ad997db4c1ab0973b8db,,gx-no-cache=1456930817696 HTTP/1.1" 200 3442
192.168.10.89 - - [02/Mar/2016:12:04:25 -0300] "POST /cormun/servlet/trautorizarsolicitud?584929d0c8b6ad997db4c1ab0973b8db,,gx-no-cache=1456930817963 HTTP/1.1" 200 3442
192.168.10.89 - - [02/Mar/2016:12:04:25 -0300] "POST /cormun/servlet/trautorizarsolicitud?584929d0c8b6ad997db4c1ab0973b8db,,gx-no-cache=1456930818279 HTTP/1.1" 200 3442
192.168.10.89 - - [02/Mar/2016:12:04:29 -0300] "POST /cormun/servlet/trautorizarsolicitud?584929d0c8b6ad997db4c1ab0973b8db,,gx-no-cache=1456930821940 HTTP/1.1" 200 5426
192.168.10.89 - - [02/Mar/2016:12:04:29 -0300] "GET /cormun/servlet/trautorizarsolicitud?aafe5dfe7381f74ed456f9343c58d985013b26767d252e5443f74b18c02a9955b56f61c61382ceec85f68bdad8dcfa5a3725f77193a599ebba0d78fb8be9258ecc230e78465c62be95417d66e14d618b89b4ef4ddd78949ef4d2c78936574cc0,gx-no-cache=1456930822594 HTTP/1.1" 200 2813
186.103.156.24 - - [02/Mar/2016:12:04:31 -0300] "GET /cormun/servlet/trautorizarsolicitud? HTTP/1.1" 200 6174
186.103.156.24 - - [02/Mar/2016:12:04:32 -0300] "GET /cormun/servlet/trautorizarsolicitud? HTTP/1.1" 200 6174
186.103.156.24 - - [02/Mar/2016:12:04:35 -0300] "POST /cormun/servlet/trautorizarsolicitud?be3165041499b8058c65c42614994a57,,gx-no-cache=1456931419545 HTTP/1.1" 200 3458
192.168.10.89 - - [02/Mar/2016:12:04:35 -0300] "POST /cormun/servlet/trautorizarsolicitud?584929d0c8b6ad997db4c1ab0973b8db,,gx-no-cache=1456930827850 HTTP/1.1" 200 3438
186.103.156.24 - - [02/Mar/2016:12:04:35 -0300] "POST /cormun/servlet/trautorizarsolicitud?be3165041499b8058c65c42614994a57,,gx-no-cache=1456931419703 HTTP/1.1" 200 3458
186.103.156.24 - - [02/Mar/2016:12:04:35 -0300] "POST /cormun/servlet/trautorizarsolicitud?be3165041499b8058c65c42614994a57,,gx-no-cache=1456931419869 HTTP/1.1" 200 3459
186.103.156.24 - - [02/Mar/2016:12:04:35 -0300] "POST /cormun/servlet/trautorizarsolicitud?be3165041499b8058c65c42614994a57,,gx-no-cache=1456931420019 HTTP/1.1" 200 3459
192.168.10.89 - - [02/Mar/2016:12:04:35 -0300] "GET /cormun/servlet/trautorizarsolicitud?aafe5dfe7381f74ed456f9343c58d985be3f3bb16be8846f1a61ebbb2d9dc3230b62c7cc561570a6785b85efbe0c18563725f77193a599ebba0d78fb8be9258eb059178afbd633f73eb6b2e361bfbee0f60b33c70ec54dcff2c295ec3ea240a64ee5e031d611f5ca5e1f90ac6a2074a3,gx-no-cache=1456930828463 HTTP/1.1" 200 739
192.168.10.89 - - [02/Mar/2016:12:04:37 -0300] "POST /cormun/servlet/trautorizarsolicitud?584929d0c8b6ad997db4c1ab0973b8db,,gx-no-cache=1456930829853 HTTP/1.1" 200 3440
192.168.10.89 - - [02/Mar/2016:12:04:37 -0300] "POST /cormun/servlet/trautorizarsolicitud?584929d0c8b6ad997db4c1ab0973b8db,,gx-no-cache=1456930830392 HTTP/1.1" 200 3439
192.168.10.89 - - [02/Mar/2016:12:04:38 -0300] "POST /cormun/servlet/trautorizarsolicitud?584929d0c8b6ad997db4c1ab0973b8db,,gx-no-cache=1456930830962 HTTP/1.1" 200 3440
200.30.209.241 - - [02/Mar/2016:12:04:38 -0300] "POST /cormun/servlet/solicitudot?gx-no-cache=1456931108773 HTTP/1.1" 200 2707
200.30.209.241 - - [02/Mar/2016:12:04:38 -0300] "POST /cormun/servlet/solicitudot?35a5a300eb430605080711524fcb2cfd,INS,0,0,,gx-no-cache=1456931109105 HTTP/1.1" 200 8322
186.103.156.24 - - [02/Mar/2016:12:04:39 -0300] "GET /cormun/servlet/trautorizarsolicitud?58a62feccd4f09c34ded51384f811b43878d14199436986943e3a68b4b648fb5a407aa7e38196c5dc546530de895f4f79d87852947a41d2837b8c5a43488cfc1e043c4454d87ee80818ff72006b63a648bff752afcc3af9d7a5f2367bcfb40a9,gx-no-cache=1456931424099 HTTP/1.1" 200 736
192.168.10.89 - - [02/Mar/2016:12:04:40 -0300] "POST /cormun/servlet/trautorizarsolicitud?584929d0c8b6ad997db4c1ab0973b8db,,gx-no-cache=1456930831605 HTTP/1.1" 200 3439
200.30.209.241 - - [02/Mar/2016:12:04:40 -0300] "GET /cormun/servlet/solicitudot?f4e499fc06ce276d74c0ddbc347234b16570cb93b5908a17e0c4d503e7a0090263e3073eb0fdfc6241bd897f263943ac,gx-no-cache=1456931111015 HTTP/1.1" 200 30
192.168.10.89 - - [02/Mar/2016:12:04:43 -0300] "GET /cormun/static/menuarrow.gif HTTP/1.1" 404 1015
192.168.10.89 - - [02/Mar/2016:12:04:48 -0300] "POST /cormun/servlet/trautorizarsolicitud?584929d0c8b6ad997db4c1ab0973b8db,,gx-no-cache=1456930841529 HTTP/1.1" 200 3443
192.168.10.89 - - [02/Mar/2016:12:04:49 -0300] "POST /cormun/servlet/trautorizarsolicitud?584929d0c8b6ad997db4c1ab0973b8db,,gx-no-cache=1456930842205 HTTP/1.1" 200 3443
192.168.10.89 - - [02/Mar/2016:12:04:50 -0300] "POST /cormun/servlet/trautorizarsolicitud?584929d0c8b6ad997db4c1ab0973b8db,,gx-no-cache=1456930842924 HTTP/1.1" 200 3444
192.168.10.89 - - [02/Mar/2016:12:04:50 -0300] "POST /cormun/servlet/trautorizarsolicitud?584929d0c8b6ad997db4c1ab0973b8db,,gx-no-cache=1456930843686 HTTP/1.1" 200 3444
186.103.156.24 - - [02/Mar/2016:12:04:51 -0300] "POST /cormun/servlet/trautorizarsolicitud?be3165041499b8058c65c42614994a57,,gx-no-cache=1456931438038 HTTP/1.1" 200 90
186.103.156.24 - - [02/Mar/2016:12:04:51 -0300] "GET /cormun/servlet/hpexe_link HTTP/1.1" 200 967
186.103.156.24 - - [02/Mar/2016:12:04:51 -0300] "GET /cormun/servlet/solicitudot?INS,0,0, HTTP/1.1" 200 11454
186.103.156.24 - - [02/Mar/2016:12:04:52 -0300] "GET /cormun/static/gxcfg.js?20163117305121 HTTP/1.1" 304 -
186.103.156.24 - - [02/Mar/2016:12:04:55 -0300] "GET /cormun/static/solicitudot.js?20163117305174 HTTP/1.1" 304 -
186.103.156.24 - - [02/Mar/2016:12:04:55 -0300] "GET /cormun/servlet/solicitudot?INS,0,0, HTTP/1.1" 200 11458
192.168.10.89 - - [02/Mar/2016:12:04:56 -0300] "POST /cormun/servlet/trautorizarsolicitud?584929d0c8b6ad997db4c1ab0973b8db,,gx-no-cache=1456930849366 HTTP/1.1" 200 3443
192.168.10.89 - - [02/Mar/2016:12:04:57 -0300] "POST /cormun/servlet/trautorizarsolicitud?584929d0c8b6ad997db4c1ab0973b8db,,gx-no-cache=1456930850170 HTTP/1.1" 200 3444
192.168.10.89 - - [02/Mar/2016:12:04:58 -0300] "POST /cormun/servlet/trautorizarsolicitud?584929d0c8b6ad997db4c1ab0973b8db,,gx-no-cache=1456930851063 HTTP/1.1" 200 3444
186.103.156.24 - - [02/Mar/2016:12:04:59 -0300] "GET /cormun/servlet/trautorizarsolicitud? HTTP/1.1" 200 6179
186.103.156.24 - - [02/Mar/2016:12:05:00 -0300] "GET /cormun/servlet/trautorizarsolicitud? HTTP/1.1" 200 6174
192.168.10.89 - - [02/Mar/2016:12:05:01 -0300] "POST /cormun/servlet/trautorizarsolicitud?584929d0c8b6ad997db4c1ab0973b8db,,gx-no-cache=1456930851967 HTTP/1.1" 200 3444
186.103.156.24 - - [02/Mar/2016:12:05:09 -0300] "POST /cormun/servlet/trautorizarsolicitud?be3165041499b8058c65c42614994a57,,gx-no-cache=1456931457193 HTTP/1.1" 200 3463
192.168.10.89 - - [02/Mar/2016:12:05:10 -0300] "POST /cormun/servlet/trautorizarsolicitud?584929d0c8b6ad997db4c1ab0973b8db,,gx-no-cache=1456930862678 HTTP/1.1" 200 6587
186.103.156.24 - - [02/Mar/2016:12:05:10 -0300] "POST /cormun/servlet/trautorizarsolicitud?be3165041499b8058c65c42614994a57,,gx-no-cache=1456931457444 HTTP/1.1" 200 3463
186.103.156.24 - - [02/Mar/2016:12:05:10 -0300] "POST /cormun/servlet/trautorizarsolicitud?be3165041499b8058c65c42614994a57,,gx-no-cache=1456931458189 HTTP/1.1" 200 3463
186.103.156.24 - - [02/Mar/2016:12:05:10 -0300] "POST /cormun/servlet/trautorizarsolicitud?be3165041499b8058c65c42614994a57,,gx-no-cache=1456931458454 HTTP/1.1" 200 3463
192.168.10.89 - - [02/Mar/2016:12:05:11 -0300] "GET /cormun/servlet/trautorizarsolicitud?aafe5dfe7381f74ed456f9343c58d985013b26767d252e5443f74b18c02a9955b56f61c61382ceec85f68bdad8dcfa5a3725f77193a599ebba0d78fb8be9258ecc230e78465c62be95417d66e14d618b89b4ef4ddd78949ef4d2c78936574cc0,gx-no-cache=1456930864792 HTTP/1.1" 200 4210
186.103.156.24 - - [02/Mar/2016:12:05:13 -0300] "POST /cormun/servlet/trautorizarsolicitud?be3165041499b8058c65c42614994a57,,gx-no-cache=1456931460751 HTTP/1.1" 200 5212
186.103.156.24 - - [02/Mar/2016:12:05:13 -0300] "GET /cormun/servlet/trautorizarsolicitud?58a62feccd4f09c34ded51384f811b43f54c984c4a3be0f2a837a6405c90fac5fc259e76f0df1cd0a0a8248c5dd60ab63050dcd4d319b31db23d40b27221e995ef569237557ad716686c80038de4d83e27b9769ecf8b6728c763fe815474970a,gx-no-cache=1456931461251 HTTP/1.1" 200 2541
186.103.156.24 - - [02/Mar/2016:12:05:19 -0300] "POST /cormun/servlet/trautorizarsolicitud?be3165041499b8058c65c42614994a57,,gx-no-cache=1456931468299 HTTP/1.1" 200 5213
186.103.156.24 - - [02/Mar/2016:12:05:19 -0300] "POST /cormun/servlet/trautorizarsolicitud?be3165041499b8058c65c42614994a57,,gx-no-cache=1456931468602 HTTP/1.1" 200 5213
186.103.156.24 - - [02/Mar/2016:12:05:20 -0300] "POST /cormun/servlet/trautorizarsolicitud?be3165041499b8058c65c42614994a57,,gx-no-cache=1456931468837 HTTP/1.1" 200 5213
186.103.156.24 - - [02/Mar/2016:12:05:20 -0300] "POST /cormun/servlet/trautorizarsolicitud?be3165041499b8058c65c42614994a57,,gx-no-cache=1456931469076 HTTP/1.1" 200 5222
192.168.10.89 - - [02/Mar/2016:12:05:26 -0300] "GET /cormun/servlet/treventos?2016,347, HTTP/1.1" 200 6396
192.168.10.89 - - [02/Mar/2016:12:05:26 -0300] "GET /cormun/static/gxcfg.js?2016311731661 HTTP/1.1" 200 953
192.168.10.89 - - [02/Mar/2016:12:05:26 -0300] "GET /cormun/static/treventos.js?2016311731865 HTTP/1.1" 200 14123
192.168.10.89 - - [02/Mar/2016:12:05:28 -0300] "POST /cormun/servlet/acontrolpreferencessavestate?None,ASAAVEDRA,true HTTP/1.1" 200 35
186.103.156.24 - - [02/Mar/2016:12:05:31 -0300] "POST /cormun/servlet/trautorizarsolicitud?be3165041499b8058c65c42614994a57,,gx-no-cache=1456931480726 HTTP/1.1" 200 5212
186.103.156.24 - - [02/Mar/2016:12:05:31 -0300] "POST /cormun/servlet/trautorizarsolicitud?be3165041499b8058c65c42614994a57,,gx-no-cache=1456931481302 HTTP/1.1" 200 5212
186.103.156.24 - - [02/Mar/2016:12:05:31 -0300] "POST /cormun/servlet/trautorizarsolicitud?be3165041499b8058c65c42614994a57,,gx-no-cache=1456931481592 HTTP/1.1" 200 5212
186.103.156.24 - - [02/Mar/2016:12:05:31 -0300] "POST /cormun/servlet/trautorizarsolicitud?be3165041499b8058c65c42614994a57,,gx-no-cache=1456931481869 HTTP/1.1" 200 105
186.103.156.24 - - [02/Mar/2016:12:05:32 -0300] "GET /cormun/servlet/trsolicitudadjuntos?2016,362, HTTP/1.1" 200 7967
186.103.156.24 - - [02/Mar/2016:12:05:33 -0300] "GET /cormun/servlet/trsolicitudadjuntos?2016,362, HTTP/1.1" 200 7968
192.168.10.89 - - [02/Mar/2016:12:05:38 -0300] "GET /cormun/servlet/trautorizarsolicitud? HTTP/1.1" 200 9038
191.112.91.68 - - [02/Mar/2016:12:05:40 -0300] "GET /cormun/servlet/vesolicitudot?2016,355,,General HTTP/1.1" 200 7546
191.112.91.68 - - [02/Mar/2016:12:05:40 -0300] "GET /cormun/pexe_scrolldiv.js HTTP/1.1" 404 1009
186.103.156.24 - - [02/Mar/2016:12:05:41 -0300] "GET /cormun/servlet/solicitudotadjuntos?DLT,2016,362,CERTIF3,0, HTTP/1.1" 200 5487
186.103.156.24 - - [02/Mar/2016:12:05:41 -0300] "GET /cormun/PublicTempStorage/afp_susana840189.pdf HTTP/1.1" 200 189889
186.103.156.24 - - [02/Mar/2016:12:05:42 -0300] "GET /cormun/servlet/solicitudotadjuntos?DLT,2016,362,CERTIF3,0, HTTP/1.1" 200 5479
191.112.91.68 - - [02/Mar/2016:12:05:43 -0300] "GET /cormun/servlet/vesolicitudot?2016,355,,General HTTP/1.1" 200 7545
186.103.156.24 - - [02/Mar/2016:12:05:44 -0300] "GET /cormun/PublicTempStorage/afp_susana840189.pdf HTTP/1.1" 304 -
186.103.156.24 - - [02/Mar/2016:12:05:44 -0300] "GET /cormun/PublicTempStorage/afp_susana840189.pdf HTTP/1.1" 304 -
186.103.156.24 - - [02/Mar/2016:12:05:45 -0300] "POST /cormun/servlet/solicitudotadjuntos?be3165041499b8058c65c42614994a57,DLT,2016,362,CERTIF3,0,,gx-no-cache=1456931496069 HTTP/1.1" 200 93
186.103.156.24 - - [02/Mar/2016:12:05:45 -0300] "GET /cormun/servlet/hpexe_return? HTTP/1.1" 200 1029
186.103.156.24 - - [02/Mar/2016:12:05:45 -0300] "GET /cormun/servlet/trsolicitudadjuntos?2016,362, HTTP/1.1" 200 7873
186.103.156.24 - - [02/Mar/2016:12:05:46 -0300] "GET /cormun/servlet/trsolicitudadjuntos?2016,362, HTTP/1.1" 200 7871
191.112.91.68 - - [02/Mar/2016:12:05:47 -0300] "POST /cormun/servlet/vesolicitudot?0c0ee8f3b383daf4648f2d40d97b65a9,2016,355,,General,gx-no-cache=1456931174302 HTTP/1.1" 200 93
191.112.91.68 - - [02/Mar/2016:12:05:47 -0300] "GET /cormun/servlet/hpexe_return? HTTP/1.1" 200 1015
191.112.91.68 - - [02/Mar/2016:12:05:48 -0300] "GET /cormun/servlet/trsolicitudot HTTP/1.1" 200 7483
191.112.91.68 - - [02/Mar/2016:12:05:50 -0300] "GET /cormun/servlet/trsolicitudot HTTP/1.1" 200 7479
186.103.156.24 - - [02/Mar/2016:12:05:50 -0300] "GET /cormun/servlet/solicitudotadjuntos?INS,2016,362,,1, HTTP/1.1" 200 5497
186.103.156.24 - - [02/Mar/2016:12:05:51 -0300] "GET /cormun/static/about:blank HTTP/1.1" 404 1011
186.103.156.24 - - [02/Mar/2016:12:05:51 -0300] "GET /cormun/servlet/solicitudotadjuntos?INS,2016,362,,1, HTTP/1.1" 200 5491
186.103.156.24 - - [02/Mar/2016:12:05:51 -0300] "GET /cormun/servlet/solicitudotadjuntos?e0139e73eff4ebca9fcf51efdab74d304c6f5d215be7f145b323075abfdcca435ac0cfecea250650d21d8ed25c6360d8,gx-no-cache=1456931503451 HTTP/1.1" 200 30
186.103.156.24 - - [02/Mar/2016:12:05:51 -0300] "POST /cormun/servlet/solicitudotadjuntos?be3165041499b8058c65c42614994a57,INS,2016,362,,1,,gx-no-cache=1456931503487 HTTP/1.1" 200 3377
200.30.209.241 - - [02/Mar/2016:12:05:53 -0300] "POST /cormun/servlet/solicitudot?gx-no-cache=1456931183430 HTTP/1.1" 200 30
200.30.209.241 - - [02/Mar/2016:12:05:56 -0300] "POST /cormun/servlet/solicitudot?gx-no-cache=1456931186322 HTTP/1.1" 200 122
200.30.209.241 - - [02/Mar/2016:12:05:56 -0300] "GET /cormun/static/Shared/jqueryui/images/ui-bg_highlight-soft_100_c6c2c8_1x100.png HTTP/1.1" 404 1117
200.30.209.241 - - [02/Mar/2016:12:05:56 -0300] "GET /cormun/static/Shared/jqueryui/images/ui-icons_82798d_256x240.png HTTP/1.1" 404 1089
200.30.209.241 - - [02/Mar/2016:12:05:56 -0300] "GET /cormun/static/Shared/jqueryui/images/ui-icons_8d78a5_256x240.png HTTP/1.1" 404 1089
200.30.209.241 - - [02/Mar/2016:12:05:56 -0300] "GET /cormun/static/Shared/jqueryui/images/ui-bg_flat_55_fafafa_40x100.png HTTP/1.1" 404 1097
191.112.91.68 - - [02/Mar/2016:12:05:58 -0300] "POST /cormun/servlet/trsolicitudot?0c0ee8f3b383daf4648f2d40d97b65a9,gx-no-cache=1456931185355 HTTP/1.1" 200 4924
186.103.156.24 - - [02/Mar/2016:12:05:58 -0300] "POST /cormun/servlet/solicitudotadjuntos?gx-no-cache=1456931511330 HTTP/1.1" 200 26
191.112.91.68 - - [02/Mar/2016:12:05:59 -0300] "POST /cormun/servlet/trsolicitudot?0c0ee8f3b383daf4648f2d40d97b65a9,gx-no-cache=1456931185938 HTTP/1.1" 200 4925
191.112.91.68 - - [02/Mar/2016:12:05:59 -0300] "POST /cormun/servlet/trsolicitudot?0c0ee8f3b383daf4648f2d40d97b65a9,gx-no-cache=1456931186468 HTTP/1.1" 200 4925
191.112.91.68 - - [02/Mar/2016:12:06:00 -0300] "POST /cormun/servlet/trsolicitudot?0c0ee8f3b383daf4648f2d40d97b65a9,gx-no-cache=1456931187009 HTTP/1.1" 200 4925
191.112.91.68 - - [02/Mar/2016:12:06:00 -0300] "POST /cormun/servlet/trsolicitudot?0c0ee8f3b383daf4648f2d40d97b65a9,gx-no-cache=1456931187575 HTTP/1.1" 200 4926
191.112.91.68 - - [02/Mar/2016:12:06:01 -0300] "POST /cormun/servlet/trsolicitudot?0c0ee8f3b383daf4648f2d40d97b65a9,gx-no-cache=1456931188141 HTTP/1.1" 200 4925
191.112.91.68 - - [02/Mar/2016:12:06:02 -0300] "POST /cormun/servlet/trsolicitudot?0c0ee8f3b383daf4648f2d40d97b65a9,gx-no-cache=1456931188726 HTTP/1.1" 200 4925
200.30.209.241 - - [02/Mar/2016:12:06:02 -0300] "POST /cormun/servlet/solicitudot?gx-no-cache=1456931192857 HTTP/1.1" 200 122
191.112.91.68 - - [02/Mar/2016:12:06:02 -0300] "POST /cormun/servlet/trsolicitudot?0c0ee8f3b383daf4648f2d40d97b65a9,gx-no-cache=1456931189371 HTTP/1.1" 200 106
191.112.91.68 - - [02/Mar/2016:12:06:03 -0300] "GET /cormun/servlet/trsolicitudadjuntos?2016,355, HTTP/1.1" 200 8004
191.112.91.68 - - [02/Mar/2016:12:06:05 -0300] "GET /cormun/servlet/trsolicitudadjuntos?2016,355, HTTP/1.1" 200 8008
186.103.156.24 - - [02/Mar/2016:12:06:07 -0300] "GET /cormun/servlet/solicitudotadjuntos?e0139e73eff4ebca9fcf51efdab74d30065f5b5e16bad4e0e4dadd1c2679ef58,gx-no-cache=1456931520965 HTTP/1.1" 200 30
186.103.156.24 - - [02/Mar/2016:12:06:07 -0300] "GET /cormun/servlet/solicitudotadjuntos?e0139e73eff4ebca9fcf51efdab74d30065f5b5e16bad4e0e4dadd1c2679ef58,gx-no-cache=1456931521011 HTTP/1.1" 200 30
186.103.156.24 - - [02/Mar/2016:12:06:09 -0300] "POST /cormun/servlet/solicitudotadjuntos?be3165041499b8058c65c42614994a57,INS,2016,362,,1, HTTP/1.1" 200 116
186.103.156.24 - - [02/Mar/2016:12:06:09 -0300] "GET /cormun/servlet/hpexe_return? HTTP/1.1" 200 1023
186.103.156.24 - - [02/Mar/2016:12:06:09 -0300] "GET /cormun/servlet/trsolicitudadjuntos?2016,362, HTTP/1.1" 200 7992
200.30.209.241 - - [02/Mar/2016:12:06:10 -0300] "GET /cormun/servlet/prfichaempleado?,MD,,gxPopupLevel%3D0%3B HTTP/1.1" 200 8015
200.30.209.241 - - [02/Mar/2016:12:06:10 -0300] "GET /cormun/static/Resources/Spanish/PXTools.css?16184758 HTTP/1.1" 304 -
200.30.209.241 - - [02/Mar/2016:12:06:10 -0300] "GET /cormun/static/prfichaempleado.js?201511151625857 HTTP/1.1" 304 -
200.30.209.241 - - [02/Mar/2016:12:06:10 -0300] "GET /cormun/static/gxcfg.js?201511151625694 HTTP/1.1" 304 -
200.30.209.241 - - [02/Mar/2016:12:06:10 -0300] "GET /cormun/static/scaMessage/css/jquery-ui.css?104140 HTTP/1.1" 404 1045
200.30.209.241 - - [02/Mar/2016:12:06:10 -0300] "GET /cormun/static/menusearch.js?20163117171215 HTTP/1.1" 304 -
200.30.209.241 - - [02/Mar/2016:12:06:10 -0300] "GET /cormun/static/hmpwkw01.js?201511211495945 HTTP/1.1" 304 -
186.103.156.24 - - [02/Mar/2016:12:06:10 -0300] "GET /cormun/servlet/trsolicitudadjuntos?2016,362, HTTP/1.1" 200 7990
200.30.209.241 - - [02/Mar/2016:12:06:15 -0300] "POST /cormun/servlet/prfichaempleado?35a5a300eb430605080711524fcb2cfd,,MD,,gxPopupLevel%3D0%3B,gx-no-cache=1456931205242 HTTP/1.1" 200 5083
200.30.209.241 - - [02/Mar/2016:12:06:17 -0300] "POST /cormun/servlet/prfichaempleado?35a5a300eb430605080711524fcb2cfd,,MD,,gxPopupLevel%3D0%3B,gx-no-cache=1456931207247 HTTP/1.1" 200 5074
192.168.10.89 - - [02/Mar/2016:12:06:18 -0300] "POST /cormun/servlet/trautorizarsolicitud?584929d0c8b6ad997db4c1ab0973b8db,,gx-no-cache=1456930930984 HTTP/1.1" 200 6585
192.168.10.89 - - [02/Mar/2016:12:06:18 -0300] "POST /cormun/servlet/trautorizarsolicitud?584929d0c8b6ad997db4c1ab0973b8db,,gx-no-cache=1456930931402 HTTP/1.1" 200 6586
192.168.10.89 - - [02/Mar/2016:12:06:19 -0300] "POST /cormun/servlet/trautorizarsolicitud?584929d0c8b6ad997db4c1ab0973b8db,,gx-no-cache=1456930931877 HTTP/1.1" 200 6587
192.168.10.89 - - [02/Mar/2016:12:06:19 -0300] "POST /cormun/servlet/trautorizarsolicitud?584929d0c8b6ad997db4c1ab0973b8db,,gx-no-cache=1456930932444 HTTP/1.1" 200 6586
192.168.10.89 - - [02/Mar/2016:12:06:20 -0300] "POST /cormun/servlet/trautorizarsolicitud?584929d0c8b6ad997db4c1ab0973b8db,,gx-no-cache=1456930933077 HTTP/1.1" 200 6587
186.103.156.24 - - [02/Mar/2016:12:06:20 -0300] "GET /cormun/PublicTempStorage/citizaciones_afp_susana4853906.pdf HTTP/1.1" 200 413869
192.168.10.89 - - [02/Mar/2016:12:06:21 -0300] "POST /cormun/servlet/trautorizarsolicitud?584929d0c8b6ad997db4c1ab0973b8db,,gx-no-cache=1456930933796 HTTP/1.1" 200 6587
200.30.209.241 - - [02/Mar/2016:12:06:21 -0300] "POST /cormun/servlet/prfichaempleado?35a5a300eb430605080711524fcb2cfd,,MD,,gxPopupLevel%3D0%3B,gx-no-cache=1456931211563 HTTP/1.1" 200 5074
192.168.10.89 - - [02/Mar/2016:12:06:21 -0300] "POST /cormun/servlet/trautorizarsolicitud?584929d0c8b6ad997db4c1ab0973b8db,,gx-no-cache=1456930934589 HTTP/1.1" 200 6587
200.30.209.241 - - [02/Mar/2016:12:06:22 -0300] "POST /cormun/servlet/prfichaempleado?35a5a300eb430605080711524fcb2cfd,,MD,,gxPopupLevel%3D0%3B,gx-no-cache=1456931212859 HTTP/1.1" 200 5074
186.103.156.24 - - [02/Mar/2016:12:06:22 -0300] "GET /cormun/PublicTempStorage/citizaciones_afp_susana4853906.pdf HTTP/1.1" 304 -
186.103.156.24 - - [02/Mar/2016:12:06:22 -0300] "GET /cormun/PublicTempStorage/citizaciones_afp_susana4853906.pdf HTTP/1.1" 304 -
200.30.209.241 - - [02/Mar/2016:12:06:23 -0300] "POST /cormun/servlet/prfichaempleado?35a5a300eb430605080711524fcb2cfd,,MD,,gxPopupLevel%3D0%3B,gx-no-cache=1456931213563 HTTP/1.1" 200 5074
200.30.209.241 - - [02/Mar/2016:12:06:23 -0300] "POST /cormun/servlet/prfichaempleado?35a5a300eb430605080711524fcb2cfd,,MD,,gxPopupLevel%3D0%3B,gx-no-cache=1456931214032 HTTP/1.1" 200 5074
200.30.209.241 - - [02/Mar/2016:12:06:24 -0300] "POST /cormun/servlet/prfichaempleado?35a5a300eb430605080711524fcb2cfd,,MD,,gxPopupLevel%3D0%3B,gx-no-cache=1456931214485 HTTP/1.1" 200 5074
200.30.209.241 - - [02/Mar/2016:12:06:25 -0300] "POST /cormun/servlet/prfichaempleado?35a5a300eb430605080711524fcb2cfd,,MD,,gxPopupLevel%3D0%3B,gx-no-cache=1456931215119 HTTP/1.1" 200 5074
200.30.209.241 - - [02/Mar/2016:12:06:26 -0300] "POST /cormun/servlet/prfichaempleado?35a5a300eb430605080711524fcb2cfd,,MD,,gxPopupLevel%3D0%3B,gx-no-cache=1456931216586 HTTP/1.1" 200 5114
192.168.10.89 - - [02/Mar/2016:12:06:26 -0300] "POST /cormun/servlet/trautorizarsolicitud?584929d0c8b6ad997db4c1ab0973b8db,,gx-no-cache=1456930935429 HTTP/1.1" 200 6598
200.30.209.241 - - [02/Mar/2016:12:06:27 -0300] "POST /cormun/servlet/prfichaempleado?35a5a300eb430605080711524fcb2cfd,,MD,,gxPopupLevel%3D0%3B,gx-no-cache=1456931217092 HTTP/1.1" 200 5099
200.30.209.241 - - [02/Mar/2016:12:06:27 -0300] "POST /cormun/servlet/prfichaempleado?35a5a300eb430605080711524fcb2cfd,,MD,,gxPopupLevel%3D0%3B,gx-no-cache=1456931217810 HTTP/1.1" 200 5165
192.168.10.89 - - [02/Mar/2016:12:06:28 -0300] "GET /cormun/static/Shared/jqueryui/images/ui-icons_8d78a5_256x240.png HTTP/1.1" 404 1089
192.168.10.89 - - [02/Mar/2016:12:06:28 -0300] "GET /cormun/static/Shared/jqueryui/images/ui-bg_highlight-soft_100_c6c2c8_1x100.png HTTP/1.1" 404 1117
192.168.10.89 - - [02/Mar/2016:12:06:28 -0300] "GET /cormun/static/Shared/jqueryui/images/ui-bg_flat_55_fafafa_40x100.png HTTP/1.1" 404 1097
192.168.10.89 - - [02/Mar/2016:12:06:28 -0300] "GET /cormun/static/Shared/jqueryui/images/ui-icons_82798d_256x240.png HTTP/1.1" 404 1089
200.30.209.241 - - [02/Mar/2016:12:06:28 -0300] "POST /cormun/servlet/prfichaempleado?35a5a300eb430605080711524fcb2cfd,,MD,,gxPopupLevel%3D0%3B,gx-no-cache=1456931218322 HTTP/1.1" 200 5128
200.30.209.241 - - [02/Mar/2016:12:06:28 -0300] "POST /cormun/servlet/prfichaempleado?35a5a300eb430605080711524fcb2cfd,,MD,,gxPopupLevel%3D0%3B,gx-no-cache=1456931218815 HTTP/1.1" 200 5112
200.30.209.241 - - [02/Mar/2016:12:06:29 -0300] "POST /cormun/servlet/prfichaempleado?35a5a300eb430605080711524fcb2cfd,,MD,,gxPopupLevel%3D0%3B,gx-no-cache=1456931219322 HTTP/1.1" 200 5083
200.30.209.241 - - [02/Mar/2016:12:06:29 -0300] "POST /cormun/servlet/prfichaempleado?35a5a300eb430605080711524fcb2cfd,,MD,,gxPopupLevel%3D0%3B,gx-no-cache=1456931219797 HTTP/1.1" 200 5054
200.30.209.241 - - [02/Mar/2016:12:06:30 -0300] "POST /cormun/servlet/prfichaempleado?35a5a300eb430605080711524fcb2cfd,,MD,,gxPopupLevel%3D0%3B,gx-no-cache=1456931220302 HTTP/1.1" 200 5125
200.30.209.241 - - [02/Mar/2016:12:06:30 -0300] "POST /cormun/servlet/prfichaempleado?35a5a300eb430605080711524fcb2cfd,,MD,,gxPopupLevel%3D0%3B,gx-no-cache=1456931220831 HTTP/1.1" 200 5084
200.30.209.241 - - [02/Mar/2016:12:06:31 -0300] "POST /cormun/servlet/prfichaempleado?35a5a300eb430605080711524fcb2cfd,,MD,,gxPopupLevel%3D0%3B,gx-no-cache=1456931221354 HTTP/1.1" 200 5041
200.30.209.241 - - [02/Mar/2016:12:06:31 -0300] "POST /cormun/servlet/prfichaempleado?35a5a300eb430605080711524fcb2cfd,,MD,,gxPopupLevel%3D0%3B,gx-no-cache=1456931221874 HTTP/1.1" 200 5089
200.30.209.241 - - [02/Mar/2016:12:06:32 -0300] "POST /cormun/servlet/prfichaempleado?35a5a300eb430605080711524fcb2cfd,,MD,,gxPopupLevel%3D0%3B,gx-no-cache=1456931222394 HTTP/1.1" 200 5112
200.30.209.241 - - [02/Mar/2016:12:06:32 -0300] "POST /cormun/servlet/prfichaempleado?35a5a300eb430605080711524fcb2cfd,,MD,,gxPopupLevel%3D0%3B,gx-no-cache=1456931222944 HTTP/1.1" 200 5064
200.30.209.241 - - [02/Mar/2016:12:06:33 -0300] "POST /cormun/servlet/prfichaempleado?35a5a300eb430605080711524fcb2cfd,,MD,,gxPopupLevel%3D0%3B,gx-no-cache=1456931223499 HTTP/1.1" 200 5047
200.30.209.241 - - [02/Mar/2016:12:06:33 -0300] "POST /cormun/servlet/prfichaempleado?35a5a300eb430605080711524fcb2cfd,,MD,,gxPopupLevel%3D0%3B,gx-no-cache=1456931224036 HTTP/1.1" 200 5085
200.30.209.241 - - [02/Mar/2016:12:06:34 -0300] "POST /cormun/servlet/prfichaempleado?35a5a300eb430605080711524fcb2cfd,,MD,,gxPopupLevel%3D0%3B,gx-no-cache=1456931224725 HTTP/1.1" 200 5102
200.30.209.241 - - [02/Mar/2016:12:06:35 -0300] "POST /cormun/servlet/prfichaempleado?35a5a300eb430605080711524fcb2cfd,,MD,,gxPopupLevel%3D0%3B,gx-no-cache=1456931225315 HTTP/1.1" 200 5171
200.30.209.241 - - [02/Mar/2016:12:06:35 -0300] "POST /cormun/servlet/prfichaempleado?35a5a300eb430605080711524fcb2cfd,,MD,,gxPopupLevel%3D0%3B,gx-no-cache=1456931225966 HTTP/1.1" 200 5124
200.30.209.241 - - [02/Mar/2016:12:06:36 -0300] "POST /cormun/servlet/prfichaempleado?35a5a300eb430605080711524fcb2cfd,,MD,,gxPopupLevel%3D0%3B,gx-no-cache=1456931226520 HTTP/1.1" 200 5051
200.30.209.241 - - [02/Mar/2016:12:06:37 -0300] "POST /cormun/servlet/prfichaempleado?35a5a300eb430605080711524fcb2cfd,,MD,,gxPopupLevel%3D0%3B,gx-no-cache=1456931227131 HTTP/1.1" 200 5049
200.30.209.241 - - [02/Mar/2016:12:06:37 -0300] "POST /cormun/servlet/prfichaempleado?35a5a300eb430605080711524fcb2cfd,,MD,,gxPopupLevel%3D0%3B,gx-no-cache=1456931228026 HTTP/1.1" 200 5127
191.112.91.68 - - [02/Mar/2016:12:06:38 -0300] "POST /cormun/servlet/trsolicitudadjuntos?0c0ee8f3b383daf4648f2d40d97b65a9,2016,355,,gx-no-cache=1456931224939 HTTP/1.1" 200 6784
200.30.209.241 - - [02/Mar/2016:12:06:38 -0300] "POST /cormun/servlet/prfichaempleado?35a5a300eb430605080711524fcb2cfd,,MD,,gxPopupLevel%3D0%3B,gx-no-cache=1456931228671 HTTP/1.1" 200 5117
200.30.209.241 - - [02/Mar/2016:12:06:39 -0300] "POST /cormun/servlet/prfichaempleado?35a5a300eb430605080711524fcb2cfd,,MD,,gxPopupLevel%3D0%3B,gx-no-cache=1456931229988 HTTP/1.1" 200 5114
192.168.10.89 - - [02/Mar/2016:12:06:40 -0300] "POST /cormun/servlet/trautorizarsolicitud?584929d0c8b6ad997db4c1ab0973b8db,,gx-no-cache=1456930953142 HTTP/1.1" 200 6614
191.112.91.68 - - [02/Mar/2016:12:06:40 -0300] "POST /cormun/servlet/trsolicitudadjuntos?0c0ee8f3b383daf4648f2d40d97b65a9,2016,355,,gx-no-cache=1456931227315 HTTP/1.1" 200 6785
200.30.209.241 - - [02/Mar/2016:12:06:40 -0300] "POST /cormun/servlet/prfichaempleado?35a5a300eb430605080711524fcb2cfd,,MD,,gxPopupLevel%3D0%3B,gx-no-cache=1456931230953 HTTP/1.1" 200 5046
192.168.10.89 - - [02/Mar/2016:12:06:41 -0300] "GET /cormun/servlet/trautorizarsolicitud?aafe5dfe7381f74ed456f9343c58d9859c70db7ccdbda02e2900d5405729b8a47d7ec13cad38e8346961adb06ddabd1d3725f77193a599ebba0d78fb8be9258eb059178afbd633f73eb6b2e361bfbee0f60b33c70ec54dcff2c295ec3ea240a64ee5e031d611f5ca5e1f90ac6a2074a3,gx-no-cache=1456930954272 HTTP/1.1" 200 4247
200.30.209.241 - - [02/Mar/2016:12:06:41 -0300] "POST /cormun/servlet/prfichaempleado?35a5a300eb430605080711524fcb2cfd,,MD,,gxPopupLevel%3D0%3B,gx-no-cache=1456931231661 HTTP/1.1" 200 5070
200.30.209.241 - - [02/Mar/2016:12:06:42 -0300] "POST /cormun/servlet/prfichaempleado?35a5a300eb430605080711524fcb2cfd,,MD,,gxPopupLevel%3D0%3B,gx-no-cache=1456931232326 HTTP/1.1" 200 5009
200.30.209.241 - - [02/Mar/2016:12:06:42 -0300] "POST /cormun/servlet/prfichaempleado?35a5a300eb430605080711524fcb2cfd,,MD,,gxPopupLevel%3D0%3B,gx-no-cache=1456931232995 HTTP/1.1" 200 5093
200.30.209.241 - - [02/Mar/2016:12:06:43 -0300] "POST /cormun/servlet/prfichaempleado?35a5a300eb430605080711524fcb2cfd,,MD,,gxPopupLevel%3D0%3B,gx-no-cache=1456931233660 HTTP/1.1" 200 5059
186.103.156.24 - - [02/Mar/2016:12:06:44 -0300] "GET /cormun/servlet/trsolicitudot? HTTP/1.1" 200 5777
200.30.209.241 - - [02/Mar/2016:12:06:44 -0300] "POST /cormun/servlet/prfichaempleado?35a5a300eb430605080711524fcb2cfd,,MD,,gxPopupLevel%3D0%3B,gx-no-cache=1456931234320 HTTP/1.1" 200 5080
192.168.10.89 - - [02/Mar/2016:12:06:44 -0300] "POST /cormun/servlet/trautorizarsolicitud?584929d0c8b6ad997db4c1ab0973b8db,,gx-no-cache=1456930957414 HTTP/1.1" 200 6614
186.103.156.24 - - [02/Mar/2016:12:06:44 -0300] "GET /cormun/static/gxcfg.js?20163117265139 HTTP/1.1" 304 -
186.103.156.24 - - [02/Mar/2016:12:06:44 -0300] "GET /cormun/static/trsolicitudot.js?20163117265688 HTTP/1.1" 304 -
200.30.209.241 - - [02/Mar/2016:12:06:45 -0300] "POST /cormun/servlet/prfichaempleado?35a5a300eb430605080711524fcb2cfd,,MD,,gxPopupLevel%3D0%3B,gx-no-cache=1456931235238 HTTP/1.1" 200 5082
186.103.156.24 - - [02/Mar/2016:12:06:45 -0300] "GET /cormun/servlet/trsolicitudot? HTTP/1.1" 200 5787
186.103.156.24 - - [02/Mar/2016:12:06:45 -0300] "GET /cormun/servlet/hlogin HTTP/1.1" 200 1730
