192.168.10.89 - - [02/Mar/2016:12:06:45 -0300] "POST /cormun/servlet/trautorizarsolicitud?584929d0c8b6ad997db4c1ab0973b8db,,gx-no-cache=1456930958513 HTTP/1.1" 200 6614
200.30.209.241 - - [02/Mar/2016:12:06:45 -0300] "POST /cormun/servlet/prfichaempleado?35a5a300eb430605080711524fcb2cfd,,MD,,gxPopupLevel%3D0%3B,gx-no-cache=1456931235921 HTTP/1.1" 200 5162
186.103.156.24 - - [02/Mar/2016:12:06:46 -0300] "GET /cormun/static/gxcfg.js?20151120045111 HTTP/1.1" 304 -
186.103.156.24 - - [02/Mar/2016:12:06:46 -0300] "GET /cormun/static/hlogin.js?20151120045126 HTTP/1.1" 304 -
192.168.10.89 - - [02/Mar/2016:12:06:47 -0300] "POST /cormun/servlet/trautorizarsolicitud?584929d0c8b6ad997db4c1ab0973b8db,,gx-no-cache=1456930959802 HTTP/1.1" 200 6614
200.30.209.241 - - [02/Mar/2016:12:06:47 -0300] "POST /cormun/servlet/prfichaempleado?35a5a300eb430605080711524fcb2cfd,,MD,,gxPopupLevel%3D0%3B,gx-no-cache=1456931237857 HTTP/1.1" 200 5113
186.103.156.24 - - [02/Mar/2016:12:06:47 -0300] "POST /cormun/servlet/hlogin?ccbcbcf2b3ba78b1aabd16cb478f2e30,gx-no-cache=1456931562915 HTTP/1.1" 200 90
186.103.156.24 - - [02/Mar/2016:12:06:47 -0300] "GET /cormun/servlet/hpexe_link HTTP/1.1" 200 951
192.168.10.89 - - [02/Mar/2016:12:06:48 -0300] "POST /cormun/servlet/trautorizarsolicitud?584929d0c8b6ad997db4c1ab0973b8db,,gx-no-cache=1456930961099 HTTP/1.1" 200 6614
186.103.156.24 - - [02/Mar/2016:12:06:48 -0300] "GET /cormun/servlet/trsolicitudot HTTP/1.1" 200 9185
200.30.209.241 - - [02/Mar/2016:12:06:48 -0300] "POST /cormun/servlet/prfichaempleado?35a5a300eb430605080711524fcb2cfd,,MD,,gxPopupLevel%3D0%3B,gx-no-cache=1456931238644 HTTP/1.1" 200 5034
186.103.156.24 - - [02/Mar/2016:12:06:49 -0300] "GET /cormun/servlet/trsolicitudot HTTP/1.1" 200 9184
200.30.209.241 - - [02/Mar/2016:12:06:49 -0300] "POST /cormun/servlet/prfichaempleado?35a5a300eb430605080711524fcb2cfd,,MD,,gxPopupLevel%3D0%3B,gx-no-cache=1456931239540 HTTP/1.1" 200 5033
200.30.209.241 - - [02/Mar/2016:12:06:50 -0300] "POST /cormun/servlet/prfichaempleado?35a5a300eb430605080711524fcb2cfd,,MD,,gxPopupLevel%3D0%3B,gx-no-cache=1456931240972 HTTP/1.1" 200 5113
200.30.209.241 - - [02/Mar/2016:12:06:52 -0300] "POST /cormun/servlet/prfichaempleado?35a5a300eb430605080711524fcb2cfd,,MD,,gxPopupLevel%3D0%3B,gx-no-cache=1456931242264 HTTP/1.1" 200 5044
200.30.209.241 - - [02/Mar/2016:12:06:52 -0300] "POST /cormun/servlet/prfichaempleado?35a5a300eb430605080711524fcb2cfd,,MD,,gxPopupLevel%3D0%3B,gx-no-cache=1456931243056 HTTP/1.1" 200 5094
200.30.209.241 - - [02/Mar/2016:12:06:53 -0300] "POST /cormun/servlet/prfichaempleado?35a5a300eb430605080711524fcb2cfd,,MD,,gxPopupLevel%3D0%3B,gx-no-cache=1456931243772 HTTP/1.1" 200 5122
200.30.209.241 - - [02/Mar/2016:12:06:54 -0300] "POST /cormun/servlet/prfichaempleado?35a5a300eb430605080711524fcb2cfd,,MD,,gxPopupLevel%3D0%3B,gx-no-cache=1456931244534 HTTP/1.1" 200 5081
191.112.91.68 - - [02/Mar/2016:12:06:54 -0300] "GET /cormun/servlet/trsolicitudot HTTP/1.1" 200 7483
200.30.209.241 - - [02/Mar/2016:12:06:55 -0300] "POST /cormun/servlet/prfichaempleado?35a5a300eb430605080711524fcb2cfd,,MD,,gxPopupLevel%3D0%3B,gx-no-cache=1456931245460 HTTP/1.1" 200 5088
200.30.209.241 - - [02/Mar/2016:12:06:56 -0300] "POST /cormun/servlet/prfichaempleado?35a5a300eb430605080711524fcb2cfd,,MD,,gxPopupLevel%3D0%3B,gx-no-cache=1456931246268 HTTP/1.1" 200 5080
186.103.156.24 - - [02/Mar/2016:12:06:56 -0300] "POST /cormun/servlet/trsolicitudot?ccbcbcf2b3ba78b1aabd16cb478f2e30,gx-no-cache=1456931571943 HTTP/1.1" 200 6603
186.103.156.24 - - [02/Mar/2016:12:06:56 -0300] "POST /cormun/servlet/trsolicitudot?ccbcbcf2b3ba78b1aabd16cb478f2e30,gx-no-cache=1456931572264 HTTP/1.1" 200 6604
192.168.10.89 - - [02/Mar/2016:12:06:56 -0300] "POST /cormun/servlet/trautorizarsolicitud?584929d0c8b6ad997db4c1ab0973b8db,,gx-no-cache=1456930969511 HTTP/1.1" 200 6613
186.103.156.24 - - [02/Mar/2016:12:06:56 -0300] "POST /cormun/servlet/trsolicitudot?ccbcbcf2b3ba78b1aabd16cb478f2e30,gx-no-cache=1456931572536 HTTP/1.1" 200 6604
200.30.209.241 - - [02/Mar/2016:12:06:56 -0300] "POST /cormun/servlet/prfichaempleado?35a5a300eb430605080711524fcb2cfd,,MD,,gxPopupLevel%3D0%3B,gx-no-cache=1456931247047 HTTP/1.1" 200 5063
186.103.156.24 - - [02/Mar/2016:12:06:57 -0300] "POST /cormun/servlet/trsolicitudot?ccbcbcf2b3ba78b1aabd16cb478f2e30,gx-no-cache=1456931572878 HTTP/1.1" 200 6605
191.112.91.68 - - [02/Mar/2016:12:06:57 -0300] "GET /cormun/servlet/trsolicitudot HTTP/1.1" 200 7479
200.30.209.241 - - [02/Mar/2016:12:06:57 -0300] "POST /cormun/servlet/prfichaempleado?35a5a300eb430605080711524fcb2cfd,,MD,,gxPopupLevel%3D0%3B,gx-no-cache=1456931247866 HTTP/1.1" 200 5100
192.168.10.89 - - [02/Mar/2016:12:06:58 -0300] "POST /cormun/servlet/trautorizarsolicitud?584929d0c8b6ad997db4c1ab0973b8db,,gx-no-cache=1456930970894 HTTP/1.1" 200 6614
192.168.10.89 - - [02/Mar/2016:12:06:59 -0300] "POST /cormun/servlet/trautorizarsolicitud?584929d0c8b6ad997db4c1ab0973b8db,,gx-no-cache=1456930972413 HTTP/1.1" 200 6614
186.103.156.24 - - [02/Mar/2016:12:07:00 -0300] "POST /cormun/servlet/trsolicitudot?ccbcbcf2b3ba78b1aabd16cb478f2e30,gx-no-cache=1456931576643 HTTP/1.1" 200 3213
186.103.156.24 - - [02/Mar/2016:12:07:00 -0300] "GET /cormun/servlet/trsolicitudot?2ea503f76daf7da3b707c7f519b97c10391dd6fbce2f06da15f92babc12ee1dd4ae10c4b79d5b18646811d72456a08284a993e5bee9e873d96d68e968cfd091d3d9660d93fb8b9e6193e3f47579ae3b40928c41def6caa5623b6dbd59a0146bb,gx-no-cache=1456931577045 HTTP/1.1" 200 751
200.30.209.241 - - [02/Mar/2016:12:07:03 -0300] "POST /cormun/servlet/prfichaempleado?35a5a300eb430605080711524fcb2cfd,,MD,,gxPopupLevel%3D0%3B,gx-no-cache=1456931253350 HTTP/1.1" 200 5093
191.112.91.68 - - [02/Mar/2016:12:07:04 -0300] "GET /cormun/servlet/vesolicitudot?2016,355,, HTTP/1.1" 200 7539
191.112.91.68 - - [02/Mar/2016:12:07:05 -0300] "GET /cormun/pexe_scrolldiv.js HTTP/1.1" 404 1009
192.168.10.89 - - [02/Mar/2016:12:07:05 -0300] "POST /cormun/servlet/trautorizarsolicitud?584929d0c8b6ad997db4c1ab0973b8db,,gx-no-cache=1456930974024 HTTP/1.1" 200 6371
186.103.156.24 - - [02/Mar/2016:12:07:06 -0300] "POST /cormun/servlet/trsolicitudot?ccbcbcf2b3ba78b1aabd16cb478f2e30,gx-no-cache=1456931582831 HTTP/1.1" 200 3213
186.103.156.24 - - [02/Mar/2016:12:07:06 -0300] "GET /cormun/servlet/trsolicitudot?2ea503f76daf7da3b707c7f519b97c1006ad853ca78162be413d10c8ffdd373b5e27af944c17c178408b214c257967134a993e5bee9e873d96d68e968cfd091d0418173c6cef0e620c6621f77044890e8366061235690c3306df5421d0029f86,gx-no-cache=1456931583247 HTTP/1.1" 200 751
200.30.209.241 - - [02/Mar/2016:12:07:07 -0300] "POST /cormun/servlet/prfichaempleado?35a5a300eb430605080711524fcb2cfd,,MD,,gxPopupLevel%3D0%3B,gx-no-cache=1456931257190 HTTP/1.1" 200 5134
191.112.91.68 - - [02/Mar/2016:12:07:07 -0300] "GET /cormun/servlet/vesolicitudot?2016,355,, HTTP/1.1" 200 7539
192.168.10.89 - - [02/Mar/2016:12:07:08 -0300] "POST /cormun/servlet/trautorizarsolicitud?584929d0c8b6ad997db4c1ab0973b8db,,gx-no-cache=1456930980825 HTTP/1.1" 200 6315
200.30.209.241 - - [02/Mar/2016:12:07:08 -0300] "POST /cormun/servlet/prfichaempleado?35a5a300eb430605080711524fcb2cfd,,MD,,gxPopupLevel%3D0%3B,gx-no-cache=1456931258506 HTTP/1.1" 200 5102
186.103.156.24 - - [02/Mar/2016:12:07:08 -0300] "POST /cormun/servlet/trsolicitudot?ccbcbcf2b3ba78b1aabd16cb478f2e30,gx-no-cache=1456931585806 HTTP/1.1" 200 6604
186.103.156.24 - - [02/Mar/2016:12:07:09 -0300] "GET /cormun/servlet/trsolicitudot?2ea503f76daf7da3b707c7f519b97c10d5fbf0c6e5403c6ad3def60a254c9a115e27af944c17c178408b214c257967134a993e5bee9e873d96d68e968cfd091d0418173c6cef0e620c6621f77044890e8366061235690c3306df5421d0029f86,gx-no-cache=1456931586227 HTTP/1.1" 200 4506
200.30.209.241 - - [02/Mar/2016:12:07:09 -0300] "POST /cormun/servlet/prfichaempleado?35a5a300eb430605080711524fcb2cfd,,MD,,gxPopupLevel%3D0%3B,gx-no-cache=1456931259875 HTTP/1.1" 200 5053
200.30.209.241 - - [02/Mar/2016:12:07:11 -0300] "POST /cormun/servlet/prfichaempleado?35a5a300eb430605080711524fcb2cfd,,MD,,gxPopupLevel%3D0%3B,gx-no-cache=1456931261160 HTTP/1.1" 200 5082
200.30.209.241 - - [02/Mar/2016:12:07:12 -0300] "POST /cormun/servlet/prfichaempleado?35a5a300eb430605080711524fcb2cfd,,MD,,gxPopupLevel%3D0%3B,gx-no-cache=1456931262478 HTTP/1.1" 200 5089
192.168.10.89 - - [02/Mar/2016:12:07:13 -0300] "POST /cormun/servlet/trautorizarsolicitud?584929d0c8b6ad997db4c1ab0973b8db,,gx-no-cache=1456930985910 HTTP/1.1" 200 6338
200.30.209.241 - - [02/Mar/2016:12:07:13 -0300] "POST /cormun/servlet/prfichaempleado?35a5a300eb430605080711524fcb2cfd,,MD,,gxPopupLevel%3D0%3B,gx-no-cache=1456931263741 HTTP/1.1" 200 5113
192.168.10.89 - - [02/Mar/2016:12:07:14 -0300] "POST /cormun/servlet/trautorizarsolicitud?584929d0c8b6ad997db4c1ab0973b8db,,gx-no-cache=1456930987592 HTTP/1.1" 200 6338
200.30.209.241 - - [02/Mar/2016:12:07:15 -0300] "POST /cormun/servlet/prfichaempleado?35a5a300eb430605080711524fcb2cfd,,MD,,gxPopupLevel%3D0%3B,gx-no-cache=1456931265116 HTTP/1.1" 200 5113
200.30.209.241 - - [02/Mar/2016:12:07:16 -0300] "POST /cormun/servlet/prfichaempleado?35a5a300eb430605080711524fcb2cfd,,MD,,gxPopupLevel%3D0%3B,gx-no-cache=1456931266384 HTTP/1.1" 200 5130
192.168.10.89 - - [02/Mar/2016:12:07:16 -0300] "POST /cormun/servlet/trautorizarsolicitud?584929d0c8b6ad997db4c1ab0973b8db,,gx-no-cache=1456930989370 HTTP/1.1" 200 6338
200.30.209.241 - - [02/Mar/2016:12:07:17 -0300] "POST /cormun/servlet/prfichaempleado?35a5a300eb430605080711524fcb2cfd,,MD,,gxPopupLevel%3D0%3B,gx-no-cache=1456931267751 HTTP/1.1" 200 5108
200.30.209.241 - - [02/Mar/2016:12:07:19 -0300] "POST /cormun/servlet/prfichaempleado?35a5a300eb430605080711524fcb2cfd,,MD,,gxPopupLevel%3D0%3B,gx-no-cache=1456931269223 HTTP/1.1" 200 5101
200.30.209.241 - - [02/Mar/2016:12:07:20 -0300] "POST /cormun/servlet/prfichaempleado?35a5a300eb430605080711524fcb2cfd,,MD,,gxPopupLevel%3D0%3B,gx-no-cache=1456931270756 HTTP/1.1" 200 5170
200.30.209.241 - - [02/Mar/2016:12:07:21 -0300] "POST /cormun/servlet/prfichaempleado?35a5a300eb430605080711524fcb2cfd,,MD,,gxPopupLevel%3D0%3B,gx-no-cache=1456931271667 HTTP/1.1" 200 5067
200.30.209.241 - - [02/Mar/2016:12:07:23 -0300] "POST /cormun/servlet/prfichaempleado?35a5a300eb430605080711524fcb2cfd,,MD,,gxPopupLevel%3D0%3B,gx-no-cache=1456931273170 HTTP/1.1" 200 5091
200.30.209.241 - - [02/Mar/2016:12:07:25 -0300] "POST /cormun/servlet/prfichaempleado?35a5a300eb430605080711524fcb2cfd,,MD,,gxPopupLevel%3D0%3B,gx-no-cache=1456931275255 HTTP/1.1" 200 5092
186.103.156.24 - - [02/Mar/2016:12:07:26 -0300] "POST /cormun/servlet/trsolicitudot?ccbcbcf2b3ba78b1aabd16cb478f2e30,gx-no-cache=1456931605428 HTTP/1.1" 200 6605
200.30.209.241 - - [02/Mar/2016:12:07:26 -0300] "POST /cormun/servlet/prfichaempleado?35a5a300eb430605080711524fcb2cfd,,MD,,gxPopupLevel%3D0%3B,gx-no-cache=1456931276639 HTTP/1.1" 200 5089
186.103.156.24 - - [02/Mar/2016:12:07:26 -0300] "POST /cormun/servlet/trsolicitudot?ccbcbcf2b3ba78b1aabd16cb478f2e30,gx-no-cache=1456931605878 HTTP/1.1" 200 6605
186.103.156.24 - - [02/Mar/2016:12:07:27 -0300] "POST /cormun/servlet/trsolicitudot?ccbcbcf2b3ba78b1aabd16cb478f2e30,gx-no-cache=1456931606311 HTTP/1.1" 200 6604
186.103.156.24 - - [02/Mar/2016:12:07:27 -0300] "POST /cormun/servlet/trsolicitudot?ccbcbcf2b3ba78b1aabd16cb478f2e30,gx-no-cache=1456931606774 HTTP/1.1" 200 104
186.103.156.24 - - [02/Mar/2016:12:07:27 -0300] "GET /cormun/servlet/solicitudot?UPD,2016,362, HTTP/1.1" 200 12679
200.30.209.241 - - [02/Mar/2016:12:07:27 -0300] "POST /cormun/servlet/prfichaempleado?35a5a300eb430605080711524fcb2cfd,,MD,,gxPopupLevel%3D0%3B,gx-no-cache=1456931278054 HTTP/1.1" 200 5145
186.103.156.24 - - [02/Mar/2016:12:07:28 -0300] "GET /cormun/servlet/solicitudot?UPD,2016,362, HTTP/1.1" 200 12688
186.103.156.24 - - [02/Mar/2016:12:07:29 -0300] "POST /cormun/servlet/solicitudot?gx-no-cache=1456931608627 HTTP/1.1" 200 2770
186.103.156.24 - - [02/Mar/2016:12:07:29 -0300] "POST /cormun/servlet/solicitudot?ccbcbcf2b3ba78b1aabd16cb478f2e30,UPD,2016,362,,gx-no-cache=1456931608763 HTTP/1.1" 200 9085
200.30.209.241 - - [02/Mar/2016:12:07:29 -0300] "POST /cormun/servlet/prfichaempleado?35a5a300eb430605080711524fcb2cfd,,MD,,gxPopupLevel%3D0%3B,gx-no-cache=1456931279695 HTTP/1.1" 200 5075
186.103.156.24 - - [02/Mar/2016:12:07:29 -0300] "GET /cormun/servlet/solicitudot?4d505f59bcd61c9101ffed1fc0a4818a369425a73173a2bb32137037e56d66d48f6e6ddd837958b0935795960b3aabbf,gx-no-cache=1456931609001 HTTP/1.1" 200 30
186.103.156.24 - - [02/Mar/2016:12:07:29 -0300] "POST /cormun/servlet/solicitudot?gx-no-cache=1456931609040 HTTP/1.1" 200 30
186.103.156.24 - - [02/Mar/2016:12:07:29 -0300] "POST /cormun/servlet/solicitudot?gx-no-cache=1456931609066 HTTP/1.1" 200 30
186.103.156.24 - - [02/Mar/2016:12:07:29 -0300] "POST /cormun/servlet/solicitudot?gx-no-cache=1456931609101 HTTP/1.1" 200 1154
186.103.156.24 - - [02/Mar/2016:12:07:29 -0300] "GET /cormun/servlet/solicitudot?4d505f59bcd61c9101ffed1fc0a4818a7ae785dfd44938aad60c431a2f92dce8011a4eaa1f1dd02e6fc4822f526d6eb6c9ef163c9c4134bcc829617bde046ccd1573db8b8c295b315ce5164f866303c5ac67fdfd3219f95f858647c43e1452450efb874c0ede08fe68c9ed14ca99987c3c9dc6b4d62587bf17ac6996629458bb598f441cd1adf72d1037f6e32b367f81b2acff3efc55b0bc71b95f2c2fd0e5b1,gx-no-cache=1456931609147 HTTP/1.1" 200 41
200.30.209.241 - - [02/Mar/2016:12:07:31 -0300] "POST /cormun/servlet/prfichaempleado?35a5a300eb430605080711524fcb2cfd,,MD,,gxPopupLevel%3D0%3B,gx-no-cache=1456931281173 HTTP/1.1" 200 5054
200.30.209.241 - - [02/Mar/2016:12:07:32 -0300] "POST /cormun/servlet/prfichaempleado?35a5a300eb430605080711524fcb2cfd,,MD,,gxPopupLevel%3D0%3B,gx-no-cache=1456931282667 HTTP/1.1" 200 5093
200.30.209.241 - - [02/Mar/2016:12:07:33 -0300] "POST /cormun/servlet/prfichaempleado?35a5a300eb430605080711524fcb2cfd,,MD,,gxPopupLevel%3D0%3B,gx-no-cache=1456931284024 HTTP/1.1" 200 5101
200.30.209.241 - - [02/Mar/2016:12:07:35 -0300] "POST /cormun/servlet/prfichaempleado?35a5a300eb430605080711524fcb2cfd,,MD,,gxPopupLevel%3D0%3B,gx-no-cache=1456931285489 HTTP/1.1" 200 5077
191.112.91.68 - - [02/Mar/2016:12:07:36 -0300] "POST /cormun/servlet/vesolicitudot?0c0ee8f3b383daf4648f2d40d97b65a9,2016,355,,,gx-no-cache=1456931282671 HTTP/1.1" 200 93
191.112.91.68 - - [02/Mar/2016:12:07:36 -0300] "GET /cormun/servlet/hpexe_return? HTTP/1.1" 200 1010
200.30.209.241 - - [02/Mar/2016:12:07:37 -0300] "POST /cormun/servlet/prfichaempleado?35a5a300eb430605080711524fcb2cfd,,MD,,gxPopupLevel%3D0%3B,gx-no-cache=1456931287365 HTTP/1.1" 200 5097
200.30.209.241 - - [02/Mar/2016:12:07:38 -0300] "POST /cormun/servlet/prfichaempleado?35a5a300eb430605080711524fcb2cfd,,MD,,gxPopupLevel%3D0%3B,gx-no-cache=1456931289040 HTTP/1.1" 200 5079
200.30.209.241 - - [02/Mar/2016:12:07:40 -0300] "POST /cormun/servlet/prfichaempleado?35a5a300eb430605080711524fcb2cfd,,MD,,gxPopupLevel%3D0%3B,gx-no-cache=1456931290506 HTTP/1.1" 200 5096
192.168.10.89 - - [02/Mar/2016:12:07:41 -0300] "POST /cormun/servlet/trautorizarsolicitud?584929d0c8b6ad997db4c1ab0973b8db,,gx-no-cache=1456931014378 HTTP/1.1" 200 6142
200.30.209.241 - - [02/Mar/2016:12:07:41 -0300] "POST /cormun/servlet/prfichaempleado?35a5a300eb430605080711524fcb2cfd,,MD,,gxPopupLevel%3D0%3B,gx-no-cache=1456931291935 HTTP/1.1" 200 5093
200.30.209.241 - - [02/Mar/2016:12:07:43 -0300] "POST /cormun/servlet/prfichaempleado?35a5a300eb430605080711524fcb2cfd,,MD,,gxPopupLevel%3D0%3B,gx-no-cache=1456931293423 HTTP/1.1" 200 5052
192.168.10.89 - - [02/Mar/2016:12:07:43 -0300] "POST /cormun/servlet/trautorizarsolicitud?584929d0c8b6ad997db4c1ab0973b8db,,gx-no-cache=1456931016776 HTTP/1.1" 200 6084
200.30.209.241 - - [02/Mar/2016:12:07:44 -0300] "POST /cormun/servlet/prfichaempleado?35a5a300eb430605080711524fcb2cfd,,MD,,gxPopupLevel%3D0%3B,gx-no-cache=1456931294870 HTTP/1.1" 200 5072
200.30.209.241 - - [02/Mar/2016:12:07:46 -0300] "POST /cormun/servlet/prfichaempleado?35a5a300eb430605080711524fcb2cfd,,MD,,gxPopupLevel%3D0%3B,gx-no-cache=1456931296567 HTTP/1.1" 200 5099
200.30.209.241 - - [02/Mar/2016:12:07:48 -0300] "POST /cormun/servlet/prfichaempleado?35a5a300eb430605080711524fcb2cfd,,MD,,gxPopupLevel%3D0%3B,gx-no-cache=1456931298102 HTTP/1.1" 200 5104
200.30.209.241 - - [02/Mar/2016:12:07:49 -0300] "POST /cormun/servlet/prfichaempleado?35a5a300eb430605080711524fcb2cfd,,MD,,gxPopupLevel%3D0%3B,gx-no-cache=1456931299651 HTTP/1.1" 200 5050
192.168.10.89 - - [02/Mar/2016:12:07:49 -0300] "POST /cormun/servlet/trautorizarsolicitud?584929d0c8b6ad997db4c1ab0973b8db,,gx-no-cache=1456931022530 HTTP/1.1" 200 6107
200.30.209.241 - - [02/Mar/2016:12:07:51 -0300] "POST /cormun/servlet/prfichaempleado?35a5a300eb430605080711524fcb2cfd,,MD,,gxPopupLevel%3D0%3B,gx-no-cache=1456931301189 HTTP/1.1" 200 5099
192.168.10.89 - - [02/Mar/2016:12:07:51 -0300] "POST /cormun/servlet/trautorizarsolicitud?584929d0c8b6ad997db4c1ab0973b8db,,gx-no-cache=1456931024415 HTTP/1.1" 200 6108
186.103.156.24 - - [02/Mar/2016:12:07:52 -0300] "GET /cormun/servlet/solicitudot?4d505f59bcd61c9101ffed1fc0a4818a594243f0b650b7c5e56e6c4a0ff3cd9686c65c67b619a03756fd3cc157d32cc3cd2a8c39627b9809d5c0bf6ef0deaabd4fa498c5cb608b687a6359e859b57f7e0887142640cb68ae4c52469344119a259a631818b9c45e9dab8cf577d00641e9bf2200166bfdd096ab63e852afa80c3fc71a931178d7858944a970bad3fd99f3f1b3b70d14e60fc44b089158864c072bedba38d976b8bbd90805c6cb3dea72c1de1a7ebd47412eeee23029eb324cd03e27c56e55674d0fc8c7b7c3a1d77180b0,gx-no-cache=1456931634568 HTTP/1.1" 200 29
186.103.156.24 - - [02/Mar/2016:12:07:52 -0300] "POST /cormun/servlet/solicitudot?gx-no-cache=1456931634618 HTTP/1.1" 200 1116
186.103.156.24 - - [02/Mar/2016:12:07:52 -0300] "GET /cormun/servlet/solicitudot?4d505f59bcd61c9101ffed1fc0a4818a529db1eff9b43c88270147ea29f3e4acdec931533baada579be341f9c7c8e41c495e9e093cf00f7f1a415a89b9f461596c46981c2261efb4c2c1e8406305195de9f139c4a6464a7345e10f48c15428d2d5b70a3abc70329a33d908b5bfe0911084b447667e8d1ca84b19ea57aaa608d0f22b6407aaebe84f1c0688784cc1f83cb8aea8aaae715e9a2ec75aea820bc311af0cc681c63fc03ce79565abb1eb4aef,gx-no-cache=1456931634672 HTTP/1.1" 200 30
186.103.156.24 - - [02/Mar/2016:12:07:52 -0300] "POST /cormun/servlet/solicitudot?ccbcbcf2b3ba78b1aabd16cb478f2e30,UPD,2016,362,,gx-no-cache=1456931634705 HTTP/1.1" 200 93
186.103.156.24 - - [02/Mar/2016:12:07:52 -0300] "GET /cormun/servlet/hpexe_return? HTTP/1.1" 200 1029
200.30.209.241 - - [02/Mar/2016:12:07:53 -0300] "POST /cormun/servlet/prfichaempleado?35a5a300eb430605080711524fcb2cfd,,MD,,gxPopupLevel%3D0%3B,gx-no-cache=1456931303156 HTTP/1.1" 200 5067
186.103.156.24 - - [02/Mar/2016:12:07:53 -0300] "GET /cormun/servlet/trsolicitudot?gx-no-cache=1456931606311 HTTP/1.1" 200 9188
192.168.10.89 - - [02/Mar/2016:12:07:53 -0300] "POST /cormun/servlet/trautorizarsolicitud?584929d0c8b6ad997db4c1ab0973b8db,,gx-no-cache=1456931026355 HTTP/1.1" 200 6108
186.103.156.24 - - [02/Mar/2016:12:07:54 -0300] "GET /cormun/servlet/trsolicitudot?gx-no-cache=1456931606311 HTTP/1.1" 200 9204
200.30.209.241 - - [02/Mar/2016:12:07:54 -0300] "POST /cormun/servlet/prfichaempleado?35a5a300eb430605080711524fcb2cfd,,MD,,gxPopupLevel%3D0%3B,gx-no-cache=1456931304807 HTTP/1.1" 200 5115
200.30.209.241 - - [02/Mar/2016:12:07:57 -0300] "POST /cormun/servlet/prfichaempleado?35a5a300eb430605080711524fcb2cfd,,MD,,gxPopupLevel%3D0%3B,gx-no-cache=1456931307787 HTTP/1.1" 200 5105
191.112.91.68 - - [02/Mar/2016:12:07:57 -0300] "GET /cormun/servlet/trsolicitudot HTTP/1.1" 200 7483
200.30.209.241 - - [02/Mar/2016:12:07:58 -0300] "POST /cormun/servlet/prfichaempleado?35a5a300eb430605080711524fcb2cfd,,MD,,gxPopupLevel%3D0%3B,gx-no-cache=1456931308896 HTTP/1.1" 200 5136
200.30.209.241 - - [02/Mar/2016:12:07:59 -0300] "POST /cormun/servlet/prfichaempleado?35a5a300eb430605080711524fcb2cfd,,MD,,gxPopupLevel%3D0%3B,gx-no-cache=1456931310010 HTTP/1.1" 200 5032
186.103.156.24 - - [02/Mar/2016:12:08:01 -0300] "POST /cormun/servlet/trsolicitudot?ccbcbcf2b3ba78b1aabd16cb478f2e30,gx-no-cache=1456931606311,gx-no-cache=1456931643974 HTTP/1.1" 200 6606
191.112.91.68 - - [02/Mar/2016:12:08:01 -0300] "GET /cormun/servlet/trsolicitudot HTTP/1.1" 200 7479
186.103.156.24 - - [02/Mar/2016:12:08:01 -0300] "POST /cormun/servlet/trsolicitudot?ccbcbcf2b3ba78b1aabd16cb478f2e30,gx-no-cache=1456931606311,gx-no-cache=1456931644296 HTTP/1.1" 200 6606
186.103.156.24 - - [02/Mar/2016:12:08:01 -0300] "POST /cormun/servlet/trsolicitudot?ccbcbcf2b3ba78b1aabd16cb478f2e30,gx-no-cache=1456931606311,gx-no-cache=1456931644589 HTTP/1.1" 200 6606
186.103.156.24 - - [02/Mar/2016:12:08:02 -0300] "POST /cormun/servlet/trsolicitudot?ccbcbcf2b3ba78b1aabd16cb478f2e30,gx-no-cache=1456931606311,gx-no-cache=1456931644883 HTTP/1.1" 200 6606
200.30.209.241 - - [02/Mar/2016:12:08:02 -0300] "POST /cormun/servlet/prfichaempleado?35a5a300eb430605080711524fcb2cfd,,MD,,gxPopupLevel%3D0%3B,gx-no-cache=1456931312306 HTTP/1.1" 200 5136
186.103.156.24 - - [02/Mar/2016:12:08:02 -0300] "POST /cormun/servlet/trsolicitudot?ccbcbcf2b3ba78b1aabd16cb478f2e30,gx-no-cache=1456931606311,gx-no-cache=1456931645201 HTTP/1.1" 200 6606
186.103.156.24 - - [02/Mar/2016:12:08:02 -0300] "POST /cormun/servlet/trsolicitudot?ccbcbcf2b3ba78b1aabd16cb478f2e30,gx-no-cache=1456931606311,gx-no-cache=1456931645511 HTTP/1.1" 200 6606
186.103.156.24 - - [02/Mar/2016:12:08:03 -0300] "POST /cormun/servlet/trsolicitudot?ccbcbcf2b3ba78b1aabd16cb478f2e30,gx-no-cache=1456931606311,gx-no-cache=1456931645843 HTTP/1.1" 200 6606
200.30.209.241 - - [02/Mar/2016:12:08:03 -0300] "POST /cormun/servlet/prfichaempleado?35a5a300eb430605080711524fcb2cfd,,MD,,gxPopupLevel%3D0%3B,gx-no-cache=1456931313457 HTTP/1.1" 200 5105
186.103.156.24 - - [02/Mar/2016:12:08:03 -0300] "POST /cormun/servlet/trsolicitudot?ccbcbcf2b3ba78b1aabd16cb478f2e30,gx-no-cache=1456931606311,gx-no-cache=1456931646182 HTTP/1.1" 200 104
186.103.156.24 - - [02/Mar/2016:12:08:03 -0300] "GET /cormun/servlet/solicitudot?UPD,2016,341, HTTP/1.1" 200 12684
186.103.156.24 - - [02/Mar/2016:12:08:04 -0300] "GET /cormun/servlet/solicitudot?UPD,2016,341, HTTP/1.1" 200 12672
192.168.10.89 - - [02/Mar/2016:12:08:04 -0300] "POST /cormun/servlet/trautorizarsolicitud?584929d0c8b6ad997db4c1ab0973b8db,,gx-no-cache=1456931037502 HTTP/1.1" 200 5846
186.103.156.24 - - [02/Mar/2016:12:08:04 -0300] "POST /cormun/servlet/solicitudot?gx-no-cache=1456931647755 HTTP/1.1" 200 2770
200.30.209.241 - - [02/Mar/2016:12:08:05 -0300] "POST /cormun/servlet/prfichaempleado?35a5a300eb430605080711524fcb2cfd,,MD,,gxPopupLevel%3D0%3B,gx-no-cache=1456931315174 HTTP/1.1" 200 5115
186.103.156.24 - - [02/Mar/2016:12:08:05 -0300] "POST /cormun/servlet/solicitudot?ccbcbcf2b3ba78b1aabd16cb478f2e30,UPD,2016,341,,gx-no-cache=1456931647907 HTTP/1.1" 200 9083
186.103.156.24 - - [02/Mar/2016:12:08:05 -0300] "GET /cormun/servlet/solicitudot?4d505f59bcd61c9101ffed1fc0a4818a369425a73173a2bb32137037e56d66d48f6e6ddd837958b0935795960b3aabbf,gx-no-cache=1456931648102 HTTP/1.1" 200 30
186.103.156.24 - - [02/Mar/2016:12:08:05 -0300] "POST /cormun/servlet/solicitudot?gx-no-cache=1456931648140 HTTP/1.1" 200 30
186.103.156.24 - - [02/Mar/2016:12:08:05 -0300] "POST /cormun/servlet/solicitudot?gx-no-cache=1456931648169 HTTP/1.1" 200 30
186.103.156.24 - - [02/Mar/2016:12:08:05 -0300] "POST /cormun/servlet/solicitudot?gx-no-cache=1456931648212 HTTP/1.1" 200 1153
186.103.156.24 - - [02/Mar/2016:12:08:05 -0300] "GET /cormun/servlet/solicitudot?4d505f59bcd61c9101ffed1fc0a4818a7ae785dfd44938aad60c431a2f92dce8011a4eaa1f1dd02e6fc4822f526d6eb6c9ef163c9c4134bcc829617bde046ccd1573db8b8c295b315ce5164f866303c5ac67fdfd3219f95f858647c43e1452450efb874c0ede08fe68c9ed14ca99987c3c9dc6b4d62587bf17ac6996629458bb598f441cd1adf72d1037f6e32b367f81b2acff3efc55b0bc71b95f2c2fd0e5b1,gx-no-cache=1456931648259 HTTP/1.1" 200 41
200.30.209.241 - - [02/Mar/2016:12:08:06 -0300] "POST /cormun/servlet/prfichaempleado?35a5a300eb430605080711524fcb2cfd,,MD,,gxPopupLevel%3D0%3B,gx-no-cache=1456931316813 HTTP/1.1" 200 5067
192.168.10.89 - - [02/Mar/2016:12:08:07 -0300] "POST /cormun/servlet/trautorizarsolicitud?584929d0c8b6ad997db4c1ab0973b8db,,gx-no-cache=1456931040023 HTTP/1.1" 200 5789
200.30.209.241 - - [02/Mar/2016:12:08:08 -0300] "POST /cormun/servlet/prfichaempleado?35a5a300eb430605080711524fcb2cfd,,MD,,gxPopupLevel%3D0%3B,gx-no-cache=1456931318606 HTTP/1.1" 200 5099
200.30.209.241 - - [02/Mar/2016:12:08:10 -0300] "POST /cormun/servlet/prfichaempleado?35a5a300eb430605080711524fcb2cfd,,MD,,gxPopupLevel%3D0%3B,gx-no-cache=1456931320352 HTTP/1.1" 200 5050
192.168.10.89 - - [02/Mar/2016:12:08:13 -0300] "POST /cormun/servlet/trautorizarsolicitud?584929d0c8b6ad997db4c1ab0973b8db,,gx-no-cache=1456931046252 HTTP/1.1" 200 5813
191.112.91.68 - - [02/Mar/2016:12:08:14 -0300] "POST /cormun/servlet/trsolicitudot?0c0ee8f3b383daf4648f2d40d97b65a9,gx-no-cache=1456931321155 HTTP/1.1" 200 4926
191.112.91.68 - - [02/Mar/2016:12:08:15 -0300] "POST /cormun/servlet/trsolicitudot?0c0ee8f3b383daf4648f2d40d97b65a9,gx-no-cache=1456931321738 HTTP/1.1" 200 4925
192.168.10.89 - - [02/Mar/2016:12:08:15 -0300] "POST /cormun/servlet/trautorizarsolicitud?584929d0c8b6ad997db4c1ab0973b8db,,gx-no-cache=1456931048246 HTTP/1.1" 200 5812
191.112.91.68 - - [02/Mar/2016:12:08:15 -0300] "POST /cormun/servlet/trsolicitudot?0c0ee8f3b383daf4648f2d40d97b65a9,gx-no-cache=1456931322273 HTTP/1.1" 200 4925
200.30.209.241 - - [02/Mar/2016:12:08:15 -0300] "POST /cormun/servlet/prfichaempleado?35a5a300eb430605080711524fcb2cfd,,MD,,gxPopupLevel%3D0%3B,gx-no-cache=1456931325874 HTTP/1.1" 200 5099
191.112.91.68 - - [02/Mar/2016:12:08:16 -0300] "POST /cormun/servlet/trsolicitudot?0c0ee8f3b383daf4648f2d40d97b65a9,gx-no-cache=1456931322832 HTTP/1.1" 200 4926
191.112.91.68 - - [02/Mar/2016:12:08:16 -0300] "POST /cormun/servlet/trsolicitudot?0c0ee8f3b383daf4648f2d40d97b65a9,gx-no-cache=1456931323398 HTTP/1.1" 200 4925
191.112.91.68 - - [02/Mar/2016:12:08:17 -0300] "POST /cormun/servlet/trsolicitudot?0c0ee8f3b383daf4648f2d40d97b65a9,gx-no-cache=1456931324019 HTTP/1.1" 200 4925
192.168.10.89 - - [02/Mar/2016:12:08:17 -0300] "POST /cormun/servlet/trautorizarsolicitud?584929d0c8b6ad997db4c1ab0973b8db,,gx-no-cache=1456931050347 HTTP/1.1" 200 5813
191.112.91.68 - - [02/Mar/2016:12:08:17 -0300] "POST /cormun/servlet/trsolicitudot?0c0ee8f3b383daf4648f2d40d97b65a9,gx-no-cache=1456931324620 HTTP/1.1" 200 4925
191.112.91.68 - - [02/Mar/2016:12:08:18 -0300] "POST /cormun/servlet/trsolicitudot?0c0ee8f3b383daf4648f2d40d97b65a9,gx-no-cache=1456931325292 HTTP/1.1" 200 3604
191.112.91.68 - - [02/Mar/2016:12:08:19 -0300] "GET /cormun/static/Shared/jqueryui/images/ui-bg_highlight-soft_100_c6c2c8_1x100.png HTTP/1.1" 404 1117
191.112.91.68 - - [02/Mar/2016:12:08:19 -0300] "GET /cormun/static/Shared/jqueryui/images/ui-icons_82798d_256x240.png HTTP/1.1" 404 1089
191.112.91.68 - - [02/Mar/2016:12:08:19 -0300] "GET /cormun/static/Shared/jqueryui/images/ui-bg_flat_55_fafafa_40x100.png HTTP/1.1" 404 1097
191.112.91.68 - - [02/Mar/2016:12:08:19 -0300] "GET /cormun/static/Shared/jqueryui/images/ui-icons_8d78a5_256x240.png HTTP/1.1" 404 1089
191.112.91.68 - - [02/Mar/2016:12:08:19 -0300] "POST /cormun/servlet/trsolicitudot?0c0ee8f3b383daf4648f2d40d97b65a9,gx-no-cache=1456931326147 HTTP/1.1" 200 3457
186.103.156.24 - - [02/Mar/2016:12:08:21 -0300] "GET /cormun/servlet/solicitudot?4d505f59bcd61c9101ffed1fc0a4818a594243f0b650b7c5e56e6c4a0ff3cd9686c65c67b619a03756fd3cc157d32cc3cd2a8c39627b9809d5c0bf6ef0deaabd4fa498c5cb608b687a6359e859b57f7e0887142640cb68ae4c52469344119a259a631818b9c45e9dab8cf577d00641e9bf2200166bfdd096ab63e852afa80c3fc71a931178d7858944a970bad3fd99f3f1b3b70d14e60fc44b089158864c072bedba38d976b8bbd90805c6cb3dea72c1de1a7ebd47412eeee23029eb324cd03e27c56e55674d0fc8c7b7c3a1d77180b0,gx-no-cache=1456931666447 HTTP/1.1" 200 29
186.103.156.24 - - [02/Mar/2016:12:08:21 -0300] "POST /cormun/servlet/solicitudot?gx-no-cache=1456931666501 HTTP/1.1" 200 1117
186.103.156.24 - - [02/Mar/2016:12:08:21 -0300] "GET /cormun/servlet/solicitudot?4d505f59bcd61c9101ffed1fc0a4818a529db1eff9b43c88270147ea29f3e4acf4dd037cb81bf1cf0916fc3d322e8d5f495e9e093cf00f7f1a415a89b9f461596c46981c2261efb4c2c1e8406305195de9f139c4a6464a7345e10f48c15428d2d5b70a3abc70329a33d908b5bfe0911084b447667e8d1ca84b19ea57aaa608d0f22b6407aaebe84f1c0688784cc1f83cb8aea8aaae715e9a2ec75aea820bc311af0cc681c63fc03ce79565abb1eb4aef,gx-no-cache=1456931666543 HTTP/1.1" 200 30
186.103.156.24 - - [02/Mar/2016:12:08:21 -0300] "POST /cormun/servlet/solicitudot?ccbcbcf2b3ba78b1aabd16cb478f2e30,UPD,2016,341,,gx-no-cache=1456931666573 HTTP/1.1" 200 93
186.103.156.24 - - [02/Mar/2016:12:08:21 -0300] "GET /cormun/servlet/hpexe_return? HTTP/1.1" 200 1029
186.103.156.24 - - [02/Mar/2016:12:08:21 -0300] "GET /cormun/servlet/trsolicitudot?gx-no-cache=1456931606311 HTTP/1.1" 200 9188
186.103.156.24 - - [02/Mar/2016:12:08:22 -0300] "GET /cormun/servlet/trsolicitudot?gx-no-cache=1456931606311 HTTP/1.1" 200 9204
191.112.91.68 - - [02/Mar/2016:12:08:29 -0300] "GET /cormun/servlet/solicitudot?INS,0,0, HTTP/1.1" 200 11420
200.30.209.241 - - [02/Mar/2016:12:08:31 -0300] "GET /cormun/servlet/prlicenciaspermisos?13946144,L,,MD,,gxPopupLevel%3D0%3B HTTP/1.1" 200 5990
200.30.209.241 - - [02/Mar/2016:12:08:31 -0300] "GET /cormun/static/Resources/Spanish/PXTools.css?17554516 HTTP/1.1" 200 89042
200.30.209.241 - - [02/Mar/2016:12:08:31 -0300] "GET /cormun/static/gxcfg.js?201616231591 HTTP/1.1" 200 953
200.30.209.241 - - [02/Mar/2016:12:08:31 -0300] "GET /cormun/static/hmpwkw011.js?20163114183117 HTTP/1.1" 200 1968
200.30.209.241 - - [02/Mar/2016:12:08:31 -0300] "GET /cormun/static/prlicenciaspermisos.js?201616231727 HTTP/1.1" 200 12559
191.112.91.68 - - [02/Mar/2016:12:08:32 -0300] "GET /cormun/servlet/solicitudot?INS,0,0, HTTP/1.1" 200 11424
192.168.10.89 - - [02/Mar/2016:12:08:33 -0300] "POST /cormun/servlet/trautorizarsolicitud?584929d0c8b6ad997db4c1ab0973b8db,,gx-no-cache=1456931065794 HTTP/1.1" 200 5540
192.168.10.89 - - [02/Mar/2016:12:08:35 -0300] "POST /cormun/servlet/trautorizarsolicitud?584929d0c8b6ad997db4c1ab0973b8db,,gx-no-cache=1456931068477 HTTP/1.1" 200 5483
200.30.209.241 - - [02/Mar/2016:12:08:38 -0300] "POST /cormun/servlet/solicitudot?gx-no-cache=1456931348480 HTTP/1.1" 200 1156
200.30.209.241 - - [02/Mar/2016:12:08:42 -0300] "GET /cormun/servlet/solicitudot?f4e499fc06ce276d74c0ddbc347234b1f662041c669c4fdc3fa34a1f778c6078beaa17e8b70ad39d189deaf847afc4d3f9701b77907eaf4ef7a481f6f96aea97be9ca645a50fd380ccf6ee468d771b72ee0917d83c6b4222b6dffd9eb669147b228263f2941a2cbbb95246ae3b392057b7c7413669a8456638e69de042cba31da52f8d4e343d0ede342bcd0c88be9d934c74dec40e03075384dd20d83c635375,gx-no-cache=1456931352347 HTTP/1.1" 200 38
192.168.10.89 - - [02/Mar/2016:12:08:42 -0300] "POST /cormun/servlet/trautorizarsolicitud?584929d0c8b6ad997db4c1ab0973b8db,,gx-no-cache=1456931075095 HTTP/1.1" 200 5509
192.168.10.89 - - [02/Mar/2016:12:08:44 -0300] "POST /cormun/servlet/trautorizarsolicitud?584929d0c8b6ad997db4c1ab0973b8db,,gx-no-cache=1456931077165 HTTP/1.1" 200 5509
186.103.157.246 - - [02/Mar/2016:12:08:45 -0300] "GET /cormun/static/menuarrow.gif HTTP/1.1" 404 1015
191.112.91.68 - - [02/Mar/2016:12:08:46 -0300] "GET /cormun/servlet/prfichaempleado?,MD,,gxPopupLevel%3D0%3B HTTP/1.1" 200 7914
192.168.10.89 - - [02/Mar/2016:12:08:46 -0300] "POST /cormun/servlet/trautorizarsolicitud?584929d0c8b6ad997db4c1ab0973b8db,,gx-no-cache=1456931079336 HTTP/1.1" 200 5509
191.112.91.68 - - [02/Mar/2016:12:08:46 -0300] "GET /cormun/static/Resources/Spanish/PXTools.css?16184758 HTTP/1.1" 200 89042
191.112.91.68 - - [02/Mar/2016:12:08:46 -0300] "GET /cormun/static/scaMessage/css/jquery-ui.css?104140 HTTP/1.1" 404 1045
191.112.91.68 - - [02/Mar/2016:12:08:46 -0300] "GET /cormun/static/gxcfg.js?201511151625694 HTTP/1.1" 200 953
191.112.91.68 - - [02/Mar/2016:12:08:46 -0300] "GET /cormun/static/prfichaempleado.js?201511151625857 HTTP/1.1" 200 14240
191.112.91.68 - - [02/Mar/2016:12:08:46 -0300] "GET /cormun/static/menusearch.js?20163117171215 HTTP/1.1" 200 1424
200.30.209.241 - - [02/Mar/2016:12:08:46 -0300] "GET /cormun/servlet/solicitudot?f4e499fc06ce276d74c0ddbc347234b13020ba6a23f3175731ef01d8798bfaed04364a054151b8bb907d16598427a9cbd9e0c046a447bbe373bee6e144a7cd244f942390aa3bcd687bae0db1b25c6d4fabc9cc2b9cb1493bf0a6b92335d5f16121e296cc4b88274044336a6bfeb79590902cf2cd6313eb03ee3131f452f22356fad5047276980a6d9981b2274d50302c29e54c13fe71aa1a6a5948af4e532243,gx-no-cache=1456931357325 HTTP/1.1" 200 29
200.30.209.241 - - [02/Mar/2016:12:08:47 -0300] "POST /cormun/servlet/solicitudot?gx-no-cache=1456931357387 HTTP/1.1" 200 1116
200.30.209.241 - - [02/Mar/2016:12:08:47 -0300] "GET /cormun/static/menuarrow.gif HTTP/1.1" 404 1015
191.112.91.68 - - [02/Mar/2016:12:08:47 -0300] "GET /cormun/static/hmpwkw01.js?201511211495945 HTTP/1.1" 200 2037
192.168.10.89 - - [02/Mar/2016:12:08:58 -0300] "POST /cormun/servlet/trautorizarsolicitud?584929d0c8b6ad997db4c1ab0973b8db,,gx-no-cache=1456931091134 HTTP/1.1" 200 5283
192.168.10.89 - - [02/Mar/2016:12:09:00 -0300] "POST /cormun/servlet/trautorizarsolicitud?584929d0c8b6ad997db4c1ab0973b8db,,gx-no-cache=1456931093685 HTTP/1.1" 200 5227
191.112.91.68 - - [02/Mar/2016:12:09:03 -0300] "POST /cormun/servlet/prfichaempleado?0c0ee8f3b383daf4648f2d40d97b65a9,,MD,,gxPopupLevel%3D0%3B,gx-no-cache=1456931369607 HTTP/1.1" 200 5077
186.103.157.246 - - [02/Mar/2016:12:09:06 -0300] "GET /cormun/servlet/solicitudot?0f3d567439e73de225fea6ae2d44c3f1fb4e66a72b4a0c7faeee8b238e4f7d0242c61c28436aacf3b27c5f7bb81f78c24ec22eee489749f9e70e67f4a102dd50625b8db2ff453bb20327637e7b75f76c7bb2a3f69405f82e3385008c2a9799b24b03596b5b8fc27b39ee05bef4e3ad275e0e859946d08dbdc3a7c4c0887a58833b74d8340317ad85438bde2c2938ee243c7d006d3b28d6a1591d487ed1644f7b26f03dfafbbe8e20e1591661d71ddbc4,gx-no-cache=1456931377085 HTTP/1.1" 200 30
186.103.156.24 - - [02/Mar/2016:12:09:07 -0300] "POST /cormun/servlet/trsolicitudot?ccbcbcf2b3ba78b1aabd16cb478f2e30,gx-no-cache=1456931606311,gx-no-cache=1456931715471 HTTP/1.1" 200 6606
186.103.156.24 - - [02/Mar/2016:12:09:07 -0300] "POST /cormun/servlet/trsolicitudot?ccbcbcf2b3ba78b1aabd16cb478f2e30,gx-no-cache=1456931606311,gx-no-cache=1456931717385 HTTP/1.1" 200 6606
192.168.10.89 - - [02/Mar/2016:12:09:07 -0300] "POST /cormun/servlet/trautorizarsolicitud?584929d0c8b6ad997db4c1ab0973b8db,,gx-no-cache=1456931100392 HTTP/1.1" 200 5250
186.103.156.24 - - [02/Mar/2016:12:09:07 -0300] "POST /cormun/servlet/trsolicitudot?ccbcbcf2b3ba78b1aabd16cb478f2e30,gx-no-cache=1456931606311,gx-no-cache=1456931717702 HTTP/1.1" 200 6606
186.103.156.24 - - [02/Mar/2016:12:09:08 -0300] "POST /cormun/servlet/trsolicitudot?ccbcbcf2b3ba78b1aabd16cb478f2e30,gx-no-cache=1456931606311,gx-no-cache=1456931718013 HTTP/1.1" 200 6606
186.103.156.24 - - [02/Mar/2016:12:09:08 -0300] "POST /cormun/servlet/trsolicitudot?ccbcbcf2b3ba78b1aabd16cb478f2e30,gx-no-cache=1456931606311,gx-no-cache=1456931718342 HTTP/1.1" 200 6606
186.103.156.24 - - [02/Mar/2016:12:09:09 -0300] "POST /cormun/servlet/trsolicitudot?ccbcbcf2b3ba78b1aabd16cb478f2e30,gx-no-cache=1456931606311,gx-no-cache=1456931718673 HTTP/1.1" 200 6606
186.103.156.24 - - [02/Mar/2016:12:09:09 -0300] "POST /cormun/servlet/trsolicitudot?ccbcbcf2b3ba78b1aabd16cb478f2e30,gx-no-cache=1456931606311,gx-no-cache=1456931719349 HTTP/1.1" 200 6606
186.103.156.24 - - [02/Mar/2016:12:09:09 -0300] "POST /cormun/servlet/trsolicitudot?ccbcbcf2b3ba78b1aabd16cb478f2e30,gx-no-cache=1456931606311,gx-no-cache=1456931719728 HTTP/1.1" 200 104
192.168.10.89 - - [02/Mar/2016:12:09:09 -0300] "POST /cormun/servlet/trautorizarsolicitud?584929d0c8b6ad997db4c1ab0973b8db,,gx-no-cache=1456931102527 HTTP/1.1" 200 5251
186.103.156.24 - - [02/Mar/2016:12:09:10 -0300] "GET /cormun/servlet/solicitudot?UPD,2016,361, HTTP/1.1" 200 12677
186.103.156.24 - - [02/Mar/2016:12:09:11 -0300] "GET /cormun/servlet/solicitudot?UPD,2016,361, HTTP/1.1" 200 12664
192.168.10.89 - - [02/Mar/2016:12:09:11 -0300] "POST /cormun/servlet/trautorizarsolicitud?584929d0c8b6ad997db4c1ab0973b8db,,gx-no-cache=1456931104792 HTTP/1.1" 200 5251
186.103.156.24 - - [02/Mar/2016:12:09:12 -0300] "POST /cormun/servlet/solicitudot?gx-no-cache=1456931722417 HTTP/1.1" 200 2769
186.103.156.24 - - [02/Mar/2016:12:09:12 -0300] "POST /cormun/servlet/solicitudot?ccbcbcf2b3ba78b1aabd16cb478f2e30,UPD,2016,361,,gx-no-cache=1456931722859 HTTP/1.1" 200 9091
186.103.156.24 - - [02/Mar/2016:12:09:12 -0300] "GET /cormun/servlet/solicitudot?4d505f59bcd61c9101ffed1fc0a4818a12bb7a7d7e541b9d4d128c412ba483468f6e6ddd837958b0935795960b3aabbf,gx-no-cache=1456931723050 HTTP/1.1" 200 30
186.103.156.24 - - [02/Mar/2016:12:09:12 -0300] "POST /cormun/servlet/solicitudot?gx-no-cache=1456931723087 HTTP/1.1" 200 30
186.103.156.24 - - [02/Mar/2016:12:09:13 -0300] "POST /cormun/servlet/solicitudot?gx-no-cache=1456931723114 HTTP/1.1" 200 33
186.103.156.24 - - [02/Mar/2016:12:09:13 -0300] "POST /cormun/servlet/solicitudot?gx-no-cache=1456931723149 HTTP/1.1" 200 1158
186.103.156.24 - - [02/Mar/2016:12:09:13 -0300] "GET /cormun/servlet/solicitudot?4d505f59bcd61c9101ffed1fc0a4818a7ae785dfd44938aad60c431a2f92dce8011a4eaa1f1dd02e6fc4822f526d6eb6c9ef163c9c4134bcc829617bde046ccd1573db8b8c295b315ce5164f866303c5ac67fdfd3219f95f858647c43e1452450efb874c0ede08fe68c9ed14ca99987c3c9dc6b4d62587bf17ac6996629458bb598f441cd1adf72d1037f6e32b367f81b2acff3efc55b0bc71b95f2c2fd0e5b1,gx-no-cache=1456931723193 HTTP/1.1" 200 41
191.112.91.68 - - [02/Mar/2016:12:09:17 -0300] "POST /cormun/servlet/prfichaempleado?0c0ee8f3b383daf4648f2d40d97b65a9,,MD,,gxPopupLevel%3D0%3B,gx-no-cache=1456931383592 HTTP/1.1" 200 5171
191.112.91.68 - - [02/Mar/2016:12:09:19 -0300] "POST /cormun/servlet/prfichaempleado?0c0ee8f3b383daf4648f2d40d97b65a9,,MD,,gxPopupLevel%3D0%3B,gx-no-cache=1456931385462 HTTP/1.1" 200 5116
191.112.91.68 - - [02/Mar/2016:12:09:21 -0300] "POST /cormun/servlet/prfichaempleado?0c0ee8f3b383daf4648f2d40d97b65a9,,MD,,gxPopupLevel%3D0%3B,gx-no-cache=1456931387453 HTTP/1.1" 200 5107
186.78.57.210 - - [02/Mar/2016:12:09:21 -0300] "POST /cormun/servlet/hlogin?b8766b7e793cdd79b1c39c1fcabe1168,gx-no-cache=1456931419698 HTTP/1.1" 200 451
192.168.10.89 - - [02/Mar/2016:12:09:24 -0300] "POST /cormun/servlet/trautorizarsolicitud?584929d0c8b6ad997db4c1ab0973b8db,,gx-no-cache=1456931117171 HTTP/1.1" 200 4921
192.168.10.89 - - [02/Mar/2016:12:09:26 -0300] "POST /cormun/servlet/trautorizarsolicitud?584929d0c8b6ad997db4c1ab0973b8db,,gx-no-cache=1456931119588 HTTP/1.1" 200 4866
186.103.157.246 - - [02/Mar/2016:12:09:29 -0300] "POST /cormun/servlet/solicitudot?5dde72f24db47df7606f50bbec570d2c,INS,0,0,,gx-no-cache=1456931400392 HTTP/1.1" 200 93
186.103.157.246 - - [02/Mar/2016:12:09:29 -0300] "GET /cormun/servlet/hpexe_return? HTTP/1.1" 200 996
186.103.157.246 - - [02/Mar/2016:12:09:30 -0300] "GET /cormun/servlet/trsolicitudot HTTP/1.1" 200 7992
200.30.209.241 - - [02/Mar/2016:12:09:31 -0300] "POST /cormun/servlet/solicitudot?gx-no-cache=1456931401417 HTTP/1.1" 200 122
186.78.57.210 - - [02/Mar/2016:12:09:33 -0300] "POST /cormun/servlet/hlogin?b8766b7e793cdd79b1c39c1fcabe1168,gx-no-cache=1456931431738 HTTP/1.1" 200 90
192.168.10.89 - - [02/Mar/2016:12:09:33 -0300] "POST /cormun/servlet/trautorizarsolicitud?584929d0c8b6ad997db4c1ab0973b8db,,gx-no-cache=1456931126297 HTTP/1.1" 200 4890
186.78.57.210 - - [02/Mar/2016:12:09:33 -0300] "GET /cormun/servlet/hpexe_link HTTP/1.1" 200 959
186.78.57.210 - - [02/Mar/2016:12:09:34 -0300] "GET /cormun/servlet/solicitudot?INS,0,0, HTTP/1.1" 200 11235
186.78.57.210 - - [02/Mar/2016:12:09:34 -0300] "GET /cormun/servlet/solicitudot?INS,0,0, HTTP/1.1" 200 11239
192.168.10.89 - - [02/Mar/2016:12:09:35 -0300] "POST /cormun/servlet/trautorizarsolicitud?584929d0c8b6ad997db4c1ab0973b8db,,gx-no-cache=1456931128433 HTTP/1.1" 200 4890
186.103.156.24 - - [02/Mar/2016:12:09:35 -0300] "POST /cormun/servlet/solicitudot?gx-no-cache=1456931748735 HTTP/1.1" 200 30
192.168.10.89 - - [02/Mar/2016:12:09:37 -0300] "POST /cormun/servlet/trautorizarsolicitud?584929d0c8b6ad997db4c1ab0973b8db,,gx-no-cache=1456931130699 HTTP/1.1" 200 4890
200.30.209.241 - - [02/Mar/2016:12:09:39 -0300] "POST /cormun/servlet/solicitudot?gx-no-cache=1456931410091 HTTP/1.1" 200 122
186.103.156.24 - - [02/Mar/2016:12:09:41 -0300] "POST /cormun/servlet/solicitudot?gx-no-cache=1456931754375 HTTP/1.1" 200 1158
186.103.156.24 - - [02/Mar/2016:12:09:41 -0300] "GET /cormun/servlet/solicitudot?4d505f59bcd61c9101ffed1fc0a4818a7ae785dfd44938aad60c431a2f92dce8011a4eaa1f1dd02e6fc4822f526d6eb6c9ef163c9c4134bcc829617bde046ccd1573db8b8c295b315ce5164f866303c5ac67fdfd3219f95f858647c43e1452450efb874c0ede08fe68c9ed14ca99987c3c9dc6b4d62587bf17ac6996629458bb598f441cd1adf72d1037f6e32b367f81b2acff3efc55b0bc71b95f2c2fd0e5b1,gx-no-cache=1456931754492 HTTP/1.1" 200 41
186.103.156.24 - - [02/Mar/2016:12:09:41 -0300] "GET /cormun/servlet/solicitudot?4d505f59bcd61c9101ffed1fc0a4818a594243f0b650b7c5e56e6c4a0ff3cd9686c65c67b619a03756fd3cc157d32cc3cd2a8c39627b9809d5c0bf6ef0deaabd4fa498c5cb608b687a6359e859b57f7e0887142640cb68ae4c52469344119a259a631818b9c45e9dab8cf577d00641e9bf2200166bfdd096ab63e852afa80c3fc71a931178d7858944a970bad3fd99f3f1b3b70d14e60fc44b089158864c072bedba38d976b8bbd90805c6cb3dea72c1de1a7ebd47412eeee23029eb324cd03e27c56e55674d0fc8c7b7c3a1d77180b0,gx-no-cache=1456931754551 HTTP/1.1" 200 29
186.103.156.24 - - [02/Mar/2016:12:09:41 -0300] "POST /cormun/servlet/solicitudot?gx-no-cache=1456931754587 HTTP/1.1" 200 1116
186.103.156.24 - - [02/Mar/2016:12:09:41 -0300] "GET /cormun/servlet/solicitudot?4d505f59bcd61c9101ffed1fc0a4818ae7875c8a4ea31467891e373188b155d8dec931533baada579be341f9c7c8e41c495e9e093cf00f7f1a415a89b9f461596c46981c2261efb4c2c1e8406305195de9f139c4a6464a7345e10f48c15428d2d5b70a3abc70329a33d908b5bfe0911084b447667e8d1ca84b19ea57aaa608d0f22b6407aaebe84f1c0688784cc1f83cb8aea8aaae715e9a2ec75aea820bc311af0cc681c63fc03ce79565abb1eb4aef,gx-no-cache=1456931754660 HTTP/1.1" 200 30
186.103.156.24 - - [02/Mar/2016:12:09:41 -0300] "POST /cormun/servlet/solicitudot?ccbcbcf2b3ba78b1aabd16cb478f2e30,UPD,2016,361,,gx-no-cache=1456931754711 HTTP/1.1" 200 93
186.103.156.24 - - [02/Mar/2016:12:09:41 -0300] "GET /cormun/servlet/hpexe_return? HTTP/1.1" 200 1029
200.30.209.241 - - [02/Mar/2016:12:09:42 -0300] "POST /cormun/servlet/solicitudot?gx-no-cache=1456931412497 HTTP/1.1" 200 1156
200.30.209.241 - - [02/Mar/2016:12:09:42 -0300] "GET /cormun/servlet/solicitudot?f4e499fc06ce276d74c0ddbc347234b1f662041c669c4fdc3fa34a1f778c6078beaa17e8b70ad39d189deaf847afc4d3f9701b77907eaf4ef7a481f6f96aea97be9ca645a50fd380ccf6ee468d771b72ee0917d83c6b4222b6dffd9eb669147b228263f2941a2cbbb95246ae3b392057b7c7413669a8456638e69de042cba31da52f8d4e343d0ede342bcd0c88be9d930b188c8fef295d46fceb93afcdd622fb,gx-no-cache=1456931412665 HTTP/1.1" 200 41
200.30.209.241 - - [02/Mar/2016:12:09:42 -0300] "POST /cormun/servlet/solicitudot?gx-no-cache=1456931412716 HTTP/1.1" 200 1116
186.103.156.24 - - [02/Mar/2016:12:09:42 -0300] "GET /cormun/servlet/trsolicitudot?gx-no-cache=1456931606311 HTTP/1.1" 200 9186
200.30.209.241 - - [02/Mar/2016:12:09:42 -0300] "GET /cormun/servlet/solicitudot?f4e499fc06ce276d74c0ddbc347234b10b07438be193e33da74a218b38d0be9d189132fb53356f92d27e400a997383c050099342a7eb1a3d908614cf297d8411b3f5812338cbd5ac784f45af77edc4c8f0e3b96fdfe053fe42be552fba79a78d6153c12ed0b2f2ca8449b4692a34ae5ee9a45b663eee74c7dda4e5e97c2042601220b06009d2399a4c6ece2954e79daf78b58c85242e2c25fc0e46e2bd6ce05848f763bef8d2a66f9a8c65b30c167c91df9e91cc766408b7c5660fca4925eda9,gx-no-cache=1456931412819 HTTP/1.1" 200 30
186.103.156.24 - - [02/Mar/2016:12:09:43 -0300] "GET /cormun/servlet/trsolicitudot?gx-no-cache=1456931606311 HTTP/1.1" 200 9202
192.168.10.89 - - [02/Mar/2016:12:09:58 -0300] "POST /cormun/servlet/trautorizarsolicitud?584929d0c8b6ad997db4c1ab0973b8db,,gx-no-cache=1456931151487 HTTP/1.1" 200 3582
192.168.10.89 - - [02/Mar/2016:12:10:00 -0300] "POST /cormun/servlet/trautorizarsolicitud?584929d0c8b6ad997db4c1ab0973b8db,,gx-no-cache=1456931153619 HTTP/1.1" 200 3424
186.103.156.24 - - [02/Mar/2016:12:10:06 -0300] "POST /cormun/servlet/trsolicitudot?ccbcbcf2b3ba78b1aabd16cb478f2e30,gx-no-cache=1456931606311,gx-no-cache=1456931782517 HTTP/1.1" 200 6602
186.103.156.24 - - [02/Mar/2016:12:10:06 -0300] "POST /cormun/servlet/trsolicitudot?ccbcbcf2b3ba78b1aabd16cb478f2e30,gx-no-cache=1456931606311,gx-no-cache=1456931782849 HTTP/1.1" 200 6602
186.103.156.24 - - [02/Mar/2016:12:10:06 -0300] "POST /cormun/servlet/trsolicitudot?ccbcbcf2b3ba78b1aabd16cb478f2e30,gx-no-cache=1456931606311,gx-no-cache=1456931783131 HTTP/1.1" 200 6602
186.103.156.24 - - [02/Mar/2016:12:10:07 -0300] "POST /cormun/servlet/trsolicitudot?ccbcbcf2b3ba78b1aabd16cb478f2e30,gx-no-cache=1456931606311,gx-no-cache=1456931783423 HTTP/1.1" 200 6602
186.103.156.24 - - [02/Mar/2016:12:10:07 -0300] "POST /cormun/servlet/trsolicitudot?ccbcbcf2b3ba78b1aabd16cb478f2e30,gx-no-cache=1456931606311,gx-no-cache=1456931783753 HTTP/1.1" 200 6602
186.103.156.24 - - [02/Mar/2016:12:10:07 -0300] "POST /cormun/servlet/trsolicitudot?ccbcbcf2b3ba78b1aabd16cb478f2e30,gx-no-cache=1456931606311,gx-no-cache=1456931784068 HTTP/1.1" 200 6602
186.103.156.24 - - [02/Mar/2016:12:10:08 -0300] "POST /cormun/servlet/trsolicitudot?ccbcbcf2b3ba78b1aabd16cb478f2e30,gx-no-cache=1456931606311,gx-no-cache=1456931784413 HTTP/1.1" 200 6602
186.103.156.24 - - [02/Mar/2016:12:10:08 -0300] "POST /cormun/servlet/trsolicitudot?ccbcbcf2b3ba78b1aabd16cb478f2e30,gx-no-cache=1456931606311,gx-no-cache=1456931784762 HTTP/1.1" 200 6405
186.103.156.24 - - [02/Mar/2016:12:10:08 -0300] "GET /cormun/static/Shared/jqueryui/images/ui-bg_highlight-soft_100_c6c2c8_1x100.png HTTP/1.1" 404 1117
186.103.156.24 - - [02/Mar/2016:12:10:08 -0300] "GET /cormun/static/Shared/jqueryui/images/ui-icons_82798d_256x240.png HTTP/1.1" 404 1089
186.103.156.24 - - [02/Mar/2016:12:10:08 -0300] "GET /cormun/static/Shared/jqueryui/images/ui-bg_flat_55_fafafa_40x100.png HTTP/1.1" 404 1097
186.103.156.24 - - [02/Mar/2016:12:10:08 -0300] "GET /cormun/static/Shared/jqueryui/images/ui-icons_8d78a5_256x240.png HTTP/1.1" 404 1089
186.103.156.24 - - [02/Mar/2016:12:10:09 -0300] "POST /cormun/servlet/trsolicitudot?ccbcbcf2b3ba78b1aabd16cb478f2e30,gx-no-cache=1456931606311,gx-no-cache=1456931785253 HTTP/1.1" 200 6344
186.103.156.24 - - [02/Mar/2016:12:10:15 -0300] "POST /cormun/servlet/trsolicitudot?ccbcbcf2b3ba78b1aabd16cb478f2e30,gx-no-cache=1456931606311,gx-no-cache=1456931792266 HTTP/1.1" 200 6179
186.103.156.24 - - [02/Mar/2016:12:10:15 -0300] "POST /cormun/servlet/trsolicitudot?ccbcbcf2b3ba78b1aabd16cb478f2e30,gx-no-cache=1456931606311,gx-no-cache=1456931792767 HTTP/1.1" 200 6120
186.103.156.24 - - [02/Mar/2016:12:10:24 -0300] "POST /cormun/servlet/trsolicitudot?ccbcbcf2b3ba78b1aabd16cb478f2e30,gx-no-cache=1456931606311,gx-no-cache=1456931452404 HTTP/1.1" 200 5940
186.103.156.24 - - [02/Mar/2016:12:10:25 -0300] "POST /cormun/servlet/trsolicitudot?ccbcbcf2b3ba78b1aabd16cb478f2e30,gx-no-cache=1456931606311,gx-no-cache=1456931453285 HTTP/1.1" 200 5880
186.103.157.246 - - [02/Mar/2016:12:10:26 -0300] "POST /cormun/servlet/trsolicitudot?5dde72f24db47df7606f50bbec570d2c,gx-no-cache=1456931456701 HTTP/1.1" 200 5451
186.103.157.246 - - [02/Mar/2016:12:10:26 -0300] "POST /cormun/servlet/trsolicitudot?5dde72f24db47df7606f50bbec570d2c,gx-no-cache=1456931457222 HTTP/1.1" 200 5453
186.103.157.246 - - [02/Mar/2016:12:10:26 -0300] "POST /cormun/servlet/trsolicitudot?5dde72f24db47df7606f50bbec570d2c,gx-no-cache=1456931457571 HTTP/1.1" 200 5452
186.103.157.246 - - [02/Mar/2016:12:10:27 -0300] "POST /cormun/servlet/trsolicitudot?5dde72f24db47df7606f50bbec570d2c,gx-no-cache=1456931457915 HTTP/1.1" 200 5453
186.103.157.246 - - [02/Mar/2016:12:10:27 -0300] "POST /cormun/servlet/trsolicitudot?5dde72f24db47df7606f50bbec570d2c,gx-no-cache=1456931458317 HTTP/1.1" 200 5452
186.103.157.246 - - [02/Mar/2016:12:10:27 -0300] "POST /cormun/servlet/trsolicitudot?5dde72f24db47df7606f50bbec570d2c,gx-no-cache=1456931458681 HTTP/1.1" 200 5452
186.103.157.246 - - [02/Mar/2016:12:10:28 -0300] "POST /cormun/servlet/trsolicitudot?5dde72f24db47df7606f50bbec570d2c,gx-no-cache=1456931459025 HTTP/1.1" 200 5453
186.103.156.24 - - [02/Mar/2016:12:10:28 -0300] "POST /cormun/servlet/trsolicitudot?ccbcbcf2b3ba78b1aabd16cb478f2e30,gx-no-cache=1456931606311,gx-no-cache=1456931456363 HTTP/1.1" 200 5703
186.103.157.246 - - [02/Mar/2016:12:10:28 -0300] "POST /cormun/servlet/trsolicitudot?5dde72f24db47df7606f50bbec570d2c,gx-no-cache=1456931459476 HTTP/1.1" 200 105
186.103.156.24 - - [02/Mar/2016:12:10:28 -0300] "POST /cormun/servlet/trsolicitudot?ccbcbcf2b3ba78b1aabd16cb478f2e30,gx-no-cache=1456931606311,gx-no-cache=1456931456902 HTTP/1.1" 200 5644
186.103.157.246 - - [02/Mar/2016:12:10:28 -0300] "GET /cormun/servlet/solicitudot?UPD,2016,346, HTTP/1.1" 200 12622
186.103.157.246 - - [02/Mar/2016:12:10:30 -0300] "POST /cormun/servlet/solicitudot?gx-no-cache=1456931461507 HTTP/1.1" 200 2774
186.103.157.246 - - [02/Mar/2016:12:10:31 -0300] "POST /cormun/servlet/solicitudot?5dde72f24db47df7606f50bbec570d2c,UPD,2016,346,,gx-no-cache=1456931461759 HTTP/1.1" 200 9047
186.103.156.24 - - [02/Mar/2016:12:10:31 -0300] "POST /cormun/servlet/trsolicitudot?ccbcbcf2b3ba78b1aabd16cb478f2e30,gx-no-cache=1456931606311,gx-no-cache=1456931459405 HTTP/1.1" 200 5327
186.103.157.246 - - [02/Mar/2016:12:10:31 -0300] "GET /cormun/servlet/solicitudot?0f3d567439e73de225fea6ae2d44c3f12d4294ad3b880044941f8492befdd7beac5cd63e2e4bcc2c6a60a4addc49390d,gx-no-cache=1456931462156 HTTP/1.1" 200 30
186.103.157.246 - - [02/Mar/2016:12:10:31 -0300] "POST /cormun/servlet/solicitudot?gx-no-cache=1456931462240 HTTP/1.1" 200 30
186.103.157.246 - - [02/Mar/2016:12:10:31 -0300] "POST /cormun/servlet/solicitudot?gx-no-cache=1456931462281 HTTP/1.1" 200 30
186.103.157.246 - - [02/Mar/2016:12:10:31 -0300] "POST /cormun/servlet/solicitudot?gx-no-cache=1456931462405 HTTP/1.1" 200 1154
