192.168.10.98 - - [02/Mar/2016:12:46:47 -0300] "GET /cormun/servlet/trsolicitudgral?58873165e3c99b11f1abcd2eabd68cf296acebaabe57bb86c337b7948793e4ce1c2f8be2b8d4d743a267fee30a04421a69c97be69999adeda1dae6fad4084738f2105eaac7fc13ce8a1172aa58f3c22250561b9e6c86d7633e7d39444f02420c,gx-no-cache=1456933360328 HTTP/1.1" 200 3135
192.168.10.89 - - [02/Mar/2016:12:46:52 -0300] "GET /cormun/servlet/solicitudot?a0aa4a93b251b77375e14a897772fd4ce4a3295c1b632d2f9c4e44ece267ee3fb3c8d6d1c033e6c2ea5f1bd737875349fd357e788ea9b649bd4d7390c2231da9e47149f61c4eb691f2366d615444793217cb999d45943fa7cdaa6fd42238c61463a1cfccd0a604a06154e2743a798f8e4308ee8bd7e631c62adf13005995ea1c7d0f73f09347e4c03f871cada4b989b0cf20fe707f998177d6213e68d503398bc4b0edc1a24a33a58897f5850196e1f3,gx-no-cache=1456933365226 HTTP/1.1" 200 30
192.168.10.89 - - [02/Mar/2016:12:46:52 -0300] "POST /cormun/servlet/solicitudot?4727321ebc824e2d23fdc9864680c278,UPD,2016,368,,gx-no-cache=1456933365271 HTTP/1.1" 200 93
192.168.10.89 - - [02/Mar/2016:12:46:52 -0300] "GET /cormun/servlet/hpexe_return? HTTP/1.1" 200 1012
192.168.10.89 - - [02/Mar/2016:12:46:52 -0300] "GET /cormun/servlet/trsolicitudot? HTTP/1.1" 200 7836
192.168.10.89 - - [02/Mar/2016:12:47:00 -0300] "POST /cormun/servlet/trsolicitudot?4727321ebc824e2d23fdc9864680c278,,gx-no-cache=1456933373322 HTTP/1.1" 200 5287
192.168.10.89 - - [02/Mar/2016:12:47:00 -0300] "POST /cormun/servlet/trsolicitudot?4727321ebc824e2d23fdc9864680c278,,gx-no-cache=1456933373597 HTTP/1.1" 200 5287
192.168.10.89 - - [02/Mar/2016:12:47:01 -0300] "POST /cormun/servlet/trsolicitudot?4727321ebc824e2d23fdc9864680c278,,gx-no-cache=1456933373942 HTTP/1.1" 200 5286
192.168.10.89 - - [02/Mar/2016:12:47:01 -0300] "POST /cormun/servlet/trsolicitudot?4727321ebc824e2d23fdc9864680c278,,gx-no-cache=1456933374322 HTTP/1.1" 200 5288
192.168.10.89 - - [02/Mar/2016:12:47:01 -0300] "POST /cormun/servlet/trsolicitudot?4727321ebc824e2d23fdc9864680c278,,gx-no-cache=1456933374763 HTTP/1.1" 200 5288
192.168.10.89 - - [02/Mar/2016:12:47:02 -0300] "POST /cormun/servlet/trsolicitudot?4727321ebc824e2d23fdc9864680c278,,gx-no-cache=1456933375221 HTTP/1.1" 200 5288
192.168.10.89 - - [02/Mar/2016:12:47:02 -0300] "POST /cormun/servlet/trsolicitudot?4727321ebc824e2d23fdc9864680c278,,gx-no-cache=1456933375751 HTTP/1.1" 200 5288
192.168.10.89 - - [02/Mar/2016:12:47:06 -0300] "POST /cormun/servlet/trsolicitudot?4727321ebc824e2d23fdc9864680c278,,gx-no-cache=1456933376497 HTTP/1.1" 200 4962
192.168.10.89 - - [02/Mar/2016:12:47:06 -0300] "POST /cormun/servlet/trsolicitudot?4727321ebc824e2d23fdc9864680c278,,gx-no-cache=1456933379807 HTTP/1.1" 200 4907
192.168.10.89 - - [02/Mar/2016:12:47:07 -0300] "GET /cormun/static/Shared/jqueryui/images/ui-icons_8d78a5_256x240.png HTTP/1.1" 404 1089
192.168.10.89 - - [02/Mar/2016:12:47:07 -0300] "GET /cormun/static/Shared/jqueryui/images/ui-bg_flat_55_fafafa_40x100.png HTTP/1.1" 404 1097
192.168.10.89 - - [02/Mar/2016:12:47:07 -0300] "GET /cormun/static/Shared/jqueryui/images/ui-bg_highlight-soft_100_c6c2c8_1x100.png HTTP/1.1" 404 1117
192.168.10.89 - - [02/Mar/2016:12:47:07 -0300] "GET /cormun/static/Shared/jqueryui/images/ui-icons_82798d_256x240.png HTTP/1.1" 404 1089
192.168.10.98 - - [02/Mar/2016:12:47:11 -0300] "POST /cormun/servlet/trsolicitudgral?a5ef76c73876a25ce4e755f4c48e4d8c,,gx-no-cache=1456933384268 HTTP/1.1" 200 8271
192.168.10.98 - - [02/Mar/2016:12:47:11 -0300] "GET /cormun/servlet/trsolicitudgral?58873165e3c99b11f1abcd2eabd68cf2aee0cef5d8a84f16a12c2c0e49055b2dd7ff876e86fe34294b5915d396628a0806d366fba034baab11647404dc138661d36b30e043881729a2a3f5501543561b79d4295fe175208a9c9a680798ab592d,gx-no-cache=1456933384790 HTTP/1.1" 200 5112
192.168.10.89 - - [02/Mar/2016:12:47:15 -0300] "POST /cormun/servlet/trsolicitudot?4727321ebc824e2d23fdc9864680c278,,gx-no-cache=1456933388013 HTTP/1.1" 200 3617
192.168.10.89 - - [02/Mar/2016:12:47:15 -0300] "POST /cormun/servlet/trsolicitudot?4727321ebc824e2d23fdc9864680c278,,gx-no-cache=1456933388676 HTTP/1.1" 200 3456
186.78.57.210 - - [02/Mar/2016:12:47:19 -0300] "GET /cormun/servlet/solicitudotadjuntos?INS,2016,374,,1, HTTP/1.1" 200 5398
186.78.57.210 - - [02/Mar/2016:12:47:20 -0300] "GET /cormun/static/about:blank HTTP/1.1" 404 1011
186.78.57.210 - - [02/Mar/2016:12:47:20 -0300] "GET /cormun/servlet/solicitudotadjuntos?INS,2016,374,,1, HTTP/1.1" 200 5392
186.78.57.210 - - [02/Mar/2016:12:47:20 -0300] "GET /cormun/servlet/solicitudotadjuntos?188b2a6fa1a4f42a563c7bd5264289c99830099290f97199c5f828ab1541d624cd9263f1f337daee3a77c4ef11c8dae9,gx-no-cache=1456933698492 HTTP/1.1" 200 30
186.78.57.210 - - [02/Mar/2016:12:47:22 -0300] "POST /cormun/servlet/solicitudotadjuntos?610a4fa714d47b0949fb8f0677692bfd,INS,2016,374,,1,,gx-no-cache=1456933699281 HTTP/1.1" 200 3328
192.168.10.98 - - [02/Mar/2016:12:47:26 -0300] "POST /cormun/servlet/trsolicitudgral?a5ef76c73876a25ce4e755f4c48e4d8c,,gx-no-cache=1456933399445 HTTP/1.1" 200 4435
192.168.10.98 - - [02/Mar/2016:12:47:26 -0300] "GET /cormun/servlet/trsolicitudgral?58873165e3c99b11f1abcd2eabd68cf2735356e311866ff0c2d0dfaed82951b95c13c20a52e4e1f57e90cd8b921449f8eeb3dcc4d374707b667e04b1a1a05a7fe93d88e972afc957769caf1cd4117c1f,gx-no-cache=1456933399843 HTTP/1.1" 200 605
192.168.10.98 - - [02/Mar/2016:12:47:29 -0300] "POST /cormun/servlet/trsolicitudgral?a5ef76c73876a25ce4e755f4c48e4d8c,,gx-no-cache=1456933402262 HTTP/1.1" 200 9129
186.78.57.210 - - [02/Mar/2016:12:47:29 -0300] "POST /cormun/servlet/solicitudotadjuntos?gx-no-cache=1456933707433 HTTP/1.1" 200 26
192.168.10.98 - - [02/Mar/2016:12:47:30 -0300] "GET /cormun/servlet/trsolicitudgral?58873165e3c99b11f1abcd2eabd68cf280bdb57751359796abf868187841a630e3e683898c3655ba4cb86a7fc027569380f3305eb7e4ae814744085c9807488243753b172f7520d3f1fc45051620cf92,gx-no-cache=1456933402986 HTTP/1.1" 200 6149
186.78.57.210 - - [02/Mar/2016:12:47:31 -0300] "GET /cormun/servlet/solicitudotadjuntos?188b2a6fa1a4f42a563c7bd5264289c93580fb7128afe3d97ed296141747404d,gx-no-cache=1456933709125 HTTP/1.1" 200 30
186.78.57.210 - - [02/Mar/2016:12:47:32 -0300] "GET /cormun/servlet/solicitudotadjuntos?188b2a6fa1a4f42a563c7bd5264289c93580fb7128afe3d97ed296141747404d,gx-no-cache=1456933709978 HTTP/1.1" 200 30
192.168.10.89 - - [02/Mar/2016:12:47:35 -0300] "GET /cormun/servlet/solicitudot?INS,0,0, HTTP/1.1" 200 11417
192.168.10.98 - - [02/Mar/2016:12:47:36 -0300] "POST /cormun/servlet/trsolicitudgral?a5ef76c73876a25ce4e755f4c48e4d8c,,gx-no-cache=1456933408869 HTTP/1.1" 200 4436
192.168.10.98 - - [02/Mar/2016:12:47:36 -0300] "GET /cormun/servlet/trsolicitudgral?58873165e3c99b11f1abcd2eabd68cf292b4ad1908e244cf597a1865b6583b7bb269ab2a0f07e0f2855dbb72656a2f98ac41e3aa95933cf614e6815dcf76233c38792686dd602dd30d1992b0443a908e50561b9e6c86d7633e7d39444f02420c,gx-no-cache=1456933409283 HTTP/1.1" 200 607
192.168.10.89 - - [02/Mar/2016:12:47:37 -0300] "GET /cormun/servlet/prfichaempleado?,MD,,gxPopupLevel%3D0%3B HTTP/1.1" 200 7910
186.78.57.210 - - [02/Mar/2016:12:47:38 -0300] "POST /cormun/servlet/solicitudotadjuntos?610a4fa714d47b0949fb8f0677692bfd,INS,2016,374,,1,,gx-no-cache=1456933711046 HTTP/1.1" 200 3171
192.168.10.89 - - [02/Mar/2016:12:47:40 -0300] "GET /cormun/servlet/prfichaempleado?a7ef2a281ed25fa1ea294218f874bbb8132b28cd64d80d607c62a06fbfc186ed0405e73d8054ed7cc574522bd118ad9fa89d9a5d1b5897f8698c3bcf447495c441648c083d496faf2a8bfc47b0f4eae0,gx-no-cache=1456933413696 HTTP/1.1" 200 460
192.168.10.89 - - [02/Mar/2016:12:47:42 -0300] "POST /cormun/servlet/prfichaempleado?4727321ebc824e2d23fdc9864680c278,,MD,,gxPopupLevel%3D0%3B,gx-no-cache=1456933415155 HTTP/1.1" 200 2874
192.168.10.98 - - [02/Mar/2016:12:47:43 -0300] "POST /cormun/servlet/trsolicitudgral?a5ef76c73876a25ce4e755f4c48e4d8c,,gx-no-cache=1456933415925 HTTP/1.1" 200 4437
192.168.10.98 - - [02/Mar/2016:12:47:43 -0300] "GET /cormun/servlet/trsolicitudgral?58873165e3c99b11f1abcd2eabd68cf2074c7ec19587d8f57723fba3218fe587e3e683898c3655ba4cb86a7fc0275693e4903539bfed8750e7306835788e53db9886e96f625617056f9d017101501824,gx-no-cache=1456933416334 HTTP/1.1" 200 607
192.168.10.98 - - [02/Mar/2016:12:47:46 -0300] "POST /cormun/servlet/trsolicitudgral?a5ef76c73876a25ce4e755f4c48e4d8c,,gx-no-cache=1456933419214 HTTP/1.1" 200 4436
192.168.10.98 - - [02/Mar/2016:12:47:46 -0300] "GET /cormun/servlet/trsolicitudgral?58873165e3c99b11f1abcd2eabd68cf2703f3fc8dee58d7942f04692dd823596e3e683898c3655ba4cb86a7fc0275693e4903539bfed8750e7306835788e53db9886e96f625617056f9d017101501824,gx-no-cache=1456933419621 HTTP/1.1" 200 607
192.168.10.89 - - [02/Mar/2016:12:47:47 -0300] "POST /cormun/servlet/solicitudot?gx-no-cache=1456933420449 HTTP/1.1" 200 2785
192.168.10.89 - - [02/Mar/2016:12:47:47 -0300] "POST /cormun/servlet/solicitudot?4727321ebc824e2d23fdc9864680c278,INS,0,0,,gx-no-cache=1456933420595 HTTP/1.1" 200 8386
192.168.10.98 - - [02/Mar/2016:12:47:48 -0300] "POST /cormun/servlet/trsolicitudgral?a5ef76c73876a25ce4e755f4c48e4d8c,,gx-no-cache=1456933421292 HTTP/1.1" 200 4434
192.168.10.98 - - [02/Mar/2016:12:47:48 -0300] "GET /cormun/servlet/trsolicitudgral?58873165e3c99b11f1abcd2eabd68cf2903ef30cdd2e077bd1bb0deaf458ce8ce3e683898c3655ba4cb86a7fc0275693e4903539bfed8750e7306835788e53db9886e96f625617056f9d017101501824,gx-no-cache=1456933421693 HTTP/1.1" 200 606
192.168.10.89 - - [02/Mar/2016:12:47:51 -0300] "GET /cormun/servlet/solicitudot?a0aa4a93b251b77375e14a897772fd4c72fc2206a40d8813a8ab5435c140ba474341ebb863901e6bc7c0e7465ab6b75e,gx-no-cache=1456933424115 HTTP/1.1" 200 30
192.168.10.89 - - [02/Mar/2016:12:47:51 -0300] "POST /cormun/servlet/solicitudot?gx-no-cache=1456933424152 HTTP/1.1" 200 30
192.168.10.89 - - [02/Mar/2016:12:47:52 -0300] "POST /cormun/servlet/solicitudot?gx-no-cache=1456933425773 HTTP/1.1" 200 30
192.168.10.98 - - [02/Mar/2016:12:47:54 -0300] "POST /cormun/servlet/trsolicitudgral?a5ef76c73876a25ce4e755f4c48e4d8c,,gx-no-cache=1456933426843 HTTP/1.1" 200 9129
192.168.10.98 - - [02/Mar/2016:12:47:55 -0300] "GET /cormun/servlet/trsolicitudgral?58873165e3c99b11f1abcd2eabd68cf280bdb57751359796abf868187841a630e3e683898c3655ba4cb86a7fc0275693e4903539bfed8750e7306835788e53db9886e96f625617056f9d017101501824,gx-no-cache=1456933427885 HTTP/1.1" 200 6149
192.168.10.89 - - [02/Mar/2016:12:47:55 -0300] "GET /cormun/servlet/prsolicitudot?17138580,,,,,MD,,gxPopupLevel%3D0%3B HTTP/1.1" 200 5596
192.168.10.89 - - [02/Mar/2016:12:47:59 -0300] "POST /cormun/servlet/solicitudot?gx-no-cache=1456933431973 HTTP/1.1" 200 1157
192.168.10.89 - - [02/Mar/2016:12:47:59 -0300] "GET /cormun/servlet/solicitudot?a0aa4a93b251b77375e14a897772fd4c66f0c577e9093c59e3ab2970327518a7f4c7c32826c360cf0545b3a6c9adc479238b1739ed11c15e787128880c04c805da870ec2903129f4e2f33b32b703ce952d4e09a689de515761e5c48eef438da50ba56c064a500689c9ed9a34d26a38da89c06c1114ab93701c8c9c2ec707236771554534ab24722658086e8ecaf3ec57,gx-no-cache=1456933432091 HTTP/1.1" 200 38
192.168.10.89 - - [02/Mar/2016:12:47:59 -0300] "GET /cormun/servlet/solicitudot?a0aa4a93b251b77375e14a897772fd4c5c4307f146dc021ce1c3ae0f7674f70b7fe221f7598ff3c3d536bd7bcec38d5ff2fb85ecf852421e31a23150a0feb7d866fc037b2b3cd306eff82c400109e95d1dcb303db9093c753cb1db1f25f2ec8ee133563606a9495ab18a14d702fc212e99317bbb27a7b04a467c9718acc57d2a935e7ec37a2ffc7cfd27d2ab440f81bc93026f163cb206a74c25a0c9a5f6f6ff46c7d7096064f9b6759a1aa046cbeee1bc87bd60f3f248b252ac99b278a1e868b70325b80be96beca5c631989a209304,gx-no-cache=1456933432113 HTTP/1.1" 200 29
192.168.10.89 - - [02/Mar/2016:12:47:59 -0300] "POST /cormun/servlet/solicitudot?gx-no-cache=1456933432150 HTTP/1.1" 200 1116
192.168.10.98 - - [02/Mar/2016:12:48:00 -0300] "POST /cormun/servlet/trsolicitudgral?a5ef76c73876a25ce4e755f4c48e4d8c,,gx-no-cache=1456933433515 HTTP/1.1" 200 6072
192.168.10.98 - - [02/Mar/2016:12:48:01 -0300] "GET /cormun/servlet/trsolicitudgral?58873165e3c99b11f1abcd2eabd68cf296acebaabe57bb86c337b7948793e4ceb269ab2a0f07e0f2855dbb72656a2f98ac41e3aa95933cf614e6815dcf76233c38792686dd602dd30d1992b0443a908e50561b9e6c86d7633e7d39444f02420c,gx-no-cache=1456933434007 HTTP/1.1" 200 2437
186.103.156.24 - - [02/Mar/2016:12:48:05 -0300] "GET /cormun/servlet/solicitudot?c061217da15d80d704d54ea88470517189e409ce237f0e47b3a55e1c50fad3800a1b701180843f749c5fd86f6ee1c385474bb4268910de436d26b0c44c53ed392b1cc6c11882a04dc40e2c1446e2583f80510858499c7bcb7da3021a4325a5d69eafc7bda26e2aae97c029e90ecb2437,gx-no-cache=1456933961260 HTTP/1.1" 200 29
186.103.156.24 - - [02/Mar/2016:12:48:07 -0300] "POST /cormun/servlet/solicitudot?gx-no-cache=1456933963593 HTTP/1.1" 200 1116
192.168.10.98 - - [02/Mar/2016:12:48:16 -0300] "POST /cormun/servlet/trsolicitudgral?a5ef76c73876a25ce4e755f4c48e4d8c,,gx-no-cache=1456933449237 HTTP/1.1" 200 8271
192.168.10.98 - - [02/Mar/2016:12:48:17 -0300] "GET /cormun/servlet/trsolicitudgral?58873165e3c99b11f1abcd2eabd68cf2aee0cef5d8a84f16a12c2c0e49055b2da5b0e8bc85a546bb3a7d5fbd1270789506d366fba034baab11647404dc138661d36b30e043881729a2a3f5501543561b79d4295fe175208a9c9a680798ab592d,gx-no-cache=1456933450254 HTTP/1.1" 200 5112
192.168.10.89 - - [02/Mar/2016:12:48:18 -0300] "GET /cormun/servlet/solicitudot?a0aa4a93b251b77375e14a897772fd4ce4a3295c1b632d2f9c4e44ece267ee3fb73138d3a277d586d344e70255f86d1f4d9f1e52eaf947353abf244f7874dc0eaa5e1f176072a728714d1a5833924efb9c9f5e3a3b3824129e23d5f31bda8415b064a6dff9d9582b1cbe511e2f1858800578427e2fb820c81840bc78f9d82ac9edd2c40cf6b0df11d2a836032b6651e61d03b29075d19512f31cd4e870f54ebc62009dadcf5f5259759ccdcec0c1cd62,gx-no-cache=1456933451203 HTTP/1.1" 200 30
192.168.10.89 - - [02/Mar/2016:12:48:21 -0300] "POST /cormun/servlet/solicitudot?4727321ebc824e2d23fdc9864680c278,INS,0,0,,gx-no-cache=1456933454448 HTTP/1.1" 200 9301
192.168.10.89 - - [02/Mar/2016:12:48:21 -0300] "GET /cormun/static/Shared/jqueryui/images/ui-bg_flat_55_994d53_40x100.png HTTP/1.1" 404 1097
192.168.10.89 - - [02/Mar/2016:12:48:21 -0300] "GET /cormun/static/Shared/jqueryui/images/ui-icons_ebccce_256x240.png HTTP/1.1" 404 1089
192.168.10.89 - - [02/Mar/2016:12:48:21 -0300] "GET /cormun/static/Shared/jqueryui/images/ui-bg_highlight-soft_100_c6c2c8_1x100.png HTTP/1.1" 404 1117
192.168.10.89 - - [02/Mar/2016:12:48:21 -0300] "GET /cormun/static/Shared/jqueryui/images/ui-icons_82798d_256x240.png HTTP/1.1" 404 1089
186.78.57.210 - - [02/Mar/2016:12:48:23 -0300] "POST /cormun/servlet/solicitudotadjuntos?gx-no-cache=1456933760950 HTTP/1.1" 200 26
186.78.57.210 - - [02/Mar/2016:12:48:24 -0300] "GET /cormun/servlet/solicitudotadjuntos?188b2a6fa1a4f42a563c7bd5264289c93580fb7128afe3d97ed296141747404d,gx-no-cache=1456933762680 HTTP/1.1" 200 30
186.78.57.210 - - [02/Mar/2016:12:48:24 -0300] "GET /cormun/servlet/solicitudotadjuntos?188b2a6fa1a4f42a563c7bd5264289c93580fb7128afe3d97ed296141747404d,gx-no-cache=1456933763226 HTTP/1.1" 200 30
192.168.10.89 - - [02/Mar/2016:12:48:28 -0300] "GET /cormun/servlet/solicitudot?a0aa4a93b251b77375e14a897772fd4ce4a3295c1b632d2f9c4e44ece267ee3fb73138d3a277d586d344e70255f86d1f4d9f1e52eaf947353abf244f7874dc0eaa5e1f176072a728714d1a5833924efb9c9f5e3a3b3824129e23d5f31bda8415b064a6dff9d9582b1cbe511e2f1858800578427e2fb820c81840bc78f9d82ac9edd2c40cf6b0df11d2a836032b6651e61d03b29075d19512f31cd4e870f54ebca7e444040799b7977cd3bf04cc371773,gx-no-cache=1456933461542 HTTP/1.1" 200 30
192.168.10.89 - - [02/Mar/2016:12:48:28 -0300] "POST /cormun/servlet/solicitudot?4727321ebc824e2d23fdc9864680c278,INS,0,0,,gx-no-cache=1456933461578 HTTP/1.1" 200 93
192.168.10.89 - - [02/Mar/2016:12:48:28 -0300] "GET /cormun/servlet/hpexe_return? HTTP/1.1" 200 1007
192.168.10.89 - - [02/Mar/2016:12:48:29 -0300] "GET /cormun/servlet/trsolicitudot? HTTP/1.1" 200 7494
192.168.10.89 - - [02/Mar/2016:12:48:35 -0300] "POST /cormun/servlet/trsolicitudot?4727321ebc824e2d23fdc9864680c278,,gx-no-cache=1456933468292 HTTP/1.1" 200 4929
192.168.10.89 - - [02/Mar/2016:12:48:35 -0300] "POST /cormun/servlet/trsolicitudot?4727321ebc824e2d23fdc9864680c278,,gx-no-cache=1456933468549 HTTP/1.1" 200 4929
192.168.10.89 - - [02/Mar/2016:12:48:36 -0300] "POST /cormun/servlet/trsolicitudot?4727321ebc824e2d23fdc9864680c278,,gx-no-cache=1456933468873 HTTP/1.1" 200 4929
192.168.10.89 - - [02/Mar/2016:12:48:36 -0300] "POST /cormun/servlet/trsolicitudot?4727321ebc824e2d23fdc9864680c278,,gx-no-cache=1456933469220 HTTP/1.1" 200 4929
192.168.10.89 - - [02/Mar/2016:12:48:36 -0300] "POST /cormun/servlet/trsolicitudot?4727321ebc824e2d23fdc9864680c278,,gx-no-cache=1456933469621 HTTP/1.1" 200 4929
186.78.57.210 - - [02/Mar/2016:12:48:37 -0300] "POST /cormun/servlet/solicitudotadjuntos?610a4fa714d47b0949fb8f0677692bfd,INS,2016,374,,1, HTTP/1.1" 200 116
192.168.10.89 - - [02/Mar/2016:12:48:37 -0300] "POST /cormun/servlet/trsolicitudot?4727321ebc824e2d23fdc9864680c278,,gx-no-cache=1456933470078 HTTP/1.1" 200 4928
186.78.57.210 - - [02/Mar/2016:12:48:37 -0300] "GET /cormun/servlet/hpexe_return? HTTP/1.1" 200 1024
192.168.10.89 - - [02/Mar/2016:12:48:37 -0300] "POST /cormun/servlet/trsolicitudot?4727321ebc824e2d23fdc9864680c278,,gx-no-cache=1456933470552 HTTP/1.1" 200 4928
186.78.57.210 - - [02/Mar/2016:12:48:38 -0300] "GET /cormun/servlet/trsolicitudadjuntos?2016,374, HTTP/1.1" 200 7406
186.78.57.210 - - [02/Mar/2016:12:48:39 -0300] "GET /cormun/servlet/trsolicitudadjuntos?2016,374, HTTP/1.1" 200 7402
192.168.10.89 - - [02/Mar/2016:12:48:40 -0300] "POST /cormun/servlet/trsolicitudot?4727321ebc824e2d23fdc9864680c278,,gx-no-cache=1456933471064 HTTP/1.1" 200 3612
192.168.10.89 - - [02/Mar/2016:12:48:41 -0300] "POST /cormun/servlet/trsolicitudot?4727321ebc824e2d23fdc9864680c278,,gx-no-cache=1456933473922 HTTP/1.1" 200 3455
192.168.10.89 - - [02/Mar/2016:12:48:41 -0300] "GET /cormun/static/Shared/jqueryui/images/ui-icons_8d78a5_256x240.png HTTP/1.1" 404 1089
192.168.10.89 - - [02/Mar/2016:12:48:41 -0300] "GET /cormun/static/Shared/jqueryui/images/ui-icons_82798d_256x240.png HTTP/1.1" 404 1089
192.168.10.89 - - [02/Mar/2016:12:48:41 -0300] "GET /cormun/static/Shared/jqueryui/images/ui-bg_highlight-soft_100_c6c2c8_1x100.png HTTP/1.1" 404 1117
192.168.10.89 - - [02/Mar/2016:12:48:41 -0300] "GET /cormun/static/Shared/jqueryui/images/ui-bg_flat_55_fafafa_40x100.png HTTP/1.1" 404 1097
186.103.156.24 - - [02/Mar/2016:12:48:42 -0300] "GET /cormun/static/menuarrow.gif HTTP/1.1" 404 1015
186.78.57.210 - - [02/Mar/2016:12:48:46 -0300] "GET /cormun/servlet/solicitudotadjuntos?INS,2016,374,,1, HTTP/1.1" 200 5397
186.78.57.210 - - [02/Mar/2016:12:48:47 -0300] "GET /cormun/static/about:blank HTTP/1.1" 404 1011
186.78.57.210 - - [02/Mar/2016:12:48:47 -0300] "GET /cormun/servlet/solicitudotadjuntos?INS,2016,374,,1, HTTP/1.1" 200 5391
186.78.57.210 - - [02/Mar/2016:12:48:48 -0300] "GET /cormun/servlet/solicitudotadjuntos?188b2a6fa1a4f42a563c7bd5264289c99830099290f97199c5f828ab1541d624cd9263f1f337daee3a77c4ef11c8dae9,gx-no-cache=1456933786532 HTTP/1.1" 200 30
186.78.57.210 - - [02/Mar/2016:12:48:48 -0300] "POST /cormun/servlet/solicitudotadjuntos?610a4fa714d47b0949fb8f0677692bfd,INS,2016,374,,1,,gx-no-cache=1456933786940 HTTP/1.1" 200 3327
186.78.57.210 - - [02/Mar/2016:12:48:50 -0300] "POST /cormun/servlet/solicitudotadjuntos?gx-no-cache=1456933788918 HTTP/1.1" 200 26
192.168.10.89 - - [02/Mar/2016:12:48:54 -0300] "GET /cormun/servlet/hlogin HTTP/1.1" 200 1734
186.103.156.24 - - [02/Mar/2016:12:48:56 -0300] "GET /cormun/servlet/solicitudot?c061217da15d80d704d54ea8847051711e2246b63736f0940ce704fa4b515584ace80b366d1db25439e870901c4c4465a7abfc7af8b4f5733a57c9af6b19b9c493221a132488c13caf11811f2859f66b95649cafde92220530a0b90352d786e76e53d625520dbb1c9c0e18fa0f35061a050ec82bde66c6b5f40de69c272ca8e45b265c219312dadff16fa53252b75206532fe1ebf62bc5437546e70fd6667dad07dc54921ed8e4ceceab146674b9fdd0,gx-no-cache=1456934018409 HTTP/1.1" 200 30
192.168.10.98 - - [02/Mar/2016:12:49:03 -0300] "POST /cormun/servlet/trsolicitudgral?a5ef76c73876a25ce4e755f4c48e4d8c,,gx-no-cache=1456933495826 HTTP/1.1" 200 4436
192.168.10.98 - - [02/Mar/2016:12:49:03 -0300] "GET /cormun/servlet/trsolicitudgral?58873165e3c99b11f1abcd2eabd68cf2703f3fc8dee58d7942f04692dd8235965c13c20a52e4e1f57e90cd8b921449f8eeb3dcc4d374707b667e04b1a1a05a7fe93d88e972afc957769caf1cd4117c1f,gx-no-cache=1456933496229 HTTP/1.1" 200 606
192.168.10.98 - - [02/Mar/2016:12:49:06 -0300] "POST /cormun/servlet/trsolicitudgral?a5ef76c73876a25ce4e755f4c48e4d8c,,gx-no-cache=1456933498907 HTTP/1.1" 200 4437
192.168.10.98 - - [02/Mar/2016:12:49:06 -0300] "GET /cormun/servlet/trsolicitudgral?58873165e3c99b11f1abcd2eabd68cf2074c7ec19587d8f57723fba3218fe587e3e683898c3655ba4cb86a7fc027569380f3305eb7e4ae814744085c9807488243753b172f7520d3f1fc45051620cf92,gx-no-cache=1456933499311 HTTP/1.1" 200 607
192.168.10.98 - - [02/Mar/2016:12:49:08 -0300] "POST /cormun/servlet/trsolicitudgral?a5ef76c73876a25ce4e755f4c48e4d8c,,gx-no-cache=1456933501237 HTTP/1.1" 200 4436
186.78.57.210 - - [02/Mar/2016:12:49:08 -0300] "GET /cormun/servlet/solicitudotadjuntos?188b2a6fa1a4f42a563c7bd5264289c93580fb7128afe3d97ed296141747404d,gx-no-cache=1456933807068 HTTP/1.1" 200 30
192.168.10.98 - - [02/Mar/2016:12:49:08 -0300] "GET /cormun/servlet/trsolicitudgral?58873165e3c99b11f1abcd2eabd68cf2703f3fc8dee58d7942f04692dd823596e3e683898c3655ba4cb86a7fc027569380f3305eb7e4ae814744085c9807488243753b172f7520d3f1fc45051620cf92,gx-no-cache=1456933501642 HTTP/1.1" 200 606
186.78.57.210 - - [02/Mar/2016:12:49:08 -0300] "GET /cormun/servlet/solicitudotadjuntos?188b2a6fa1a4f42a563c7bd5264289c93580fb7128afe3d97ed296141747404d,gx-no-cache=1456933807199 HTTP/1.1" 200 30
192.168.10.98 - - [02/Mar/2016:12:49:10 -0300] "POST /cormun/servlet/trsolicitudgral?a5ef76c73876a25ce4e755f4c48e4d8c,,gx-no-cache=1456933503224 HTTP/1.1" 200 4437
192.168.10.98 - - [02/Mar/2016:12:49:10 -0300] "GET /cormun/servlet/trsolicitudgral?58873165e3c99b11f1abcd2eabd68cf2074c7ec19587d8f57723fba3218fe587e3e683898c3655ba4cb86a7fc027569380f3305eb7e4ae814744085c9807488243753b172f7520d3f1fc45051620cf92,gx-no-cache=1456933503630 HTTP/1.1" 200 607
192.168.10.98 - - [02/Mar/2016:12:49:13 -0300] "POST /cormun/servlet/trsolicitudgral?a5ef76c73876a25ce4e755f4c48e4d8c,,gx-no-cache=1456933506551 HTTP/1.1" 200 4436
200.30.209.241 - - [02/Mar/2016:12:49:13 -0300] "GET /cormun/servlet/hlogin HTTP/1.1" 200 1720
192.168.10.98 - - [02/Mar/2016:12:49:14 -0300] "GET /cormun/servlet/trsolicitudgral?58873165e3c99b11f1abcd2eabd68cf2703f3fc8dee58d7942f04692dd823596e3e683898c3655ba4cb86a7fc027569380f3305eb7e4ae814744085c9807488243753b172f7520d3f1fc45051620cf92,gx-no-cache=1456933506954 HTTP/1.1" 200 606
192.168.10.98 - - [02/Mar/2016:12:49:15 -0300] "POST /cormun/servlet/trsolicitudgral?a5ef76c73876a25ce4e755f4c48e4d8c,,gx-no-cache=1456933508712 HTTP/1.1" 200 4435
192.168.10.98 - - [02/Mar/2016:12:49:16 -0300] "GET /cormun/servlet/trsolicitudgral?58873165e3c99b11f1abcd2eabd68cf2903ef30cdd2e077bd1bb0deaf458ce8ce3e683898c3655ba4cb86a7fc027569380f3305eb7e4ae814744085c9807488243753b172f7520d3f1fc45051620cf92,gx-no-cache=1456933509119 HTTP/1.1" 200 605
192.168.10.98 - - [02/Mar/2016:12:49:18 -0300] "POST /cormun/servlet/trsolicitudgral?a5ef76c73876a25ce4e755f4c48e4d8c,,gx-no-cache=1456933511702 HTTP/1.1" 200 4436
192.168.10.98 - - [02/Mar/2016:12:49:19 -0300] "GET /cormun/servlet/trsolicitudgral?58873165e3c99b11f1abcd2eabd68cf292b4ad1908e244cf597a1865b6583b7be3e683898c3655ba4cb86a7fc027569380f3305eb7e4ae814744085c9807488243753b172f7520d3f1fc45051620cf92,gx-no-cache=1456933512101 HTTP/1.1" 200 606
186.78.57.210 - - [02/Mar/2016:12:49:21 -0300] "POST /cormun/servlet/solicitudotadjuntos?610a4fa714d47b0949fb8f0677692bfd,INS,2016,374,,1, HTTP/1.1" 200 116
186.78.57.210 - - [02/Mar/2016:12:49:21 -0300] "GET /cormun/servlet/hpexe_return? HTTP/1.1" 200 1024
186.78.57.210 - - [02/Mar/2016:12:49:22 -0300] "GET /cormun/servlet/trsolicitudadjuntos?2016,374, HTTP/1.1" 200 7539
186.78.57.210 - - [02/Mar/2016:12:49:22 -0300] "GET /cormun/servlet/trsolicitudadjuntos?2016,374, HTTP/1.1" 200 7539
192.168.10.98 - - [02/Mar/2016:12:49:24 -0300] "POST /cormun/servlet/trsolicitudgral?a5ef76c73876a25ce4e755f4c48e4d8c,,gx-no-cache=1456933517285 HTTP/1.1" 200 4436
192.168.10.98 - - [02/Mar/2016:12:49:24 -0300] "GET /cormun/servlet/trsolicitudgral?58873165e3c99b11f1abcd2eabd68cf2074c7ec19587d8f57723fba3218fe587e3e683898c3655ba4cb86a7fc027569380f3305eb7e4ae814744085c9807488243753b172f7520d3f1fc45051620cf92,gx-no-cache=1456933517681 HTTP/1.1" 200 607
192.168.10.98 - - [02/Mar/2016:12:49:27 -0300] "POST /cormun/servlet/trsolicitudgral?a5ef76c73876a25ce4e755f4c48e4d8c,,gx-no-cache=1456933519889 HTTP/1.1" 200 4436
192.168.10.98 - - [02/Mar/2016:12:49:27 -0300] "GET /cormun/servlet/trsolicitudgral?58873165e3c99b11f1abcd2eabd68cf2703f3fc8dee58d7942f04692dd823596e3e683898c3655ba4cb86a7fc027569380f3305eb7e4ae814744085c9807488243753b172f7520d3f1fc45051620cf92,gx-no-cache=1456933520301 HTTP/1.1" 200 606
192.168.10.98 - - [02/Mar/2016:12:49:29 -0300] "POST /cormun/servlet/trsolicitudgral?a5ef76c73876a25ce4e755f4c48e4d8c,,gx-no-cache=1456933522333 HTTP/1.1" 200 4435
192.168.10.98 - - [02/Mar/2016:12:49:29 -0300] "GET /cormun/servlet/trsolicitudgral?58873165e3c99b11f1abcd2eabd68cf2735356e311866ff0c2d0dfaed82951b9e3e683898c3655ba4cb86a7fc027569380f3305eb7e4ae814744085c9807488243753b172f7520d3f1fc45051620cf92,gx-no-cache=1456933522734 HTTP/1.1" 200 605
200.30.209.241 - - [02/Mar/2016:12:49:30 -0300] "POST /cormun/servlet/hlogin?35a5a300eb430605080711524fcb2cfd,gx-no-cache=1456933800882 HTTP/1.1" 200 90
200.30.209.241 - - [02/Mar/2016:12:49:30 -0300] "GET /cormun/servlet/hpexe_link HTTP/1.1" 200 974
200.30.209.241 - - [02/Mar/2016:12:49:30 -0300] "GET /cormun/servlet/solicitudotadjuntos?INS,2016,365,,1, HTTP/1.1" 200 5568
200.30.209.241 - - [02/Mar/2016:12:49:31 -0300] "GET /cormun/static/about:blank HTTP/1.1" 404 1011
200.30.209.241 - - [02/Mar/2016:12:49:31 -0300] "GET /cormun/servlet/solicitudotadjuntos?INS,2016,365,,1, HTTP/1.1" 200 5567
200.30.209.241 - - [02/Mar/2016:12:49:32 -0300] "GET /cormun/servlet/solicitudotadjuntos?f4e499fc06ce276d74c0ddbc347234b18eea434b3e95a1cd4cdc348d1469adefb6e38984edbdb693c44706473a77f918,gx-no-cache=1456933802818 HTTP/1.1" 200 30
200.30.209.241 - - [02/Mar/2016:12:49:32 -0300] "POST /cormun/servlet/solicitudotadjuntos?35a5a300eb430605080711524fcb2cfd,INS,2016,365,,1,,gx-no-cache=1456933802931 HTTP/1.1" 200 3373
192.168.10.98 - - [02/Mar/2016:12:49:34 -0300] "POST /cormun/servlet/trsolicitudgral?a5ef76c73876a25ce4e755f4c48e4d8c,,gx-no-cache=1456933527571 HTTP/1.1" 200 8271
192.168.10.98 - - [02/Mar/2016:12:49:36 -0300] "GET /cormun/servlet/trsolicitudgral?58873165e3c99b11f1abcd2eabd68cf2aee0cef5d8a84f16a12c2c0e49055b2de3e683898c3655ba4cb86a7fc027569380f3305eb7e4ae814744085c9807488243753b172f7520d3f1fc45051620cf92,gx-no-cache=1456933529150 HTTP/1.1" 200 5112
192.168.10.98 - - [02/Mar/2016:12:49:40 -0300] "POST /cormun/servlet/trsolicitudgral?a5ef76c73876a25ce4e755f4c48e4d8c,,gx-no-cache=1456933533469 HTTP/1.1" 200 6072
192.168.10.98 - - [02/Mar/2016:12:49:41 -0300] "GET /cormun/servlet/trsolicitudgral?58873165e3c99b11f1abcd2eabd68cf296acebaabe57bb86c337b7948793e4ce5c13c20a52e4e1f57e90cd8b921449f8eeb3dcc4d374707b667e04b1a1a05a7fe93d88e972afc957769caf1cd4117c1f,gx-no-cache=1456933534111 HTTP/1.1" 200 2437
200.30.209.241 - - [02/Mar/2016:12:49:41 -0300] "POST /cormun/servlet/solicitudotadjuntos?gx-no-cache=1456933811873 HTTP/1.1" 200 26
192.168.10.98 - - [02/Mar/2016:12:49:45 -0300] "POST /cormun/servlet/trsolicitudgral?a5ef76c73876a25ce4e755f4c48e4d8c,,gx-no-cache=1456933538131 HTTP/1.1" 200 4436
192.168.10.98 - - [02/Mar/2016:12:49:45 -0300] "GET /cormun/servlet/trsolicitudgral?58873165e3c99b11f1abcd2eabd68cf292b4ad1908e244cf597a1865b6583b7ba5b0e8bc85a546bb3a7d5fbd1270789506d366fba034baab11647404dc138661d36b30e043881729a2a3f5501543561b79d4295fe175208a9c9a680798ab592d,gx-no-cache=1456933538532 HTTP/1.1" 200 608
192.168.10.98 - - [02/Mar/2016:12:49:47 -0300] "POST /cormun/servlet/trsolicitudgral?a5ef76c73876a25ce4e755f4c48e4d8c,,gx-no-cache=1456933540422 HTTP/1.1" 200 8272
192.168.10.98 - - [02/Mar/2016:12:49:49 -0300] "GET /cormun/servlet/trsolicitudgral?58873165e3c99b11f1abcd2eabd68cf2aee0cef5d8a84f16a12c2c0e49055b2de3e683898c3655ba4cb86a7fc027569306d366fba034baab11647404dc138661d36b30e043881729a2a3f5501543561b79d4295fe175208a9c9a680798ab592d,gx-no-cache=1456933542193 HTTP/1.1" 200 5112
200.30.209.241 - - [02/Mar/2016:12:49:49 -0300] "GET /cormun/servlet/solicitudotadjuntos?f4e499fc06ce276d74c0ddbc347234b1a010afdba3f3476ed8d218f25dffe7cb,gx-no-cache=1456933820124 HTTP/1.1" 200 30
200.30.209.241 - - [02/Mar/2016:12:49:49 -0300] "GET /cormun/servlet/solicitudotadjuntos?f4e499fc06ce276d74c0ddbc347234b1a010afdba3f3476ed8d218f25dffe7cb,gx-no-cache=1456933820183 HTTP/1.1" 200 30
186.103.156.24 - - [02/Mar/2016:12:49:57 -0300] "POST /cormun/servlet/solicitudot?23520643cb39ab09adb4cf2f669d17d1,INS,0,0,,gx-no-cache=1456934088086 HTTP/1.1" 200 93
186.103.156.24 - - [02/Mar/2016:12:49:58 -0300] "GET /cormun/servlet/hpexe_return? HTTP/1.1" 200 1010
186.103.156.24 - - [02/Mar/2016:12:49:59 -0300] "GET /cormun/servlet/trsolicitudot HTTP/1.1" 200 7401
186.103.156.24 - - [02/Mar/2016:12:49:59 -0300] "GET /cormun/servlet/trsolicitudot HTTP/1.1" 200 7398
186.103.156.24 - - [02/Mar/2016:12:50:05 -0300] "POST /cormun/servlet/trsolicitudot?23520643cb39ab09adb4cf2f669d17d1,gx-no-cache=1456934095372 HTTP/1.1" 200 4720
186.103.156.24 - - [02/Mar/2016:12:50:05 -0300] "POST /cormun/servlet/trsolicitudot?23520643cb39ab09adb4cf2f669d17d1,gx-no-cache=1456934096284 HTTP/1.1" 200 4721
186.103.156.24 - - [02/Mar/2016:12:50:05 -0300] "POST /cormun/servlet/trsolicitudot?23520643cb39ab09adb4cf2f669d17d1,gx-no-cache=1456934096459 HTTP/1.1" 200 4721
186.103.156.24 - - [02/Mar/2016:12:50:05 -0300] "POST /cormun/servlet/trsolicitudot?23520643cb39ab09adb4cf2f669d17d1,gx-no-cache=1456934096644 HTTP/1.1" 200 4721
186.103.156.24 - - [02/Mar/2016:12:50:06 -0300] "POST /cormun/servlet/trsolicitudot?23520643cb39ab09adb4cf2f669d17d1,gx-no-cache=1456934096853 HTTP/1.1" 200 4721
186.103.156.24 - - [02/Mar/2016:12:50:06 -0300] "POST /cormun/servlet/trsolicitudot?23520643cb39ab09adb4cf2f669d17d1,gx-no-cache=1456934097086 HTTP/1.1" 200 4720
186.103.156.24 - - [02/Mar/2016:12:50:06 -0300] "POST /cormun/servlet/trsolicitudot?23520643cb39ab09adb4cf2f669d17d1,gx-no-cache=1456934097282 HTTP/1.1" 200 4720
186.103.156.24 - - [02/Mar/2016:12:50:06 -0300] "POST /cormun/servlet/trsolicitudot?23520643cb39ab09adb4cf2f669d17d1,gx-no-cache=1456934097479 HTTP/1.1" 200 106
186.103.156.24 - - [02/Mar/2016:12:50:06 -0300] "GET /cormun/servlet/trsolicitudadjuntos?2016,376, HTTP/1.1" 200 5417
186.103.156.24 - - [02/Mar/2016:12:50:07 -0300] "GET /cormun/servlet/trsolicitudadjuntos?2016,376, HTTP/1.1" 200 5417
186.103.156.24 - - [02/Mar/2016:12:50:12 -0300] "GET /cormun/servlet/solicitudotadjuntos?INS,2016,376,,1, HTTP/1.1" 200 5503
186.103.156.24 - - [02/Mar/2016:12:50:12 -0300] "GET /cormun/static/about:blank HTTP/1.1" 404 1011
186.103.156.24 - - [02/Mar/2016:12:50:12 -0300] "GET /cormun/servlet/solicitudotadjuntos?INS,2016,376,,1, HTTP/1.1" 200 5497
186.103.156.24 - - [02/Mar/2016:12:50:13 -0300] "GET /cormun/servlet/solicitudotadjuntos?c061217da15d80d704d54ea88470517158b8d86a43aa309ad6dc48302f1876160e53fc94554a6bbfbcf1c2efe755641a,gx-no-cache=1456934104992 HTTP/1.1" 200 30
186.103.156.24 - - [02/Mar/2016:12:50:13 -0300] "POST /cormun/servlet/solicitudotadjuntos?23520643cb39ab09adb4cf2f669d17d1,INS,2016,376,,1,,gx-no-cache=1456934105023 HTTP/1.1" 200 3380
186.103.156.24 - - [02/Mar/2016:12:50:18 -0300] "POST /cormun/servlet/solicitudotadjuntos?gx-no-cache=1456934110340 HTTP/1.1" 200 26
186.78.57.210 - - [02/Mar/2016:12:50:24 -0300] "GET /cormun/servlet/solicitudotadjuntos?INS,2016,374,,1, HTTP/1.1" 200 5398
186.78.57.210 - - [02/Mar/2016:12:50:24 -0300] "GET /cormun/static/about:blank HTTP/1.1" 404 1011
186.78.57.210 - - [02/Mar/2016:12:50:24 -0300] "GET /cormun/servlet/solicitudotadjuntos?INS,2016,374,,1, HTTP/1.1" 200 5392
186.78.57.210 - - [02/Mar/2016:12:50:25 -0300] "GET /cormun/servlet/solicitudotadjuntos?188b2a6fa1a4f42a563c7bd5264289c99830099290f97199c5f828ab1541d624cd9263f1f337daee3a77c4ef11c8dae9,gx-no-cache=1456933883652 HTTP/1.1" 200 30
186.78.57.210 - - [02/Mar/2016:12:50:25 -0300] "POST /cormun/servlet/solicitudotadjuntos?610a4fa714d47b0949fb8f0677692bfd,INS,2016,374,,1,,gx-no-cache=1456933883914 HTTP/1.1" 200 3327
186.103.156.24 - - [02/Mar/2016:12:50:28 -0300] "POST /cormun/servlet/solicitudotadjuntos?gx-no-cache=1456934121742 HTTP/1.1" 200 26
186.78.57.210 - - [02/Mar/2016:12:50:29 -0300] "POST /cormun/servlet/solicitudotadjuntos?gx-no-cache=1456933887782 HTTP/1.1" 200 26
186.103.156.24 - - [02/Mar/2016:12:50:34 -0300] "GET /cormun/servlet/solicitudotadjuntos?c061217da15d80d704d54ea884705171992c28d51465a1de98e4ad378fcd7477,gx-no-cache=1456934128412 HTTP/1.1" 200 30
186.103.156.24 - - [02/Mar/2016:12:50:34 -0300] "GET /cormun/servlet/solicitudotadjuntos?c061217da15d80d704d54ea884705171992c28d51465a1de98e4ad378fcd7477,gx-no-cache=1456934128455 HTTP/1.1" 200 30
186.103.156.24 - - [02/Mar/2016:12:50:35 -0300] "POST /cormun/servlet/solicitudotadjuntos?23520643cb39ab09adb4cf2f669d17d1,INS,2016,376,,1, HTTP/1.1" 200 116
186.103.156.24 - - [02/Mar/2016:12:50:36 -0300] "GET /cormun/servlet/hpexe_return? HTTP/1.1" 200 1029
186.103.156.24 - - [02/Mar/2016:12:50:36 -0300] "GET /cormun/servlet/trsolicitudadjuntos?2016,376, HTTP/1.1" 200 7303
186.103.156.24 - - [02/Mar/2016:12:50:37 -0300] "GET /cormun/servlet/trsolicitudadjuntos?2016,376, HTTP/1.1" 200 7300
186.103.156.24 - - [02/Mar/2016:12:50:41 -0300] "GET /cormun/servlet/solicitudotadjuntos?INS,2016,376,,1, HTTP/1.1" 200 5503
186.103.156.24 - - [02/Mar/2016:12:50:41 -0300] "GET /cormun/static/about:blank HTTP/1.1" 404 1011
186.103.156.24 - - [02/Mar/2016:12:50:41 -0300] "GET /cormun/servlet/solicitudotadjuntos?INS,2016,376,,1, HTTP/1.1" 200 5497
186.103.156.24 - - [02/Mar/2016:12:50:42 -0300] "GET /cormun/servlet/solicitudotadjuntos?c061217da15d80d704d54ea88470517158b8d86a43aa309ad6dc48302f1876160e53fc94554a6bbfbcf1c2efe755641a,gx-no-cache=1456934136649 HTTP/1.1" 200 30
186.103.156.24 - - [02/Mar/2016:12:50:42 -0300] "POST /cormun/servlet/solicitudotadjuntos?23520643cb39ab09adb4cf2f669d17d1,INS,2016,376,,1,,gx-no-cache=1456934136693 HTTP/1.1" 200 3380
191.112.91.68 - - [02/Mar/2016:12:50:45 -0300] "GET /cormun/servlet/hlogin HTTP/1.1" 200 1718
191.112.91.68 - - [02/Mar/2016:12:50:46 -0300] "GET /cormun/static/Resources/Spanish/PXTools.css?005343 HTTP/1.1" 304 -
191.112.91.68 - - [02/Mar/2016:12:50:46 -0300] "GET /cormun/static/gxcfg.js?20151120045111 HTTP/1.1" 304 -
191.112.91.68 - - [02/Mar/2016:12:50:46 -0300] "GET /cormun/static/hlogin.js?20151120045126 HTTP/1.1" 304 -
186.78.57.210 - - [02/Mar/2016:12:50:54 -0300] "POST /cormun/servlet/solicitudotadjuntos?gx-no-cache=1456933913322 HTTP/1.1" 200 26
186.78.57.210 - - [02/Mar/2016:12:50:55 -0300] "GET /cormun/servlet/solicitudotadjuntos?188b2a6fa1a4f42a563c7bd5264289c93580fb7128afe3d97ed296141747404d,gx-no-cache=1456933914094 HTTP/1.1" 200 30
186.78.57.210 - - [02/Mar/2016:12:50:55 -0300] "GET /cormun/servlet/solicitudotadjuntos?188b2a6fa1a4f42a563c7bd5264289c93580fb7128afe3d97ed296141747404d,gx-no-cache=1456933914159 HTTP/1.1" 200 30
191.112.91.68 - - [02/Mar/2016:12:51:07 -0300] "POST /cormun/servlet/hlogin?0c0ee8f3b383daf4648f2d40d97b65a9,gx-no-cache=1456933894194 HTTP/1.1" 200 90
191.112.91.68 - - [02/Mar/2016:12:51:07 -0300] "GET /cormun/servlet/hpexe_link HTTP/1.1" 200 951
191.112.91.68 - - [02/Mar/2016:12:51:08 -0300] "GET /cormun/static/gxcfg.js?20151120044395 HTTP/1.1" 304 -
191.112.91.68 - - [02/Mar/2016:12:51:08 -0300] "GET /cormun/static/hpexe_link.js?20151120044398 HTTP/1.1" 304 -
191.112.91.68 - - [02/Mar/2016:12:51:08 -0300] "GET /cormun/servlet/hhome HTTP/1.1" 200 3435
186.78.57.210 - - [02/Mar/2016:12:51:11 -0300] "POST /cormun/servlet/solicitudotadjuntos?610a4fa714d47b0949fb8f0677692bfd,INS,2016,374,,1, HTTP/1.1" 200 116
191.112.91.68 - - [02/Mar/2016:12:51:11 -0300] "GET /cormun/servlet/hhome HTTP/1.1" 200 3432
186.78.57.210 - - [02/Mar/2016:12:51:11 -0300] "GET /cormun/servlet/hpexe_return? HTTP/1.1" 200 1024
186.78.57.210 - - [02/Mar/2016:12:51:12 -0300] "GET /cormun/servlet/trsolicitudadjuntos?2016,374, HTTP/1.1" 200 7673
186.78.57.210 - - [02/Mar/2016:12:51:14 -0300] "GET /cormun/servlet/trsolicitudadjuntos?2016,374, HTTP/1.1" 200 7670
191.112.91.68 - - [02/Mar/2016:12:51:17 -0300] "GET /cormun/servlet/trsolicitudot? HTTP/1.1" 200 6174
191.112.91.68 - - [02/Mar/2016:12:51:20 -0300] "GET /cormun/servlet/trsolicitudot? HTTP/1.1" 200 6173
191.112.91.68 - - [02/Mar/2016:12:51:30 -0300] "GET /cormun/servlet/solicitudot?INS,0,0, HTTP/1.1" 200 11419
191.112.91.68 - - [02/Mar/2016:12:51:32 -0300] "GET /cormun/servlet/solicitudot?INS,0,0, HTTP/1.1" 200 11423
186.103.156.24 - - [02/Mar/2016:12:51:33 -0300] "POST /cormun/servlet/solicitudotadjuntos?gx-no-cache=1456934193611 HTTP/1.1" 200 26
191.112.91.68 - - [02/Mar/2016:12:51:36 -0300] "POST /cormun/servlet/solicitudot?gx-no-cache=1456933923519 HTTP/1.1" 200 2668
191.112.91.68 - - [02/Mar/2016:12:51:37 -0300] "POST /cormun/servlet/solicitudot?0c0ee8f3b383daf4648f2d40d97b65a9,INS,0,0,,gx-no-cache=1456933923918 HTTP/1.1" 200 8227
191.112.91.68 - - [02/Mar/2016:12:51:37 -0300] "GET /cormun/servlet/solicitudot?cc3825a6bcde85380411dea6bcbbd66bca7ac613ae52214fa2ec4b959347f425,gx-no-cache=1456933924478 HTTP/1.1" 200 111
191.112.91.68 - - [02/Mar/2016:12:51:37 -0300] "GET /cormun/static/Shared/jqueryui/images/ui-bg_highlight-soft_100_c6c2c8_1x100.png HTTP/1.1" 404 1117
191.112.91.68 - - [02/Mar/2016:12:51:37 -0300] "GET /cormun/static/Shared/jqueryui/images/ui-icons_82798d_256x240.png HTTP/1.1" 404 1089
191.112.91.68 - - [02/Mar/2016:12:51:37 -0300] "GET /cormun/static/Shared/jqueryui/images/ui-bg_flat_55_994d53_40x100.png HTTP/1.1" 404 1097
191.112.91.68 - - [02/Mar/2016:12:51:37 -0300] "GET /cormun/static/Shared/jqueryui/images/ui-icons_ebccce_256x240.png HTTP/1.1" 404 1089
191.112.91.68 - - [02/Mar/2016:12:51:37 -0300] "POST /cormun/servlet/solicitudot?gx-no-cache=1456933924751 HTTP/1.1" 200 120
186.103.156.24 - - [02/Mar/2016:12:51:49 -0300] "GET /cormun/servlet/solicitudotadjuntos?c061217da15d80d704d54ea884705171992c28d51465a1de98e4ad378fcd7477,gx-no-cache=1456934212302 HTTP/1.1" 200 30
186.103.156.24 - - [02/Mar/2016:12:51:49 -0300] "GET /cormun/servlet/solicitudotadjuntos?c061217da15d80d704d54ea884705171992c28d51465a1de98e4ad378fcd7477,gx-no-cache=1456934212339 HTTP/1.1" 200 30
186.103.156.24 - - [02/Mar/2016:12:51:50 -0300] "POST /cormun/servlet/solicitudotadjuntos?23520643cb39ab09adb4cf2f669d17d1,INS,2016,376,,1, HTTP/1.1" 200 5339
186.103.156.24 - - [02/Mar/2016:12:51:51 -0300] "GET /home/sistema/apache-tomcat-7.0.65/webapps/cormun/PrivateTempStorage/upload_00001382.pdf HTTP/1.1" 404 1135
186.103.156.24 - - [02/Mar/2016:12:51:51 -0300] "GET /home/sistema/apache-tomcat-7.0.65/webapps/cormun/PrivateTempStorage/upload_00001382.pdf HTTP/1.1" 404 1135
186.103.156.24 - - [02/Mar/2016:12:51:51 -0300] "GET /cormun/static/Shared/jqueryui/images/ui-bg_highlight-soft_100_c6c2c8_1x100.png HTTP/1.1" 404 1117
186.103.156.24 - - [02/Mar/2016:12:51:51 -0300] "GET /cormun/static/Shared/jqueryui/images/ui-icons_82798d_256x240.png HTTP/1.1" 404 1089
186.103.156.24 - - [02/Mar/2016:12:51:51 -0300] "GET /cormun/static/Shared/jqueryui/images/ui-bg_flat_55_994d53_40x100.png HTTP/1.1" 404 1097
186.103.156.24 - - [02/Mar/2016:12:51:51 -0300] "GET /cormun/static/Shared/jqueryui/images/ui-icons_ebccce_256x240.png HTTP/1.1" 404 1089
186.103.156.24 - - [02/Mar/2016:12:51:51 -0300] "GET /cormun/PrivateTempStorage/upload_00001382.pdf HTTP/1.1" 200 741613
186.103.156.24 - - [02/Mar/2016:12:51:53 -0300] "GET /cormun/PrivateTempStorage/upload_00001382.pdf HTTP/1.1" 304 -
186.103.156.24 - - [02/Mar/2016:12:51:53 -0300] "GET /cormun/PrivateTempStorage/upload_00001382.pdf HTTP/1.1" 304 -
191.112.91.68 - - [02/Mar/2016:12:51:56 -0300] "POST /cormun/servlet/solicitudot?gx-no-cache=1456933943099 HTTP/1.1" 200 2775
191.112.91.68 - - [02/Mar/2016:12:51:57 -0300] "POST /cormun/servlet/solicitudot?0c0ee8f3b383daf4648f2d40d97b65a9,INS,0,0,,gx-no-cache=1456933943608 HTTP/1.1" 200 8432
186.103.156.24 - - [02/Mar/2016:12:51:59 -0300] "GET /cormun/servlet/solicitudotadjuntos?c061217da15d80d704d54ea8847051719204d4e00de940f52f2460d485364ae10e53fc94554a6bbfbcf1c2efe755641a,gx-no-cache=1456934222344 HTTP/1.1" 200 30
186.103.156.24 - - [02/Mar/2016:12:52:00 -0300] "POST /cormun/servlet/solicitudotadjuntos?23520643cb39ab09adb4cf2f669d17d1,INS,2016,376,,1, HTTP/1.1" 200 5340
186.103.156.24 - - [02/Mar/2016:12:52:00 -0300] "GET /home/sistema/apache-tomcat-7.0.65/webapps/cormun/PrivateTempStorage/upload_00001394.pdf HTTP/1.1" 404 1135
186.103.156.24 - - [02/Mar/2016:12:52:01 -0300] "GET /cormun/PrivateTempStorage/upload_00001394.pdf HTTP/1.1" 200 741613
186.103.156.24 - - [02/Mar/2016:12:52:01 -0300] "GET /cormun/PrivateTempStorage/upload_00001394.pdf HTTP/1.1" 206 32768
186.103.156.24 - - [02/Mar/2016:12:52:01 -0300] "GET /cormun/PrivateTempStorage/upload_00001394.pdf HTTP/1.1" 206 708845
191.112.91.68 - - [02/Mar/2016:12:52:11 -0300] "GET /cormun/servlet/solicitudot?cc3825a6bcde85380411dea6bcbbd66b7cda459d4b6e2e127b67c72c2c718bf9abd0f2c32d8c98159b734dccd5e4282b,gx-no-cache=1456933958358 HTTP/1.1" 200 30
191.112.91.68 - - [02/Mar/2016:12:52:11 -0300] "POST /cormun/servlet/solicitudot?gx-no-cache=1456933958487 HTTP/1.1" 200 30
186.103.156.24 - - [02/Mar/2016:12:52:14 -0300] "POST /cormun/servlet/solicitudotadjuntos?gx-no-cache=1456934238726 HTTP/1.1" 200 26
191.112.91.68 - - [02/Mar/2016:12:52:16 -0300] "POST /cormun/servlet/solicitudot?gx-no-cache=1456933962959 HTTP/1.1" 200 30
186.78.57.210 - - [02/Mar/2016:12:52:19 -0300] "GET /cormun/servlet/solicitudotadjuntos?INS,2016,374,,1, HTTP/1.1" 200 5396
186.78.57.210 - - [02/Mar/2016:12:52:20 -0300] "GET /cormun/static/about:blank HTTP/1.1" 404 1011
186.78.57.210 - - [02/Mar/2016:12:52:20 -0300] "GET /cormun/servlet/solicitudotadjuntos?INS,2016,374,,1, HTTP/1.1" 200 5390
186.78.57.210 - - [02/Mar/2016:12:52:20 -0300] "GET /cormun/servlet/solicitudotadjuntos?188b2a6fa1a4f42a563c7bd5264289c99830099290f97199c5f828ab1541d624cd9263f1f337daee3a77c4ef11c8dae9,gx-no-cache=1456933998702 HTTP/1.1" 200 30
186.78.57.210 - - [02/Mar/2016:12:52:20 -0300] "POST /cormun/servlet/solicitudotadjuntos?610a4fa714d47b0949fb8f0677692bfd,INS,2016,374,,1,,gx-no-cache=1456933998820 HTTP/1.1" 200 3326
200.30.209.241 - - [02/Mar/2016:12:52:21 -0300] "GET /cormun/servlet/hlogin HTTP/1.1" 200 1720
192.168.10.98 - - [02/Mar/2016:12:52:23 -0300] "POST /cormun/servlet/trsolicitudgral?a5ef76c73876a25ce4e755f4c48e4d8c,,gx-no-cache=1456933695944 HTTP/1.1" 200 4437
192.168.10.98 - - [02/Mar/2016:12:52:23 -0300] "GET /cormun/servlet/trsolicitudgral?58873165e3c99b11f1abcd2eabd68cf2074c7ec19587d8f57723fba3218fe5875c13c20a52e4e1f57e90cd8b921449f8eeb3dcc4d374707b667e04b1a1a05a7fe93d88e972afc957769caf1cd4117c1f,gx-no-cache=1456933696360 HTTP/1.1" 200 607
200.30.209.241 - - [02/Mar/2016:12:52:23 -0300] "POST /cormun/servlet/solicitudotadjuntos?35a5a300eb430605080711524fcb2cfd,INS,2016,365,,1, HTTP/1.1" 200 5273
186.78.57.210 - - [02/Mar/2016:12:52:26 -0300] "POST /cormun/servlet/solicitudotadjuntos?gx-no-cache=1456934004908 HTTP/1.1" 200 26
186.78.57.210 - - [02/Mar/2016:12:52:27 -0300] "GET /cormun/servlet/solicitudotadjuntos?188b2a6fa1a4f42a563c7bd5264289c93580fb7128afe3d97ed296141747404d,gx-no-cache=1456934006012 HTTP/1.1" 200 30
186.78.57.210 - - [02/Mar/2016:12:52:27 -0300] "GET /cormun/servlet/solicitudotadjuntos?188b2a6fa1a4f42a563c7bd5264289c93580fb7128afe3d97ed296141747404d,gx-no-cache=1456934006074 HTTP/1.1" 200 30
186.78.57.210 - - [02/Mar/2016:12:52:27 -0300] "POST /cormun/servlet/solicitudotadjuntos?610a4fa714d47b0949fb8f0677692bfd,INS,2016,374,,1,,gx-no-cache=1456934006143 HTTP/1.1" 200 93
186.78.57.210 - - [02/Mar/2016:12:52:28 -0300] "GET /cormun/servlet/hpexe_return? HTTP/1.1" 200 1024
186.78.57.210 - - [02/Mar/2016:12:52:28 -0300] "GET /cormun/servlet/trsolicitudadjuntos?2016,374, HTTP/1.1" 200 7761
192.168.10.98 - - [02/Mar/2016:12:52:28 -0300] "POST /cormun/servlet/trsolicitudgral?a5ef76c73876a25ce4e755f4c48e4d8c,,gx-no-cache=1456933701767 HTTP/1.1" 200 6329
186.78.57.210 - - [02/Mar/2016:12:52:29 -0300] "GET /cormun/servlet/trsolicitudadjuntos?2016,374, HTTP/1.1" 200 7760
192.168.10.98 - - [02/Mar/2016:12:52:29 -0300] "GET /cormun/servlet/trsolicitudgral?58873165e3c99b11f1abcd2eabd68cf296acebaabe57bb86c337b7948793e4cee3e683898c3655ba4cb86a7fc027569380f3305eb7e4ae814744085c9807488243753b172f7520d3f1fc45051620cf92,gx-no-cache=1456933702648 HTTP/1.1" 200 2767
186.103.156.24 - - [02/Mar/2016:12:52:32 -0300] "GET /cormun/servlet/solicitudotadjuntos?c061217da15d80d704d54ea8847051717d0723b6caa0eb0bda757881ea7e10140e53fc94554a6bbfbcf1c2efe755641a,gx-no-cache=1456934259028 HTTP/1.1" 200 30
186.103.156.24 - - [02/Mar/2016:12:52:32 -0300] "GET /cormun/servlet/solicitudotadjuntos?c061217da15d80d704d54ea8847051717d0723b6caa0eb0bda757881ea7e10140e53fc94554a6bbfbcf1c2efe755641a,gx-no-cache=1456934259081 HTTP/1.1" 200 30
192.168.10.98 - - [02/Mar/2016:12:52:33 -0300] "POST /cormun/servlet/trsolicitudgral?a5ef76c73876a25ce4e755f4c48e4d8c,,gx-no-cache=1456933706148 HTTP/1.1" 200 8271
186.103.156.24 - - [02/Mar/2016:12:52:33 -0300] "POST /cormun/servlet/solicitudotadjuntos?23520643cb39ab09adb4cf2f669d17d1,INS,2016,376,,1, HTTP/1.1" 200 116
186.103.156.24 - - [02/Mar/2016:12:52:33 -0300] "GET /cormun/servlet/hpexe_return? HTTP/1.1" 200 1029
191.112.91.68 - - [02/Mar/2016:12:52:34 -0300] "POST /cormun/servlet/solicitudot?gx-no-cache=1456933981159 HTTP/1.1" 200 30
186.103.156.24 - - [02/Mar/2016:12:52:34 -0300] "GET /cormun/servlet/trsolicitudadjuntos?2016,376, HTTP/1.1" 200 7461
192.168.10.98 - - [02/Mar/2016:12:52:35 -0300] "GET /cormun/servlet/trsolicitudgral?58873165e3c99b11f1abcd2eabd68cf2aee0cef5d8a84f16a12c2c0e49055b2dba3ebdef30e8de9a2249ac3fbe82cb9090de5503e33b909dbb91e2179873e495dbb19e486bfcde4fca5c96fed99b9933,gx-no-cache=1456933708165 HTTP/1.1" 200 5112
186.103.156.24 - - [02/Mar/2016:12:52:35 -0300] "GET /cormun/servlet/trsolicitudadjuntos?2016,376, HTTP/1.1" 200 7459
192.168.10.98 - - [02/Mar/2016:12:52:39 -0300] "POST /cormun/servlet/trsolicitudgral?a5ef76c73876a25ce4e755f4c48e4d8c,,gx-no-cache=1456933712034 HTTP/1.1" 200 4435
192.168.10.98 - - [02/Mar/2016:12:52:39 -0300] "GET /cormun/servlet/trsolicitudgral?58873165e3c99b11f1abcd2eabd68cf2735356e311866ff0c2d0dfaed82951b95c13c20a52e4e1f57e90cd8b921449f8eeb3dcc4d374707b667e04b1a1a05a7fe93d88e972afc957769caf1cd4117c1f,gx-no-cache=1456933712427 HTTP/1.1" 200 605
192.168.10.98 - - [02/Mar/2016:12:52:42 -0300] "POST /cormun/servlet/trsolicitudgral?a5ef76c73876a25ce4e755f4c48e4d8c,,gx-no-cache=1456933714883 HTTP/1.1" 200 9304
192.168.10.98 - - [02/Mar/2016:12:52:44 -0300] "GET /cormun/servlet/trsolicitudgral?58873165e3c99b11f1abcd2eabd68cf280bdb57751359796abf868187841a630e3e683898c3655ba4cb86a7fc027569380f3305eb7e4ae814744085c9807488243753b172f7520d3f1fc45051620cf92,gx-no-cache=1456933717506 HTTP/1.1" 200 6361
186.103.156.24 - - [02/Mar/2016:12:52:45 -0300] "GET /cormun/servlet/solicitudotadjuntos?DLT,2016,376,CV,0, HTTP/1.1" 200 5497
186.103.156.24 - - [02/Mar/2016:12:52:45 -0300] "GET /cormun/PublicTempStorage/antecedente_bruno7229441.pdf HTTP/1.1" 200 345111
186.103.156.24 - - [02/Mar/2016:12:52:46 -0300] "GET /cormun/static/Shared/jqueryui/images/ui-bg_flat_55_fafafa_40x100.png HTTP/1.1" 404 1097
186.103.156.24 - - [02/Mar/2016:12:52:46 -0300] "GET /cormun/static/Shared/jqueryui/images/ui-icons_8d78a5_256x240.png HTTP/1.1" 404 1089
186.103.156.24 - - [02/Mar/2016:12:52:46 -0300] "GET /cormun/servlet/solicitudotadjuntos?DLT,2016,376,CV,0, HTTP/1.1" 200 5490
186.103.156.24 - - [02/Mar/2016:12:52:47 -0300] "GET /cormun/PublicTempStorage/antecedente_bruno7229441.pdf HTTP/1.1" 304 -
186.103.156.24 - - [02/Mar/2016:12:52:47 -0300] "GET /cormun/PublicTempStorage/antecedente_bruno7229441.pdf HTTP/1.1" 304 -
186.103.156.24 - - [02/Mar/2016:12:52:50 -0300] "POST /cormun/servlet/solicitudotadjuntos?23520643cb39ab09adb4cf2f669d17d1,DLT,2016,376,CV,0,,gx-no-cache=1456934278823 HTTP/1.1" 200 93
186.103.156.24 - - [02/Mar/2016:12:52:50 -0300] "GET /cormun/servlet/hpexe_return? HTTP/1.1" 200 1031
186.103.156.24 - - [02/Mar/2016:12:52:50 -0300] "GET /cormun/servlet/trsolicitudadjuntos?2016,376, HTTP/1.1" 200 7307
186.78.57.210 - - [02/Mar/2016:12:52:51 -0300] "POST /cormun/servlet/trsolicitudadjuntos?610a4fa714d47b0949fb8f0677692bfd,2016,374,,gx-no-cache=1456934029276 HTTP/1.1" 200 6566
186.103.156.24 - - [02/Mar/2016:12:52:51 -0300] "GET /cormun/servlet/trsolicitudadjuntos?2016,376, HTTP/1.1" 200 7304
186.103.156.24 - - [02/Mar/2016:12:52:56 -0300] "GET /cormun/servlet/solicitudotadjuntos?INS,2016,376,,1, HTTP/1.1" 200 5504
186.103.156.24 - - [02/Mar/2016:12:52:56 -0300] "GET /cormun/static/about:blank HTTP/1.1" 404 1011
186.103.156.24 - - [02/Mar/2016:12:52:56 -0300] "GET /cormun/servlet/solicitudotadjuntos?INS,2016,376,,1, HTTP/1.1" 200 5498
186.103.156.24 - - [02/Mar/2016:12:52:57 -0300] "GET /cormun/servlet/solicitudotadjuntos?c061217da15d80d704d54ea88470517158b8d86a43aa309ad6dc48302f1876160e53fc94554a6bbfbcf1c2efe755641a,gx-no-cache=1456934286382 HTTP/1.1" 200 30
186.103.156.24 - - [02/Mar/2016:12:52:57 -0300] "POST /cormun/servlet/solicitudotadjuntos?23520643cb39ab09adb4cf2f669d17d1,INS,2016,376,,1,,gx-no-cache=1456934286438 HTTP/1.1" 200 3381
191.112.91.68 - - [02/Mar/2016:12:52:57 -0300] "POST /cormun/servlet/solicitudot?gx-no-cache=1456934004553 HTTP/1.1" 200 30
186.103.156.24 - - [02/Mar/2016:12:53:07 -0300] "POST /cormun/servlet/solicitudotadjuntos?gx-no-cache=1456934297072 HTTP/1.1" 200 26
191.112.91.68 - - [02/Mar/2016:12:53:12 -0300] "GET /cormun/servlet/prcontratosol?16378826,,,,,MD,,gxPopupLevel%3D0%3B HTTP/1.1" 200 5690
191.112.91.68 - - [02/Mar/2016:12:53:13 -0300] "GET /cormun/static/gxcfg.js?2016141247819 HTTP/1.1" 200 953
191.112.91.68 - - [02/Mar/2016:12:53:13 -0300] "GET /cormun/static/Resources/Spanish/PXTools.css?1423257 HTTP/1.1" 200 89042
