192.168.10.89 - - [02/Mar/2016:10:42:48 -0300] "GET /cormun/servlet/prfichaempleado?b83a3073b92727be8d37255bd116bdc9a515497e4545fc32d35a14730f16e0d67f9ee7e77f4f1c28ead6ea97a655b451a9a05b8e318a065ce8891f1a5d99437c,gx-no-cache=1456925921202 HTTP/1.1" 200 454
192.168.10.89 - - [02/Mar/2016:10:42:49 -0300] "GET /cormun/servlet/prfichaempleado?b83a3073b92727be8d37255bd116bdc907ba62ec0c0b18e39a2ef94e1f68b087eeb8e5f2e7caa1a2ec0222a5c30c7e08b703dfd3b6bb38f025b92933cf804501,gx-no-cache=1456925922849 HTTP/1.1" 200 459
192.168.10.89 - - [02/Mar/2016:10:42:50 -0300] "GET /cormun/servlet/prfichaempleado?b83a3073b92727be8d37255bd116bdc9d3e2ad748feb480cdcee4b21c834018bdda91811c6bc731381c5cfbf6466e21839ebdea882311f26f5953605a5a62b5f84d8b5f3ae84f4ac5d3553a53671b1f6,gx-no-cache=1456925923767 HTTP/1.1" 200 461
192.168.10.89 - - [02/Mar/2016:10:42:52 -0300] "POST /cormun/servlet/prfichaempleado?e6bf61c7ee82836ecba3bb60bf3ce0e8,,MD,,gxPopupLevel%3D0%3B,gx-no-cache=1456925925034 HTTP/1.1" 200 2839
192.168.10.89 - - [02/Mar/2016:10:42:56 -0300] "POST /cormun/servlet/solicitudot?gx-no-cache=1456925929374 HTTP/1.1" 200 2773
192.168.10.89 - - [02/Mar/2016:10:42:56 -0300] "POST /cormun/servlet/solicitudot?e6bf61c7ee82836ecba3bb60bf3ce0e8,INS,0,0,,gx-no-cache=1456925929508 HTTP/1.1" 200 8392
192.168.10.89 - - [02/Mar/2016:10:42:59 -0300] "GET /cormun/servlet/solicitudot?521f9665cfb361228f25d91890049fa92496553f903882aa69f50e927e9e192784d8b5f3ae84f4ac5d3553a53671b1f6,gx-no-cache=1456925932294 HTTP/1.1" 200 30
192.168.10.89 - - [02/Mar/2016:10:42:59 -0300] "POST /cormun/servlet/solicitudot?gx-no-cache=1456925932330 HTTP/1.1" 200 30
192.168.10.89 - - [02/Mar/2016:10:43:02 -0300] "POST /cormun/servlet/solicitudot?gx-no-cache=1456925935000 HTTP/1.1" 200 30
192.168.10.89 - - [02/Mar/2016:10:43:14 -0300] "GET /cormun/servlet/prcontratosol?11922357,,,,,MD,,gxPopupLevel%3D0%3B HTTP/1.1" 200 5663
192.168.10.89 - - [02/Mar/2016:10:43:21 -0300] "POST /cormun/servlet/solicitudot?gx-no-cache=1456925954877 HTTP/1.1" 200 1158
192.168.10.89 - - [02/Mar/2016:10:43:22 -0300] "GET /cormun/servlet/solicitudot?521f9665cfb361228f25d91890049fa984fa24b8199350474ca1ee07f508e3c24d5c8739d6f9affa20e67f84c5b9fc28d4da589ad8ee4e99b06346944cebf75c6f6f0a3114161386948103389c15878bc8fd08291b4d02a47fb4469c4edb7e38f225b4e70a7aa2dd825c844ab907b6f4c3384a11f39f25516d025d7264e3efb5927d2452c923f76345aea6bc23c955a2,gx-no-cache=1456925954996 HTTP/1.1" 200 38
192.168.10.89 - - [02/Mar/2016:10:43:22 -0300] "GET /cormun/servlet/solicitudot?521f9665cfb361228f25d91890049fa9788d1a674f8ed1eb3471f79990f80117048952a13aae1752cc8525d814a9290e08f8c7a964e347afa6cde893fe87d8e344c5957efc582199b5594121d5358ff88907e7f9e8b45c00e66107a7dec82d30de566cf34b117148b32e338dc795746897b4d61351e7abe9313225817dec84fd556f930fe39774e8b75309e3bcb5a543330709f6cdc1d38b45c2e333e605ff1b,gx-no-cache=1456925955018 HTTP/1.1" 200 29
192.168.10.89 - - [02/Mar/2016:10:43:22 -0300] "POST /cormun/servlet/solicitudot?gx-no-cache=1456925955041 HTTP/1.1" 200 1116
192.168.10.89 - - [02/Mar/2016:10:43:23 -0300] "GET /cormun/servlet/prsolicitudot?11922357,,,,,MD,,gxPopupLevel%3D0%3B HTTP/1.1" 200 5359
192.168.10.89 - - [02/Mar/2016:10:43:26 -0300] "GET /cormun/servlet/prpersonalsolicitud?11922357,,,,,MD,,gxPopupLevel%3D0%3B HTTP/1.1" 200 5679
192.168.10.89 - - [02/Mar/2016:10:43:34 -0300] "POST /cormun/servlet/solicitudot?gx-no-cache=1456925966949 HTTP/1.1" 200 1158
192.168.10.89 - - [02/Mar/2016:10:43:34 -0300] "GET /cormun/servlet/solicitudot?521f9665cfb361228f25d91890049fa984fa24b8199350474ca1ee07f508e3c24d5c8739d6f9affa20e67f84c5b9fc28d4da589ad8ee4e99b06346944cebf75c6f6f0a3114161386948103389c15878bc8fd08291b4d02a47fb4469c4edb7e38f225b4e70a7aa2dd825c844ab907b6f4c3384a11f39f25516d025d7264e3efb5927d2452c923f76345aea6bc23c955a2,gx-no-cache=1456925966985 HTTP/1.1" 200 38
192.168.10.89 - - [02/Mar/2016:10:43:34 -0300] "POST /cormun/servlet/solicitudot?gx-no-cache=1456925967010 HTTP/1.1" 200 1116
192.168.10.89 - - [02/Mar/2016:10:44:00 -0300] "GET /cormun/servlet/solicitudot?521f9665cfb361228f25d91890049fa98827166b8cf3ade9e24b7ba01daceb01ffa0082eb0494fd9df118042c38e39af20aa638f3b35eba309de90dbda9713fed0b5eafe094b13aaf47fd28add15bf07324bfe3407d9e7cacaa3aca1d7823688e5a26d4fac7915c6838d15fd385db7811b630b51893f5381e857d0b82e18f85d86e0600aed89b3504d3dbbf401b4799b2d0c5ee74e2ee8e87e5c853cd45bfa6c008c30ba5b684ca6a6268e6cc7dcce73,gx-no-cache=1456925993800 HTTP/1.1" 200 30
192.168.10.89 - - [02/Mar/2016:10:44:06 -0300] "POST /cormun/servlet/solicitudot?e6bf61c7ee82836ecba3bb60bf3ce0e8,INS,0,0,,gx-no-cache=1456925998915 HTTP/1.1" 200 9329
192.168.10.89 - - [02/Mar/2016:10:44:06 -0300] "GET /cormun/static/Shared/jqueryui/images/ui-bg_flat_55_994d53_40x100.png HTTP/1.1" 404 1097
192.168.10.89 - - [02/Mar/2016:10:44:06 -0300] "GET /cormun/static/Shared/jqueryui/images/ui-icons_ebccce_256x240.png HTTP/1.1" 404 1089
192.168.10.89 - - [02/Mar/2016:10:44:06 -0300] "GET /cormun/static/Shared/jqueryui/images/ui-bg_highlight-soft_100_c6c2c8_1x100.png HTTP/1.1" 404 1117
192.168.10.89 - - [02/Mar/2016:10:44:06 -0300] "GET /cormun/static/Shared/jqueryui/images/ui-icons_82798d_256x240.png HTTP/1.1" 404 1089
192.168.10.89 - - [02/Mar/2016:10:44:19 -0300] "GET /cormun/servlet/prcontratosol?11922357,,,,,MD,,gxPopupLevel%3D0%3B HTTP/1.1" 200 5663
192.168.10.89 - - [02/Mar/2016:10:44:23 -0300] "GET /cormun/servlet/prpersonalsolicitud?11922357,,,,,MD,,gxPopupLevel%3D0%3B HTTP/1.1" 200 5679
192.168.10.89 - - [02/Mar/2016:10:45:03 -0300] "POST /cormun/servlet/solicitudot?e6bf61c7ee82836ecba3bb60bf3ce0e8,INS,0,0,,gx-no-cache=1456926056234 HTTP/1.1" 200 93
192.168.10.89 - - [02/Mar/2016:10:45:03 -0300] "GET /cormun/servlet/hpexe_return? HTTP/1.1" 200 1031
192.168.10.89 - - [02/Mar/2016:10:45:04 -0300] "GET /cormun/servlet/trsolicitudot?gx-no-cache=1456925052420 HTTP/1.1" 200 6163
191.112.91.68 - - [02/Mar/2016:10:45:25 -0300] "GET /cormun/servlet/hlogin HTTP/1.1" 200 1718
191.112.91.68 - - [02/Mar/2016:10:45:26 -0300] "GET /cormun/static/gxtimezone.js?85251 HTTP/1.1" 304 -
191.112.91.68 - - [02/Mar/2016:10:45:26 -0300] "GET /cormun/static/Resources/Spanish/PXTools.css?005343 HTTP/1.1" 200 89042
191.112.91.68 - - [02/Mar/2016:10:45:26 -0300] "GET /cormun/static/gxcfg.js?20151120045111 HTTP/1.1" 200 953
191.112.91.68 - - [02/Mar/2016:10:45:26 -0300] "GET /cormun/static/hlogin.js?20151120045126 HTTP/1.1" 200 2136
191.112.91.68 - - [02/Mar/2016:10:45:27 -0300] "GET /cormun/static/messages.spa.js?85251 HTTP/1.1" 200 30736
186.78.57.210 - - [02/Mar/2016:10:46:23 -0300] "GET /cormun/servlet/trsolicitudot? HTTP/1.1" 200 6172
186.78.57.210 - - [02/Mar/2016:10:46:24 -0300] "GET /cormun/static/gxui/gxui-all.css?120300 HTTP/1.1" 200 2179
186.78.57.210 - - [02/Mar/2016:10:46:24 -0300] "GET /cormun/static/calendar-system.css?85620 HTTP/1.1" 200 5572
186.78.57.210 - - [02/Mar/2016:10:46:24 -0300] "GET /cormun/static/gxcfg.js?20163117265139 HTTP/1.1" 200 953
186.78.57.210 - - [02/Mar/2016:10:46:24 -0300] "GET /cormun/static/calendar-setup.js?85251 HTTP/1.1" 200 2588
186.78.57.210 - - [02/Mar/2016:10:46:24 -0300] "GET /cormun/static/calendar-es.js?85251 HTTP/1.1" 200 1901
186.78.57.210 - - [02/Mar/2016:10:46:24 -0300] "GET /cormun/static/calendar.js?85251 HTTP/1.1" 200 26246
186.78.57.210 - - [02/Mar/2016:10:46:24 -0300] "GET /cormun/static/gxdec.js?85251 HTTP/1.1" 200 19579
186.78.57.210 - - [02/Mar/2016:10:46:24 -0300] "GET /cormun/static/trsolicitudot.js?20163117265688 HTTP/1.1" 200 45326
186.78.57.210 - - [02/Mar/2016:10:46:24 -0300] "GET /cormun/static/Resources/Spanish/PXTools.css?171692 HTTP/1.1" 200 89042
186.78.57.210 - - [02/Mar/2016:10:46:25 -0300] "GET /cormun/static/Resources/PXTools/calendar.png HTTP/1.1" 200 1306
186.78.57.210 - - [02/Mar/2016:10:46:25 -0300] "GET /cormun/static/Resources/PXToolsDataSearch.png HTTP/1.1" 200 419
186.78.57.210 - - [02/Mar/2016:10:46:25 -0300] "GET /cormun/static/Resources/PXToolsGridFirst.gif HTTP/1.1" 200 379
186.78.57.210 - - [02/Mar/2016:10:46:25 -0300] "GET /cormun/static/Shared/ext/resources/css/ext-all.css?215870 HTTP/1.1" 200 416045
186.78.57.210 - - [02/Mar/2016:10:46:25 -0300] "GET /cormun/static/Resources/PXToolsGridPrevious.gif HTTP/1.1" 200 369
186.78.57.210 - - [02/Mar/2016:10:46:25 -0300] "GET /cormun/static/Resources/PXToolsGridNext.gif HTTP/1.1" 200 369
186.78.57.210 - - [02/Mar/2016:10:46:25 -0300] "GET /cormun/static/Resources/PXToolsGridLast.gif HTTP/1.1" 200 370
186.78.57.210 - - [02/Mar/2016:10:46:25 -0300] "GET /cormun/static/Resources/PXToolsGridNew.png HTTP/1.1" 200 2949
186.78.57.210 - - [02/Mar/2016:10:46:25 -0300] "GET /cormun/static/Resources/PXToolsActionExcel.png HTTP/1.1" 200 3187
186.78.57.210 - - [02/Mar/2016:10:46:26 -0300] "GET /cormun/static/Resources/desc.gif HTTP/1.1" 200 65
186.78.57.210 - - [02/Mar/2016:10:46:26 -0300] "GET /cormun/static/Resources/asc.gif HTTP/1.1" 200 67
186.78.57.210 - - [02/Mar/2016:10:46:26 -0300] "GET /cormun/static/Shared/ext/resources/themes/images/default/panel/bg-headersPanel.png HTTP/1.1" 200 255
186.78.57.210 - - [02/Mar/2016:10:46:26 -0300] "GET /cormun/static/Shared/ext/resources/themes/images/default/tools/tool-sprites.gif HTTP/1.1" 200 5434
186.78.57.210 - - [02/Mar/2016:10:46:26 -0300] "GET /cormun/servlet/trsolicitudot? HTTP/1.1" 200 6171
192.168.10.89 - - [02/Mar/2016:10:46:26 -0300] "GET /cormun/servlet/solicitudot?INS,0,0, HTTP/1.1" 200 11408
192.168.10.89 - - [02/Mar/2016:10:46:31 -0300] "GET /cormun/servlet/prfichaempleado?,MD,,gxPopupLevel%3D0%3B HTTP/1.1" 200 7879
192.168.10.89 - - [02/Mar/2016:10:46:31 -0300] "GET /cormun/static/scaMessage/css/jquery-ui.css?104140 HTTP/1.1" 404 1045
186.78.37.249 - - [02/Mar/2016:10:46:35 -0300] "POST /cormun/servlet/solicitudot?gx-no-cache=1456930168528 HTTP/1.1" 200 30
186.78.37.249 - - [02/Mar/2016:10:46:41 -0300] "GET /cormun/servlet/prcontratosol?16884126,,,,,MD,,gxPopupLevel%3D0%3B HTTP/1.1" 200 5675
186.78.37.249 - - [02/Mar/2016:10:46:41 -0300] "GET /cormun/static/Resources/Spanish/PXTools.css?1423257 HTTP/1.1" 304 -
186.78.37.249 - - [02/Mar/2016:10:46:41 -0300] "GET /cormun/static/gxcfg.js?2016141247819 HTTP/1.1" 304 -
186.78.37.249 - - [02/Mar/2016:10:46:41 -0300] "GET /cormun/static/prcontratosol.js?2016141247993 HTTP/1.1" 304 -
186.78.37.249 - - [02/Mar/2016:10:46:41 -0300] "GET /cormun/static/hmpwkw011.js?20163114183117 HTTP/1.1" 304 -
186.78.37.249 - - [02/Mar/2016:10:46:43 -0300] "GET /cormun/static/menusearch.js?20163117171215 HTTP/1.1" 304 -
186.78.37.249 - - [02/Mar/2016:10:46:48 -0300] "POST /cormun/servlet/solicitudot?gx-no-cache=1456930182614 HTTP/1.1" 200 1157
186.78.37.249 - - [02/Mar/2016:10:46:48 -0300] "GET /cormun/servlet/solicitudot?10541203dc6347c0fc7d71f769e75ed8bac0016a9c11f667092d946260cda3a6edbd09f2f5be7ce7801fa754604d2caa60f1fa12cc1e96a623adbf4144b203dfab6e045cfefc5dcf950aac54353a34aace4b99a4e714e339baa9e0c45501574224f5b9129998f8cea066acffad951fa385b495c2582e6645ab941e765c860a3ed1fb7f976e7ed601cf27db9139216a88,gx-no-cache=1456930182862 HTTP/1.1" 200 38
186.78.37.249 - - [02/Mar/2016:10:46:49 -0300] "GET /cormun/servlet/solicitudot?10541203dc6347c0fc7d71f769e75ed82c8b26426b840b74ebdcca753854068ef3c054120972699860e4eb2e733742d20c74e4fdfe621f3477e207bbd7729be609c1ba9f5d991435631ee1127e95f2cc29b78c0322b2041cf2c6a4ba0dc0c17702f9e0405f1e93393cd1ec10a47f58bbe4f087609e0daf1ba3616d2a58fb2d11cea192b0f7d29d71baab6452a4edd1ec8e65d3b53d31f6134ccd5d68b087225d,gx-no-cache=1456930182975 HTTP/1.1" 200 29
186.78.37.249 - - [02/Mar/2016:10:46:52 -0300] "POST /cormun/servlet/solicitudot?gx-no-cache=1456930184133 HTTP/1.1" 200 1117
191.112.91.68 - - [02/Mar/2016:10:46:56 -0300] "POST /cormun/servlet/hlogin?0c0ee8f3b383daf4648f2d40d97b65a9,gx-no-cache=1456926442982 HTTP/1.1" 200 90
191.112.91.68 - - [02/Mar/2016:10:46:56 -0300] "GET /cormun/servlet/hpexe_link HTTP/1.1" 200 951
191.112.91.68 - - [02/Mar/2016:10:46:56 -0300] "GET /cormun/static/gxcfg.js?20151120044395 HTTP/1.1" 200 953
191.112.91.68 - - [02/Mar/2016:10:46:56 -0300] "GET /cormun/static/hpexe_link.js?20151120044398 HTTP/1.1" 200 625
191.112.91.68 - - [02/Mar/2016:10:46:57 -0300] "GET /cormun/servlet/hhome HTTP/1.1" 200 3435
191.112.91.68 - - [02/Mar/2016:10:46:57 -0300] "GET /cormun/static/gxcfg.js?2015112210564248 HTTP/1.1" 200 953
191.112.91.68 - - [02/Mar/2016:10:46:58 -0300] "GET /cormun/static/Resources/Spanish/PXTools.css?10515224 HTTP/1.1" 200 89042
191.112.91.68 - - [02/Mar/2016:10:46:59 -0300] "GET /cormun/static/hhome.js?2015112210564255 HTTP/1.1" 200 777
191.112.91.68 - - [02/Mar/2016:10:46:59 -0300] "GET /cormun/static/hwchdr01.js?20162241650484 HTTP/1.1" 200 1183
191.112.91.68 - - [02/Mar/2016:10:46:59 -0300] "GET /cormun/static/hpexe_recentlink.js?2015111312121342 HTTP/1.1" 200 2144
191.112.91.68 - - [02/Mar/2016:10:46:59 -0300] "GET /cormun/static/hpexe_scripts.js?20151120014546 HTTP/1.1" 200 1544
191.112.91.68 - - [02/Mar/2016:10:46:59 -0300] "GET /cormun/static/hpexe_messagecontroller.js?2015112210524422 HTTP/1.1" 200 870
191.112.91.68 - - [02/Mar/2016:10:46:59 -0300] "GET /cormun/static/hpexe_messagepopupcomponent.js?2016311717983 HTTP/1.1" 200 605
191.112.91.68 - - [02/Mar/2016:10:47:00 -0300] "GET /cormun/static/hpexe_messagegenexuscomponent.js?20151120014314 HTTP/1.1" 200 587
191.112.91.68 - - [02/Mar/2016:10:47:00 -0300] "GET /cormun/static/cmcontrolpreferences.js?20151120014525 HTTP/1.1" 200 1375
191.112.91.68 - - [02/Mar/2016:10:47:00 -0300] "GET /cormun/static/hmpwkw03.js?20163114183826 HTTP/1.1" 200 3898
191.112.91.68 - - [02/Mar/2016:10:47:02 -0300] "GET /cormun/servlet/hhome HTTP/1.1" 200 3432
191.112.91.68 - - [02/Mar/2016:10:47:06 -0300] "GET /cormun/servlet/trsolicitudot? HTTP/1.1" 200 6174
191.112.91.68 - - [02/Mar/2016:10:47:07 -0300] "GET /cormun/static/gxcfg.js?20163117265139 HTTP/1.1" 200 953
191.112.91.68 - - [02/Mar/2016:10:47:07 -0300] "GET /cormun/static/calendar.js?85251 HTTP/1.1" 304 -
191.112.91.68 - - [02/Mar/2016:10:47:07 -0300] "GET /cormun/static/calendar-setup.js?85251 HTTP/1.1" 304 -
191.112.91.68 - - [02/Mar/2016:10:47:07 -0300] "GET /cormun/static/Resources/Spanish/PXTools.css?171692 HTTP/1.1" 200 89042
191.112.91.68 - - [02/Mar/2016:10:47:07 -0300] "GET /cormun/static/calendar-es.js?85251 HTTP/1.1" 304 -
191.112.91.68 - - [02/Mar/2016:10:47:07 -0300] "GET /cormun/static/gxdec.js?85251 HTTP/1.1" 304 -
191.112.91.68 - - [02/Mar/2016:10:47:07 -0300] "GET /cormun/static/trsolicitudot.js?20163117265688 HTTP/1.1" 200 45326
191.112.91.68 - - [02/Mar/2016:10:47:09 -0300] "GET /cormun/servlet/trsolicitudot? HTTP/1.1" 200 6173
186.78.57.210 - - [02/Mar/2016:10:47:12 -0300] "GET /cormun/servlet/trvisualizadoreventos? HTTP/1.1" 200 5957
186.78.57.210 - - [02/Mar/2016:10:47:12 -0300] "GET /cormun/static/gxcfg.js?2016251828014 HTTP/1.1" 200 953
186.78.57.210 - - [02/Mar/2016:10:47:12 -0300] "GET /cormun/static/Resources/PXToolsActionPrint.png HTTP/1.1" 200 3317
186.78.57.210 - - [02/Mar/2016:10:47:12 -0300] "GET /cormun/static/trvisualizadoreventos.js?2016251828276 HTTP/1.1" 200 19096
186.78.57.210 - - [02/Mar/2016:10:47:12 -0300] "GET /cormun/static/Resources/Spanish/PXTools.css?17554516 HTTP/1.1" 200 89042
151.52.27.26 - - [02/Mar/2016:10:47:13 -0300] "GET / HTTP/1.1" 200 11217
186.78.57.210 - - [02/Mar/2016:10:47:13 -0300] "GET /cormun/servlet/trvisualizadoreventos? HTTP/1.1" 200 5957
191.112.91.68 - - [02/Mar/2016:10:47:17 -0300] "POST /cormun/servlet/trsolicitudot?0c0ee8f3b383daf4648f2d40d97b65a9,,gx-no-cache=1456926464192 HTTP/1.1" 200 3475
186.78.57.210 - - [02/Mar/2016:10:47:17 -0300] "GET /cormun/servlet/trsolicitudot? HTTP/1.1" 200 6172
186.78.57.210 - - [02/Mar/2016:10:47:18 -0300] "GET /cormun/servlet/trsolicitudot? HTTP/1.1" 200 6171
191.112.91.68 - - [02/Mar/2016:10:47:34 -0300] "GET /cormun/servlet/trsolicitudot?96ee1c1db2e0b3de0aca1680a4b380244a1c9cd6a58f97775817f8520a5e36485e67214a4492d86e7f20118da1d069ac53757d863b748c60d232bb2d9d521cd1a00ceec01d3935a66f4900ed54b564282132580c2b24e2344cca9f47f976fd64,gx-no-cache=1456926481481 HTTP/1.1" 200 737
186.78.37.249 - - [02/Mar/2016:10:47:38 -0300] "GET /cormun/servlet/prlicenciaspermisos?14358696,L,,MD,,gxPopupLevel%3D0%3B HTTP/1.1" 200 5357
186.78.37.249 - - [02/Mar/2016:10:47:39 -0300] "GET /cormun/static/Resources/Spanish/PXTools.css?17554516 HTTP/1.1" 304 -
186.78.37.249 - - [02/Mar/2016:10:47:39 -0300] "GET /cormun/static/gxcfg.js?201616231591 HTTP/1.1" 304 -
186.78.37.249 - - [02/Mar/2016:10:47:39 -0300] "GET /cormun/static/prlicenciaspermisos.js?201616231727 HTTP/1.1" 304 -
186.78.57.210 - - [02/Mar/2016:10:47:39 -0300] "GET /cormun/static/menuarrow.gif HTTP/1.1" 404 1015
186.78.57.210 - - [02/Mar/2016:10:47:43 -0300] "POST /cormun/servlet/trsolicitudot?dfd6672ade0be13cdd5b2f9918277ff5,,gx-no-cache=1456926521283 HTTP/1.1" 200 4904
186.78.57.210 - - [02/Mar/2016:10:47:43 -0300] "POST /cormun/servlet/trsolicitudot?dfd6672ade0be13cdd5b2f9918277ff5,,gx-no-cache=1456926521808 HTTP/1.1" 200 4904
186.78.57.210 - - [02/Mar/2016:10:47:43 -0300] "GET /cormun//static/Resources/PXToolsGridDelete.png HTTP/1.1" 200 357
186.78.57.210 - - [02/Mar/2016:10:47:43 -0300] "GET /cormun//static/Resources/PXToolsRemoveAllAction.png HTTP/1.1" 200 3558
186.78.57.210 - - [02/Mar/2016:10:47:43 -0300] "GET /cormun//static/Resources/PXTools/ActionInsert.png HTTP/1.1" 200 1482
186.78.57.210 - - [02/Mar/2016:10:47:43 -0300] "GET /cormun//static/Resources/PXToolsActionView.png HTTP/1.1" 200 2995
186.78.57.210 - - [02/Mar/2016:10:47:44 -0300] "GET /cormun//static/Resources/PXToolsGridUpdate.png HTTP/1.1" 200 2984
191.112.91.68 - - [02/Mar/2016:10:47:45 -0300] "GET /cormun/servlet/solicitudot?INS,0,0, HTTP/1.1" 200 11419
191.112.91.68 - - [02/Mar/2016:10:47:45 -0300] "GET /cormun/static/gxcfg.js?20163117305121 HTTP/1.1" 200 953
191.112.91.68 - - [02/Mar/2016:10:47:45 -0300] "GET /cormun/static/solicitudot.js?20163117305174 HTTP/1.1" 200 44151
191.112.91.68 - - [02/Mar/2016:10:47:48 -0300] "GET /cormun/servlet/solicitudot?INS,0,0, HTTP/1.1" 200 11423
186.78.37.249 - - [02/Mar/2016:10:47:49 -0300] "POST /cormun/servlet/solicitudot?gx-no-cache=1456930249363 HTTP/1.1" 200 1156
186.78.37.249 - - [02/Mar/2016:10:47:56 -0300] "GET /cormun/servlet/solicitudot?10541203dc6347c0fc7d71f769e75ed8bac0016a9c11f667092d946260cda3a6edbd09f2f5be7ce7801fa754604d2caa60f1fa12cc1e96a623adbf4144b203dfab6e045cfefc5dcf950aac54353a34aace4b99a4e714e339baa9e0c45501574224f5b9129998f8cea066acffad951fa385b495c2582e6645ab941e765c860a3ef8f531ada93c7ff1cd56a02313d7516a9230e229e99a62c5d270a440764a85f8,gx-no-cache=1456930256430 HTTP/1.1" 200 41
191.112.91.68 - - [02/Mar/2016:10:48:00 -0300] "POST /cormun/servlet/solicitudot?gx-no-cache=1456926506819 HTTP/1.1" 200 2668
191.112.91.68 - - [02/Mar/2016:10:48:00 -0300] "POST /cormun/servlet/solicitudot?0c0ee8f3b383daf4648f2d40d97b65a9,INS,0,0,,gx-no-cache=1456926507283 HTTP/1.1" 200 8234
191.112.91.68 - - [02/Mar/2016:10:48:04 -0300] "POST /cormun/servlet/solicitudot?0c0ee8f3b383daf4648f2d40d97b65a9,INS,0,0,,gx-no-cache=1456926510989 HTTP/1.1" 200 8597
191.112.91.68 - - [02/Mar/2016:10:48:04 -0300] "GET /cormun/static/Shared/jqueryui/images/ui-bg_highlight-soft_100_c6c2c8_1x100.png HTTP/1.1" 404 1117
191.112.91.68 - - [02/Mar/2016:10:48:04 -0300] "GET /cormun/static/Shared/jqueryui/images/ui-icons_82798d_256x240.png HTTP/1.1" 404 1089
191.112.91.68 - - [02/Mar/2016:10:48:04 -0300] "GET /cormun/static/Shared/jqueryui/images/ui-bg_flat_55_994d53_40x100.png HTTP/1.1" 404 1097
191.112.91.68 - - [02/Mar/2016:10:48:04 -0300] "GET /cormun/static/Shared/jqueryui/images/ui-icons_ebccce_256x240.png HTTP/1.1" 404 1089
191.112.91.68 - - [02/Mar/2016:10:48:07 -0300] "GET /cormun/servlet/solicitudot?cc3825a6bcde85380411dea6bcbbd66b34deee43426919804a0375568e5e1d60e087cc8d1396c39f5b643eba36b837cb,gx-no-cache=1456926514009 HTTP/1.1" 200 30
186.78.57.210 - - [02/Mar/2016:10:48:11 -0300] "POST /cormun/servlet/trsolicitudot?dfd6672ade0be13cdd5b2f9918277ff5,,gx-no-cache=1456926549939 HTTP/1.1" 200 4905
186.78.57.210 - - [02/Mar/2016:10:48:12 -0300] "POST /cormun/servlet/trsolicitudot?dfd6672ade0be13cdd5b2f9918277ff5,,gx-no-cache=1456926550479 HTTP/1.1" 200 4904
186.78.37.249 - - [02/Mar/2016:10:48:44 -0300] "POST /cormun/servlet/solicitudot?gx-no-cache=1456930309796 HTTP/1.1" 200 1116
186.78.37.249 - - [02/Mar/2016:10:49:09 -0300] "GET /cormun/servlet/solicitudot?10541203dc6347c0fc7d71f769e75ed88910e1b91e0305c42e0a38722a706dbe61c6728f558f86b321d1f62cc83877c557d83ddb7344fa5dce9ffd0af9c79488d9a013665948e241fbe1853208cff4e7ba7ed0a9a6bf18d65881cb5b0c85c947b273f35543eceb9c0bb9565794cbc607f894d3b2320c50be9d4a7a914e8ee37e77d1eb0da52dad2b4d650d7c5631b16e1f135900c75b93c7083af1cf2744a43e69855954b3aec1880f60c05ec235bbcf93a1db844a2d661bfc390eb50d3ab318,gx-no-cache=1456930337749 HTTP/1.1" 200 30
192.168.10.98 - - [02/Mar/2016:10:49:46 -0300] "GET /cormun/servlet/trautorizarsolicitud? HTTP/1.1" 200 6477
192.168.10.98 - - [02/Mar/2016:10:49:47 -0300] "GET /cormun/static/Resources/Spanish/PXTools.css?171692 HTTP/1.1" 304 -
192.168.10.98 - - [02/Mar/2016:10:49:47 -0300] "GET /cormun/static/gxcfg.js?20163117314923 HTTP/1.1" 304 -
192.168.10.98 - - [02/Mar/2016:10:49:47 -0300] "GET /cormun/static/trautorizarsolicitud.js?20163117315445 HTTP/1.1" 304 -
192.168.10.98 - - [02/Mar/2016:10:49:47 -0300] "GET /cormun/servlet/trautorizarsolicitud? HTTP/1.1" 200 6477
192.168.10.98 - - [02/Mar/2016:10:49:49 -0300] "GET /cormun/servlet/trsolicitudgral? HTTP/1.1" 200 9130
192.168.10.98 - - [02/Mar/2016:10:49:50 -0300] "GET /cormun/static/gxcfg.js?20163117303237 HTTP/1.1" 304 -
192.168.10.98 - - [02/Mar/2016:10:49:50 -0300] "GET /cormun/static/trsolicitudgral.js?20163117303822 HTTP/1.1" 304 -
192.168.10.98 - - [02/Mar/2016:10:49:50 -0300] "GET /cormun/servlet/trsolicitudgral? HTTP/1.1" 200 9130
186.78.37.249 - - [02/Mar/2016:10:49:51 -0300] "POST /cormun/servlet/solicitudot?1aff4693c8061147051806e3ab8c2257,INS,0,0,,gx-no-cache=1456930382508 HTTP/1.1" 200 9353
186.78.37.249 - - [02/Mar/2016:10:49:51 -0300] "GET /cormun/static/Shared/jqueryui/images/ui-bg_highlight-soft_100_c6c2c8_1x100.png HTTP/1.1" 404 1117
186.78.37.249 - - [02/Mar/2016:10:49:51 -0300] "GET /cormun/static/Shared/jqueryui/images/ui-icons_82798d_256x240.png HTTP/1.1" 404 1089
186.78.37.249 - - [02/Mar/2016:10:49:51 -0300] "GET /cormun/static/Shared/jqueryui/images/ui-bg_flat_55_994d53_40x100.png HTTP/1.1" 404 1097
186.78.37.249 - - [02/Mar/2016:10:49:51 -0300] "GET /cormun/static/Shared/jqueryui/images/ui-icons_ebccce_256x240.png HTTP/1.1" 404 1089
192.168.10.98 - - [02/Mar/2016:10:49:56 -0300] "POST /cormun/servlet/trsolicitudgral?cdb142f7fa332aba2fe13b8e7d58cd56,,gx-no-cache=1456926349645 HTTP/1.1" 200 6344
192.168.10.98 - - [02/Mar/2016:10:49:57 -0300] "POST /cormun/servlet/trsolicitudgral?cdb142f7fa332aba2fe13b8e7d58cd56,,gx-no-cache=1456926349918 HTTP/1.1" 200 6343
192.168.10.98 - - [02/Mar/2016:10:49:57 -0300] "POST /cormun/servlet/trsolicitudgral?cdb142f7fa332aba2fe13b8e7d58cd56,,gx-no-cache=1456926350132 HTTP/1.1" 200 6343
192.168.10.98 - - [02/Mar/2016:10:49:57 -0300] "POST /cormun/servlet/trsolicitudgral?cdb142f7fa332aba2fe13b8e7d58cd56,,gx-no-cache=1456926350361 HTTP/1.1" 200 6343
192.168.10.98 - - [02/Mar/2016:10:49:57 -0300] "POST /cormun/servlet/trsolicitudgral?cdb142f7fa332aba2fe13b8e7d58cd56,,gx-no-cache=1456926350635 HTTP/1.1" 200 6342
192.168.10.98 - - [02/Mar/2016:10:49:58 -0300] "POST /cormun/servlet/trsolicitudgral?cdb142f7fa332aba2fe13b8e7d58cd56,,gx-no-cache=1456926350889 HTTP/1.1" 200 6343
192.168.10.98 - - [02/Mar/2016:10:49:58 -0300] "POST /cormun/servlet/trsolicitudgral?cdb142f7fa332aba2fe13b8e7d58cd56,,gx-no-cache=1456926351153 HTTP/1.1" 200 6343
186.78.57.210 - - [02/Mar/2016:10:50:08 -0300] "GET /cormun/servlet/trsolicitudot?f1d7b191284c9b973e24856e6762f56524c92ec25189d7cd406f63fee9cd880310af4a13234c8a472856041236bc7a57f9a967179f18c1c1c5ed5dde9bd9b146b1b44de873ae2f57065b662ee930aa872ecebffea1f336c6c3898964c25c3b6b057f26c95146a7a066920abde0106cbd,gx-no-cache=1456926667178 HTTP/1.1" 200 2182
192.168.10.98 - - [02/Mar/2016:10:50:15 -0300] "POST /cormun/servlet/trsolicitudgral?cdb142f7fa332aba2fe13b8e7d58cd56,,gx-no-cache=1456926368375 HTTP/1.1" 200 4445
192.168.10.98 - - [02/Mar/2016:10:50:15 -0300] "GET /cormun/servlet/trsolicitudgral?9cad4494a63324f742af0f8735a08f145101444dbf9eb1df1702abfc506c018965d19b0f216e511734cb960607c269d9639d7b0362342fcaf3c84d1501956883a4426b90b79f61cc7304fc62fdb093ea4f960bb982eba9187a03b0658ea4bc72,gx-no-cache=1456926368788 HTTP/1.1" 200 613
192.168.10.98 - - [02/Mar/2016:10:50:27 -0300] "GET /cormun/servlet/trsolicitudot? HTTP/1.1" 200 6534
192.168.10.98 - - [02/Mar/2016:10:50:27 -0300] "GET /cormun/static/gxcfg.js?20163117265139 HTTP/1.1" 200 953
192.168.10.98 - - [02/Mar/2016:10:50:27 -0300] "GET /cormun/static/trsolicitudot.js?20163117265688 HTTP/1.1" 200 45326
192.168.10.98 - - [02/Mar/2016:10:50:28 -0300] "GET /cormun/servlet/trsolicitudot? HTTP/1.1" 200 6534
192.168.10.98 - - [02/Mar/2016:10:50:33 -0300] "POST /cormun/servlet/trsolicitudot?cdb142f7fa332aba2fe13b8e7d58cd56,,gx-no-cache=1456926386538 HTTP/1.1" 200 3769
192.168.10.98 - - [02/Mar/2016:10:50:33 -0300] "POST /cormun/servlet/trsolicitudot?cdb142f7fa332aba2fe13b8e7d58cd56,,gx-no-cache=1456926386714 HTTP/1.1" 200 3769
192.168.10.98 - - [02/Mar/2016:10:50:34 -0300] "POST /cormun/servlet/trsolicitudot?cdb142f7fa332aba2fe13b8e7d58cd56,,gx-no-cache=1456926386886 HTTP/1.1" 200 3769
192.168.10.98 - - [02/Mar/2016:10:50:34 -0300] "POST /cormun/servlet/trsolicitudot?cdb142f7fa332aba2fe13b8e7d58cd56,,gx-no-cache=1456926387060 HTTP/1.1" 200 3769
186.78.37.249 - - [02/Mar/2016:10:50:35 -0300] "GET /cormun/static/menuarrow.gif HTTP/1.1" 404 1015
186.78.57.210 - - [02/Mar/2016:10:50:44 -0300] "GET /cormun/servlet/trsolicitudot?f1d7b191284c9b973e24856e6762f565b54e3b95fcf9233aed16fe0f09fbb481c64a5a1538bafa8a2d1103fead419e4e978bf9a0ecd6b739f2e689b10bd8092b647a81c14e1811d89d45dde7c2a567ca9db806543999b68fd679a41b1b0533b304425d04c058f9df0679d4918ad5d810,gx-no-cache=1456926703205 HTTP/1.1" 200 2182
186.78.57.210 - - [02/Mar/2016:10:50:55 -0300] "GET /cormun/servlet/trsolicitudot?f1d7b191284c9b973e24856e6762f565b54e3b95fcf9233aed16fe0f09fbb481c64a5a1538bafa8a2d1103fead419e4e978bf9a0ecd6b739f2e689b10bd8092b647a81c14e1811d89d45dde7c2a567ca9db806543999b68fd679a41b1b0533b304425d04c058f9df0679d4918ad5d810,gx-no-cache=1456926713658 HTTP/1.1" 200 2182
186.78.57.210 - - [02/Mar/2016:10:51:10 -0300] "GET /cormun/servlet/trsolicitudot?f1d7b191284c9b973e24856e6762f565b54e3b95fcf9233aed16fe0f09fbb481c64a5a1538bafa8a2d1103fead419e4e978bf9a0ecd6b739f2e689b10bd8092b647a81c14e1811d89d45dde7c2a567ca9db806543999b68fd679a41b1b0533b304425d04c058f9df0679d4918ad5d810,gx-no-cache=1456926728490 HTTP/1.1" 200 2182
186.78.37.249 - - [02/Mar/2016:10:51:20 -0300] "GET /cormun/servlet/solicitudot?10541203dc6347c0fc7d71f769e75ed88910e1b91e0305c42e0a38722a706dbe61c6728f558f86b321d1f62cc83877c557d83ddb7344fa5dce9ffd0af9c79488d9a013665948e241fbe1853208cff4e7ba7ed0a9a6bf18d65881cb5b0c85c947b273f35543eceb9c0bb9565794cbc607f894d3b2320c50be9d4a7a914e8ee37e77d1eb0da52dad2b4d650d7c5631b16e1f135900c75b93c7083af1cf2744a43e69855954b3aec1880f60c05ec235bbcf53b23c6ebd3f62422fa8b76f7968e549,gx-no-cache=1456930481285 HTTP/1.1" 200 32
186.78.37.249 - - [02/Mar/2016:10:51:21 -0300] "POST /cormun/servlet/solicitudot?1aff4693c8061147051806e3ab8c2257,INS,0,0,,gx-no-cache=1456930481482 HTTP/1.1" 200 9402
186.78.57.210 - - [02/Mar/2016:10:51:24 -0300] "GET /cormun/servlet/solicitudot?INS,0,0, HTTP/1.1" 200 11406
186.78.57.210 - - [02/Mar/2016:10:51:24 -0300] "GET /cormun/static/gxcfg.js?20163117305121 HTTP/1.1" 200 953
186.78.57.210 - - [02/Mar/2016:10:51:24 -0300] "GET /cormun/static/Resources/prompt.gif HTTP/1.1" 200 902
186.78.57.210 - - [02/Mar/2016:10:51:24 -0300] "GET /cormun/static/solicitudot.js?20163117305174 HTTP/1.1" 200 44151
186.78.57.210 - - [02/Mar/2016:10:51:24 -0300] "GET /cormun/servlet/solicitudot?INS,0,0, HTTP/1.1" 200 11410
186.78.57.210 - - [02/Mar/2016:10:51:45 -0300] "POST /cormun/servlet/solicitudot?gx-no-cache=1456926763561 HTTP/1.1" 200 2668
186.78.57.210 - - [02/Mar/2016:10:51:45 -0300] "POST /cormun/servlet/solicitudot?dfd6672ade0be13cdd5b2f9918277ff5,INS,0,0,,gx-no-cache=1456926764025 HTTP/1.1" 200 8253
192.168.10.98 - - [02/Mar/2016:10:51:52 -0300] "GET /cormun/servlet/trsolicitudot? HTTP/1.1" 200 6534
186.78.57.210 - - [02/Mar/2016:10:51:52 -0300] "GET /cormun/servlet/solicitudot?a43b556691c5656bd571f5a48f66b4e76389d9b1f2ab12750f7eb874647df9d4057f26c95146a7a066920abde0106cbd,gx-no-cache=1456926770836 HTTP/1.1" 200 30
192.168.10.98 - - [02/Mar/2016:10:51:53 -0300] "GET /cormun/servlet/trsolicitudot? HTTP/1.1" 200 6534
192.168.10.98 - - [02/Mar/2016:10:52:03 -0300] "GET /cormun/servlet/trsolicitudgral? HTTP/1.1" 200 7322
192.168.10.98 - - [02/Mar/2016:10:52:04 -0300] "GET /cormun/servlet/trsolicitudgral? HTTP/1.1" 200 7322
192.168.10.98 - - [02/Mar/2016:10:52:08 -0300] "POST /cormun/servlet/trsolicitudgral?cdb142f7fa332aba2fe13b8e7d58cd56,,gx-no-cache=1456926480802 HTTP/1.1" 200 4443
192.168.10.98 - - [02/Mar/2016:10:52:08 -0300] "POST /cormun/servlet/trsolicitudgral?cdb142f7fa332aba2fe13b8e7d58cd56,,gx-no-cache=1456926481008 HTTP/1.1" 200 4442
192.168.10.98 - - [02/Mar/2016:10:52:08 -0300] "POST /cormun/servlet/trsolicitudgral?cdb142f7fa332aba2fe13b8e7d58cd56,,gx-no-cache=1456926481183 HTTP/1.1" 200 4443
192.168.10.98 - - [02/Mar/2016:10:52:08 -0300] "POST /cormun/servlet/trsolicitudgral?cdb142f7fa332aba2fe13b8e7d58cd56,,gx-no-cache=1456926481356 HTTP/1.1" 200 4442
192.168.10.98 - - [02/Mar/2016:10:52:08 -0300] "POST /cormun/servlet/trsolicitudgral?cdb142f7fa332aba2fe13b8e7d58cd56,,gx-no-cache=1456926481494 HTTP/1.1" 200 4443
192.168.10.98 - - [02/Mar/2016:10:52:08 -0300] "POST /cormun/servlet/trsolicitudgral?cdb142f7fa332aba2fe13b8e7d58cd56,,gx-no-cache=1456926481660 HTTP/1.1" 200 4443
192.168.10.98 - - [02/Mar/2016:10:52:09 -0300] "POST /cormun/servlet/trsolicitudgral?cdb142f7fa332aba2fe13b8e7d58cd56,,gx-no-cache=1456926481842 HTTP/1.1" 200 4443
192.168.10.98 - - [02/Mar/2016:10:52:13 -0300] "POST /cormun/servlet/trsolicitudgral?cdb142f7fa332aba2fe13b8e7d58cd56,,gx-no-cache=1456926485865 HTTP/1.1" 200 4440
192.168.10.98 - - [02/Mar/2016:10:52:13 -0300] "GET /cormun/servlet/trsolicitudgral?9cad4494a63324f742af0f8735a08f145101444dbf9eb1df1702abfc506c01895b2d192d030ba028f34359bfdba410304b29b42e05f928c94f8cbc052965801d4dd8a053c3ddc6a4471113d68382a88d,gx-no-cache=1456926486282 HTTP/1.1" 200 606
192.168.10.89 - - [02/Mar/2016:10:52:13 -0300] "GET /cormun/servlet/prfichaempleado?,MD,,gxPopupLevel%3D0%3B HTTP/1.1" 200 7879
192.168.10.89 - - [02/Mar/2016:10:52:13 -0300] "GET /cormun/static/scaMessage/css/jquery-ui.css?104140 HTTP/1.1" 404 1045
186.78.37.249 - - [02/Mar/2016:10:52:16 -0300] "GET /cormun/servlet/solicitudot?10541203dc6347c0fc7d71f769e75ed88910e1b91e0305c42e0a38722a706dbe61c6728f558f86b321d1f62cc83877c557d83ddb7344fa5dce9ffd0af9c79488d9a013665948e241fbe1853208cff4e7ba7ed0a9a6bf18d65881cb5b0c85c947b273f35543eceb9c0bb9565794cbc607f894d3b2320c50be9d4a7a914e8ee37e77d1eb0da52dad2b4d650d7c5631b16e1f135900c75b93c7083af1cf2744a43e69855954b3aec1880f60c05ec235bbcf9db46e910f8112469bb1df0fa73f2c58,gx-no-cache=1456930542919 HTTP/1.1" 200 32
186.78.37.249 - - [02/Mar/2016:10:52:17 -0300] "POST /cormun/servlet/solicitudot?1aff4693c8061147051806e3ab8c2257,INS,0,0,,gx-no-cache=1456930543051 HTTP/1.1" 200 9458
186.78.57.210 - - [02/Mar/2016:10:52:19 -0300] "GET /cormun/servlet/trsolicitudot? HTTP/1.1" 200 7470
186.78.57.210 - - [02/Mar/2016:10:52:19 -0300] "GET /cormun/servlet/trsolicitudot? HTTP/1.1" 200 7469
192.168.10.89 - - [02/Mar/2016:10:52:20 -0300] "GET /cormun/servlet/prfichaempleado?b83a3073b92727be8d37255bd116bdc9b0b669818b706eb2373d484ca71044aa95b97eac68f2dfe10149ebde447f9e30e897e006a7b4c69dc907c95b67ff7d01c41ad0da030402371db49861a1733b3f007fa5d17cc94846c3eff2b92bad7936,gx-no-cache=1456926493426 HTTP/1.1" 200 442
192.168.10.89 - - [02/Mar/2016:10:52:21 -0300] "POST /cormun/servlet/prfichaempleado?e6bf61c7ee82836ecba3bb60bf3ce0e8,,MD,,gxPopupLevel%3D0%3B,gx-no-cache=1456926494505 HTTP/1.1" 200 2649
186.78.37.249 - - [02/Mar/2016:10:52:24 -0300] "POST /cormun/servlet/solicitudot?1aff4693c8061147051806e3ab8c2257,INS,0,0,,gx-no-cache=1456930550951 HTTP/1.1" 200 93
186.78.37.249 - - [02/Mar/2016:10:52:24 -0300] "GET /cormun/servlet/hpexe_return? HTTP/1.1" 200 1004
186.78.37.249 - - [02/Mar/2016:10:52:24 -0300] "GET /cormun/static/Resources/Spanish/PXTools.css?12112540 HTTP/1.1" 304 -
186.78.37.249 - - [02/Mar/2016:10:52:24 -0300] "GET /cormun/static/gxcfg.js?2015111312145050 HTTP/1.1" 304 -
186.78.37.249 - - [02/Mar/2016:10:52:24 -0300] "GET /cormun/static/messages.spa.js?85251 HTTP/1.1" 304 -
186.78.37.249 - - [02/Mar/2016:10:52:24 -0300] "GET /cormun/static/hpexe_return.js?2015111312145056 HTTP/1.1" 304 -
186.78.37.249 - - [02/Mar/2016:10:52:24 -0300] "GET /cormun/servlet/trsolicitudot? HTTP/1.1" 200 6182
186.78.37.249 - - [02/Mar/2016:10:52:24 -0300] "GET /cormun/static/Resources/Spanish/PXTools.css?171692 HTTP/1.1" 304 -
186.78.37.249 - - [02/Mar/2016:10:52:24 -0300] "GET /cormun/static/gxcfg.js?20163117265139 HTTP/1.1" 304 -
186.78.37.249 - - [02/Mar/2016:10:52:24 -0300] "GET /cormun/static/trsolicitudot.js?20163117265688 HTTP/1.1" 304 -
186.78.37.249 - - [02/Mar/2016:10:52:24 -0300] "GET /cormun/static/hwchdr01.js?20162241650484 HTTP/1.1" 304 -
186.78.37.249 - - [02/Mar/2016:10:52:24 -0300] "GET /cormun/static/hpexe_recentlink.js?2015111312121342 HTTP/1.1" 304 -
186.78.37.249 - - [02/Mar/2016:10:52:24 -0300] "GET /cormun/static/hpexe_scripts.js?20151120014546 HTTP/1.1" 304 -
186.78.37.249 - - [02/Mar/2016:10:52:24 -0300] "GET /cormun/static/hpexe_messagecontroller.js?2015112210524422 HTTP/1.1" 304 -
186.78.37.249 - - [02/Mar/2016:10:52:24 -0300] "GET /cormun/static/hpexe_messagepopupcomponent.js?2016311717983 HTTP/1.1" 304 -
186.78.37.249 - - [02/Mar/2016:10:52:24 -0300] "GET /cormun/static/hpexe_messagegenexuscomponent.js?20151120014314 HTTP/1.1" 304 -
186.78.37.249 - - [02/Mar/2016:10:52:24 -0300] "GET /cormun/static/cmcontrolpreferences.js?20151120014525 HTTP/1.1" 304 -
186.78.37.249 - - [02/Mar/2016:10:52:24 -0300] "GET /cormun/static/hmpwkw03.js?20163114183826 HTTP/1.1" 304 -
186.78.37.249 - - [02/Mar/2016:10:52:25 -0300] "GET /cormun/servlet/trsolicitudot? HTTP/1.1" 200 6178
192.168.10.89 - - [02/Mar/2016:10:52:26 -0300] "GET /cormun/servlet/prfichaempleado?b83a3073b92727be8d37255bd116bdc9961d92b43915219eba1cdde56ccf183abfb8395235d4251fed525a8ca5f8bdf8bf406770012d4d4e98cbf663bba2f731cabf5da576e6e9fc152dac0fc454f766,gx-no-cache=1456926499291 HTTP/1.1" 200 445
192.168.10.89 - - [02/Mar/2016:10:52:28 -0300] "GET /cormun/servlet/prfichaempleado?b83a3073b92727be8d37255bd116bdc9961d92b43915219eba1cdde56ccf183ae10221b6f8a3356940d52321bf962a79258b3863929a634851e70a89e6249f78,gx-no-cache=1456926501083 HTTP/1.1" 200 457
192.168.10.98 - - [02/Mar/2016:10:52:34 -0300] "POST /cormun/servlet/trsolicitudgral?cdb142f7fa332aba2fe13b8e7d58cd56,,gx-no-cache=1456926507534 HTTP/1.1" 200 4441
192.168.10.98 - - [02/Mar/2016:10:52:35 -0300] "GET /cormun/servlet/trsolicitudgral?9cad4494a63324f742af0f8735a08f145101444dbf9eb1df1702abfc506c0189bbecd7698599a4cc1908de033e7f3b236ce5c09135fe20d35c143020bb463697f42a2f62a8750f6a5e65797644d1cb7b,gx-no-cache=1456926507953 HTTP/1.1" 200 604
191.112.91.68 - - [02/Mar/2016:10:52:37 -0300] "POST /cormun/servlet/solicitudot?gx-no-cache=1456926784425 HTTP/1.1" 200 30
192.168.10.89 - - [02/Mar/2016:10:52:43 -0300] "GET /cormun/servlet/prfichaempleado?b83a3073b92727be8d37255bd116bdc9961d92b43915219eba1cdde56ccf183ad2ffd2f0a05a8167ae909d0d910556e0e3ffc062f114a3cd811af7e9da628734991b82de9a07a7288ca9c344913c08a4,gx-no-cache=1456926516004 HTTP/1.1" 200 470
192.168.10.89 - - [02/Mar/2016:10:52:44 -0300] "POST /cormun/servlet/prfichaempleado?e6bf61c7ee82836ecba3bb60bf3ce0e8,,MD,,gxPopupLevel%3D0%3B,gx-no-cache=1456926517113 HTTP/1.1" 200 2848
191.112.91.68 - - [02/Mar/2016:10:52:45 -0300] "POST /cormun/servlet/solicitudot?gx-no-cache=1456926792345 HTTP/1.1" 200 30
192.168.10.98 - - [02/Mar/2016:10:52:46 -0300] "GET /cormun/servlet/trsolicitudgral? HTTP/1.1" 200 7322
192.168.10.98 - - [02/Mar/2016:10:52:47 -0300] "GET /cormun/servlet/trsolicitudgral? HTTP/1.1" 200 7322
192.168.10.98 - - [02/Mar/2016:10:52:51 -0300] "POST /cormun/servlet/trsolicitudgral?cdb142f7fa332aba2fe13b8e7d58cd56,,gx-no-cache=1456926524505 HTTP/1.1" 200 4439
192.168.10.98 - - [02/Mar/2016:10:52:51 -0300] "POST /cormun/servlet/trsolicitudgral?cdb142f7fa332aba2fe13b8e7d58cd56,,gx-no-cache=1456926524663 HTTP/1.1" 200 4440
192.168.10.98 - - [02/Mar/2016:10:52:52 -0300] "POST /cormun/servlet/trsolicitudgral?cdb142f7fa332aba2fe13b8e7d58cd56,,gx-no-cache=1456926524825 HTTP/1.1" 200 4440
192.168.10.98 - - [02/Mar/2016:10:52:52 -0300] "POST /cormun/servlet/trsolicitudgral?cdb142f7fa332aba2fe13b8e7d58cd56,,gx-no-cache=1456926524998 HTTP/1.1" 200 4439
192.168.10.98 - - [02/Mar/2016:10:52:52 -0300] "POST /cormun/servlet/trsolicitudgral?cdb142f7fa332aba2fe13b8e7d58cd56,,gx-no-cache=1456926525138 HTTP/1.1" 200 4440
192.168.10.98 - - [02/Mar/2016:10:52:52 -0300] "POST /cormun/servlet/trsolicitudgral?cdb142f7fa332aba2fe13b8e7d58cd56,,gx-no-cache=1456926525307 HTTP/1.1" 200 4439
192.168.10.98 - - [02/Mar/2016:10:52:52 -0300] "POST /cormun/servlet/trsolicitudgral?cdb142f7fa332aba2fe13b8e7d58cd56,,gx-no-cache=1456926525515 HTTP/1.1" 200 4440
192.168.10.98 - - [02/Mar/2016:10:52:54 -0300] "POST /cormun/servlet/trsolicitudgral?cdb142f7fa332aba2fe13b8e7d58cd56,,gx-no-cache=1456926526988 HTTP/1.1" 200 4442
192.168.10.98 - - [02/Mar/2016:10:52:54 -0300] "GET /cormun/servlet/trsolicitudgral?9cad4494a63324f742af0f8735a08f145101444dbf9eb1df1702abfc506c0189247a6d34d00ef467ec977bf259705aea4b29b42e05f928c94f8cbc052965801d4dd8a053c3ddc6a4471113d68382a88d,gx-no-cache=1456926527413 HTTP/1.1" 200 606
191.112.91.68 - - [02/Mar/2016:10:52:59 -0300] "POST /cormun/servlet/solicitudot?gx-no-cache=1456926806548 HTTP/1.1" 200 452
191.112.91.68 - - [02/Mar/2016:10:52:59 -0300] "GET /cormun/servlet/solicitudot?cc3825a6bcde85380411dea6bcbbd66ba0a809f03ac0b9d6bc2e3d70b255fe0cb0bae8301897d9b933dd5b9206823050198eecfdca69b45be528acc78ad6e80d7bdbf44e47b4ce658084a7861ddd45f69f85ba9ba4b6182c55af139d39c11ef4d33dfa3f3a60f288984d0adad09a105e03edcacd1835ccf5d17ffeadc25cea738b4e9a1a0092b0319b4df72fd044e5cf,gx-no-cache=1456926806751 HTTP/1.1" 200 38
192.168.10.98 - - [02/Mar/2016:10:53:14 -0300] "GET /cormun/servlet/trsolicitudot? HTTP/1.1" 200 6534
192.168.10.98 - - [02/Mar/2016:10:53:15 -0300] "GET /cormun/servlet/trsolicitudot? HTTP/1.1" 200 6534
192.168.10.89 - - [02/Mar/2016:10:53:33 -0300] "POST /cormun/servlet/solicitudot?gx-no-cache=1456926566780 HTTP/1.1" 200 2780
192.168.10.89 - - [02/Mar/2016:10:53:34 -0300] "POST /cormun/servlet/solicitudot?e6bf61c7ee82836ecba3bb60bf3ce0e8,INS,0,0,,gx-no-cache=1456926566919 HTTP/1.1" 200 8400
192.168.10.89 - - [02/Mar/2016:10:53:37 -0300] "GET /cormun/servlet/solicitudot?521f9665cfb361228f25d91890049fa92bd2d601fcf936cb445c38f367a2d4a684d8b5f3ae84f4ac5d3553a53671b1f6,gx-no-cache=1456926570189 HTTP/1.1" 200 30
192.168.10.89 - - [02/Mar/2016:10:53:37 -0300] "POST /cormun/servlet/solicitudot?gx-no-cache=1456926570225 HTTP/1.1" 200 30
192.168.10.89 - - [02/Mar/2016:10:53:38 -0300] "POST /cormun/servlet/solicitudot?gx-no-cache=1456926571744 HTTP/1.1" 200 30
192.168.10.89 - - [02/Mar/2016:10:53:43 -0300] "POST /cormun/servlet/solicitudot?gx-no-cache=1456926576296 HTTP/1.1" 200 452
192.168.10.89 - - [02/Mar/2016:10:53:43 -0300] "GET /cormun/servlet/solicitudot?521f9665cfb361228f25d91890049fa984fa24b8199350474ca1ee07f508e3c24d5c8739d6f9affa20e67f84c5b9fc28d4da589ad8ee4e99b06346944cebf75c6f6f0a3114161386948103389c15878bc8fd08291b4d02a47fb4469c4edb7e38f225b4e70a7aa2dd825c844ab907b6f4c3384a11f39f25516d025d7264e3efb5927d2452c923f76345aea6bc23c955a2,gx-no-cache=1456926576332 HTTP/1.1" 200 38
186.78.57.210 - - [02/Mar/2016:10:53:56 -0300] "POST /cormun/servlet/trsolicitudot?dfd6672ade0be13cdd5b2f9918277ff5,,gx-no-cache=1456926894841 HTTP/1.1" 200 4897
192.168.10.89 - - [02/Mar/2016:10:54:02 -0300] "GET /cormun/servlet/solicitudot?521f9665cfb361228f25d91890049fa9788d1a674f8ed1eb3471f79990f80117048952a13aae1752cc8525d814a9290e08f8c7a964e347afa6cde893fe87d8e344c5957efc582199b5594121d5358ff88907e7f9e8b45c00e66107a7dec82d30de566cf34b117148b32e338dc795746897b4d61351e7abe9313225817dec84fd556f930fe39774e8b75309e3bcb5a543330709f6cdc1d38b45c2e333e605ff1b,gx-no-cache=1456926595393 HTTP/1.1" 200 29
192.168.10.89 - - [02/Mar/2016:10:54:03 -0300] "POST /cormun/servlet/solicitudot?gx-no-cache=1456926596417 HTTP/1.1" 200 1116
186.78.57.210 - - [02/Mar/2016:10:54:04 -0300] "GET /cormun/servlet/trsolicitudot?f1d7b191284c9b973e24856e6762f5654149bab43246d38f03c26bc4b3a66006c64a5a1538bafa8a2d1103fead419e4e978bf9a0ecd6b739f2e689b10bd8092b647a81c14e1811d89d45dde7c2a567ca9db806543999b68fd679a41b1b0533b304425d04c058f9df0679d4918ad5d810,gx-no-cache=1456926903173 HTTP/1.1" 200 2182
186.78.57.210 - - [02/Mar/2016:10:54:12 -0300] "GET /cormun/servlet/trsolicitudot? HTTP/1.1" 200 7469
186.78.57.210 - - [02/Mar/2016:10:54:13 -0300] "GET /cormun/servlet/trsolicitudot? HTTP/1.1" 200 7469
192.168.10.89 - - [02/Mar/2016:10:54:15 -0300] "GET /cormun/servlet/solicitudot?521f9665cfb361228f25d91890049fa90f6435255dd7a130947561c70593c5fcbf5b5becc303c7d340326a85eb067cecee1fed1043aa4f43815971819b8dccaf1249706d1043b4b51b7ac0b2ba3d33f2f6651860e68f87d3de6dc27807f03cde2f931c14717f31758af23d53d89d69a88ed95c4ba876625b897a49ec37a9dd3ce68c448094c9816ea527fbd400e7b449d73458b5ebc0a1f7529c81511f6ff0594f9e409fa8fd41febb1141a31035cf43,gx-no-cache=1456926608634 HTTP/1.1" 200 30
186.78.57.210 - - [02/Mar/2016:10:54:19 -0300] "POST /cormun/servlet/trsolicitudot?dfd6672ade0be13cdd5b2f9918277ff5,,gx-no-cache=1456926917225 HTTP/1.1" 200 4897
186.78.57.210 - - [02/Mar/2016:10:54:19 -0300] "POST /cormun/servlet/trsolicitudot?dfd6672ade0be13cdd5b2f9918277ff5,,gx-no-cache=1456926917600 HTTP/1.1" 200 4897
186.78.57.210 - - [02/Mar/2016:10:54:19 -0300] "POST /cormun/servlet/trsolicitudot?dfd6672ade0be13cdd5b2f9918277ff5,,gx-no-cache=1456926918000 HTTP/1.1" 200 4896
186.78.57.210 - - [02/Mar/2016:10:54:20 -0300] "POST /cormun/servlet/trsolicitudot?dfd6672ade0be13cdd5b2f9918277ff5,,gx-no-cache=1456926918365 HTTP/1.1" 200 4897
192.168.10.89 - - [02/Mar/2016:10:54:21 -0300] "POST /cormun/servlet/solicitudot?e6bf61c7ee82836ecba3bb60bf3ce0e8,INS,0,0,,gx-no-cache=1456926614137 HTTP/1.1" 200 93
192.168.10.89 - - [02/Mar/2016:10:54:21 -0300] "GET /cormun/servlet/hpexe_return? HTTP/1.1" 200 1031
192.168.10.89 - - [02/Mar/2016:10:54:22 -0300] "GET /cormun/servlet/trsolicitudot?gx-no-cache=1456925052420 HTTP/1.1" 200 7468
186.78.57.210 - - [02/Mar/2016:10:54:24 -0300] "POST /cormun/servlet/trsolicitudot?dfd6672ade0be13cdd5b2f9918277ff5,,gx-no-cache=1456926922532 HTTP/1.1" 200 3482
186.78.57.210 - - [02/Mar/2016:10:54:24 -0300] "GET /cormun/servlet/trsolicitudot?f1d7b191284c9b973e24856e6762f56532cab7d1bb455565ddaea123cf63fd45ecbde8592f432068f2764f100891e9542918a792101ba41cddf59c5665556c74d40767a5a585a6fcf4cd35cd00b4b4a8aa3d40669ce957e9e4c6f4a27348b85d,gx-no-cache=1456926922970 HTTP/1.1" 200 757
192.168.10.98 - - [02/Mar/2016:10:54:28 -0300] "GET /cormun/servlet/trsolicitudgral? HTTP/1.1" 200 7322
192.168.10.98 - - [02/Mar/2016:10:54:29 -0300] "GET /cormun/servlet/trsolicitudot? HTTP/1.1" 200 6534
192.168.10.98 - - [02/Mar/2016:10:54:29 -0300] "GET /cormun/servlet/trsolicitudgral? HTTP/1.1" 200 7322
192.168.10.98 - - [02/Mar/2016:10:54:30 -0300] "GET /cormun/servlet/trsolicitudot? HTTP/1.1" 200 6540
192.168.10.98 - - [02/Mar/2016:10:54:30 -0300] "GET /cormun/servlet/trsolicitudgral? HTTP/1.1" 200 7333
192.168.10.98 - - [02/Mar/2016:10:54:30 -0300] "GET /cormun/servlet/trautorizarsolicitud? HTTP/1.1" 200 6466
192.168.10.98 - - [02/Mar/2016:10:54:31 -0300] "GET /cormun/servlet/trautorizarsolicitud? HTTP/1.1" 200 6477
192.168.10.89 - - [02/Mar/2016:10:54:32 -0300] "GET /cormun/servlet/solicitudot?INS,0,0, HTTP/1.1" 200 11407
192.168.10.89 - - [02/Mar/2016:10:54:35 -0300] "GET /cormun/servlet/prfichaempleado?,MD,,gxPopupLevel%3D0%3B HTTP/1.1" 200 7879
192.168.10.89 - - [02/Mar/2016:10:54:35 -0300] "GET /cormun/static/scaMessage/css/jquery-ui.css?104140 HTTP/1.1" 404 1045
186.78.57.210 - - [02/Mar/2016:10:54:36 -0300] "GET /cormun/servlet/trsolicitudot?f1d7b191284c9b973e24856e6762f5658f3a19cdfc03c1713882dbecb2841efe09767c85a3767ea95871534481c440ae2cb2ae72557df3a5a4ad1b24fb162ed2647a81c14e1811d89d45dde7c2a567ca8b36f0e21bc7d807ee80a3d73fb428467708d4c77a33153ddc41942ceb7e07f8,gx-no-cache=1456926934899 HTTP/1.1" 200 757
192.168.10.89 - - [02/Mar/2016:10:54:39 -0300] "GET /cormun/servlet/prfichaempleado?b83a3073b92727be8d37255bd116bdc9961d92b43915219eba1cdde56ccf183a854b8c3bd99b9f782638334d0eda0b04d6bbf7340c247adec3d45f7ed040ff2ae8e4d58a10ab9bd68bbe7c2513ac482c,gx-no-cache=1456926632616 HTTP/1.1" 200 463
192.168.10.89 - - [02/Mar/2016:10:54:40 -0300] "GET /cormun/servlet/prfichaempleado?b83a3073b92727be8d37255bd116bdc9961d92b43915219eba1cdde56ccf183ad93350b510142eb057b9dd332e91b9e6ab7c7e3c627aacf9b7dc030d71007e416343d88a58a299959246dab8e75b4afa,gx-no-cache=1456926633867 HTTP/1.1" 200 470
192.168.10.89 - - [02/Mar/2016:10:54:41 -0300] "POST /cormun/servlet/prfichaempleado?e6bf61c7ee82836ecba3bb60bf3ce0e8,,MD,,gxPopupLevel%3D0%3B,gx-no-cache=1456926634745 HTTP/1.1" 200 2848
186.78.57.210 - - [02/Mar/2016:10:54:42 -0300] "POST /cormun/servlet/trsolicitudot?dfd6672ade0be13cdd5b2f9918277ff5,,gx-no-cache=1456926940524 HTTP/1.1" 200 3483
186.78.57.210 - - [02/Mar/2016:10:54:42 -0300] "POST /cormun/servlet/trsolicitudot?dfd6672ade0be13cdd5b2f9918277ff5,,gx-no-cache=1456926940873 HTTP/1.1" 200 3483
186.78.57.210 - - [02/Mar/2016:10:54:43 -0300] "POST /cormun/servlet/trsolicitudot?dfd6672ade0be13cdd5b2f9918277ff5,,gx-no-cache=1456926941244 HTTP/1.1" 200 3484
186.78.57.210 - - [02/Mar/2016:10:54:43 -0300] "POST /cormun/servlet/trsolicitudot?dfd6672ade0be13cdd5b2f9918277ff5,,gx-no-cache=1456926941585 HTTP/1.1" 200 3485
186.78.57.210 - - [02/Mar/2016:10:54:43 -0300] "POST /cormun/servlet/trsolicitudot?dfd6672ade0be13cdd5b2f9918277ff5,,gx-no-cache=1456926941920 HTTP/1.1" 200 3484
186.78.57.210 - - [02/Mar/2016:10:54:44 -0300] "POST /cormun/servlet/trsolicitudot?dfd6672ade0be13cdd5b2f9918277ff5,,gx-no-cache=1456926942267 HTTP/1.1" 200 3483
186.78.57.210 - - [02/Mar/2016:10:54:44 -0300] "POST /cormun/servlet/trsolicitudot?dfd6672ade0be13cdd5b2f9918277ff5,,gx-no-cache=1456926942648 HTTP/1.1" 200 3484
192.168.10.89 - - [02/Mar/2016:10:54:45 -0300] "POST /cormun/servlet/solicitudot?gx-no-cache=1456926637883 HTTP/1.1" 200 2780
192.168.10.89 - - [02/Mar/2016:10:54:45 -0300] "POST /cormun/servlet/solicitudot?e6bf61c7ee82836ecba3bb60bf3ce0e8,INS,0,0,,gx-no-cache=1456926638038 HTTP/1.1" 200 8400
192.168.10.89 - - [02/Mar/2016:10:54:46 -0300] "GET /cormun/servlet/solicitudot?521f9665cfb361228f25d91890049fa92bd2d601fcf936cb445c38f367a2d4a684d8b5f3ae84f4ac5d3553a53671b1f6,gx-no-cache=1456926639898 HTTP/1.1" 200 30
192.168.10.89 - - [02/Mar/2016:10:54:47 -0300] "POST /cormun/servlet/solicitudot?gx-no-cache=1456926639937 HTTP/1.1" 200 30
192.168.10.89 - - [02/Mar/2016:10:54:48 -0300] "POST /cormun/servlet/solicitudot?gx-no-cache=1456926641841 HTTP/1.1" 200 30
192.168.10.89 - - [02/Mar/2016:10:54:51 -0300] "GET /cormun/servlet/prsolicitudot?17117969,,,,,MD,,gxPopupLevel%3D0%3B HTTP/1.1" 200 5577
186.78.57.210 - - [02/Mar/2016:10:54:51 -0300] "POST /cormun/servlet/trsolicitudot?dfd6672ade0be13cdd5b2f9918277ff5,,gx-no-cache=1456926950057 HTTP/1.1" 200 3483
192.168.10.89 - - [02/Mar/2016:10:54:56 -0300] "POST /cormun/servlet/solicitudot?gx-no-cache=1456926649307 HTTP/1.1" 200 452
192.168.10.89 - - [02/Mar/2016:10:54:56 -0300] "GET /cormun/servlet/solicitudot?521f9665cfb361228f25d91890049fa984fa24b8199350474ca1ee07f508e3c24d5c8739d6f9affa20e67f84c5b9fc28d4da589ad8ee4e99b06346944cebf75c6f6f0a3114161386948103389c15878bc8fd08291b4d02a47fb4469c4edb7e38f225b4e70a7aa2dd825c844ab907b6f4c3384a11f39f25516d025d7264e3efb5927d2452c923f76345aea6bc23c955a2,gx-no-cache=1456926649338 HTTP/1.1" 200 38
192.168.10.89 - - [02/Mar/2016:10:54:56 -0300] "GET /cormun/servlet/solicitudot?521f9665cfb361228f25d91890049fa9788d1a674f8ed1eb3471f79990f80117048952a13aae1752cc8525d814a9290e08f8c7a964e347afa6cde893fe87d8e344c5957efc582199b5594121d5358ff88907e7f9e8b45c00e66107a7dec82d30de566cf34b117148b32e338dc795746897b4d61351e7abe9313225817dec84fd556f930fe39774e8b75309e3bcb5a543330709f6cdc1d38b45c2e333e605ff1b,gx-no-cache=1456926649359 HTTP/1.1" 200 29
192.168.10.89 - - [02/Mar/2016:10:54:56 -0300] "POST /cormun/servlet/solicitudot?gx-no-cache=1456926649376 HTTP/1.1" 200 404
192.168.10.98 - - [02/Mar/2016:10:54:57 -0300] "GET /cormun/servlet/trsecurityrole HTTP/1.1" 200 8657
192.168.10.98 - - [02/Mar/2016:10:54:58 -0300] "GET /cormun/servlet/trsecurityrole HTTP/1.1" 200 8651
186.78.57.210 - - [02/Mar/2016:10:55:03 -0300] "POST /cormun/servlet/trsolicitudot?dfd6672ade0be13cdd5b2f9918277ff5,,gx-no-cache=1456926961431 HTTP/1.1" 200 3484
192.168.10.89 - - [02/Mar/2016:10:55:08 -0300] "POST /cormun/servlet/solicitudot?gx-no-cache=1456926661330 HTTP/1.1" 200 1116
192.168.10.98 - - [02/Mar/2016:10:55:12 -0300] "GET /cormun/servlet/hpexe_return? HTTP/1.1" 200 1012
192.168.10.98 - - [02/Mar/2016:10:55:12 -0300] "GET /cormun/servlet/trsystemobject01 HTTP/1.1" 200 6185
192.168.10.98 - - [02/Mar/2016:10:55:13 -0300] "GET /cormun/servlet/trsystemobject01 HTTP/1.1" 200 6181
186.78.57.210 - - [02/Mar/2016:10:55:14 -0300] "POST /cormun/servlet/trsolicitudot?dfd6672ade0be13cdd5b2f9918277ff5,,gx-no-cache=1456926972628 HTTP/1.1" 200 4897
