186.103.156.24 - - [02/Mar/2016:12:35:59 -0300] "POST /cormun/servlet/trautorizarsolicitud?ccbcbcf2b3ba78b1aabd16cb478f2e30,,gx-no-cache=1456933170364 HTTP/1.1" 200 3456
186.103.156.24 - - [02/Mar/2016:12:35:59 -0300] "GET /cormun/servlet/trautorizarsolicitud?2ea503f76daf7da3b707c7f519b97c10d5fbf0c6e5403c6ad3def60a254c9a115e27af944c17c178408b214c25796713357975009ccafac6f3edb537eac9fe5345d318435460943fb8182669189229bf724cb776992f0fdebdab69c59f249d52,gx-no-cache=1456933170803 HTTP/1.1" 200 727
186.103.156.24 - - [02/Mar/2016:12:36:02 -0300] "POST /cormun/servlet/trautorizarsolicitud?ccbcbcf2b3ba78b1aabd16cb478f2e30,,gx-no-cache=1456933174212 HTTP/1.1" 200 6844
186.103.156.24 - - [02/Mar/2016:12:36:03 -0300] "GET /cormun/servlet/trautorizarsolicitud?2ea503f76daf7da3b707c7f519b97c1006ad853ca78162be413d10c8ffdd373b5e27af944c17c178408b214c25796713357975009ccafac6f3edb537eac9fe5345d318435460943fb8182669189229bf724cb776992f0fdebdab69c59f249d52,gx-no-cache=1456933175095 HTTP/1.1" 200 4496
191.112.91.68 - - [02/Mar/2016:12:36:24 -0300] "POST /cormun/servlet/solicitudot?0c0ee8f3b383daf4648f2d40d97b65a9,DLT,2016,368,,gx-no-cache=1456933011143 HTTP/1.1" 200 93
191.112.91.68 - - [02/Mar/2016:12:36:24 -0300] "GET /cormun/servlet/hpexe_return? HTTP/1.1" 200 1034
191.112.91.68 - - [02/Mar/2016:12:36:25 -0300] "GET /cormun/servlet/trsolicitudot?gx-no-cache=1456931326147 HTTP/1.1" 200 7775
191.112.91.68 - - [02/Mar/2016:12:36:28 -0300] "GET /cormun/servlet/trsolicitudot?gx-no-cache=1456931326147 HTTP/1.1" 200 7792
200.30.209.241 - - [02/Mar/2016:12:36:30 -0300] "GET /cormun/servlet/trsolicitudadjuntos?2016,365, HTTP/1.1" 200 7699
200.30.209.241 - - [02/Mar/2016:12:36:31 -0300] "GET /cormun/servlet/solicitudotadjuntos?INS,2016,365,,1, HTTP/1.1" 200 5574
200.30.209.241 - - [02/Mar/2016:12:36:32 -0300] "GET /cormun/servlet/trsolicitudadjuntos?2016,365, HTTP/1.1" 200 7699
200.30.209.241 - - [02/Mar/2016:12:36:33 -0300] "POST /cormun/servlet/solicitudotadjuntos?35a5a300eb430605080711524fcb2cfd,INS,2016,365,,1, HTTP/1.1" 200 5902
200.30.209.241 - - [02/Mar/2016:12:36:33 -0300] "GET /cormun/servlet/trsolicitudadjuntos?2016,365, HTTP/1.1" 200 7695
186.103.156.24 - - [02/Mar/2016:12:36:34 -0300] "POST /cormun/servlet/trautorizarsolicitud?ccbcbcf2b3ba78b1aabd16cb478f2e30,,gx-no-cache=1456933209507 HTTP/1.1" 200 3458
186.103.156.24 - - [02/Mar/2016:12:36:34 -0300] "GET /cormun/servlet/trautorizarsolicitud?2ea503f76daf7da3b707c7f519b97c10391dd6fbce2f06da15f92babc12ee1dd4ae10c4b79d5b18646811d72456a0828357975009ccafac6f3edb537eac9fe533da2fe0cd6b801df1b02ca01b9cd20e3e5cdca314ad76da237d0c42e5db368bdb7353ca03c253614e6c5bbf4e9315015,gx-no-cache=1456933209968 HTTP/1.1" 200 742
186.103.156.24 - - [02/Mar/2016:12:36:38 -0300] "POST /cormun/servlet/trautorizarsolicitud?ccbcbcf2b3ba78b1aabd16cb478f2e30,,gx-no-cache=1456933214550 HTTP/1.1" 200 6843
186.103.156.24 - - [02/Mar/2016:12:36:39 -0300] "GET /cormun/servlet/trautorizarsolicitud?2ea503f76daf7da3b707c7f519b97c1006ad853ca78162be413d10c8ffdd373b5e27af944c17c178408b214c25796713357975009ccafac6f3edb537eac9fe533da2fe0cd6b801df1b02ca01b9cd20e3b0043fb436eead9d91b46a92f1e01ed4b2acff3efc55b0bc71b95f2c2fd0e5b1,gx-no-cache=1456933215428 HTTP/1.1" 200 4496
200.30.209.241 - - [02/Mar/2016:12:36:42 -0300] "GET /cormun/servlet/solicitudotadjuntos?INS,2016,365,,1, HTTP/1.1" 200 5574
200.30.209.241 - - [02/Mar/2016:12:36:42 -0300] "GET /cormun/static/about:blank HTTP/1.1" 404 1011
200.30.209.241 - - [02/Mar/2016:12:36:43 -0300] "GET /cormun/servlet/solicitudotadjuntos?INS,2016,365,,1, HTTP/1.1" 200 5568
200.30.209.241 - - [02/Mar/2016:12:36:43 -0300] "GET /cormun/servlet/solicitudotadjuntos?f4e499fc06ce276d74c0ddbc347234b18eea434b3e95a1cd4cdc348d1469adefb6e38984edbdb693c44706473a77f918,gx-no-cache=1456933034246 HTTP/1.1" 200 30
200.30.209.241 - - [02/Mar/2016:12:36:43 -0300] "POST /cormun/servlet/solicitudotadjuntos?35a5a300eb430605080711524fcb2cfd,INS,2016,365,,1,,gx-no-cache=1456933034297 HTTP/1.1" 200 3383
200.30.209.241 - - [02/Mar/2016:12:36:46 -0300] "POST /cormun/servlet/solicitudotadjuntos?gx-no-cache=1456933037023 HTTP/1.1" 200 26
191.112.91.68 - - [02/Mar/2016:12:36:47 -0300] "GET /cormun/servlet/solicitudot?INS,0,0, HTTP/1.1" 200 11440
191.112.91.68 - - [02/Mar/2016:12:36:49 -0300] "GET /cormun/servlet/solicitudot?INS,0,0, HTTP/1.1" 200 11423
200.30.209.241 - - [02/Mar/2016:12:36:54 -0300] "GET /cormun/servlet/solicitudotadjuntos?f4e499fc06ce276d74c0ddbc347234b1a010afdba3f3476ed8d218f25dffe7cb,gx-no-cache=1456933045165 HTTP/1.1" 200 30
200.30.209.241 - - [02/Mar/2016:12:36:54 -0300] "GET /cormun/servlet/solicitudotadjuntos?f4e499fc06ce276d74c0ddbc347234b1a010afdba3f3476ed8d218f25dffe7cb,gx-no-cache=1456933045219 HTTP/1.1" 200 30
191.112.91.68 - - [02/Mar/2016:12:36:59 -0300] "POST /cormun/servlet/solicitudot?0c0ee8f3b383daf4648f2d40d97b65a9,INS,0,0,,gx-no-cache=1456933046561 HTTP/1.1" 200 93
191.112.91.68 - - [02/Mar/2016:12:37:00 -0300] "GET /cormun/servlet/hpexe_return? HTTP/1.1" 200 1029
191.112.91.68 - - [02/Mar/2016:12:37:00 -0300] "GET /cormun/servlet/trsolicitudot?gx-no-cache=1456931326147 HTTP/1.1" 200 8087
191.112.91.68 - - [02/Mar/2016:12:37:02 -0300] "GET /cormun/servlet/trsolicitudot?gx-no-cache=1456931326147 HTTP/1.1" 200 8104
186.103.156.24 - - [02/Mar/2016:12:37:14 -0300] "POST /cormun/servlet/trautorizarsolicitud?ccbcbcf2b3ba78b1aabd16cb478f2e30,,gx-no-cache=1456933254638 HTTP/1.1" 200 6844
186.103.156.24 - - [02/Mar/2016:12:37:15 -0300] "POST /cormun/servlet/trautorizarsolicitud?ccbcbcf2b3ba78b1aabd16cb478f2e30,,gx-no-cache=1456933255577 HTTP/1.1" 200 6844
186.103.156.24 - - [02/Mar/2016:12:37:16 -0300] "POST /cormun/servlet/trautorizarsolicitud?ccbcbcf2b3ba78b1aabd16cb478f2e30,,gx-no-cache=1456933256481 HTTP/1.1" 200 6844
191.112.91.68 - - [02/Mar/2016:12:37:17 -0300] "POST /cormun/servlet/trsolicitudot?0c0ee8f3b383daf4648f2d40d97b65a9,gx-no-cache=1456931326147,gx-no-cache=1456933063989 HTTP/1.1" 200 5533
186.103.156.24 - - [02/Mar/2016:12:37:17 -0300] "POST /cormun/servlet/trautorizarsolicitud?ccbcbcf2b3ba78b1aabd16cb478f2e30,,gx-no-cache=1456933257403 HTTP/1.1" 200 6855
191.112.91.68 - - [02/Mar/2016:12:37:18 -0300] "POST /cormun/servlet/trsolicitudot?0c0ee8f3b383daf4648f2d40d97b65a9,gx-no-cache=1456931326147,gx-no-cache=1456933064661 HTTP/1.1" 200 5533
191.112.91.68 - - [02/Mar/2016:12:37:18 -0300] "POST /cormun/servlet/trsolicitudot?0c0ee8f3b383daf4648f2d40d97b65a9,gx-no-cache=1456931326147,gx-no-cache=1456933065368 HTTP/1.1" 200 5533
191.112.91.68 - - [02/Mar/2016:12:37:19 -0300] "POST /cormun/servlet/trsolicitudot?0c0ee8f3b383daf4648f2d40d97b65a9,gx-no-cache=1456931326147,gx-no-cache=1456933066049 HTTP/1.1" 200 5533
191.112.91.68 - - [02/Mar/2016:12:37:20 -0300] "POST /cormun/servlet/trsolicitudot?0c0ee8f3b383daf4648f2d40d97b65a9,gx-no-cache=1456931326147,gx-no-cache=1456933066750 HTTP/1.1" 200 5533
191.112.91.68 - - [02/Mar/2016:12:37:20 -0300] "POST /cormun/servlet/trsolicitudot?0c0ee8f3b383daf4648f2d40d97b65a9,gx-no-cache=1456931326147,gx-no-cache=1456933067505 HTTP/1.1" 200 5533
191.112.91.68 - - [02/Mar/2016:12:37:21 -0300] "POST /cormun/servlet/trsolicitudot?0c0ee8f3b383daf4648f2d40d97b65a9,gx-no-cache=1456931326147,gx-no-cache=1456933068247 HTTP/1.1" 200 5533
191.112.91.68 - - [02/Mar/2016:12:37:22 -0300] "POST /cormun/servlet/trsolicitudot?0c0ee8f3b383daf4648f2d40d97b65a9,gx-no-cache=1456931326147,gx-no-cache=1456933069000 HTTP/1.1" 200 105
191.112.91.68 - - [02/Mar/2016:12:37:22 -0300] "GET /cormun/servlet/solicitudot?UPD,2016,373, HTTP/1.1" 200 12642
191.112.91.68 - - [02/Mar/2016:12:37:25 -0300] "GET /cormun/servlet/solicitudot?UPD,2016,373, HTTP/1.1" 200 12629
200.30.209.241 - - [02/Mar/2016:12:37:25 -0300] "GET /cormun/servlet/trsolicitudadjuntos?2016,365, HTTP/1.1" 200 7700
191.112.91.68 - - [02/Mar/2016:12:37:25 -0300] "POST /cormun/servlet/solicitudot?gx-no-cache=1456933072461 HTTP/1.1" 200 2783
191.112.91.68 - - [02/Mar/2016:12:37:26 -0300] "POST /cormun/servlet/solicitudot?0c0ee8f3b383daf4648f2d40d97b65a9,UPD,2016,373,,gx-no-cache=1456933072923 HTTP/1.1" 200 9045
191.112.91.68 - - [02/Mar/2016:12:37:26 -0300] "GET /cormun/servlet/solicitudot?cc3825a6bcde85380411dea6bcbbd66ba659faf3c7a7128f1fad2334a36e4104e087cc8d1396c39f5b643eba36b837cb,gx-no-cache=1456933073535 HTTP/1.1" 200 30
191.112.91.68 - - [02/Mar/2016:12:37:26 -0300] "POST /cormun/servlet/solicitudot?gx-no-cache=1456933073673 HTTP/1.1" 200 30
186.103.156.24 - - [02/Mar/2016:12:37:26 -0300] "GET /cormun/static/Shared/jqueryui/images/ui-bg_highlight-soft_100_eae6ea_1x100.png HTTP/1.1" 404 1117
191.112.91.68 - - [02/Mar/2016:12:37:26 -0300] "POST /cormun/servlet/solicitudot?gx-no-cache=1456933073781 HTTP/1.1" 200 33
191.112.91.68 - - [02/Mar/2016:12:37:27 -0300] "POST /cormun/servlet/solicitudot?gx-no-cache=1456933073926 HTTP/1.1" 200 1157
200.30.209.241 - - [02/Mar/2016:12:37:27 -0300] "GET /cormun/servlet/trsolicitudadjuntos?2016,365, HTTP/1.1" 200 7694
191.112.91.68 - - [02/Mar/2016:12:37:27 -0300] "GET /cormun/servlet/solicitudot?cc3825a6bcde85380411dea6bcbbd66ba0a809f03ac0b9d6bc2e3d70b255fe0cb0bae8301897d9b933dd5b9206823050198eecfdca69b45be528acc78ad6e80d7bdbf44e47b4ce658084a7861ddd45f69f85ba9ba4b6182c55af139d39c11ef4d33dfa3f3a60f288984d0adad09a105e03edcacd1835ccf5d17ffeadc25cea738b4e9a1a0092b0319b4df72fd044e5cf,gx-no-cache=1456933074163 HTTP/1.1" 200 38
200.30.209.241 - - [02/Mar/2016:12:37:27 -0300] "POST /cormun/servlet/solicitudotadjuntos?35a5a300eb430605080711524fcb2cfd,INS,2016,365,,1, HTTP/1.1" 200 5902
200.30.209.241 - - [02/Mar/2016:12:37:37 -0300] "GET /cormun/servlet/solicitudotadjuntos?INS,2016,365,,1, HTTP/1.1" 200 5573
200.30.209.241 - - [02/Mar/2016:12:37:37 -0300] "GET /cormun/static/about:blank HTTP/1.1" 404 1011
200.30.209.241 - - [02/Mar/2016:12:37:38 -0300] "GET /cormun/servlet/solicitudotadjuntos?INS,2016,365,,1, HTTP/1.1" 200 5567
200.30.209.241 - - [02/Mar/2016:12:37:38 -0300] "GET /cormun/servlet/solicitudotadjuntos?f4e499fc06ce276d74c0ddbc347234b18eea434b3e95a1cd4cdc348d1469adefb6e38984edbdb693c44706473a77f918,gx-no-cache=1456933089237 HTTP/1.1" 200 30
200.30.209.241 - - [02/Mar/2016:12:37:38 -0300] "POST /cormun/servlet/solicitudotadjuntos?35a5a300eb430605080711524fcb2cfd,INS,2016,365,,1,,gx-no-cache=1456933089309 HTTP/1.1" 200 3383
186.103.156.24 - - [02/Mar/2016:12:37:45 -0300] "GET /cormun/servlet/trautorizarsolicitud? HTTP/1.1" 200 9296
186.103.156.24 - - [02/Mar/2016:12:37:46 -0300] "GET /cormun/servlet/trautorizarsolicitud? HTTP/1.1" 200 9296
191.112.91.68 - - [02/Mar/2016:12:37:55 -0300] "GET /cormun/servlet/solicitudot?cc3825a6bcde85380411dea6bcbbd66b75262b9fe3d8099f06aed59067d586edf0b1ebc9111bdc2a9695f11852127014ac425c18854d9a92638f03654bd979d0dded389513d88efd392b959716973c655eecc4f8ec20c2830a98b6d9447f095007dba116e6c17ee89df300ee414d6da45743c98a4d0099a5b609e7f607aa420117ed77d577edeb6c03c5d510f7ab82d7769ead2513b5f38d425441ee00d894ecc16c6a0428de4e102e3660f26e220640b6ff44e830aa2c1cfea9b533a11f69f1a074803388ef016fa99674221f1493d5,gx-no-cache=1456933102060 HTTP/1.1" 200 30
191.112.91.68 - - [02/Mar/2016:12:37:55 -0300] "POST /cormun/servlet/solicitudot?gx-no-cache=1456933102341 HTTP/1.1" 200 1116
191.112.91.68 - - [02/Mar/2016:12:37:55 -0300] "GET /cormun/static/menuarrow.gif HTTP/1.1" 404 1015
191.112.91.68 - - [02/Mar/2016:12:38:03 -0300] "GET /cormun/servlet/solicitudot?cc3825a6bcde85380411dea6bcbbd66bb03bcb5948abadacfcdf21d96d85d83176153824f9d691017a7b67c98c513037281abc85656edacb81faf63dcb94254864ad71d17717ba4563c45a84ebc80c0179484842739f8f9bb6735bbb3940e9c696a76f7f5424c77728996ad5cf6c84893131d24e7938e3e2e27a4d38aafff45b970d61283d3cbf88d375ff32f77ac9a967265e9af3e63a90fe86705949f05492b4c5a4e3fb0af6f9d94a8448e8b6cb12,gx-no-cache=1456933110788 HTTP/1.1" 200 30
191.112.91.68 - - [02/Mar/2016:12:38:17 -0300] "POST /cormun/servlet/solicitudot?0c0ee8f3b383daf4648f2d40d97b65a9,UPD,2016,373,,gx-no-cache=1456933123965 HTTP/1.1" 200 93
191.112.91.68 - - [02/Mar/2016:12:38:17 -0300] "GET /cormun/servlet/hpexe_return? HTTP/1.1" 200 1034
191.112.91.68 - - [02/Mar/2016:12:38:18 -0300] "GET /cormun/servlet/trsolicitudot?gx-no-cache=1456931326147 HTTP/1.1" 200 8102
191.112.91.68 - - [02/Mar/2016:12:38:21 -0300] "GET /cormun/servlet/trsolicitudot?gx-no-cache=1456931326147 HTTP/1.1" 200 8119
191.112.91.68 - - [02/Mar/2016:12:38:31 -0300] "POST /cormun/servlet/trsolicitudot?0c0ee8f3b383daf4648f2d40d97b65a9,gx-no-cache=1456931326147,gx-no-cache=1456933138570 HTTP/1.1" 200 5553
191.112.91.68 - - [02/Mar/2016:12:38:32 -0300] "POST /cormun/servlet/trsolicitudot?0c0ee8f3b383daf4648f2d40d97b65a9,gx-no-cache=1456931326147,gx-no-cache=1456933139276 HTTP/1.1" 200 5553
191.112.91.68 - - [02/Mar/2016:12:38:33 -0300] "POST /cormun/servlet/trsolicitudot?0c0ee8f3b383daf4648f2d40d97b65a9,gx-no-cache=1456931326147,gx-no-cache=1456933139940 HTTP/1.1" 200 5553
191.112.91.68 - - [02/Mar/2016:12:38:34 -0300] "POST /cormun/servlet/trsolicitudot?0c0ee8f3b383daf4648f2d40d97b65a9,gx-no-cache=1456931326147,gx-no-cache=1456933140623 HTTP/1.1" 200 5553
191.112.91.68 - - [02/Mar/2016:12:38:34 -0300] "POST /cormun/servlet/trsolicitudot?0c0ee8f3b383daf4648f2d40d97b65a9,gx-no-cache=1456931326147,gx-no-cache=1456933141343 HTTP/1.1" 200 5553
191.112.91.68 - - [02/Mar/2016:12:38:35 -0300] "POST /cormun/servlet/trsolicitudot?0c0ee8f3b383daf4648f2d40d97b65a9,gx-no-cache=1456931326147,gx-no-cache=1456933142087 HTTP/1.1" 200 5553
191.112.91.68 - - [02/Mar/2016:12:38:36 -0300] "POST /cormun/servlet/trsolicitudot?0c0ee8f3b383daf4648f2d40d97b65a9,gx-no-cache=1456931326147,gx-no-cache=1456933142842 HTTP/1.1" 200 5553
191.112.91.68 - - [02/Mar/2016:12:38:37 -0300] "POST /cormun/servlet/trsolicitudot?0c0ee8f3b383daf4648f2d40d97b65a9,gx-no-cache=1456931326147,gx-no-cache=1456933143620 HTTP/1.1" 200 5801
191.112.91.68 - - [02/Mar/2016:12:38:37 -0300] "GET /cormun/static/Shared/jqueryui/images/ui-bg_highlight-soft_100_c6c2c8_1x100.png HTTP/1.1" 404 1117
191.112.91.68 - - [02/Mar/2016:12:38:37 -0300] "GET /cormun/static/Shared/jqueryui/images/ui-icons_82798d_256x240.png HTTP/1.1" 404 1089
191.112.91.68 - - [02/Mar/2016:12:38:37 -0300] "GET /cormun/static/Shared/jqueryui/images/ui-bg_flat_55_fafafa_40x100.png HTTP/1.1" 404 1097
191.112.91.68 - - [02/Mar/2016:12:38:37 -0300] "GET /cormun/static/Shared/jqueryui/images/ui-icons_8d78a5_256x240.png HTTP/1.1" 404 1089
186.103.156.24 - - [02/Mar/2016:12:38:48 -0300] "GET /cormun/servlet/trsolicitudot? HTTP/1.1" 200 5783
186.103.156.24 - - [02/Mar/2016:12:38:49 -0300] "GET /cormun/servlet/trsolicitudot? HTTP/1.1" 200 5795
186.103.156.24 - - [02/Mar/2016:12:38:49 -0300] "GET /cormun/servlet/hlogin HTTP/1.1" 200 1739
186.103.156.24 - - [02/Mar/2016:12:38:51 -0300] "POST /cormun/servlet/hlogin?23520643cb39ab09adb4cf2f669d17d1,gx-no-cache=1456933357771 HTTP/1.1" 200 90
186.103.156.24 - - [02/Mar/2016:12:38:51 -0300] "GET /cormun/servlet/hpexe_link HTTP/1.1" 200 959
186.103.156.24 - - [02/Mar/2016:12:38:52 -0300] "GET /cormun/servlet/trsolicitudot HTTP/1.1" 200 6044
186.103.156.24 - - [02/Mar/2016:12:38:53 -0300] "GET /cormun/servlet/trsolicitudot HTTP/1.1" 200 6042
186.103.156.24 - - [02/Mar/2016:12:38:56 -0300] "GET /cormun/servlet/solicitudot?INS,0,0, HTTP/1.1" 200 11458
186.103.156.24 - - [02/Mar/2016:12:38:56 -0300] "GET /cormun/servlet/solicitudot?INS,0,0, HTTP/1.1" 200 11463
186.78.57.210 - - [02/Mar/2016:12:41:31 -0300] "POST /cormun/servlet/solicitudot?gx-no-cache=1456933349050 HTTP/1.1" 200 120
186.78.57.210 - - [02/Mar/2016:12:41:31 -0300] "GET /cormun/static/Shared/jqueryui/images/ui-bg_highlight-soft_100_c6c2c8_1x100.png HTTP/1.1" 404 1117
186.78.57.210 - - [02/Mar/2016:12:41:31 -0300] "GET /cormun/static/Shared/jqueryui/images/ui-icons_82798d_256x240.png HTTP/1.1" 404 1089
186.78.57.210 - - [02/Mar/2016:12:41:31 -0300] "GET /cormun/static/Shared/jqueryui/images/ui-bg_flat_55_994d53_40x100.png HTTP/1.1" 404 1097
186.78.57.210 - - [02/Mar/2016:12:41:31 -0300] "GET /cormun/static/Shared/jqueryui/images/ui-icons_ebccce_256x240.png HTTP/1.1" 404 1089
186.78.57.210 - - [02/Mar/2016:12:41:33 -0300] "POST /cormun/servlet/solicitudot?gx-no-cache=1456933351421 HTTP/1.1" 200 120
186.78.57.210 - - [02/Mar/2016:12:41:38 -0300] "POST /cormun/servlet/solicitudot?gx-no-cache=1456933356792 HTTP/1.1" 200 30
186.78.57.210 - - [02/Mar/2016:12:41:50 -0300] "POST /cormun/servlet/solicitudot?gx-no-cache=1456933367617 HTTP/1.1" 200 120
186.78.57.210 - - [02/Mar/2016:12:42:02 -0300] "POST /cormun/servlet/solicitudot?gx-no-cache=1456933381013 HTTP/1.1" 200 30
186.78.57.210 - - [02/Mar/2016:12:42:03 -0300] "POST /cormun/servlet/solicitudot?gx-no-cache=1456933381382 HTTP/1.1" 200 452
186.78.57.210 - - [02/Mar/2016:12:42:03 -0300] "GET /cormun/servlet/solicitudot?188b2a6fa1a4f42a563c7bd5264289c92cab0f5b7fe66efcbd06925418e79ce7afefdcd8f33a08cf1225d9fea26e60878b5e91b91d9079d9488b50fb4b913c025996b3d00e34a5abdbbe6568ca7ded7dbf70b021748759e721d0630633bd75bfa2681d82d867538dceb0ca25cfac8b23fc1d2a44a1fef5cfd15af181416b3fd9f4a1e2a713a03d23bacba9747441be58,gx-no-cache=1456933382041 HTTP/1.1" 200 38
186.78.57.210 - - [02/Mar/2016:12:42:23 -0300] "GET /cormun/servlet/solicitudot?188b2a6fa1a4f42a563c7bd5264289c9f1f6b8fd3f788e2cead1de8d737535cddf5755e9422b91b691f805c2dda0446d0e6e358063f5e94ce5e2bd4774bafc702033d1109b3dad8f5006503aec22702fc8aa19471aef6bc98cb4203e3d79c3af1e68f0e82da0af2c38410191e0a05b5f,gx-no-cache=1456933402077 HTTP/1.1" 200 29
186.78.57.210 - - [02/Mar/2016:12:42:23 -0300] "POST /cormun/servlet/solicitudot?gx-no-cache=1456933402222 HTTP/1.1" 200 404
186.103.156.24 - - [02/Mar/2016:12:42:43 -0300] "POST /cormun/servlet/solicitudot?gx-no-cache=1456933598818 HTTP/1.1" 200 2668
186.103.156.24 - - [02/Mar/2016:12:42:44 -0300] "POST /cormun/servlet/solicitudot?23520643cb39ab09adb4cf2f669d17d1,INS,0,0,,gx-no-cache=1456933599100 HTTP/1.1" 200 8268
186.78.57.210 - - [02/Mar/2016:12:42:45 -0300] "GET /cormun/static/menuarrow.gif HTTP/1.1" 404 1015
186.103.156.24 - - [02/Mar/2016:12:42:53 -0300] "GET /cormun/servlet/solicitudot?c061217da15d80d704d54ea8847051718ea27f5e91d698fb6ad969b2595f18344cc3cc788536f9afc6379fd3b6caf132,gx-no-cache=1456933609376 HTTP/1.1" 200 30
186.78.57.210 - - [02/Mar/2016:12:42:59 -0300] "GET /cormun/servlet/solicitudot?188b2a6fa1a4f42a563c7bd5264289c9f82391146d3bb83ca7c26b1dcbc2e8c4a97f7d86fed8107bcd642cbbfd1ba26c92f159dfddc9cbf7dfcb42a14b47863e4aca79db50bb557fa6d3e1fb0b51712d631bb8e0e06a07c1fcb8949026629bfa545e202529dc36d0ee58653ca800ddae700cf59faf3e10c0c0e1026fd734ac4e067c54e4e1517e6820b38c5836aec5bd38f3eaf3fe6be8c073db95b0c19ead33eed97c9cc7997172834a2a4bcdde9f99,gx-no-cache=1456933438185 HTTP/1.1" 200 30
186.78.57.210 - - [02/Mar/2016:12:43:26 -0300] "GET /cormun/servlet/solicitudot?188b2a6fa1a4f42a563c7bd5264289c9f82391146d3bb83ca7c26b1dcbc2e8c4a97f7d86fed8107bcd642cbbfd1ba26c92f159dfddc9cbf7dfcb42a14b47863e4aca79db50bb557fa6d3e1fb0b51712d631bb8e0e06a07c1fcb8949026629bfa545e202529dc36d0ee58653ca800ddae700cf59faf3e10c0c0e1026fd734ac4e067c54e4e1517e6820b38c5836aec5bd38f3eaf3fe6be8c073db95b0c19ead33eed97c9cc7997172834a2a4bcdde9f99,gx-no-cache=1456933464722 HTTP/1.1" 200 30
186.78.57.210 - - [02/Mar/2016:12:43:47 -0300] "POST /cormun/servlet/solicitudot?610a4fa714d47b0949fb8f0677692bfd,INS,0,0,,gx-no-cache=1456933484252 HTTP/1.1" 200 93
186.78.57.210 - - [02/Mar/2016:12:43:47 -0300] "GET /cormun/servlet/hpexe_return? HTTP/1.1" 200 1006
186.78.57.210 - - [02/Mar/2016:12:43:47 -0300] "GET /cormun/static/gxcfg.js?2015111312145050 HTTP/1.1" 200 953
186.78.57.210 - - [02/Mar/2016:12:43:47 -0300] "GET /cormun/static/hpexe_return.js?2015111312145056 HTTP/1.1" 200 1633
186.78.57.210 - - [02/Mar/2016:12:43:48 -0300] "GET /cormun/static/Resources/Spanish/PXTools.css?12112540 HTTP/1.1" 200 89042
186.78.57.210 - - [02/Mar/2016:12:43:48 -0300] "GET /cormun/servlet/trsolicitudot? HTTP/1.1" 200 7387
186.78.57.210 - - [02/Mar/2016:12:43:49 -0300] "GET /cormun/servlet/trsolicitudot? HTTP/1.1" 200 7383
191.112.91.68 - - [02/Mar/2016:12:43:58 -0300] "POST /cormun/servlet/trsolicitudot?0c0ee8f3b383daf4648f2d40d97b65a9,gx-no-cache=1456931326147,gx-no-cache=1456933464824 HTTP/1.1" 200 5553
191.112.91.68 - - [02/Mar/2016:12:43:59 -0300] "POST /cormun/servlet/trsolicitudot?0c0ee8f3b383daf4648f2d40d97b65a9,gx-no-cache=1456931326147,gx-no-cache=1456933465731 HTTP/1.1" 200 5553
191.112.91.68 - - [02/Mar/2016:12:44:00 -0300] "POST /cormun/servlet/trsolicitudot?0c0ee8f3b383daf4648f2d40d97b65a9,gx-no-cache=1456931326147,gx-no-cache=1456933466584 HTTP/1.1" 200 5553
191.112.91.68 - - [02/Mar/2016:12:44:00 -0300] "POST /cormun/servlet/trsolicitudot?0c0ee8f3b383daf4648f2d40d97b65a9,gx-no-cache=1456931326147,gx-no-cache=1456933467465 HTTP/1.1" 200 5553
191.112.91.68 - - [02/Mar/2016:12:44:01 -0300] "POST /cormun/servlet/trsolicitudot?0c0ee8f3b383daf4648f2d40d97b65a9,gx-no-cache=1456931326147,gx-no-cache=1456933468364 HTTP/1.1" 200 5553
191.112.91.68 - - [02/Mar/2016:12:44:02 -0300] "POST /cormun/servlet/trsolicitudot?0c0ee8f3b383daf4648f2d40d97b65a9,gx-no-cache=1456931326147,gx-no-cache=1456933469323 HTTP/1.1" 200 5553
191.112.91.68 - - [02/Mar/2016:12:44:03 -0300] "POST /cormun/servlet/trsolicitudot?0c0ee8f3b383daf4648f2d40d97b65a9,gx-no-cache=1456931326147,gx-no-cache=1456933470256 HTTP/1.1" 200 5553
191.112.91.68 - - [02/Mar/2016:12:44:04 -0300] "POST /cormun/servlet/trsolicitudot?0c0ee8f3b383daf4648f2d40d97b65a9,gx-no-cache=1456931326147,gx-no-cache=1456933471240 HTTP/1.1" 200 5801
191.112.91.68 - - [02/Mar/2016:12:44:05 -0300] "GET /cormun/servlet/hhome HTTP/1.1" 200 3455
191.112.91.68 - - [02/Mar/2016:12:44:06 -0300] "GET /cormun/static/Resources/Spanish/PXTools.css?10515224 HTTP/1.1" 304 -
191.112.91.68 - - [02/Mar/2016:12:44:06 -0300] "GET /cormun/static/gxcfg.js?2015112210564248 HTTP/1.1" 304 -
191.112.91.68 - - [02/Mar/2016:12:44:06 -0300] "GET /cormun/static/hhome.js?2015112210564255 HTTP/1.1" 304 -
191.112.91.68 - - [02/Mar/2016:12:44:08 -0300] "GET /cormun/servlet/hhome HTTP/1.1" 200 3432
192.168.10.89 - - [02/Mar/2016:12:44:09 -0300] "GET /cormun/servlet/hhome HTTP/1.1" 200 3222
192.168.10.89 - - [02/Mar/2016:12:44:09 -0300] "GET /cormun/servlet/hlogin HTTP/1.1" 200 1727
192.168.10.98 - - [02/Mar/2016:12:44:22 -0300] "GET /cormun/servlet/securityusers?UPD,6, HTTP/1.1" 200 6477
192.168.10.98 - - [02/Mar/2016:12:44:23 -0300] "GET /cormun/servlet/securityusers?UPD,6, HTTP/1.1" 200 6477
192.168.10.89 - - [02/Mar/2016:12:44:30 -0300] "POST /cormun/servlet/hlogin?4727321ebc824e2d23fdc9864680c278,gx-no-cache=1456933223461 HTTP/1.1" 200 90
192.168.10.89 - - [02/Mar/2016:12:44:30 -0300] "GET /cormun/servlet/hpexe_link HTTP/1.1" 200 949
192.168.10.89 - - [02/Mar/2016:12:44:30 -0300] "GET /cormun/servlet/hhome HTTP/1.1" 200 3433
186.78.57.210 - - [02/Mar/2016:12:44:30 -0300] "POST /cormun/servlet/trsolicitudot?610a4fa714d47b0949fb8f0677692bfd,,gx-no-cache=1456933529002 HTTP/1.1" 200 4868
186.78.57.210 - - [02/Mar/2016:12:44:31 -0300] "POST /cormun/servlet/trsolicitudot?610a4fa714d47b0949fb8f0677692bfd,,gx-no-cache=1456933529591 HTTP/1.1" 200 4869
186.78.57.210 - - [02/Mar/2016:12:44:31 -0300] "POST /cormun/servlet/trsolicitudot?610a4fa714d47b0949fb8f0677692bfd,,gx-no-cache=1456933530030 HTTP/1.1" 200 4867
186.78.57.210 - - [02/Mar/2016:12:44:32 -0300] "POST /cormun/servlet/trsolicitudot?610a4fa714d47b0949fb8f0677692bfd,,gx-no-cache=1456933530495 HTTP/1.1" 200 4869
186.78.57.210 - - [02/Mar/2016:12:44:32 -0300] "POST /cormun/servlet/trsolicitudot?610a4fa714d47b0949fb8f0677692bfd,,gx-no-cache=1456933530975 HTTP/1.1" 200 4870
186.78.57.210 - - [02/Mar/2016:12:44:33 -0300] "POST /cormun/servlet/trsolicitudot?610a4fa714d47b0949fb8f0677692bfd,,gx-no-cache=1456933531383 HTTP/1.1" 200 4869
186.78.57.210 - - [02/Mar/2016:12:44:33 -0300] "POST /cormun/servlet/trsolicitudot?610a4fa714d47b0949fb8f0677692bfd,,gx-no-cache=1456933531798 HTTP/1.1" 200 4870
192.168.10.89 - - [02/Mar/2016:12:44:33 -0300] "GET /cormun/servlet/trsolicitudot? HTTP/1.1" 200 8098
186.78.57.210 - - [02/Mar/2016:12:44:34 -0300] "POST /cormun/servlet/trsolicitudot?610a4fa714d47b0949fb8f0677692bfd,,gx-no-cache=1456933532232 HTTP/1.1" 200 105
186.78.57.210 - - [02/Mar/2016:12:44:34 -0300] "GET /cormun/servlet/solicitudot?UPD,2016,374, HTTP/1.1" 200 11907
186.78.57.210 - - [02/Mar/2016:12:44:34 -0300] "GET /cormun/static/solicitudot.js?20163117305174 HTTP/1.1" 304 -
186.78.57.210 - - [02/Mar/2016:12:44:34 -0300] "GET /cormun/servlet/solicitudot?UPD,2016,374, HTTP/1.1" 200 11916
186.78.57.210 - - [02/Mar/2016:12:44:35 -0300] "POST /cormun/servlet/solicitudot?gx-no-cache=1456933533821 HTTP/1.1" 200 2765
186.78.57.210 - - [02/Mar/2016:12:44:36 -0300] "POST /cormun/servlet/solicitudot?610a4fa714d47b0949fb8f0677692bfd,UPD,2016,374,,gx-no-cache=1456933534185 HTTP/1.1" 200 8379
186.78.57.210 - - [02/Mar/2016:12:44:36 -0300] "GET /cormun/servlet/solicitudot?188b2a6fa1a4f42a563c7bd5264289c96a1c01bbc60c3ecb291d581343d73e30e58bd99bf6c875bfb55200af710a5292,gx-no-cache=1456933535206 HTTP/1.1" 200 30
186.78.57.210 - - [02/Mar/2016:12:44:36 -0300] "POST /cormun/servlet/solicitudot?gx-no-cache=1456933535322 HTTP/1.1" 200 30
186.78.57.210 - - [02/Mar/2016:12:44:37 -0300] "POST /cormun/servlet/solicitudot?gx-no-cache=1456933535516 HTTP/1.1" 200 30
186.78.57.210 - - [02/Mar/2016:12:44:37 -0300] "POST /cormun/servlet/solicitudot?gx-no-cache=1456933535696 HTTP/1.1" 200 452
186.78.57.210 - - [02/Mar/2016:12:44:37 -0300] "GET /cormun/servlet/solicitudot?188b2a6fa1a4f42a563c7bd5264289c92cab0f5b7fe66efcbd06925418e79ce7afefdcd8f33a08cf1225d9fea26e60878b5e91b91d9079d9488b50fb4b913c025996b3d00e34a5abdbbe6568ca7ded7dbf70b021748759e721d0630633bd75bfa2681d82d867538dceb0ca25cfac8b23fc1d2a44a1fef5cfd15af181416b3fd929bab597af533ea3816dd627da140d87cd9263f1f337daee3a77c4ef11c8dae9,gx-no-cache=1456933535900 HTTP/1.1" 200 41
186.78.57.210 - - [02/Mar/2016:12:44:43 -0300] "GET /cormun/servlet/solicitudot?188b2a6fa1a4f42a563c7bd5264289c9198e1fa0cfa6d978ee2e6ffe95ebfebc48417b3dae222c28dfcf784b7ff5272755112560e9bb51ea15486b2304fa88a3e12c622242c2dbcbdeb5eb53795f33272c8625617b2e88cf12c403e1928b06846f891736d7280abc80ce95bed89faf4f,gx-no-cache=1456933541556 HTTP/1.1" 200 29
186.78.57.210 - - [02/Mar/2016:12:44:43 -0300] "POST /cormun/servlet/solicitudot?gx-no-cache=1456933541628 HTTP/1.1" 200 404
186.78.57.210 - - [02/Mar/2016:12:44:43 -0300] "GET /cormun/servlet/solicitudot?188b2a6fa1a4f42a563c7bd5264289c9f82391146d3bb83ca7c26b1dcbc2e8c4a97f7d86fed8107bcd642cbbfd1ba26c92f159dfddc9cbf7dfcb42a14b47863e4aca79db50bb557fa6d3e1fb0b51712d631bb8e0e06a07c1fcb8949026629bfa545e202529dc36d0ee58653ca800ddae700cf59faf3e10c0c0e1026fd734ac4e067c54e4e1517e6820b38c5836aec5bd38f3eaf3fe6be8c073db95b0c19ead33eed97c9cc7997172834a2a4bcdde9f99,gx-no-cache=1456933541728 HTTP/1.1" 200 30
186.78.57.210 - - [02/Mar/2016:12:44:43 -0300] "POST /cormun/servlet/solicitudot?610a4fa714d47b0949fb8f0677692bfd,UPD,2016,374,,gx-no-cache=1456933541823 HTTP/1.1" 200 93
186.78.57.210 - - [02/Mar/2016:12:44:43 -0300] "GET /cormun/servlet/hpexe_return? HTTP/1.1" 200 1011
186.78.57.210 - - [02/Mar/2016:12:44:44 -0300] "GET /cormun/servlet/trsolicitudot? HTTP/1.1" 200 7387
186.78.57.210 - - [02/Mar/2016:12:44:44 -0300] "GET /cormun/servlet/trsolicitudot? HTTP/1.1" 200 7383
186.78.57.210 - - [02/Mar/2016:12:44:50 -0300] "POST /cormun/servlet/trsolicitudot?610a4fa714d47b0949fb8f0677692bfd,,gx-no-cache=1456933548302 HTTP/1.1" 200 4869
186.78.57.210 - - [02/Mar/2016:12:44:50 -0300] "POST /cormun/servlet/trsolicitudot?610a4fa714d47b0949fb8f0677692bfd,,gx-no-cache=1456933548643 HTTP/1.1" 200 4868
186.78.57.210 - - [02/Mar/2016:12:44:50 -0300] "POST /cormun/servlet/trsolicitudot?610a4fa714d47b0949fb8f0677692bfd,,gx-no-cache=1456933548997 HTTP/1.1" 200 4869
186.78.57.210 - - [02/Mar/2016:12:44:51 -0300] "POST /cormun/servlet/trsolicitudot?610a4fa714d47b0949fb8f0677692bfd,,gx-no-cache=1456933549388 HTTP/1.1" 200 4870
186.78.57.210 - - [02/Mar/2016:12:44:51 -0300] "POST /cormun/servlet/trsolicitudot?610a4fa714d47b0949fb8f0677692bfd,,gx-no-cache=1456933549976 HTTP/1.1" 200 4869
186.78.57.210 - - [02/Mar/2016:12:44:52 -0300] "POST /cormun/servlet/trsolicitudot?610a4fa714d47b0949fb8f0677692bfd,,gx-no-cache=1456933550353 HTTP/1.1" 200 4869
186.78.57.210 - - [02/Mar/2016:12:44:52 -0300] "POST /cormun/servlet/trsolicitudot?610a4fa714d47b0949fb8f0677692bfd,,gx-no-cache=1456933550713 HTTP/1.1" 200 4869
186.78.57.210 - - [02/Mar/2016:12:44:52 -0300] "POST /cormun/servlet/trsolicitudot?610a4fa714d47b0949fb8f0677692bfd,,gx-no-cache=1456933551088 HTTP/1.1" 200 106
186.78.57.210 - - [02/Mar/2016:12:44:52 -0300] "GET /cormun/servlet/trsolicitudadjuntos?2016,374, HTTP/1.1" 200 5303
186.78.57.210 - - [02/Mar/2016:12:44:53 -0300] "GET /cormun/static/gxcfg.js?2016311731090 HTTP/1.1" 200 953
186.78.57.210 - - [02/Mar/2016:12:44:53 -0300] "GET /cormun/static/trsolicitudadjuntos.js?2016311731342 HTTP/1.1" 200 17275
186.78.57.210 - - [02/Mar/2016:12:44:53 -0300] "GET /cormun/servlet/trsolicitudadjuntos?2016,374, HTTP/1.1" 200 5303
186.78.57.210 - - [02/Mar/2016:12:44:54 -0300] "POST /cormun/servlet/acontrolpreferencessavestate?None,CA-L%2FE,true HTTP/1.1" 200 35
192.168.10.89 - - [02/Mar/2016:12:44:55 -0300] "POST /cormun/servlet/trsolicitudot?4727321ebc824e2d23fdc9864680c278,,gx-no-cache=1456933248442 HTTP/1.1" 200 5547
192.168.10.89 - - [02/Mar/2016:12:44:55 -0300] "POST /cormun/servlet/trsolicitudot?4727321ebc824e2d23fdc9864680c278,,gx-no-cache=1456933248785 HTTP/1.1" 200 5547
192.168.10.89 - - [02/Mar/2016:12:44:56 -0300] "POST /cormun/servlet/trsolicitudot?4727321ebc824e2d23fdc9864680c278,,gx-no-cache=1456933249145 HTTP/1.1" 200 5546
192.168.10.89 - - [02/Mar/2016:12:44:56 -0300] "POST /cormun/servlet/trsolicitudot?4727321ebc824e2d23fdc9864680c278,,gx-no-cache=1456933249552 HTTP/1.1" 200 5547
192.168.10.89 - - [02/Mar/2016:12:44:57 -0300] "POST /cormun/servlet/trsolicitudot?4727321ebc824e2d23fdc9864680c278,,gx-no-cache=1456933250045 HTTP/1.1" 200 5547
192.168.10.89 - - [02/Mar/2016:12:44:57 -0300] "POST /cormun/servlet/trsolicitudot?4727321ebc824e2d23fdc9864680c278,,gx-no-cache=1456933250566 HTTP/1.1" 200 5546
186.78.57.210 - - [02/Mar/2016:12:44:58 -0300] "GET /cormun/servlet/solicitudotadjuntos?INS,2016,374,,1, HTTP/1.1" 200 5399
186.78.57.210 - - [02/Mar/2016:12:44:58 -0300] "GET /cormun/static/gxcfg.js?20163117305946 HTTP/1.1" 200 953
186.78.57.210 - - [02/Mar/2016:12:44:58 -0300] "GET /cormun/static/solicitudotadjuntos.js?20163117305966 HTTP/1.1" 200 11762
186.78.57.210 - - [02/Mar/2016:12:44:58 -0300] "GET /cormun/static/about:blank HTTP/1.1" 404 1011
192.168.10.89 - - [02/Mar/2016:12:44:58 -0300] "POST /cormun/servlet/trsolicitudot?4727321ebc824e2d23fdc9864680c278,,gx-no-cache=1456933251157 HTTP/1.1" 200 5546
186.78.57.210 - - [02/Mar/2016:12:44:58 -0300] "GET /cormun/servlet/solicitudotadjuntos?INS,2016,374,,1, HTTP/1.1" 200 5393
186.78.57.210 - - [02/Mar/2016:12:44:58 -0300] "GET /cormun/servlet/solicitudotadjuntos?188b2a6fa1a4f42a563c7bd5264289c99830099290f97199c5f828ab1541d624cd9263f1f337daee3a77c4ef11c8dae9,gx-no-cache=1456933557352 HTTP/1.1" 200 30
186.78.57.210 - - [02/Mar/2016:12:44:59 -0300] "POST /cormun/servlet/solicitudotadjuntos?610a4fa714d47b0949fb8f0677692bfd,INS,2016,374,,1,,gx-no-cache=1456933557441 HTTP/1.1" 200 3327
192.168.10.89 - - [02/Mar/2016:12:45:01 -0300] "POST /cormun/servlet/trsolicitudot?4727321ebc824e2d23fdc9864680c278,,gx-no-cache=1456933251801 HTTP/1.1" 200 105
192.168.10.89 - - [02/Mar/2016:12:45:01 -0300] "GET /cormun/servlet/solicitudot?UPD,2016,373, HTTP/1.1" 200 12662
192.168.10.89 - - [02/Mar/2016:12:45:03 -0300] "POST /cormun/servlet/solicitudot?gx-no-cache=1456933256067 HTTP/1.1" 200 2783
192.168.10.89 - - [02/Mar/2016:12:45:03 -0300] "POST /cormun/servlet/solicitudot?4727321ebc824e2d23fdc9864680c278,UPD,2016,373,,gx-no-cache=1456933256236 HTTP/1.1" 200 9053
192.168.10.89 - - [02/Mar/2016:12:45:03 -0300] "GET /cormun/servlet/solicitudot?a0aa4a93b251b77375e14a897772fd4c4537d00acc0cda8bc892c8a70710ffe483fa558dc8f09b6f245bf9fefa0ac8da,gx-no-cache=1456933256455 HTTP/1.1" 200 30
192.168.10.89 - - [02/Mar/2016:12:45:03 -0300] "POST /cormun/servlet/solicitudot?gx-no-cache=1456933256525 HTTP/1.1" 200 30
192.168.10.89 - - [02/Mar/2016:12:45:03 -0300] "POST /cormun/servlet/solicitudot?gx-no-cache=1456933256543 HTTP/1.1" 200 33
192.168.10.89 - - [02/Mar/2016:12:45:03 -0300] "POST /cormun/servlet/solicitudot?gx-no-cache=1456933256581 HTTP/1.1" 200 1157
192.168.10.89 - - [02/Mar/2016:12:45:03 -0300] "GET /cormun/servlet/solicitudot?a0aa4a93b251b77375e14a897772fd4c66f0c577e9093c59e3ab2970327518a7f4c7c32826c360cf0545b3a6c9adc479238b1739ed11c15e787128880c04c805da870ec2903129f4e2f33b32b703ce952d4e09a689de515761e5c48eef438da50ba56c064a500689c9ed9a34d26a38da89c06c1114ab93701c8c9c2ec7072367e092c9386956911b6c9b1433d699172d41648c083d496faf2a8bfc47b0f4eae0,gx-no-cache=1456933256614 HTTP/1.1" 200 41
192.168.10.89 - - [02/Mar/2016:12:45:08 -0300] "POST /cormun/servlet/solicitudot?gx-no-cache=1456933261026 HTTP/1.1" 200 30
192.168.10.89 - - [02/Mar/2016:12:45:15 -0300] "POST /cormun/servlet/solicitudot?gx-no-cache=1456933268828 HTTP/1.1" 200 1157
192.168.10.89 - - [02/Mar/2016:12:45:15 -0300] "GET /cormun/servlet/solicitudot?a0aa4a93b251b77375e14a897772fd4c66f0c577e9093c59e3ab2970327518a7f4c7c32826c360cf0545b3a6c9adc479238b1739ed11c15e787128880c04c805da870ec2903129f4e2f33b32b703ce952d4e09a689de515761e5c48eef438da50ba56c064a500689c9ed9a34d26a38da89c06c1114ab93701c8c9c2ec7072367e092c9386956911b6c9b1433d699172d41648c083d496faf2a8bfc47b0f4eae0,gx-no-cache=1456933268872 HTTP/1.1" 200 41
192.168.10.89 - - [02/Mar/2016:12:45:16 -0300] "GET /cormun/servlet/solicitudot?a0aa4a93b251b77375e14a897772fd4cbdcc2cbaee69bdd768dab5ee4161a999fa30f6bc9460b1e9a3960ede2cd6fb8ba37159276d3150f2cd0da76942da33d8460bf6975d9516cf0828351e95ea00a91565d15b0aefd9e4bc39689e3514d789c35beadb1add537c5a6ed4df583464d90578427e2fb820c81840bc78f9d82ac9fcfe02502ce979df9d477dea65a359fa1a07a94915e35399667f850b7e2187be1c3cad770931a243bce873e3b776d94bb51fda22f6c47045a77de75b730ae3628c9ddfe5b42c740c00f17aff3f7ae32e,gx-no-cache=1456933268895 HTTP/1.1" 200 29
192.168.10.89 - - [02/Mar/2016:12:45:16 -0300] "POST /cormun/servlet/solicitudot?gx-no-cache=1456933268925 HTTP/1.1" 200 1116
186.78.57.210 - - [02/Mar/2016:12:45:25 -0300] "POST /cormun/servlet/solicitudotadjuntos?gx-no-cache=1456933583386 HTTP/1.1" 200 26
186.78.57.210 - - [02/Mar/2016:12:45:26 -0300] "GET /cormun/servlet/solicitudotadjuntos?188b2a6fa1a4f42a563c7bd5264289c93580fb7128afe3d97ed296141747404d,gx-no-cache=1456933584692 HTTP/1.1" 200 30
186.78.57.210 - - [02/Mar/2016:12:45:26 -0300] "GET /cormun/servlet/solicitudotadjuntos?188b2a6fa1a4f42a563c7bd5264289c93580fb7128afe3d97ed296141747404d,gx-no-cache=1456933584773 HTTP/1.1" 200 30
186.78.57.210 - - [02/Mar/2016:12:45:26 -0300] "POST /cormun/servlet/solicitudotadjuntos?610a4fa714d47b0949fb8f0677692bfd,INS,2016,374,,1,,gx-no-cache=1456933584868 HTTP/1.1" 200 93
186.78.57.210 - - [02/Mar/2016:12:45:27 -0300] "GET /cormun/servlet/hpexe_return? HTTP/1.1" 200 1024
186.78.57.210 - - [02/Mar/2016:12:45:27 -0300] "GET /cormun/servlet/trsolicitudadjuntos?2016,374, HTTP/1.1" 200 7082
186.78.57.210 - - [02/Mar/2016:12:45:27 -0300] "GET /cormun/servlet/trsolicitudadjuntos?2016,374, HTTP/1.1" 200 7078
192.168.10.89 - - [02/Mar/2016:12:45:29 -0300] "GET /cormun/servlet/solicitudot?a0aa4a93b251b77375e14a897772fd4cacfc44a038d3e46f899291f2b4c6b86c52cf9a0aa25c44416ebffea8a11828ebfd357e788ea9b649bd4d7390c2231da9e47149f61c4eb691f2366d615444793217cb999d45943fa7cdaa6fd42238c61463a1cfccd0a604a06154e2743a798f8e4308ee8bd7e631c62adf13005995ea1c7d0f73f09347e4c03f871cada4b989b0cf20fe707f998177d6213e68d503398b3ccf7a6f76084da2a51e2e9a6a7a2183,gx-no-cache=1456933281874 HTTP/1.1" 200 30
192.168.10.89 - - [02/Mar/2016:12:45:29 -0300] "POST /cormun/servlet/solicitudot?4727321ebc824e2d23fdc9864680c278,UPD,2016,373,,gx-no-cache=1456933281915 HTTP/1.1" 200 93
192.168.10.89 - - [02/Mar/2016:12:45:29 -0300] "GET /cormun/servlet/hpexe_return? HTTP/1.1" 200 1012
192.168.10.89 - - [02/Mar/2016:12:45:29 -0300] "GET /cormun/servlet/trsolicitudot? HTTP/1.1" 200 8113
192.168.10.98 - - [02/Mar/2016:12:45:31 -0300] "POST /cormun/servlet/securityusers?a5ef76c73876a25ce4e755f4c48e4d8c,UPD,6,,gx-no-cache=1456933283921 HTTP/1.1" 200 93
192.168.10.98 - - [02/Mar/2016:12:45:31 -0300] "GET /cormun/servlet/hpexe_return? HTTP/1.1" 200 1025
192.168.10.98 - - [02/Mar/2016:12:45:31 -0300] "GET /cormun/servlet/trsecurityuser01?gx-no-cache=1456932084612 HTTP/1.1" 200 8499
192.168.10.98 - - [02/Mar/2016:12:45:32 -0300] "GET /cormun/servlet/trsecurityuser01?gx-no-cache=1456932084612 HTTP/1.1" 200 8518
192.168.10.89 - - [02/Mar/2016:12:45:33 -0300] "POST /cormun/servlet/trsolicitudot?4727321ebc824e2d23fdc9864680c278,,gx-no-cache=1456933286533 HTTP/1.1" 200 5563
192.168.10.89 - - [02/Mar/2016:12:45:34 -0300] "POST /cormun/servlet/trsolicitudot?4727321ebc824e2d23fdc9864680c278,,gx-no-cache=1456933286824 HTTP/1.1" 200 5563
192.168.10.89 - - [02/Mar/2016:12:45:34 -0300] "POST /cormun/servlet/trsolicitudot?4727321ebc824e2d23fdc9864680c278,,gx-no-cache=1456933287188 HTTP/1.1" 200 5563
192.168.10.89 - - [02/Mar/2016:12:45:34 -0300] "POST /cormun/servlet/trsolicitudot?4727321ebc824e2d23fdc9864680c278,,gx-no-cache=1456933287590 HTTP/1.1" 200 5563
192.168.10.89 - - [02/Mar/2016:12:45:35 -0300] "POST /cormun/servlet/trsolicitudot?4727321ebc824e2d23fdc9864680c278,,gx-no-cache=1456933288121 HTTP/1.1" 200 5563
192.168.10.89 - - [02/Mar/2016:12:45:35 -0300] "POST /cormun/servlet/trsolicitudot?4727321ebc824e2d23fdc9864680c278,,gx-no-cache=1456933288663 HTTP/1.1" 200 5564
192.168.10.89 - - [02/Mar/2016:12:45:36 -0300] "POST /cormun/servlet/trsolicitudot?4727321ebc824e2d23fdc9864680c278,,gx-no-cache=1456933289252 HTTP/1.1" 200 5563
192.168.10.89 - - [02/Mar/2016:12:45:40 -0300] "POST /cormun/servlet/trsolicitudot?4727321ebc824e2d23fdc9864680c278,,gx-no-cache=1456933290083 HTTP/1.1" 200 104
192.168.10.89 - - [02/Mar/2016:12:45:40 -0300] "GET /cormun/servlet/solicitudot?DLT,2016,371, HTTP/1.1" 200 8330
192.168.10.89 - - [02/Mar/2016:12:45:41 -0300] "GET /cormun/static/Shared/jqueryui/images/ui-bg_flat_55_fafafa_40x100.png HTTP/1.1" 404 1097
192.168.10.89 - - [02/Mar/2016:12:45:41 -0300] "GET /cormun/static/Shared/jqueryui/images/ui-bg_highlight-soft_100_c6c2c8_1x100.png HTTP/1.1" 404 1117
192.168.10.89 - - [02/Mar/2016:12:45:41 -0300] "GET /cormun/static/Shared/jqueryui/images/ui-icons_8d78a5_256x240.png HTTP/1.1" 404 1089
192.168.10.89 - - [02/Mar/2016:12:45:41 -0300] "GET /cormun/static/Shared/jqueryui/images/ui-icons_82798d_256x240.png HTTP/1.1" 404 1089
192.168.10.98 - - [02/Mar/2016:12:45:41 -0300] "GET /cormun/servlet/hlogin HTTP/1.1" 200 1717
192.168.10.98 - - [02/Mar/2016:12:45:41 -0300] "GET /cormun/static/gxcfg.js?20151120045111 HTTP/1.1" 200 953
192.168.10.98 - - [02/Mar/2016:12:45:41 -0300] "GET /cormun/static/messages.spa.js?85251 HTTP/1.1" 200 30736
192.168.10.98 - - [02/Mar/2016:12:45:41 -0300] "GET /cormun/static/gxtimezone.js?85251 HTTP/1.1" 200 5781
192.168.10.98 - - [02/Mar/2016:12:45:41 -0300] "GET /cormun/static/Resources/Spanish/PXTools.css?005343 HTTP/1.1" 200 89042
192.168.10.98 - - [02/Mar/2016:12:45:41 -0300] "GET /cormun/static/hlogin.js?20151120045126 HTTP/1.1" 200 2136
192.168.10.98 - - [02/Mar/2016:12:45:41 -0300] "GET /cormun/static/gxgral.js?85251 HTTP/1.1" 200 384558
192.168.10.98 - - [02/Mar/2016:12:45:41 -0300] "GET /cormun/static/Resources/ComunLogin.png HTTP/1.1" 200 17326
192.168.10.98 - - [02/Mar/2016:12:45:41 -0300] "GET /cormun/static/Resources/indicator.gif HTTP/1.1" 200 1553
192.168.10.98 - - [02/Mar/2016:12:45:41 -0300] "GET /cormun/static/Resources/PXToolsLoginTop.png HTTP/1.1" 200 1337
192.168.10.98 - - [02/Mar/2016:12:45:41 -0300] "GET /cormun/static/Resources/PXToolsButtonRight21.png HTTP/1.1" 200 1283
192.168.10.98 - - [02/Mar/2016:12:45:41 -0300] "GET /cormun/static/Resources/PXToolsButtonLeft21.png HTTP/1.1" 200 1287
192.168.10.98 - - [02/Mar/2016:12:45:41 -0300] "GET /cormun/static/Resources/PXToolsButtonBackground2.png HTTP/1.1" 200 1181
192.168.10.98 - - [02/Mar/2016:12:45:41 -0300] "GET /cormun/static/Resources/PXToolsLoginBottom.png HTTP/1.1" 200 1389
192.168.10.98 - - [02/Mar/2016:12:45:41 -0300] "GET /cormun/static/Resources/PXToolsLoginBackground.png HTTP/1.1" 200 1164
186.103.156.24 - - [02/Mar/2016:12:45:44 -0300] "POST /cormun/servlet/solicitudot?gx-no-cache=1456933802377 HTTP/1.1" 200 30
192.168.10.89 - - [02/Mar/2016:12:45:44 -0300] "POST /cormun/servlet/solicitudot?4727321ebc824e2d23fdc9864680c278,DLT,2016,371,,gx-no-cache=1456933297402 HTTP/1.1" 200 93
192.168.10.89 - - [02/Mar/2016:12:45:44 -0300] "GET /cormun/servlet/hpexe_return? HTTP/1.1" 200 1012
192.168.10.89 - - [02/Mar/2016:12:45:44 -0300] "GET /cormun/servlet/trsolicitudot? HTTP/1.1" 200 7851
192.168.10.98 - - [02/Mar/2016:12:45:45 -0300] "GET /cormun/servlet/hlogin HTTP/1.1" 200 1711
186.78.57.210 - - [02/Mar/2016:12:45:46 -0300] "GET /cormun/servlet/solicitudotadjuntos?INS,2016,374,,1, HTTP/1.1" 200 5398
186.78.57.210 - - [02/Mar/2016:12:45:46 -0300] "GET /cormun/static/about:blank HTTP/1.1" 404 1011
186.78.57.210 - - [02/Mar/2016:12:45:47 -0300] "GET /cormun/servlet/solicitudotadjuntos?INS,2016,374,,1, HTTP/1.1" 200 5392
186.78.57.210 - - [02/Mar/2016:12:45:47 -0300] "GET /cormun/servlet/solicitudotadjuntos?188b2a6fa1a4f42a563c7bd5264289c99830099290f97199c5f828ab1541d624cd9263f1f337daee3a77c4ef11c8dae9,gx-no-cache=1456933605850 HTTP/1.1" 200 30
186.78.57.210 - - [02/Mar/2016:12:45:48 -0300] "POST /cormun/servlet/solicitudotadjuntos?610a4fa714d47b0949fb8f0677692bfd,INS,2016,374,,1,,gx-no-cache=1456933606293 HTTP/1.1" 200 3327
186.78.57.210 - - [02/Mar/2016:12:45:52 -0300] "POST /cormun/servlet/solicitudotadjuntos?gx-no-cache=1456933611327 HTTP/1.1" 200 26
186.103.156.24 - - [02/Mar/2016:12:45:53 -0300] "POST /cormun/servlet/solicitudot?gx-no-cache=1456933812643 HTTP/1.1" 200 30
186.78.57.210 - - [02/Mar/2016:12:45:54 -0300] "GET /cormun/servlet/solicitudotadjuntos?188b2a6fa1a4f42a563c7bd5264289c93580fb7128afe3d97ed296141747404d,gx-no-cache=1456933613372 HTTP/1.1" 200 30
186.78.57.210 - - [02/Mar/2016:12:45:55 -0300] "GET /cormun/servlet/solicitudotadjuntos?188b2a6fa1a4f42a563c7bd5264289c93580fb7128afe3d97ed296141747404d,gx-no-cache=1456933613448 HTTP/1.1" 200 30
186.78.57.210 - - [02/Mar/2016:12:45:55 -0300] "POST /cormun/servlet/solicitudotadjuntos?610a4fa714d47b0949fb8f0677692bfd,INS,2016,374,,1,,gx-no-cache=1456933613517 HTTP/1.1" 200 93
186.78.57.210 - - [02/Mar/2016:12:45:55 -0300] "GET /cormun/servlet/hpexe_return? HTTP/1.1" 200 1024
186.78.57.210 - - [02/Mar/2016:12:45:55 -0300] "GET /cormun/servlet/trsolicitudadjuntos?2016,374, HTTP/1.1" 200 7199
186.78.57.210 - - [02/Mar/2016:12:45:56 -0300] "GET /cormun/servlet/trsolicitudadjuntos?2016,374, HTTP/1.1" 200 7197
192.168.10.98 - - [02/Mar/2016:12:45:56 -0300] "POST /cormun/servlet/hlogin?a5ef76c73876a25ce4e755f4c48e4d8c,gx-no-cache=1456933309358 HTTP/1.1" 200 90
192.168.10.98 - - [02/Mar/2016:12:45:56 -0300] "GET /cormun/servlet/hpexe_link HTTP/1.1" 200 945
192.168.10.98 - - [02/Mar/2016:12:45:56 -0300] "GET /cormun/servlet/hhome HTTP/1.1" 200 3632
192.168.10.98 - - [02/Mar/2016:12:45:57 -0300] "GET /cormun/servlet/hhome HTTP/1.1" 200 3629
186.103.156.24 - - [02/Mar/2016:12:45:58 -0300] "POST /cormun/servlet/solicitudot?gx-no-cache=1456933818388 HTTP/1.1" 200 452
186.103.156.24 - - [02/Mar/2016:12:45:58 -0300] "GET /cormun/servlet/solicitudot?c061217da15d80d704d54ea88470517164965bb8d2290f621e1089ca083c09bf1923a1eb92e6f4b57f79096dcb035a45ca230dbbe820ee04f497bcc53c26b7f0da187d62defddd387fba2c47e618324a5f7d60509f4406ebccea16423298c5870c5019b575d6ef61640fc73b1837e6b0826b89dac071463fb9ce7230517c77bd91cbdffe774892575f291a8266090cf9,gx-no-cache=1456933818459 HTTP/1.1" 200 38
192.168.10.98 - - [02/Mar/2016:12:46:05 -0300] "GET /cormun/servlet/trsolicitudgral? HTTP/1.1" 200 11114
192.168.10.98 - - [02/Mar/2016:12:46:05 -0300] "GET /cormun/static/Resources/Spanish/PXTools.css?171692 HTTP/1.1" 304 -
192.168.10.98 - - [02/Mar/2016:12:46:05 -0300] "GET /cormun/static/gxcfg.js?20163117303237 HTTP/1.1" 304 -
192.168.10.98 - - [02/Mar/2016:12:46:05 -0300] "GET /cormun/static/trsolicitudgral.js?20163117303822 HTTP/1.1" 304 -
192.168.10.98 - - [02/Mar/2016:12:46:06 -0300] "GET /cormun/servlet/trsolicitudgral? HTTP/1.1" 200 11112
192.168.10.98 - - [02/Mar/2016:12:46:07 -0300] "POST /cormun/servlet/acontrolpreferencessavestate?None,OSCARVAL,true HTTP/1.1" 200 35
192.168.10.89 - - [02/Mar/2016:12:46:17 -0300] "POST /cormun/servlet/trsolicitudot?4727321ebc824e2d23fdc9864680c278,,gx-no-cache=1456933330497 HTTP/1.1" 200 5300
192.168.10.89 - - [02/Mar/2016:12:46:17 -0300] "POST /cormun/servlet/trsolicitudot?4727321ebc824e2d23fdc9864680c278,,gx-no-cache=1456933330743 HTTP/1.1" 200 5300
192.168.10.89 - - [02/Mar/2016:12:46:18 -0300] "POST /cormun/servlet/trsolicitudot?4727321ebc824e2d23fdc9864680c278,,gx-no-cache=1456933331087 HTTP/1.1" 200 5300
192.168.10.89 - - [02/Mar/2016:12:46:18 -0300] "POST /cormun/servlet/trsolicitudot?4727321ebc824e2d23fdc9864680c278,,gx-no-cache=1456933331464 HTTP/1.1" 200 5300
192.168.10.89 - - [02/Mar/2016:12:46:19 -0300] "POST /cormun/servlet/trsolicitudot?4727321ebc824e2d23fdc9864680c278,,gx-no-cache=1456933331907 HTTP/1.1" 200 5300
192.168.10.89 - - [02/Mar/2016:12:46:19 -0300] "POST /cormun/servlet/trsolicitudot?4727321ebc824e2d23fdc9864680c278,,gx-no-cache=1456933332406 HTTP/1.1" 200 5299
192.168.10.89 - - [02/Mar/2016:12:46:20 -0300] "POST /cormun/servlet/trsolicitudot?4727321ebc824e2d23fdc9864680c278,,gx-no-cache=1456933332934 HTTP/1.1" 200 5300
192.168.10.89 - - [02/Mar/2016:12:46:23 -0300] "POST /cormun/servlet/trsolicitudot?4727321ebc824e2d23fdc9864680c278,,gx-no-cache=1456933333524 HTTP/1.1" 200 105
192.168.10.89 - - [02/Mar/2016:12:46:23 -0300] "GET /cormun/servlet/solicitudot?UPD,2016,368, HTTP/1.1" 200 12666
192.168.10.89 - - [02/Mar/2016:12:46:24 -0300] "POST /cormun/servlet/solicitudot?gx-no-cache=1456933337567 HTTP/1.1" 200 2785
192.168.10.89 - - [02/Mar/2016:12:46:24 -0300] "POST /cormun/servlet/solicitudot?4727321ebc824e2d23fdc9864680c278,UPD,2016,368,,gx-no-cache=1456933337744 HTTP/1.1" 200 9064
192.168.10.89 - - [02/Mar/2016:12:46:25 -0300] "GET /cormun/servlet/solicitudot?a0aa4a93b251b77375e14a897772fd4c72fc2206a40d8813a8ab5435c140ba4783fa558dc8f09b6f245bf9fefa0ac8da,gx-no-cache=1456933338009 HTTP/1.1" 200 30
192.168.10.89 - - [02/Mar/2016:12:46:25 -0300] "POST /cormun/servlet/solicitudot?gx-no-cache=1456933338094 HTTP/1.1" 200 30
192.168.10.89 - - [02/Mar/2016:12:46:25 -0300] "POST /cormun/servlet/solicitudot?gx-no-cache=1456933338113 HTTP/1.1" 200 33
192.168.10.89 - - [02/Mar/2016:12:46:25 -0300] "POST /cormun/servlet/solicitudot?gx-no-cache=1456933338150 HTTP/1.1" 200 1157
192.168.10.89 - - [02/Mar/2016:12:46:25 -0300] "GET /cormun/servlet/solicitudot?a0aa4a93b251b77375e14a897772fd4c66f0c577e9093c59e3ab2970327518a7f4c7c32826c360cf0545b3a6c9adc479238b1739ed11c15e787128880c04c805da870ec2903129f4e2f33b32b703ce952d4e09a689de515761e5c48eef438da50ba56c064a500689c9ed9a34d26a38da89c06c1114ab93701c8c9c2ec7072367e092c9386956911b6c9b1433d699172d41648c083d496faf2a8bfc47b0f4eae0,gx-no-cache=1456933338183 HTTP/1.1" 200 41
192.168.10.89 - - [02/Mar/2016:12:46:31 -0300] "POST /cormun/servlet/solicitudot?gx-no-cache=1456933344499 HTTP/1.1" 200 30
192.168.10.89 - - [02/Mar/2016:12:46:42 -0300] "POST /cormun/servlet/solicitudot?gx-no-cache=1456933355323 HTTP/1.1" 200 1157
192.168.10.89 - - [02/Mar/2016:12:46:42 -0300] "GET /cormun/servlet/solicitudot?a0aa4a93b251b77375e14a897772fd4c66f0c577e9093c59e3ab2970327518a7f4c7c32826c360cf0545b3a6c9adc479238b1739ed11c15e787128880c04c805da870ec2903129f4e2f33b32b703ce952d4e09a689de515761e5c48eef438da50ba56c064a500689c9ed9a34d26a38da89c06c1114ab93701c8c9c2ec7072367e092c9386956911b6c9b1433d699172d41648c083d496faf2a8bfc47b0f4eae0,gx-no-cache=1456933355363 HTTP/1.1" 200 41
192.168.10.89 - - [02/Mar/2016:12:46:42 -0300] "GET /cormun/servlet/solicitudot?a0aa4a93b251b77375e14a897772fd4cbdcc2cbaee69bdd768dab5ee4161a999fa30f6bc9460b1e9a3960ede2cd6fb8ba37159276d3150f2cd0da76942da33d8460bf6975d9516cf0828351e95ea00a91565d15b0aefd9e4bc39689e3514d789c35beadb1add537c5a6ed4df583464d90578427e2fb820c81840bc78f9d82ac9fcfe02502ce979df9d477dea65a359fa1a07a94915e35399667f850b7e2187be1c3cad770931a243bce873e3b776d94bb51fda22f6c47045a77de75b730ae3628c9ddfe5b42c740c00f17aff3f7ae32e,gx-no-cache=1456933355389 HTTP/1.1" 200 29
192.168.10.89 - - [02/Mar/2016:12:46:42 -0300] "POST /cormun/servlet/solicitudot?gx-no-cache=1456933355414 HTTP/1.1" 200 1116
192.168.10.89 - - [02/Mar/2016:12:46:42 -0300] "GET /cormun/servlet/solicitudot?a0aa4a93b251b77375e14a897772fd4ce4a3295c1b632d2f9c4e44ece267ee3fb3c8d6d1c033e6c2ea5f1bd737875349fd357e788ea9b649bd4d7390c2231da9e47149f61c4eb691f2366d615444793217cb999d45943fa7cdaa6fd42238c61463a1cfccd0a604a06154e2743a798f8e4308ee8bd7e631c62adf13005995ea1c7d0f73f09347e4c03f871cada4b989b0377e5017755d12251abc08081d3c07d4fee19ae7bf0dad8c5548540af515ec1d,gx-no-cache=1456933355452 HTTP/1.1" 200 30
192.168.10.98 - - [02/Mar/2016:12:46:45 -0300] "POST /cormun/servlet/trsolicitudgral?a5ef76c73876a25ce4e755f4c48e4d8c,,gx-no-cache=1456933357886 HTTP/1.1" 200 8599
192.168.10.98 - - [02/Mar/2016:12:46:45 -0300] "POST /cormun/servlet/trsolicitudgral?a5ef76c73876a25ce4e755f4c48e4d8c,,gx-no-cache=1456933358243 HTTP/1.1" 200 8600
192.168.10.98 - - [02/Mar/2016:12:46:45 -0300] "POST /cormun/servlet/trsolicitudgral?a5ef76c73876a25ce4e755f4c48e4d8c,,gx-no-cache=1456933358615 HTTP/1.1" 200 8599
192.168.10.98 - - [02/Mar/2016:12:46:46 -0300] "POST /cormun/servlet/trsolicitudgral?a5ef76c73876a25ce4e755f4c48e4d8c,,gx-no-cache=1456933358998 HTTP/1.1" 200 8599
192.168.10.98 - - [02/Mar/2016:12:46:47 -0300] "POST /cormun/servlet/trsolicitudgral?a5ef76c73876a25ce4e755f4c48e4d8c,,gx-no-cache=1456933359914 HTTP/1.1" 200 6595
