186.67.172.234 - - [02/Mar/2016:11:05:25 -0300] "GET /cormun/static/Resources/Spanish/PXTools.css?10515224 HTTP/1.1" 304 -
186.67.172.234 - - [02/Mar/2016:11:05:25 -0300] "GET /cormun/static/hpexe_recentlink.js?2015111312121342 HTTP/1.1" 304 -
186.67.172.234 - - [02/Mar/2016:11:05:25 -0300] "GET /cormun/static/hwchdr01.js?20162241650484 HTTP/1.1" 304 -
186.67.172.234 - - [02/Mar/2016:11:05:25 -0300] "GET /cormun/static/gxcfg.js?2015112210564248 HTTP/1.1" 304 -
186.67.172.234 - - [02/Mar/2016:11:05:25 -0300] "GET /cormun/static/hhome.js?2015112210564255 HTTP/1.1" 304 -
186.67.172.234 - - [02/Mar/2016:11:05:25 -0300] "GET /cormun/static/hpexe_scripts.js?20151120014546 HTTP/1.1" 304 -
186.67.172.234 - - [02/Mar/2016:11:05:25 -0300] "GET /cormun/static/hpexe_messagepopupcomponent.js?2016311717983 HTTP/1.1" 304 -
186.67.172.234 - - [02/Mar/2016:11:05:25 -0300] "GET /cormun/static/hpexe_messagegenexuscomponent.js?20151120014314 HTTP/1.1" 304 -
186.67.172.234 - - [02/Mar/2016:11:05:25 -0300] "GET /cormun/static/hmpwkw03.js?20163114183826 HTTP/1.1" 304 -
186.67.172.234 - - [02/Mar/2016:11:05:25 -0300] "GET /cormun/static/cmcontrolpreferences.js?20151120014525 HTTP/1.1" 304 -
186.67.172.234 - - [02/Mar/2016:11:05:26 -0300] "GET /cormun/static/hpexe_messagecontroller.js?2015112210524422 HTTP/1.1" 304 -
186.67.172.234 - - [02/Mar/2016:11:05:26 -0300] "GET /cormun/servlet/hhome HTTP/1.1" 200 3396
186.67.172.234 - - [02/Mar/2016:11:05:30 -0300] "GET /cormun/servlet/trsolicitudot? HTTP/1.1" 200 6140
186.67.172.234 - - [02/Mar/2016:11:05:31 -0300] "GET /cormun/static/Resources/Spanish/PXTools.css?171692 HTTP/1.1" 304 -
186.67.172.234 - - [02/Mar/2016:11:05:31 -0300] "GET /cormun/static/gxcfg.js?20163117265139 HTTP/1.1" 304 -
186.67.172.234 - - [02/Mar/2016:11:05:31 -0300] "GET /cormun/static/trsolicitudot.js?20163117265688 HTTP/1.1" 304 -
186.67.172.234 - - [02/Mar/2016:11:05:31 -0300] "GET /cormun/servlet/trsolicitudot? HTTP/1.1" 200 6139
186.67.172.234 - - [02/Mar/2016:11:05:34 -0300] "GET /cormun/servlet/solicitudot?INS,0,0, HTTP/1.1" 200 11375
186.67.172.234 - - [02/Mar/2016:11:05:34 -0300] "GET /cormun/static/gxcfg.js?20163117305121 HTTP/1.1" 304 -
186.67.172.234 - - [02/Mar/2016:11:05:34 -0300] "GET /cormun/static/solicitudot.js?20163117305174 HTTP/1.1" 304 -
192.168.10.89 - - [02/Mar/2016:11:05:34 -0300] "GET /cormun/servlet/solicitudot?521f9665cfb361228f25d91890049fa9788d1a674f8ed1eb3471f79990f80117048952a13aae1752cc8525d814a9290e08f8c7a964e347afa6cde893fe87d8e344c5957efc582199b5594121d5358ff88907e7f9e8b45c00e66107a7dec82d30de566cf34b117148b32e338dc795746897b4d61351e7abe9313225817dec84fd556f930fe39774e8b75309e3bcb5a543330709f6cdc1d38b45c2e333e605ff1b,gx-no-cache=1456927287747 HTTP/1.1" 200 29
186.67.172.234 - - [02/Mar/2016:11:05:34 -0300] "GET /cormun/servlet/solicitudot?INS,0,0, HTTP/1.1" 200 11379
192.168.10.89 - - [02/Mar/2016:11:05:36 -0300] "POST /cormun/servlet/solicitudot?gx-no-cache=1456927289564 HTTP/1.1" 200 1116
192.168.10.89 - - [02/Mar/2016:11:05:43 -0300] "GET /cormun/servlet/solicitudot?521f9665cfb361228f25d91890049fa986e6854a982826dd41de5106f4a276272d64255a912771cbcf5b511ed88f97f8ee1fed1043aa4f43815971819b8dccaf1249706d1043b4b51b7ac0b2ba3d33f2f6651860e68f87d3de6dc27807f03cde2f931c14717f31758af23d53d89d69a88ed95c4ba876625b897a49ec37a9dd3ce68c448094c9816ea527fbd400e7b449d73458b5ebc0a1f7529c81511f6ff0594f9e409fa8fd41febb1141a31035cf43,gx-no-cache=1456927296510 HTTP/1.1" 200 30
192.168.10.89 - - [02/Mar/2016:11:05:48 -0300] "POST /cormun/servlet/solicitudot?e6bf61c7ee82836ecba3bb60bf3ce0e8,INS,0,0,,gx-no-cache=1456927300957 HTTP/1.1" 200 93
192.168.10.89 - - [02/Mar/2016:11:05:48 -0300] "GET /cormun/servlet/hpexe_return? HTTP/1.1" 200 1031
192.168.10.89 - - [02/Mar/2016:11:05:49 -0300] "GET /cormun/servlet/trsolicitudot?gx-no-cache=1456925052420 HTTP/1.1" 200 7459
192.168.10.89 - - [02/Mar/2016:11:05:53 -0300] "POST /cormun/servlet/trsolicitudot?e6bf61c7ee82836ecba3bb60bf3ce0e8,gx-no-cache=1456925052420,gx-no-cache=1456927305998 HTTP/1.1" 200 4893
186.103.156.24 - - [02/Mar/2016:11:05:53 -0300] "POST /cormun/servlet/solicitudot?gx-no-cache=1456927880953 HTTP/1.1" 200 122
192.168.10.89 - - [02/Mar/2016:11:05:53 -0300] "POST /cormun/servlet/trsolicitudot?e6bf61c7ee82836ecba3bb60bf3ce0e8,gx-no-cache=1456925052420,gx-no-cache=1456927306278 HTTP/1.1" 200 4893
192.168.10.89 - - [02/Mar/2016:11:05:53 -0300] "POST /cormun/servlet/trsolicitudot?e6bf61c7ee82836ecba3bb60bf3ce0e8,gx-no-cache=1456925052420,gx-no-cache=1456927306611 HTTP/1.1" 200 4893
192.168.10.89 - - [02/Mar/2016:11:05:54 -0300] "POST /cormun/servlet/trsolicitudot?e6bf61c7ee82836ecba3bb60bf3ce0e8,gx-no-cache=1456925052420,gx-no-cache=1456927306942 HTTP/1.1" 200 4893
192.168.10.89 - - [02/Mar/2016:11:05:54 -0300] "POST /cormun/servlet/trsolicitudot?e6bf61c7ee82836ecba3bb60bf3ce0e8,gx-no-cache=1456925052420,gx-no-cache=1456927307351 HTTP/1.1" 200 4893
192.168.10.89 - - [02/Mar/2016:11:05:54 -0300] "POST /cormun/servlet/trsolicitudot?e6bf61c7ee82836ecba3bb60bf3ce0e8,gx-no-cache=1456925052420,gx-no-cache=1456927307791 HTTP/1.1" 200 4893
192.168.10.89 - - [02/Mar/2016:11:05:55 -0300] "POST /cormun/servlet/trsolicitudot?e6bf61c7ee82836ecba3bb60bf3ce0e8,gx-no-cache=1456925052420,gx-no-cache=1456927308305 HTTP/1.1" 200 4893
186.67.172.234 - - [02/Mar/2016:11:05:57 -0300] "POST /cormun/servlet/solicitudot?gx-no-cache=1456927609093 HTTP/1.1" 200 2668
186.67.172.234 - - [02/Mar/2016:11:05:57 -0300] "POST /cormun/servlet/solicitudot?ebe38ab99384e8e511af220a9c00e623,INS,0,0,,gx-no-cache=1456927609228 HTTP/1.1" 200 8232
192.168.10.89 - - [02/Mar/2016:11:05:58 -0300] "POST /cormun/servlet/trsolicitudot?e6bf61c7ee82836ecba3bb60bf3ce0e8,gx-no-cache=1456925052420,gx-no-cache=1456927308842 HTTP/1.1" 200 3589
192.168.10.89 - - [02/Mar/2016:11:05:58 -0300] "POST /cormun/servlet/trsolicitudot?e6bf61c7ee82836ecba3bb60bf3ce0e8,gx-no-cache=1456925052420,gx-no-cache=1456927311816 HTTP/1.1" 200 3439
192.168.10.89 - - [02/Mar/2016:11:05:59 -0300] "GET /cormun/static/Shared/jqueryui/images/ui-icons_82798d_256x240.png HTTP/1.1" 404 1089
192.168.10.89 - - [02/Mar/2016:11:05:59 -0300] "GET /cormun/static/Shared/jqueryui/images/ui-bg_flat_55_fafafa_40x100.png HTTP/1.1" 404 1097
192.168.10.89 - - [02/Mar/2016:11:05:59 -0300] "GET /cormun/static/Shared/jqueryui/images/ui-icons_8d78a5_256x240.png HTTP/1.1" 404 1089
192.168.10.89 - - [02/Mar/2016:11:05:59 -0300] "GET /cormun/static/Shared/jqueryui/images/ui-bg_highlight-soft_100_c6c2c8_1x100.png HTTP/1.1" 404 1117
186.67.172.234 - - [02/Mar/2016:11:06:13 -0300] "GET /cormun/servlet/solicitudot?ea84282dc36e144c425897d90195bb07a979d633b52812cbc530ea87a274e36d17302dc795fe3b67b00cb7dc8748dfa4,gx-no-cache=1456927625386 HTTP/1.1" 200 30
186.103.156.24 - - [02/Mar/2016:11:06:27 -0300] "POST /cormun/servlet/solicitudot?gx-no-cache=1456927918784 HTTP/1.1" 200 122
186.103.156.24 - - [02/Mar/2016:11:06:33 -0300] "POST /cormun/servlet/solicitudot?gx-no-cache=1456927925787 HTTP/1.1" 200 122
186.103.159.189 - - [02/Mar/2016:11:06:56 -0300] "GET /cormun/servlet/solicitudot?INS,0,0, HTTP/1.1" 200 11019
186.103.159.189 - - [02/Mar/2016:11:06:59 -0300] "GET /cormun/servlet/solicitudot?INS,0,0, HTTP/1.1" 200 11026
186.103.159.189 - - [02/Mar/2016:11:06:59 -0300] "GET /cormun/servlet/hlogin HTTP/1.1" 200 1740
186.103.156.24 - - [02/Mar/2016:11:07:10 -0300] "POST /cormun/servlet/solicitudot?gx-no-cache=1456927966984 HTTP/1.1" 200 30
192.168.10.89 - - [02/Mar/2016:11:07:11 -0300] "GET /cormun/servlet/solicitudot?INS,0,0, HTTP/1.1" 200 11409
192.168.10.89 - - [02/Mar/2016:11:07:15 -0300] "GET /cormun/servlet/prfichaempleado?,MD,,gxPopupLevel%3D0%3B HTTP/1.1" 200 7879
192.168.10.89 - - [02/Mar/2016:11:07:15 -0300] "GET /cormun/static/scaMessage/css/jquery-ui.css?104140 HTTP/1.1" 404 1045
192.168.10.89 - - [02/Mar/2016:11:07:18 -0300] "GET /cormun/servlet/prfichaempleado?b83a3073b92727be8d37255bd116bdc971592de27d070b84d41086801b81528a4c63e9af56368fd975865a3e5581cf2c055a19fecc54cccfd0249b01dd0c1e4f,gx-no-cache=1456927391727 HTTP/1.1" 200 460
186.103.159.189 - - [02/Mar/2016:11:07:22 -0300] "POST /cormun/servlet/hlogin?6fbb8a74c90d37811d0ead77d9743ebd,gx-no-cache=1456927666673 HTTP/1.1" 200 90
186.103.159.189 - - [02/Mar/2016:11:07:22 -0300] "GET /cormun/servlet/hpexe_link HTTP/1.1" 200 962
192.168.10.89 - - [02/Mar/2016:11:07:22 -0300] "POST /cormun/servlet/prfichaempleado?e6bf61c7ee82836ecba3bb60bf3ce0e8,,MD,,gxPopupLevel%3D0%3B,gx-no-cache=1456927395338 HTTP/1.1" 200 2835
186.103.159.189 - - [02/Mar/2016:11:07:22 -0300] "GET /cormun/servlet/solicitudot?INS,0,0, HTTP/1.1" 200 11228
186.103.159.189 - - [02/Mar/2016:11:07:24 -0300] "GET /cormun/servlet/solicitudot?INS,0,0, HTTP/1.1" 200 11233
192.168.10.89 - - [02/Mar/2016:11:07:27 -0300] "POST /cormun/servlet/solicitudot?gx-no-cache=1456927400675 HTTP/1.1" 200 2772
192.168.10.89 - - [02/Mar/2016:11:07:27 -0300] "POST /cormun/servlet/solicitudot?e6bf61c7ee82836ecba3bb60bf3ce0e8,INS,0,0,,gx-no-cache=1456927400808 HTTP/1.1" 200 8389
192.168.10.89 - - [02/Mar/2016:11:07:33 -0300] "GET /cormun/servlet/solicitudot?521f9665cfb361228f25d91890049fa9378e0562cf269b6001f2bef92b810a5962795702b8460c620da2f1c48815897a,gx-no-cache=1456927406225 HTTP/1.1" 200 30
192.168.10.89 - - [02/Mar/2016:11:07:33 -0300] "POST /cormun/servlet/solicitudot?gx-no-cache=1456927406264 HTTP/1.1" 200 30
186.103.159.189 - - [02/Mar/2016:11:07:45 -0300] "POST /cormun/servlet/solicitudot?gx-no-cache=1456927689823 HTTP/1.1" 200 2668
186.103.159.189 - - [02/Mar/2016:11:07:45 -0300] "POST /cormun/servlet/solicitudot?6fbb8a74c90d37811d0ead77d9743ebd,INS,0,0,,gx-no-cache=1456927690006 HTTP/1.1" 200 7957
186.103.159.189 - - [02/Mar/2016:11:07:45 -0300] "GET /cormun/servlet/solicitudot?c19727e1aa6ab18a7f3fa5e4965a62712f7636c518d59e3668c3ad33bc93f440,gx-no-cache=1456927690329 HTTP/1.1" 200 111
186.103.159.189 - - [02/Mar/2016:11:07:45 -0300] "GET /cormun/static/Shared/jqueryui/images/ui-bg_highlight-soft_100_c6c2c8_1x100.png HTTP/1.1" 404 1117
186.103.159.189 - - [02/Mar/2016:11:07:45 -0300] "GET /cormun/static/Shared/jqueryui/images/ui-icons_82798d_256x240.png HTTP/1.1" 404 1089
186.103.159.189 - - [02/Mar/2016:11:07:45 -0300] "GET /cormun/static/Shared/jqueryui/images/ui-bg_flat_55_994d53_40x100.png HTTP/1.1" 404 1097
186.103.159.189 - - [02/Mar/2016:11:07:45 -0300] "GET /cormun/static/Shared/jqueryui/images/ui-icons_ebccce_256x240.png HTTP/1.1" 404 1089
192.168.10.89 - - [02/Mar/2016:11:07:45 -0300] "POST /cormun/servlet/solicitudot?gx-no-cache=1456927418766 HTTP/1.1" 200 30
192.168.10.89 - - [02/Mar/2016:11:07:49 -0300] "GET /cormun/servlet/prcontratosol?7847845,,,,,MD,,gxPopupLevel%3D0%3B HTTP/1.1" 200 5663
186.103.159.189 - - [02/Mar/2016:11:07:53 -0300] "POST /cormun/servlet/solicitudot?gx-no-cache=1456927698163 HTTP/1.1" 200 30
192.168.10.89 - - [02/Mar/2016:11:07:55 -0300] "POST /cormun/servlet/solicitudot?gx-no-cache=1456927428152 HTTP/1.1" 200 1158
192.168.10.89 - - [02/Mar/2016:11:07:55 -0300] "GET /cormun/servlet/solicitudot?521f9665cfb361228f25d91890049fa984fa24b8199350474ca1ee07f508e3c24d5c8739d6f9affa20e67f84c5b9fc28d4da589ad8ee4e99b06346944cebf75c6f6f0a3114161386948103389c15878bc8fd08291b4d02a47fb4469c4edb7e38f225b4e70a7aa2dd825c844ab907b6f4c3384a11f39f25516d025d7264e3efb5927d2452c923f76345aea6bc23c955a2,gx-no-cache=1456927428270 HTTP/1.1" 200 38
192.168.10.89 - - [02/Mar/2016:11:07:55 -0300] "GET /cormun/servlet/solicitudot?521f9665cfb361228f25d91890049fa9788d1a674f8ed1eb3471f79990f80117048952a13aae1752cc8525d814a9290e08f8c7a964e347afa6cde893fe87d8e344c5957efc582199b5594121d5358ff88907e7f9e8b45c00e66107a7dec82d30de566cf34b117148b32e338dc795746897b4d61351e7abe9313225817dec84fd556f930fe39774e8b75309e3bcb5a543330709f6cdc1d38b45c2e333e605ff1b,gx-no-cache=1456927428296 HTTP/1.1" 200 29
192.168.10.89 - - [02/Mar/2016:11:07:55 -0300] "POST /cormun/servlet/solicitudot?gx-no-cache=1456927428320 HTTP/1.1" 200 1116
192.168.10.89 - - [02/Mar/2016:11:07:56 -0300] "GET /cormun/servlet/prsolicitudot?7847845,,,,,MD,,gxPopupLevel%3D0%3B HTTP/1.1" 200 5357
186.103.159.189 - - [02/Mar/2016:11:07:58 -0300] "POST /cormun/servlet/solicitudot?gx-no-cache=1456927703274 HTTP/1.1" 200 30
192.168.10.89 - - [02/Mar/2016:11:07:59 -0300] "GET /cormun/servlet/prpersonalsolicitud?7847845,,,,,MD,,gxPopupLevel%3D0%3B HTTP/1.1" 200 5678
186.103.159.189 - - [02/Mar/2016:11:08:04 -0300] "POST /cormun/servlet/solicitudot?gx-no-cache=1456927709435 HTTP/1.1" 200 452
186.103.159.189 - - [02/Mar/2016:11:08:05 -0300] "GET /cormun/servlet/solicitudot?c19727e1aa6ab18a7f3fa5e4965a62712675cc3f09a77a115bc98e4f85cbeb8b210fd2dd11b30fa4ba91ab30450c7072da850fb6537ec1826bf4dd1b0bfbfe91775e9f4276e220814977f6b8f3a89bc0e45918c1c6a40f2fddc486c7263b140d6e21f93a55f76a5168c8e038fc6777b44e72bf61fd4789d68e79b5b32b69b9692be52243ceeafa2af1fbf00164acae8b,gx-no-cache=1456927709580 HTTP/1.1" 200 38
186.103.159.189 - - [02/Mar/2016:11:08:05 -0300] "GET /cormun/servlet/solicitudot?c19727e1aa6ab18a7f3fa5e4965a6271bb5afc2f93a4cbb4ec568767a128b08bef25de97bd6bd45f2419348eef6081ac6b1d74b5f81d1699749834703dce40f057e29bffb915f993001d3feada9614ce30092c116ab75e7bddcf4818af8da1f6c342e9fe7010e15cde3d70b2a6660e49,gx-no-cache=1456927709660 HTTP/1.1" 200 29
186.103.159.189 - - [02/Mar/2016:11:08:06 -0300] "POST /cormun/servlet/solicitudot?gx-no-cache=1456927710704 HTTP/1.1" 200 1116
191.112.91.68 - - [02/Mar/2016:11:08:54 -0300] "GET /cormun/servlet/solicitudotadjuntos?INS,2016,355,,1, HTTP/1.1" 200 5471
191.112.91.68 - - [02/Mar/2016:11:08:55 -0300] "GET /cormun/static/about:blank HTTP/1.1" 404 1011
191.112.91.68 - - [02/Mar/2016:11:08:57 -0300] "GET /cormun/servlet/solicitudotadjuntos?INS,2016,355,,1, HTTP/1.1" 200 5464
191.112.91.68 - - [02/Mar/2016:11:08:57 -0300] "GET /cormun/servlet/solicitudotadjuntos?cc3825a6bcde85380411dea6bcbbd66bff3627d1dad65910064eaa0128b3b85265071cafe5fc2b06121d40f4d045fd08,gx-no-cache=1456927764720 HTTP/1.1" 200 30
191.112.91.68 - - [02/Mar/2016:11:08:58 -0300] "POST /cormun/servlet/solicitudotadjuntos?0c0ee8f3b383daf4648f2d40d97b65a9,INS,2016,355,,1,,gx-no-cache=1456927764843 HTTP/1.1" 200 3381
191.112.91.68 - - [02/Mar/2016:11:09:18 -0300] "POST /cormun/servlet/solicitudotadjuntos?gx-no-cache=1456927785720 HTTP/1.1" 200 26
191.112.91.68 - - [02/Mar/2016:11:09:18 -0300] "GET /cormun/servlet/solicitudotadjuntos?cc3825a6bcde85380411dea6bcbbd66b633b8525340459f8f593f8d1a6b73094,gx-no-cache=1456927785845 HTTP/1.1" 200 30
191.112.91.68 - - [02/Mar/2016:11:09:19 -0300] "GET /cormun/servlet/solicitudotadjuntos?cc3825a6bcde85380411dea6bcbbd66b633b8525340459f8f593f8d1a6b73094,gx-no-cache=1456927785933 HTTP/1.1" 200 30
191.112.91.68 - - [02/Mar/2016:11:09:19 -0300] "POST /cormun/servlet/solicitudotadjuntos?0c0ee8f3b383daf4648f2d40d97b65a9,INS,2016,355,,1,,gx-no-cache=1456927786098 HTTP/1.1" 200 93
191.112.91.68 - - [02/Mar/2016:11:09:19 -0300] "GET /cormun/servlet/hpexe_return? HTTP/1.1" 200 1033
191.112.91.68 - - [02/Mar/2016:11:09:20 -0300] "GET /cormun/servlet/vesolicitudot?2016,355,,SolicitudOTAdjuntos HTTP/1.1" 200 8551
191.112.91.68 - - [02/Mar/2016:11:09:20 -0300] "GET /cormun/pexe_scrolldiv.js HTTP/1.1" 404 1009
191.112.91.68 - - [02/Mar/2016:11:09:21 -0300] "GET /cormun/pexe_scrolldiv.js HTTP/1.1" 404 1009
191.112.91.68 - - [02/Mar/2016:11:09:23 -0300] "GET /cormun/servlet/vesolicitudot?2016,355,,SolicitudOTAdjuntos HTTP/1.1" 200 8547
191.112.91.68 - - [02/Mar/2016:11:09:25 -0300] "POST /cormun/servlet/acontrolpreferencessavestate?None,CD-33,true HTTP/1.1" 200 35
191.112.91.68 - - [02/Mar/2016:11:09:53 -0300] "GET /cormun/servlet/solicitudotadjuntos?INS,2016,355,,1, HTTP/1.1" 200 5471
186.67.172.234 - - [02/Mar/2016:11:09:53 -0300] "POST /cormun/servlet/solicitudot?gx-no-cache=1456927845503 HTTP/1.1" 200 30
191.112.91.68 - - [02/Mar/2016:11:09:54 -0300] "GET /cormun/static/about:blank HTTP/1.1" 404 1011
191.112.91.68 - - [02/Mar/2016:11:09:56 -0300] "GET /cormun/servlet/solicitudotadjuntos?INS,2016,355,,1, HTTP/1.1" 200 5463
192.168.10.89 - - [02/Mar/2016:11:09:56 -0300] "POST /cormun/servlet/solicitudot?e6bf61c7ee82836ecba3bb60bf3ce0e8,INS,0,0,,gx-no-cache=1456927549621 HTTP/1.1" 200 93
192.168.10.89 - - [02/Mar/2016:11:09:56 -0300] "GET /cormun/servlet/hpexe_return? HTTP/1.1" 200 1031
191.112.91.68 - - [02/Mar/2016:11:09:57 -0300] "GET /cormun/servlet/solicitudotadjuntos?cc3825a6bcde85380411dea6bcbbd66bff3627d1dad65910064eaa0128b3b85265071cafe5fc2b06121d40f4d045fd08,gx-no-cache=1456927824035 HTTP/1.1" 200 30
191.112.91.68 - - [02/Mar/2016:11:09:57 -0300] "POST /cormun/servlet/solicitudotadjuntos?0c0ee8f3b383daf4648f2d40d97b65a9,INS,2016,355,,1,,gx-no-cache=1456927824175 HTTP/1.1" 200 3380
186.67.172.234 - - [02/Mar/2016:11:09:58 -0300] "POST /cormun/servlet/solicitudot?gx-no-cache=1456927850087 HTTP/1.1" 200 30
192.168.10.89 - - [02/Mar/2016:11:09:58 -0300] "GET /cormun/servlet/trsolicitudot?gx-no-cache=1456925052420 HTTP/1.1" 200 6163
186.67.172.234 - - [02/Mar/2016:11:10:00 -0300] "POST /cormun/servlet/solicitudot?gx-no-cache=1456927851904 HTTP/1.1" 200 452
186.67.172.234 - - [02/Mar/2016:11:10:00 -0300] "GET /cormun/servlet/solicitudot?ea84282dc36e144c425897d90195bb070ff03df995bd035612cf8cc31327864c632fdcff85b360f2b70634c412f654ae53456b73813c9927bb453219ad00d3b87f78905c2d9d61e129eccd1aa93b98027be2ccd2c5bfd683030034f932f8ce673fa5be7dab8a272d1aa68645abd74b3b3f408c7b3dcbce5de0f29f6da607a79c0b0fd81d06106c25118bf55b79c5eeab,gx-no-cache=1456927851961 HTTP/1.1" 200 38
192.168.10.89 - - [02/Mar/2016:11:10:13 -0300] "GET /cormun/servlet/solicitudot?INS,0,0, HTTP/1.1" 200 11407
192.168.10.89 - - [02/Mar/2016:11:10:15 -0300] "GET /cormun/servlet/prfichaempleado?,MD,,gxPopupLevel%3D0%3B HTTP/1.1" 200 7879
192.168.10.89 - - [02/Mar/2016:11:10:15 -0300] "GET /cormun/static/scaMessage/css/jquery-ui.css?104140 HTTP/1.1" 404 1045
192.168.10.89 - - [02/Mar/2016:11:10:19 -0300] "GET /cormun/servlet/prfichaempleado?b83a3073b92727be8d37255bd116bdc9dd2add100bc0785dd217f68435e3849e5582a11bec00a677bf624cae18c117fb9df56800f2a76f166156d261a9d0de75c89371f9f0a488ab8ff47648314e01c4,gx-no-cache=1456927572879 HTTP/1.1" 200 459
192.168.10.89 - - [02/Mar/2016:11:10:21 -0300] "POST /cormun/servlet/prfichaempleado?e6bf61c7ee82836ecba3bb60bf3ce0e8,,MD,,gxPopupLevel%3D0%3B,gx-no-cache=1456927573979 HTTP/1.1" 200 2838
186.103.156.24 - - [02/Mar/2016:11:10:22 -0300] "POST /cormun/servlet/solicitudot?gx-no-cache=1456928182798 HTTP/1.1" 200 30
186.103.156.24 - - [02/Mar/2016:11:10:28 -0300] "POST /cormun/servlet/solicitudot?gx-no-cache=1456928188799 HTTP/1.1" 200 122
186.67.172.234 - - [02/Mar/2016:11:10:30 -0300] "POST /cormun/servlet/solicitudot?gx-no-cache=1456927882386 HTTP/1.1" 200 30
186.67.172.234 - - [02/Mar/2016:11:10:30 -0300] "POST /cormun/servlet/solicitudot?gx-no-cache=1456927882482 HTTP/1.1" 200 452
186.67.172.234 - - [02/Mar/2016:11:10:30 -0300] "GET /cormun/servlet/solicitudot?ea84282dc36e144c425897d90195bb070ff03df995bd035612cf8cc31327864c632fdcff85b360f2b70634c412f654ae53456b73813c9927bb453219ad00d3b87f78905c2d9d61e129eccd1aa93b98027be2ccd2c5bfd683030034f932f8ce673fa5be7dab8a272d1aa68645abd74b3b3f408c7b3dcbce5de0f29f6da607a79c0b0fd81d06106c25118bf55b79c5eeab,gx-no-cache=1456927882556 HTTP/1.1" 200 38
192.168.10.89 - - [02/Mar/2016:11:10:31 -0300] "POST /cormun/servlet/solicitudot?gx-no-cache=1456927584622 HTTP/1.1" 200 2773
192.168.10.89 - - [02/Mar/2016:11:10:31 -0300] "POST /cormun/servlet/solicitudot?e6bf61c7ee82836ecba3bb60bf3ce0e8,INS,0,0,,gx-no-cache=1456927584800 HTTP/1.1" 200 8391
192.168.10.89 - - [02/Mar/2016:11:10:36 -0300] "GET /cormun/servlet/solicitudot?521f9665cfb361228f25d91890049fa913de0bcb8973c306c2e3302a45bc6e7384d8b5f3ae84f4ac5d3553a53671b1f6,gx-no-cache=1456927588929 HTTP/1.1" 200 30
192.168.10.89 - - [02/Mar/2016:11:10:36 -0300] "POST /cormun/servlet/solicitudot?gx-no-cache=1456927588975 HTTP/1.1" 200 30
192.168.10.89 - - [02/Mar/2016:11:10:37 -0300] "POST /cormun/servlet/solicitudot?gx-no-cache=1456927590349 HTTP/1.1" 200 30
186.103.156.24 - - [02/Mar/2016:11:10:39 -0300] "POST /cormun/servlet/solicitudot?gx-no-cache=1456928201172 HTTP/1.1" 200 122
192.168.10.89 - - [02/Mar/2016:11:10:40 -0300] "GET /cormun/servlet/prfichaempleado?,MD,,gxPopupLevel%3D0%3B HTTP/1.1" 200 7879
192.168.10.89 - - [02/Mar/2016:11:10:40 -0300] "GET /cormun/static/scaMessage/css/jquery-ui.css?104140 HTTP/1.1" 404 1045
192.168.10.89 - - [02/Mar/2016:11:10:50 -0300] "GET /cormun/servlet/prfichaempleado?b83a3073b92727be8d37255bd116bdc9be27d7164e23152339e7efc26718fc7be897e006a7b4c69dc907c95b67ff7d01c41ad0da030402371db49861a1733b3f007fa5d17cc94846c3eff2b92bad7936,gx-no-cache=1456927603211 HTTP/1.1" 200 458
192.168.10.89 - - [02/Mar/2016:11:10:52 -0300] "GET /cormun/servlet/prfichaempleado?b83a3073b92727be8d37255bd116bdc94165e4b18d6d8c24663c85c940c65348e72f0d9de666d761042bbcd59c1413d090c30ed4033d239094307c93ca4008ec1d79f89c1603b503aa5ee3f5443d431b,gx-no-cache=1456927605857 HTTP/1.1" 200 464
192.168.10.89 - - [02/Mar/2016:11:10:53 -0300] "POST /cormun/servlet/prfichaempleado?e6bf61c7ee82836ecba3bb60bf3ce0e8,,MD,,gxPopupLevel%3D0%3B,gx-no-cache=1456927606721 HTTP/1.1" 200 2942
192.168.10.89 - - [02/Mar/2016:11:11:03 -0300] "GET /cormun/servlet/prlicenciaspermisos?9178799,L,,MD,,gxPopupLevel%3D0%3B HTTP/1.1" 200 7251
192.168.10.89 - - [02/Mar/2016:11:11:10 -0300] "POST /cormun/servlet/solicitudot?gx-no-cache=1456927623437 HTTP/1.1" 200 1155
186.67.172.234 - - [02/Mar/2016:11:11:10 -0300] "GET /cormun/servlet/solicitudot?ea84282dc36e144c425897d90195bb07eee3000e38330cd7c7587add5cd11ef30627c02a0845d6aee0a758e0bb10d6548ab543b8b91c584c106b14815a17f51f2edaf56de5ec7c50068a59aa80b9eaba746bfb7741a6cbcd3770e83593439db001c9d5bd825af4a838bfe7d15a480f01,gx-no-cache=1456927922059 HTTP/1.1" 200 29
186.67.172.234 - - [02/Mar/2016:11:11:12 -0300] "POST /cormun/servlet/solicitudot?gx-no-cache=1456927924032 HTTP/1.1" 200 1116
192.168.10.89 - - [02/Mar/2016:11:11:14 -0300] "GET /cormun/servlet/solicitudot?521f9665cfb361228f25d91890049fa984fa24b8199350474ca1ee07f508e3c24d5c8739d6f9affa20e67f84c5b9fc28d4da589ad8ee4e99b06346944cebf75c6f6f0a3114161386948103389c15878bc8fd08291b4d02a47fb4469c4edb7e38f225b4e70a7aa2dd825c844ab907b6f4c3384a11f39f25516d025d7264e3efb56bb0cc5684209a5016f4cf22a338415753c7f73314323976a637d66b6732ddee,gx-no-cache=1456927627139 HTTP/1.1" 200 38
192.168.10.89 - - [02/Mar/2016:11:11:21 -0300] "GET /cormun/servlet/solicitudot?521f9665cfb361228f25d91890049fa9788d1a674f8ed1eb3471f79990f80117048952a13aae1752cc8525d814a9290e08f8c7a964e347afa6cde893fe87d8e344c5957efc582199b5594121d5358ff88907e7f9e8b45c00e66107a7dec82d30de566cf34b117148b32e338dc795746897b4d61351e7abe9313225817dec84fd556f930fe39774e8b75309e3bcb5a543330709f6cdc1d38b45c2e333e605ff1b,gx-no-cache=1456927634460 HTTP/1.1" 200 29
192.168.10.89 - - [02/Mar/2016:11:11:21 -0300] "POST /cormun/servlet/solicitudot?gx-no-cache=1456927634493 HTTP/1.1" 200 1115
192.168.10.89 - - [02/Mar/2016:11:11:26 -0300] "GET /cormun/servlet/solicitudot?521f9665cfb361228f25d91890049fa9cb134edbee1dcc96456d7fd38ed5e66cb2b2f77a589744532037726a8d417bbda67d75a0e7a3e59e57c9db153cedfeca25bab3dfd2a7b3712537912913fcadc020a71309402797a599827b4af41576b6b5126d29dd8f6ccb81b4d9ba58cf1b21b23c43646147dadeafbb19e7f483cd624181e8e51ee4fb4419d3efe557c6d1fae19656f312d8b83a36fc509839d21db3a99fe4d2a2161a0b0b06457668b83316a9a05b8e318a065ce8891f1a5d99437c,gx-no-cache=1456927639525 HTTP/1.1" 200 30
192.168.10.89 - - [02/Mar/2016:11:11:42 -0300] "POST /cormun/servlet/solicitudot?e6bf61c7ee82836ecba3bb60bf3ce0e8,INS,0,0,,gx-no-cache=1456927654889 HTTP/1.1" 200 93
192.168.10.89 - - [02/Mar/2016:11:11:42 -0300] "GET /cormun/servlet/hpexe_return? HTTP/1.1" 200 1031
192.168.10.89 - - [02/Mar/2016:11:11:43 -0300] "GET /cormun/servlet/trsolicitudot?gx-no-cache=1456925052420 HTTP/1.1" 200 7506
192.168.10.89 - - [02/Mar/2016:11:11:48 -0300] "POST /cormun/servlet/trsolicitudot?e6bf61c7ee82836ecba3bb60bf3ce0e8,gx-no-cache=1456925052420,gx-no-cache=1456927661485 HTTP/1.1" 200 4940
192.168.10.89 - - [02/Mar/2016:11:11:48 -0300] "POST /cormun/servlet/trsolicitudot?e6bf61c7ee82836ecba3bb60bf3ce0e8,gx-no-cache=1456925052420,gx-no-cache=1456927661768 HTTP/1.1" 200 4940
192.168.10.89 - - [02/Mar/2016:11:11:49 -0300] "POST /cormun/servlet/trsolicitudot?e6bf61c7ee82836ecba3bb60bf3ce0e8,gx-no-cache=1456925052420,gx-no-cache=1456927662076 HTTP/1.1" 200 4940
192.168.10.89 - - [02/Mar/2016:11:11:49 -0300] "POST /cormun/servlet/trsolicitudot?e6bf61c7ee82836ecba3bb60bf3ce0e8,gx-no-cache=1456925052420,gx-no-cache=1456927662411 HTTP/1.1" 200 4940
192.168.10.89 - - [02/Mar/2016:11:11:49 -0300] "POST /cormun/servlet/trsolicitudot?e6bf61c7ee82836ecba3bb60bf3ce0e8,gx-no-cache=1456925052420,gx-no-cache=1456927662825 HTTP/1.1" 200 4940
192.168.10.89 - - [02/Mar/2016:11:11:50 -0300] "POST /cormun/servlet/trsolicitudot?e6bf61c7ee82836ecba3bb60bf3ce0e8,gx-no-cache=1456925052420,gx-no-cache=1456927663285 HTTP/1.1" 200 4940
192.168.10.89 - - [02/Mar/2016:11:11:50 -0300] "POST /cormun/servlet/trsolicitudot?e6bf61c7ee82836ecba3bb60bf3ce0e8,gx-no-cache=1456925052420,gx-no-cache=1456927663770 HTTP/1.1" 200 4940
192.168.10.89 - - [02/Mar/2016:11:11:53 -0300] "POST /cormun/servlet/trsolicitudot?e6bf61c7ee82836ecba3bb60bf3ce0e8,gx-no-cache=1456925052420,gx-no-cache=1456927664316 HTTP/1.1" 200 3624
192.168.10.89 - - [02/Mar/2016:11:11:54 -0300] "POST /cormun/servlet/trsolicitudot?e6bf61c7ee82836ecba3bb60bf3ce0e8,gx-no-cache=1456925052420,gx-no-cache=1456927667283 HTTP/1.1" 200 3439
192.168.10.89 - - [02/Mar/2016:11:11:54 -0300] "GET /cormun/static/Shared/jqueryui/images/ui-icons_82798d_256x240.png HTTP/1.1" 404 1089
192.168.10.89 - - [02/Mar/2016:11:11:54 -0300] "GET /cormun/static/Shared/jqueryui/images/ui-bg_highlight-soft_100_c6c2c8_1x100.png HTTP/1.1" 404 1117
192.168.10.89 - - [02/Mar/2016:11:11:54 -0300] "GET /cormun/static/Shared/jqueryui/images/ui-icons_8d78a5_256x240.png HTTP/1.1" 404 1089
192.168.10.89 - - [02/Mar/2016:11:11:54 -0300] "GET /cormun/static/Shared/jqueryui/images/ui-bg_flat_55_fafafa_40x100.png HTTP/1.1" 404 1097
186.67.172.234 - - [02/Mar/2016:11:11:59 -0300] "GET /cormun/servlet/solicitudot?ea84282dc36e144c425897d90195bb075b83a463244f747c1949ae0ab799985ca42c52d62cce75ca2122feccf07b9353982e7d93c2eaafe218c4276750f4f3f544e858d3ef3630a27fcccd48583528844ec10503628c9ba039cfe8178c20eb65b9fe1be1748339e8bf77ba4cac79c7d75d2356e872d45109088a2e95c42e01ecbe0a7651625a11975dc8dea442fb6f4004cd20627e59131707a2dd1a88a4f03174480bc2f54efbcea6f3ff8998554e16,gx-no-cache=1456927971277 HTTP/1.1" 200 30
192.168.10.89 - - [02/Mar/2016:11:12:03 -0300] "GET /cormun/servlet/solicitudot?INS,0,0, HTTP/1.1" 200 11409
186.103.156.24 - - [02/Mar/2016:11:12:11 -0300] "POST /cormun/servlet/solicitudot?gx-no-cache=1456928304859 HTTP/1.1" 200 122
186.78.37.249 - - [02/Mar/2016:11:12:23 -0300] "GET /cormun/servlet/trsolicitudot? HTTP/1.1" 200 6178
186.78.37.249 - - [02/Mar/2016:11:12:24 -0300] "GET /cormun/servlet/trsolicitudot? HTTP/1.1" 200 6178
192.168.10.89 - - [02/Mar/2016:11:12:58 -0300] "GET /cormun/servlet/prfichaempleado?,MD,,gxPopupLevel%3D0%3B HTTP/1.1" 200 7879
192.168.10.89 - - [02/Mar/2016:11:12:58 -0300] "GET /cormun/static/scaMessage/css/jquery-ui.css?104140 HTTP/1.1" 404 1045
192.168.10.89 - - [02/Mar/2016:11:13:02 -0300] "GET /cormun/servlet/prfichaempleado?b83a3073b92727be8d37255bd116bdc9dd2add100bc0785dd217f68435e3849e5582a11bec00a677bf624cae18c117fb9df56800f2a76f166156d261a9d0de75c89371f9f0a488ab8ff47648314e01c4,gx-no-cache=1456927735183 HTTP/1.1" 200 459
192.168.10.89 - - [02/Mar/2016:11:13:03 -0300] "POST /cormun/servlet/prfichaempleado?e6bf61c7ee82836ecba3bb60bf3ce0e8,,MD,,gxPopupLevel%3D0%3B,gx-no-cache=1456927736030 HTTP/1.1" 200 2838
192.168.10.89 - - [02/Mar/2016:11:13:07 -0300] "POST /cormun/servlet/solicitudot?gx-no-cache=1456927740274 HTTP/1.1" 200 2773
192.168.10.89 - - [02/Mar/2016:11:13:07 -0300] "POST /cormun/servlet/solicitudot?e6bf61c7ee82836ecba3bb60bf3ce0e8,INS,0,0,,gx-no-cache=1456927740434 HTTP/1.1" 200 8391
192.168.10.89 - - [02/Mar/2016:11:13:09 -0300] "GET /cormun/servlet/solicitudot?521f9665cfb361228f25d91890049fa913de0bcb8973c306c2e3302a45bc6e7384d8b5f3ae84f4ac5d3553a53671b1f6,gx-no-cache=1456927742562 HTTP/1.1" 200 30
192.168.10.89 - - [02/Mar/2016:11:13:09 -0300] "POST /cormun/servlet/solicitudot?gx-no-cache=1456927742603 HTTP/1.1" 200 30
192.168.10.89 - - [02/Mar/2016:11:13:11 -0300] "POST /cormun/servlet/solicitudot?gx-no-cache=1456927744544 HTTP/1.1" 200 30
186.103.156.24 - - [02/Mar/2016:11:13:12 -0300] "GET /cormun/servlet/prfichaempleado?,MD,,gxPopupLevel%3D0%3B HTTP/1.1" 200 7905
186.103.156.24 - - [02/Mar/2016:11:13:13 -0300] "GET /cormun/static/Resources/Spanish/PXTools.css?16184758 HTTP/1.1" 304 -
186.103.156.24 - - [02/Mar/2016:11:13:13 -0300] "GET /cormun/static/scaMessage/css/jquery-ui.css?104140 HTTP/1.1" 404 1045
186.103.156.24 - - [02/Mar/2016:11:13:13 -0300] "GET /cormun/static/gxcfg.js?201511151625694 HTTP/1.1" 304 -
186.103.156.24 - - [02/Mar/2016:11:13:13 -0300] "GET /cormun/static/hmpwkw01.js?201511211495945 HTTP/1.1" 304 -
186.103.156.24 - - [02/Mar/2016:11:13:13 -0300] "GET /cormun/static/menusearch.js?20163117171215 HTTP/1.1" 304 -
186.103.156.24 - - [02/Mar/2016:11:13:13 -0300] "GET /cormun/static/prfichaempleado.js?201511151625857 HTTP/1.1" 304 -
192.168.10.89 - - [02/Mar/2016:11:13:13 -0300] "GET /cormun/servlet/prsolicitudot?12423810,,,,,MD,,gxPopupLevel%3D0%3B HTTP/1.1" 200 5357
192.168.10.89 - - [02/Mar/2016:11:13:16 -0300] "POST /cormun/servlet/solicitudot?gx-no-cache=1456927749103 HTTP/1.1" 200 452
192.168.10.89 - - [02/Mar/2016:11:13:16 -0300] "GET /cormun/servlet/solicitudot?521f9665cfb361228f25d91890049fa984fa24b8199350474ca1ee07f508e3c24d5c8739d6f9affa20e67f84c5b9fc28d4da589ad8ee4e99b06346944cebf75c6f6f0a3114161386948103389c15878bc8fd08291b4d02a47fb4469c4edb7e38f225b4e70a7aa2dd825c844ab907b6f4c3384a11f39f25516d025d7264e3efb5927d2452c923f76345aea6bc23c955a2,gx-no-cache=1456927749137 HTTP/1.1" 200 38
192.168.10.89 - - [02/Mar/2016:11:13:16 -0300] "GET /cormun/servlet/solicitudot?521f9665cfb361228f25d91890049fa9788d1a674f8ed1eb3471f79990f80117048952a13aae1752cc8525d814a9290e08f8c7a964e347afa6cde893fe87d8e344c5957efc582199b5594121d5358ff88907e7f9e8b45c00e66107a7dec82d30de566cf34b117148b32e338dc795746897b4d61351e7abe9313225817dec84fd556f930fe39774e8b75309e3bcb5a543330709f6cdc1d38b45c2e333e605ff1b,gx-no-cache=1456927749160 HTTP/1.1" 200 29
192.168.10.89 - - [02/Mar/2016:11:13:16 -0300] "POST /cormun/servlet/solicitudot?gx-no-cache=1456927749178 HTTP/1.1" 200 404
186.103.156.24 - - [02/Mar/2016:11:13:22 -0300] "POST /cormun/servlet/prfichaempleado?be3165041499b8058c65c42614994a57,,MD,,gxPopupLevel%3D0%3B,gx-no-cache=1456928382883 HTTP/1.1" 200 5057
186.103.156.24 - - [02/Mar/2016:11:13:24 -0300] "POST /cormun/servlet/prfichaempleado?be3165041499b8058c65c42614994a57,,MD,,gxPopupLevel%3D0%3B,gx-no-cache=1456928385919 HTTP/1.1" 200 5145
186.103.156.24 - - [02/Mar/2016:11:13:25 -0300] "POST /cormun/servlet/prfichaempleado?be3165041499b8058c65c42614994a57,,MD,,gxPopupLevel%3D0%3B,gx-no-cache=1456928387037 HTTP/1.1" 200 5093
186.103.156.24 - - [02/Mar/2016:11:13:26 -0300] "POST /cormun/servlet/prfichaempleado?be3165041499b8058c65c42614994a57,,MD,,gxPopupLevel%3D0%3B,gx-no-cache=1456928388149 HTTP/1.1" 200 5085
192.168.10.89 - - [02/Mar/2016:11:13:27 -0300] "POST /cormun/servlet/solicitudot?e6bf61c7ee82836ecba3bb60bf3ce0e8,INS,0,0,,gx-no-cache=1456927759997 HTTP/1.1" 200 93
192.168.10.89 - - [02/Mar/2016:11:13:27 -0300] "GET /cormun/servlet/hpexe_return? HTTP/1.1" 200 1031
186.103.156.24 - - [02/Mar/2016:11:13:28 -0300] "POST /cormun/servlet/prfichaempleado?be3165041499b8058c65c42614994a57,,MD,,gxPopupLevel%3D0%3B,gx-no-cache=1456928389344 HTTP/1.1" 200 5078
192.168.10.89 - - [02/Mar/2016:11:13:28 -0300] "GET /cormun/servlet/trsolicitudot?gx-no-cache=1456925052420 HTTP/1.1" 200 6163
186.103.156.24 - - [02/Mar/2016:11:13:29 -0300] "POST /cormun/servlet/prfichaempleado?be3165041499b8058c65c42614994a57,,MD,,gxPopupLevel%3D0%3B,gx-no-cache=1456928390735 HTTP/1.1" 200 5097
186.103.156.24 - - [02/Mar/2016:11:13:30 -0300] "POST /cormun/servlet/prfichaempleado?be3165041499b8058c65c42614994a57,,MD,,gxPopupLevel%3D0%3B,gx-no-cache=1456928392013 HTTP/1.1" 200 5093
186.103.156.24 - - [02/Mar/2016:11:13:31 -0300] "POST /cormun/servlet/prfichaempleado?be3165041499b8058c65c42614994a57,,MD,,gxPopupLevel%3D0%3B,gx-no-cache=1456928392976 HTTP/1.1" 200 5157
186.103.156.24 - - [02/Mar/2016:11:13:32 -0300] "POST /cormun/servlet/prfichaempleado?be3165041499b8058c65c42614994a57,,MD,,gxPopupLevel%3D0%3B,gx-no-cache=1456928394073 HTTP/1.1" 200 5070
186.103.156.24 - - [02/Mar/2016:11:13:36 -0300] "POST /cormun/servlet/prfichaempleado?be3165041499b8058c65c42614994a57,,MD,,gxPopupLevel%3D0%3B,gx-no-cache=1456928397929 HTTP/1.1" 200 5026
186.103.156.24 - - [02/Mar/2016:11:13:37 -0300] "POST /cormun/servlet/prfichaempleado?be3165041499b8058c65c42614994a57,,MD,,gxPopupLevel%3D0%3B,gx-no-cache=1456928399496 HTTP/1.1" 200 5113
186.103.156.24 - - [02/Mar/2016:11:13:39 -0300] "POST /cormun/servlet/prfichaempleado?be3165041499b8058c65c42614994a57,,MD,,gxPopupLevel%3D0%3B,gx-no-cache=1456928401094 HTTP/1.1" 200 5040
186.103.156.24 - - [02/Mar/2016:11:13:40 -0300] "POST /cormun/servlet/prfichaempleado?be3165041499b8058c65c42614994a57,,MD,,gxPopupLevel%3D0%3B,gx-no-cache=1456928402734 HTTP/1.1" 200 5114
186.103.156.24 - - [02/Mar/2016:11:13:43 -0300] "POST /cormun/servlet/prfichaempleado?be3165041499b8058c65c42614994a57,,MD,,gxPopupLevel%3D0%3B,gx-no-cache=1456928406197 HTTP/1.1" 200 5116
186.103.156.24 - - [02/Mar/2016:11:13:54 -0300] "POST /cormun/servlet/solicitudot?gx-no-cache=1456928418174 HTTP/1.1" 200 1156
192.168.10.89 - - [02/Mar/2016:11:14:14 -0300] "GET /cormun/servlet/solicitudot?INS,0,0, HTTP/1.1" 200 11407
192.168.10.89 - - [02/Mar/2016:11:14:19 -0300] "POST /cormun/servlet/solicitudot?e6bf61c7ee82836ecba3bb60bf3ce0e8,INS,0,0,,gx-no-cache=1456927812246 HTTP/1.1" 200 93
192.168.10.89 - - [02/Mar/2016:11:14:19 -0300] "GET /cormun/servlet/hpexe_return? HTTP/1.1" 200 1031
192.168.10.89 - - [02/Mar/2016:11:14:20 -0300] "GET /cormun/servlet/trsolicitudot?gx-no-cache=1456925052420 HTTP/1.1" 200 6163
192.168.10.89 - - [02/Mar/2016:11:14:23 -0300] "GET /cormun/servlet/hlogin HTTP/1.1" 200 1759
192.168.10.89 - - [02/Mar/2016:11:14:30 -0300] "POST /cormun/servlet/hlogin?e6bf61c7ee82836ecba3bb60bf3ce0e8,gx-no-cache=1456927823586 HTTP/1.1" 200 476
192.168.10.89 - - [02/Mar/2016:11:14:35 -0300] "POST /cormun/servlet/hlogin?e6bf61c7ee82836ecba3bb60bf3ce0e8,gx-no-cache=1456927828663 HTTP/1.1" 200 90
192.168.10.89 - - [02/Mar/2016:11:14:35 -0300] "GET /cormun/servlet/hpexe_link HTTP/1.1" 200 953
192.168.10.89 - - [02/Mar/2016:11:14:38 -0300] "GET /cormun/servlet/hhome HTTP/1.1" 200 3848
186.103.157.246 - - [02/Mar/2016:11:14:38 -0300] "GET /cormun/servlet/trsolicitudot? HTTP/1.1" 200 5774
186.103.157.246 - - [02/Mar/2016:11:14:39 -0300] "GET /cormun/servlet/hlogin HTTP/1.1" 200 1723
186.103.156.24 - - [02/Mar/2016:11:14:44 -0300] "GET /cormun/servlet/solicitudot?e0139e73eff4ebca9fcf51efdab74d30571597d9d1135913db3fa2113e36e31c571231572b6c3f297a0909c61fd4cd8ea24394e928618c0a96059010de355207fbdb44de860d16058fa8a607ad6bc3095ebc530e8717483ff0328aecbff7cd6808dee23ec8ebf744dae97272421fc5a61912eea99922361543851b48053c779d98820234b16ad4b2fb764b80eac08e27b9cd76dc5319cd7e3833f4ab1dbb0972,gx-no-cache=1456928473877 HTTP/1.1" 200 38
192.168.10.89 - - [02/Mar/2016:11:14:44 -0300] "GET /cormun/servlet/trautorizarsolicitud? HTTP/1.1" 200 6527
192.168.10.89 - - [02/Mar/2016:11:14:44 -0300] "GET /cormun/static/gxcfg.js?20163117314923 HTTP/1.1" 200 953
192.168.10.89 - - [02/Mar/2016:11:14:44 -0300] "GET /cormun/static/trautorizarsolicitud.js?20163117315445 HTTP/1.1" 200 45302
192.168.10.89 - - [02/Mar/2016:11:14:52 -0300] "GET /cormun/static/menuarrow.gif HTTP/1.1" 404 1015
192.168.10.89 - - [02/Mar/2016:11:14:57 -0300] "POST /cormun/servlet/trautorizarsolicitud?e6bf61c7ee82836ecba3bb60bf3ce0e8,,gx-no-cache=1456927849937 HTTP/1.1" 200 3743
192.168.10.89 - - [02/Mar/2016:11:14:57 -0300] "POST /cormun/servlet/trautorizarsolicitud?e6bf61c7ee82836ecba3bb60bf3ce0e8,,gx-no-cache=1456927850175 HTTP/1.1" 200 3743
186.103.157.246 - - [02/Mar/2016:11:14:57 -0300] "POST /cormun/servlet/hlogin?488fcf30248fc1fa97701fde533b09a8,gx-no-cache=1456928128121 HTTP/1.1" 200 90
186.103.157.246 - - [02/Mar/2016:11:14:57 -0300] "GET /cormun/servlet/hpexe_link HTTP/1.1" 200 946
192.168.10.89 - - [02/Mar/2016:11:14:57 -0300] "POST /cormun/servlet/trautorizarsolicitud?e6bf61c7ee82836ecba3bb60bf3ce0e8,,gx-no-cache=1456927850431 HTTP/1.1" 200 3743
186.103.157.246 - - [02/Mar/2016:11:14:57 -0300] "GET /cormun/servlet/trsolicitudot HTTP/1.1" 200 7301
192.168.10.89 - - [02/Mar/2016:11:14:57 -0300] "POST /cormun/servlet/trautorizarsolicitud?e6bf61c7ee82836ecba3bb60bf3ce0e8,,gx-no-cache=1456927850757 HTTP/1.1" 200 3743
192.168.10.89 - - [02/Mar/2016:11:14:58 -0300] "POST /cormun/servlet/trautorizarsolicitud?e6bf61c7ee82836ecba3bb60bf3ce0e8,,gx-no-cache=1456927851132 HTTP/1.1" 200 3743
192.168.10.89 - - [02/Mar/2016:11:14:58 -0300] "POST /cormun/servlet/trautorizarsolicitud?e6bf61c7ee82836ecba3bb60bf3ce0e8,,gx-no-cache=1456927851528 HTTP/1.1" 200 3743
192.168.10.89 - - [02/Mar/2016:11:14:59 -0300] "POST /cormun/servlet/trautorizarsolicitud?e6bf61c7ee82836ecba3bb60bf3ce0e8,,gx-no-cache=1456927851958 HTTP/1.1" 200 3743
186.103.157.246 - - [02/Mar/2016:11:15:01 -0300] "POST /cormun/servlet/trsolicitudot?488fcf30248fc1fa97701fde533b09a8,gx-no-cache=1456928132576 HTTP/1.1" 200 4660
186.103.157.246 - - [02/Mar/2016:11:15:02 -0300] "POST /cormun/servlet/trsolicitudot?488fcf30248fc1fa97701fde533b09a8,gx-no-cache=1456928132876 HTTP/1.1" 200 4658
192.168.10.89 - - [02/Mar/2016:11:15:02 -0300] "POST /cormun/servlet/trautorizarsolicitud?e6bf61c7ee82836ecba3bb60bf3ce0e8,,gx-no-cache=1456927852456 HTTP/1.1" 200 3742
186.103.157.246 - - [02/Mar/2016:11:15:02 -0300] "POST /cormun/servlet/trsolicitudot?488fcf30248fc1fa97701fde533b09a8,gx-no-cache=1456928133276 HTTP/1.1" 200 4660
186.103.157.246 - - [02/Mar/2016:11:15:02 -0300] "POST /cormun/servlet/trsolicitudot?488fcf30248fc1fa97701fde533b09a8,gx-no-cache=1456928133567 HTTP/1.1" 200 4661
186.103.157.246 - - [02/Mar/2016:11:15:03 -0300] "POST /cormun/servlet/trsolicitudot?488fcf30248fc1fa97701fde533b09a8,gx-no-cache=1456928133867 HTTP/1.1" 200 4658
186.103.157.246 - - [02/Mar/2016:11:15:03 -0300] "POST /cormun/servlet/trsolicitudot?488fcf30248fc1fa97701fde533b09a8,gx-no-cache=1456928134167 HTTP/1.1" 200 4661
186.103.157.246 - - [02/Mar/2016:11:15:03 -0300] "POST /cormun/servlet/trsolicitudot?488fcf30248fc1fa97701fde533b09a8,gx-no-cache=1456928134507 HTTP/1.1" 200 4660
186.103.157.246 - - [02/Mar/2016:11:15:04 -0300] "POST /cormun/servlet/trsolicitudot?488fcf30248fc1fa97701fde533b09a8,gx-no-cache=1456928134887 HTTP/1.1" 200 106
186.103.157.246 - - [02/Mar/2016:11:15:04 -0300] "GET /cormun/servlet/trsolicitudadjuntos?2016,346, HTTP/1.1" 200 7808
186.103.157.246 - - [02/Mar/2016:11:15:08 -0300] "GET /cormun/servlet/solicitudotadjuntos?INS,2016,346,,1, HTTP/1.1" 200 5422
186.103.157.246 - - [02/Mar/2016:11:15:08 -0300] "GET /cormun/static/about:blank HTTP/1.1" 404 1011
186.103.157.246 - - [02/Mar/2016:11:15:08 -0300] "GET /cormun/static/about:blank HTTP/1.1" 404 1011
186.103.157.246 - - [02/Mar/2016:11:15:10 -0300] "GET /cormun/servlet/solicitudotadjuntos?8dc0538304897739b9561d83c7a1003913552f5c4f9394cb0993f14f0b1d87936dcafdf0091d23774bb00cc8358ee7f3,gx-no-cache=1456928140773 HTTP/1.1" 200 30
186.103.157.246 - - [02/Mar/2016:11:15:10 -0300] "POST /cormun/servlet/solicitudotadjuntos?488fcf30248fc1fa97701fde533b09a8,INS,2016,346,,1,,gx-no-cache=1456928140803 HTTP/1.1" 200 3341
186.103.157.246 - - [02/Mar/2016:11:15:15 -0300] "POST /cormun/servlet/solicitudotadjuntos?gx-no-cache=1456928145745 HTTP/1.1" 200 26
191.112.91.68 - - [02/Mar/2016:11:15:16 -0300] "POST /cormun/servlet/solicitudotadjuntos?gx-no-cache=1456928143739 HTTP/1.1" 200 26
191.112.91.68 - - [02/Mar/2016:11:15:20 -0300] "GET /cormun/servlet/solicitudotadjuntos?cc3825a6bcde85380411dea6bcbbd66b633b8525340459f8f593f8d1a6b73094,gx-no-cache=1456928147144 HTTP/1.1" 200 30
191.112.91.68 - - [02/Mar/2016:11:15:20 -0300] "GET /cormun/servlet/solicitudotadjuntos?cc3825a6bcde85380411dea6bcbbd66b633b8525340459f8f593f8d1a6b73094,gx-no-cache=1456928147228 HTTP/1.1" 200 30
191.112.91.68 - - [02/Mar/2016:11:15:20 -0300] "POST /cormun/servlet/solicitudotadjuntos?0c0ee8f3b383daf4648f2d40d97b65a9,INS,2016,355,,1,,gx-no-cache=1456928147336 HTTP/1.1" 200 93
191.112.91.68 - - [02/Mar/2016:11:15:20 -0300] "GET /cormun/servlet/hpexe_return? HTTP/1.1" 200 1033
191.112.91.68 - - [02/Mar/2016:11:15:21 -0300] "GET /cormun/servlet/vesolicitudot?2016,355,,SolicitudOTAdjuntos HTTP/1.1" 200 8664
191.112.91.68 - - [02/Mar/2016:11:15:21 -0300] "GET /cormun/pexe_scrolldiv.js HTTP/1.1" 404 1009
191.112.91.68 - - [02/Mar/2016:11:15:24 -0300] "GET /cormun/servlet/vesolicitudot?2016,355,,SolicitudOTAdjuntos HTTP/1.1" 200 8661
191.112.91.68 - - [02/Mar/2016:11:15:26 -0300] "POST /cormun/servlet/acontrolpreferencessavestate?None,CD-33,true HTTP/1.1" 200 35
186.103.157.246 - - [02/Mar/2016:11:15:28 -0300] "GET /cormun/servlet/solicitudotadjuntos?8dc0538304897739b9561d83c7a100390128117ad072fcde006140dc07c84381,gx-no-cache=1456928159236 HTTP/1.1" 200 30
186.103.157.246 - - [02/Mar/2016:11:15:28 -0300] "GET /cormun/servlet/solicitudotadjuntos?8dc0538304897739b9561d83c7a100390128117ad072fcde006140dc07c84381,gx-no-cache=1456928159266 HTTP/1.1" 200 30
191.112.91.68 - - [02/Mar/2016:11:15:28 -0300] "GET /cormun/servlet/solicitudotadjuntos?INS,2016,355,,1, HTTP/1.1" 200 5471
186.103.157.246 - - [02/Mar/2016:11:15:28 -0300] "POST /cormun/servlet/solicitudotadjuntos?488fcf30248fc1fa97701fde533b09a8,INS,2016,346,,1, HTTP/1.1" 200 5241
186.103.157.246 - - [02/Mar/2016:11:15:28 -0300] "GET /home/sistema/apache-tomcat-7.0.65/webapps/cormun/PrivateTempStorage/upload_00000847.odt HTTP/1.1" 404 1135
186.103.157.246 - - [02/Mar/2016:11:15:28 -0300] "GET /cormun/static/Shared/jqueryui/images/ui-bg_highlight-soft_100_c6c2c8_1x100.png HTTP/1.1" 404 1117
186.103.157.246 - - [02/Mar/2016:11:15:28 -0300] "GET /cormun/PrivateTempStorage/upload_00000847.odt HTTP/1.1" 200 22812
186.103.157.246 - - [02/Mar/2016:11:15:28 -0300] "GET /cormun/static/Shared/jqueryui/images/ui-bg_flat_55_994d53_40x100.png HTTP/1.1" 404 1097
186.103.157.246 - - [02/Mar/2016:11:15:28 -0300] "GET /cormun/static/Shared/jqueryui/images/ui-icons_ebccce_256x240.png HTTP/1.1" 404 1089
186.103.157.246 - - [02/Mar/2016:11:15:28 -0300] "GET /cormun/static/Shared/jqueryui/images/ui-icons_82798d_256x240.png HTTP/1.1" 404 1089
186.103.157.246 - - [02/Mar/2016:11:15:28 -0300] "GET /home/sistema/apache-tomcat-7.0.65/webapps/cormun/PrivateTempStorage/upload_00000847.odt HTTP/1.1" 404 1135
186.103.157.246 - - [02/Mar/2016:11:15:28 -0300] "GET /home/sistema/apache-tomcat-7.0.65/webapps/cormun/PrivateTempStorage/upload_00000847.odt HTTP/1.1" 404 1135
191.112.91.68 - - [02/Mar/2016:11:15:29 -0300] "GET /cormun/static/about:blank HTTP/1.1" 404 1011
191.112.91.68 - - [02/Mar/2016:11:15:30 -0300] "GET /cormun/servlet/solicitudotadjuntos?INS,2016,355,,1, HTTP/1.1" 200 5464
191.112.91.68 - - [02/Mar/2016:11:15:31 -0300] "GET /cormun/servlet/solicitudotadjuntos?cc3825a6bcde85380411dea6bcbbd66bff3627d1dad65910064eaa0128b3b85265071cafe5fc2b06121d40f4d045fd08,gx-no-cache=1456928158402 HTTP/1.1" 200 30
191.112.91.68 - - [02/Mar/2016:11:15:31 -0300] "POST /cormun/servlet/solicitudotadjuntos?0c0ee8f3b383daf4648f2d40d97b65a9,INS,2016,355,,1,,gx-no-cache=1456928158535 HTTP/1.1" 200 3380
191.112.91.68 - - [02/Mar/2016:11:15:44 -0300] "POST /cormun/servlet/solicitudotadjuntos?gx-no-cache=1456928171074 HTTP/1.1" 200 26
191.112.91.68 - - [02/Mar/2016:11:15:46 -0300] "GET /cormun/servlet/solicitudotadjuntos?cc3825a6bcde85380411dea6bcbbd66b633b8525340459f8f593f8d1a6b73094,gx-no-cache=1456928173183 HTTP/1.1" 200 30
191.112.91.68 - - [02/Mar/2016:11:15:46 -0300] "GET /cormun/servlet/solicitudotadjuntos?cc3825a6bcde85380411dea6bcbbd66b633b8525340459f8f593f8d1a6b73094,gx-no-cache=1456928173261 HTTP/1.1" 200 30
191.112.91.68 - - [02/Mar/2016:11:15:46 -0300] "POST /cormun/servlet/solicitudotadjuntos?0c0ee8f3b383daf4648f2d40d97b65a9,INS,2016,355,,1,,gx-no-cache=1456928173360 HTTP/1.1" 200 93
191.112.91.68 - - [02/Mar/2016:11:15:46 -0300] "GET /cormun/servlet/hpexe_return? HTTP/1.1" 200 1033
191.112.91.68 - - [02/Mar/2016:11:15:47 -0300] "GET /cormun/servlet/vesolicitudot?2016,355,,SolicitudOTAdjuntos HTTP/1.1" 200 8799
191.112.91.68 - - [02/Mar/2016:11:15:47 -0300] "GET /cormun/pexe_scrolldiv.js HTTP/1.1" 404 1009
191.112.91.68 - - [02/Mar/2016:11:15:50 -0300] "GET /cormun/servlet/vesolicitudot?2016,355,,SolicitudOTAdjuntos HTTP/1.1" 200 8795
191.112.91.68 - - [02/Mar/2016:11:15:52 -0300] "POST /cormun/servlet/acontrolpreferencessavestate?None,CD-33,true HTTP/1.1" 200 35
186.103.157.246 - - [02/Mar/2016:11:15:53 -0300] "POST /cormun/servlet/solicitudotadjuntos?488fcf30248fc1fa97701fde533b09a8,INS,2016,346,,1, HTTP/1.1" 200 116
186.103.157.246 - - [02/Mar/2016:11:15:53 -0300] "GET /cormun/servlet/hpexe_return? HTTP/1.1" 200 1014
186.103.157.246 - - [02/Mar/2016:11:15:54 -0300] "GET /cormun/servlet/trsolicitudadjuntos?2016,346, HTTP/1.1" 200 7812
191.112.91.68 - - [02/Mar/2016:11:15:56 -0300] "GET /cormun/servlet/solicitudotadjuntos?INS,2016,355,,1, HTTP/1.1" 200 5471
191.112.91.68 - - [02/Mar/2016:11:15:57 -0300] "GET /cormun/static/about:blank HTTP/1.1" 404 1011
191.112.91.68 - - [02/Mar/2016:11:15:58 -0300] "GET /cormun/servlet/solicitudotadjuntos?INS,2016,355,,1, HTTP/1.1" 200 5464
191.112.91.68 - - [02/Mar/2016:11:15:59 -0300] "GET /cormun/servlet/solicitudotadjuntos?cc3825a6bcde85380411dea6bcbbd66bff3627d1dad65910064eaa0128b3b85265071cafe5fc2b06121d40f4d045fd08,gx-no-cache=1456928186494 HTTP/1.1" 200 30
191.112.91.68 - - [02/Mar/2016:11:15:59 -0300] "POST /cormun/servlet/solicitudotadjuntos?0c0ee8f3b383daf4648f2d40d97b65a9,INS,2016,355,,1,,gx-no-cache=1456928186624 HTTP/1.1" 200 3380
191.112.91.68 - - [02/Mar/2016:11:16:04 -0300] "POST /cormun/servlet/solicitudotadjuntos?gx-no-cache=1456928191400 HTTP/1.1" 200 26
191.112.91.68 - - [02/Mar/2016:11:16:10 -0300] "GET /cormun/servlet/solicitudotadjuntos?cc3825a6bcde85380411dea6bcbbd66b633b8525340459f8f593f8d1a6b73094,gx-no-cache=1456928197153 HTTP/1.1" 200 30
191.112.91.68 - - [02/Mar/2016:11:16:10 -0300] "GET /cormun/servlet/solicitudotadjuntos?cc3825a6bcde85380411dea6bcbbd66b633b8525340459f8f593f8d1a6b73094,gx-no-cache=1456928197225 HTTP/1.1" 200 30
191.112.91.68 - - [02/Mar/2016:11:16:10 -0300] "POST /cormun/servlet/solicitudotadjuntos?0c0ee8f3b383daf4648f2d40d97b65a9,INS,2016,355,,1,,gx-no-cache=1456928197316 HTTP/1.1" 200 93
191.112.91.68 - - [02/Mar/2016:11:16:10 -0300] "GET /cormun/servlet/hpexe_return? HTTP/1.1" 200 1033
191.112.91.68 - - [02/Mar/2016:11:16:11 -0300] "GET /cormun/servlet/vesolicitudot?2016,355,,SolicitudOTAdjuntos HTTP/1.1" 200 8897
191.112.91.68 - - [02/Mar/2016:11:16:11 -0300] "GET /cormun/pexe_scrolldiv.js HTTP/1.1" 404 1009
191.112.91.68 - - [02/Mar/2016:11:16:14 -0300] "GET /cormun/servlet/vesolicitudot?2016,355,,SolicitudOTAdjuntos HTTP/1.1" 200 8893
191.112.91.68 - - [02/Mar/2016:11:16:15 -0300] "POST /cormun/servlet/acontrolpreferencessavestate?None,CD-33,true HTTP/1.1" 200 35
191.112.91.68 - - [02/Mar/2016:11:16:18 -0300] "GET /cormun/servlet/solicitudotadjuntos?INS,2016,355,,1, HTTP/1.1" 200 5471
191.112.91.68 - - [02/Mar/2016:11:16:18 -0300] "GET /cormun/static/about:blank HTTP/1.1" 404 1011
191.112.91.68 - - [02/Mar/2016:11:16:20 -0300] "GET /cormun/servlet/solicitudotadjuntos?INS,2016,355,,1, HTTP/1.1" 200 5464
191.112.91.68 - - [02/Mar/2016:11:16:21 -0300] "GET /cormun/servlet/solicitudotadjuntos?cc3825a6bcde85380411dea6bcbbd66bff3627d1dad65910064eaa0128b3b85265071cafe5fc2b06121d40f4d045fd08,gx-no-cache=1456928208105 HTTP/1.1" 200 30
191.112.91.68 - - [02/Mar/2016:11:16:21 -0300] "POST /cormun/servlet/solicitudotadjuntos?0c0ee8f3b383daf4648f2d40d97b65a9,INS,2016,355,,1,,gx-no-cache=1456928208307 HTTP/1.1" 200 3380
191.112.91.68 - - [02/Mar/2016:11:16:58 -0300] "POST /cormun/servlet/solicitudotadjuntos?0c0ee8f3b383daf4648f2d40d97b65a9,INS,2016,355,,1,,gx-no-cache=1456928245423 HTTP/1.1" 200 93
191.112.91.68 - - [02/Mar/2016:11:16:58 -0300] "GET /cormun/servlet/hpexe_return? HTTP/1.1" 200 1033
186.103.156.24 - - [02/Mar/2016:11:16:59 -0300] "GET /cormun/servlet/solicitudot?e0139e73eff4ebca9fcf51efdab74d30d541592f26fb37473b74a139683920f0e535671e9e222a364156afbfa733ecb31fe8057cc3d760aed59ce2711e4fb6fec5ccbc0f49a6e5f7bf7785c977691a5118cbd7e6eb0630a744d1b2aa8bde30ce6a35ef4cf2cd13a82088c3d3899e117d6853fc5eaa4305fb3fd07e2b56dede011d86814688f6f25354f3f3e2568167839a5394372cbe260ba09267f91a65d132243f0be9ec4f22ea4ccb2a6010828dba9c2b0b4caf107852b61be809bebbddd5c624f4203bf411d095f2ff537768663e,gx-no-cache=1456928252859 HTTP/1.1" 200 29
186.103.156.24 - - [02/Mar/2016:11:16:59 -0300] "POST /cormun/servlet/solicitudot?gx-no-cache=1456928252938 HTTP/1.1" 200 1116
191.112.91.68 - - [02/Mar/2016:11:16:59 -0300] "GET /cormun/servlet/vesolicitudot?2016,355,,SolicitudOTAdjuntos HTTP/1.1" 200 8897
191.112.91.68 - - [02/Mar/2016:11:17:00 -0300] "GET /cormun/pexe_scrolldiv.js HTTP/1.1" 404 1009
191.112.91.68 - - [02/Mar/2016:11:17:03 -0300] "GET /cormun/servlet/vesolicitudot?2016,355,,SolicitudOTAdjuntos HTTP/1.1" 200 8893
191.112.91.68 - - [02/Mar/2016:11:17:04 -0300] "POST /cormun/servlet/acontrolpreferencessavestate?None,CD-33,true HTTP/1.1" 200 35
191.112.91.68 - - [02/Mar/2016:11:17:07 -0300] "GET /cormun/servlet/solicitudotadjuntos?INS,2016,355,,2, HTTP/1.1" 200 5470
191.112.91.68 - - [02/Mar/2016:11:17:08 -0300] "GET /cormun/static/about:blank HTTP/1.1" 404 1011
191.112.91.68 - - [02/Mar/2016:11:17:10 -0300] "GET /cormun/servlet/solicitudotadjuntos?INS,2016,355,,2, HTTP/1.1" 200 5462
