191.112.20.80 - - [01/Mar/2016:10:49:52 -0300] "GET /cormun/servlet/solicitudotadjuntos?c3b8968ddef80a6f1e09745f0ab064bea7819caa7f94e0c62219cdb06c0eba53f2493af4daca964dda2b2b88966dea43,gx-no-cache=1456840221337 HTTP/1.1" 200 30
191.112.20.80 - - [01/Mar/2016:10:49:53 -0300] "POST /cormun/servlet/solicitudotadjuntos?603c500c9c01502a9a2c161c37991e61,INS,2016,306,,1,,gx-no-cache=1456840221431 HTTP/1.1" 200 3319
186.78.61.212 - - [01/Mar/2016:10:49:53 -0300] "POST /cormun/servlet/hlogin?4d5447b3381da1a377bcf8f284addca5,gx-no-cache=1456843866943 HTTP/1.1" 200 90
186.78.61.212 - - [01/Mar/2016:10:49:53 -0300] "GET /cormun/servlet/hpexe_link HTTP/1.1" 200 956
186.78.61.212 - - [01/Mar/2016:10:49:53 -0300] "GET /cormun/servlet/hhome HTTP/1.1" 200 3414
186.78.61.212 - - [01/Mar/2016:10:49:54 -0300] "GET /cormun/servlet/hhome HTTP/1.1" 200 3409
191.112.20.80 - - [01/Mar/2016:10:49:57 -0300] "POST /cormun/servlet/solicitudotadjuntos?gx-no-cache=1456840225494 HTTP/1.1" 200 26
186.78.61.212 - - [01/Mar/2016:10:49:57 -0300] "GET /cormun/servlet/trsolicitudot? HTTP/1.1" 200 7984
186.78.61.212 - - [01/Mar/2016:10:49:58 -0300] "GET /cormun/servlet/trsolicitudot? HTTP/1.1" 200 7982
186.78.61.212 - - [01/Mar/2016:10:50:03 -0300] "POST /cormun/servlet/trsolicitudot?4d5447b3381da1a377bcf8f284addca5,,gx-no-cache=1456843876903 HTTP/1.1" 200 5452
186.78.61.212 - - [01/Mar/2016:10:50:03 -0300] "POST /cormun/servlet/trsolicitudot?4d5447b3381da1a377bcf8f284addca5,,gx-no-cache=1456843877396 HTTP/1.1" 200 5452
186.78.61.212 - - [01/Mar/2016:10:50:04 -0300] "POST /cormun/servlet/trsolicitudot?4d5447b3381da1a377bcf8f284addca5,,gx-no-cache=1456843877894 HTTP/1.1" 200 5452
186.78.61.212 - - [01/Mar/2016:10:50:04 -0300] "POST /cormun/servlet/trsolicitudot?4d5447b3381da1a377bcf8f284addca5,,gx-no-cache=1456843878467 HTTP/1.1" 200 5452
186.78.61.212 - - [01/Mar/2016:10:50:05 -0300] "POST /cormun/servlet/trsolicitudot?4d5447b3381da1a377bcf8f284addca5,,gx-no-cache=1456843878969 HTTP/1.1" 200 5452
186.78.61.212 - - [01/Mar/2016:10:50:05 -0300] "POST /cormun/servlet/trsolicitudot?4d5447b3381da1a377bcf8f284addca5,,gx-no-cache=1456843879483 HTTP/1.1" 200 5452
186.78.61.212 - - [01/Mar/2016:10:50:06 -0300] "POST /cormun/servlet/trsolicitudot?4d5447b3381da1a377bcf8f284addca5,,gx-no-cache=1456843879994 HTTP/1.1" 200 5452
186.78.61.212 - - [01/Mar/2016:10:50:06 -0300] "POST /cormun/servlet/trsolicitudot?4d5447b3381da1a377bcf8f284addca5,,gx-no-cache=1456843880509 HTTP/1.1" 200 104
186.78.61.212 - - [01/Mar/2016:10:50:07 -0300] "GET /cormun/servlet/solicitudot?UPD,2016,302, HTTP/1.1" 200 13223
186.78.61.212 - - [01/Mar/2016:10:50:07 -0300] "GET /cormun/static/gxcfg.js?2016311045143 HTTP/1.1" 200 953
186.78.61.212 - - [01/Mar/2016:10:50:07 -0300] "GET /cormun/static/solicitudot.js?20163110451455 HTTP/1.1" 200 44291
186.78.61.212 - - [01/Mar/2016:10:50:07 -0300] "GET /cormun/static/Resources/Spanish/PXTools.css?12395978 HTTP/1.1" 200 89042
186.103.159.183 - - [01/Mar/2016:10:50:08 -0300] "GET /cormun/servlet/hlogin HTTP/1.1" 200 1738
186.78.61.212 - - [01/Mar/2016:10:50:08 -0300] "GET /cormun/servlet/solicitudot?UPD,2016,302, HTTP/1.1" 200 13232
186.78.61.212 - - [01/Mar/2016:10:50:08 -0300] "POST /cormun/servlet/solicitudot?gx-no-cache=1456843882640 HTTP/1.1" 200 3241
186.78.61.212 - - [01/Mar/2016:10:50:09 -0300] "POST /cormun/servlet/solicitudot?4d5447b3381da1a377bcf8f284addca5,UPD,2016,302,,gx-no-cache=1456843883030 HTTP/1.1" 200 10139
186.78.61.212 - - [01/Mar/2016:10:50:09 -0300] "GET /cormun/servlet/solicitudot?4150dd9823fbbb1614ab2775f6272424c0f5dde5019dace010199bfaa874044ccb00642cc0f535b8b1310648a6807d6a,gx-no-cache=1456843883502 HTTP/1.1" 200 30
186.78.61.212 - - [01/Mar/2016:10:50:09 -0300] "POST /cormun/servlet/solicitudot?gx-no-cache=1456843883589 HTTP/1.1" 200 30
186.78.61.212 - - [01/Mar/2016:10:50:09 -0300] "POST /cormun/servlet/solicitudot?gx-no-cache=1456843883665 HTTP/1.1" 200 30
186.78.61.212 - - [01/Mar/2016:10:50:09 -0300] "POST /cormun/servlet/solicitudot?gx-no-cache=1456843883761 HTTP/1.1" 200 1154
186.78.61.212 - - [01/Mar/2016:10:50:09 -0300] "GET /cormun/servlet/solicitudot?4150dd9823fbbb1614ab2775f62724247763e65b6f8005a8b1cd29c139f014159f94af0d1ad8a232388608eaca3573bdb0473ab6cdd604d25e25ceca8e0a80fe78c9d3f04ce54dd63dd58ca2661931c4adc1c3529139f3fb589a368bf92e8db680cee96dc10bda6cef446063ebddddac592e9d2fdb79fbeb11d297add71917c4e81ca7c9cbdac1a394388c81b6d73836e840ebe03ffd05b2210dc71223ad7a6f,gx-no-cache=1456843883953 HTTP/1.1" 200 41
191.112.20.80 - - [01/Mar/2016:10:50:12 -0300] "GET /cormun/servlet/solicitudotadjuntos?c3b8968ddef80a6f1e09745f0ab064be654da9be2678c8454f9e45f9839fd163,gx-no-cache=1456840241431 HTTP/1.1" 200 30
191.112.20.80 - - [01/Mar/2016:10:50:13 -0300] "GET /cormun/servlet/solicitudotadjuntos?c3b8968ddef80a6f1e09745f0ab064be654da9be2678c8454f9e45f9839fd163,gx-no-cache=1456840241525 HTTP/1.1" 200 30
186.78.61.212 - - [01/Mar/2016:10:50:14 -0300] "POST /cormun/servlet/solicitudot?gx-no-cache=1456843889637 HTTP/1.1" 200 30
191.112.20.80 - - [01/Mar/2016:10:50:15 -0300] "POST /cormun/servlet/solicitudotadjuntos?603c500c9c01502a9a2c161c37991e61,INS,2016,306,,1, HTTP/1.1" 500 10
186.103.159.183 - - [01/Mar/2016:10:50:18 -0300] "POST /cormun/servlet/hlogin?c19e1265b79a1178fb6c78ef47d3930a,gx-no-cache=1456844037145 HTTP/1.1" 200 90
186.103.159.183 - - [01/Mar/2016:10:50:18 -0300] "GET /cormun/servlet/hpexe_link HTTP/1.1" 200 947
186.103.159.183 - - [01/Mar/2016:10:50:19 -0300] "GET /cormun/servlet/hhome HTTP/1.1" 200 3406
186.103.159.183 - - [01/Mar/2016:10:50:20 -0300] "GET /cormun/servlet/hhome HTTP/1.1" 200 3402
191.112.79.133 - - [01/Mar/2016:10:50:25 -0300] "GET /cormun/servlet/hlogin HTTP/1.1" 200 1712
186.103.159.183 - - [01/Mar/2016:10:50:27 -0300] "GET /cormun/servlet/trsolicitudot? HTTP/1.1" 200 7368
186.103.159.183 - - [01/Mar/2016:10:50:29 -0300] "GET /cormun/servlet/trsolicitudot? HTTP/1.1" 200 7367
186.78.61.212 - - [01/Mar/2016:10:50:37 -0300] "POST /cormun/servlet/solicitudot?gx-no-cache=1456843913850 HTTP/1.1" 200 1336
186.78.61.212 - - [01/Mar/2016:10:50:37 -0300] "GET /cormun/static/Shared/jqueryui/images/ui-bg_highlight-soft_100_c6c2c8_1x100.png HTTP/1.1" 404 1117
186.78.61.212 - - [01/Mar/2016:10:50:37 -0300] "GET /cormun/static/Shared/jqueryui/images/ui-icons_82798d_256x240.png HTTP/1.1" 404 1089
186.78.61.212 - - [01/Mar/2016:10:50:37 -0300] "GET /cormun/static/Shared/jqueryui/images/ui-bg_flat_55_994d53_40x100.png HTTP/1.1" 404 1097
186.78.61.212 - - [01/Mar/2016:10:50:37 -0300] "GET /cormun/static/Shared/jqueryui/images/ui-icons_ebccce_256x240.png HTTP/1.1" 404 1089
191.112.79.133 - - [01/Mar/2016:10:50:38 -0300] "POST /cormun/servlet/hlogin?c4889b942beaafb7769dac0098e5b2c7,gx-no-cache=1456840267471 HTTP/1.1" 200 90
191.112.79.133 - - [01/Mar/2016:10:50:38 -0300] "GET /cormun/servlet/hpexe_link HTTP/1.1" 200 944
191.112.79.133 - - [01/Mar/2016:10:50:38 -0300] "GET /cormun/servlet/hhome HTTP/1.1" 200 3405
191.112.79.133 - - [01/Mar/2016:10:50:41 -0300] "GET /cormun/servlet/hhome HTTP/1.1" 200 3405
191.112.79.133 - - [01/Mar/2016:10:50:52 -0300] "GET /cormun/servlet/hlogin HTTP/1.1" 200 1724
191.112.79.133 - - [01/Mar/2016:10:50:55 -0300] "GET /cormun/servlet/hhome HTTP/1.1" 200 3230
191.112.79.133 - - [01/Mar/2016:10:50:56 -0300] "GET /cormun/servlet/hlogin HTTP/1.1" 200 1724
191.112.79.133 - - [01/Mar/2016:10:50:56 -0300] "GET /cormun/servlet/hhome HTTP/1.1" 200 3228
192.168.10.89 - - [01/Mar/2016:10:50:58 -0300] "GET /cormun/servlet/hlogin HTTP/1.1" 200 1728
186.103.159.183 - - [01/Mar/2016:10:51:00 -0300] "POST /cormun/servlet/trsolicitudot?c19e1265b79a1178fb6c78ef47d3930a,,gx-no-cache=1456844078912 HTTP/1.1" 200 4798
186.103.159.183 - - [01/Mar/2016:10:51:01 -0300] "POST /cormun/servlet/trsolicitudot?c19e1265b79a1178fb6c78ef47d3930a,,gx-no-cache=1456844079342 HTTP/1.1" 200 4800
186.103.159.183 - - [01/Mar/2016:10:51:01 -0300] "POST /cormun/servlet/trsolicitudot?c19e1265b79a1178fb6c78ef47d3930a,,gx-no-cache=1456844079739 HTTP/1.1" 200 4800
186.103.159.183 - - [01/Mar/2016:10:51:01 -0300] "POST /cormun/servlet/trsolicitudot?c19e1265b79a1178fb6c78ef47d3930a,,gx-no-cache=1456844080133 HTTP/1.1" 200 4798
186.103.159.183 - - [01/Mar/2016:10:51:02 -0300] "POST /cormun/servlet/trsolicitudot?c19e1265b79a1178fb6c78ef47d3930a,,gx-no-cache=1456844080517 HTTP/1.1" 200 4798
186.103.159.183 - - [01/Mar/2016:10:51:03 -0300] "POST /cormun/servlet/trsolicitudot?c19e1265b79a1178fb6c78ef47d3930a,,gx-no-cache=1456844081014 HTTP/1.1" 200 4798
186.103.159.183 - - [01/Mar/2016:10:51:03 -0300] "POST /cormun/servlet/trsolicitudot?c19e1265b79a1178fb6c78ef47d3930a,,gx-no-cache=1456844081764 HTTP/1.1" 200 4799
186.103.159.183 - - [01/Mar/2016:10:51:03 -0300] "POST /cormun/servlet/trsolicitudot?c19e1265b79a1178fb6c78ef47d3930a,,gx-no-cache=1456844082233 HTTP/1.1" 200 106
186.103.159.183 - - [01/Mar/2016:10:51:04 -0300] "GET /cormun/servlet/trsolicitudadjuntos?2016,301, HTTP/1.1" 200 5347
186.103.159.183 - - [01/Mar/2016:10:51:05 -0300] "GET /cormun/servlet/trsolicitudadjuntos?2016,301, HTTP/1.1" 200 5347
186.103.159.183 - - [01/Mar/2016:10:51:10 -0300] "GET /cormun/servlet/solicitudotadjuntos?INS,2016,301,,1, HTTP/1.1" 200 5432
186.103.159.183 - - [01/Mar/2016:10:51:11 -0300] "GET /cormun/static/gxcfg.js?201622412435058 HTTP/1.1" 200 953
186.103.159.183 - - [01/Mar/2016:10:51:11 -0300] "GET /cormun/static/Resources/Spanish/PXTools.css?12395978 HTTP/1.1" 200 89042
186.103.159.183 - - [01/Mar/2016:10:51:11 -0300] "GET /cormun/static/solicitudotadjuntos.js?201622412435081 HTTP/1.1" 200 11762
186.103.159.183 - - [01/Mar/2016:10:51:12 -0300] "GET /cormun/static/about:blank HTTP/1.1" 404 1011
186.103.159.183 - - [01/Mar/2016:10:51:12 -0300] "GET /cormun/servlet/solicitudotadjuntos?INS,2016,301,,1, HTTP/1.1" 200 5426
186.103.159.183 - - [01/Mar/2016:10:51:12 -0300] "GET /cormun/servlet/solicitudotadjuntos?e64a55cf58ecfeb553f653e05fe1e2c42306fd2466601ace5d25e1a2ddf714d8afffddcd755a3f117789ad262dbf3b4d,gx-no-cache=1456844091293 HTTP/1.1" 200 30
191.112.79.133 - - [01/Mar/2016:10:51:13 -0300] "POST /cormun/servlet/hlogin?c4889b942beaafb7769dac0098e5b2c7,gx-no-cache=1456840302301 HTTP/1.1" 200 90
191.112.79.133 - - [01/Mar/2016:10:51:13 -0300] "GET /cormun/servlet/hpexe_link HTTP/1.1" 200 944
186.103.159.183 - - [01/Mar/2016:10:51:13 -0300] "POST /cormun/servlet/solicitudotadjuntos?c19e1265b79a1178fb6c78ef47d3930a,INS,2016,301,,1,,gx-no-cache=1456844091350 HTTP/1.1" 200 3321
191.112.79.133 - - [01/Mar/2016:10:51:13 -0300] "GET /cormun/servlet/hhome HTTP/1.1" 200 3405
191.112.79.133 - - [01/Mar/2016:10:51:14 -0300] "GET /cormun/servlet/hhome HTTP/1.1" 200 3405
186.103.159.183 - - [01/Mar/2016:10:51:16 -0300] "POST /cormun/servlet/solicitudotadjuntos?gx-no-cache=1456844094951 HTTP/1.1" 200 26
186.78.61.212 - - [01/Mar/2016:10:51:18 -0300] "POST /cormun/servlet/solicitudot?gx-no-cache=1456843959070 HTTP/1.1" 200 1260
191.112.79.133 - - [01/Mar/2016:10:51:20 -0300] "GET /cormun/servlet/trautorizarsolicitud? HTTP/1.1" 200 6055
191.112.79.133 - - [01/Mar/2016:10:51:22 -0300] "GET /cormun/servlet/trautorizarsolicitud? HTTP/1.1" 200 6054
186.103.159.183 - - [01/Mar/2016:10:51:28 -0300] "GET /cormun/servlet/solicitudotadjuntos?e64a55cf58ecfeb553f653e05fe1e2c44d925dc7b5e5b4ed581535c7442cb9aa,gx-no-cache=1456844107138 HTTP/1.1" 200 30
186.103.159.183 - - [01/Mar/2016:10:51:28 -0300] "GET /cormun/servlet/solicitudotadjuntos?e64a55cf58ecfeb553f653e05fe1e2c44d925dc7b5e5b4ed581535c7442cb9aa,gx-no-cache=1456844107167 HTTP/1.1" 200 30
186.103.159.183 - - [01/Mar/2016:10:51:30 -0300] "POST /cormun/servlet/solicitudotadjuntos?c19e1265b79a1178fb6c78ef47d3930a,INS,2016,301,,1, HTTP/1.1" 500 10
191.112.79.133 - - [01/Mar/2016:10:51:34 -0300] "GET /cormun/servlet/trvisualizadoreventos? HTTP/1.1" 200 5914
191.112.79.133 - - [01/Mar/2016:10:51:35 -0300] "GET /cormun/servlet/trvisualizadoreventos? HTTP/1.1" 200 5914
186.78.61.212 - - [01/Mar/2016:10:51:39 -0300] "GET /cormun/servlet/solicitudot?4150dd9823fbbb1614ab2775f62724247763e65b6f8005a8b1cd29c139f014159f94af0d1ad8a232388608eaca3573bdb0473ab6cdd604d25e25ceca8e0a80fe78c9d3f04ce54dd63dd58ca2661931c4adc1c3529139f3fb589a368bf92e8db680cee96dc10bda6cef446063ebddddac592e9d2fdb79fbeb11d297add71917c4fb947ed3c692b72984ab0dd2fc9f2fdf3b671e5eae6a7e121baa8a6786d19b01,gx-no-cache=1456843982252 HTTP/1.1" 200 41
191.112.79.133 - - [01/Mar/2016:10:51:45 -0300] "GET /cormun/servlet/trsolicitudot? HTTP/1.1" 200 6114
191.112.79.133 - - [01/Mar/2016:10:51:46 -0300] "GET /cormun/servlet/trsolicitudot? HTTP/1.1" 200 6114
191.112.79.133 - - [01/Mar/2016:10:51:51 -0300] "GET /cormun/static/menuarrow.gif HTTP/1.1" 404 1015
191.112.79.133 - - [01/Mar/2016:10:51:57 -0300] "POST /cormun/servlet/trsolicitudot?c4889b942beaafb7769dac0098e5b2c7,,gx-no-cache=1456840346859 HTTP/1.1" 200 5505
191.112.79.133 - - [01/Mar/2016:10:51:58 -0300] "POST /cormun/servlet/trsolicitudot?c4889b942beaafb7769dac0098e5b2c7,,gx-no-cache=1456840347495 HTTP/1.1" 200 5505
191.112.79.133 - - [01/Mar/2016:10:51:59 -0300] "POST /cormun/servlet/trsolicitudot?c4889b942beaafb7769dac0098e5b2c7,,gx-no-cache=1456840348122 HTTP/1.1" 200 5505
191.112.79.133 - - [01/Mar/2016:10:51:59 -0300] "POST /cormun/servlet/trsolicitudot?c4889b942beaafb7769dac0098e5b2c7,,gx-no-cache=1456840348773 HTTP/1.1" 200 5506
191.112.79.133 - - [01/Mar/2016:10:52:09 -0300] "POST /cormun/servlet/trsolicitudot?c4889b942beaafb7769dac0098e5b2c7,,gx-no-cache=1456840357941 HTTP/1.1" 200 5505
191.112.79.133 - - [01/Mar/2016:10:52:09 -0300] "POST /cormun/servlet/trsolicitudot?c4889b942beaafb7769dac0098e5b2c7,,gx-no-cache=1456840358653 HTTP/1.1" 200 5505
191.112.79.133 - - [01/Mar/2016:10:52:10 -0300] "POST /cormun/servlet/trsolicitudot?c4889b942beaafb7769dac0098e5b2c7,,gx-no-cache=1456840359339 HTTP/1.1" 200 5505
191.112.79.133 - - [01/Mar/2016:10:52:11 -0300] "POST /cormun/servlet/trsolicitudot?c4889b942beaafb7769dac0098e5b2c7,,gx-no-cache=1456840360107 HTTP/1.1" 200 105
191.112.79.133 - - [01/Mar/2016:10:52:11 -0300] "GET /cormun/servlet/trsolicitudadjuntos?2016,271, HTTP/1.1" 200 7536
191.112.79.133 - - [01/Mar/2016:10:52:11 -0300] "GET /cormun/static/gxcfg.js?201511221058652 HTTP/1.1" 304 -
191.112.79.133 - - [01/Mar/2016:10:52:11 -0300] "GET /cormun/static/trsolicitudadjuntos.js?201511221058899 HTTP/1.1" 304 -
191.112.79.133 - - [01/Mar/2016:10:52:13 -0300] "GET /cormun/servlet/trsolicitudadjuntos?2016,271, HTTP/1.1" 200 7538
115.231.222.40 - - [01/Mar/2016:10:52:26 -0300] "GET /cgi-bin/common/attr?id=260714&r=0.4736898710563510 HTTP/1.1" 404 999
191.112.79.133 - - [01/Mar/2016:10:52:27 -0300] "GET /cormun/servlet/solicitudotadjuntos?INS,2016,271,,1, HTTP/1.1" 200 5431
191.112.79.133 - - [01/Mar/2016:10:52:27 -0300] "GET /cormun/static/gxcfg.js?201622412435058 HTTP/1.1" 200 953
191.112.79.133 - - [01/Mar/2016:10:52:27 -0300] "GET /cormun/static/solicitudotadjuntos.js?201622412435081 HTTP/1.1" 200 11762
191.112.79.133 - - [01/Mar/2016:10:52:27 -0300] "GET /cormun/static/about:blank HTTP/1.1" 404 1011
191.112.79.133 - - [01/Mar/2016:10:52:28 -0300] "GET /cormun/servlet/solicitudotadjuntos?INS,2016,271,,1, HTTP/1.1" 200 5425
191.112.79.133 - - [01/Mar/2016:10:52:29 -0300] "GET /cormun/servlet/solicitudotadjuntos?ed834fcb98e8dbc84ebca5789550e41654bf91f937812edea879291c474865a60538f9cb84e0bdef7e6ce36c782c1295,gx-no-cache=1456840378538 HTTP/1.1" 200 30
191.112.79.133 - - [01/Mar/2016:10:52:29 -0300] "POST /cormun/servlet/solicitudotadjuntos?c4889b942beaafb7769dac0098e5b2c7,INS,2016,271,,1,,gx-no-cache=1456840378712 HTTP/1.1" 200 3377
191.112.79.133 - - [01/Mar/2016:10:52:32 -0300] "POST /cormun/servlet/solicitudotadjuntos?gx-no-cache=1456840381721 HTTP/1.1" 200 26
186.78.61.212 - - [01/Mar/2016:10:52:34 -0300] "GET /cormun/servlet/prfichaempleado?,MD,,gxPopupLevel%3D0%3B HTTP/1.1" 200 7889
186.78.61.212 - - [01/Mar/2016:10:52:34 -0300] "GET /cormun/static/Resources/Spanish/PXTools.css?16184758 HTTP/1.1" 304 -
186.78.61.212 - - [01/Mar/2016:10:52:35 -0300] "GET /cormun/static/scaMessage/css/jquery-ui.css?104140 HTTP/1.1" 404 1045
186.78.61.212 - - [01/Mar/2016:10:52:35 -0300] "GET /cormun/static/gxcfg.js?201511151625694 HTTP/1.1" 304 -
186.78.61.212 - - [01/Mar/2016:10:52:35 -0300] "GET /cormun/static/prfichaempleado.js?201511151625857 HTTP/1.1" 304 -
186.78.61.212 - - [01/Mar/2016:10:52:35 -0300] "GET /cormun/static/menusearch.js?201622412404863 HTTP/1.1" 304 -
186.78.61.212 - - [01/Mar/2016:10:52:35 -0300] "GET /cormun/static/hmpwkw01.js?201511211495945 HTTP/1.1" 304 -
186.78.61.212 - - [01/Mar/2016:10:52:43 -0300] "POST /cormun/servlet/solicitudot?4d5447b3381da1a377bcf8f284addca5,UPD,2016,302,,gx-no-cache=1456844052698 HTTP/1.1" 200 93
186.78.61.212 - - [01/Mar/2016:10:52:44 -0300] "GET /cormun/servlet/hpexe_return? HTTP/1.1" 200 1018
186.78.61.212 - - [01/Mar/2016:10:52:44 -0300] "GET /cormun/servlet/trsolicitudot? HTTP/1.1" 200 7986
186.78.61.212 - - [01/Mar/2016:10:52:44 -0300] "GET /cormun/servlet/trsolicitudot? HTTP/1.1" 200 7982
186.78.61.212 - - [01/Mar/2016:10:52:48 -0300] "POST /cormun/servlet/trsolicitudot?4d5447b3381da1a377bcf8f284addca5,,gx-no-cache=1456844057756 HTTP/1.1" 200 5456
186.78.61.212 - - [01/Mar/2016:10:52:49 -0300] "POST /cormun/servlet/trsolicitudot?4d5447b3381da1a377bcf8f284addca5,,gx-no-cache=1456844058239 HTTP/1.1" 200 5456
186.78.61.212 - - [01/Mar/2016:10:52:49 -0300] "POST /cormun/servlet/trsolicitudot?4d5447b3381da1a377bcf8f284addca5,,gx-no-cache=1456844058706 HTTP/1.1" 200 5456
186.78.61.212 - - [01/Mar/2016:10:52:50 -0300] "POST /cormun/servlet/trsolicitudot?4d5447b3381da1a377bcf8f284addca5,,gx-no-cache=1456844059197 HTTP/1.1" 200 5456
186.78.61.212 - - [01/Mar/2016:10:52:50 -0300] "POST /cormun/servlet/trsolicitudot?4d5447b3381da1a377bcf8f284addca5,,gx-no-cache=1456844059681 HTTP/1.1" 200 5456
186.78.61.212 - - [01/Mar/2016:10:52:51 -0300] "POST /cormun/servlet/trsolicitudot?4d5447b3381da1a377bcf8f284addca5,,gx-no-cache=1456844060175 HTTP/1.1" 200 5455
186.78.61.212 - - [01/Mar/2016:10:52:51 -0300] "POST /cormun/servlet/trsolicitudot?4d5447b3381da1a377bcf8f284addca5,,gx-no-cache=1456844060660 HTTP/1.1" 200 5456
186.78.61.212 - - [01/Mar/2016:10:52:51 -0300] "POST /cormun/servlet/trsolicitudot?4d5447b3381da1a377bcf8f284addca5,,gx-no-cache=1456844061157 HTTP/1.1" 200 104
191.112.79.133 - - [01/Mar/2016:10:52:52 -0300] "GET /cormun/servlet/solicitudotadjuntos?ed834fcb98e8dbc84ebca5789550e4168eae1257814154f6291451002c59bb49,gx-no-cache=1456840401344 HTTP/1.1" 200 30
186.78.61.212 - - [01/Mar/2016:10:52:52 -0300] "GET /cormun/servlet/solicitudot?UPD,2016,302, HTTP/1.1" 200 13223
191.112.79.133 - - [01/Mar/2016:10:52:52 -0300] "GET /cormun/servlet/solicitudotadjuntos?ed834fcb98e8dbc84ebca5789550e4168eae1257814154f6291451002c59bb49,gx-no-cache=1456840401519 HTTP/1.1" 200 30
186.78.61.212 - - [01/Mar/2016:10:52:52 -0300] "GET /cormun/servlet/solicitudot?UPD,2016,302, HTTP/1.1" 200 13232
186.78.61.212 - - [01/Mar/2016:10:52:53 -0300] "POST /cormun/servlet/solicitudot?gx-no-cache=1456844062770 HTTP/1.1" 200 3241
186.78.61.212 - - [01/Mar/2016:10:52:53 -0300] "POST /cormun/servlet/solicitudot?4d5447b3381da1a377bcf8f284addca5,UPD,2016,302,,gx-no-cache=1456844063108 HTTP/1.1" 200 10139
186.78.61.212 - - [01/Mar/2016:10:52:54 -0300] "GET /cormun/servlet/solicitudot?4150dd9823fbbb1614ab2775f6272424c0f5dde5019dace010199bfaa874044ccb00642cc0f535b8b1310648a6807d6a,gx-no-cache=1456844063514 HTTP/1.1" 200 30
186.78.61.212 - - [01/Mar/2016:10:52:54 -0300] "POST /cormun/servlet/solicitudot?gx-no-cache=1456844063605 HTTP/1.1" 200 30
186.78.61.212 - - [01/Mar/2016:10:52:54 -0300] "POST /cormun/servlet/solicitudot?gx-no-cache=1456844063683 HTTP/1.1" 200 30
186.78.61.212 - - [01/Mar/2016:10:52:54 -0300] "POST /cormun/servlet/solicitudot?gx-no-cache=1456844063782 HTTP/1.1" 200 1154
186.78.61.212 - - [01/Mar/2016:10:52:54 -0300] "GET /cormun/servlet/solicitudot?4150dd9823fbbb1614ab2775f62724247763e65b6f8005a8b1cd29c139f014159f94af0d1ad8a232388608eaca3573bdb0473ab6cdd604d25e25ceca8e0a80fe78c9d3f04ce54dd63dd58ca2661931c4adc1c3529139f3fb589a368bf92e8db680cee96dc10bda6cef446063ebddddac592e9d2fdb79fbeb11d297add71917c4e81ca7c9cbdac1a394388c81b6d73836e840ebe03ffd05b2210dc71223ad7a6f,gx-no-cache=1456844063960 HTTP/1.1" 200 41
186.78.61.212 - - [01/Mar/2016:10:52:59 -0300] "POST /cormun/servlet/solicitudot?gx-no-cache=1456844069172 HTTP/1.1" 200 30
191.112.79.133 - - [01/Mar/2016:10:53:03 -0300] "POST /cormun/servlet/solicitudotadjuntos?c4889b942beaafb7769dac0098e5b2c7,INS,2016,271,,1, HTTP/1.1" 500 10
186.78.61.212 - - [01/Mar/2016:10:53:18 -0300] "POST /cormun/servlet/solicitudot?gx-no-cache=1456844090001 HTTP/1.1" 200 1260
186.78.61.212 - - [01/Mar/2016:10:53:20 -0300] "GET /cormun/servlet/prlicenciaspermisos?14358696,L,,MD,,gxPopupLevel%3D0%3B HTTP/1.1" 200 5302
186.78.61.212 - - [01/Mar/2016:10:53:20 -0300] "GET /cormun/static/gxcfg.js?201616231591 HTTP/1.1" 304 -
186.78.61.212 - - [01/Mar/2016:10:53:21 -0300] "GET /cormun/static/prlicenciaspermisos.js?201616231727 HTTP/1.1" 304 -
186.78.61.212 - - [01/Mar/2016:10:53:21 -0300] "GET /cormun/static/hmpwkw011.js?2016141804389 HTTP/1.1" 304 -
191.112.79.133 - - [01/Mar/2016:10:53:29 -0300] "GET /cormun/servlet/trsolicitudadjuntos?2016,271, HTTP/1.1" 200 7538
191.112.79.133 - - [01/Mar/2016:10:53:31 -0300] "GET /cormun/servlet/trsolicitudadjuntos?2016,271, HTTP/1.1" 200 7537
191.112.79.133 - - [01/Mar/2016:10:53:42 -0300] "GET /cormun/servlet/solicitudotadjuntos?INS,2016,271,,1, HTTP/1.1" 200 5431
191.112.79.133 - - [01/Mar/2016:10:53:42 -0300] "GET /cormun/static/about:blank HTTP/1.1" 404 1011
191.112.79.133 - - [01/Mar/2016:10:53:44 -0300] "GET /cormun/servlet/solicitudotadjuntos?INS,2016,271,,1, HTTP/1.1" 200 5425
191.112.79.133 - - [01/Mar/2016:10:53:44 -0300] "GET /cormun/servlet/solicitudotadjuntos?ed834fcb98e8dbc84ebca5789550e41654bf91f937812edea879291c474865a60538f9cb84e0bdef7e6ce36c782c1295,gx-no-cache=1456840453714 HTTP/1.1" 200 30
186.78.61.212 - - [01/Mar/2016:10:53:44 -0300] "POST /cormun/servlet/solicitudot?4d5447b3381da1a377bcf8f284addca5,UPD,2016,302,,gx-no-cache=1456844118321 HTTP/1.1" 200 93
186.78.61.212 - - [01/Mar/2016:10:53:44 -0300] "GET /cormun/servlet/hpexe_return? HTTP/1.1" 200 1018
191.112.79.133 - - [01/Mar/2016:10:53:44 -0300] "POST /cormun/servlet/solicitudotadjuntos?c4889b942beaafb7769dac0098e5b2c7,INS,2016,271,,1,,gx-no-cache=1456840453879 HTTP/1.1" 200 3377
186.78.61.212 - - [01/Mar/2016:10:53:45 -0300] "GET /cormun/servlet/trsolicitudot? HTTP/1.1" 200 7986
186.78.61.212 - - [01/Mar/2016:10:53:45 -0300] "GET /cormun/servlet/trsolicitudot? HTTP/1.1" 200 7982
191.112.79.133 - - [01/Mar/2016:10:53:48 -0300] "POST /cormun/servlet/solicitudotadjuntos?gx-no-cache=1456840457775 HTTP/1.1" 200 26
186.78.61.212 - - [01/Mar/2016:10:53:48 -0300] "POST /cormun/servlet/trsolicitudot?4d5447b3381da1a377bcf8f284addca5,,gx-no-cache=1456844122754 HTTP/1.1" 200 5456
186.78.61.212 - - [01/Mar/2016:10:53:49 -0300] "POST /cormun/servlet/trsolicitudot?4d5447b3381da1a377bcf8f284addca5,,gx-no-cache=1456844123237 HTTP/1.1" 200 5455
186.78.61.212 - - [01/Mar/2016:10:53:49 -0300] "POST /cormun/servlet/trsolicitudot?4d5447b3381da1a377bcf8f284addca5,,gx-no-cache=1456844123707 HTTP/1.1" 200 5455
186.78.61.212 - - [01/Mar/2016:10:53:50 -0300] "POST /cormun/servlet/trsolicitudot?4d5447b3381da1a377bcf8f284addca5,,gx-no-cache=1456844124182 HTTP/1.1" 200 5456
186.78.61.212 - - [01/Mar/2016:10:53:50 -0300] "POST /cormun/servlet/trsolicitudot?4d5447b3381da1a377bcf8f284addca5,,gx-no-cache=1456844124665 HTTP/1.1" 200 5455
186.78.61.212 - - [01/Mar/2016:10:53:51 -0300] "POST /cormun/servlet/trsolicitudot?4d5447b3381da1a377bcf8f284addca5,,gx-no-cache=1456844125160 HTTP/1.1" 200 5455
186.78.61.212 - - [01/Mar/2016:10:53:51 -0300] "POST /cormun/servlet/trsolicitudot?4d5447b3381da1a377bcf8f284addca5,,gx-no-cache=1456844125651 HTTP/1.1" 200 5455
186.78.61.212 - - [01/Mar/2016:10:53:52 -0300] "POST /cormun/servlet/trsolicitudot?4d5447b3381da1a377bcf8f284addca5,,gx-no-cache=1456844126153 HTTP/1.1" 200 104
186.78.61.212 - - [01/Mar/2016:10:53:52 -0300] "GET /cormun/servlet/solicitudot?UPD,2016,302, HTTP/1.1" 200 13223
186.78.61.212 - - [01/Mar/2016:10:53:53 -0300] "GET /cormun/servlet/solicitudot?UPD,2016,302, HTTP/1.1" 200 13232
186.78.61.212 - - [01/Mar/2016:10:53:53 -0300] "POST /cormun/servlet/solicitudot?gx-no-cache=1456844127801 HTTP/1.1" 200 3241
186.78.61.212 - - [01/Mar/2016:10:53:54 -0300] "POST /cormun/servlet/solicitudot?4d5447b3381da1a377bcf8f284addca5,UPD,2016,302,,gx-no-cache=1456844128138 HTTP/1.1" 200 10139
186.78.61.212 - - [01/Mar/2016:10:53:54 -0300] "GET /cormun/servlet/solicitudot?4150dd9823fbbb1614ab2775f6272424c0f5dde5019dace010199bfaa874044ccb00642cc0f535b8b1310648a6807d6a,gx-no-cache=1456844128547 HTTP/1.1" 200 30
186.78.61.212 - - [01/Mar/2016:10:53:54 -0300] "POST /cormun/servlet/solicitudot?gx-no-cache=1456844128622 HTTP/1.1" 200 30
186.78.61.212 - - [01/Mar/2016:10:53:54 -0300] "POST /cormun/servlet/solicitudot?gx-no-cache=1456844128698 HTTP/1.1" 200 30
186.78.61.212 - - [01/Mar/2016:10:53:54 -0300] "POST /cormun/servlet/solicitudot?gx-no-cache=1456844128793 HTTP/1.1" 200 1154
186.78.61.212 - - [01/Mar/2016:10:53:54 -0300] "GET /cormun/servlet/solicitudot?4150dd9823fbbb1614ab2775f62724247763e65b6f8005a8b1cd29c139f014159f94af0d1ad8a232388608eaca3573bdb0473ab6cdd604d25e25ceca8e0a80fe78c9d3f04ce54dd63dd58ca2661931c4adc1c3529139f3fb589a368bf92e8db680cee96dc10bda6cef446063ebddddac592e9d2fdb79fbeb11d297add71917c4e81ca7c9cbdac1a394388c81b6d73836e840ebe03ffd05b2210dc71223ad7a6f,gx-no-cache=1456844128970 HTTP/1.1" 200 41
191.112.79.133 - - [01/Mar/2016:10:53:59 -0300] "GET /cormun/servlet/solicitudotadjuntos?ed834fcb98e8dbc84ebca5789550e4168eae1257814154f6291451002c59bb49,gx-no-cache=1456840468814 HTTP/1.1" 200 30
191.112.79.133 - - [01/Mar/2016:10:53:59 -0300] "GET /cormun/servlet/solicitudotadjuntos?ed834fcb98e8dbc84ebca5789550e4168eae1257814154f6291451002c59bb49,gx-no-cache=1456840468889 HTTP/1.1" 200 30
191.112.79.133 - - [01/Mar/2016:10:54:11 -0300] "POST /cormun/servlet/solicitudotadjuntos?c4889b942beaafb7769dac0098e5b2c7,INS,2016,271,,1, HTTP/1.1" 500 10
191.112.79.133 - - [01/Mar/2016:10:54:24 -0300] "GET /cormun/servlet/hlogin HTTP/1.1" 200 1712
186.78.61.212 - - [01/Mar/2016:10:54:27 -0300] "POST /cormun/servlet/solicitudot?gx-no-cache=1456844164613 HTTP/1.1" 200 30
186.78.61.212 - - [01/Mar/2016:10:54:31 -0300] "POST /cormun/servlet/solicitudot?gx-no-cache=1456844169561 HTTP/1.1" 200 1154
186.78.61.212 - - [01/Mar/2016:10:54:31 -0300] "GET /cormun/static/menuarrow.gif HTTP/1.1" 404 1015
186.78.61.212 - - [01/Mar/2016:10:54:37 -0300] "POST /cormun/servlet/solicitudot?gx-no-cache=1456844175886 HTTP/1.1" 200 30
186.78.61.212 - - [01/Mar/2016:10:54:37 -0300] "POST /cormun/servlet/solicitudot?gx-no-cache=1456844176017 HTTP/1.1" 200 1154
191.112.79.133 - - [01/Mar/2016:10:54:40 -0300] "POST /cormun/servlet/hlogin?c4889b942beaafb7769dac0098e5b2c7,gx-no-cache=1456840509790 HTTP/1.1" 200 90
191.112.79.133 - - [01/Mar/2016:10:54:40 -0300] "GET /cormun/servlet/hpexe_link HTTP/1.1" 200 970
191.112.79.133 - - [01/Mar/2016:10:54:41 -0300] "GET /cormun/servlet/solicitudotadjuntos?INS,2016,271,,1, HTTP/1.1" 200 5426
191.112.79.133 - - [01/Mar/2016:10:54:41 -0300] "GET /cormun/static/about:blank HTTP/1.1" 404 1011
191.112.79.133 - - [01/Mar/2016:10:54:42 -0300] "GET /cormun/servlet/solicitudotadjuntos?INS,2016,271,,1, HTTP/1.1" 200 5425
191.112.79.133 - - [01/Mar/2016:10:54:43 -0300] "GET /cormun/servlet/solicitudotadjuntos?ed834fcb98e8dbc84ebca5789550e41654bf91f937812edea879291c474865a60538f9cb84e0bdef7e6ce36c782c1295,gx-no-cache=1456840512683 HTTP/1.1" 200 30
191.112.79.133 - - [01/Mar/2016:10:54:43 -0300] "POST /cormun/servlet/solicitudotadjuntos?c4889b942beaafb7769dac0098e5b2c7,INS,2016,271,,1,,gx-no-cache=1456840512791 HTTP/1.1" 200 3368
191.112.79.133 - - [01/Mar/2016:10:54:51 -0300] "GET /cormun/servlet/hlogin HTTP/1.1" 200 1712
186.78.61.212 - - [01/Mar/2016:10:55:00 -0300] "POST /cormun/servlet/solicitudot?gx-no-cache=1456844201247 HTTP/1.1" 200 1260
186.78.61.212 - - [01/Mar/2016:10:55:00 -0300] "GET /cormun/static/Shared/jqueryui/images/ui-bg_highlight-soft_100_c6c2c8_1x100.png HTTP/1.1" 404 1117
186.78.61.212 - - [01/Mar/2016:10:55:00 -0300] "GET /cormun/servlet/solicitudot?4150dd9823fbbb1614ab2775f62724247763e65b6f8005a8b1cd29c139f014159f94af0d1ad8a232388608eaca3573bdb0473ab6cdd604d25e25ceca8e0a80fe78c9d3f04ce54dd63dd58ca2661931c4adc1c3529139f3fb589a368bf92e8db680cee96dc10bda6cef446063ebddddac592e9d2fdb79fbeb11d297add71917c445b03ec779fb44f785e202891cdcffe9ee90885120c3d29f31808e96b27fbbf8,gx-no-cache=1456844201584 HTTP/1.1" 200 41
186.78.61.212 - - [01/Mar/2016:10:55:00 -0300] "GET /cormun/static/Shared/jqueryui/images/ui-icons_82798d_256x240.png HTTP/1.1" 404 1089
186.78.61.212 - - [01/Mar/2016:10:55:00 -0300] "GET /cormun/static/Shared/jqueryui/images/ui-bg_flat_55_994d53_40x100.png HTTP/1.1" 404 1097
186.78.61.212 - - [01/Mar/2016:10:55:00 -0300] "GET /cormun/static/Shared/jqueryui/images/ui-icons_ebccce_256x240.png HTTP/1.1" 404 1089
191.112.79.133 - - [01/Mar/2016:10:55:02 -0300] "POST /cormun/servlet/hlogin?c4889b942beaafb7769dac0098e5b2c7,gx-no-cache=1456840531342 HTTP/1.1" 200 90
191.112.79.133 - - [01/Mar/2016:10:55:02 -0300] "GET /cormun/servlet/hpexe_link HTTP/1.1" 200 970
191.112.79.133 - - [01/Mar/2016:10:55:02 -0300] "GET /cormun/servlet/solicitudotadjuntos?INS,2016,271,,1, HTTP/1.1" 200 5426
191.112.79.133 - - [01/Mar/2016:10:55:02 -0300] "GET /cormun/static/about:blank HTTP/1.1" 404 1011
191.112.79.133 - - [01/Mar/2016:10:55:03 -0300] "GET /cormun/servlet/solicitudotadjuntos?INS,2016,271,,1, HTTP/1.1" 200 5425
191.112.79.133 - - [01/Mar/2016:10:55:04 -0300] "GET /cormun/servlet/solicitudotadjuntos?ed834fcb98e8dbc84ebca5789550e41654bf91f937812edea879291c474865a60538f9cb84e0bdef7e6ce36c782c1295,gx-no-cache=1456840533646 HTTP/1.1" 200 30
191.112.79.133 - - [01/Mar/2016:10:55:04 -0300] "POST /cormun/servlet/solicitudotadjuntos?c4889b942beaafb7769dac0098e5b2c7,INS,2016,271,,1,,gx-no-cache=1456840533855 HTTP/1.1" 200 3368
186.103.159.183 - - [01/Mar/2016:10:55:06 -0300] "GET /cormun/servlet/solicitudot?INS,0,0, HTTP/1.1" 200 11676
186.103.159.183 - - [01/Mar/2016:10:55:07 -0300] "GET /cormun/static/Resources/Spanish/PXTools.css?12395978 HTTP/1.1" 200 89042
186.103.159.183 - - [01/Mar/2016:10:55:07 -0300] "GET /cormun/static/gxcfg.js?2016311045143 HTTP/1.1" 200 953
186.103.159.183 - - [01/Mar/2016:10:55:07 -0300] "GET /cormun/static/messages.spa.js?85251 HTTP/1.1" 304 -
186.103.159.183 - - [01/Mar/2016:10:55:07 -0300] "GET /cormun/static/hpexe_scripts.js?20151120014546 HTTP/1.1" 304 -
186.103.159.183 - - [01/Mar/2016:10:55:07 -0300] "GET /cormun/static/hwchdr01.js?20162241650484 HTTP/1.1" 304 -
186.103.159.183 - - [01/Mar/2016:10:55:07 -0300] "GET /cormun/static/hpexe_recentlink.js?2015111312121342 HTTP/1.1" 304 -
186.103.159.183 - - [01/Mar/2016:10:55:07 -0300] "GET /cormun/static/hpexe_messagecontroller.js?2015112210524422 HTTP/1.1" 304 -
186.103.159.183 - - [01/Mar/2016:10:55:07 -0300] "GET /cormun/static/hpexe_messagepopupcomponent.js?201622412404545 HTTP/1.1" 304 -
186.103.159.183 - - [01/Mar/2016:10:55:08 -0300] "GET /cormun/static/hpexe_messagegenexuscomponent.js?20151120014314 HTTP/1.1" 304 -
186.103.159.183 - - [01/Mar/2016:10:55:08 -0300] "GET /cormun/static/cmcontrolpreferences.js?20151120014525 HTTP/1.1" 304 -
186.103.159.183 - - [01/Mar/2016:10:55:08 -0300] "GET /cormun/static/hmpwkw03.js?201622421393366 HTTP/1.1" 304 -
191.112.79.133 - - [01/Mar/2016:10:55:08 -0300] "POST /cormun/servlet/solicitudotadjuntos?c4889b942beaafb7769dac0098e5b2c7,INS,2016,271,,1,,gx-no-cache=1456840537891 HTTP/1.1" 200 93
191.112.79.133 - - [01/Mar/2016:10:55:08 -0300] "GET /cormun/servlet/hpexe_return? HTTP/1.1" 200 1019
191.112.79.133 - - [01/Mar/2016:10:55:09 -0300] "GET /cormun/servlet/trsolicitudadjuntos?2016,271, HTTP/1.1" 200 7540
186.103.159.183 - - [01/Mar/2016:10:55:10 -0300] "GET /cormun/static/solicitudot.js?20163110451455 HTTP/1.1" 200 44291
186.103.159.183 - - [01/Mar/2016:10:55:10 -0300] "GET /cormun/servlet/hlogin HTTP/1.1" 200 1740
186.103.159.183 - - [01/Mar/2016:10:55:10 -0300] "GET /cormun/servlet/solicitudot?INS,0,0, HTTP/1.1" 200 11693
186.103.159.183 - - [01/Mar/2016:10:55:10 -0300] "GET /cormun/static/Resources/Spanish/PXTools.css?005343 HTTP/1.1" 304 -
186.103.159.183 - - [01/Mar/2016:10:55:10 -0300] "GET /cormun/static/gxcfg.js?20151120045111 HTTP/1.1" 304 -
186.103.159.183 - - [01/Mar/2016:10:55:10 -0300] "GET /cormun/static/hlogin.js?20151120045126 HTTP/1.1" 304 -
191.112.79.133 - - [01/Mar/2016:10:55:11 -0300] "GET /cormun/servlet/trsolicitudadjuntos?2016,271, HTTP/1.1" 200 7535
191.112.79.133 - - [01/Mar/2016:10:55:26 -0300] "GET /cormun/PublicTempStorage/curriculum5837380.pdf HTTP/1.1" 206 32768
191.112.20.80 - - [01/Mar/2016:10:55:30 -0300] "GET /cormun/servlet/trsolicitudadjuntos?2016,306, HTTP/1.1" 200 5321
191.112.79.133 - - [01/Mar/2016:10:55:33 -0300] "GET /cormun/PublicTempStorage/curriculum5837380.pdf HTTP/1.1" 206 696344
191.112.20.80 - - [01/Mar/2016:10:55:34 -0300] "GET /cormun/servlet/solicitudotadjuntos?INS,2016,306,,1, HTTP/1.1" 200 5400
191.112.20.80 - - [01/Mar/2016:10:55:35 -0300] "GET /cormun/static/about:blank HTTP/1.1" 404 1011
191.112.20.80 - - [01/Mar/2016:10:55:35 -0300] "GET /cormun/static/about:blank HTTP/1.1" 404 1011
191.112.20.80 - - [01/Mar/2016:10:55:36 -0300] "GET /cormun/servlet/solicitudotadjuntos?c3b8968ddef80a6f1e09745f0ab064bea7819caa7f94e0c62219cdb06c0eba53f2493af4daca964dda2b2b88966dea43,gx-no-cache=1456840565119 HTTP/1.1" 200 30
191.112.20.80 - - [01/Mar/2016:10:55:36 -0300] "POST /cormun/servlet/solicitudotadjuntos?603c500c9c01502a9a2c161c37991e61,INS,2016,306,,1,,gx-no-cache=1456840565212 HTTP/1.1" 200 3319
191.112.20.80 - - [01/Mar/2016:10:55:41 -0300] "POST /cormun/servlet/solicitudotadjuntos?gx-no-cache=1456840569744 HTTP/1.1" 200 26
191.112.79.133 - - [01/Mar/2016:10:55:44 -0300] "GET /cormun/servlet/trsolicitudadjuntos?2016,271, HTTP/1.1" 200 7541
191.112.79.133 - - [01/Mar/2016:10:55:46 -0300] "GET /cormun/servlet/trsolicitudadjuntos?2016,271, HTTP/1.1" 200 7537
191.112.20.80 - - [01/Mar/2016:10:55:47 -0300] "GET /cormun/servlet/solicitudotadjuntos?c3b8968ddef80a6f1e09745f0ab064be654da9be2678c8454f9e45f9839fd163,gx-no-cache=1456840576259 HTTP/1.1" 200 30
191.112.20.80 - - [01/Mar/2016:10:55:47 -0300] "GET /cormun/servlet/solicitudotadjuntos?c3b8968ddef80a6f1e09745f0ab064be654da9be2678c8454f9e45f9839fd163,gx-no-cache=1456840576353 HTTP/1.1" 200 30
191.112.20.80 - - [01/Mar/2016:10:55:50 -0300] "POST /cormun/servlet/solicitudotadjuntos?603c500c9c01502a9a2c161c37991e61,INS,2016,306,,1, HTTP/1.1" 500 10
191.112.79.133 - - [01/Mar/2016:10:55:52 -0300] "GET /cormun/servlet/solicitudotadjuntos?INS,2016,271,,1, HTTP/1.1" 200 5430
191.112.79.133 - - [01/Mar/2016:10:55:53 -0300] "GET /cormun/static/about:blank HTTP/1.1" 404 1011
191.112.79.133 - - [01/Mar/2016:10:55:54 -0300] "GET /cormun/servlet/solicitudotadjuntos?INS,2016,271,,1, HTTP/1.1" 200 5424
191.112.79.133 - - [01/Mar/2016:10:55:55 -0300] "GET /cormun/servlet/solicitudotadjuntos?ed834fcb98e8dbc84ebca5789550e41654bf91f937812edea879291c474865a60538f9cb84e0bdef7e6ce36c782c1295,gx-no-cache=1456840584212 HTTP/1.1" 200 30
191.112.79.133 - - [01/Mar/2016:10:55:55 -0300] "POST /cormun/servlet/solicitudotadjuntos?c4889b942beaafb7769dac0098e5b2c7,INS,2016,271,,1,,gx-no-cache=1456840584335 HTTP/1.1" 200 3377
191.112.79.133 - - [01/Mar/2016:10:56:00 -0300] "POST /cormun/servlet/solicitudotadjuntos?gx-no-cache=1456840589782 HTTP/1.1" 200 26
191.112.79.133 - - [01/Mar/2016:10:56:10 -0300] "GET /cormun/servlet/solicitudotadjuntos?ed834fcb98e8dbc84ebca5789550e4168eae1257814154f6291451002c59bb49,gx-no-cache=1456840599368 HTTP/1.1" 200 30
191.112.79.133 - - [01/Mar/2016:10:56:10 -0300] "GET /cormun/servlet/solicitudotadjuntos?ed834fcb98e8dbc84ebca5789550e4168eae1257814154f6291451002c59bb49,gx-no-cache=1456840599559 HTTP/1.1" 200 30
191.112.79.133 - - [01/Mar/2016:10:56:19 -0300] "POST /cormun/servlet/solicitudotadjuntos?c4889b942beaafb7769dac0098e5b2c7,INS,2016,271,,1, HTTP/1.1" 500 10
191.112.79.133 - - [01/Mar/2016:10:56:31 -0300] "GET /cormun/servlet/hlogin HTTP/1.1" 200 1712
186.103.159.183 - - [01/Mar/2016:10:56:42 -0300] "POST /cormun/servlet/hlogin?3e5c4e7298d5a6ce578c9f129e991e3d,gx-no-cache=1456844431746 HTTP/1.1" 200 90
186.103.159.183 - - [01/Mar/2016:10:56:44 -0300] "GET /cormun/servlet/hpexe_link HTTP/1.1" 200 962
186.103.159.183 - - [01/Mar/2016:10:56:44 -0300] "GET /cormun/static/gxcfg.js?20151120044395 HTTP/1.1" 304 -
186.103.159.183 - - [01/Mar/2016:10:56:44 -0300] "GET /cormun/static/hpexe_link.js?20151120044398 HTTP/1.1" 304 -
186.103.159.183 - - [01/Mar/2016:10:56:44 -0300] "GET /cormun/servlet/solicitudot?INS,0,0, HTTP/1.1" 200 11888
186.103.159.183 - - [01/Mar/2016:10:56:45 -0300] "GET /cormun/servlet/solicitudot?INS,0,0, HTTP/1.1" 200 11893
191.112.79.133 - - [01/Mar/2016:10:56:47 -0300] "POST /cormun/servlet/hlogin?c4889b942beaafb7769dac0098e5b2c7,gx-no-cache=1456840636750 HTTP/1.1" 200 90
191.112.79.133 - - [01/Mar/2016:10:56:47 -0300] "GET /cormun/servlet/hpexe_link HTTP/1.1" 200 970
191.112.79.133 - - [01/Mar/2016:10:56:48 -0300] "GET /cormun/servlet/solicitudotadjuntos?INS,2016,271,,1, HTTP/1.1" 200 5426
191.112.79.133 - - [01/Mar/2016:10:56:48 -0300] "GET /cormun/static/about:blank HTTP/1.1" 404 1011
191.112.79.133 - - [01/Mar/2016:10:56:49 -0300] "GET /cormun/servlet/solicitudotadjuntos?INS,2016,271,,1, HTTP/1.1" 200 5424
191.112.79.133 - - [01/Mar/2016:10:56:50 -0300] "GET /cormun/servlet/solicitudotadjuntos?ed834fcb98e8dbc84ebca5789550e41654bf91f937812edea879291c474865a60538f9cb84e0bdef7e6ce36c782c1295,gx-no-cache=1456840639682 HTTP/1.1" 200 30
191.112.79.133 - - [01/Mar/2016:10:56:50 -0300] "POST /cormun/servlet/solicitudotadjuntos?c4889b942beaafb7769dac0098e5b2c7,INS,2016,271,,1,,gx-no-cache=1456840639789 HTTP/1.1" 200 3367
186.103.159.183 - - [01/Mar/2016:10:56:51 -0300] "GET /cormun/servlet/trsolicitudot? HTTP/1.1" 200 7364
186.103.159.183 - - [01/Mar/2016:10:56:51 -0300] "GET /cormun/static/Resources/Spanish/PXTools.css?17554516 HTTP/1.1" 304 -
186.103.159.183 - - [01/Mar/2016:10:56:51 -0300] "GET /cormun/static/gxcfg.js?20161623482752 HTTP/1.1" 304 -
186.103.159.183 - - [01/Mar/2016:10:56:51 -0300] "GET /cormun/static/trsolicitudot.js?20161623483284 HTTP/1.1" 304 -
186.103.159.183 - - [01/Mar/2016:10:56:52 -0300] "GET /cormun/servlet/trsolicitudot? HTTP/1.1" 200 7363
186.103.159.183 - - [01/Mar/2016:10:56:52 -0300] "GET /cormun//static/Resources/PXToolsActionView.png HTTP/1.1" 200 2995
186.103.159.183 - - [01/Mar/2016:10:56:52 -0300] "GET /cormun//static/Resources/PXToolsGridUpdate.png HTTP/1.1" 200 2984
186.103.159.183 - - [01/Mar/2016:10:56:52 -0300] "GET /cormun//static/Resources/PXToolsGridDelete.png HTTP/1.1" 200 357
186.103.159.183 - - [01/Mar/2016:10:56:52 -0300] "GET /cormun//static/Resources/PXToolsRemoveAllAction.png HTTP/1.1" 200 3558
186.103.159.183 - - [01/Mar/2016:10:56:52 -0300] "GET /cormun//static/Resources/PXTools/ActionInsert.png HTTP/1.1" 200 1482
186.103.159.183 - - [01/Mar/2016:10:56:55 -0300] "GET /cormun/servlet/vesolicitudot?2016,301,, HTTP/1.1" 200 7483
186.103.159.183 - - [01/Mar/2016:10:56:55 -0300] "GET /cormun/static/gxcfg.js?2015112118275590 HTTP/1.1" 200 953
186.103.159.183 - - [01/Mar/2016:10:56:55 -0300] "GET /cormun/pexe_scrolldiv.js HTTP/1.1" 404 1009
186.103.159.183 - - [01/Mar/2016:10:56:55 -0300] "GET /cormun/static/Resources/PXToolsTabFirstSelected.png HTTP/1.1" 200 1259
186.103.159.183 - - [01/Mar/2016:10:56:55 -0300] "GET /cormun/static/vesolicitudot.js?2015112118275649 HTTP/1.1" 304 -
186.103.159.183 - - [01/Mar/2016:10:56:55 -0300] "GET /cormun/static/Resources/Spanish/PXTools.css?18201296 HTTP/1.1" 200 89042
186.103.159.183 - - [01/Mar/2016:10:56:55 -0300] "GET /cormun/static/hwcviewtabs.js?20151120014372 HTTP/1.1" 304 -
186.103.159.183 - - [01/Mar/2016:10:56:55 -0300] "GET /cormun/static/hpexe_tabsview.js?20151120014350 HTTP/1.1" 304 -
186.103.159.183 - - [01/Mar/2016:10:56:55 -0300] "GET /cormun/static/Resources/PXToolsTabLastUnselected.png HTTP/1.1" 200 1291
186.103.159.183 - - [01/Mar/2016:10:56:55 -0300] "GET /cormun/static/tbsolicitudot01.js?201511211821030 HTTP/1.1" 304 -
186.103.159.183 - - [01/Mar/2016:10:56:56 -0300] "GET /cormun/static/Resources/PXToolsTabNext.gif HTTP/1.1" 200 168
186.103.159.183 - - [01/Mar/2016:10:56:56 -0300] "GET /cormun/static/Resources/PXToolsTabPrevious.gif HTTP/1.1" 200 172
186.103.159.183 - - [01/Mar/2016:10:56:56 -0300] "GET /cormun/static/calendar-system.css HTTP/1.1" 200 5572
186.103.159.183 - - [01/Mar/2016:10:56:56 -0300] "GET /cormun/static/Resources/PXToolsTabBackSelected.png HTTP/1.1" 200 1157
186.103.159.183 - - [01/Mar/2016:10:56:56 -0300] "GET /cormun/static/Resources/PXToolsTabBackUnselected.png HTTP/1.1" 200 1175
186.103.159.183 - - [01/Mar/2016:10:56:56 -0300] "GET /cormun/static/Resources/PXToolsTabUnselectedUnselected.png HTTP/1.1" 200 1459
186.103.159.183 - - [01/Mar/2016:10:56:56 -0300] "GET /cormun/static/Resources/PXToolsTabSelectedUnselected.png HTTP/1.1" 200 1428
191.112.79.133 - - [01/Mar/2016:10:56:56 -0300] "POST /cormun/servlet/solicitudotadjuntos?c4889b942beaafb7769dac0098e5b2c7,INS,2016,271,,1,,gx-no-cache=1456840645741 HTTP/1.1" 200 93
186.103.159.183 - - [01/Mar/2016:10:56:56 -0300] "GET /cormun/servlet/vesolicitudot?2016,301,, HTTP/1.1" 200 7483
191.112.79.133 - - [01/Mar/2016:10:56:56 -0300] "GET /cormun/servlet/hpexe_return? HTTP/1.1" 200 1019
191.112.79.133 - - [01/Mar/2016:10:56:57 -0300] "GET /cormun/servlet/trsolicitudadjuntos?2016,271, HTTP/1.1" 200 7542
186.78.61.212 - - [01/Mar/2016:10:56:57 -0300] "POST /cormun/servlet/solicitudot?gx-no-cache=1456844328796 HTTP/1.1" 200 30
191.112.79.133 - - [01/Mar/2016:10:56:59 -0300] "GET /cormun/servlet/trsolicitudadjuntos?2016,271, HTTP/1.1" 200 7536
186.103.159.183 - - [01/Mar/2016:10:56:59 -0300] "GET /cormun/servlet/vesolicitudot?2016,301,,SolicitudOTAdjuntos HTTP/1.1" 200 6575
186.103.159.183 - - [01/Mar/2016:10:56:59 -0300] "GET /cormun/pexe_scrolldiv.js HTTP/1.1" 404 1009
186.103.159.183 - - [01/Mar/2016:10:57:00 -0300] "GET /cormun/static/tbsolicitudot02.js?2015112118245263 HTTP/1.1" 304 -
186.103.159.183 - - [01/Mar/2016:10:57:00 -0300] "GET /cormun/static/gxui/gxui-all.css HTTP/1.1" 200 2179
186.103.159.183 - - [01/Mar/2016:10:57:00 -0300] "GET /cormun/static/Resources/PXToolsTabUnselectedSelected.png HTTP/1.1" 200 1444
186.103.159.183 - - [01/Mar/2016:10:57:00 -0300] "GET /cormun/static/Resources/PXToolsTabFirstUnselected.png HTTP/1.1" 200 1264
186.103.159.183 - - [01/Mar/2016:10:57:01 -0300] "GET /cormun/static/Shared/ext/resources/css/ext-all.css HTTP/1.1" 200 416045
186.103.159.183 - - [01/Mar/2016:10:57:01 -0300] "GET /cormun/servlet/vesolicitudot?2016,301,,SolicitudOTAdjuntos HTTP/1.1" 200 6576
186.103.159.183 - - [01/Mar/2016:10:57:02 -0300] "POST /cormun/servlet/acontrolpreferencessavestate?None,CE-34,true HTTP/1.1" 200 35
186.103.159.183 - - [01/Mar/2016:10:57:04 -0300] "GET /cormun/servlet/solicitudotadjuntos?INS,2016,301,,1, HTTP/1.1" 200 5442
186.103.159.183 - - [01/Mar/2016:10:57:04 -0300] "GET /cormun/static/gxcfg.js?201622412435058 HTTP/1.1" 200 953
186.103.159.183 - - [01/Mar/2016:10:57:04 -0300] "GET /cormun/static/solicitudotadjuntos.js?201622412435081 HTTP/1.1" 200 11762
186.103.159.183 - - [01/Mar/2016:10:57:04 -0300] "GET /cormun/static/about:blank HTTP/1.1" 404 1011
186.103.159.183 - - [01/Mar/2016:10:57:04 -0300] "GET /cormun/servlet/solicitudotadjuntos?INS,2016,301,,1, HTTP/1.1" 200 5434
186.103.159.183 - - [01/Mar/2016:10:57:05 -0300] "GET /cormun/servlet/solicitudotadjuntos?dbf030c59152c2cbdfb03ef9e3eefe53549d988101299c49e7da2e5a77d438e8e9ae010b81538a8a2967ea37d80efc0c,gx-no-cache=1456844459178 HTTP/1.1" 200 30
186.103.159.183 - - [01/Mar/2016:10:57:05 -0300] "POST /cormun/servlet/solicitudotadjuntos?3e5c4e7298d5a6ce578c9f129e991e3d,INS,2016,301,,1,,gx-no-cache=1456844459219 HTTP/1.1" 200 3330
191.112.79.133 - - [01/Mar/2016:10:57:05 -0300] "POST /cormun/servlet/trsolicitudadjuntos?c4889b942beaafb7769dac0098e5b2c7,2016,271,,gx-no-cache=1456840654640 HTTP/1.1" 200 90
191.112.79.133 - - [01/Mar/2016:10:57:05 -0300] "GET /cormun/servlet/hpexe_link HTTP/1.1" 200 962
191.112.79.133 - - [01/Mar/2016:10:57:06 -0300] "GET /cormun/servlet/trsolicitudot? HTTP/1.1" 200 8025
186.103.159.183 - - [01/Mar/2016:10:57:07 -0300] "POST /cormun/servlet/solicitudotadjuntos?gx-no-cache=1456844461476 HTTP/1.1" 200 26
191.112.79.133 - - [01/Mar/2016:10:57:07 -0300] "GET /cormun/servlet/trsolicitudot? HTTP/1.1" 200 8023
191.112.79.133 - - [01/Mar/2016:10:57:12 -0300] "GET /cormun/servlet/vesolicitudot?2016,272,, HTTP/1.1" 200 7503
191.112.79.133 - - [01/Mar/2016:10:57:13 -0300] "GET /cormun/static/Resources/Spanish/PXTools.css?18201296 HTTP/1.1" 304 -
191.112.79.133 - - [01/Mar/2016:10:57:13 -0300] "GET /cormun/static/gxcfg.js?2015112118275590 HTTP/1.1" 304 -
191.112.79.133 - - [01/Mar/2016:10:57:13 -0300] "GET /cormun/pexe_scrolldiv.js HTTP/1.1" 404 1009
191.112.79.133 - - [01/Mar/2016:10:57:13 -0300] "GET /cormun/static/vesolicitudot.js?2015112118275649 HTTP/1.1" 304 -
191.112.79.133 - - [01/Mar/2016:10:57:13 -0300] "GET /cormun/static/hwcviewtabs.js?20151120014372 HTTP/1.1" 304 -
191.112.79.133 - - [01/Mar/2016:10:57:13 -0300] "GET /cormun/static/hpexe_tabsview.js?20151120014350 HTTP/1.1" 304 -
191.112.79.133 - - [01/Mar/2016:10:57:13 -0300] "GET /cormun/static/tbsolicitudot01.js?201511211821030 HTTP/1.1" 304 -
191.112.79.133 - - [01/Mar/2016:10:57:14 -0300] "GET /cormun/servlet/vesolicitudot?2016,272,, HTTP/1.1" 200 7502
186.103.159.183 - - [01/Mar/2016:10:57:17 -0300] "GET /cormun/servlet/solicitudotadjuntos?dbf030c59152c2cbdfb03ef9e3eefe538d4b2c9bdb0bb2d3a39435567db02e47,gx-no-cache=1456844472561 HTTP/1.1" 200 30
186.103.159.183 - - [01/Mar/2016:10:57:17 -0300] "GET /cormun/servlet/solicitudotadjuntos?dbf030c59152c2cbdfb03ef9e3eefe538d4b2c9bdb0bb2d3a39435567db02e47,gx-no-cache=1456844472611 HTTP/1.1" 200 30
186.103.159.183 - - [01/Mar/2016:10:57:21 -0300] "POST /cormun/servlet/solicitudotadjuntos?3e5c4e7298d5a6ce578c9f129e991e3d,INS,2016,301,,1, HTTP/1.1" 500 10
191.112.79.133 - - [01/Mar/2016:10:57:26 -0300] "GET /cormun/servlet/vesolicitudot?2016,272,,SolicitudOTAdjuntos HTTP/1.1" 200 8666
191.112.79.133 - - [01/Mar/2016:10:57:26 -0300] "GET /cormun/pexe_scrolldiv.js HTTP/1.1" 404 1009
191.112.79.133 - - [01/Mar/2016:10:57:26 -0300] "GET /cormun/static/tbsolicitudot02.js?2015112118245263 HTTP/1.1" 200 14861
191.112.79.133 - - [01/Mar/2016:10:57:27 -0300] "GET /cormun/static/gxui/gxui-all.css HTTP/1.1" 200 2179
191.112.79.133 - - [01/Mar/2016:10:57:27 -0300] "GET /cormun/static/Resources/PXToolsTabFirstUnselected.png HTTP/1.1" 200 1264
191.112.79.133 - - [01/Mar/2016:10:57:27 -0300] "GET /cormun/static/Resources/PXToolsTabUnselectedSelected.png HTTP/1.1" 200 1444
191.112.79.133 - - [01/Mar/2016:10:57:28 -0300] "GET /cormun/servlet/vesolicitudot?2016,272,,SolicitudOTAdjuntos HTTP/1.1" 200 8666
191.112.79.133 - - [01/Mar/2016:10:57:28 -0300] "GET /cormun/static/Shared/ext/resources/css/ext-all.css HTTP/1.1" 200 416045
191.112.79.133 - - [01/Mar/2016:10:57:29 -0300] "POST /cormun/servlet/acontrolpreferencessavestate?None,GSAAVEDRA,true HTTP/1.1" 200 35
191.112.79.133 - - [01/Mar/2016:10:57:31 -0300] "GET /cormun/servlet/solicitudotadjuntos?INS,2016,272,,1, HTTP/1.1" 200 5454
191.112.79.133 - - [01/Mar/2016:10:57:32 -0300] "GET /cormun/static/about:blank HTTP/1.1" 404 1011
191.112.79.133 - - [01/Mar/2016:10:57:32 -0300] "GET /cormun/servlet/solicitudotadjuntos?INS,2016,272,,1, HTTP/1.1" 200 5446
191.112.79.133 - - [01/Mar/2016:10:57:32 -0300] "GET /cormun/servlet/solicitudotadjuntos?ed834fcb98e8dbc84ebca5789550e4161bb4aa6f4dda6fb66c22129bf1a8d3a70538f9cb84e0bdef7e6ce36c782c1295,gx-no-cache=1456840682057 HTTP/1.1" 200 30
191.112.79.133 - - [01/Mar/2016:10:57:33 -0300] "POST /cormun/servlet/solicitudotadjuntos?c4889b942beaafb7769dac0098e5b2c7,INS,2016,272,,1,,gx-no-cache=1456840682276 HTTP/1.1" 200 3385
186.78.61.212 - - [01/Mar/2016:10:57:35 -0300] "POST /cormun/servlet/solicitudot?gx-no-cache=1456844369933 HTTP/1.1" 200 1260
186.103.159.183 - - [01/Mar/2016:10:57:35 -0300] "GET /cormun/servlet/solicitudotadjuntos?INS,2016,301,,1, HTTP/1.1" 200 5443
186.103.159.183 - - [01/Mar/2016:10:57:35 -0300] "GET /cormun/static/calendar-system.css?85620 HTTP/1.1" 304 -
186.103.159.183 - - [01/Mar/2016:10:57:35 -0300] "GET /cormun/static/Resources/Spanish/PXTools.css?12395978 HTTP/1.1" 304 -
186.103.159.183 - - [01/Mar/2016:10:57:35 -0300] "GET /cormun/static/Shared/jqueryui/jquery-ui.min.css?1345370 HTTP/1.1" 304 -
186.103.159.183 - - [01/Mar/2016:10:57:35 -0300] "GET /cormun/static/gxtimezone.js?85251 HTTP/1.1" 304 -
186.103.159.183 - - [01/Mar/2016:10:57:35 -0300] "GET /cormun/static/scaMessage/css/jquery.pnotify.default.css?1816380 HTTP/1.1" 304 -
186.103.159.183 - - [01/Mar/2016:10:57:35 -0300] "GET /cormun/static/gxgral.js?85251 HTTP/1.1" 304 -
186.103.159.183 - - [01/Mar/2016:10:57:35 -0300] "GET /cormun/static/SmoothNavMenu/resources/ddsmoothmenu.css?1112540 HTTP/1.1" 304 -
186.103.159.183 - - [01/Mar/2016:10:57:35 -0300] "GET /cormun/static/SmoothNavMenu/resources/ddsmoothmenu-v.css?1112540 HTTP/1.1" 304 -
186.103.159.183 - - [01/Mar/2016:10:57:35 -0300] "GET /cormun/static/gxcfg.js?201622412435058 HTTP/1.1" 304 -
186.103.159.183 - - [01/Mar/2016:10:57:35 -0300] "GET /cormun/static/calendar.js?85251 HTTP/1.1" 304 -
186.103.159.183 - - [01/Mar/2016:10:57:35 -0300] "GET /cormun/static/calendar-setup.js?85251 HTTP/1.1" 304 -
186.103.159.183 - - [01/Mar/2016:10:57:35 -0300] "GET /cormun/static/calendar-es.js?85251 HTTP/1.1" 304 -
186.103.159.183 - - [01/Mar/2016:10:57:35 -0300] "GET /cormun/static/RunJS/RunJS.js HTTP/1.1" 304 -
186.103.159.183 - - [01/Mar/2016:10:57:35 -0300] "GET /cormun/static/PXToolsJavascripts/pexe_autoreload.js HTTP/1.1" 304 -
