186.78.61.101 - - [29/Feb/2016:11:13:38 -0300] "POST /cormun/servlet/trvisualizadoreventos?723b30637467688bd2a88569b08dfefa,,gx-no-cache=1456755245865 HTTP/1.1" 200 3274
186.78.61.101 - - [29/Feb/2016:11:13:40 -0300] "POST /cormun/servlet/trvisualizadoreventos?723b30637467688bd2a88569b08dfefa,,gx-no-cache=1456755247366 HTTP/1.1" 200 3274
186.78.61.101 - - [29/Feb/2016:11:13:46 -0300] "GET /cormun/servlet/trvisualizadoreventos?954d6552ab49780c3af76c5fcb239476aebcdb4e421d6a45231d9852a64c0002eb46916377ad4a761adc2ea9673140a38e110850fc409fac8a14261a8991fe933b9ce701967a758734e9f1f338192cbea72df2c04e4e2b024d3ca4a52c9b21a5496b67963845a05c33499274961ad60b871a17878486840371356a4d3091800599842ac326016ee3be850376e16f87d87a8b7e1d7132812f2eb3c634cefe62909d31bcd4d32a31821a6f74cd5fd81457f1ce468f4c9683d50702de7eae07eac7,gx-no-cache=1456755253605 HTTP/1.1" 200 564
186.103.159.44 - - [29/Feb/2016:11:13:48 -0300] "POST /cormun/servlet/solicitudotadjuntos?c56cfb37e2fb9efd8fe83a46fd099e14,INS,2016,230,,1,,gx-no-cache=1456755250261 HTTP/1.1" 200 93
186.103.159.44 - - [29/Feb/2016:11:13:48 -0300] "GET /cormun/servlet/hpexe_return? HTTP/1.1" 200 1015
186.103.159.44 - - [29/Feb/2016:11:13:48 -0300] "GET /cormun/servlet/trsolicitudadjuntos?2016,230, HTTP/1.1" 200 7696
186.78.61.101 - - [29/Feb/2016:11:13:51 -0300] "GET /cormun/servlet/trvisualizadoreventos?954d6552ab49780c3af76c5fcb239476aebcdb4e421d6a45231d9852a64c0002eb46916377ad4a761adc2ea9673140a38e110850fc409fac8a14261a8991fe933b9ce701967a758734e9f1f338192cbea72df2c04e4e2b024d3ca4a52c9b21a5496b67963845a05c33499274961ad60b871a17878486840371356a4d3091800599842ac326016ee3be850376e16f87d87a8b7e1d7132812f2eb3c634cefe62902dc6fdc5c1d18f4871111382cacdaef2a485149ee8a0d967e76462dcb9db3403,gx-no-cache=1456755255933 HTTP/1.1" 200 567
186.78.61.101 - - [29/Feb/2016:11:13:57 -0300] "POST /cormun/servlet/trvisualizadoreventos?723b30637467688bd2a88569b08dfefa,,gx-no-cache=1456755260743 HTTP/1.1" 200 3274
186.78.61.101 - - [29/Feb/2016:11:14:04 -0300] "GET /cormun/servlet/trvisualizadoreventos?954d6552ab49780c3af76c5fcb239476aebcdb4e421d6a45231d9852a64c0002eb46916377ad4a761adc2ea9673140a38e110850fc409fac8a14261a8991fe933b9ce701967a758734e9f1f338192cbea72df2c04e4e2b024d3ca4a52c9b21a5496b67963845a05c33499274961ad60b871a17878486840371356a4d3091800599842ac326016ee3be850376e16f87d87a8b7e1d7132812f2eb3c634cefe6290ac7022307367fcbc4005ac07ab4c2029f1ce468f4c9683d50702de7eae07eac7,gx-no-cache=1456755271032 HTTP/1.1" 200 564
186.78.61.101 - - [29/Feb/2016:11:14:13 -0300] "GET /cormun/servlet/trvisualizadoreventos?954d6552ab49780c3af76c5fcb239476aebcdb4e421d6a45231d9852a64c0002eb46916377ad4a761adc2ea9673140a38e110850fc409fac8a14261a8991fe933b9ce701967a758734e9f1f338192cbea72df2c04e4e2b024d3ca4a52c9b21a5496b67963845a05c33499274961ad60b871a17878486840371356a4d3091800599842ac326016ee3be850376e16f87d87a8b7e1d7132812f2eb3c634cefe62900092da73b5a2b14d33e615789e34c819936a0071771a2971e68011c91dcc1848,gx-no-cache=1456755279206 HTTP/1.1" 200 567
186.78.61.101 - - [29/Feb/2016:11:14:24 -0300] "POST /cormun/servlet/trvisualizadoreventos?723b30637467688bd2a88569b08dfefa,,gx-no-cache=1456755282070 HTTP/1.1" 200 3283
186.78.61.101 - - [29/Feb/2016:11:14:53 -0300] "GET /cormun/servlet/trvisualizadoreventos?954d6552ab49780c3af76c5fcb239476b9e093def945bd8b01cafa5b6ac85eee4b4487e9f3d28d3d3e0b47224bcf68b5b660c74886faa4ea0a477fa83de433803be76c6c02ae94ebf4719867931c96a02c287f70b3ed2ea0a9f800585f22167a0e13b14c93da6844557eec653d9ecd2c9a950dd1140e3ee80f8a7f5a881a7aeea1a7ceb3bece640b8c2d1860a9fffe91074d225e535faccf07217fd3beb1c63441c54546534eda0b0b3f045ea7c4b75b136942e4581a9139f59e1a69eb5ff35c,gx-no-cache=1456755317603 HTTP/1.1" 200 573
186.78.61.101 - - [29/Feb/2016:11:15:02 -0300] "POST /cormun/servlet/trvisualizadoreventos?723b30637467688bd2a88569b08dfefa,,gx-no-cache=1456755322458 HTTP/1.1" 200 3292
200.111.191.210 - - [29/Feb/2016:11:15:33 -0300] "GET /cormun/static/menuarrow.gif HTTP/1.1" 404 1015
200.111.191.210 - - [29/Feb/2016:11:15:38 -0300] "POST /cormun/servlet/trsolicitudot?d1dcd7145cf5b779b75a24545df73357,gx-no-cache=1456753038490,gx-no-cache=1456755348467 HTTP/1.1" 440 972
200.111.191.210 - - [29/Feb/2016:11:15:40 -0300] "POST /cormun/servlet/trsolicitudot?d1dcd7145cf5b779b75a24545df73357,gx-no-cache=1456753038490,gx-no-cache=1456755350311 HTTP/1.1" 440 972
200.111.191.210 - - [29/Feb/2016:11:15:40 -0300] "POST /cormun/servlet/trsolicitudot?d1dcd7145cf5b779b75a24545df73357,gx-no-cache=1456753038490,gx-no-cache=1456755351142 HTTP/1.1" 440 972
200.111.191.210 - - [29/Feb/2016:11:15:44 -0300] "POST /cormun/servlet/trsolicitudot?d1dcd7145cf5b779b75a24545df73357,gx-no-cache=1456753038490,gx-no-cache=1456755354344 HTTP/1.1" 440 972
200.111.191.210 - - [29/Feb/2016:11:15:46 -0300] "POST /cormun/servlet/trsolicitudot?d1dcd7145cf5b779b75a24545df73357,gx-no-cache=1456753038490,gx-no-cache=1456755357134 HTTP/1.1" 440 972
200.111.191.210 - - [29/Feb/2016:11:15:47 -0300] "POST /cormun/servlet/trsolicitudot?d1dcd7145cf5b779b75a24545df73357,gx-no-cache=1456753038490,gx-no-cache=1456755357750 HTTP/1.1" 440 972
200.111.191.210 - - [29/Feb/2016:11:15:47 -0300] "POST /cormun/servlet/trsolicitudot?d1dcd7145cf5b779b75a24545df73357,gx-no-cache=1456753038490,gx-no-cache=1456755358206 HTTP/1.1" 440 972
200.111.191.210 - - [29/Feb/2016:11:15:49 -0300] "POST /cormun/servlet/trsolicitudot?d1dcd7145cf5b779b75a24545df73357,gx-no-cache=1456753038490,gx-no-cache=1456755359373 HTTP/1.1" 440 972
200.111.191.210 - - [29/Feb/2016:11:15:49 -0300] "GET /cormun/servlet/trsolicitudot?gx-no-cache=1456753038490 HTTP/1.1" 200 7141
200.111.191.210 - - [29/Feb/2016:11:15:50 -0300] "GET /cormun/servlet/hlogin HTTP/1.1" 200 1763
200.111.191.210 - - [29/Feb/2016:11:15:50 -0300] "GET /cormun/servlet/trsolicitudot?gx-no-cache=1456753038490 HTTP/1.1" 200 7141
200.111.191.210 - - [29/Feb/2016:11:16:14 -0300] "POST /cormun/servlet/hlogin?6772fbaa6061334245d65fdbc446376a,gx-no-cache=1456755384280 HTTP/1.1" 200 90
200.111.191.210 - - [29/Feb/2016:11:16:14 -0300] "GET /cormun/servlet/hpexe_link HTTP/1.1" 200 983
200.111.191.210 - - [29/Feb/2016:11:16:14 -0300] "GET /cormun/servlet/trsolicitudot?gx-no-cache=1456753038490 HTTP/1.1" 200 7570
200.111.191.210 - - [29/Feb/2016:11:16:14 -0300] "GET /cormun/servlet/trsolicitudot?gx-no-cache=1456753038490 HTTP/1.1" 200 7588
200.111.191.210 - - [29/Feb/2016:11:16:17 -0300] "GET /cormun/static/menuarrow.gif HTTP/1.1" 404 1015
200.111.191.210 - - [29/Feb/2016:11:16:20 -0300] "POST /cormun/servlet/trsolicitudot?6772fbaa6061334245d65fdbc446376a,gx-no-cache=1456753038490,gx-no-cache=1456755390932 HTTP/1.1" 200 5298
200.111.191.210 - - [29/Feb/2016:11:16:20 -0300] "POST /cormun/servlet/trsolicitudot?6772fbaa6061334245d65fdbc446376a,gx-no-cache=1456753038490,gx-no-cache=1456755391158 HTTP/1.1" 200 5298
200.111.191.210 - - [29/Feb/2016:11:16:21 -0300] "POST /cormun/servlet/trsolicitudot?6772fbaa6061334245d65fdbc446376a,gx-no-cache=1456753038490,gx-no-cache=1456755391319 HTTP/1.1" 200 5298
200.111.191.210 - - [29/Feb/2016:11:16:21 -0300] "POST /cormun/servlet/trsolicitudot?6772fbaa6061334245d65fdbc446376a,gx-no-cache=1456753038490,gx-no-cache=1456755391485 HTTP/1.1" 200 5298
200.111.191.210 - - [29/Feb/2016:11:16:21 -0300] "POST /cormun/servlet/trsolicitudot?6772fbaa6061334245d65fdbc446376a,gx-no-cache=1456753038490,gx-no-cache=1456755391664 HTTP/1.1" 200 5298
200.111.191.210 - - [29/Feb/2016:11:16:21 -0300] "POST /cormun/servlet/trsolicitudot?6772fbaa6061334245d65fdbc446376a,gx-no-cache=1456753038490,gx-no-cache=1456755391838 HTTP/1.1" 200 5298
200.111.191.210 - - [29/Feb/2016:11:16:21 -0300] "POST /cormun/servlet/trsolicitudot?6772fbaa6061334245d65fdbc446376a,gx-no-cache=1456753038490,gx-no-cache=1456755392025 HTTP/1.1" 200 5298
200.111.191.210 - - [29/Feb/2016:11:16:22 -0300] "POST /cormun/servlet/trsolicitudot?6772fbaa6061334245d65fdbc446376a,gx-no-cache=1456753038490,gx-no-cache=1456755392194 HTTP/1.1" 200 5298
186.78.61.101 - - [29/Feb/2016:11:16:24 -0300] "GET /cormun/servlet/trvisualizadoreventos?954d6552ab49780c3af76c5fcb239476242fe30ea1fd342c01e223a5be89121f80401fe3b4e31690af8733d9a3a9a237e0deb57d014173a1a78f17bc3c8bd63349896d4514a0af889dee325fc4d5a3958bb4155ebfbb308ab5e67e6b91aea55a1e3266760bf154d8ad54a2c85193af372653f3d1dcea76c784104365e7095be54f4aaf8b73ca6cbabe3db12a884b983bee0bf0b130c4c52f986fef3b7cab4e4b32aba113756de2d8c5f84410159482f5eb15f579ba3c832cb70d366abc014895,gx-no-cache=1456755407446 HTTP/1.1" 200 577
200.111.191.210 - - [29/Feb/2016:11:16:25 -0300] "POST /cormun/servlet/trsolicitudot?6772fbaa6061334245d65fdbc446376a,gx-no-cache=1456753038490,gx-no-cache=1456755396020 HTTP/1.1" 200 106
200.111.191.210 - - [29/Feb/2016:11:16:26 -0300] "GET /cormun/servlet/trsolicitudadjuntos?2016,149, HTTP/1.1" 200 7536
200.111.191.210 - - [29/Feb/2016:11:16:26 -0300] "GET /cormun/static/gxcfg.js?201511221058652 HTTP/1.1" 304 -
200.111.191.210 - - [29/Feb/2016:11:16:26 -0300] "GET /cormun/static/trsolicitudadjuntos.js?201511221058899 HTTP/1.1" 304 -
200.111.191.210 - - [29/Feb/2016:11:16:27 -0300] "GET /cormun/servlet/trsolicitudadjuntos?2016,149, HTTP/1.1" 200 7515
200.111.191.210 - - [29/Feb/2016:11:16:31 -0300] "GET /cormun/servlet/solicitudotadjuntos?INS,2016,149,,1, HTTP/1.1" 200 5388
200.111.191.210 - - [29/Feb/2016:11:16:31 -0300] "GET /cormun/static/gxcfg.js?201614180754 HTTP/1.1" 304 -
200.111.191.210 - - [29/Feb/2016:11:16:31 -0300] "GET /cormun/static/solicitudotadjuntos.js?201614180772 HTTP/1.1" 304 -
200.111.191.210 - - [29/Feb/2016:11:16:31 -0300] "GET /cormun/static/about:blank HTTP/1.1" 404 1011
200.111.191.210 - - [29/Feb/2016:11:16:31 -0300] "GET /cormun/servlet/solicitudotadjuntos?INS,2016,149,,1, HTTP/1.1" 200 5382
186.78.61.101 - - [29/Feb/2016:11:16:31 -0300] "POST /cormun/servlet/trvisualizadoreventos?723b30637467688bd2a88569b08dfefa,,gx-no-cache=1456755412824 HTTP/1.1" 200 3297
200.111.191.210 - - [29/Feb/2016:11:16:31 -0300] "GET /cormun/servlet/solicitudotadjuntos?ce409b69e43077e500b9f77c39cce422831706ee90716d102e0d1aeacdc68b793879c468fdca4f543ace10940c9c3d1b,gx-no-cache=1456755402271 HTTP/1.1" 200 30
200.111.191.210 - - [29/Feb/2016:11:16:32 -0300] "POST /cormun/servlet/solicitudotadjuntos?6772fbaa6061334245d65fdbc446376a,INS,2016,149,,1,,gx-no-cache=1456755402294 HTTP/1.1" 200 3291
200.111.191.210 - - [29/Feb/2016:11:16:35 -0300] "POST /cormun/servlet/solicitudotadjuntos?gx-no-cache=1456755405357 HTTP/1.1" 200 26
200.111.191.210 - - [29/Feb/2016:11:16:43 -0300] "GET /cormun/servlet/solicitudotadjuntos?ce409b69e43077e500b9f77c39cce4225200bf225c5bf83ee2a44d8d6486ef36,gx-no-cache=1456755413758 HTTP/1.1" 200 30
200.111.191.210 - - [29/Feb/2016:11:16:43 -0300] "GET /cormun/servlet/solicitudotadjuntos?ce409b69e43077e500b9f77c39cce4225200bf225c5bf83ee2a44d8d6486ef36,gx-no-cache=1456755413770 HTTP/1.1" 200 30
200.111.191.210 - - [29/Feb/2016:11:16:44 -0300] "POST /cormun/servlet/solicitudotadjuntos?6772fbaa6061334245d65fdbc446376a,INS,2016,149,,1, HTTP/1.1" 200 116
200.111.191.210 - - [29/Feb/2016:11:16:44 -0300] "GET /cormun/servlet/hpexe_return? HTTP/1.1" 200 1032
200.111.191.210 - - [29/Feb/2016:11:16:44 -0300] "GET /cormun/servlet/trsolicitudadjuntos?2016,149, HTTP/1.1" 200 7656
200.111.191.210 - - [29/Feb/2016:11:16:45 -0300] "GET /cormun/servlet/trsolicitudadjuntos?2016,149, HTTP/1.1" 200 7655
186.78.61.101 - - [29/Feb/2016:11:16:49 -0300] "GET /cormun/servlet/trautorizarsolicitud? HTTP/1.1" 200 6115
200.111.191.210 - - [29/Feb/2016:11:16:49 -0300] "GET /cormun/servlet/solicitudotadjuntos?INS,2016,149,,1, HTTP/1.1" 200 5388
200.111.191.210 - - [29/Feb/2016:11:16:49 -0300] "GET /cormun/static/about:blank HTTP/1.1" 404 1011
200.111.191.210 - - [29/Feb/2016:11:16:49 -0300] "GET /cormun/servlet/solicitudotadjuntos?INS,2016,149,,1, HTTP/1.1" 200 5382
200.111.191.210 - - [29/Feb/2016:11:16:50 -0300] "GET /cormun/servlet/solicitudotadjuntos?ce409b69e43077e500b9f77c39cce422831706ee90716d102e0d1aeacdc68b793879c468fdca4f543ace10940c9c3d1b,gx-no-cache=1456755420425 HTTP/1.1" 200 30
200.111.191.210 - - [29/Feb/2016:11:16:50 -0300] "POST /cormun/servlet/solicitudotadjuntos?6772fbaa6061334245d65fdbc446376a,INS,2016,149,,1,,gx-no-cache=1456755420456 HTTP/1.1" 200 3291
200.111.191.210 - - [29/Feb/2016:11:16:52 -0300] "POST /cormun/servlet/solicitudotadjuntos?gx-no-cache=1456755422693 HTTP/1.1" 200 26
186.78.61.101 - - [29/Feb/2016:11:16:53 -0300] "GET /cormun/servlet/trautorizarsolicitud? HTTP/1.1" 200 6115
200.111.191.210 - - [29/Feb/2016:11:16:57 -0300] "GET /cormun/servlet/solicitudotadjuntos?ce409b69e43077e500b9f77c39cce4225200bf225c5bf83ee2a44d8d6486ef36,gx-no-cache=1456755428093 HTTP/1.1" 200 30
200.111.191.210 - - [29/Feb/2016:11:16:57 -0300] "GET /cormun/servlet/solicitudotadjuntos?ce409b69e43077e500b9f77c39cce4225200bf225c5bf83ee2a44d8d6486ef36,gx-no-cache=1456755428107 HTTP/1.1" 200 30
200.111.191.210 - - [29/Feb/2016:11:16:58 -0300] "POST /cormun/servlet/solicitudotadjuntos?6772fbaa6061334245d65fdbc446376a,INS,2016,149,,1, HTTP/1.1" 200 116
200.111.191.210 - - [29/Feb/2016:11:16:58 -0300] "GET /cormun/servlet/hpexe_return? HTTP/1.1" 200 1032
200.111.191.210 - - [29/Feb/2016:11:16:59 -0300] "GET /cormun/servlet/trsolicitudadjuntos?2016,149, HTTP/1.1" 200 7784
200.111.191.210 - - [29/Feb/2016:11:17:00 -0300] "GET /cormun/servlet/trsolicitudadjuntos?2016,149, HTTP/1.1" 200 7783
200.111.191.210 - - [29/Feb/2016:11:17:01 -0300] "GET /cormun/servlet/solicitudotadjuntos?INS,2016,149,,1, HTTP/1.1" 200 5388
200.111.191.210 - - [29/Feb/2016:11:17:01 -0300] "GET /cormun/static/about:blank HTTP/1.1" 404 1011
200.111.191.210 - - [29/Feb/2016:11:17:01 -0300] "GET /cormun/servlet/solicitudotadjuntos?INS,2016,149,,1, HTTP/1.1" 200 5382
200.111.191.210 - - [29/Feb/2016:11:17:02 -0300] "GET /cormun/servlet/solicitudotadjuntos?ce409b69e43077e500b9f77c39cce422831706ee90716d102e0d1aeacdc68b793879c468fdca4f543ace10940c9c3d1b,gx-no-cache=1456755432627 HTTP/1.1" 200 30
200.111.191.210 - - [29/Feb/2016:11:17:02 -0300] "POST /cormun/servlet/solicitudotadjuntos?6772fbaa6061334245d65fdbc446376a,INS,2016,149,,1,,gx-no-cache=1456755432651 HTTP/1.1" 200 3291
200.111.191.210 - - [29/Feb/2016:11:17:05 -0300] "POST /cormun/servlet/solicitudotadjuntos?gx-no-cache=1456755435935 HTTP/1.1" 200 26
200.111.191.210 - - [29/Feb/2016:11:17:11 -0300] "GET /cormun/servlet/solicitudotadjuntos?ce409b69e43077e500b9f77c39cce4225200bf225c5bf83ee2a44d8d6486ef36,gx-no-cache=1456755441304 HTTP/1.1" 200 30
200.111.191.210 - - [29/Feb/2016:11:17:11 -0300] "GET /cormun/servlet/solicitudotadjuntos?ce409b69e43077e500b9f77c39cce4225200bf225c5bf83ee2a44d8d6486ef36,gx-no-cache=1456755441320 HTTP/1.1" 200 30
200.111.191.210 - - [29/Feb/2016:11:17:11 -0300] "POST /cormun/servlet/solicitudotadjuntos?6772fbaa6061334245d65fdbc446376a,INS,2016,149,,1, HTTP/1.1" 200 116
200.111.191.210 - - [29/Feb/2016:11:17:11 -0300] "GET /cormun/servlet/hpexe_return? HTTP/1.1" 200 1032
200.111.191.210 - - [29/Feb/2016:11:17:12 -0300] "GET /cormun/servlet/trsolicitudadjuntos?2016,149, HTTP/1.1" 200 7887
200.111.191.210 - - [29/Feb/2016:11:17:13 -0300] "GET /cormun/servlet/trsolicitudadjuntos?2016,149, HTTP/1.1" 200 7885
186.78.61.101 - - [29/Feb/2016:11:17:18 -0300] "POST /cormun/servlet/trautorizarsolicitud?723b30637467688bd2a88569b08dfefa,,gx-no-cache=1456755444508 HTTP/1.1" 200 3440
200.111.191.210 - - [29/Feb/2016:11:17:19 -0300] "GET /cormun/servlet/trsolicitudot? HTTP/1.1" 200 7886
200.111.191.210 - - [29/Feb/2016:11:17:19 -0300] "GET /cormun/servlet/trsolicitudot? HTTP/1.1" 200 7880
186.78.61.101 - - [29/Feb/2016:11:17:25 -0300] "POST /cormun/servlet/trautorizarsolicitud?723b30637467688bd2a88569b08dfefa,,gx-no-cache=1456755467589 HTTP/1.1" 200 3439
200.111.191.210 - - [29/Feb/2016:11:17:29 -0300] "POST /cormun/servlet/trsolicitudot?6772fbaa6061334245d65fdbc446376a,,gx-no-cache=1456755459084 HTTP/1.1" 200 5312
200.111.191.210 - - [29/Feb/2016:11:17:29 -0300] "POST /cormun/servlet/trsolicitudot?6772fbaa6061334245d65fdbc446376a,,gx-no-cache=1456755459703 HTTP/1.1" 200 5311
200.111.191.210 - - [29/Feb/2016:11:17:29 -0300] "POST /cormun/servlet/trsolicitudot?6772fbaa6061334245d65fdbc446376a,,gx-no-cache=1456755459971 HTTP/1.1" 200 5311
200.111.191.210 - - [29/Feb/2016:11:17:30 -0300] "POST /cormun/servlet/trsolicitudot?6772fbaa6061334245d65fdbc446376a,,gx-no-cache=1456755460212 HTTP/1.1" 200 5311
200.111.191.210 - - [29/Feb/2016:11:17:30 -0300] "POST /cormun/servlet/trsolicitudot?6772fbaa6061334245d65fdbc446376a,,gx-no-cache=1456755460393 HTTP/1.1" 200 5311
200.111.191.210 - - [29/Feb/2016:11:17:30 -0300] "POST /cormun/servlet/trsolicitudot?6772fbaa6061334245d65fdbc446376a,,gx-no-cache=1456755460568 HTTP/1.1" 200 5312
200.111.191.210 - - [29/Feb/2016:11:17:30 -0300] "POST /cormun/servlet/trsolicitudot?6772fbaa6061334245d65fdbc446376a,,gx-no-cache=1456755460733 HTTP/1.1" 200 5311
186.78.61.101 - - [29/Feb/2016:11:17:30 -0300] "POST /cormun/servlet/trautorizarsolicitud?723b30637467688bd2a88569b08dfefa,,gx-no-cache=1456755474183 HTTP/1.1" 200 3440
200.111.191.210 - - [29/Feb/2016:11:17:30 -0300] "POST /cormun/servlet/trsolicitudot?6772fbaa6061334245d65fdbc446376a,,gx-no-cache=1456755460913 HTTP/1.1" 200 5025
200.111.191.210 - - [29/Feb/2016:11:17:30 -0300] "GET /cormun/static/Shared/jqueryui/images/ui-bg_highlight-soft_100_c6c2c8_1x100.png HTTP/1.1" 404 1117
200.111.191.210 - - [29/Feb/2016:11:17:30 -0300] "GET /cormun/static/Shared/jqueryui/images/ui-icons_82798d_256x240.png HTTP/1.1" 404 1089
200.111.191.210 - - [29/Feb/2016:11:17:30 -0300] "GET /cormun/static/Shared/jqueryui/images/ui-bg_flat_55_fafafa_40x100.png HTTP/1.1" 404 1097
200.111.191.210 - - [29/Feb/2016:11:17:30 -0300] "GET /cormun/static/Shared/jqueryui/images/ui-icons_8d78a5_256x240.png HTTP/1.1" 404 1089
200.111.191.210 - - [29/Feb/2016:11:17:30 -0300] "POST /cormun/servlet/trsolicitudot?6772fbaa6061334245d65fdbc446376a,,gx-no-cache=1456755461178 HTTP/1.1" 200 4964
186.67.172.234 - - [29/Feb/2016:11:17:34 -0300] "GET /cormun/servlet/hlogin HTTP/1.1" 200 1718
186.78.61.101 - - [29/Feb/2016:11:17:37 -0300] "GET /cormun/servlet/trautorizarsolicitud? HTTP/1.1" 200 6115
200.111.191.210 - - [29/Feb/2016:11:17:38 -0300] "GET /cormun/servlet/trsolicitudot? HTTP/1.1" 200 7572
200.111.191.210 - - [29/Feb/2016:11:17:38 -0300] "GET /cormun/servlet/trsolicitudot? HTTP/1.1" 200 7572
186.78.61.101 - - [29/Feb/2016:11:17:41 -0300] "GET /cormun/servlet/trautorizarsolicitud? HTTP/1.1" 200 6115
186.67.172.234 - - [29/Feb/2016:11:17:41 -0300] "POST /cormun/servlet/hlogin?5cd0f7793382966fcae9f43c00b371bb,gx-no-cache=1456755513050 HTTP/1.1" 200 90
186.67.172.234 - - [29/Feb/2016:11:17:41 -0300] "GET /cormun/servlet/hpexe_link HTTP/1.1" 200 957
186.67.172.234 - - [29/Feb/2016:11:17:41 -0300] "GET /cormun/servlet/trautorizarsolicitud? HTTP/1.1" 200 6083
186.67.172.234 - - [29/Feb/2016:11:17:42 -0300] "GET /cormun/servlet/trautorizarsolicitud? HTTP/1.1" 200 6082
186.78.61.101 - - [29/Feb/2016:11:17:45 -0300] "GET /favicon.ico HTTP/1.1" 200 21630
186.67.172.234 - - [29/Feb/2016:11:17:52 -0300] "GET /cormun/servlet/trsolicitudot? HTTP/1.1" 200 7434
186.67.172.234 - - [29/Feb/2016:11:17:53 -0300] "GET /cormun/servlet/trsolicitudot? HTTP/1.1" 200 7433
200.111.191.210 - - [29/Feb/2016:11:17:54 -0300] "GET /cormun/servlet/hlogin HTTP/1.1" 200 1741
186.78.61.101 - - [29/Feb/2016:11:17:56 -0300] "GET /cormun/servlet/hlogin HTTP/1.1" 200 1743
186.78.61.101 - - [29/Feb/2016:11:18:02 -0300] "GET /cormun/servlet/hlogin HTTP/1.1" 200 1743
200.111.191.210 - - [29/Feb/2016:11:18:31 -0300] "POST /cormun/servlet/hlogin?6772fbaa6061334245d65fdbc446376a,gx-no-cache=1456755521924 HTTP/1.1" 200 90
200.111.191.210 - - [29/Feb/2016:11:18:31 -0300] "GET /cormun/servlet/hpexe_link HTTP/1.1" 200 956
200.111.191.210 - - [29/Feb/2016:11:18:31 -0300] "GET /cormun/servlet/hhome HTTP/1.1" 200 3386
200.111.191.210 - - [29/Feb/2016:11:18:32 -0300] "GET /cormun/servlet/hhome HTTP/1.1" 200 3383
186.67.172.234 - - [29/Feb/2016:11:18:37 -0300] "POST /cormun/servlet/trsolicitudot?5cd0f7793382966fcae9f43c00b371bb,,gx-no-cache=1456755568693 HTTP/1.1" 200 4884
186.67.172.234 - - [29/Feb/2016:11:18:37 -0300] "POST /cormun/servlet/trsolicitudot?5cd0f7793382966fcae9f43c00b371bb,,gx-no-cache=1456755569004 HTTP/1.1" 200 4883
186.67.172.234 - - [29/Feb/2016:11:18:37 -0300] "POST /cormun/servlet/trsolicitudot?5cd0f7793382966fcae9f43c00b371bb,,gx-no-cache=1456755569479 HTTP/1.1" 200 4884
186.67.172.234 - - [29/Feb/2016:11:18:38 -0300] "POST /cormun/servlet/trsolicitudot?5cd0f7793382966fcae9f43c00b371bb,,gx-no-cache=1456755569691 HTTP/1.1" 200 4884
186.67.172.234 - - [29/Feb/2016:11:18:38 -0300] "POST /cormun/servlet/trsolicitudot?5cd0f7793382966fcae9f43c00b371bb,,gx-no-cache=1456755570181 HTTP/1.1" 200 4884
186.67.172.234 - - [29/Feb/2016:11:18:38 -0300] "POST /cormun/servlet/trsolicitudot?5cd0f7793382966fcae9f43c00b371bb,,gx-no-cache=1456755570355 HTTP/1.1" 200 4884
186.67.172.234 - - [29/Feb/2016:11:18:38 -0300] "POST /cormun/servlet/trsolicitudot?5cd0f7793382966fcae9f43c00b371bb,,gx-no-cache=1456755570526 HTTP/1.1" 200 4884
186.67.172.234 - - [29/Feb/2016:11:18:38 -0300] "POST /cormun/servlet/trsolicitudot?5cd0f7793382966fcae9f43c00b371bb,,gx-no-cache=1456755570720 HTTP/1.1" 200 104
186.67.172.234 - - [29/Feb/2016:11:18:39 -0300] "GET /cormun/servlet/solicitudot?UPD,2016,229, HTTP/1.1" 200 13287
200.111.191.210 - - [29/Feb/2016:11:18:39 -0300] "GET /cormun/servlet/trautorizarsolicitud? HTTP/1.1" 200 6036
200.111.191.210 - - [29/Feb/2016:11:18:39 -0300] "GET /cormun/static/Resources/Spanish/PXTools.css?12395978 HTTP/1.1" 304 -
200.111.191.210 - - [29/Feb/2016:11:18:39 -0300] "GET /cormun/static/gxcfg.js?2016224124647 HTTP/1.1" 304 -
200.111.191.210 - - [29/Feb/2016:11:18:39 -0300] "GET /cormun/static/trautorizarsolicitud.js?20162241246932 HTTP/1.1" 304 -
200.111.191.210 - - [29/Feb/2016:11:18:39 -0300] "GET /cormun/servlet/trautorizarsolicitud? HTTP/1.1" 200 6036
186.67.172.234 - - [29/Feb/2016:11:18:39 -0300] "GET /cormun/servlet/solicitudot?UPD,2016,229, HTTP/1.1" 200 13296
186.67.172.234 - - [29/Feb/2016:11:18:40 -0300] "POST /cormun/servlet/solicitudot?gx-no-cache=1456755571973 HTTP/1.1" 200 2739
186.67.172.234 - - [29/Feb/2016:11:18:40 -0300] "POST /cormun/servlet/solicitudot?5cd0f7793382966fcae9f43c00b371bb,UPD,2016,229,,gx-no-cache=1456755572426 HTTP/1.1" 200 10178
186.67.172.234 - - [29/Feb/2016:11:18:40 -0300] "GET /cormun/servlet/solicitudot?decbf714890b777cb6b32f42f9c85945b2f25c90551bf5fa58a5684d2f2606518b4aac3950cd6b2f949eb72d7ad0b6c7,gx-no-cache=1456755572610 HTTP/1.1" 200 30
186.67.172.234 - - [29/Feb/2016:11:18:40 -0300] "POST /cormun/servlet/solicitudot?gx-no-cache=1456755572645 HTTP/1.1" 200 30
186.67.172.234 - - [29/Feb/2016:11:18:40 -0300] "POST /cormun/servlet/solicitudot?gx-no-cache=1456755572666 HTTP/1.1" 200 30
186.67.172.234 - - [29/Feb/2016:11:18:40 -0300] "POST /cormun/servlet/solicitudot?gx-no-cache=1456755572702 HTTP/1.1" 200 1154
186.67.172.234 - - [29/Feb/2016:11:18:40 -0300] "GET /cormun/servlet/solicitudot?decbf714890b777cb6b32f42f9c8594546c50b2e7f5e6311dccb81522910ac14841c15c267edd8313c8fa090a205da1f489e703d2104f66080dc46c609cc6adb74fac039b7489747febeac01500069a8f2c465888ef23326355f6270f9bccd88946b6d02ea47344740a6952c8703e1c1aea4046434fbac13899a2ad355aa638814cc2e6b4121cc0e65e9abed3e627d4ebab11484789f11823582233236627734,gx-no-cache=1456755572745 HTTP/1.1" 200 41
200.111.191.210 - - [29/Feb/2016:11:18:42 -0300] "GET /cormun/static/menuarrow.gif HTTP/1.1" 404 1015
200.111.191.210 - - [29/Feb/2016:11:18:48 -0300] "POST /cormun/servlet/trautorizarsolicitud?6772fbaa6061334245d65fdbc446376a,,gx-no-cache=1456755538694 HTTP/1.1" 200 4800
200.111.191.210 - - [29/Feb/2016:11:18:49 -0300] "POST /cormun/servlet/trautorizarsolicitud?6772fbaa6061334245d65fdbc446376a,,gx-no-cache=1456755538916 HTTP/1.1" 200 4799
200.111.191.210 - - [29/Feb/2016:11:18:49 -0300] "POST /cormun/servlet/trautorizarsolicitud?6772fbaa6061334245d65fdbc446376a,,gx-no-cache=1456755539442 HTTP/1.1" 200 4800
200.111.191.210 - - [29/Feb/2016:11:18:49 -0300] "POST /cormun/servlet/trautorizarsolicitud?6772fbaa6061334245d65fdbc446376a,,gx-no-cache=1456755539572 HTTP/1.1" 200 4800
200.111.191.210 - - [29/Feb/2016:11:18:49 -0300] "POST /cormun/servlet/trautorizarsolicitud?6772fbaa6061334245d65fdbc446376a,,gx-no-cache=1456755539699 HTTP/1.1" 200 4800
200.111.191.210 - - [29/Feb/2016:11:18:49 -0300] "POST /cormun/servlet/trautorizarsolicitud?6772fbaa6061334245d65fdbc446376a,,gx-no-cache=1456755539826 HTTP/1.1" 200 4800
200.111.191.210 - - [29/Feb/2016:11:18:49 -0300] "POST /cormun/servlet/trautorizarsolicitud?6772fbaa6061334245d65fdbc446376a,,gx-no-cache=1456755539949 HTTP/1.1" 200 4800
200.111.191.210 - - [29/Feb/2016:11:18:49 -0300] "POST /cormun/servlet/trautorizarsolicitud?6772fbaa6061334245d65fdbc446376a,,gx-no-cache=1456755540090 HTTP/1.1" 200 4800
200.111.191.210 - - [29/Feb/2016:11:18:56 -0300] "POST /cormun/servlet/trautorizarsolicitud?6772fbaa6061334245d65fdbc446376a,,gx-no-cache=1456755546195 HTTP/1.1" 200 3546
200.111.191.210 - - [29/Feb/2016:11:18:56 -0300] "GET /cormun/static/Shared/jqueryui/images/ui-icons_82798d_256x240.png HTTP/1.1" 404 1089
200.111.191.210 - - [29/Feb/2016:11:18:56 -0300] "GET /cormun/static/Shared/jqueryui/images/ui-bg_highlight-soft_100_c6c2c8_1x100.png HTTP/1.1" 404 1117
200.111.191.210 - - [29/Feb/2016:11:18:56 -0300] "GET /cormun/static/Shared/jqueryui/images/ui-bg_flat_55_fafafa_40x100.png HTTP/1.1" 404 1097
200.111.191.210 - - [29/Feb/2016:11:18:56 -0300] "GET /cormun/static/Shared/jqueryui/images/ui-icons_8d78a5_256x240.png HTTP/1.1" 404 1089
200.111.191.210 - - [29/Feb/2016:11:18:56 -0300] "POST /cormun/servlet/trautorizarsolicitud?6772fbaa6061334245d65fdbc446376a,,gx-no-cache=1456755546378 HTTP/1.1" 200 3407
186.67.172.234 - - [29/Feb/2016:11:18:59 -0300] "GET /cormun/servlet/solicitudot?decbf714890b777cb6b32f42f9c859459f24da678f540ad27f093e5410783b7df023250c1fec34e374e36e50d64ec44fd0228802eeb8b7c73896fb1350c69146f97c54a18db0f8df22f7fca1411c5949033fc5239cf5dc2b712f93fb5247082f37bb6acd8a65899538f0e69a4c7ebf8cf0d95787a555ae05abf2dc30b84384ba50ce4b1cda30e0217ba55791625eb08d352bf25df89a91ada685f0be920b21e21a575c3c0c08c9a3af7e40ec295796ae600d3907bed90611bc23e8411fda9c00c5ddfb2025b75f0522772f34ff1bd815,gx-no-cache=1456755590900 HTTP/1.1" 200 30
186.67.172.234 - - [29/Feb/2016:11:19:07 -0300] "POST /cormun/servlet/solicitudot?gx-no-cache=1456755598984 HTTP/1.1" 200 1116
186.67.172.234 - - [29/Feb/2016:11:19:07 -0300] "GET /cormun/servlet/solicitudot?decbf714890b777cb6b32f42f9c8594577fff886592763745f0a9db8c0791f508dddaff6ed416329382f52823ba5d78c29abdabc06ba382a7f2458a8bcedac47b4aab35bdebec703b2c46733b9768864f3f91e7d1e3201f07bec30581a6d0d20f0f79c90e71ba700e8797422a59a8fa0521f81c7c4e79a926c2177de06a486308f87a3ca5070ddbe49a4c5d69b2f8d767e0c81bf60df5c6d2cdf20e9fb2d44b23177f3aa01b635a8163760e261d10ef9,gx-no-cache=1456755599076 HTTP/1.1" 200 30
186.67.172.234 - - [29/Feb/2016:11:19:07 -0300] "POST /cormun/servlet/solicitudot?5cd0f7793382966fcae9f43c00b371bb,UPD,2016,229,,gx-no-cache=1456755599155 HTTP/1.1" 200 93
186.67.172.234 - - [29/Feb/2016:11:19:07 -0300] "GET /cormun/servlet/hpexe_return? HTTP/1.1" 200 1008
186.67.172.234 - - [29/Feb/2016:11:19:07 -0300] "GET /cormun/servlet/trsolicitudot? HTTP/1.1" 200 7438
186.67.172.234 - - [29/Feb/2016:11:19:08 -0300] "GET /cormun/servlet/trsolicitudot? HTTP/1.1" 200 7434
186.67.172.234 - - [29/Feb/2016:11:19:21 -0300] "POST /cormun/servlet/trsolicitudot?5cd0f7793382966fcae9f43c00b371bb,,gx-no-cache=1456755613377 HTTP/1.1" 200 4881
186.67.172.234 - - [29/Feb/2016:11:19:22 -0300] "POST /cormun/servlet/trsolicitudot?5cd0f7793382966fcae9f43c00b371bb,,gx-no-cache=1456755613535 HTTP/1.1" 200 4882
186.67.172.234 - - [29/Feb/2016:11:19:22 -0300] "POST /cormun/servlet/trsolicitudot?5cd0f7793382966fcae9f43c00b371bb,,gx-no-cache=1456755614020 HTTP/1.1" 200 4881
186.67.172.234 - - [29/Feb/2016:11:19:22 -0300] "POST /cormun/servlet/trsolicitudot?5cd0f7793382966fcae9f43c00b371bb,,gx-no-cache=1456755614185 HTTP/1.1" 200 4882
186.67.172.234 - - [29/Feb/2016:11:19:22 -0300] "POST /cormun/servlet/trsolicitudot?5cd0f7793382966fcae9f43c00b371bb,,gx-no-cache=1456755614359 HTTP/1.1" 200 4881
186.67.172.234 - - [29/Feb/2016:11:19:22 -0300] "POST /cormun/servlet/trsolicitudot?5cd0f7793382966fcae9f43c00b371bb,,gx-no-cache=1456755614540 HTTP/1.1" 200 4880
186.67.172.234 - - [29/Feb/2016:11:19:23 -0300] "POST /cormun/servlet/trsolicitudot?5cd0f7793382966fcae9f43c00b371bb,,gx-no-cache=1456755614698 HTTP/1.1" 200 4881
186.67.172.234 - - [29/Feb/2016:11:19:23 -0300] "POST /cormun/servlet/trsolicitudot?5cd0f7793382966fcae9f43c00b371bb,,gx-no-cache=1456755615368 HTTP/1.1" 200 105
186.67.172.234 - - [29/Feb/2016:11:19:23 -0300] "GET /cormun/servlet/trsolicitudadjuntos?2016,229, HTTP/1.1" 200 5375
186.67.172.234 - - [29/Feb/2016:11:19:24 -0300] "GET /cormun/servlet/trsolicitudadjuntos?2016,229, HTTP/1.1" 200 5375
186.67.172.234 - - [29/Feb/2016:11:19:25 -0300] "POST /cormun/servlet/acontrolpreferencessavestate?None,CSILVIA,true HTTP/1.1" 200 35
186.67.172.234 - - [29/Feb/2016:11:19:27 -0300] "GET /cormun/servlet/solicitudotadjuntos?INS,2016,229,,1, HTTP/1.1" 200 5439
186.67.172.234 - - [29/Feb/2016:11:19:27 -0300] "GET /cormun/static/about:blank HTTP/1.1" 404 1011
186.67.172.234 - - [29/Feb/2016:11:19:27 -0300] "GET /cormun/servlet/solicitudotadjuntos?INS,2016,229,,1, HTTP/1.1" 200 5433
186.67.172.234 - - [29/Feb/2016:11:19:28 -0300] "GET /cormun/servlet/solicitudotadjuntos?decbf714890b777cb6b32f42f9c85945fedfcbf62a94c8b21c363675e600c31abab11484789f11823582233236627734,gx-no-cache=1456755620201 HTTP/1.1" 200 30
186.67.172.234 - - [29/Feb/2016:11:19:28 -0300] "POST /cormun/servlet/solicitudotadjuntos?5cd0f7793382966fcae9f43c00b371bb,INS,2016,229,,1,,gx-no-cache=1456755620238 HTTP/1.1" 200 3341
186.67.172.234 - - [29/Feb/2016:11:19:44 -0300] "POST /cormun/servlet/solicitudotadjuntos?gx-no-cache=1456755636220 HTTP/1.1" 200 26
186.67.172.234 - - [29/Feb/2016:11:19:54 -0300] "GET /cormun/servlet/solicitudotadjuntos?decbf714890b777cb6b32f42f9c8594562804cdec27a19eb6e91320794413776,gx-no-cache=1456755646109 HTTP/1.1" 200 30
186.67.172.234 - - [29/Feb/2016:11:19:54 -0300] "GET /cormun/servlet/solicitudotadjuntos?decbf714890b777cb6b32f42f9c8594562804cdec27a19eb6e91320794413776,gx-no-cache=1456755646128 HTTP/1.1" 200 30
186.67.172.234 - - [29/Feb/2016:11:19:54 -0300] "POST /cormun/servlet/solicitudotadjuntos?5cd0f7793382966fcae9f43c00b371bb,INS,2016,229,,1, HTTP/1.1" 200 116
186.67.172.234 - - [29/Feb/2016:11:19:54 -0300] "GET /cormun/servlet/hpexe_return? HTTP/1.1" 200 1019
186.67.172.234 - - [29/Feb/2016:11:19:54 -0300] "GET /cormun/servlet/trsolicitudadjuntos?2016,229, HTTP/1.1" 200 7253
186.67.172.234 - - [29/Feb/2016:11:19:55 -0300] "GET /cormun/servlet/trsolicitudadjuntos?2016,229, HTTP/1.1" 200 7251
186.67.172.234 - - [29/Feb/2016:11:19:58 -0300] "GET /cormun/servlet/solicitudotadjuntos?INS,2016,229,,1, HTTP/1.1" 200 5439
186.67.172.234 - - [29/Feb/2016:11:19:58 -0300] "GET /cormun/static/about:blank HTTP/1.1" 404 1011
186.67.172.234 - - [29/Feb/2016:11:19:59 -0300] "GET /cormun/servlet/solicitudotadjuntos?INS,2016,229,,1, HTTP/1.1" 200 5433
186.67.172.234 - - [29/Feb/2016:11:19:59 -0300] "GET /cormun/servlet/solicitudotadjuntos?decbf714890b777cb6b32f42f9c85945fedfcbf62a94c8b21c363675e600c31abab11484789f11823582233236627734,gx-no-cache=1456755651453 HTTP/1.1" 200 30
186.67.172.234 - - [29/Feb/2016:11:19:59 -0300] "POST /cormun/servlet/solicitudotadjuntos?5cd0f7793382966fcae9f43c00b371bb,INS,2016,229,,1,,gx-no-cache=1456755651484 HTTP/1.1" 200 3341
186.67.172.234 - - [29/Feb/2016:11:20:04 -0300] "POST /cormun/servlet/solicitudotadjuntos?gx-no-cache=1456755656133 HTTP/1.1" 200 26
186.67.172.234 - - [29/Feb/2016:11:20:13 -0300] "GET /cormun/servlet/solicitudotadjuntos?decbf714890b777cb6b32f42f9c8594562804cdec27a19eb6e91320794413776,gx-no-cache=1456755665124 HTTP/1.1" 200 30
186.67.172.234 - - [29/Feb/2016:11:20:13 -0300] "GET /cormun/servlet/solicitudotadjuntos?decbf714890b777cb6b32f42f9c8594562804cdec27a19eb6e91320794413776,gx-no-cache=1456755665137 HTTP/1.1" 200 30
186.67.172.234 - - [29/Feb/2016:11:20:13 -0300] "POST /cormun/servlet/solicitudotadjuntos?5cd0f7793382966fcae9f43c00b371bb,INS,2016,229,,1, HTTP/1.1" 200 116
186.67.172.234 - - [29/Feb/2016:11:20:13 -0300] "GET /cormun/servlet/hpexe_return? HTTP/1.1" 200 1019
186.67.172.234 - - [29/Feb/2016:11:20:13 -0300] "GET /cormun/servlet/trsolicitudadjuntos?2016,229, HTTP/1.1" 200 7435
186.67.172.234 - - [29/Feb/2016:11:20:14 -0300] "GET /cormun/servlet/trsolicitudadjuntos?2016,229, HTTP/1.1" 200 7432
186.78.49.227 - - [29/Feb/2016:11:20:21 -0300] "GET /cormun/servlet/hlogin HTTP/1.1" 200 1729
186.67.172.234 - - [29/Feb/2016:11:20:29 -0300] "GET /cormun/servlet/solicitudotadjuntos?INS,2016,229,,1, HTTP/1.1" 200 5438
186.67.172.234 - - [29/Feb/2016:11:20:29 -0300] "GET /cormun/static/about:blank HTTP/1.1" 404 1011
186.67.172.234 - - [29/Feb/2016:11:20:29 -0300] "GET /cormun/servlet/solicitudotadjuntos?INS,2016,229,,1, HTTP/1.1" 200 5432
186.67.172.234 - - [29/Feb/2016:11:20:30 -0300] "GET /cormun/servlet/solicitudotadjuntos?decbf714890b777cb6b32f42f9c85945fedfcbf62a94c8b21c363675e600c31abab11484789f11823582233236627734,gx-no-cache=1456755681903 HTTP/1.1" 200 30
186.67.172.234 - - [29/Feb/2016:11:20:30 -0300] "POST /cormun/servlet/solicitudotadjuntos?5cd0f7793382966fcae9f43c00b371bb,INS,2016,229,,1,,gx-no-cache=1456755681929 HTTP/1.1" 200 3340
186.67.172.234 - - [29/Feb/2016:11:20:40 -0300] "POST /cormun/servlet/solicitudotadjuntos?gx-no-cache=1456755692346 HTTP/1.1" 200 26
186.67.172.234 - - [29/Feb/2016:11:20:48 -0300] "GET /cormun/servlet/solicitudotadjuntos?decbf714890b777cb6b32f42f9c8594562804cdec27a19eb6e91320794413776,gx-no-cache=1456755700189 HTTP/1.1" 200 30
186.67.172.234 - - [29/Feb/2016:11:20:48 -0300] "GET /cormun/servlet/solicitudotadjuntos?decbf714890b777cb6b32f42f9c8594562804cdec27a19eb6e91320794413776,gx-no-cache=1456755700202 HTTP/1.1" 200 30
186.67.172.234 - - [29/Feb/2016:11:20:48 -0300] "POST /cormun/servlet/solicitudotadjuntos?5cd0f7793382966fcae9f43c00b371bb,INS,2016,229,,1, HTTP/1.1" 200 116
186.67.172.234 - - [29/Feb/2016:11:20:48 -0300] "GET /cormun/servlet/hpexe_return? HTTP/1.1" 200 1019
186.67.172.234 - - [29/Feb/2016:11:20:48 -0300] "GET /cormun/servlet/trsolicitudadjuntos?2016,229, HTTP/1.1" 200 7605
186.67.172.234 - - [29/Feb/2016:11:20:49 -0300] "GET /cormun/servlet/trsolicitudadjuntos?2016,229, HTTP/1.1" 200 7601
186.67.172.234 - - [29/Feb/2016:11:20:52 -0300] "GET /cormun/servlet/solicitudotadjuntos?INS,2016,229,,1, HTTP/1.1" 200 5438
186.67.172.234 - - [29/Feb/2016:11:20:53 -0300] "GET /cormun/static/about:blank HTTP/1.1" 404 1011
186.78.49.227 - - [29/Feb/2016:11:20:53 -0300] "POST /cormun/servlet/hlogin?77c3fc30bd8ae220fdb7acc90f7877a6,gx-no-cache=1456755728535 HTTP/1.1" 200 90
186.78.49.227 - - [29/Feb/2016:11:20:53 -0300] "GET /cormun/servlet/hpexe_link HTTP/1.1" 200 956
186.78.49.227 - - [29/Feb/2016:11:20:53 -0300] "GET /cormun/static/gxcfg.js?20151120044395 HTTP/1.1" 304 -
186.78.49.227 - - [29/Feb/2016:11:20:53 -0300] "GET /cormun/static/hpexe_link.js?20151120044398 HTTP/1.1" 304 -
186.67.172.234 - - [29/Feb/2016:11:20:53 -0300] "GET /cormun/servlet/solicitudotadjuntos?INS,2016,229,,1, HTTP/1.1" 200 5432
186.78.49.227 - - [29/Feb/2016:11:20:53 -0300] "GET /cormun/servlet/hhome HTTP/1.1" 200 3364
186.78.49.227 - - [29/Feb/2016:11:20:53 -0300] "GET /cormun/static/Resources/Spanish/PXTools.css?10515224 HTTP/1.1" 304 -
186.78.49.227 - - [29/Feb/2016:11:20:53 -0300] "GET /cormun/static/gxcfg.js?2015112210564248 HTTP/1.1" 304 -
186.78.49.227 - - [29/Feb/2016:11:20:53 -0300] "GET /cormun/static/hhome.js?2015112210564255 HTTP/1.1" 304 -
186.78.49.227 - - [29/Feb/2016:11:20:53 -0300] "GET /cormun/static/hwchdr01.js?20162241650484 HTTP/1.1" 304 -
186.78.49.227 - - [29/Feb/2016:11:20:53 -0300] "GET /cormun/static/hpexe_recentlink.js?2015111312121342 HTTP/1.1" 304 -
186.78.49.227 - - [29/Feb/2016:11:20:53 -0300] "GET /cormun/static/hpexe_scripts.js?20151120014546 HTTP/1.1" 304 -
186.78.49.227 - - [29/Feb/2016:11:20:53 -0300] "GET /cormun/static/hpexe_messagecontroller.js?2015112210524422 HTTP/1.1" 304 -
186.78.49.227 - - [29/Feb/2016:11:20:53 -0300] "GET /cormun/static/hpexe_messagepopupcomponent.js?201622412404545 HTTP/1.1" 304 -
186.78.49.227 - - [29/Feb/2016:11:20:53 -0300] "GET /cormun/static/hpexe_messagegenexuscomponent.js?20151120014314 HTTP/1.1" 304 -
186.78.49.227 - - [29/Feb/2016:11:20:53 -0300] "GET /cormun/static/cmcontrolpreferences.js?20151120014525 HTTP/1.1" 304 -
186.78.49.227 - - [29/Feb/2016:11:20:53 -0300] "GET /cormun/static/hmpwkw03.js?201622421393366 HTTP/1.1" 304 -
186.67.172.234 - - [29/Feb/2016:11:20:53 -0300] "GET /cormun/servlet/solicitudotadjuntos?decbf714890b777cb6b32f42f9c85945fedfcbf62a94c8b21c363675e600c31abab11484789f11823582233236627734,gx-no-cache=1456755705666 HTTP/1.1" 200 30
186.67.172.234 - - [29/Feb/2016:11:20:53 -0300] "POST /cormun/servlet/solicitudotadjuntos?5cd0f7793382966fcae9f43c00b371bb,INS,2016,229,,1,,gx-no-cache=1456755705694 HTTP/1.1" 200 3340
186.78.49.227 - - [29/Feb/2016:11:20:54 -0300] "GET /cormun/servlet/hhome HTTP/1.1" 200 3362
186.67.172.234 - - [29/Feb/2016:11:20:58 -0300] "POST /cormun/servlet/solicitudotadjuntos?gx-no-cache=1456755710705 HTTP/1.1" 200 26
186.78.49.227 - - [29/Feb/2016:11:21:01 -0300] "GET /cormun/servlet/trsolicitudot? HTTP/1.1" 200 6082
186.78.49.227 - - [29/Feb/2016:11:21:01 -0300] "GET /cormun/static/Resources/Spanish/PXTools.css?17554516 HTTP/1.1" 304 -
186.78.49.227 - - [29/Feb/2016:11:21:01 -0300] "GET /cormun/static/gxcfg.js?20161623482752 HTTP/1.1" 304 -
186.78.49.227 - - [29/Feb/2016:11:21:01 -0300] "GET /cormun/static/trsolicitudot.js?20161623483284 HTTP/1.1" 304 -
186.78.49.227 - - [29/Feb/2016:11:21:02 -0300] "GET /cormun/servlet/trsolicitudot? HTTP/1.1" 200 6082
186.67.172.234 - - [29/Feb/2016:11:21:05 -0300] "GET /cormun/servlet/solicitudotadjuntos?decbf714890b777cb6b32f42f9c8594562804cdec27a19eb6e91320794413776,gx-no-cache=1456755717557 HTTP/1.1" 200 30
186.67.172.234 - - [29/Feb/2016:11:21:05 -0300] "GET /cormun/servlet/solicitudotadjuntos?decbf714890b777cb6b32f42f9c8594562804cdec27a19eb6e91320794413776,gx-no-cache=1456755717567 HTTP/1.1" 200 30
186.67.172.234 - - [29/Feb/2016:11:21:06 -0300] "POST /cormun/servlet/solicitudotadjuntos?5cd0f7793382966fcae9f43c00b371bb,INS,2016,229,,1, HTTP/1.1" 200 116
186.67.172.234 - - [29/Feb/2016:11:21:06 -0300] "GET /cormun/servlet/hpexe_return? HTTP/1.1" 200 1019
186.67.172.234 - - [29/Feb/2016:11:21:06 -0300] "GET /cormun/servlet/trsolicitudadjuntos?2016,229, HTTP/1.1" 200 7726
186.67.172.234 - - [29/Feb/2016:11:21:07 -0300] "GET /cormun/servlet/trsolicitudadjuntos?2016,229, HTTP/1.1" 200 7725
186.67.172.234 - - [29/Feb/2016:11:21:20 -0300] "GET /cormun/servlet/solicitudotadjuntos?INS,2016,229,,1, HTTP/1.1" 200 5439
186.67.172.234 - - [29/Feb/2016:11:21:20 -0300] "GET /cormun/static/about:blank HTTP/1.1" 404 1011
186.67.172.234 - - [29/Feb/2016:11:21:20 -0300] "GET /cormun/servlet/solicitudotadjuntos?INS,2016,229,,1, HTTP/1.1" 200 5433
186.67.172.234 - - [29/Feb/2016:11:21:21 -0300] "GET /cormun/servlet/solicitudotadjuntos?decbf714890b777cb6b32f42f9c85945fedfcbf62a94c8b21c363675e600c31abab11484789f11823582233236627734,gx-no-cache=1456755732830 HTTP/1.1" 200 30
186.67.172.234 - - [29/Feb/2016:11:21:21 -0300] "POST /cormun/servlet/solicitudotadjuntos?5cd0f7793382966fcae9f43c00b371bb,INS,2016,229,,1,,gx-no-cache=1456755732867 HTTP/1.1" 200 3342
186.67.172.234 - - [29/Feb/2016:11:21:26 -0300] "POST /cormun/servlet/solicitudotadjuntos?gx-no-cache=1456755737815 HTTP/1.1" 200 26
186.78.49.227 - - [29/Feb/2016:11:21:31 -0300] "POST /cormun/servlet/trsolicitudot?77c3fc30bd8ae220fdb7acc90f7877a6,,gx-no-cache=1456755770375 HTTP/1.1" 200 3445
186.78.49.227 - - [29/Feb/2016:11:21:31 -0300] "POST /cormun/servlet/trsolicitudot?77c3fc30bd8ae220fdb7acc90f7877a6,,gx-no-cache=1456755770802 HTTP/1.1" 200 3445
186.78.49.227 - - [29/Feb/2016:11:21:32 -0300] "POST /cormun/servlet/trsolicitudot?77c3fc30bd8ae220fdb7acc90f7877a6,,gx-no-cache=1456755771119 HTTP/1.1" 200 3446
186.67.172.234 - - [29/Feb/2016:11:21:32 -0300] "GET /cormun/servlet/solicitudotadjuntos?decbf714890b777cb6b32f42f9c8594562804cdec27a19eb6e91320794413776,gx-no-cache=1456755744398 HTTP/1.1" 200 30
186.67.172.234 - - [29/Feb/2016:11:21:32 -0300] "GET /cormun/servlet/solicitudotadjuntos?decbf714890b777cb6b32f42f9c8594562804cdec27a19eb6e91320794413776,gx-no-cache=1456755744413 HTTP/1.1" 200 30
186.78.49.227 - - [29/Feb/2016:11:21:36 -0300] "GET /cormun/servlet/trsolicitudot?48254cb910274a38c7c6c2d9d1b65243c798c93194e1cd240f3f59bb650cbd9ca69cb3b20f439d613b0294018d144423e9414b08bb7a4ee9d3099aef54ac12e59522a1ace47dab39c0b65423df275abc6cc9dce31aa233b588daad1b62875735,gx-no-cache=1456755775803 HTTP/1.1" 200 713
186.78.49.227 - - [29/Feb/2016:11:21:36 -0300] "POST /cormun/servlet/trsolicitudot?77c3fc30bd8ae220fdb7acc90f7877a6,,gx-no-cache=1456755776141 HTTP/1.1" 200 3452
186.67.172.234 - - [29/Feb/2016:11:21:37 -0300] "POST /cormun/servlet/solicitudotadjuntos?5cd0f7793382966fcae9f43c00b371bb,INS,2016,229,,1, HTTP/1.1" 200 116
186.67.172.234 - - [29/Feb/2016:11:21:37 -0300] "GET /cormun/servlet/hpexe_return? HTTP/1.1" 200 1019
186.67.172.234 - - [29/Feb/2016:11:21:38 -0300] "GET /cormun/servlet/trsolicitudadjuntos?2016,229, HTTP/1.1" 200 7895
186.67.172.234 - - [29/Feb/2016:11:21:39 -0300] "GET /cormun/servlet/trsolicitudadjuntos?2016,229, HTTP/1.1" 200 7893
186.78.49.227 - - [29/Feb/2016:11:21:41 -0300] "GET /cormun/servlet/trsolicitudot?48254cb910274a38c7c6c2d9d1b65243d8efbf55425c68815c27727049c3009e93ec819c7ec96efea0011d201fb409f6c219e3fc552d050ec9e7aef252eb3b39fec0f02bc51fcfe2d1d4b932d22d7fe1,gx-no-cache=1456755781447 HTTP/1.1" 200 715
186.67.172.234 - - [29/Feb/2016:11:21:42 -0300] "GET /cormun/servlet/solicitudotadjuntos?INS,2016,229,,1, HTTP/1.1" 200 5439
186.78.49.227 - - [29/Feb/2016:11:21:42 -0300] "GET /cormun/servlet/trsolicitudot?48254cb910274a38c7c6c2d9d1b65243182385ff764622f3a7b3e5ef25448e66a69cb3b20f439d613b0294018d144423e9414b08bb7a4ee9d3099aef54ac12e59522a1ace47dab39c0b65423df275abc6cc9dce31aa233b588daad1b62875735,gx-no-cache=1456755782464 HTTP/1.1" 200 715
186.67.172.234 - - [29/Feb/2016:11:21:42 -0300] "GET /cormun/static/about:blank HTTP/1.1" 404 1011
186.67.172.234 - - [29/Feb/2016:11:21:42 -0300] "GET /cormun/servlet/solicitudotadjuntos?INS,2016,229,,1, HTTP/1.1" 200 5433
186.67.172.234 - - [29/Feb/2016:11:21:43 -0300] "GET /cormun/servlet/solicitudotadjuntos?decbf714890b777cb6b32f42f9c85945fedfcbf62a94c8b21c363675e600c31abab11484789f11823582233236627734,gx-no-cache=1456755755044 HTTP/1.1" 200 30
186.67.172.234 - - [29/Feb/2016:11:21:43 -0300] "POST /cormun/servlet/solicitudotadjuntos?5cd0f7793382966fcae9f43c00b371bb,INS,2016,229,,1,,gx-no-cache=1456755755076 HTTP/1.1" 200 3342
186.78.49.227 - - [29/Feb/2016:11:21:45 -0300] "POST /cormun/servlet/trsolicitudot?77c3fc30bd8ae220fdb7acc90f7877a6,,gx-no-cache=1456755786011 HTTP/1.1" 200 3453
186.67.172.234 - - [29/Feb/2016:11:21:47 -0300] "POST /cormun/servlet/solicitudotadjuntos?gx-no-cache=1456755759165 HTTP/1.1" 200 26
186.78.49.227 - - [29/Feb/2016:11:21:47 -0300] "GET /cormun/servlet/trsolicitudot?48254cb910274a38c7c6c2d9d1b65243182385ff764622f3a7b3e5ef25448e66e20de2b73e2a13cdbc50bcc3eed14b3e746ded30373ca52e57a5296d5a32d11509aebc18ee33c8a808601d99b16a1d2bb92147233a13aa3945cd6ccadefd6a5c,gx-no-cache=1456755788452 HTTP/1.1" 200 716
186.78.49.227 - - [29/Feb/2016:11:21:49 -0300] "GET /cormun/servlet/trsolicitudot?48254cb910274a38c7c6c2d9d1b65243182385ff764622f3a7b3e5ef25448e66280b6ee26965fe9c6c62191f2befc2a4f68000e4441ce19c57226d39eb1754d3e5c8319d1d533d3a8fa720c1f95b532ee8488f549883545baf5d022d72d434c4,gx-no-cache=1456755790335 HTTP/1.1" 200 716
186.78.49.227 - - [29/Feb/2016:11:21:53 -0300] "GET /cormun/servlet/solicitudot?INS,0,0, HTTP/1.1" 200 12019
186.78.49.227 - - [29/Feb/2016:11:21:53 -0300] "GET /cormun/static/gxcfg.js?201617004230 HTTP/1.1" 304 -
186.78.49.227 - - [29/Feb/2016:11:21:53 -0300] "GET /cormun/static/solicitudot.js?201617004281 HTTP/1.1" 304 -
186.78.49.227 - - [29/Feb/2016:11:21:54 -0300] "GET /cormun/servlet/solicitudot?INS,0,0, HTTP/1.1" 200 12024
186.67.172.234 - - [29/Feb/2016:11:21:55 -0300] "GET /cormun/servlet/solicitudotadjuntos?decbf714890b777cb6b32f42f9c8594562804cdec27a19eb6e91320794413776,gx-no-cache=1456755767354 HTTP/1.1" 200 30
186.67.172.234 - - [29/Feb/2016:11:21:55 -0300] "GET /cormun/servlet/solicitudotadjuntos?decbf714890b777cb6b32f42f9c8594562804cdec27a19eb6e91320794413776,gx-no-cache=1456755767379 HTTP/1.1" 200 30
186.67.172.234 - - [29/Feb/2016:11:21:55 -0300] "POST /cormun/servlet/solicitudotadjuntos?5cd0f7793382966fcae9f43c00b371bb,INS,2016,229,,1, HTTP/1.1" 200 116
186.67.172.234 - - [29/Feb/2016:11:21:55 -0300] "GET /cormun/servlet/hpexe_return? HTTP/1.1" 200 1019
186.67.172.234 - - [29/Feb/2016:11:21:56 -0300] "GET /cormun/servlet/trsolicitudadjuntos?2016,229, HTTP/1.1" 200 8007
186.67.172.234 - - [29/Feb/2016:11:21:58 -0300] "GET /cormun/servlet/trsolicitudadjuntos?2016,229, HTTP/1.1" 200 8004
186.67.172.234 - - [29/Feb/2016:11:22:06 -0300] "GET /cormun/servlet/trautorizarsolicitud? HTTP/1.1" 200 6098
186.67.172.234 - - [29/Feb/2016:11:22:06 -0300] "GET /cormun/servlet/trautorizarsolicitud? HTTP/1.1" 200 6087
186.67.172.234 - - [29/Feb/2016:11:22:14 -0300] "GET /cormun/servlet/trsolicitudot? HTTP/1.1" 200 7441
186.67.172.234 - - [29/Feb/2016:11:22:14 -0300] "GET /cormun/servlet/trsolicitudot? HTTP/1.1" 200 7441
186.67.172.234 - - [29/Feb/2016:11:22:21 -0300] "GET /cormun/servlet/treventos?2016,229, HTTP/1.1" 200 5191
186.67.172.234 - - [29/Feb/2016:11:22:22 -0300] "GET /cormun/servlet/treventos?2016,229, HTTP/1.1" 200 5191
186.67.172.234 - - [29/Feb/2016:11:22:30 -0300] "GET /cormun/servlet/trautorizarsolicitud? HTTP/1.1" 200 6095
186.67.172.234 - - [29/Feb/2016:11:22:31 -0300] "GET /cormun/servlet/trautorizarsolicitud? HTTP/1.1" 200 6087
186.67.172.234 - - [29/Feb/2016:11:22:35 -0300] "GET /cormun/servlet/treventos?2016,229, HTTP/1.1" 200 5182
186.67.172.234 - - [29/Feb/2016:11:22:36 -0300] "GET /cormun/servlet/treventos?2016,229, HTTP/1.1" 200 5182
186.78.49.227 - - [29/Feb/2016:11:22:37 -0300] "POST /cormun/servlet/solicitudot?gx-no-cache=1456755842429 HTTP/1.1" 200 2741
186.78.49.227 - - [29/Feb/2016:11:22:37 -0300] "POST /cormun/servlet/solicitudot?77c3fc30bd8ae220fdb7acc90f7877a6,INS,0,0,,gx-no-cache=1456755842942 HTTP/1.1" 200 9499
186.78.49.227 - - [29/Feb/2016:11:22:38 -0300] "GET /cormun/servlet/solicitudot?89d90c473808b72bbb7d3324061b00532bc587ec6201948ebfc9112d3a7229198eada9a09c77ee07f43e27949c1e5d4b,gx-no-cache=1456755843397 HTTP/1.1" 200 30
186.67.172.234 - - [29/Feb/2016:11:22:41 -0300] "GET /cormun/servlet/trsolicitudot? HTTP/1.1" 200 7441
186.67.172.234 - - [29/Feb/2016:11:22:42 -0300] "GET /cormun/servlet/trsolicitudot? HTTP/1.1" 200 7441
186.67.172.234 - - [29/Feb/2016:11:22:46 -0300] "POST /cormun/servlet/trsolicitudot?5cd0f7793382966fcae9f43c00b371bb,,gx-no-cache=1456755818538 HTTP/1.1" 200 4880
186.67.172.234 - - [29/Feb/2016:11:22:47 -0300] "POST /cormun/servlet/trsolicitudot?5cd0f7793382966fcae9f43c00b371bb,,gx-no-cache=1456755818716 HTTP/1.1" 200 4879
186.67.172.234 - - [29/Feb/2016:11:22:47 -0300] "POST /cormun/servlet/trsolicitudot?5cd0f7793382966fcae9f43c00b371bb,,gx-no-cache=1456755819270 HTTP/1.1" 200 4880
186.67.172.234 - - [29/Feb/2016:11:22:48 -0300] "POST /cormun/servlet/trsolicitudot?5cd0f7793382966fcae9f43c00b371bb,,gx-no-cache=1456755819512 HTTP/1.1" 200 4880
186.67.172.234 - - [29/Feb/2016:11:22:48 -0300] "POST /cormun/servlet/trsolicitudot?5cd0f7793382966fcae9f43c00b371bb,,gx-no-cache=1456755819967 HTTP/1.1" 200 4880
186.67.172.234 - - [29/Feb/2016:11:22:48 -0300] "POST /cormun/servlet/trsolicitudot?5cd0f7793382966fcae9f43c00b371bb,,gx-no-cache=1456755820155 HTTP/1.1" 200 4880
186.67.172.234 - - [29/Feb/2016:11:22:48 -0300] "POST /cormun/servlet/trsolicitudot?5cd0f7793382966fcae9f43c00b371bb,,gx-no-cache=1456755820338 HTTP/1.1" 200 4880
186.67.172.234 - - [29/Feb/2016:11:22:49 -0300] "POST /cormun/servlet/trsolicitudot?5cd0f7793382966fcae9f43c00b371bb,,gx-no-cache=1456755820515 HTTP/1.1" 200 3583
186.67.172.234 - - [29/Feb/2016:11:22:49 -0300] "GET /cormun/static/Shared/jqueryui/images/ui-bg_highlight-soft_100_c6c2c8_1x100.png HTTP/1.1" 404 1117
186.67.172.234 - - [29/Feb/2016:11:22:49 -0300] "GET /cormun/static/Shared/jqueryui/images/ui-icons_82798d_256x240.png HTTP/1.1" 404 1089
186.67.172.234 - - [29/Feb/2016:11:22:49 -0300] "GET /cormun/static/Shared/jqueryui/images/ui-bg_flat_55_fafafa_40x100.png HTTP/1.1" 404 1097
186.67.172.234 - - [29/Feb/2016:11:22:49 -0300] "GET /cormun/static/Shared/jqueryui/images/ui-icons_8d78a5_256x240.png HTTP/1.1" 404 1089
186.67.172.234 - - [29/Feb/2016:11:22:49 -0300] "POST /cormun/servlet/trsolicitudot?5cd0f7793382966fcae9f43c00b371bb,,gx-no-cache=1456755821038 HTTP/1.1" 200 3428
191.112.87.56 - - [29/Feb/2016:11:23:26 -0300] "GET /cormun/servlet/hlogin HTTP/1.1" 200 1718
191.112.87.56 - - [29/Feb/2016:11:23:26 -0300] "GET /cormun/static/gxcfg.js?20151120045111 HTTP/1.1" 304 -
191.112.87.56 - - [29/Feb/2016:11:23:26 -0300] "GET /cormun/static/Resources/Spanish/PXTools.css?005343 HTTP/1.1" 304 -
191.112.87.56 - - [29/Feb/2016:11:23:26 -0300] "GET /cormun/static/messages.spa.js?85251 HTTP/1.1" 304 -
191.112.87.56 - - [29/Feb/2016:11:23:26 -0300] "GET /cormun/static/hlogin.js?20151120045126 HTTP/1.1" 304 -
191.112.87.56 - - [29/Feb/2016:11:23:27 -0300] "GET /cormun/servlet/hlogin HTTP/1.1" 200 1724
186.78.49.227 - - [29/Feb/2016:11:23:43 -0300] "POST /cormun/servlet/solicitudot?gx-no-cache=1456755915208 HTTP/1.1" 200 30
191.112.87.56 - - [29/Feb/2016:11:23:44 -0300] "POST /cormun/servlet/hlogin?58fda810e790b02aa8abc72e6c2a9da4,gx-no-cache=1456755926464 HTTP/1.1" 200 90
191.112.87.56 - - [29/Feb/2016:11:23:44 -0300] "GET /cormun/servlet/hpexe_link HTTP/1.1" 200 948
