200.83.57.24 - - [29/Feb/2016:14:15:43 -0300] "GET /cormun/servlet/solicitudotadjuntos?5c6674129ec76f5b290d575b99e0d24e0ef3ee12c2b743fd346b3819fc79d9a765aae9542e1de71424e2d2dcc14951dd,gx-no-cache=1456766132313 HTTP/1.1" 200 30
200.83.57.24 - - [29/Feb/2016:14:15:43 -0300] "POST /cormun/servlet/solicitudotadjuntos?2ff0751351031a975bc32db8ab4c65dd,INS,2016,250,,1,,gx-no-cache=1456766132374 HTTP/1.1" 200 3351
200.83.57.24 - - [29/Feb/2016:14:15:50 -0300] "POST /cormun/servlet/solicitudotadjuntos?gx-no-cache=1456766139082 HTTP/1.1" 200 26
200.83.57.24 - - [29/Feb/2016:14:16:02 -0300] "GET /cormun/servlet/solicitudotadjuntos?5c6674129ec76f5b290d575b99e0d24e0058db49d33906ca6f6d1e6ed0b03ec7,gx-no-cache=1456766151378 HTTP/1.1" 200 30
200.83.57.24 - - [29/Feb/2016:14:16:02 -0300] "GET /cormun/servlet/solicitudotadjuntos?5c6674129ec76f5b290d575b99e0d24e0058db49d33906ca6f6d1e6ed0b03ec7,gx-no-cache=1456766151449 HTTP/1.1" 200 30
200.83.57.24 - - [29/Feb/2016:14:16:04 -0300] "POST /cormun/servlet/solicitudotadjuntos?2ff0751351031a975bc32db8ab4c65dd,INS,2016,250,,1, HTTP/1.1" 200 5288
200.83.57.24 - - [29/Feb/2016:14:16:04 -0300] "GET /cormun/static/Shared/jqueryui/images/ui-bg_highlight-soft_100_c6c2c8_1x100.png HTTP/1.1" 404 1117
200.83.57.24 - - [29/Feb/2016:14:16:04 -0300] "GET /cormun/static/Shared/jqueryui/images/ui-icons_82798d_256x240.png HTTP/1.1" 404 1089
200.83.57.24 - - [29/Feb/2016:14:16:04 -0300] "GET /cormun/static/Shared/jqueryui/images/ui-bg_flat_55_994d53_40x100.png HTTP/1.1" 404 1097
200.83.57.24 - - [29/Feb/2016:14:16:04 -0300] "GET /cormun/static/Shared/jqueryui/images/ui-icons_ebccce_256x240.png HTTP/1.1" 404 1089
200.83.57.24 - - [29/Feb/2016:14:16:04 -0300] "GET /cormun/PrivateTempStorage/upload_00004194.jpg HTTP/1.1" 200 195032
190.101.9.119 - - [29/Feb/2016:14:16:12 -0300] "POST /cormun/servlet/hlogin?1e8a262f4985bdda5a0e843c9ebbb195,gx-no-cache=1456766242156 HTTP/1.1" 200 90
190.101.9.119 - - [29/Feb/2016:14:16:12 -0300] "GET /cormun/servlet/hpexe_link HTTP/1.1" 200 948
190.101.9.119 - - [29/Feb/2016:14:16:12 -0300] "GET /cormun/servlet/hhome HTTP/1.1" 200 3310
190.101.9.119 - - [29/Feb/2016:14:16:24 -0300] "GET /cormun/servlet/trsolicitudot? HTTP/1.1" 200 6039
190.101.9.119 - - [29/Feb/2016:14:16:26 -0300] "POST /cormun/servlet/acontrolpreferencessavestate?None,CA-1,true HTTP/1.1" 200 35
200.83.57.24 - - [29/Feb/2016:14:16:26 -0300] "GET /cormun/servlet/solicitudotadjuntos?5c6674129ec76f5b290d575b99e0d24e075ddce6fa4dd9384df9d8c45bb25c3365aae9542e1de71424e2d2dcc14951dd,gx-no-cache=1456766175235 HTTP/1.1" 200 30
200.83.57.24 - - [29/Feb/2016:14:16:26 -0300] "GET /cormun/servlet/solicitudotadjuntos?5c6674129ec76f5b290d575b99e0d24e0729b6751aba216645dd99721fe035c765aae9542e1de71424e2d2dcc14951dd,gx-no-cache=1456766175346 HTTP/1.1" 200 30
200.83.57.24 - - [29/Feb/2016:14:16:27 -0300] "POST /cormun/servlet/solicitudotadjuntos?2ff0751351031a975bc32db8ab4c65dd,INS,2016,250,,1, HTTP/1.1" 200 5289
200.83.57.24 - - [29/Feb/2016:14:16:28 -0300] "GET /cormun/PrivateTempStorage/upload_00004206.jpg HTTP/1.1" 200 195032
190.101.9.119 - - [29/Feb/2016:14:16:39 -0300] "GET /cormun/servlet/solicitudot?INS,0,0, HTTP/1.1" 200 11993
190.101.9.119 - - [29/Feb/2016:14:16:39 -0300] "GET /cormun/static/gxcfg.js?201617004230 HTTP/1.1" 200 953
190.101.9.119 - - [29/Feb/2016:14:16:39 -0300] "GET /cormun/static/Resources/prompt.gif HTTP/1.1" 200 902
190.101.9.119 - - [29/Feb/2016:14:16:39 -0300] "GET /cormun/static/solicitudot.js?201617004281 HTTP/1.1" 200 44291
200.83.57.24 - - [29/Feb/2016:14:16:46 -0300] "POST /cormun/servlet/solicitudotadjuntos?gx-no-cache=1456766194925 HTTP/1.1" 200 26
190.101.9.119 - - [29/Feb/2016:14:16:51 -0300] "GET /cormun/static/Resources/resize.gif HTTP/1.1" 200 77
190.101.9.119 - - [29/Feb/2016:14:16:51 -0300] "GET /cormun/servlet/prfichaempleado?,MD,,gxPopupLevel%3D0%3B HTTP/1.1" 200 7825
190.101.9.119 - - [29/Feb/2016:14:16:52 -0300] "GET /cormun/static/gxui/gxui-all.css?1917420 HTTP/1.1" 200 2179
190.101.9.119 - - [29/Feb/2016:14:16:52 -0300] "GET /cormun/static/gxcfg.js?201511151625694 HTTP/1.1" 200 953
190.101.9.119 - - [29/Feb/2016:14:16:52 -0300] "GET /cormun/static/scaMessage/css/jquery-ui.css?104140 HTTP/1.1" 404 1045
190.101.9.119 - - [29/Feb/2016:14:16:52 -0300] "GET /cormun/static/Resources/PXToolsMenuSearch.png HTTP/1.1" 200 2914
190.101.9.119 - - [29/Feb/2016:14:16:52 -0300] "GET /cormun/static/Resources/Spanish/PXTools.css?16184758 HTTP/1.1" 200 89042
190.101.9.119 - - [29/Feb/2016:14:16:52 -0300] "GET /cormun/static/Resources/PXToolsMenuSearchCancel.png HTTP/1.1" 200 2972
190.101.9.119 - - [29/Feb/2016:14:16:52 -0300] "GET /cormun/static/prfichaempleado.js?201511151625857 HTTP/1.1" 200 14240
190.101.9.119 - - [29/Feb/2016:14:16:52 -0300] "GET /cormun/static/menusearch.js?201622412404863 HTTP/1.1" 200 1424
190.101.9.119 - - [29/Feb/2016:14:16:52 -0300] "GET /cormun/static/hmpwkw01.js?201511211495945 HTTP/1.1" 200 2037
190.101.9.119 - - [29/Feb/2016:14:16:52 -0300] "GET /cormun/static/Shared/jqueryui/jquery-ui.min-1.8.js HTTP/1.1" 200 213511
200.83.57.24 - - [29/Feb/2016:14:16:52 -0300] "POST /cormun/servlet/solicitudotadjuntos?2ff0751351031a975bc32db8ab4c65dd,INS,2016,250,,1, HTTP/1.1" 200 114
200.83.57.24 - - [29/Feb/2016:14:16:52 -0300] "GET /cormun/servlet/hpexe_link HTTP/1.1" 200 977
200.83.57.24 - - [29/Feb/2016:14:16:53 -0300] "GET /cormun/servlet/trsolicitudadjuntos?2016,250, HTTP/1.1" 200 7376
200.83.57.24 - - [29/Feb/2016:14:16:53 -0300] "GET /cormun/servlet/trsolicitudadjuntos?2016,250, HTTP/1.1" 200 7374
190.101.9.119 - - [29/Feb/2016:14:16:54 -0300] "POST /cormun/servlet/acontrolpreferencessavestate?None,CA-1,true HTTP/1.1" 200 35
200.83.57.24 - - [29/Feb/2016:14:17:07 -0300] "GET /cormun/servlet/solicitudotadjuntos?INS,2016,250,,1, HTTP/1.1" 200 5535
200.83.57.24 - - [29/Feb/2016:14:17:07 -0300] "GET /cormun/static/about:blank HTTP/1.1" 404 1011
200.83.57.24 - - [29/Feb/2016:14:17:07 -0300] "GET /cormun/servlet/solicitudotadjuntos?INS,2016,250,,1, HTTP/1.1" 200 5529
200.83.57.24 - - [29/Feb/2016:14:17:08 -0300] "GET /cormun/servlet/solicitudotadjuntos?5c6674129ec76f5b290d575b99e0d24e0ef3ee12c2b743fd346b3819fc79d9a765aae9542e1de71424e2d2dcc14951dd,gx-no-cache=1456766216684 HTTP/1.1" 200 30
200.83.57.24 - - [29/Feb/2016:14:17:08 -0300] "POST /cormun/servlet/solicitudotadjuntos?2ff0751351031a975bc32db8ab4c65dd,INS,2016,250,,1,,gx-no-cache=1456766216771 HTTP/1.1" 200 3351
200.83.57.24 - - [29/Feb/2016:14:17:13 -0300] "POST /cormun/servlet/solicitudotadjuntos?gx-no-cache=1456766222590 HTTP/1.1" 200 26
190.101.9.119 - - [29/Feb/2016:14:17:20 -0300] "GET /cormun/servlet/prfichaempleado?a905fa4ef5b40b7b5177161e2589b6d62609b35ecdc991d0b3a80daecf0397da8c37c1975944dd282cbdba342c7351d2b86b278c2cf1839dca84616a0ab2a248,gx-no-cache=1456766310186 HTTP/1.1" 200 461
190.101.9.119 - - [29/Feb/2016:14:17:22 -0300] "GET /cormun/servlet/prfichaempleado?a905fa4ef5b40b7b5177161e2589b6d65161d4330d98e8de9b9602924ae017cedf80768d9ce917d761b80132ab36222a8a196b05750e37460b6aaf0941f873ea,gx-no-cache=1456766311971 HTTP/1.1" 200 459
190.101.9.119 - - [29/Feb/2016:14:17:22 -0300] "GET /cormun/servlet/prfichaempleado?a905fa4ef5b40b7b5177161e2589b6d630345a9123a6345919d898cce49bd83bb93d3ad08e1d58e1bd4f584582d30d3070fc660fce9cb126c71273c98948d7b3,gx-no-cache=1456766312582 HTTP/1.1" 200 459
190.101.9.119 - - [29/Feb/2016:14:17:24 -0300] "GET /cormun/servlet/prfichaempleado?a905fa4ef5b40b7b5177161e2589b6d6fcbe9d6a335371f0159bfc3fa37fc331c0bd6a74f7513ab23365ffb2ca56dd750d73a3683c0bbbfaa65f173512dd3e93,gx-no-cache=1456766314202 HTTP/1.1" 200 459
190.101.9.119 - - [29/Feb/2016:14:17:24 -0300] "GET /cormun/servlet/prfichaempleado?a905fa4ef5b40b7b5177161e2589b6d663f308ac240e7886bc93a5fdaa6cdc0f0300acec4503301e7bb0f97e5eccdb5edf752f8a31fd3d6db7861c92119810f37d842b3424a74c54805fd7c7691826d7,gx-no-cache=1456766314814 HTTP/1.1" 200 459
190.101.9.119 - - [29/Feb/2016:14:17:25 -0300] "GET /cormun/servlet/prfichaempleado?a905fa4ef5b40b7b5177161e2589b6d6d836653e0f6f2a177be1cba5f641c736916db276ffc8d7ea00210d16c2407306cdf26a76ab9c64052494c3ea04ec467ab225e0ebdf982eac9fac1b07e66b93d8,gx-no-cache=1456766315731 HTTP/1.1" 200 459
190.101.9.119 - - [29/Feb/2016:14:17:32 -0300] "GET /cormun/servlet/prfichaempleado?a905fa4ef5b40b7b5177161e2589b6d6d836653e0f6f2a177be1cba5f641c7369b1e6b359aba15e8912b20c977945bf91a821d25e5bf89c4c27812c48d62ce582b1807532310788cb64d5aefb14de1da,gx-no-cache=1456766322721 HTTP/1.1" 200 462
190.101.9.119 - - [29/Feb/2016:14:17:34 -0300] "GET /cormun/servlet/prfichaempleado?a905fa4ef5b40b7b5177161e2589b6d6d836653e0f6f2a177be1cba5f641c736cb53170d2b1e7a5eb9d29e039bcea5ca9fd51154334582c6eb3ddd81f3212960b3ad647e8b5bf1d39e30f2f3347975c3,gx-no-cache=1456766324268 HTTP/1.1" 200 467
190.101.9.119 - - [29/Feb/2016:14:17:38 -0300] "POST /cormun/servlet/prfichaempleado?1e8a262f4985bdda5a0e843c9ebbb195,,MD,,gxPopupLevel%3D0%3B,gx-no-cache=1456766328427 HTTP/1.1" 200 2794
200.83.57.24 - - [29/Feb/2016:14:17:43 -0300] "GET /cormun/servlet/solicitudotadjuntos?5c6674129ec76f5b290d575b99e0d24e0058db49d33906ca6f6d1e6ed0b03ec7,gx-no-cache=1456766252617 HTTP/1.1" 200 30
200.83.57.24 - - [29/Feb/2016:14:17:44 -0300] "GET /cormun/servlet/solicitudotadjuntos?5c6674129ec76f5b290d575b99e0d24e0058db49d33906ca6f6d1e6ed0b03ec7,gx-no-cache=1456766252693 HTTP/1.1" 200 30
200.83.57.24 - - [29/Feb/2016:14:17:46 -0300] "POST /cormun/servlet/solicitudotadjuntos?2ff0751351031a975bc32db8ab4c65dd,INS,2016,250,,1, HTTP/1.1" 200 116
200.83.57.24 - - [29/Feb/2016:14:17:46 -0300] "GET /cormun/servlet/hpexe_return? HTTP/1.1" 200 1024
200.83.57.24 - - [29/Feb/2016:14:17:46 -0300] "GET /cormun/servlet/trsolicitudadjuntos?2016,250, HTTP/1.1" 200 7576
200.83.57.24 - - [29/Feb/2016:14:17:47 -0300] "GET /cormun/servlet/trsolicitudadjuntos?2016,250, HTTP/1.1" 200 7572
200.83.57.24 - - [29/Feb/2016:14:17:55 -0300] "GET /cormun/PublicTempStorage/certificado_cotizaciones_afp_21245362.jpg HTTP/1.1" 200 269662
190.101.9.119 - - [29/Feb/2016:14:18:01 -0300] "GET /cormun/servlet/prfichaempleado?,MD,,gxPopupLevel%3D0%3B HTTP/1.1" 200 7834
190.101.9.119 - - [29/Feb/2016:14:18:01 -0300] "GET /cormun/static/scaMessage/css/jquery-ui.css?104140 HTTP/1.1" 404 1045
200.83.57.24 - - [29/Feb/2016:14:18:07 -0300] "GET /cormun/servlet/trsolicitudadjuntos?2016,250, HTTP/1.1" 200 7577
200.83.57.24 - - [29/Feb/2016:14:18:08 -0300] "GET /cormun/servlet/trsolicitudadjuntos?2016,250, HTTP/1.1" 200 7571
190.101.9.119 - - [29/Feb/2016:14:18:09 -0300] "GET /cormun/servlet/prfichaempleado?a905fa4ef5b40b7b5177161e2589b6d62609b35ecdc991d0b3a80daecf0397da8c37c1975944dd282cbdba342c7351d2b86b278c2cf1839dca84616a0ab2a248,gx-no-cache=1456766359717 HTTP/1.1" 200 461
190.101.9.119 - - [29/Feb/2016:14:18:13 -0300] "GET /cormun/servlet/prfichaempleado?a905fa4ef5b40b7b5177161e2589b6d65161d4330d98e8de9b9602924ae017cedf80768d9ce917d761b80132ab36222a8a196b05750e37460b6aaf0941f873ea,gx-no-cache=1456766363502 HTTP/1.1" 200 459
190.101.9.119 - - [29/Feb/2016:14:18:14 -0300] "GET /cormun/servlet/prfichaempleado?a905fa4ef5b40b7b5177161e2589b6d630345a9123a6345919d898cce49bd83bb93d3ad08e1d58e1bd4f584582d30d3070fc660fce9cb126c71273c98948d7b3,gx-no-cache=1456766364065 HTTP/1.1" 200 459
190.101.9.119 - - [29/Feb/2016:14:18:15 -0300] "GET /cormun/servlet/prfichaempleado?a905fa4ef5b40b7b5177161e2589b6d6fcbe9d6a335371f0159bfc3fa37fc331c0bd6a74f7513ab23365ffb2ca56dd750d73a3683c0bbbfaa65f173512dd3e93,gx-no-cache=1456766364891 HTTP/1.1" 200 459
190.101.9.119 - - [29/Feb/2016:14:18:15 -0300] "GET /cormun/servlet/prfichaempleado?a905fa4ef5b40b7b5177161e2589b6d6d836653e0f6f2a177be1cba5f641c736916db276ffc8d7ea00210d16c2407306cdf26a76ab9c64052494c3ea04ec467ab225e0ebdf982eac9fac1b07e66b93d8,gx-no-cache=1456766365814 HTTP/1.1" 200 459
190.101.9.119 - - [29/Feb/2016:14:18:18 -0300] "POST /cormun/servlet/prfichaempleado?1e8a262f4985bdda5a0e843c9ebbb195,,MD,,gxPopupLevel%3D0%3B,gx-no-cache=1456766368000 HTTP/1.1" 200 4297
200.83.57.24 - - [29/Feb/2016:14:18:20 -0300] "GET /cormun/PublicTempStorage/certificado_cotizaciones_afp_23630196.jpg HTTP/1.1" 200 269662
200.83.57.24 - - [29/Feb/2016:14:18:22 -0300] "GET /cormun/servlet/trsolicitudadjuntos?2016,250, HTTP/1.1" 200 7576
200.83.57.24 - - [29/Feb/2016:14:18:22 -0300] "GET /cormun/servlet/trsolicitudadjuntos?2016,250, HTTP/1.1" 200 7571
200.83.57.24 - - [29/Feb/2016:14:18:28 -0300] "GET /cormun/servlet/solicitudotadjuntos?DLT,2016,250,CERTIF3,0, HTTP/1.1" 200 5533
200.83.57.24 - - [29/Feb/2016:14:18:28 -0300] "GET /cormun/static/Shared/jqueryui/images/ui-bg_highlight-soft_100_c6c2c8_1x100.png HTTP/1.1" 404 1117
200.83.57.24 - - [29/Feb/2016:14:18:28 -0300] "GET /cormun/static/Shared/jqueryui/images/ui-icons_82798d_256x240.png HTTP/1.1" 404 1089
200.83.57.24 - - [29/Feb/2016:14:18:28 -0300] "GET /cormun/static/Shared/jqueryui/images/ui-bg_flat_55_fafafa_40x100.png HTTP/1.1" 404 1097
200.83.57.24 - - [29/Feb/2016:14:18:28 -0300] "GET /cormun/PublicTempStorage/certificado_cotizaciones_afp_21271021.jpg HTTP/1.1" 200 269662
200.83.57.24 - - [29/Feb/2016:14:18:28 -0300] "GET /cormun/static/Shared/jqueryui/images/ui-icons_8d78a5_256x240.png HTTP/1.1" 404 1089
200.83.57.24 - - [29/Feb/2016:14:18:29 -0300] "GET /cormun/servlet/solicitudotadjuntos?DLT,2016,250,CERTIF3,0, HTTP/1.1" 200 5528
200.83.57.24 - - [29/Feb/2016:14:18:31 -0300] "POST /cormun/servlet/solicitudotadjuntos?2ff0751351031a975bc32db8ab4c65dd,DLT,2016,250,CERTIF3,0,,gx-no-cache=1456766300497 HTTP/1.1" 200 93
200.83.57.24 - - [29/Feb/2016:14:18:31 -0300] "GET /cormun/servlet/hpexe_return? HTTP/1.1" 200 1030
200.83.57.24 - - [29/Feb/2016:14:18:32 -0300] "GET /cormun/servlet/trsolicitudadjuntos?2016,250, HTTP/1.1" 200 7576
200.83.57.24 - - [29/Feb/2016:14:18:32 -0300] "GET /cormun/servlet/trsolicitudadjuntos?2016,250, HTTP/1.1" 200 7572
190.101.9.119 - - [29/Feb/2016:14:18:40 -0300] "POST /cormun/servlet/solicitudot?gx-no-cache=1456766390542 HTTP/1.1" 200 2747
190.101.9.119 - - [29/Feb/2016:14:18:41 -0300] "POST /cormun/servlet/solicitudot?1e8a262f4985bdda5a0e843c9ebbb195,INS,0,0,,gx-no-cache=1456766390861 HTTP/1.1" 200 9506
200.83.57.24 - - [29/Feb/2016:14:18:42 -0300] "GET /cormun/servlet/solicitudotadjuntos?DLT,2016,250,CERTIF3,0, HTTP/1.1" 200 5534
200.83.57.24 - - [29/Feb/2016:14:18:42 -0300] "GET /cormun/PublicTempStorage/certificado_cotizaciones_afp_25757463.jpg HTTP/1.1" 200 269662
200.83.57.24 - - [29/Feb/2016:14:18:42 -0300] "GET /cormun/servlet/solicitudotadjuntos?DLT,2016,250,CERTIF3,0, HTTP/1.1" 200 5527
200.83.57.24 - - [29/Feb/2016:14:18:45 -0300] "POST /cormun/servlet/solicitudotadjuntos?2ff0751351031a975bc32db8ab4c65dd,DLT,2016,250,CERTIF3,0,,gx-no-cache=1456766313743 HTTP/1.1" 200 93
200.83.57.24 - - [29/Feb/2016:14:18:45 -0300] "GET /cormun/servlet/hpexe_return? HTTP/1.1" 200 1030
200.83.57.24 - - [29/Feb/2016:14:18:45 -0300] "GET /cormun/servlet/trsolicitudadjuntos?2016,250, HTTP/1.1" 200 7378
200.83.57.24 - - [29/Feb/2016:14:18:45 -0300] "GET /cormun/servlet/trsolicitudadjuntos?2016,250, HTTP/1.1" 200 7375
190.101.9.119 - - [29/Feb/2016:14:18:57 -0300] "GET /cormun/servlet/solicitudot?dd6dbdd25f3a6c9e6aa193413d6224d293025d7a732e686061f63f970c7404cd24a3b9133fa5ddd0a719363b4bc396e8,gx-no-cache=1456766406954 HTTP/1.1" 200 30
200.83.57.24 - - [29/Feb/2016:14:19:34 -0300] "GET /cormun/servlet/solicitudotadjuntos?INS,2016,250,,1, HTTP/1.1" 200 5535
200.83.57.24 - - [29/Feb/2016:14:19:34 -0300] "GET /cormun/static/about:blank HTTP/1.1" 404 1011
200.83.57.24 - - [29/Feb/2016:14:19:34 -0300] "GET /cormun/servlet/solicitudotadjuntos?INS,2016,250,,1, HTTP/1.1" 200 5529
200.83.57.24 - - [29/Feb/2016:14:19:35 -0300] "GET /cormun/servlet/solicitudotadjuntos?5c6674129ec76f5b290d575b99e0d24e0ef3ee12c2b743fd346b3819fc79d9a765aae9542e1de71424e2d2dcc14951dd,gx-no-cache=1456766363808 HTTP/1.1" 200 30
200.83.57.24 - - [29/Feb/2016:14:19:35 -0300] "POST /cormun/servlet/solicitudotadjuntos?2ff0751351031a975bc32db8ab4c65dd,INS,2016,250,,1,,gx-no-cache=1456766363864 HTTP/1.1" 200 3351
200.83.57.24 - - [29/Feb/2016:14:19:38 -0300] "POST /cormun/servlet/solicitudotadjuntos?gx-no-cache=1456766366935 HTTP/1.1" 200 26
200.83.57.24 - - [29/Feb/2016:14:19:52 -0300] "POST /cormun/servlet/solicitudotadjuntos?gx-no-cache=1456766381119 HTTP/1.1" 200 26
190.101.9.119 - - [29/Feb/2016:14:19:55 -0300] "POST /cormun/servlet/solicitudot?1e8a262f4985bdda5a0e843c9ebbb195,INS,0,0,,gx-no-cache=1456766464861 HTTP/1.1" 200 93
190.101.9.119 - - [29/Feb/2016:14:19:55 -0300] "GET /cormun/servlet/hpexe_return? HTTP/1.1" 200 1005
190.101.9.119 - - [29/Feb/2016:14:19:55 -0300] "GET /cormun/static/gxcfg.js?2015111312145050 HTTP/1.1" 200 953
190.101.9.119 - - [29/Feb/2016:14:19:55 -0300] "GET /cormun/static/hpexe_return.js?2015111312145056 HTTP/1.1" 200 1633
190.101.9.119 - - [29/Feb/2016:14:19:55 -0300] "GET /cormun/static/Resources/Spanish/PXTools.css?12112540 HTTP/1.1" 200 89042
190.101.9.119 - - [29/Feb/2016:14:19:55 -0300] "GET /cormun/servlet/trsolicitudot HTTP/1.1" 200 6091
200.83.57.24 - - [29/Feb/2016:14:20:01 -0300] "GET /cormun/servlet/solicitudotadjuntos?5c6674129ec76f5b290d575b99e0d24e0058db49d33906ca6f6d1e6ed0b03ec7,gx-no-cache=1456766390061 HTTP/1.1" 200 30
200.83.57.24 - - [29/Feb/2016:14:20:01 -0300] "GET /cormun/servlet/solicitudotadjuntos?5c6674129ec76f5b290d575b99e0d24e0058db49d33906ca6f6d1e6ed0b03ec7,gx-no-cache=1456766390128 HTTP/1.1" 200 30
190.101.9.119 - - [29/Feb/2016:14:20:03 -0300] "GET /cormun/servlet/solicitudot?INS,0,0, HTTP/1.1" 200 12010
200.83.57.24 - - [29/Feb/2016:14:20:06 -0300] "POST /cormun/servlet/solicitudotadjuntos?2ff0751351031a975bc32db8ab4c65dd,INS,2016,250,,1, HTTP/1.1" 200 116
200.83.57.24 - - [29/Feb/2016:14:20:07 -0300] "GET /cormun/servlet/hpexe_return? HTTP/1.1" 200 1024
200.83.57.24 - - [29/Feb/2016:14:20:07 -0300] "GET /cormun/servlet/trsolicitudadjuntos?2016,250, HTTP/1.1" 200 7572
200.83.57.24 - - [29/Feb/2016:14:20:07 -0300] "GET /cormun/servlet/trsolicitudadjuntos?2016,250, HTTP/1.1" 200 7569
190.101.9.119 - - [29/Feb/2016:14:20:09 -0300] "GET /cormun/servlet/prfichaempleado?,MD,,gxPopupLevel%3D0%3B HTTP/1.1" 200 7834
190.101.9.119 - - [29/Feb/2016:14:20:09 -0300] "GET /cormun/static/scaMessage/css/jquery-ui.css?104140 HTTP/1.1" 404 1045
200.83.57.24 - - [29/Feb/2016:14:20:12 -0300] "GET /cormun/servlet/solicitudotadjuntos?INS,2016,250,,1, HTTP/1.1" 200 5534
200.83.57.24 - - [29/Feb/2016:14:20:12 -0300] "GET /cormun/static/about:blank HTTP/1.1" 404 1011
200.83.57.24 - - [29/Feb/2016:14:20:12 -0300] "GET /cormun/servlet/solicitudotadjuntos?INS,2016,250,,1, HTTP/1.1" 200 5528
200.83.57.24 - - [29/Feb/2016:14:20:12 -0300] "GET /cormun/servlet/solicitudotadjuntos?5c6674129ec76f5b290d575b99e0d24e0ef3ee12c2b743fd346b3819fc79d9a765aae9542e1de71424e2d2dcc14951dd,gx-no-cache=1456766401652 HTTP/1.1" 200 30
200.83.57.24 - - [29/Feb/2016:14:20:13 -0300] "POST /cormun/servlet/solicitudotadjuntos?2ff0751351031a975bc32db8ab4c65dd,INS,2016,250,,1,,gx-no-cache=1456766401729 HTTP/1.1" 200 3349
190.101.9.119 - - [29/Feb/2016:14:20:16 -0300] "GET /cormun/servlet/prfichaempleado?a905fa4ef5b40b7b5177161e2589b6d6cee9f37c88a3fd6cd29ff936be31930e8c37c1975944dd282cbdba342c7351d2b86b278c2cf1839dca84616a0ab2a248,gx-no-cache=1456766485792 HTTP/1.1" 200 462
190.101.9.119 - - [29/Feb/2016:14:20:17 -0300] "GET /cormun/servlet/prfichaempleado?a905fa4ef5b40b7b5177161e2589b6d62c2bdffedd57f04a39f2daa312235be4df80768d9ce917d761b80132ab36222a8a196b05750e37460b6aaf0941f873ea,gx-no-cache=1456766486951 HTTP/1.1" 200 459
190.101.9.119 - - [29/Feb/2016:14:20:18 -0300] "GET /cormun/servlet/prfichaempleado?a905fa4ef5b40b7b5177161e2589b6d62a5a4ca5d850b8168a13fcf6e062f6e5b93d3ad08e1d58e1bd4f584582d30d3070fc660fce9cb126c71273c98948d7b3,gx-no-cache=1456766488078 HTTP/1.1" 200 459
200.83.57.24 - - [29/Feb/2016:14:20:18 -0300] "POST /cormun/servlet/solicitudotadjuntos?gx-no-cache=1456766407348 HTTP/1.1" 200 26
190.101.9.119 - - [29/Feb/2016:14:20:18 -0300] "GET /cormun/servlet/prfichaempleado?a905fa4ef5b40b7b5177161e2589b6d6de1086824f62d163b77dad3a9d34e0b7916db276ffc8d7ea00210d16c2407306cdf26a76ab9c64052494c3ea04ec467ab225e0ebdf982eac9fac1b07e66b93d8,gx-no-cache=1456766488875 HTTP/1.1" 200 431
190.101.9.119 - - [29/Feb/2016:14:20:20 -0300] "GET /cormun/servlet/prfichaempleado?a905fa4ef5b40b7b5177161e2589b6d673d73c6fdb7f0e9c293bea7767918c1a0300acec4503301e7bb0f97e5eccdb5e2afb9d9adf0781d25132689ef7e1d836,gx-no-cache=1456766489938 HTTP/1.1" 200 455
190.101.9.119 - - [29/Feb/2016:14:20:21 -0300] "GET /cormun/servlet/prfichaempleado?a905fa4ef5b40b7b5177161e2589b6d6f3671a32ac38f309129bd1bc502cab24916db276ffc8d7ea00210d16c2407306cdf26a76ab9c64052494c3ea04ec467ab225e0ebdf982eac9fac1b07e66b93d8,gx-no-cache=1456766491250 HTTP/1.1" 200 462
190.101.9.119 - - [29/Feb/2016:14:20:23 -0300] "POST /cormun/servlet/prfichaempleado?1e8a262f4985bdda5a0e843c9ebbb195,,MD,,gxPopupLevel%3D0%3B,gx-no-cache=1456766493715 HTTP/1.1" 200 4301
200.83.57.24 - - [29/Feb/2016:14:20:33 -0300] "GET /cormun/servlet/solicitudotadjuntos?5c6674129ec76f5b290d575b99e0d24e0058db49d33906ca6f6d1e6ed0b03ec7,gx-no-cache=1456766421755 HTTP/1.1" 200 30
200.83.57.24 - - [29/Feb/2016:14:20:33 -0300] "GET /cormun/servlet/solicitudotadjuntos?5c6674129ec76f5b290d575b99e0d24e0058db49d33906ca6f6d1e6ed0b03ec7,gx-no-cache=1456766421796 HTTP/1.1" 200 30
200.83.57.24 - - [29/Feb/2016:14:20:34 -0300] "POST /cormun/servlet/solicitudotadjuntos?2ff0751351031a975bc32db8ab4c65dd,INS,2016,250,,1, HTTP/1.1" 200 116
200.83.57.24 - - [29/Feb/2016:14:20:34 -0300] "GET /cormun/servlet/hpexe_return? HTTP/1.1" 200 1024
200.83.57.24 - - [29/Feb/2016:14:20:34 -0300] "GET /cormun/servlet/trsolicitudadjuntos?2016,250, HTTP/1.1" 200 7730
200.83.57.24 - - [29/Feb/2016:14:20:35 -0300] "GET /cormun/servlet/trsolicitudadjuntos?2016,250, HTTP/1.1" 200 7726
200.83.57.24 - - [29/Feb/2016:14:20:38 -0300] "GET /cormun/PublicTempStorage/certificado_de_afiliacion_isapre4473921.jpg HTTP/1.1" 200 195767
190.101.9.119 - - [29/Feb/2016:14:20:48 -0300] "POST /cormun/servlet/solicitudot?gx-no-cache=1456766518638 HTTP/1.1" 200 2747
190.101.9.119 - - [29/Feb/2016:14:20:49 -0300] "POST /cormun/servlet/solicitudot?1e8a262f4985bdda5a0e843c9ebbb195,INS,0,0,,gx-no-cache=1456766519099 HTTP/1.1" 200 9506
190.101.9.119 - - [29/Feb/2016:14:20:52 -0300] "GET /cormun/servlet/solicitudot?dd6dbdd25f3a6c9e6aa193413d6224d293025d7a732e686061f63f970c7404cd24a3b9133fa5ddd0a719363b4bc396e8,gx-no-cache=1456766522791 HTTP/1.1" 200 30
200.83.57.24 - - [29/Feb/2016:14:21:06 -0300] "GET /cormun/servlet/hlogin HTTP/1.1" 200 1723
200.83.57.24 - - [29/Feb/2016:14:21:16 -0300] "POST /cormun/servlet/hlogin?2ff0751351031a975bc32db8ab4c65dd,gx-no-cache=1456766464692 HTTP/1.1" 200 90
200.83.57.24 - - [29/Feb/2016:14:21:16 -0300] "GET /cormun/servlet/hpexe_link HTTP/1.1" 200 967
200.83.57.24 - - [29/Feb/2016:14:21:16 -0300] "GET /cormun/servlet/trsolicitudadjuntos?2016,250, HTTP/1.1" 200 7728
200.83.57.24 - - [29/Feb/2016:14:21:17 -0300] "GET /cormun/servlet/trsolicitudadjuntos?2016,250, HTTP/1.1" 200 7726
200.83.57.24 - - [29/Feb/2016:14:21:50 -0300] "GET /cormun/servlet/solicitudotadjuntos?INS,2016,250,,1, HTTP/1.1" 200 5533
200.83.57.24 - - [29/Feb/2016:14:21:50 -0300] "GET /cormun/static/about:blank HTTP/1.1" 404 1011
200.83.57.24 - - [29/Feb/2016:14:21:51 -0300] "GET /cormun/servlet/solicitudotadjuntos?INS,2016,250,,1, HTTP/1.1" 200 5527
200.83.57.24 - - [29/Feb/2016:14:21:51 -0300] "GET /cormun/servlet/solicitudotadjuntos?5c6674129ec76f5b290d575b99e0d24e0ef3ee12c2b743fd346b3819fc79d9a765aae9542e1de71424e2d2dcc14951dd,gx-no-cache=1456766500276 HTTP/1.1" 200 30
200.83.57.24 - - [29/Feb/2016:14:21:51 -0300] "POST /cormun/servlet/solicitudotadjuntos?2ff0751351031a975bc32db8ab4c65dd,INS,2016,250,,1,,gx-no-cache=1456766500358 HTTP/1.1" 200 3349
200.83.57.24 - - [29/Feb/2016:14:21:58 -0300] "POST /cormun/servlet/solicitudotadjuntos?gx-no-cache=1456766507513 HTTP/1.1" 200 26
200.83.57.24 - - [29/Feb/2016:14:22:07 -0300] "GET /cormun/servlet/solicitudotadjuntos?5c6674129ec76f5b290d575b99e0d24e0058db49d33906ca6f6d1e6ed0b03ec7,gx-no-cache=1456766515944 HTTP/1.1" 200 30
200.83.57.24 - - [29/Feb/2016:14:22:07 -0300] "GET /cormun/servlet/solicitudotadjuntos?5c6674129ec76f5b290d575b99e0d24e0058db49d33906ca6f6d1e6ed0b03ec7,gx-no-cache=1456766515986 HTTP/1.1" 200 30
200.83.57.24 - - [29/Feb/2016:14:22:11 -0300] "POST /cormun/servlet/solicitudotadjuntos?2ff0751351031a975bc32db8ab4c65dd,INS,2016,250,,1, HTTP/1.1" 200 116
200.83.57.24 - - [29/Feb/2016:14:22:12 -0300] "GET /cormun/servlet/hpexe_return? HTTP/1.1" 200 1024
200.83.57.24 - - [29/Feb/2016:14:22:12 -0300] "GET /cormun/servlet/trsolicitudadjuntos?2016,250, HTTP/1.1" 200 7856
200.83.57.24 - - [29/Feb/2016:14:22:12 -0300] "GET /cormun/servlet/trsolicitudadjuntos?2016,250, HTTP/1.1" 200 7856
200.83.57.24 - - [29/Feb/2016:14:22:16 -0300] "GET /cormun/servlet/solicitudotadjuntos?INS,2016,250,,1, HTTP/1.1" 200 5535
200.83.57.24 - - [29/Feb/2016:14:22:16 -0300] "GET /cormun/static/about:blank HTTP/1.1" 404 1011
200.83.57.24 - - [29/Feb/2016:14:22:17 -0300] "GET /cormun/servlet/solicitudotadjuntos?INS,2016,250,,1, HTTP/1.1" 200 5529
200.83.57.24 - - [29/Feb/2016:14:22:17 -0300] "GET /cormun/servlet/solicitudotadjuntos?5c6674129ec76f5b290d575b99e0d24e0ef3ee12c2b743fd346b3819fc79d9a765aae9542e1de71424e2d2dcc14951dd,gx-no-cache=1456766526148 HTTP/1.1" 200 30
200.83.57.24 - - [29/Feb/2016:14:22:17 -0300] "POST /cormun/servlet/solicitudotadjuntos?2ff0751351031a975bc32db8ab4c65dd,INS,2016,250,,1,,gx-no-cache=1456766526221 HTTP/1.1" 200 3351
190.101.9.119 - - [29/Feb/2016:14:22:18 -0300] "POST /cormun/servlet/solicitudot?gx-no-cache=1456766608474 HTTP/1.1" 200 30
200.83.57.24 - - [29/Feb/2016:14:22:21 -0300] "POST /cormun/servlet/solicitudotadjuntos?gx-no-cache=1456766530312 HTTP/1.1" 200 26
190.101.9.119 - - [29/Feb/2016:14:22:24 -0300] "POST /cormun/servlet/solicitudot?gx-no-cache=1456766614727 HTTP/1.1" 200 30
190.101.9.119 - - [29/Feb/2016:14:22:39 -0300] "POST /cormun/servlet/solicitudot?gx-no-cache=1456766629123 HTTP/1.1" 200 452
190.101.9.119 - - [29/Feb/2016:14:22:39 -0300] "GET /cormun/servlet/solicitudot?dd6dbdd25f3a6c9e6aa193413d6224d296e4087151bc0ac3333f4d64f5e93ec635e48acc93970ba7981fc3103a65d815a7e3d4d5bdd2a720c7b0b605012defc0a8595f596199566327323edeb55f624e704f42c9e3a2d328a9010d1e20da8c6d8fc35a24666ed3365d3011e8805c0acb5811de7fbdbcf884159ef79528a3b9fe11f812bf3cf716fcad0208592b960f61,gx-no-cache=1456766629225 HTTP/1.1" 200 38
190.101.9.119 - - [29/Feb/2016:14:22:57 -0300] "GET /cormun/servlet/solicitudot?dd6dbdd25f3a6c9e6aa193413d6224d249121d41b23147c9e3b8e504a36b678743a30af863a125b4893489704665af7adbe49041307efcf9c2c7e137e9a19f1e3ad9af0f99a2bbf5da01f2c9bd1f7bbe67062eefac6f802f83bb210fb6b39ffc214cb0b6b7f0dd2ac10a70676da3ce76a8586c5331787e9eb086e2e491efda9d2df07ae2d10454923170bc04e08bc2b55d45595af12260704ea3c9bacc4fe8b6d44f93e72ead2740b4b3ee5670702dd47b5a655337f8057a1c6de1cac02c6dc6e5c66db57917d20f539b1b55c6543646,gx-no-cache=1456766647252 HTTP/1.1" 200 29
190.101.9.119 - - [29/Feb/2016:14:22:57 -0300] "POST /cormun/servlet/solicitudot?gx-no-cache=1456766647312 HTTP/1.1" 200 404
200.83.57.24 - - [29/Feb/2016:14:23:07 -0300] "GET /cormun/servlet/solicitudotadjuntos?5c6674129ec76f5b290d575b99e0d24e0058db49d33906ca6f6d1e6ed0b03ec7,gx-no-cache=1456766576112 HTTP/1.1" 200 30
200.83.57.24 - - [29/Feb/2016:14:23:07 -0300] "GET /cormun/servlet/solicitudotadjuntos?5c6674129ec76f5b290d575b99e0d24e0058db49d33906ca6f6d1e6ed0b03ec7,gx-no-cache=1456766576184 HTTP/1.1" 200 30
190.101.9.119 - - [29/Feb/2016:14:23:09 -0300] "GET /cormun/static/menuarrow.gif HTTP/1.1" 404 1015
200.83.57.24 - - [29/Feb/2016:14:23:10 -0300] "POST /cormun/servlet/solicitudotadjuntos?2ff0751351031a975bc32db8ab4c65dd,INS,2016,250,,1, HTTP/1.1" 200 116
200.83.57.24 - - [29/Feb/2016:14:23:11 -0300] "GET /cormun/servlet/hpexe_return? HTTP/1.1" 200 1024
200.83.57.24 - - [29/Feb/2016:14:23:11 -0300] "GET /cormun/servlet/trsolicitudadjuntos?2016,250, HTTP/1.1" 200 7993
200.83.57.24 - - [29/Feb/2016:14:23:12 -0300] "GET /cormun/servlet/trsolicitudadjuntos?2016,250, HTTP/1.1" 200 7989
200.83.57.24 - - [29/Feb/2016:14:23:19 -0300] "GET /cormun/servlet/solicitudotadjuntos?INS,2016,250,,1, HTTP/1.1" 200 5535
200.83.57.24 - - [29/Feb/2016:14:23:20 -0300] "GET /cormun/static/about:blank HTTP/1.1" 404 1011
200.83.57.24 - - [29/Feb/2016:14:23:20 -0300] "GET /cormun/servlet/solicitudotadjuntos?INS,2016,250,,1, HTTP/1.1" 200 5529
200.83.57.24 - - [29/Feb/2016:14:23:20 -0300] "GET /cormun/servlet/solicitudotadjuntos?5c6674129ec76f5b290d575b99e0d24e0ef3ee12c2b743fd346b3819fc79d9a765aae9542e1de71424e2d2dcc14951dd,gx-no-cache=1456766589539 HTTP/1.1" 200 30
200.83.57.24 - - [29/Feb/2016:14:23:21 -0300] "POST /cormun/servlet/solicitudotadjuntos?2ff0751351031a975bc32db8ab4c65dd,INS,2016,250,,1,,gx-no-cache=1456766589606 HTTP/1.1" 200 3351
190.101.9.119 - - [29/Feb/2016:14:23:39 -0300] "GET /cormun/servlet/solicitudot?dd6dbdd25f3a6c9e6aa193413d6224d209a70a1b9b5de729d76fb38e824241f14489ac71a3b8e305ba4a22853a20fc3bb699a6c3d97e929a8f8bf5de66039e547a75967245ae7ef7a41713edc2b8ed9044ab2430489fc97e1b74573d8283a7ece5c0f8b42ff7cefa1d392cf3667e4a37286f3843da56192bba1fe3194ec409024591e14448bf0293780c059073ec1714a045b8d0cfb72742fd1402dac8b37328d7e56633e8690fcece1c2fdb1e5f8fe2,gx-no-cache=1456766689628 HTTP/1.1" 200 30
200.83.57.24 - - [29/Feb/2016:14:23:49 -0300] "POST /cormun/servlet/solicitudotadjuntos?gx-no-cache=1456766618500 HTTP/1.1" 200 26
190.101.9.119 - - [29/Feb/2016:14:23:51 -0300] "POST /cormun/servlet/solicitudot?1e8a262f4985bdda5a0e843c9ebbb195,INS,0,0,,gx-no-cache=1456766700965 HTTP/1.1" 200 93
190.101.9.119 - - [29/Feb/2016:14:23:51 -0300] "GET /cormun/servlet/hpexe_return? HTTP/1.1" 200 1005
190.101.9.119 - - [29/Feb/2016:14:23:51 -0300] "GET /cormun/servlet/trsolicitudot HTTP/1.1" 200 6091
200.83.57.24 - - [29/Feb/2016:14:23:57 -0300] "GET /cormun/servlet/solicitudotadjuntos?5c6674129ec76f5b290d575b99e0d24e0058db49d33906ca6f6d1e6ed0b03ec7,gx-no-cache=1456766626042 HTTP/1.1" 200 30
200.83.57.24 - - [29/Feb/2016:14:23:57 -0300] "GET /cormun/servlet/solicitudotadjuntos?5c6674129ec76f5b290d575b99e0d24e0058db49d33906ca6f6d1e6ed0b03ec7,gx-no-cache=1456766626105 HTTP/1.1" 200 30
200.83.57.24 - - [29/Feb/2016:14:24:08 -0300] "POST /cormun/servlet/solicitudotadjuntos?2ff0751351031a975bc32db8ab4c65dd,INS,2016,250,,1, HTTP/1.1" 200 5253
200.83.57.24 - - [29/Feb/2016:14:24:08 -0300] "GET /cormun/static/Shared/jqueryui/images/ui-bg_highlight-soft_100_c6c2c8_1x100.png HTTP/1.1" 404 1117
200.83.57.24 - - [29/Feb/2016:14:24:08 -0300] "GET /cormun/static/Shared/jqueryui/images/ui-icons_82798d_256x240.png HTTP/1.1" 404 1089
200.83.57.24 - - [29/Feb/2016:14:24:08 -0300] "GET /cormun/static/Shared/jqueryui/images/ui-bg_flat_55_994d53_40x100.png HTTP/1.1" 404 1097
200.83.57.24 - - [29/Feb/2016:14:24:08 -0300] "GET /cormun/static/Shared/jqueryui/images/ui-icons_ebccce_256x240.png HTTP/1.1" 404 1089
200.83.57.24 - - [29/Feb/2016:14:24:09 -0300] "GET /cormun/PrivateTempStorage/upload_00004290.jpg HTTP/1.1" 200 813119
190.101.9.119 - - [29/Feb/2016:14:24:22 -0300] "GET /cormun/servlet/solicitudot?INS,0,0, HTTP/1.1" 200 12008
200.83.57.24 - - [29/Feb/2016:14:24:28 -0300] "GET /cormun/servlet/solicitudotadjuntos?5c6674129ec76f5b290d575b99e0d24e075ddce6fa4dd9384df9d8c45bb25c3365aae9542e1de71424e2d2dcc14951dd,gx-no-cache=1456766657612 HTTP/1.1" 200 30
200.83.57.24 - - [29/Feb/2016:14:24:39 -0300] "POST /cormun/servlet/solicitudotadjuntos?2ff0751351031a975bc32db8ab4c65dd,INS,2016,250,,1, HTTP/1.1" 200 5255
200.83.57.24 - - [29/Feb/2016:14:24:40 -0300] "GET /cormun/PrivateTempStorage/upload_00004302.jpg HTTP/1.1" 200 813119
190.101.9.119 - - [29/Feb/2016:14:24:44 -0300] "POST /cormun/servlet/solicitudot?gx-no-cache=1456766753327 HTTP/1.1" 200 2781
190.101.9.119 - - [29/Feb/2016:14:24:44 -0300] "POST /cormun/servlet/solicitudot?1e8a262f4985bdda5a0e843c9ebbb195,INS,0,0,,gx-no-cache=1456766754069 HTTP/1.1" 200 9504
200.83.57.24 - - [29/Feb/2016:14:24:55 -0300] "POST /cormun/servlet/solicitudotadjuntos?2ff0751351031a975bc32db8ab4c65dd,INS,2016,250,,1, HTTP/1.1" 200 116
200.83.57.24 - - [29/Feb/2016:14:24:55 -0300] "GET /cormun/servlet/hpexe_return? HTTP/1.1" 200 1024
200.83.57.24 - - [29/Feb/2016:14:24:55 -0300] "GET /cormun/servlet/trsolicitudadjuntos?2016,250, HTTP/1.1" 200 7993
200.83.57.24 - - [29/Feb/2016:14:24:56 -0300] "GET /cormun/servlet/trsolicitudadjuntos?2016,250, HTTP/1.1" 200 7989
115.231.222.40 - - [29/Feb/2016:14:24:56 -0300] "GET /cgi-bin/common/attr?id=260714&r=0.5755933880071390 HTTP/1.1" 404 999
200.83.57.24 - - [29/Feb/2016:14:25:04 -0300] "GET /cormun/servlet/solicitudotadjuntos?INS,2016,250,,1, HTTP/1.1" 200 5534
200.83.57.24 - - [29/Feb/2016:14:25:04 -0300] "GET /cormun/static/about:blank HTTP/1.1" 404 1011
200.83.57.24 - - [29/Feb/2016:14:25:04 -0300] "GET /cormun/servlet/solicitudotadjuntos?INS,2016,250,,1, HTTP/1.1" 200 5528
200.83.57.24 - - [29/Feb/2016:14:25:05 -0300] "GET /cormun/servlet/solicitudotadjuntos?5c6674129ec76f5b290d575b99e0d24e0ef3ee12c2b743fd346b3819fc79d9a765aae9542e1de71424e2d2dcc14951dd,gx-no-cache=1456766693792 HTTP/1.1" 200 30
200.83.57.24 - - [29/Feb/2016:14:25:05 -0300] "POST /cormun/servlet/solicitudotadjuntos?2ff0751351031a975bc32db8ab4c65dd,INS,2016,250,,1,,gx-no-cache=1456766693858 HTTP/1.1" 200 3350
200.83.57.24 - - [29/Feb/2016:14:25:06 -0300] "POST /cormun/servlet/solicitudotadjuntos?gx-no-cache=1456766695280 HTTP/1.1" 200 26
200.83.57.24 - - [29/Feb/2016:14:25:10 -0300] "POST /cormun/servlet/solicitudotadjuntos?2ff0751351031a975bc32db8ab4c65dd,INS,2016,250,,1,,gx-no-cache=1456766699191 HTTP/1.1" 200 93
200.83.57.24 - - [29/Feb/2016:14:25:10 -0300] "GET /cormun/servlet/hpexe_return? HTTP/1.1" 200 1024
200.83.57.24 - - [29/Feb/2016:14:25:11 -0300] "GET /cormun/servlet/trsolicitudadjuntos?2016,250, HTTP/1.1" 200 7995
200.83.57.24 - - [29/Feb/2016:14:25:11 -0300] "GET /cormun/servlet/trsolicitudadjuntos?2016,250, HTTP/1.1" 200 7991
200.83.57.24 - - [29/Feb/2016:14:25:16 -0300] "GET /cormun/servlet/solicitudotadjuntos?INS,2016,250,,1, HTTP/1.1" 200 5535
200.83.57.24 - - [29/Feb/2016:14:25:16 -0300] "GET /cormun/static/about:blank HTTP/1.1" 404 1011
200.83.57.24 - - [29/Feb/2016:14:25:16 -0300] "GET /cormun/servlet/solicitudotadjuntos?INS,2016,250,,1, HTTP/1.1" 200 5529
200.83.57.24 - - [29/Feb/2016:14:25:17 -0300] "GET /cormun/servlet/solicitudotadjuntos?5c6674129ec76f5b290d575b99e0d24e0ef3ee12c2b743fd346b3819fc79d9a765aae9542e1de71424e2d2dcc14951dd,gx-no-cache=1456766705727 HTTP/1.1" 200 30
200.83.57.24 - - [29/Feb/2016:14:25:17 -0300] "POST /cormun/servlet/solicitudotadjuntos?2ff0751351031a975bc32db8ab4c65dd,INS,2016,250,,1,,gx-no-cache=1456766705821 HTTP/1.1" 200 3351
190.101.9.119 - - [29/Feb/2016:14:25:18 -0300] "GET /cormun/servlet/solicitudot?dd6dbdd25f3a6c9e6aa193413d6224d2b35df6650356f794004ea6aa36ab987a24a3b9133fa5ddd0a719363b4bc396e8,gx-no-cache=1456766788522 HTTP/1.1" 200 30
200.83.57.24 - - [29/Feb/2016:14:25:21 -0300] "POST /cormun/servlet/solicitudotadjuntos?gx-no-cache=1456766709840 HTTP/1.1" 200 26
190.101.9.119 - - [29/Feb/2016:14:25:27 -0300] "POST /cormun/servlet/solicitudot?gx-no-cache=1456766797261 HTTP/1.1" 200 120
190.101.9.119 - - [29/Feb/2016:14:25:27 -0300] "GET /cormun/static/Shared/jqueryui/images/ui-bg_flat_55_994d53_40x100.png HTTP/1.1" 404 1097
190.101.9.119 - - [29/Feb/2016:14:25:27 -0300] "GET /cormun/static/Shared/jqueryui/images/ui-icons_ebccce_256x240.png HTTP/1.1" 404 1089
190.101.9.119 - - [29/Feb/2016:14:25:27 -0300] "GET /cormun/static/Shared/jqueryui/images/ui-bg_highlight-soft_100_c6c2c8_1x100.png HTTP/1.1" 404 1117
190.101.9.119 - - [29/Feb/2016:14:25:27 -0300] "GET /cormun/static/Shared/jqueryui/images/ui-icons_82798d_256x240.png HTTP/1.1" 404 1089
190.101.9.119 - - [29/Feb/2016:14:25:30 -0300] "POST /cormun/servlet/solicitudot?gx-no-cache=1456766800528 HTTP/1.1" 200 30
200.83.57.24 - - [29/Feb/2016:14:25:38 -0300] "GET /cormun/servlet/solicitudotadjuntos?5c6674129ec76f5b290d575b99e0d24e0058db49d33906ca6f6d1e6ed0b03ec7,gx-no-cache=1456766726953 HTTP/1.1" 200 30
200.83.57.24 - - [29/Feb/2016:14:25:38 -0300] "GET /cormun/servlet/solicitudotadjuntos?5c6674129ec76f5b290d575b99e0d24e0058db49d33906ca6f6d1e6ed0b03ec7,gx-no-cache=1456766727000 HTTP/1.1" 200 30
200.83.57.24 - - [29/Feb/2016:14:25:49 -0300] "POST /cormun/servlet/solicitudotadjuntos?2ff0751351031a975bc32db8ab4c65dd,INS,2016,250,,1, HTTP/1.1" 200 116
200.83.57.24 - - [29/Feb/2016:14:25:49 -0300] "GET /cormun/servlet/hpexe_return? HTTP/1.1" 200 1024
200.83.57.24 - - [29/Feb/2016:14:25:50 -0300] "GET /cormun/servlet/trsolicitudadjuntos?2016,250, HTTP/1.1" 200 8097
200.83.57.24 - - [29/Feb/2016:14:25:50 -0300] "GET /cormun/servlet/trsolicitudadjuntos?2016,250, HTTP/1.1" 200 8096
190.101.9.119 - - [29/Feb/2016:14:25:52 -0300] "POST /cormun/servlet/solicitudot?gx-no-cache=1456766822011 HTTP/1.1" 200 452
190.101.9.119 - - [29/Feb/2016:14:25:52 -0300] "GET /cormun/servlet/solicitudot?dd6dbdd25f3a6c9e6aa193413d6224d296e4087151bc0ac3333f4d64f5e93ec635e48acc93970ba7981fc3103a65d815a7e3d4d5bdd2a720c7b0b605012defc0a8595f596199566327323edeb55f624e704f42c9e3a2d328a9010d1e20da8c6d8fc35a24666ed3365d3011e8805c0acb5811de7fbdbcf884159ef79528a3b9fe11f812bf3cf716fcad0208592b960f61,gx-no-cache=1456766822508 HTTP/1.1" 200 38
190.101.9.119 - - [29/Feb/2016:14:26:13 -0300] "GET /cormun/servlet/solicitudot?dd6dbdd25f3a6c9e6aa193413d6224d249121d41b23147c9e3b8e504a36b678743a30af863a125b4893489704665af7acb07a0561a3032e5d43a4cc1bb1e8a1a6132ea6a91aa6138fd82938567eaeaaf9f8a14dee191ad0b8786eddd3e158100b67d93b9cf529fcab2ac62673669e2f3,gx-no-cache=1456766843583 HTTP/1.1" 200 29
190.101.9.119 - - [29/Feb/2016:14:26:13 -0300] "POST /cormun/servlet/solicitudot?gx-no-cache=1456766843667 HTTP/1.1" 200 404
190.101.9.119 - - [29/Feb/2016:14:26:13 -0300] "GET /cormun/static/menuarrow.gif HTTP/1.1" 404 1015
200.83.57.24 - - [29/Feb/2016:14:26:20 -0300] "GET /cormun/servlet/solicitudotadjuntos?INS,2016,250,,1, HTTP/1.1" 200 5535
200.83.57.24 - - [29/Feb/2016:14:26:21 -0300] "GET /cormun/static/about:blank HTTP/1.1" 404 1011
200.83.57.24 - - [29/Feb/2016:14:26:21 -0300] "GET /cormun/servlet/solicitudotadjuntos?INS,2016,250,,1, HTTP/1.1" 200 5529
200.83.57.24 - - [29/Feb/2016:14:26:21 -0300] "GET /cormun/servlet/solicitudotadjuntos?5c6674129ec76f5b290d575b99e0d24e0ef3ee12c2b743fd346b3819fc79d9a765aae9542e1de71424e2d2dcc14951dd,gx-no-cache=1456766770544 HTTP/1.1" 200 30
200.83.57.24 - - [29/Feb/2016:14:26:22 -0300] "POST /cormun/servlet/solicitudotadjuntos?2ff0751351031a975bc32db8ab4c65dd,INS,2016,250,,1,,gx-no-cache=1456766770640 HTTP/1.1" 200 3351
200.83.57.24 - - [29/Feb/2016:14:26:30 -0300] "POST /cormun/servlet/solicitudotadjuntos?2ff0751351031a975bc32db8ab4c65dd,INS,2016,250,,1,,gx-no-cache=1456766779028 HTTP/1.1" 200 93
200.83.57.24 - - [29/Feb/2016:14:26:30 -0300] "GET /cormun/servlet/hpexe_return? HTTP/1.1" 200 1024
200.83.57.24 - - [29/Feb/2016:14:26:31 -0300] "GET /cormun/servlet/trsolicitudadjuntos?2016,250, HTTP/1.1" 200 8096
200.83.57.24 - - [29/Feb/2016:14:26:31 -0300] "GET /cormun/servlet/trsolicitudadjuntos?2016,250, HTTP/1.1" 200 8096
200.83.57.24 - - [29/Feb/2016:14:26:33 -0300] "GET /cormun/servlet/solicitudotadjuntos?INS,2016,250,,2, HTTP/1.1" 200 5534
200.83.57.24 - - [29/Feb/2016:14:26:34 -0300] "GET /cormun/static/about:blank HTTP/1.1" 404 1011
200.83.57.24 - - [29/Feb/2016:14:26:34 -0300] "GET /cormun/servlet/solicitudotadjuntos?INS,2016,250,,2, HTTP/1.1" 200 5528
200.83.57.24 - - [29/Feb/2016:14:26:34 -0300] "GET /cormun/servlet/solicitudotadjuntos?5c6674129ec76f5b290d575b99e0d24e0ef3ee12c2b743fd346b3819fc79d9a765aae9542e1de71424e2d2dcc14951dd,gx-no-cache=1456766783430 HTTP/1.1" 200 30
200.83.57.24 - - [29/Feb/2016:14:26:34 -0300] "POST /cormun/servlet/solicitudotadjuntos?2ff0751351031a975bc32db8ab4c65dd,INS,2016,250,,2,,gx-no-cache=1456766783477 HTTP/1.1" 200 3495
190.101.9.119 - - [29/Feb/2016:14:26:41 -0300] "GET /cormun/servlet/solicitudot?dd6dbdd25f3a6c9e6aa193413d6224d2734508c843815d4d387c75e28db6df3f9f52ce20b5f2590241c39c4faf15932cb699a6c3d97e929a8f8bf5de66039e547a75967245ae7ef7a41713edc2b8ed9044ab2430489fc97e1b74573d8283a7ece5c0f8b42ff7cefa1d392cf3667e4a37286f3843da56192bba1fe3194ec409024591e14448bf0293780c059073ec1714a045b8d0cfb72742fd1402dac8b37328d7e56633e8690fcece1c2fdb1e5f8fe2,gx-no-cache=1456766871525 HTTP/1.1" 200 30
190.101.9.119 - - [29/Feb/2016:14:27:25 -0300] "GET /cormun/servlet/solicitudot?dd6dbdd25f3a6c9e6aa193413d6224d2734508c843815d4d387c75e28db6df3f9f52ce20b5f2590241c39c4faf15932cb699a6c3d97e929a8f8bf5de66039e547a75967245ae7ef7a41713edc2b8ed9044ab2430489fc97e1b74573d8283a7ece5c0f8b42ff7cefa1d392cf3667e4a37286f3843da56192bba1fe3194ec409024591e14448bf0293780c059073ec1714a045b8d0cfb72742fd1402dac8b37328d7e56633e8690fcece1c2fdb1e5f8fe2,gx-no-cache=1456766915290 HTTP/1.1" 200 30
190.101.9.119 - - [29/Feb/2016:14:27:25 -0300] "POST /cormun/servlet/solicitudot?1e8a262f4985bdda5a0e843c9ebbb195,INS,0,0,,gx-no-cache=1456766915393 HTTP/1.1" 200 9823
190.101.9.119 - - [29/Feb/2016:14:27:50 -0300] "GET /cormun/servlet/trsolicitudot HTTP/1.1" 200 6091
190.101.9.119 - - [29/Feb/2016:14:27:59 -0300] "GET /cormun/servlet/solicitudot?INS,0,0, HTTP/1.1" 200 12010
190.101.9.119 - - [29/Feb/2016:14:28:34 -0300] "POST /cormun/servlet/solicitudot?gx-no-cache=1456766984612 HTTP/1.1" 200 2669
190.101.9.119 - - [29/Feb/2016:14:28:35 -0300] "POST /cormun/servlet/solicitudot?1e8a262f4985bdda5a0e843c9ebbb195,INS,0,0,,gx-no-cache=1456766984997 HTTP/1.1" 200 9386
190.101.9.119 - - [29/Feb/2016:14:28:36 -0300] "GET /cormun/servlet/solicitudot?dd6dbdd25f3a6c9e6aa193413d6224d29a96de39f6c308171674d103693a6f9024a3b9133fa5ddd0a719363b4bc396e8,gx-no-cache=1456766986662 HTTP/1.1" 200 30
190.101.9.119 - - [29/Feb/2016:14:29:06 -0300] "GET /cormun/servlet/solicitudot?dd6dbdd25f3a6c9e6aa193413d6224d29a96de39f6c308171674d103693a6f90b2134e5fa316be1363036d33b26fb394,gx-no-cache=1456767015885 HTTP/1.1" 200 30
200.83.57.24 - - [29/Feb/2016:14:29:36 -0300] "POST /cormun/servlet/solicitudotadjuntos?gx-no-cache=1456766964689 HTTP/1.1" 200 26
200.83.57.24 - - [29/Feb/2016:14:30:04 -0300] "GET /cormun/servlet/solicitudotadjuntos?5c6674129ec76f5b290d575b99e0d24e0058db49d33906ca6f6d1e6ed0b03ec7,gx-no-cache=1456766993313 HTTP/1.1" 200 30
200.83.57.24 - - [29/Feb/2016:14:30:04 -0300] "GET /cormun/servlet/solicitudotadjuntos?5c6674129ec76f5b290d575b99e0d24e0058db49d33906ca6f6d1e6ed0b03ec7,gx-no-cache=1456766993478 HTTP/1.1" 200 30
200.83.57.24 - - [29/Feb/2016:14:30:10 -0300] "POST /cormun/servlet/solicitudotadjuntos?2ff0751351031a975bc32db8ab4c65dd,INS,2016,250,,2, HTTP/1.1" 200 116
200.83.57.24 - - [29/Feb/2016:14:30:10 -0300] "GET /cormun/servlet/hpexe_return? HTTP/1.1" 200 1024
200.83.57.24 - - [29/Feb/2016:14:30:11 -0300] "GET /cormun/servlet/trsolicitudadjuntos?2016,250, HTTP/1.1" 200 8373
200.83.57.24 - - [29/Feb/2016:14:30:12 -0300] "GET /cormun/servlet/trsolicitudadjuntos?2016,250, HTTP/1.1" 200 8371
200.83.57.24 - - [29/Feb/2016:14:30:17 -0300] "GET /cormun/servlet/solicitudotadjuntos?INS,2016,250,,2, HTTP/1.1" 200 5533
200.83.57.24 - - [29/Feb/2016:14:30:17 -0300] "GET /cormun/static/about:blank HTTP/1.1" 404 1011
200.83.57.24 - - [29/Feb/2016:14:30:17 -0300] "GET /cormun/servlet/solicitudotadjuntos?INS,2016,250,,2, HTTP/1.1" 200 5527
200.83.57.24 - - [29/Feb/2016:14:30:18 -0300] "GET /cormun/servlet/solicitudotadjuntos?5c6674129ec76f5b290d575b99e0d24e0ef3ee12c2b743fd346b3819fc79d9a765aae9542e1de71424e2d2dcc14951dd,gx-no-cache=1456767007015 HTTP/1.1" 200 30
200.83.57.24 - - [29/Feb/2016:14:30:18 -0300] "POST /cormun/servlet/solicitudotadjuntos?2ff0751351031a975bc32db8ab4c65dd,INS,2016,250,,2,,gx-no-cache=1456767007116 HTTP/1.1" 200 3495
200.83.57.24 - - [29/Feb/2016:14:30:24 -0300] "POST /cormun/servlet/solicitudotadjuntos?gx-no-cache=1456767012889 HTTP/1.1" 200 26
200.83.57.24 - - [29/Feb/2016:14:30:40 -0300] "GET /cormun/servlet/solicitudotadjuntos?5c6674129ec76f5b290d575b99e0d24e0058db49d33906ca6f6d1e6ed0b03ec7,gx-no-cache=1456767029545 HTTP/1.1" 200 30
200.83.57.24 - - [29/Feb/2016:14:30:40 -0300] "GET /cormun/servlet/solicitudotadjuntos?5c6674129ec76f5b290d575b99e0d24e0058db49d33906ca6f6d1e6ed0b03ec7,gx-no-cache=1456767029627 HTTP/1.1" 200 30
200.83.57.24 - - [29/Feb/2016:14:30:44 -0300] "POST /cormun/servlet/solicitudotadjuntos?2ff0751351031a975bc32db8ab4c65dd,INS,2016,250,,2, HTTP/1.1" 200 116
200.83.57.24 - - [29/Feb/2016:14:30:45 -0300] "GET /cormun/servlet/hpexe_return? HTTP/1.1" 200 1024
200.83.57.24 - - [29/Feb/2016:14:30:45 -0300] "GET /cormun/servlet/trsolicitudadjuntos?2016,250, HTTP/1.1" 200 8581
200.83.57.24 - - [29/Feb/2016:14:30:46 -0300] "GET /cormun/servlet/trsolicitudadjuntos?2016,250, HTTP/1.1" 200 8576
200.83.57.24 - - [29/Feb/2016:14:31:29 -0300] "GET /cormun/servlet/trautorizarsolicitud? HTTP/1.1" 200 6195
200.83.57.24 - - [29/Feb/2016:14:31:29 -0300] "GET /cormun/servlet/trautorizarsolicitud? HTTP/1.1" 200 6184
200.83.57.24 - - [29/Feb/2016:14:31:34 -0300] "GET /cormun/servlet/trsolicitudot? HTTP/1.1" 200 7801
200.83.57.24 - - [29/Feb/2016:14:31:34 -0300] "GET /cormun/servlet/trsolicitudot? HTTP/1.1" 200 7801
200.83.57.24 - - [29/Feb/2016:14:31:39 -0300] "POST /cormun/servlet/trsolicitudot?2ff0751351031a975bc32db8ab4c65dd,,gx-no-cache=1456767088397 HTTP/1.1" 200 105
200.83.57.24 - - [29/Feb/2016:14:31:40 -0300] "GET /cormun/servlet/trsolicitudadjuntos?2016,250, HTTP/1.1" 200 8574
200.83.57.24 - - [29/Feb/2016:14:31:41 -0300] "GET /cormun/servlet/trsolicitudadjuntos?2016,250, HTTP/1.1" 200 8580
200.83.57.24 - - [29/Feb/2016:14:31:51 -0300] "GET /cormun/servlet/trvisualizadoreventos? HTTP/1.1" 200 6064
200.83.57.24 - - [29/Feb/2016:14:31:51 -0300] "GET /cormun/servlet/trvisualizadoreventos? HTTP/1.1" 200 6053
200.83.57.24 - - [29/Feb/2016:14:31:59 -0300] "GET /cormun/servlet/trsolicitudot? HTTP/1.1" 200 7801
200.83.57.24 - - [29/Feb/2016:14:32:00 -0300] "GET /cormun/servlet/trsolicitudot? HTTP/1.1" 200 7801
200.83.57.24 - - [29/Feb/2016:14:32:12 -0300] "POST /cormun/servlet/trsolicitudot?2ff0751351031a975bc32db8ab4c65dd,,gx-no-cache=1456767120680 HTTP/1.1" 200 4911
200.83.57.24 - - [29/Feb/2016:14:32:12 -0300] "GET /cormun/static/Shared/jqueryui/images/ui-bg_highlight-soft_100_c6c2c8_1x100.png HTTP/1.1" 404 1117
200.83.57.24 - - [29/Feb/2016:14:32:12 -0300] "GET /cormun/static/Shared/jqueryui/images/ui-icons_8d78a5_256x240.png HTTP/1.1" 404 1089
200.83.57.24 - - [29/Feb/2016:14:32:12 -0300] "GET /cormun/static/Shared/jqueryui/images/ui-icons_82798d_256x240.png HTTP/1.1" 404 1089
200.83.57.24 - - [29/Feb/2016:14:32:12 -0300] "GET /cormun/static/Shared/jqueryui/images/ui-bg_flat_55_fafafa_40x100.png HTTP/1.1" 404 1097
200.83.57.24 - - [29/Feb/2016:14:32:12 -0300] "POST /cormun/servlet/trsolicitudot?2ff0751351031a975bc32db8ab4c65dd,,gx-no-cache=1456767120985 HTTP/1.1" 200 4853
200.83.57.24 - - [29/Feb/2016:14:32:21 -0300] "POST /cormun/servlet/trsolicitudot?2ff0751351031a975bc32db8ab4c65dd,,gx-no-cache=1456767130256 HTTP/1.1" 200 3593
200.83.57.24 - - [29/Feb/2016:14:32:22 -0300] "POST /cormun/servlet/trsolicitudot?2ff0751351031a975bc32db8ab4c65dd,,gx-no-cache=1456767130630 HTTP/1.1" 200 3446
190.101.9.119 - - [29/Feb/2016:14:32:48 -0300] "POST /cormun/servlet/solicitudot?gx-no-cache=1456767238153 HTTP/1.1" 200 30
190.101.9.119 - - [29/Feb/2016:14:32:56 -0300] "POST /cormun/servlet/solicitudot?gx-no-cache=1456767246682 HTTP/1.1" 200 30
190.101.9.119 - - [29/Feb/2016:14:33:00 -0300] "POST /cormun/servlet/solicitudot?gx-no-cache=1456767250833 HTTP/1.1" 200 452
190.101.9.119 - - [29/Feb/2016:14:33:01 -0300] "GET /cormun/servlet/solicitudot?dd6dbdd25f3a6c9e6aa193413d6224d296e4087151bc0ac3333f4d64f5e93ec635e48acc93970ba7981fc3103a65d815a7e3d4d5bdd2a720c7b0b605012defc0a8595f596199566327323edeb55f624e704f42c9e3a2d328a9010d1e20da8c6d8fc35a24666ed3365d3011e8805c0acb5811de7fbdbcf884159ef79528a3b9fe11f812bf3cf716fcad0208592b960f61,gx-no-cache=1456767250943 HTTP/1.1" 200 38
200.83.57.24 - - [29/Feb/2016:14:33:23 -0300] "GET /cormun/servlet/trsolicitudot? HTTP/1.1" 200 6252
200.83.57.24 - - [29/Feb/2016:14:33:24 -0300] "GET /cormun/servlet/trsolicitudot? HTTP/1.1" 200 6252
200.83.57.24 - - [29/Feb/2016:14:33:27 -0300] "GET /cormun/servlet/solicitudot?INS,0,0, HTTP/1.1" 200 12204
200.83.57.24 - - [29/Feb/2016:14:33:27 -0300] "GET /cormun/servlet/solicitudot?INS,0,0, HTTP/1.1" 200 12209
190.101.9.119 - - [29/Feb/2016:14:34:26 -0300] "GET /cormun/servlet/solicitudot?dd6dbdd25f3a6c9e6aa193413d6224d249121d41b23147c9e3b8e504a36b678743a30af863a125b4893489704665af7acb07a0561a3032e5d43a4cc1bb1e8a1a6132ea6a91aa6138fd82938567eaeaaf9f8a14dee191ad0b8786eddd3e158100b67d93b9cf529fcab2ac62673669e2f3,gx-no-cache=1456767336430 HTTP/1.1" 200 29
186.103.159.44 - - [29/Feb/2016:14:34:32 -0300] "POST /cormun/servlet/trsolicitudot?bf12fed8003220947363addfe114fc79,,gx-no-cache=1456767300624 HTTP/1.1" 200 5149
186.103.159.44 - - [29/Feb/2016:14:34:32 -0300] "POST /cormun/servlet/trsolicitudot?bf12fed8003220947363addfe114fc79,,gx-no-cache=1456767301338 HTTP/1.1" 200 5149
186.103.159.44 - - [29/Feb/2016:14:34:33 -0300] "POST /cormun/servlet/trsolicitudot?bf12fed8003220947363addfe114fc79,,gx-no-cache=1456767301912 HTTP/1.1" 200 5149
186.103.159.44 - - [29/Feb/2016:14:34:34 -0300] "POST /cormun/servlet/trsolicitudot?bf12fed8003220947363addfe114fc79,,gx-no-cache=1456767302507 HTTP/1.1" 200 5149
186.103.159.44 - - [29/Feb/2016:14:34:34 -0300] "POST /cormun/servlet/trsolicitudot?bf12fed8003220947363addfe114fc79,,gx-no-cache=1456767303141 HTTP/1.1" 200 5149
190.101.9.119 - - [29/Feb/2016:14:34:34 -0300] "POST /cormun/servlet/solicitudot?gx-no-cache=1456767344561 HTTP/1.1" 200 404
186.103.159.44 - - [29/Feb/2016:14:34:35 -0300] "POST /cormun/servlet/trsolicitudot?bf12fed8003220947363addfe114fc79,,gx-no-cache=1456767303785 HTTP/1.1" 200 5149
186.103.159.44 - - [29/Feb/2016:14:34:36 -0300] "POST /cormun/servlet/trsolicitudot?bf12fed8003220947363addfe114fc79,,gx-no-cache=1456767304484 HTTP/1.1" 200 5149
