186.103.159.44 - - [29/Feb/2016:12:53:15 -0300] "GET /cormun/servlet/solicitudot?20bde8686b8d6dc840470740c39bb69b58e4d5c9b0ebc6ee6501bd4a64eeb3b75114692230d957102d33a701302a18f42e982143a4ad3044bc50038516e58a56381bf5a02087731b4155a38cf4ba4a893a4252933af17424d4acb2803c68b529f1ea4a569468638722d5801107f303a5e1d5f878db67655ebeba3a251555fcbb067dfb3b9ce7bc2713c0b8c093843506,gx-no-cache=1456761218098 HTTP/1.1" 200 38
186.103.159.44 - - [29/Feb/2016:12:53:16 -0300] "GET /cormun/static/Shared/jqueryui/images/ui-bg_highlight-soft_100_c6c2c8_1x100.png HTTP/1.1" 404 1117
186.103.159.44 - - [29/Feb/2016:12:53:16 -0300] "GET /cormun/static/Shared/jqueryui/images/ui-icons_82798d_256x240.png HTTP/1.1" 404 1089
186.103.159.44 - - [29/Feb/2016:12:53:16 -0300] "GET /cormun/static/Shared/jqueryui/images/ui-icons_ebccce_256x240.png HTTP/1.1" 404 1089
186.103.159.44 - - [29/Feb/2016:12:53:16 -0300] "GET /cormun/static/Shared/jqueryui/images/ui-bg_flat_55_994d53_40x100.png HTTP/1.1" 404 1097
186.103.159.44 - - [29/Feb/2016:12:53:55 -0300] "GET /cormun/servlet/solicitudot?20bde8686b8d6dc840470740c39bb69b135f495e01de74c42d1f45cd3b42852971ed473d31bd7729b8328078e6de035efb94d8f4fb244aab6c083a796c2199245444cc981f6ebd8a7a0be70b45013e9582e3644b3fd531f6dab4f24d215897ca9f9b6379e3162a754e769ceda472955b,gx-no-cache=1456761257589 HTTP/1.1" 200 29
186.103.159.44 - - [29/Feb/2016:12:53:57 -0300] "POST /cormun/servlet/solicitudot?gx-no-cache=1456761259709 HTTP/1.1" 200 1116
186.103.159.44 - - [29/Feb/2016:12:54:19 -0300] "POST /cormun/servlet/solicitudot?gx-no-cache=1456761281941 HTTP/1.1" 200 30
186.103.159.44 - - [29/Feb/2016:12:54:33 -0300] "POST /cormun/servlet/solicitudot?gx-no-cache=1456761296228 HTTP/1.1" 200 30
186.103.159.44 - - [29/Feb/2016:12:54:38 -0300] "POST /cormun/servlet/solicitudot?gx-no-cache=1456761300623 HTTP/1.1" 200 1154
186.103.159.44 - - [29/Feb/2016:12:54:38 -0300] "GET /cormun/servlet/solicitudot?20bde8686b8d6dc840470740c39bb69b58e4d5c9b0ebc6ee6501bd4a64eeb3b75114692230d957102d33a701302a18f42e982143a4ad3044bc50038516e58a56381bf5a02087731b4155a38cf4ba4a893a4252933af17424d4acb2803c68b529f1ea4a569468638722d5801107f303a5e1d5f878db67655ebeba3a251555fcbb067dfb3b9ce7bc2713c0b8c093843506,gx-no-cache=1456761300677 HTTP/1.1" 200 38
186.103.159.44 - - [29/Feb/2016:12:54:40 -0300] "POST /cormun/servlet/solicitudot?gx-no-cache=1456761303104 HTTP/1.1" 200 1116
186.103.159.44 - - [29/Feb/2016:12:54:54 -0300] "GET /cormun/servlet/solicitudot?20bde8686b8d6dc840470740c39bb69b9599cef1126121b0dc912331ce101e29debc96dd62db773b98e08272265708bc897b88703b483a58d3eb7e3f47cde3b5c595b5d4adcc17b593e5b50d6fbb2a02e96020fb15839fe1db0dde934330f7e8528486fecd5ac9a8aa8b70993c4d5f8a4f79f1d572ff94927f816d2c312f263a213240490745aec442729cf5872d4913d202f3b996dbca14e201df8e0a2c67fc957b0869054d7481f650d9e49051e0a6,gx-no-cache=1456761317131 HTTP/1.1" 200 30
186.103.159.44 - - [29/Feb/2016:12:55:06 -0300] "POST /cormun/servlet/solicitudot?adc65a04355111591eba67d82fb3aa97,INS,0,0,,gx-no-cache=1456761327400 HTTP/1.1" 200 93
186.103.159.44 - - [29/Feb/2016:12:55:06 -0300] "GET /cormun/servlet/hpexe_return? HTTP/1.1" 200 1007
186.103.159.44 - - [29/Feb/2016:12:55:07 -0300] "GET /cormun/servlet/trsolicitudot? HTTP/1.1" 200 8001
164.77.221.246 - - [29/Feb/2016:12:55:12 -0300] "POST /cormun/servlet/solicitudot?gx-no-cache=1456765016090 HTTP/1.1" 200 30
164.77.221.246 - - [29/Feb/2016:12:55:55 -0300] "POST /cormun/servlet/solicitudot?gx-no-cache=1456765058988 HTTP/1.1" 200 122
164.77.221.246 - - [29/Feb/2016:12:56:07 -0300] "POST /cormun/servlet/solicitudot?gx-no-cache=1456765070565 HTTP/1.1" 200 122
164.77.221.246 - - [29/Feb/2016:12:56:07 -0300] "POST /cormun/servlet/solicitudot?gx-no-cache=1456765070621 HTTP/1.1" 200 452
164.77.221.246 - - [29/Feb/2016:12:56:07 -0300] "GET /cormun/servlet/solicitudot?b5d1613b0409df646787c4478531bba8a266ebb9e97213e5a2bec18737f19853baafee67d899d4e7bea3f57a6959660e6c6ea9cc3c2f6a5edf7b45f5869bb935950e7bad1791ec7f44c0b348bb6102853491a47d97226eee0b90c727d3a88a0520f094e2a0377584aa51e759733549934987ea70deb125719c2238068837bb1505491f0e3a8f548720b79d3b37b9c9bc,gx-no-cache=1456765070683 HTTP/1.1" 200 38
164.77.221.246 - - [29/Feb/2016:12:58:03 -0300] "POST /cormun/servlet/solicitudot?gx-no-cache=1456765187128 HTTP/1.1" 200 122
164.77.221.246 - - [29/Feb/2016:12:58:49 -0300] "POST /cormun/servlet/solicitudot?gx-no-cache=1456765232472 HTTP/1.1" 200 30
164.77.221.246 - - [29/Feb/2016:12:58:59 -0300] "POST /cormun/servlet/solicitudot?gx-no-cache=1456765243239 HTTP/1.1" 200 452
164.77.221.246 - - [29/Feb/2016:12:58:59 -0300] "GET /cormun/servlet/solicitudot?b5d1613b0409df646787c4478531bba8a266ebb9e97213e5a2bec18737f19853baafee67d899d4e7bea3f57a6959660e6c6ea9cc3c2f6a5edf7b45f5869bb935950e7bad1791ec7f44c0b348bb6102853491a47d97226eee0b90c727d3a88a0520f094e2a0377584aa51e759733549934987ea70deb125719c2238068837bb1505491f0e3a8f548720b79d3b37b9c9bc,gx-no-cache=1456765243303 HTTP/1.1" 200 38
164.77.221.246 - - [29/Feb/2016:12:59:47 -0300] "GET /cormun/servlet/solicitudot?b5d1613b0409df646787c4478531bba88517090ade29f218726b3179e8779d2cf9223190531555a008da3d2799ee14297bc44cc07adb1906ce1f326d8c18fc3d91ad391472947500b550b52e45ddb4ecf40919066b85136e9b1da09ab1c6d88d4955a11ef5a949593f06adb28fec21ac,gx-no-cache=1456765291219 HTTP/1.1" 200 29
164.77.221.246 - - [29/Feb/2016:12:59:50 -0300] "POST /cormun/servlet/solicitudot?gx-no-cache=1456765293784 HTTP/1.1" 200 1116
164.77.221.246 - - [29/Feb/2016:13:01:33 -0300] "GET /cormun/static/menuarrow.gif HTTP/1.1" 404 1015
164.77.221.246 - - [29/Feb/2016:13:08:55 -0300] "GET /cormun/servlet/solicitudot?b5d1613b0409df646787c4478531bba8778690ca668ee89812d92b434421991b0c4b43bd066ab8bcb2758ce6e64c91fb7297ab385795dc689aa1f2eced6003b543c0caa8d3566bb2ea8df8d6683933c964a1fbac536ca02b4e9857b405a326347bde2a2e35c3b74f027c0b918bd1554e8f534b979841d9d468f3b0fd711f8ca389b821235b31253ba97f5d3553b3bf0f3a53e3f33ed599498cde3814ce4e7868ea51d76fd9695eefa66aac06e428fea4,gx-no-cache=1456765838515 HTTP/1.1" 200 30
164.77.221.246 - - [29/Feb/2016:13:11:04 -0300] "POST /cormun/servlet/solicitudot?907d3a24bfce87af756dbcddbfba1d32,INS,0,0,,gx-no-cache=1456765967719 HTTP/1.1" 200 10544
164.77.221.246 - - [29/Feb/2016:13:11:53 -0300] "POST /cormun/servlet/solicitudot?gx-no-cache=1456766016970 HTTP/1.1" 200 30
164.77.221.246 - - [29/Feb/2016:13:12:25 -0300] "POST /cormun/servlet/solicitudot?gx-no-cache=1456766048720 HTTP/1.1" 200 30
164.77.221.246 - - [29/Feb/2016:13:12:30 -0300] "GET /cormun/servlet/prfichaempleado?,MD,,gxPopupLevel%3D0%3B HTTP/1.1" 200 7886
164.77.221.246 - - [29/Feb/2016:13:12:30 -0300] "GET /cormun/static/scaMessage/css/jquery-ui.css?104140 HTTP/1.1" 404 1045
164.77.221.246 - - [29/Feb/2016:13:12:36 -0300] "GET /cormun/servlet/prfichaempleado?f6c55d00ac09c6dbe9f2795132136c7104bbb3f7e7f62232e5bcb20d5203dab0e25c4eb5aac15879a62b998d425727f4ad35db5c0022da38b618b93ae5cef45d,gx-no-cache=1456766059601 HTTP/1.1" 200 463
164.77.221.246 - - [29/Feb/2016:13:12:38 -0300] "GET /cormun/servlet/prfichaempleado?f6c55d00ac09c6dbe9f2795132136c713bc703e6f9d9cf7bbecea37f27c05c08e2069dba1f5849260cf10bef819b73c2de22dca50bf54e8239ba808d92525aacf075a1562c99b7195d0caa1ab59b871b,gx-no-cache=1456766061798 HTTP/1.1" 200 462
164.77.221.246 - - [29/Feb/2016:13:12:41 -0300] "GET /cormun/servlet/prfichaempleado?f6c55d00ac09c6dbe9f2795132136c713bc703e6f9d9cf7bbecea37f27c05c0884f5b46b9fec7700b12c1766c27489dcb21c63c1071a390f80675ae6bfcdbca6015c558ec23d640fc684c43b2af6ebe1,gx-no-cache=1456766064704 HTTP/1.1" 200 473
164.77.221.246 - - [29/Feb/2016:13:12:43 -0300] "GET /cormun/servlet/prfichaempleado?f6c55d00ac09c6dbe9f2795132136c713bc703e6f9d9cf7bbecea37f27c05c082d565e9e828a4655067e38eb4005e348824796135a9966fd86167a1380a4a990d0bdb2244fe399e04ced18ffa02267a4,gx-no-cache=1456766066661 HTTP/1.1" 200 477
164.77.221.246 - - [29/Feb/2016:13:12:44 -0300] "GET /cormun/servlet/prfichaempleado?f6c55d00ac09c6dbe9f2795132136c713bc703e6f9d9cf7bbecea37f27c05c08ad695317a73a16cdf19ddd4c06b087f3395836e9fa10145a92e4d80d75f9de00a854b14d8742570d5c8f096aac3e724c,gx-no-cache=1456766067803 HTTP/1.1" 200 479
164.77.221.246 - - [29/Feb/2016:13:12:49 -0300] "POST /cormun/servlet/prfichaempleado?907d3a24bfce87af756dbcddbfba1d32,,MD,,gxPopupLevel%3D0%3B,gx-no-cache=1456766072761 HTTP/1.1" 200 2868
164.77.221.246 - - [29/Feb/2016:13:12:59 -0300] "POST /cormun/servlet/solicitudot?gx-no-cache=1456766082722 HTTP/1.1" 200 1260
164.77.221.246 - - [29/Feb/2016:13:13:12 -0300] "GET /cormun/servlet/prlicenciaspermisos?16726919,L,,MD,,gxPopupLevel%3D0%3B HTTP/1.1" 200 5301
164.77.221.246 - - [29/Feb/2016:13:13:12 -0300] "GET /cormun/static/gxcfg.js?201616231591 HTTP/1.1" 200 953
164.77.221.246 - - [29/Feb/2016:13:13:12 -0300] "GET /cormun/static/prlicenciaspermisos.js?201616231727 HTTP/1.1" 200 12559
164.77.221.246 - - [29/Feb/2016:13:13:12 -0300] "GET /cormun/static/hmpwkw011.js?2016141804389 HTTP/1.1" 200 1968
164.77.221.246 - - [29/Feb/2016:13:14:54 -0300] "GET /cormun/servlet/solicitudot?b5d1613b0409df646787c4478531bba8a266ebb9e97213e5a2bec18737f19853baafee67d899d4e7bea3f57a6959660e6c6ea9cc3c2f6a5edf7b45f5869bb935950e7bad1791ec7f44c0b348bb6102853491a47d97226eee0b90c727d3a88a0520f094e2a0377584aa51e759733549934987ea70deb125719c2238068837bb155087cc14abb5be206511e6f329719a0bf77a0e27b350ffefef7df39833ab5474,gx-no-cache=1456766197957 HTTP/1.1" 200 41
164.77.221.246 - - [29/Feb/2016:13:15:53 -0300] "GET /cormun/servlet/solicitudot?b5d1613b0409df646787c4478531bba8778690ca668ee89812d92b434421991b934340b3d0ef4d3af6ee3da2639ae1c67dce4f680aa23eace7aecd2a18aa465334db7c096894412a01bdcf5a757a215adf477b07fb8c29048968b21bad1a6af67ec1d790edd70d19162ae548426145ea0a302d5de85178393a195fc62a5ba3c6a6b35a3891519e4277b586b12dbb91b8101a21955c0f0525aa0047bec2b3cabbae6e2cdac0b42b75aa84cbf492c1e2627581dc1065c9aade9beeba009f5197a1,gx-no-cache=1456766256637 HTTP/1.1" 200 30
164.77.221.246 - - [29/Feb/2016:13:15:54 -0300] "POST /cormun/servlet/solicitudot?907d3a24bfce87af756dbcddbfba1d32,INS,0,0,,gx-no-cache=1456766256790 HTTP/1.1" 200 10699
164.77.221.246 - - [29/Feb/2016:13:16:08 -0300] "POST /cormun/servlet/solicitudot?907d3a24bfce87af756dbcddbfba1d32,INS,0,0,,gx-no-cache=1456766271578 HTTP/1.1" 200 93
164.77.221.246 - - [29/Feb/2016:13:16:08 -0300] "GET /cormun/servlet/hpexe_return? HTTP/1.1" 200 1008
164.77.221.246 - - [29/Feb/2016:13:16:08 -0300] "GET /cormun/servlet/trsolicitudot HTTP/1.1" 200 7419
164.77.221.246 - - [29/Feb/2016:13:16:09 -0300] "GET /cormun/servlet/trsolicitudot HTTP/1.1" 200 7415
186.67.172.234 - - [29/Feb/2016:13:16:24 -0300] "GET /cormun/servlet/hlogin HTTP/1.1" 200 1723
164.77.221.246 - - [29/Feb/2016:13:16:25 -0300] "POST /cormun/servlet/trsolicitudot?907d3a24bfce87af756dbcddbfba1d32,gx-no-cache=1456766288416 HTTP/1.1" 200 4858
164.77.221.246 - - [29/Feb/2016:13:16:25 -0300] "POST /cormun/servlet/trsolicitudot?907d3a24bfce87af756dbcddbfba1d32,gx-no-cache=1456766288654 HTTP/1.1" 200 4860
164.77.221.246 - - [29/Feb/2016:13:16:25 -0300] "POST /cormun/servlet/trsolicitudot?907d3a24bfce87af756dbcddbfba1d32,gx-no-cache=1456766288882 HTTP/1.1" 200 4858
164.77.221.246 - - [29/Feb/2016:13:16:25 -0300] "POST /cormun/servlet/trsolicitudot?907d3a24bfce87af756dbcddbfba1d32,gx-no-cache=1456766289093 HTTP/1.1" 200 4859
164.77.221.246 - - [29/Feb/2016:13:16:26 -0300] "POST /cormun/servlet/trsolicitudot?907d3a24bfce87af756dbcddbfba1d32,gx-no-cache=1456766289405 HTTP/1.1" 200 4858
164.77.221.246 - - [29/Feb/2016:13:16:26 -0300] "POST /cormun/servlet/trsolicitudot?907d3a24bfce87af756dbcddbfba1d32,gx-no-cache=1456766289652 HTTP/1.1" 200 4859
164.77.221.246 - - [29/Feb/2016:13:16:26 -0300] "POST /cormun/servlet/trsolicitudot?907d3a24bfce87af756dbcddbfba1d32,gx-no-cache=1456766289885 HTTP/1.1" 200 4859
164.77.221.246 - - [29/Feb/2016:13:16:26 -0300] "POST /cormun/servlet/trsolicitudot?907d3a24bfce87af756dbcddbfba1d32,gx-no-cache=1456766290155 HTTP/1.1" 200 104
164.77.221.246 - - [29/Feb/2016:13:16:26 -0300] "GET /cormun/servlet/solicitudot?UPD,2016,240, HTTP/1.1" 200 13292
186.67.172.234 - - [29/Feb/2016:13:16:27 -0300] "POST /cormun/servlet/hlogin?f3aa1932af69e2c3e07851bf2e923ac2,gx-no-cache=1456762639423 HTTP/1.1" 200 90
186.67.172.234 - - [29/Feb/2016:13:16:27 -0300] "GET /cormun/servlet/hpexe_link HTTP/1.1" 200 952
164.77.221.246 - - [29/Feb/2016:13:16:27 -0300] "GET /cormun/servlet/solicitudot?UPD,2016,240, HTTP/1.1" 200 13301
186.67.172.234 - - [29/Feb/2016:13:16:27 -0300] "GET /cormun/servlet/hhome HTTP/1.1" 200 3396
186.67.172.234 - - [29/Feb/2016:13:16:28 -0300] "GET /cormun/servlet/hhome HTTP/1.1" 200 3392
164.77.221.246 - - [29/Feb/2016:13:16:28 -0300] "POST /cormun/servlet/solicitudot?gx-no-cache=1456766291713 HTTP/1.1" 200 2767
164.77.221.246 - - [29/Feb/2016:13:16:28 -0300] "POST /cormun/servlet/solicitudot?907d3a24bfce87af756dbcddbfba1d32,UPD,2016,240,,gx-no-cache=1456766291965 HTTP/1.1" 200 10202
164.77.221.246 - - [29/Feb/2016:13:16:28 -0300] "GET /cormun/servlet/solicitudot?b5d1613b0409df646787c4478531bba806fe746e86a6aa38e09c07190a5c5775d0512ea2c4e5bc93df932df98ce35543,gx-no-cache=1456766292186 HTTP/1.1" 200 30
164.77.221.246 - - [29/Feb/2016:13:16:28 -0300] "POST /cormun/servlet/solicitudot?gx-no-cache=1456766292225 HTTP/1.1" 200 30
164.77.221.246 - - [29/Feb/2016:13:16:28 -0300] "POST /cormun/servlet/solicitudot?gx-no-cache=1456766292254 HTTP/1.1" 200 33
164.77.221.246 - - [29/Feb/2016:13:16:28 -0300] "POST /cormun/servlet/solicitudot?gx-no-cache=1456766292293 HTTP/1.1" 200 1154
164.77.221.246 - - [29/Feb/2016:13:16:28 -0300] "GET /cormun/servlet/solicitudot?b5d1613b0409df646787c4478531bba8a266ebb9e97213e5a2bec18737f19853baafee67d899d4e7bea3f57a6959660e6c6ea9cc3c2f6a5edf7b45f5869bb935950e7bad1791ec7f44c0b348bb6102853491a47d97226eee0b90c727d3a88a0520f094e2a0377584aa51e759733549934987ea70deb125719c2238068837bb15ba9fff370050d9c6d6271603c5bf9282f7238ed7d54c7fd37e4f176e20820538,gx-no-cache=1456766292377 HTTP/1.1" 200 41
186.67.172.234 - - [29/Feb/2016:13:16:35 -0300] "GET /cormun/servlet/trsolicitudot? HTTP/1.1" 200 7408
186.67.172.234 - - [29/Feb/2016:13:16:36 -0300] "GET /cormun/servlet/trsolicitudot? HTTP/1.1" 200 7407
186.67.172.234 - - [29/Feb/2016:13:16:43 -0300] "POST /cormun/servlet/trsolicitudot?f3aa1932af69e2c3e07851bf2e923ac2,,gx-no-cache=1456762654801 HTTP/1.1" 200 4851
186.67.172.234 - - [29/Feb/2016:13:16:43 -0300] "POST /cormun/servlet/trsolicitudot?f3aa1932af69e2c3e07851bf2e923ac2,,gx-no-cache=1456762654970 HTTP/1.1" 200 4852
186.67.172.234 - - [29/Feb/2016:13:16:43 -0300] "POST /cormun/servlet/trsolicitudot?f3aa1932af69e2c3e07851bf2e923ac2,,gx-no-cache=1456762655423 HTTP/1.1" 200 4852
186.67.172.234 - - [29/Feb/2016:13:16:44 -0300] "POST /cormun/servlet/trsolicitudot?f3aa1932af69e2c3e07851bf2e923ac2,,gx-no-cache=1456762655856 HTTP/1.1" 200 4852
186.67.172.234 - - [29/Feb/2016:13:16:44 -0300] "POST /cormun/servlet/trsolicitudot?f3aa1932af69e2c3e07851bf2e923ac2,,gx-no-cache=1456762656026 HTTP/1.1" 200 4851
186.67.172.234 - - [29/Feb/2016:13:16:44 -0300] "POST /cormun/servlet/trsolicitudot?f3aa1932af69e2c3e07851bf2e923ac2,,gx-no-cache=1456762656186 HTTP/1.1" 200 4851
186.67.172.234 - - [29/Feb/2016:13:16:45 -0300] "POST /cormun/servlet/trsolicitudot?f3aa1932af69e2c3e07851bf2e923ac2,,gx-no-cache=1456762656663 HTTP/1.1" 200 4851
186.67.172.234 - - [29/Feb/2016:13:16:45 -0300] "POST /cormun/servlet/trsolicitudot?f3aa1932af69e2c3e07851bf2e923ac2,,gx-no-cache=1456762656848 HTTP/1.1" 200 106
186.67.172.234 - - [29/Feb/2016:13:16:45 -0300] "GET /cormun/servlet/trsolicitudadjuntos?2016,237, HTTP/1.1" 200 5342
186.67.172.234 - - [29/Feb/2016:13:16:45 -0300] "GET /cormun/servlet/trsolicitudadjuntos?2016,237, HTTP/1.1" 200 5342
164.77.221.246 - - [29/Feb/2016:13:16:46 -0300] "POST /cormun/servlet/solicitudot?gx-no-cache=1456766309487 HTTP/1.1" 200 30
186.67.172.234 - - [29/Feb/2016:13:16:48 -0300] "GET /cormun/servlet/solicitudotadjuntos?INS,2016,237,,1, HTTP/1.1" 200 5402
186.67.172.234 - - [29/Feb/2016:13:16:48 -0300] "GET /cormun/static/about:blank HTTP/1.1" 404 1011
186.67.172.234 - - [29/Feb/2016:13:16:49 -0300] "GET /cormun/servlet/solicitudotadjuntos?INS,2016,237,,1, HTTP/1.1" 200 5396
186.67.172.234 - - [29/Feb/2016:13:16:49 -0300] "GET /cormun/servlet/solicitudotadjuntos?a0a3223603716daac69e9fab05d37cf5e014d6a74403d717e1035b97af2079d408b02b9ff300ba3bed1f500af604e51f,gx-no-cache=1456762661167 HTTP/1.1" 200 30
186.67.172.234 - - [29/Feb/2016:13:16:49 -0300] "POST /cormun/servlet/solicitudotadjuntos?f3aa1932af69e2c3e07851bf2e923ac2,INS,2016,237,,1,,gx-no-cache=1456762661250 HTTP/1.1" 200 3313
186.67.172.234 - - [29/Feb/2016:13:16:53 -0300] "POST /cormun/servlet/solicitudotadjuntos?gx-no-cache=1456762665288 HTTP/1.1" 200 26
164.77.221.246 - - [29/Feb/2016:13:16:56 -0300] "POST /cormun/servlet/solicitudot?gx-no-cache=1456766319888 HTTP/1.1" 200 1154
164.77.221.246 - - [29/Feb/2016:13:16:56 -0300] "GET /cormun/servlet/solicitudot?b5d1613b0409df646787c4478531bba8a266ebb9e97213e5a2bec18737f19853baafee67d899d4e7bea3f57a6959660e6c6ea9cc3c2f6a5edf7b45f5869bb935950e7bad1791ec7f44c0b348bb6102853491a47d97226eee0b90c727d3a88a0520f094e2a0377584aa51e759733549934987ea70deb125719c2238068837bb15ba9fff370050d9c6d6271603c5bf9282f7238ed7d54c7fd37e4f176e20820538,gx-no-cache=1456766319991 HTTP/1.1" 200 41
164.77.221.246 - - [29/Feb/2016:13:16:56 -0300] "GET /cormun/servlet/solicitudot?b5d1613b0409df646787c4478531bba83d6073071892536658431c4b5d64b6607c1a9ef41c2f9be7441b54d2e108e95e841b08d2f853b6a150b72d8d9d5572bea9c12babaa5b9c8abc555ad4eb48bdb1160ffa9078e48010e3e9aef2d3904c32570a8ba7001f6fba46a8b11b294cb06e40da357d8848e61cfd390054b2aa6f4563cc8487b3dcfeb10545867c67016aacd8994c11b8fa3e86ed18f71f40617df3,gx-no-cache=1456766320028 HTTP/1.1" 200 29
164.77.221.246 - - [29/Feb/2016:13:16:56 -0300] "POST /cormun/servlet/solicitudot?gx-no-cache=1456766320061 HTTP/1.1" 200 1117
164.77.221.246 - - [29/Feb/2016:13:16:56 -0300] "GET /cormun/servlet/solicitudot?b5d1613b0409df646787c4478531bba80ab3042f6ca006fcc72e99ade2232f8a4d629369337b27627baa497ef54e77d97297ab385795dc689aa1f2eced6003b543c0caa8d3566bb2ea8df8d6683933c964a1fbac536ca02b4e9857b405a326347bde2a2e35c3b74f027c0b918bd1554e8f534b979841d9d468f3b0fd711f8ca389b821235b31253ba97f5d3553b3bf0f35743a1c0fd0051cc02611c33e7aad0ec2e6010fb52234ed07278e377d51630a,gx-no-cache=1456766320163 HTTP/1.1" 200 30
164.77.221.246 - - [29/Feb/2016:13:16:56 -0300] "POST /cormun/servlet/solicitudot?907d3a24bfce87af756dbcddbfba1d32,UPD,2016,240,,gx-no-cache=1456766320202 HTTP/1.1" 200 93
164.77.221.246 - - [29/Feb/2016:13:16:56 -0300] "GET /cormun/servlet/hpexe_return? HTTP/1.1" 200 1035
164.77.221.246 - - [29/Feb/2016:13:16:57 -0300] "GET /cormun/servlet/trsolicitudot?gx-no-cache=1456766289885 HTTP/1.1" 200 7422
164.77.221.246 - - [29/Feb/2016:13:16:57 -0300] "GET /cormun/servlet/trsolicitudot?gx-no-cache=1456766289885 HTTP/1.1" 200 7439
186.67.172.234 - - [29/Feb/2016:13:17:07 -0300] "GET /cormun/servlet/solicitudotadjuntos?a0a3223603716daac69e9fab05d37cf55a7f79fd5df6b3cfb2c23f290cd0d531,gx-no-cache=1456762679142 HTTP/1.1" 200 30
186.67.172.234 - - [29/Feb/2016:13:17:07 -0300] "GET /cormun/servlet/solicitudotadjuntos?a0a3223603716daac69e9fab05d37cf55a7f79fd5df6b3cfb2c23f290cd0d531,gx-no-cache=1456762679154 HTTP/1.1" 200 30
186.67.172.234 - - [29/Feb/2016:13:17:07 -0300] "POST /cormun/servlet/solicitudotadjuntos?f3aa1932af69e2c3e07851bf2e923ac2,INS,2016,237,,1, HTTP/1.1" 200 116
186.67.172.234 - - [29/Feb/2016:13:17:07 -0300] "GET /cormun/servlet/hpexe_return? HTTP/1.1" 200 1027
186.67.172.234 - - [29/Feb/2016:13:17:07 -0300] "GET /cormun/servlet/trsolicitudadjuntos?2016,237, HTTP/1.1" 200 7222
186.67.172.234 - - [29/Feb/2016:13:17:08 -0300] "GET /cormun/servlet/trsolicitudadjuntos?2016,237, HTTP/1.1" 200 7218
186.67.172.234 - - [29/Feb/2016:13:17:11 -0300] "GET /cormun/servlet/solicitudotadjuntos?INS,2016,237,,1, HTTP/1.1" 200 5402
186.67.172.234 - - [29/Feb/2016:13:17:11 -0300] "GET /cormun/static/about:blank HTTP/1.1" 404 1011
186.67.172.234 - - [29/Feb/2016:13:17:11 -0300] "GET /cormun/servlet/solicitudotadjuntos?INS,2016,237,,1, HTTP/1.1" 200 5396
186.67.172.234 - - [29/Feb/2016:13:17:12 -0300] "GET /cormun/servlet/solicitudotadjuntos?a0a3223603716daac69e9fab05d37cf5e014d6a74403d717e1035b97af2079d408b02b9ff300ba3bed1f500af604e51f,gx-no-cache=1456762684070 HTTP/1.1" 200 30
186.67.172.234 - - [29/Feb/2016:13:17:12 -0300] "POST /cormun/servlet/solicitudotadjuntos?f3aa1932af69e2c3e07851bf2e923ac2,INS,2016,237,,1,,gx-no-cache=1456762684110 HTTP/1.1" 200 3313
186.67.172.234 - - [29/Feb/2016:13:17:18 -0300] "POST /cormun/servlet/solicitudotadjuntos?gx-no-cache=1456762689873 HTTP/1.1" 200 26
186.67.172.234 - - [29/Feb/2016:13:17:33 -0300] "GET /cormun/servlet/solicitudotadjuntos?a0a3223603716daac69e9fab05d37cf55a7f79fd5df6b3cfb2c23f290cd0d531,gx-no-cache=1456762705255 HTTP/1.1" 200 30
186.67.172.234 - - [29/Feb/2016:13:17:33 -0300] "GET /cormun/servlet/solicitudotadjuntos?a0a3223603716daac69e9fab05d37cf55a7f79fd5df6b3cfb2c23f290cd0d531,gx-no-cache=1456762705268 HTTP/1.1" 200 30
186.67.172.234 - - [29/Feb/2016:13:17:33 -0300] "POST /cormun/servlet/solicitudotadjuntos?f3aa1932af69e2c3e07851bf2e923ac2,INS,2016,237,,1, HTTP/1.1" 200 116
186.67.172.234 - - [29/Feb/2016:13:17:33 -0300] "GET /cormun/servlet/hpexe_return? HTTP/1.1" 200 1027
186.67.172.234 - - [29/Feb/2016:13:17:33 -0300] "GET /cormun/servlet/trsolicitudadjuntos?2016,237, HTTP/1.1" 200 7372
186.67.172.234 - - [29/Feb/2016:13:17:34 -0300] "GET /cormun/servlet/trsolicitudadjuntos?2016,237, HTTP/1.1" 200 7368
186.67.172.234 - - [29/Feb/2016:13:17:37 -0300] "GET /cormun/servlet/solicitudotadjuntos?DLT,2016,237,CERTIF3,0, HTTP/1.1" 200 5405
186.67.172.234 - - [29/Feb/2016:13:17:38 -0300] "GET /cormun/static/Shared/jqueryui/images/ui-icons_82798d_256x240.png HTTP/1.1" 404 1089
186.67.172.234 - - [29/Feb/2016:13:17:38 -0300] "GET /cormun/static/Shared/jqueryui/images/ui-bg_highlight-soft_100_c6c2c8_1x100.png HTTP/1.1" 404 1117
186.67.172.234 - - [29/Feb/2016:13:17:38 -0300] "GET /cormun/static/Shared/jqueryui/images/ui-bg_flat_55_fafafa_40x100.png HTTP/1.1" 404 1097
186.67.172.234 - - [29/Feb/2016:13:17:38 -0300] "GET /cormun/static/Shared/jqueryui/images/ui-icons_8d78a5_256x240.png HTTP/1.1" 404 1089
186.67.172.234 - - [29/Feb/2016:13:17:38 -0300] "GET /cormun/PublicTempStorage/certificado_de_afiliacion8561763.pdf HTTP/1.1" 200 56790
186.67.172.234 - - [29/Feb/2016:13:17:38 -0300] "GET /cormun/servlet/solicitudotadjuntos?DLT,2016,237,CERTIF3,0, HTTP/1.1" 200 5396
186.67.172.234 - - [29/Feb/2016:13:17:41 -0300] "POST /cormun/servlet/solicitudotadjuntos?f3aa1932af69e2c3e07851bf2e923ac2,DLT,2016,237,CERTIF3,0,,gx-no-cache=1456762713332 HTTP/1.1" 200 93
186.67.172.234 - - [29/Feb/2016:13:17:41 -0300] "GET /cormun/servlet/hpexe_return? HTTP/1.1" 200 1033
186.67.172.234 - - [29/Feb/2016:13:17:42 -0300] "GET /cormun/servlet/trsolicitudadjuntos?2016,237, HTTP/1.1" 200 7222
186.67.172.234 - - [29/Feb/2016:13:17:42 -0300] "GET /cormun/servlet/trsolicitudadjuntos?2016,237, HTTP/1.1" 200 7220
186.67.172.234 - - [29/Feb/2016:13:17:45 -0300] "GET /cormun/servlet/solicitudotadjuntos?INS,2016,237,,1, HTTP/1.1" 200 5402
186.67.172.234 - - [29/Feb/2016:13:17:45 -0300] "GET /cormun/static/about:blank HTTP/1.1" 404 1011
186.67.172.234 - - [29/Feb/2016:13:17:45 -0300] "GET /cormun/servlet/solicitudotadjuntos?INS,2016,237,,1, HTTP/1.1" 200 5396
186.67.172.234 - - [29/Feb/2016:13:17:46 -0300] "GET /cormun/servlet/solicitudotadjuntos?a0a3223603716daac69e9fab05d37cf5e014d6a74403d717e1035b97af2079d408b02b9ff300ba3bed1f500af604e51f,gx-no-cache=1456762717843 HTTP/1.1" 200 30
186.67.172.234 - - [29/Feb/2016:13:17:46 -0300] "POST /cormun/servlet/solicitudotadjuntos?f3aa1932af69e2c3e07851bf2e923ac2,INS,2016,237,,1,,gx-no-cache=1456762717891 HTTP/1.1" 200 3313
186.67.172.234 - - [29/Feb/2016:13:17:50 -0300] "POST /cormun/servlet/solicitudotadjuntos?gx-no-cache=1456762722527 HTTP/1.1" 200 26
186.103.159.44 - - [29/Feb/2016:13:17:52 -0300] "POST /cormun/servlet/trsolicitudot?adc65a04355111591eba67d82fb3aa97,,gx-no-cache=1456762694560 HTTP/1.1" 200 5459
186.103.159.44 - - [29/Feb/2016:13:17:52 -0300] "POST /cormun/servlet/trsolicitudot?adc65a04355111591eba67d82fb3aa97,,gx-no-cache=1456762694898 HTTP/1.1" 200 5460
186.103.159.44 - - [29/Feb/2016:13:17:54 -0300] "POST /cormun/servlet/trsolicitudot?adc65a04355111591eba67d82fb3aa97,,gx-no-cache=1456762696702 HTTP/1.1" 200 5460
186.103.159.44 - - [29/Feb/2016:13:17:55 -0300] "POST /cormun/servlet/trsolicitudot?adc65a04355111591eba67d82fb3aa97,,gx-no-cache=1456762697064 HTTP/1.1" 200 5460
186.103.159.44 - - [29/Feb/2016:13:17:55 -0300] "POST /cormun/servlet/trsolicitudot?adc65a04355111591eba67d82fb3aa97,,gx-no-cache=1456762697783 HTTP/1.1" 200 5460
186.103.159.44 - - [29/Feb/2016:13:17:56 -0300] "POST /cormun/servlet/trsolicitudot?adc65a04355111591eba67d82fb3aa97,,gx-no-cache=1456762698220 HTTP/1.1" 200 5460
186.103.159.44 - - [29/Feb/2016:13:17:56 -0300] "POST /cormun/servlet/trsolicitudot?adc65a04355111591eba67d82fb3aa97,,gx-no-cache=1456762698695 HTTP/1.1" 200 5460
186.67.172.234 - - [29/Feb/2016:13:17:58 -0300] "GET /cormun/servlet/solicitudotadjuntos?a0a3223603716daac69e9fab05d37cf55a7f79fd5df6b3cfb2c23f290cd0d531,gx-no-cache=1456762730571 HTTP/1.1" 200 30
186.67.172.234 - - [29/Feb/2016:13:17:58 -0300] "GET /cormun/servlet/solicitudotadjuntos?a0a3223603716daac69e9fab05d37cf55a7f79fd5df6b3cfb2c23f290cd0d531,gx-no-cache=1456762730585 HTTP/1.1" 200 30
186.67.172.234 - - [29/Feb/2016:13:17:59 -0300] "POST /cormun/servlet/solicitudotadjuntos?f3aa1932af69e2c3e07851bf2e923ac2,INS,2016,237,,1, HTTP/1.1" 200 116
186.67.172.234 - - [29/Feb/2016:13:17:59 -0300] "GET /cormun/servlet/hpexe_return? HTTP/1.1" 200 1027
186.67.172.234 - - [29/Feb/2016:13:17:59 -0300] "GET /cormun/servlet/trsolicitudadjuntos?2016,237, HTTP/1.1" 200 7362
186.67.172.234 - - [29/Feb/2016:13:18:00 -0300] "GET /cormun/servlet/trsolicitudadjuntos?2016,237, HTTP/1.1" 200 7357
186.103.159.44 - - [29/Feb/2016:13:18:00 -0300] "POST /cormun/servlet/trsolicitudot?adc65a04355111591eba67d82fb3aa97,,gx-no-cache=1456762699212 HTTP/1.1" 200 104
186.103.159.44 - - [29/Feb/2016:13:18:00 -0300] "GET /cormun/servlet/solicitudot?UPD,2016,242, HTTP/1.1" 200 13282
186.103.159.44 - - [29/Feb/2016:13:18:01 -0300] "POST /cormun/servlet/solicitudot?gx-no-cache=1456762704129 HTTP/1.1" 200 2740
186.103.159.44 - - [29/Feb/2016:13:18:02 -0300] "POST /cormun/servlet/solicitudot?adc65a04355111591eba67d82fb3aa97,UPD,2016,242,,gx-no-cache=1456762704734 HTTP/1.1" 200 10162
186.67.172.234 - - [29/Feb/2016:13:18:03 -0300] "GET /cormun/servlet/solicitudotadjuntos?INS,2016,237,,1, HTTP/1.1" 200 5402
186.67.172.234 - - [29/Feb/2016:13:18:03 -0300] "GET /cormun/static/about:blank HTTP/1.1" 404 1011
186.67.172.234 - - [29/Feb/2016:13:18:03 -0300] "GET /cormun/servlet/solicitudotadjuntos?INS,2016,237,,1, HTTP/1.1" 200 5396
186.67.172.234 - - [29/Feb/2016:13:18:04 -0300] "GET /cormun/servlet/solicitudotadjuntos?a0a3223603716daac69e9fab05d37cf5e014d6a74403d717e1035b97af2079d408b02b9ff300ba3bed1f500af604e51f,gx-no-cache=1456762735916 HTTP/1.1" 200 30
186.67.172.234 - - [29/Feb/2016:13:18:04 -0300] "POST /cormun/servlet/solicitudotadjuntos?f3aa1932af69e2c3e07851bf2e923ac2,INS,2016,237,,1,,gx-no-cache=1456762735951 HTTP/1.1" 200 3313
186.103.159.44 - - [29/Feb/2016:13:18:05 -0300] "GET /cormun/servlet/solicitudot?20bde8686b8d6dc840470740c39bb69b0660b6a8575433493b8980875e139405fc1344b24a308e0a5531218a85e02975,gx-no-cache=1456762708177 HTTP/1.1" 200 30
186.103.159.44 - - [29/Feb/2016:13:18:06 -0300] "POST /cormun/servlet/solicitudot?gx-no-cache=1456762708908 HTTP/1.1" 200 30
186.103.159.44 - - [29/Feb/2016:13:18:06 -0300] "POST /cormun/servlet/solicitudot?gx-no-cache=1456762708936 HTTP/1.1" 200 30
186.103.159.44 - - [29/Feb/2016:13:18:06 -0300] "POST /cormun/servlet/solicitudot?gx-no-cache=1456762708996 HTTP/1.1" 200 1154
186.103.159.44 - - [29/Feb/2016:13:18:06 -0300] "GET /cormun/servlet/solicitudot?20bde8686b8d6dc840470740c39bb69b58e4d5c9b0ebc6ee6501bd4a64eeb3b75114692230d957102d33a701302a18f42e982143a4ad3044bc50038516e58a56381bf5a02087731b4155a38cf4ba4a893a4252933af17424d4acb2803c68b529f1ea4a569468638722d5801107f303a5e1d5f878db67655ebeba3a251555fcbb58ea66eb2ce54e1cf515805dc50629a53221e35c5e9a9ef211a153e585c925ab,gx-no-cache=1456762709276 HTTP/1.1" 200 41
186.67.172.234 - - [29/Feb/2016:13:18:08 -0300] "POST /cormun/servlet/solicitudotadjuntos?gx-no-cache=1456762740559 HTTP/1.1" 200 26
186.103.159.44 - - [29/Feb/2016:13:18:09 -0300] "GET /cormun/servlet/solicitudot?20bde8686b8d6dc840470740c39bb69ba4d5dc22a84c7eeae7ce73edeffd9be510097f62e7f8d1bdd02d855582dfface08b9d7ce9984563f370aafd99369529db5e71bbd83d0ad9556a6229a6f10f585297a8ad4e269dec8c2bcf43b1527e52b9a8cc95895e7a062035515c6561e4a60407375cfec3aa53851ffaab24147bff60365a881dd2394797d52d54b8d444df23efd726ab77ccee26b30a89c8ada79bb,gx-no-cache=1456762711510 HTTP/1.1" 200 30
186.103.159.44 - - [29/Feb/2016:13:18:10 -0300] "POST /cormun/servlet/solicitudot?gx-no-cache=1456762712449 HTTP/1.1" 200 1116
186.103.159.44 - - [29/Feb/2016:13:18:10 -0300] "GET /cormun/servlet/solicitudot?20bde8686b8d6dc840470740c39bb69b9599cef1126121b0dc912331ce101e29debc96dd62db773b98e08272265708bc897b88703b483a58d3eb7e3f47cde3b5c595b5d4adcc17b593e5b50d6fbb2a02e96020fb15839fe1db0dde934330f7e8528486fecd5ac9a8aa8b70993c4d5f8a4f79f1d572ff94927f816d2c312f263a213240490745aec442729cf5872d4913d202f3b996dbca14e201df8e0a2c67fc957b0869054d7481f650d9e49051e0a6,gx-no-cache=1456762712936 HTTP/1.1" 200 30
186.103.159.44 - - [29/Feb/2016:13:18:11 -0300] "POST /cormun/servlet/solicitudot?adc65a04355111591eba67d82fb3aa97,UPD,2016,242,,gx-no-cache=1456762713839 HTTP/1.1" 200 93
186.103.159.44 - - [29/Feb/2016:13:18:13 -0300] "GET /cormun/servlet/hpexe_return? HTTP/1.1" 200 1012
186.103.159.44 - - [29/Feb/2016:13:18:13 -0300] "GET /cormun/servlet/trsolicitudot? HTTP/1.1" 200 7999
186.67.172.234 - - [29/Feb/2016:13:18:16 -0300] "GET /cormun/servlet/solicitudotadjuntos?a0a3223603716daac69e9fab05d37cf55a7f79fd5df6b3cfb2c23f290cd0d531,gx-no-cache=1456762748203 HTTP/1.1" 200 30
186.67.172.234 - - [29/Feb/2016:13:18:16 -0300] "GET /cormun/servlet/solicitudotadjuntos?a0a3223603716daac69e9fab05d37cf55a7f79fd5df6b3cfb2c23f290cd0d531,gx-no-cache=1456762748218 HTTP/1.1" 200 30
186.67.172.234 - - [29/Feb/2016:13:18:16 -0300] "POST /cormun/servlet/solicitudotadjuntos?f3aa1932af69e2c3e07851bf2e923ac2,INS,2016,237,,1, HTTP/1.1" 200 116
186.67.172.234 - - [29/Feb/2016:13:18:16 -0300] "GET /cormun/servlet/hpexe_return? HTTP/1.1" 200 1027
186.67.172.234 - - [29/Feb/2016:13:18:16 -0300] "GET /cormun/servlet/trsolicitudadjuntos?2016,237, HTTP/1.1" 200 7536
186.103.159.44 - - [29/Feb/2016:13:18:17 -0300] "POST /cormun/servlet/trsolicitudot?adc65a04355111591eba67d82fb3aa97,,gx-no-cache=1456762719274 HTTP/1.1" 200 5457
186.67.172.234 - - [29/Feb/2016:13:18:17 -0300] "GET /cormun/servlet/trsolicitudadjuntos?2016,237, HTTP/1.1" 200 7534
186.103.159.44 - - [29/Feb/2016:13:18:17 -0300] "POST /cormun/servlet/trsolicitudot?adc65a04355111591eba67d82fb3aa97,,gx-no-cache=1456762719583 HTTP/1.1" 200 5457
186.103.159.44 - - [29/Feb/2016:13:18:17 -0300] "POST /cormun/servlet/trsolicitudot?adc65a04355111591eba67d82fb3aa97,,gx-no-cache=1456762720126 HTTP/1.1" 200 5456
186.103.159.44 - - [29/Feb/2016:13:18:18 -0300] "POST /cormun/servlet/trsolicitudot?adc65a04355111591eba67d82fb3aa97,,gx-no-cache=1456762720713 HTTP/1.1" 200 5457
186.103.159.44 - - [29/Feb/2016:13:18:18 -0300] "POST /cormun/servlet/trsolicitudot?adc65a04355111591eba67d82fb3aa97,,gx-no-cache=1456762721094 HTTP/1.1" 200 5457
186.103.159.44 - - [29/Feb/2016:13:18:20 -0300] "POST /cormun/servlet/trsolicitudot?adc65a04355111591eba67d82fb3aa97,,gx-no-cache=1456762722240 HTTP/1.1" 200 5457
186.103.159.44 - - [29/Feb/2016:13:18:20 -0300] "POST /cormun/servlet/trsolicitudot?adc65a04355111591eba67d82fb3aa97,,gx-no-cache=1456762722908 HTTP/1.1" 200 5457
186.67.172.234 - - [29/Feb/2016:13:18:20 -0300] "GET /cormun/servlet/solicitudotadjuntos?INS,2016,237,,1, HTTP/1.1" 200 5402
186.67.172.234 - - [29/Feb/2016:13:18:20 -0300] "GET /cormun/static/about:blank HTTP/1.1" 404 1011
186.67.172.234 - - [29/Feb/2016:13:18:21 -0300] "GET /cormun/servlet/solicitudotadjuntos?INS,2016,237,,1, HTTP/1.1" 200 5396
186.67.172.234 - - [29/Feb/2016:13:18:21 -0300] "GET /cormun/servlet/solicitudotadjuntos?a0a3223603716daac69e9fab05d37cf5e014d6a74403d717e1035b97af2079d408b02b9ff300ba3bed1f500af604e51f,gx-no-cache=1456762753356 HTTP/1.1" 200 30
186.67.172.234 - - [29/Feb/2016:13:18:21 -0300] "POST /cormun/servlet/solicitudotadjuntos?f3aa1932af69e2c3e07851bf2e923ac2,INS,2016,237,,1,,gx-no-cache=1456762753384 HTTP/1.1" 200 3313
186.103.159.44 - - [29/Feb/2016:13:18:21 -0300] "POST /cormun/servlet/trsolicitudot?adc65a04355111591eba67d82fb3aa97,,gx-no-cache=1456762724033 HTTP/1.1" 200 105
186.103.159.44 - - [29/Feb/2016:13:18:25 -0300] "GET /cormun/servlet/trsolicitudadjuntos?2016,242, HTTP/1.1" 200 5356
186.67.172.234 - - [29/Feb/2016:13:18:25 -0300] "POST /cormun/servlet/solicitudotadjuntos?gx-no-cache=1456762757435 HTTP/1.1" 200 26
186.103.159.44 - - [29/Feb/2016:13:18:28 -0300] "GET /cormun/servlet/solicitudotadjuntos?INS,2016,242,,1, HTTP/1.1" 200 5417
186.103.159.44 - - [29/Feb/2016:13:18:28 -0300] "HEAD /cormun/static/about:blank HTTP/1.1" 404 -
186.103.159.44 - - [29/Feb/2016:13:18:29 -0300] "GET /cormun/servlet/solicitudotadjuntos?20bde8686b8d6dc840470740c39bb69bf4e6af21fd5cbb3fa5f1301d2e19e8093221e35c5e9a9ef211a153e585c925ab,gx-no-cache=1456762732083 HTTP/1.1" 200 30
186.103.159.44 - - [29/Feb/2016:13:18:29 -0300] "POST /cormun/servlet/solicitudotadjuntos?adc65a04355111591eba67d82fb3aa97,INS,2016,242,,1,,gx-no-cache=1456762732121 HTTP/1.1" 200 3325
186.67.172.234 - - [29/Feb/2016:13:18:31 -0300] "GET /cormun/servlet/solicitudotadjuntos?a0a3223603716daac69e9fab05d37cf55a7f79fd5df6b3cfb2c23f290cd0d531,gx-no-cache=1456762763654 HTTP/1.1" 200 30
186.67.172.234 - - [29/Feb/2016:13:18:31 -0300] "GET /cormun/servlet/solicitudotadjuntos?a0a3223603716daac69e9fab05d37cf55a7f79fd5df6b3cfb2c23f290cd0d531,gx-no-cache=1456762763667 HTTP/1.1" 200 30
186.67.172.234 - - [29/Feb/2016:13:18:32 -0300] "POST /cormun/servlet/solicitudotadjuntos?f3aa1932af69e2c3e07851bf2e923ac2,INS,2016,237,,1, HTTP/1.1" 200 116
186.67.172.234 - - [29/Feb/2016:13:18:32 -0300] "GET /cormun/servlet/hpexe_return? HTTP/1.1" 200 1027
186.67.172.234 - - [29/Feb/2016:13:18:32 -0300] "GET /cormun/servlet/trsolicitudadjuntos?2016,237, HTTP/1.1" 200 7648
186.67.172.234 - - [29/Feb/2016:13:18:32 -0300] "GET /cormun/servlet/trsolicitudadjuntos?2016,237, HTTP/1.1" 200 7648
186.103.159.44 - - [29/Feb/2016:13:18:33 -0300] "POST /cormun/servlet/solicitudotadjuntos?gx-no-cache=1456762735513 HTTP/1.1" 200 26
186.67.172.234 - - [29/Feb/2016:13:18:36 -0300] "GET /cormun/servlet/solicitudotadjuntos?INS,2016,237,,1, HTTP/1.1" 200 5402
186.67.172.234 - - [29/Feb/2016:13:18:36 -0300] "GET /cormun/static/about:blank HTTP/1.1" 404 1011
186.67.172.234 - - [29/Feb/2016:13:18:36 -0300] "GET /cormun/servlet/solicitudotadjuntos?INS,2016,237,,1, HTTP/1.1" 200 5396
186.67.172.234 - - [29/Feb/2016:13:18:37 -0300] "GET /cormun/servlet/solicitudotadjuntos?a0a3223603716daac69e9fab05d37cf5e014d6a74403d717e1035b97af2079d408b02b9ff300ba3bed1f500af604e51f,gx-no-cache=1456762768763 HTTP/1.1" 200 30
186.67.172.234 - - [29/Feb/2016:13:18:37 -0300] "POST /cormun/servlet/solicitudotadjuntos?f3aa1932af69e2c3e07851bf2e923ac2,INS,2016,237,,1,,gx-no-cache=1456762768790 HTTP/1.1" 200 3313
186.67.172.234 - - [29/Feb/2016:13:18:42 -0300] "POST /cormun/servlet/solicitudotadjuntos?gx-no-cache=1456762773881 HTTP/1.1" 200 26
186.103.159.44 - - [29/Feb/2016:13:18:46 -0300] "GET /cormun/servlet/solicitudotadjuntos?20bde8686b8d6dc840470740c39bb69bd017adc38200b5fb4a3ebbbc2cbfe011,gx-no-cache=1456762748565 HTTP/1.1" 200 30
186.103.159.44 - - [29/Feb/2016:13:18:47 -0300] "GET /cormun/servlet/solicitudotadjuntos?20bde8686b8d6dc840470740c39bb69bd017adc38200b5fb4a3ebbbc2cbfe011,gx-no-cache=1456762749471 HTTP/1.1" 200 30
186.67.172.234 - - [29/Feb/2016:13:18:50 -0300] "GET /cormun/servlet/solicitudotadjuntos?a0a3223603716daac69e9fab05d37cf55a7f79fd5df6b3cfb2c23f290cd0d531,gx-no-cache=1456762781765 HTTP/1.1" 200 30
186.67.172.234 - - [29/Feb/2016:13:18:50 -0300] "GET /cormun/servlet/solicitudotadjuntos?a0a3223603716daac69e9fab05d37cf55a7f79fd5df6b3cfb2c23f290cd0d531,gx-no-cache=1456762781777 HTTP/1.1" 200 30
186.67.172.234 - - [29/Feb/2016:13:18:50 -0300] "POST /cormun/servlet/solicitudotadjuntos?f3aa1932af69e2c3e07851bf2e923ac2,INS,2016,237,,1, HTTP/1.1" 200 116
186.67.172.234 - - [29/Feb/2016:13:18:50 -0300] "GET /cormun/servlet/hpexe_return? HTTP/1.1" 200 1027
186.67.172.234 - - [29/Feb/2016:13:18:50 -0300] "GET /cormun/servlet/trsolicitudadjuntos?2016,237, HTTP/1.1" 200 7779
186.67.172.234 - - [29/Feb/2016:13:18:51 -0300] "GET /cormun/servlet/trsolicitudadjuntos?2016,237, HTTP/1.1" 200 7780
186.103.159.44 - - [29/Feb/2016:13:18:53 -0300] "POST /cormun/servlet/solicitudotadjuntos?adc65a04355111591eba67d82fb3aa97,INS,2016,242,,1, HTTP/1.1" 200 116
186.103.159.44 - - [29/Feb/2016:13:18:53 -0300] "GET /cormun/servlet/hpexe_return? HTTP/1.1" 200 1026
186.103.159.44 - - [29/Feb/2016:13:18:53 -0300] "GET /cormun/servlet/trsolicitudadjuntos?2016,242, HTTP/1.1" 200 7261
186.67.172.234 - - [29/Feb/2016:13:18:54 -0300] "GET /cormun/servlet/solicitudotadjuntos?INS,2016,237,,1, HTTP/1.1" 200 5402
186.67.172.234 - - [29/Feb/2016:13:18:55 -0300] "GET /cormun/static/about:blank HTTP/1.1" 404 1011
186.67.172.234 - - [29/Feb/2016:13:18:55 -0300] "GET /cormun/servlet/solicitudotadjuntos?INS,2016,237,,1, HTTP/1.1" 200 5396
186.67.172.234 - - [29/Feb/2016:13:18:55 -0300] "GET /cormun/servlet/solicitudotadjuntos?a0a3223603716daac69e9fab05d37cf5e014d6a74403d717e1035b97af2079d408b02b9ff300ba3bed1f500af604e51f,gx-no-cache=1456762787310 HTTP/1.1" 200 30
186.67.172.234 - - [29/Feb/2016:13:18:55 -0300] "POST /cormun/servlet/solicitudotadjuntos?f3aa1932af69e2c3e07851bf2e923ac2,INS,2016,237,,1,,gx-no-cache=1456762787396 HTTP/1.1" 200 3313
186.67.172.234 - - [29/Feb/2016:13:18:59 -0300] "POST /cormun/servlet/solicitudotadjuntos?gx-no-cache=1456762790988 HTTP/1.1" 200 26
186.103.159.44 - - [29/Feb/2016:13:18:59 -0300] "GET /cormun/servlet/solicitudotadjuntos?INS,2016,242,,1, HTTP/1.1" 200 5417
186.103.159.44 - - [29/Feb/2016:13:18:59 -0300] "HEAD /cormun/static/about:blank HTTP/1.1" 404 -
186.103.159.44 - - [29/Feb/2016:13:19:00 -0300] "GET /cormun/servlet/solicitudotadjuntos?20bde8686b8d6dc840470740c39bb69bf4e6af21fd5cbb3fa5f1301d2e19e8093221e35c5e9a9ef211a153e585c925ab,gx-no-cache=1456762762734 HTTP/1.1" 200 30
186.67.172.234 - - [29/Feb/2016:13:19:00 -0300] "GET /cormun/servlet/solicitudotadjuntos?a0a3223603716daac69e9fab05d37cf55a7f79fd5df6b3cfb2c23f290cd0d531,gx-no-cache=1456762792381 HTTP/1.1" 200 30
186.67.172.234 - - [29/Feb/2016:13:19:00 -0300] "GET /cormun/servlet/solicitudotadjuntos?a0a3223603716daac69e9fab05d37cf55a7f79fd5df6b3cfb2c23f290cd0d531,gx-no-cache=1456762792411 HTTP/1.1" 200 30
186.67.172.234 - - [29/Feb/2016:13:19:00 -0300] "POST /cormun/servlet/solicitudotadjuntos?f3aa1932af69e2c3e07851bf2e923ac2,INS,2016,237,,1,,gx-no-cache=1456762792432 HTTP/1.1" 200 93
186.67.172.234 - - [29/Feb/2016:13:19:00 -0300] "GET /cormun/servlet/hpexe_return? HTTP/1.1" 200 1027
186.67.172.234 - - [29/Feb/2016:13:19:01 -0300] "GET /cormun/servlet/trsolicitudadjuntos?2016,237, HTTP/1.1" 200 7825
186.103.159.44 - - [29/Feb/2016:13:19:01 -0300] "POST /cormun/servlet/solicitudotadjuntos?adc65a04355111591eba67d82fb3aa97,INS,2016,242,,1,,gx-no-cache=1456762763274 HTTP/1.1" 200 3325
186.67.172.234 - - [29/Feb/2016:13:19:01 -0300] "GET /cormun/servlet/trsolicitudadjuntos?2016,237, HTTP/1.1" 200 7827
186.103.159.44 - - [29/Feb/2016:13:19:04 -0300] "POST /cormun/servlet/solicitudotadjuntos?gx-no-cache=1456762766805 HTTP/1.1" 200 26
186.67.172.234 - - [29/Feb/2016:13:19:11 -0300] "GET /cormun/servlet/solicitudotadjuntos?DLT,2016,237,TITULO,0, HTTP/1.1" 200 5304
186.67.172.234 - - [29/Feb/2016:13:19:11 -0300] "GET /cormun/static/about:blank HTTP/1.1" 404 1011
186.67.172.234 - - [29/Feb/2016:13:19:11 -0300] "GET /cormun/servlet/solicitudotadjuntos?DLT,2016,237,TITULO,0, HTTP/1.1" 200 5295
186.67.172.234 - - [29/Feb/2016:13:19:13 -0300] "POST /cormun/servlet/solicitudotadjuntos?f3aa1932af69e2c3e07851bf2e923ac2,DLT,2016,237,TITULO,0,,gx-no-cache=1456762805208 HTTP/1.1" 200 93
186.67.172.234 - - [29/Feb/2016:13:19:13 -0300] "GET /cormun/servlet/hpexe_return? HTTP/1.1" 200 1033
186.67.172.234 - - [29/Feb/2016:13:19:13 -0300] "GET /cormun/servlet/trsolicitudadjuntos?2016,237, HTTP/1.1" 200 7783
186.67.172.234 - - [29/Feb/2016:13:19:14 -0300] "GET /cormun/servlet/trsolicitudadjuntos?2016,237, HTTP/1.1" 200 7780
186.103.159.44 - - [29/Feb/2016:13:19:14 -0300] "GET /cormun/servlet/solicitudotadjuntos?20bde8686b8d6dc840470740c39bb69bd017adc38200b5fb4a3ebbbc2cbfe011,gx-no-cache=1456762776885 HTTP/1.1" 200 30
186.103.159.44 - - [29/Feb/2016:13:19:14 -0300] "GET /cormun/servlet/solicitudotadjuntos?20bde8686b8d6dc840470740c39bb69bd017adc38200b5fb4a3ebbbc2cbfe011,gx-no-cache=1456762776902 HTTP/1.1" 200 30
186.103.159.44 - - [29/Feb/2016:13:19:15 -0300] "POST /cormun/servlet/solicitudotadjuntos?adc65a04355111591eba67d82fb3aa97,INS,2016,242,,1, HTTP/1.1" 200 116
186.103.159.44 - - [29/Feb/2016:13:19:15 -0300] "GET /cormun/servlet/hpexe_return? HTTP/1.1" 200 1026
186.67.172.234 - - [29/Feb/2016:13:19:16 -0300] "GET /cormun/servlet/solicitudotadjuntos?INS,2016,237,,1, HTTP/1.1" 200 5402
186.67.172.234 - - [29/Feb/2016:13:19:17 -0300] "GET /cormun/static/about:blank HTTP/1.1" 404 1011
186.67.172.234 - - [29/Feb/2016:13:19:17 -0300] "GET /cormun/servlet/solicitudotadjuntos?INS,2016,237,,1, HTTP/1.1" 200 5396
186.67.172.234 - - [29/Feb/2016:13:19:17 -0300] "GET /cormun/servlet/solicitudotadjuntos?a0a3223603716daac69e9fab05d37cf5e014d6a74403d717e1035b97af2079d408b02b9ff300ba3bed1f500af604e51f,gx-no-cache=1456762809490 HTTP/1.1" 200 30
186.67.172.234 - - [29/Feb/2016:13:19:17 -0300] "POST /cormun/servlet/solicitudotadjuntos?f3aa1932af69e2c3e07851bf2e923ac2,INS,2016,237,,1,,gx-no-cache=1456762809527 HTTP/1.1" 200 3313
186.103.159.44 - - [29/Feb/2016:13:19:18 -0300] "GET /cormun/servlet/trsolicitudadjuntos?2016,242, HTTP/1.1" 200 7412
186.67.172.234 - - [29/Feb/2016:13:19:22 -0300] "POST /cormun/servlet/solicitudotadjuntos?gx-no-cache=1456762813970 HTTP/1.1" 200 26
186.103.159.44 - - [29/Feb/2016:13:19:25 -0300] "GET /cormun/servlet/solicitudotadjuntos?INS,2016,242,,1, HTTP/1.1" 200 5417
186.103.159.44 - - [29/Feb/2016:13:19:26 -0300] "HEAD /cormun/static/about:blank HTTP/1.1" 404 -
186.103.159.44 - - [29/Feb/2016:13:19:26 -0300] "GET /cormun/servlet/solicitudotadjuntos?20bde8686b8d6dc840470740c39bb69bf4e6af21fd5cbb3fa5f1301d2e19e8093221e35c5e9a9ef211a153e585c925ab,gx-no-cache=1456762789251 HTTP/1.1" 200 30
186.103.159.44 - - [29/Feb/2016:13:19:28 -0300] "POST /cormun/servlet/solicitudotadjuntos?adc65a04355111591eba67d82fb3aa97,INS,2016,242,,1,,gx-no-cache=1456762789323 HTTP/1.1" 200 3325
186.103.159.44 - - [29/Feb/2016:13:19:30 -0300] "POST /cormun/servlet/solicitudotadjuntos?gx-no-cache=1456762793052 HTTP/1.1" 200 26
186.67.172.234 - - [29/Feb/2016:13:19:38 -0300] "GET /cormun/servlet/solicitudotadjuntos?a0a3223603716daac69e9fab05d37cf55a7f79fd5df6b3cfb2c23f290cd0d531,gx-no-cache=1456762830544 HTTP/1.1" 200 30
186.67.172.234 - - [29/Feb/2016:13:19:38 -0300] "GET /cormun/servlet/solicitudotadjuntos?a0a3223603716daac69e9fab05d37cf55a7f79fd5df6b3cfb2c23f290cd0d531,gx-no-cache=1456762830561 HTTP/1.1" 200 30
186.67.172.234 - - [29/Feb/2016:13:19:39 -0300] "POST /cormun/servlet/solicitudotadjuntos?f3aa1932af69e2c3e07851bf2e923ac2,INS,2016,237,,1, HTTP/1.1" 200 116
186.67.172.234 - - [29/Feb/2016:13:19:39 -0300] "GET /cormun/servlet/hpexe_return? HTTP/1.1" 200 1027
186.67.172.234 - - [29/Feb/2016:13:19:39 -0300] "GET /cormun/servlet/trsolicitudadjuntos?2016,237, HTTP/1.1" 200 7884
186.67.172.234 - - [29/Feb/2016:13:19:40 -0300] "GET /cormun/servlet/trsolicitudadjuntos?2016,237, HTTP/1.1" 200 7880
186.67.172.234 - - [29/Feb/2016:13:19:57 -0300] "GET /cormun/servlet/trsolicitudot? HTTP/1.1" 200 7413
186.67.172.234 - - [29/Feb/2016:13:19:57 -0300] "GET /cormun/servlet/trsolicitudot? HTTP/1.1" 200 7407
186.103.159.44 - - [29/Feb/2016:13:19:59 -0300] "GET /cormun/servlet/solicitudotadjuntos?20bde8686b8d6dc840470740c39bb69bd017adc38200b5fb4a3ebbbc2cbfe011,gx-no-cache=1456762821980 HTTP/1.1" 200 30
186.103.159.44 - - [29/Feb/2016:13:19:59 -0300] "GET /cormun/servlet/solicitudotadjuntos?20bde8686b8d6dc840470740c39bb69bd017adc38200b5fb4a3ebbbc2cbfe011,gx-no-cache=1456762822015 HTTP/1.1" 200 30
186.103.159.44 - - [29/Feb/2016:13:19:59 -0300] "POST /cormun/servlet/solicitudotadjuntos?adc65a04355111591eba67d82fb3aa97,INS,2016,242,,1, HTTP/1.1" 200 116
186.103.159.44 - - [29/Feb/2016:13:20:01 -0300] "GET /cormun/servlet/hpexe_return? HTTP/1.1" 200 1026
186.103.159.44 - - [29/Feb/2016:13:20:01 -0300] "GET /cormun/servlet/trsolicitudadjuntos?2016,242, HTTP/1.1" 200 7578
186.103.159.44 - - [29/Feb/2016:13:20:06 -0300] "GET /cormun/servlet/solicitudotadjuntos?INS,2016,242,,1, HTTP/1.1" 200 5416
186.103.159.44 - - [29/Feb/2016:13:20:06 -0300] "HEAD /cormun/static/about:blank HTTP/1.1" 404 -
186.103.159.44 - - [29/Feb/2016:13:20:07 -0300] "GET /cormun/servlet/solicitudotadjuntos?20bde8686b8d6dc840470740c39bb69bf4e6af21fd5cbb3fa5f1301d2e19e8093221e35c5e9a9ef211a153e585c925ab,gx-no-cache=1456762829587 HTTP/1.1" 200 30
186.103.159.44 - - [29/Feb/2016:13:20:07 -0300] "POST /cormun/servlet/solicitudotadjuntos?adc65a04355111591eba67d82fb3aa97,INS,2016,242,,1,,gx-no-cache=1456762829618 HTTP/1.1" 200 3323
186.67.172.234 - - [29/Feb/2016:13:20:10 -0300] "POST /cormun/servlet/trsolicitudot?f3aa1932af69e2c3e07851bf2e923ac2,,gx-no-cache=1456762861655 HTTP/1.1" 200 4862
186.67.172.234 - - [29/Feb/2016:13:20:10 -0300] "POST /cormun/servlet/trsolicitudot?f3aa1932af69e2c3e07851bf2e923ac2,,gx-no-cache=1456762861854 HTTP/1.1" 200 4863
186.67.172.234 - - [29/Feb/2016:13:20:10 -0300] "POST /cormun/servlet/trsolicitudot?f3aa1932af69e2c3e07851bf2e923ac2,,gx-no-cache=1456762862365 HTTP/1.1" 200 4862
186.103.159.44 - - [29/Feb/2016:13:20:10 -0300] "POST /cormun/servlet/solicitudotadjuntos?gx-no-cache=1456762833244 HTTP/1.1" 200 26
186.67.172.234 - - [29/Feb/2016:13:20:10 -0300] "POST /cormun/servlet/trsolicitudot?f3aa1932af69e2c3e07851bf2e923ac2,,gx-no-cache=1456762862625 HTTP/1.1" 200 4862
186.67.172.234 - - [29/Feb/2016:13:20:11 -0300] "POST /cormun/servlet/trsolicitudot?f3aa1932af69e2c3e07851bf2e923ac2,,gx-no-cache=1456762862780 HTTP/1.1" 200 4863
186.67.172.234 - - [29/Feb/2016:13:20:11 -0300] "POST /cormun/servlet/trsolicitudot?f3aa1932af69e2c3e07851bf2e923ac2,,gx-no-cache=1456762862936 HTTP/1.1" 200 4863
186.67.172.234 - - [29/Feb/2016:13:20:11 -0300] "POST /cormun/servlet/trsolicitudot?f3aa1932af69e2c3e07851bf2e923ac2,,gx-no-cache=1456762863406 HTTP/1.1" 200 4862
186.67.172.234 - - [29/Feb/2016:13:20:12 -0300] "POST /cormun/servlet/trsolicitudot?f3aa1932af69e2c3e07851bf2e923ac2,,gx-no-cache=1456762863597 HTTP/1.1" 200 3564
186.67.172.234 - - [29/Feb/2016:13:20:12 -0300] "POST /cormun/servlet/trsolicitudot?f3aa1932af69e2c3e07851bf2e923ac2,,gx-no-cache=1456762863798 HTTP/1.1" 200 3416
186.67.172.234 - - [29/Feb/2016:13:20:20 -0300] "GET /cormun/servlet/hlogin HTTP/1.1" 200 1723
186.103.159.44 - - [29/Feb/2016:13:20:22 -0300] "GET /cormun/servlet/solicitudotadjuntos?20bde8686b8d6dc840470740c39bb69bd017adc38200b5fb4a3ebbbc2cbfe011,gx-no-cache=1456762844524 HTTP/1.1" 200 30
186.103.159.44 - - [29/Feb/2016:13:20:22 -0300] "GET /cormun/servlet/solicitudotadjuntos?20bde8686b8d6dc840470740c39bb69bd017adc38200b5fb4a3ebbbc2cbfe011,gx-no-cache=1456762844550 HTTP/1.1" 200 30
186.103.159.44 - - [29/Feb/2016:13:20:22 -0300] "POST /cormun/servlet/solicitudotadjuntos?adc65a04355111591eba67d82fb3aa97,INS,2016,242,,1, HTTP/1.1" 200 116
186.103.159.44 - - [29/Feb/2016:13:20:22 -0300] "GET /cormun/servlet/hpexe_return? HTTP/1.1" 200 1026
186.103.159.44 - - [29/Feb/2016:13:20:22 -0300] "GET /cormun/servlet/trsolicitudadjuntos?2016,242, HTTP/1.1" 200 7711
186.103.159.44 - - [29/Feb/2016:13:20:25 -0300] "GET /cormun/servlet/solicitudotadjuntos?INS,2016,242,,1, HTTP/1.1" 200 5416
186.103.159.44 - - [29/Feb/2016:13:20:26 -0300] "HEAD /cormun/static/about:blank HTTP/1.1" 404 -
186.103.159.44 - - [29/Feb/2016:13:20:27 -0300] "GET /cormun/servlet/solicitudotadjuntos?20bde8686b8d6dc840470740c39bb69bf4e6af21fd5cbb3fa5f1301d2e19e8093221e35c5e9a9ef211a153e585c925ab,gx-no-cache=1456762849390 HTTP/1.1" 200 30
186.103.159.44 - - [29/Feb/2016:13:20:27 -0300] "POST /cormun/servlet/solicitudotadjuntos?adc65a04355111591eba67d82fb3aa97,INS,2016,242,,1,,gx-no-cache=1456762849420 HTTP/1.1" 200 3323
186.67.172.234 - - [29/Feb/2016:13:20:29 -0300] "POST /cormun/servlet/hlogin?f3aa1932af69e2c3e07851bf2e923ac2,gx-no-cache=1456762880849 HTTP/1.1" 200 90
186.67.172.234 - - [29/Feb/2016:13:20:29 -0300] "GET /cormun/servlet/hpexe_link HTTP/1.1" 200 952
186.67.172.234 - - [29/Feb/2016:13:20:29 -0300] "GET /cormun/servlet/hhome HTTP/1.1" 200 3440
186.67.172.234 - - [29/Feb/2016:13:20:29 -0300] "GET /cormun/servlet/hhome HTTP/1.1" 200 3436
186.103.159.44 - - [29/Feb/2016:13:20:30 -0300] "POST /cormun/servlet/solicitudotadjuntos?gx-no-cache=1456762852484 HTTP/1.1" 200 26
186.67.172.234 - - [29/Feb/2016:13:20:34 -0300] "GET /cormun/servlet/trautorizarsolicitud? HTTP/1.1" 200 7382
186.67.172.234 - - [29/Feb/2016:13:20:35 -0300] "GET /cormun/servlet/trautorizarsolicitud? HTTP/1.1" 200 7382
186.103.159.44 - - [29/Feb/2016:13:20:35 -0300] "GET /cormun/servlet/solicitudotadjuntos?20bde8686b8d6dc840470740c39bb69bd017adc38200b5fb4a3ebbbc2cbfe011,gx-no-cache=1456762858052 HTTP/1.1" 200 30
186.103.159.44 - - [29/Feb/2016:13:20:35 -0300] "GET /cormun/servlet/solicitudotadjuntos?20bde8686b8d6dc840470740c39bb69bd017adc38200b5fb4a3ebbbc2cbfe011,gx-no-cache=1456762858073 HTTP/1.1" 200 30
