186.103.157.246 - - [29/Feb/2016:13:37:21 -0300] "GET /cormun/servlet/trvisualizadoreventos?cf2e8683e0428bc68d4f85c9f0969d3e46549d644aae9dc04aa9dc27503034c04b2892912bb5557faf60d71d635b346c2a78a875f3defb9313d4162c40ccafce93fccbb29833b7d3cc6e898fea0e5fcb6ad0e4e2b57af38bd10ba88b93dead14350d2f3b0edd4f875c24baca03a3265fa6a82b16565a4bc84cfa9a98fd4ffd36c8e70d76875dbb00cebb5f1798b2c9cbd92cd463d428cd3436491dd999aba37faecc0342c9275b80a4b46d1a072cb944dcbe0e3d13b61e26f74be7250346d50d,gx-no-cache=1456763869734 HTTP/1.1" 200 572
186.103.157.246 - - [29/Feb/2016:13:37:25 -0300] "POST /cormun/servlet/trvisualizadoreventos?114eb946fedf9147e98e980dcb8be238,,gx-no-cache=1456763873399 HTTP/1.1" 200 3253
186.103.157.246 - - [29/Feb/2016:13:37:25 -0300] "GET /cormun/servlet/trvisualizadoreventos?cf2e8683e0428bc68d4f85c9f0969d3ecdfd557ed6fc2761c82eb121c330b2d04b2892912bb5557faf60d71d635b346c2a78a875f3defb9313d4162c40ccafce93fccbb29833b7d3cc6e898fea0e5fcb6ad0e4e2b57af38bd10ba88b93dead14350d2f3b0edd4f875c24baca03a3265fa6a82b16565a4bc84cfa9a98fd4ffd36c8e70d76875dbb00cebb5f1798b2c9cbd92cd463d428cd3436491dd999aba37faecc0342c9275b80a4b46d1a072cb944dcbe0e3d13b61e26f74be7250346d50d,gx-no-cache=1456763873811 HTTP/1.1" 200 572
186.103.157.246 - - [29/Feb/2016:13:37:29 -0300] "POST /cormun/servlet/trvisualizadoreventos?114eb946fedf9147e98e980dcb8be238,,gx-no-cache=1456763877980 HTTP/1.1" 200 3566
186.103.157.246 - - [29/Feb/2016:13:37:30 -0300] "GET /cormun/servlet/trvisualizadoreventos?cf2e8683e0428bc68d4f85c9f0969d3e602d347572cb853dba979b37c6bb0c6c4b2892912bb5557faf60d71d635b346c2a78a875f3defb9313d4162c40ccafce93fccbb29833b7d3cc6e898fea0e5fcb6ad0e4e2b57af38bd10ba88b93dead14350d2f3b0edd4f875c24baca03a3265fa6a82b16565a4bc84cfa9a98fd4ffd36c8e70d76875dbb00cebb5f1798b2c9cbd92cd463d428cd3436491dd999aba37faecc0342c9275b80a4b46d1a072cb944dcbe0e3d13b61e26f74be7250346d50d,gx-no-cache=1456763878400 HTTP/1.1" 200 919
186.103.159.44 - - [29/Feb/2016:13:37:31 -0300] "POST /cormun/servlet/trsolicitudot?bf12fed8003220947363addfe114fc79,,gx-no-cache=1456763873122 HTTP/1.1" 200 5452
186.103.159.44 - - [29/Feb/2016:13:37:31 -0300] "POST /cormun/servlet/trsolicitudot?bf12fed8003220947363addfe114fc79,,gx-no-cache=1456763873828 HTTP/1.1" 200 5451
186.103.159.44 - - [29/Feb/2016:13:37:32 -0300] "POST /cormun/servlet/trsolicitudot?bf12fed8003220947363addfe114fc79,,gx-no-cache=1456763874148 HTTP/1.1" 200 5451
186.103.159.44 - - [29/Feb/2016:13:37:33 -0300] "POST /cormun/servlet/trsolicitudot?bf12fed8003220947363addfe114fc79,,gx-no-cache=1456763875324 HTTP/1.1" 200 5451
186.103.159.44 - - [29/Feb/2016:13:37:33 -0300] "POST /cormun/servlet/trsolicitudot?bf12fed8003220947363addfe114fc79,,gx-no-cache=1456763875745 HTTP/1.1" 200 5452
186.103.159.44 - - [29/Feb/2016:13:37:34 -0300] "POST /cormun/servlet/trsolicitudot?bf12fed8003220947363addfe114fc79,,gx-no-cache=1456763876393 HTTP/1.1" 200 5451
186.103.157.246 - - [29/Feb/2016:13:37:34 -0300] "POST /cormun/servlet/trvisualizadoreventos?114eb946fedf9147e98e980dcb8be238,,gx-no-cache=1456763883237 HTTP/1.1" 200 3250
186.103.159.44 - - [29/Feb/2016:13:37:35 -0300] "POST /cormun/servlet/trsolicitudot?bf12fed8003220947363addfe114fc79,,gx-no-cache=1456763877302 HTTP/1.1" 200 5452
186.103.157.246 - - [29/Feb/2016:13:37:35 -0300] "GET /cormun/servlet/trvisualizadoreventos?cf2e8683e0428bc68d4f85c9f0969d3eb94a82f25b999f6e2b2edd256dbadf2cef169b89ace1f104918a03c8c26e87e82a78a875f3defb9313d4162c40ccafce93fccbb29833b7d3cc6e898fea0e5fcb6ad0e4e2b57af38bd10ba88b93dead14350d2f3b0edd4f875c24baca03a3265fa6a82b16565a4bc84cfa9a98fd4ffd36c8e70d76875dbb00cebb5f1798b2c9cbd92cd463d428cd3436491dd999aba37faecc0342c9275b80a4b46d1a072cb944dcbe0e3d13b61e26f74be7250346d50d,gx-no-cache=1456763883664 HTTP/1.1" 200 569
186.103.159.44 - - [29/Feb/2016:13:37:38 -0300] "POST /cormun/servlet/trsolicitudot?bf12fed8003220947363addfe114fc79,,gx-no-cache=1456763877794 HTTP/1.1" 200 105
186.103.159.44 - - [29/Feb/2016:13:37:39 -0300] "GET /cormun/servlet/trsolicitudadjuntos?2016,244, HTTP/1.1" 200 5352
186.103.159.44 - - [29/Feb/2016:13:37:45 -0300] "GET /cormun/servlet/solicitudotadjuntos?INS,2016,244,,1, HTTP/1.1" 200 5411
186.103.157.246 - - [29/Feb/2016:13:37:51 -0300] "GET /cormun/servlet/hlogin HTTP/1.1" 200 1741
186.103.157.246 - - [29/Feb/2016:13:37:54 -0300] "POST /cormun/servlet/hlogin?114eb946fedf9147e98e980dcb8be238,gx-no-cache=1456763902758 HTTP/1.1" 200 90
186.103.157.246 - - [29/Feb/2016:13:37:54 -0300] "GET /cormun/servlet/hpexe_link HTTP/1.1" 200 964
186.103.157.246 - - [29/Feb/2016:13:37:54 -0300] "GET /cormun/servlet/trvisualizadoreventos? HTTP/1.1" 200 5912
186.103.157.246 - - [29/Feb/2016:13:37:55 -0300] "GET /cormun/servlet/trvisualizadoreventos? HTTP/1.1" 200 5910
186.103.157.246 - - [29/Feb/2016:13:38:00 -0300] "GET /cormun/servlet/trsolicitudot? HTTP/1.1" 200 6105
186.103.157.246 - - [29/Feb/2016:13:38:01 -0300] "GET /cormun/servlet/trsolicitudot? HTTP/1.1" 200 6104
186.103.159.44 - - [29/Feb/2016:13:38:07 -0300] "GET /cormun/servlet/solicitudotadjuntos?INS,2016,244,,1, HTTP/1.1" 200 5410
186.103.159.44 - - [29/Feb/2016:13:38:07 -0300] "HEAD /cormun/static/about:blank HTTP/1.1" 404 -
186.103.159.44 - - [29/Feb/2016:13:38:08 -0300] "GET /cormun/servlet/solicitudotadjuntos?ea00247db7c1df82e1491e50141ebc0f1e58f9b319876554e4e60048735fde8e8ab886432771b7c89890db63fd52725b,gx-no-cache=1456763910746 HTTP/1.1" 200 30
186.103.159.44 - - [29/Feb/2016:13:38:10 -0300] "GET /cormun/servlet/solicitudotadjuntos?INS,2016,244,,1, HTTP/1.1" 200 5393
186.103.159.44 - - [29/Feb/2016:13:38:13 -0300] "HEAD /cormun/static/about:blank HTTP/1.1" 404 -
186.103.159.44 - - [29/Feb/2016:13:38:14 -0300] "GET /cormun/servlet/solicitudotadjuntos?ea00247db7c1df82e1491e50141ebc0f1e58f9b319876554e4e60048735fde8e8ab886432771b7c89890db63fd52725b,gx-no-cache=1456763916802 HTTP/1.1" 200 30
186.103.159.44 - - [29/Feb/2016:13:38:15 -0300] "POST /cormun/servlet/solicitudotadjuntos?bf12fed8003220947363addfe114fc79,INS,2016,244,,1,,gx-no-cache=1456763916841 HTTP/1.1" 200 3297
186.103.159.44 - - [29/Feb/2016:13:38:22 -0300] "POST /cormun/servlet/solicitudotadjuntos?gx-no-cache=1456763924706 HTTP/1.1" 200 26
186.103.159.44 - - [29/Feb/2016:13:38:27 -0300] "GET /cormun/servlet/solicitudotadjuntos?ea00247db7c1df82e1491e50141ebc0f536a1ad20fc569cb3cc01ce3ca2f1be2,gx-no-cache=1456763929431 HTTP/1.1" 200 30
186.103.159.44 - - [29/Feb/2016:13:38:27 -0300] "GET /cormun/servlet/solicitudotadjuntos?ea00247db7c1df82e1491e50141ebc0f536a1ad20fc569cb3cc01ce3ca2f1be2,gx-no-cache=1456763929455 HTTP/1.1" 200 30
186.103.159.44 - - [29/Feb/2016:13:38:27 -0300] "POST /cormun/servlet/solicitudotadjuntos?bf12fed8003220947363addfe114fc79,INS,2016,244,,1, HTTP/1.1" 200 116
186.103.159.44 - - [29/Feb/2016:13:38:27 -0300] "GET /cormun/servlet/hpexe_return? HTTP/1.1" 200 1025
186.103.159.44 - - [29/Feb/2016:13:38:27 -0300] "GET /cormun/servlet/trsolicitudadjuntos?2016,244, HTTP/1.1" 200 7258
186.103.159.44 - - [29/Feb/2016:13:38:30 -0300] "GET /cormun/servlet/solicitudotadjuntos?INS,2016,244,,1, HTTP/1.1" 200 5410
186.103.159.44 - - [29/Feb/2016:13:38:32 -0300] "HEAD /cormun/static/about:blank HTTP/1.1" 404 -
186.103.159.44 - - [29/Feb/2016:13:38:32 -0300] "GET /cormun/servlet/solicitudotadjuntos?ea00247db7c1df82e1491e50141ebc0f1e58f9b319876554e4e60048735fde8e8ab886432771b7c89890db63fd52725b,gx-no-cache=1456763935313 HTTP/1.1" 200 30
186.103.159.44 - - [29/Feb/2016:13:38:33 -0300] "POST /cormun/servlet/solicitudotadjuntos?bf12fed8003220947363addfe114fc79,INS,2016,244,,1,,gx-no-cache=1456763935360 HTTP/1.1" 200 3321
186.103.159.183 - - [29/Feb/2016:13:38:36 -0300] "POST /cormun/servlet/hlogin?50b4092f4a71bc54c69030a1542f76d4,gx-no-cache=1456767749666 HTTP/1.1" 200 90
186.103.159.183 - - [29/Feb/2016:13:38:36 -0300] "GET /cormun/servlet/hpexe_link HTTP/1.1" 200 950
186.103.159.183 - - [29/Feb/2016:13:38:36 -0300] "GET /cormun/static/gxcfg.js?20151120044395 HTTP/1.1" 200 953
186.103.159.183 - - [29/Feb/2016:13:38:36 -0300] "GET /cormun/static/hpexe_link.js?20151120044398 HTTP/1.1" 304 -
186.103.159.183 - - [29/Feb/2016:13:38:36 -0300] "GET /cormun/servlet/hhome HTTP/1.1" 200 3400
186.103.159.183 - - [29/Feb/2016:13:38:37 -0300] "GET /cormun/servlet/hhome HTTP/1.1" 200 3397
186.103.159.183 - - [29/Feb/2016:13:38:37 -0300] "GET /cormun/static/SmoothNavMenu/resources/images/down.gif HTTP/1.1" 200 854
186.103.159.44 - - [29/Feb/2016:13:38:38 -0300] "POST /cormun/servlet/solicitudotadjuntos?gx-no-cache=1456763941086 HTTP/1.1" 200 26
186.103.159.183 - - [29/Feb/2016:13:38:41 -0300] "GET /cormun/servlet/trsolicitudot? HTTP/1.1" 200 6118
186.103.159.183 - - [29/Feb/2016:13:38:41 -0300] "GET /cormun/static/gxui/gxui-all.css?120300 HTTP/1.1" 200 2179
186.103.159.183 - - [29/Feb/2016:13:38:41 -0300] "GET /cormun/static/calendar-system.css?85620 HTTP/1.1" 200 5572
186.103.159.183 - - [29/Feb/2016:13:38:41 -0300] "GET /cormun/static/gxcfg.js?20161623482752 HTTP/1.1" 200 953
186.103.159.183 - - [29/Feb/2016:13:38:41 -0300] "GET /cormun/static/Resources/PXTools/calendar.png HTTP/1.1" 200 1306
186.103.159.183 - - [29/Feb/2016:13:38:41 -0300] "GET /cormun/static/trsolicitudot.js?20161623483284 HTTP/1.1" 304 -
186.103.159.183 - - [29/Feb/2016:13:38:41 -0300] "GET /cormun/static/Shared/ext/resources/css/ext-all.css?215870 HTTP/1.1" 200 416045
186.103.159.183 - - [29/Feb/2016:13:38:41 -0300] "GET /cormun/static/Resources/PXToolsDataSearch.png HTTP/1.1" 200 419
186.103.159.183 - - [29/Feb/2016:13:38:41 -0300] "GET /cormun/static/Resources/PXToolsGridFirst.gif HTTP/1.1" 200 379
186.103.159.183 - - [29/Feb/2016:13:38:41 -0300] "GET /cormun/static/Resources/PXToolsGridPrevious.gif HTTP/1.1" 200 369
186.103.159.183 - - [29/Feb/2016:13:38:41 -0300] "GET /cormun/static/Resources/PXToolsGridNext.gif HTTP/1.1" 200 369
186.103.159.183 - - [29/Feb/2016:13:38:42 -0300] "GET /cormun/static/Resources/PXToolsGridLast.gif HTTP/1.1" 200 370
186.103.159.183 - - [29/Feb/2016:13:38:42 -0300] "GET /cormun/static/Resources/PXToolsActionExcel.png HTTP/1.1" 200 3187
186.103.159.183 - - [29/Feb/2016:13:38:42 -0300] "GET /cormun/static/Resources/PXToolsGridNew.png HTTP/1.1" 200 2949
186.103.159.183 - - [29/Feb/2016:13:38:44 -0300] "GET /cormun/static/Resources/Spanish/PXTools.css?17554516 HTTP/1.1" 200 89042
186.103.159.183 - - [29/Feb/2016:13:38:45 -0300] "GET /cormun/static/Resources/asc.gif HTTP/1.1" 200 67
186.103.159.183 - - [29/Feb/2016:13:38:45 -0300] "GET /cormun/static/Resources/desc.gif HTTP/1.1" 200 65
186.103.159.183 - - [29/Feb/2016:13:38:45 -0300] "GET /cormun/servlet/trsolicitudot? HTTP/1.1" 200 6117
186.103.159.183 - - [29/Feb/2016:13:38:45 -0300] "GET /cormun/static/Shared/ext/resources/themes/images/default/tools/tool-sprites.gif HTTP/1.1" 200 5434
186.103.159.183 - - [29/Feb/2016:13:38:45 -0300] "GET /cormun/static/Shared/ext/resources/themes/images/default/panel/bg-headersPanel.png HTTP/1.1" 200 255
186.103.159.183 - - [29/Feb/2016:13:38:49 -0300] "GET /cormun/static/menuarrow.gif HTTP/1.1" 404 1015
186.103.159.44 - - [29/Feb/2016:13:38:49 -0300] "GET /cormun/servlet/solicitudotadjuntos?ea00247db7c1df82e1491e50141ebc0f536a1ad20fc569cb3cc01ce3ca2f1be2,gx-no-cache=1456763952246 HTTP/1.1" 200 30
186.103.159.44 - - [29/Feb/2016:13:38:49 -0300] "GET /cormun/servlet/solicitudotadjuntos?ea00247db7c1df82e1491e50141ebc0f536a1ad20fc569cb3cc01ce3ca2f1be2,gx-no-cache=1456763952266 HTTP/1.1" 200 30
186.103.159.44 - - [29/Feb/2016:13:38:56 -0300] "POST /cormun/servlet/solicitudotadjuntos?bf12fed8003220947363addfe114fc79,INS,2016,244,,1, HTTP/1.1" 200 116
186.103.159.44 - - [29/Feb/2016:13:38:56 -0300] "GET /cormun/servlet/hpexe_return? HTTP/1.1" 200 1025
186.103.159.44 - - [29/Feb/2016:13:38:57 -0300] "GET /cormun/servlet/trsolicitudadjuntos?2016,244, HTTP/1.1" 200 7406
186.103.159.183 - - [29/Feb/2016:13:38:59 -0300] "POST /cormun/servlet/trsolicitudot?50b4092f4a71bc54c69030a1542f76d4,,gx-no-cache=1456767775268 HTTP/1.1" 200 3440
186.103.159.183 - - [29/Feb/2016:13:38:59 -0300] "POST /cormun/servlet/trsolicitudot?50b4092f4a71bc54c69030a1542f76d4,,gx-no-cache=1456767775480 HTTP/1.1" 200 3440
186.103.159.44 - - [29/Feb/2016:13:39:05 -0300] "GET /cormun/servlet/solicitudotadjuntos?INS,2016,244,,1, HTTP/1.1" 200 5410
186.103.159.44 - - [29/Feb/2016:13:39:07 -0300] "HEAD /cormun/static/about:blank HTTP/1.1" 404 -
186.103.159.44 - - [29/Feb/2016:13:39:08 -0300] "GET /cormun/servlet/solicitudotadjuntos?ea00247db7c1df82e1491e50141ebc0f1e58f9b319876554e4e60048735fde8e8ab886432771b7c89890db63fd52725b,gx-no-cache=1456763970308 HTTP/1.1" 200 30
186.103.159.44 - - [29/Feb/2016:13:39:08 -0300] "POST /cormun/servlet/solicitudotadjuntos?bf12fed8003220947363addfe114fc79,INS,2016,244,,1,,gx-no-cache=1456763970429 HTTP/1.1" 200 3321
186.103.159.44 - - [29/Feb/2016:13:39:11 -0300] "POST /cormun/servlet/solicitudotadjuntos?gx-no-cache=1456763973822 HTTP/1.1" 200 26
186.103.159.183 - - [29/Feb/2016:13:39:12 -0300] "POST /cormun/servlet/trsolicitudot?50b4092f4a71bc54c69030a1542f76d4,,gx-no-cache=1456767789898 HTTP/1.1" 200 3439
186.103.159.183 - - [29/Feb/2016:13:39:12 -0300] "POST /cormun/servlet/trsolicitudot?50b4092f4a71bc54c69030a1542f76d4,,gx-no-cache=1456767790058 HTTP/1.1" 200 3440
186.103.159.44 - - [29/Feb/2016:13:39:17 -0300] "GET /cormun/servlet/solicitudotadjuntos?ea00247db7c1df82e1491e50141ebc0f536a1ad20fc569cb3cc01ce3ca2f1be2,gx-no-cache=1456763980174 HTTP/1.1" 200 30
186.103.159.183 - - [29/Feb/2016:13:39:18 -0300] "POST /cormun/servlet/trsolicitudot?50b4092f4a71bc54c69030a1542f76d4,,gx-no-cache=1456767796663 HTTP/1.1" 200 3440
186.103.159.183 - - [29/Feb/2016:13:39:19 -0300] "POST /cormun/servlet/trsolicitudot?50b4092f4a71bc54c69030a1542f76d4,,gx-no-cache=1456767797146 HTTP/1.1" 200 3439
186.103.159.44 - - [29/Feb/2016:13:39:28 -0300] "GET /cormun/servlet/solicitudotadjuntos?ea00247db7c1df82e1491e50141ebc0f536a1ad20fc569cb3cc01ce3ca2f1be2,gx-no-cache=1456763990938 HTTP/1.1" 200 30
186.103.159.44 - - [29/Feb/2016:13:39:28 -0300] "POST /cormun/servlet/solicitudotadjuntos?bf12fed8003220947363addfe114fc79,INS,2016,244,,1, HTTP/1.1" 200 116
186.103.159.44 - - [29/Feb/2016:13:39:28 -0300] "GET /cormun/servlet/hpexe_return? HTTP/1.1" 200 1025
186.103.159.44 - - [29/Feb/2016:13:39:29 -0300] "GET /cormun/servlet/trsolicitudadjuntos?2016,244, HTTP/1.1" 200 7577
186.103.159.44 - - [29/Feb/2016:13:39:33 -0300] "GET /cormun/servlet/solicitudotadjuntos?INS,2016,244,,1, HTTP/1.1" 200 5411
186.103.159.44 - - [29/Feb/2016:13:39:33 -0300] "HEAD /cormun/static/about:blank HTTP/1.1" 404 -
186.103.159.44 - - [29/Feb/2016:13:39:34 -0300] "GET /cormun/servlet/solicitudotadjuntos?ea00247db7c1df82e1491e50141ebc0f1e58f9b319876554e4e60048735fde8e8ab886432771b7c89890db63fd52725b,gx-no-cache=1456763996441 HTTP/1.1" 200 30
186.103.159.44 - - [29/Feb/2016:13:39:34 -0300] "POST /cormun/servlet/solicitudotadjuntos?bf12fed8003220947363addfe114fc79,INS,2016,244,,1,,gx-no-cache=1456763996471 HTTP/1.1" 200 3322
186.103.159.183 - - [29/Feb/2016:13:39:35 -0300] "GET /cormun/servlet/trsolicitudot?79b0b74bb4ea1e8af4d4ec934029f1d1e4509c57ded71a242c2c69a35bf0cc31209d8bc4aaaf4af4304ba26d2058748ed1064cc71a64587ddeb7776cabc61aab2d6b58e26fd6d7cc2a5fb2a78bf9e37b9c6474d12bf213daaa5867d7c7975c50,gx-no-cache=1456767815209 HTTP/1.1" 200 717
186.103.159.44 - - [29/Feb/2016:13:39:36 -0300] "POST /cormun/servlet/solicitudotadjuntos?gx-no-cache=1456763998830 HTTP/1.1" 200 26
186.103.159.44 - - [29/Feb/2016:13:39:42 -0300] "GET /cormun/servlet/solicitudotadjuntos?ea00247db7c1df82e1491e50141ebc0f536a1ad20fc569cb3cc01ce3ca2f1be2,gx-no-cache=1456764004438 HTTP/1.1" 200 30
186.103.159.44 - - [29/Feb/2016:13:39:42 -0300] "GET /cormun/servlet/solicitudotadjuntos?ea00247db7c1df82e1491e50141ebc0f536a1ad20fc569cb3cc01ce3ca2f1be2,gx-no-cache=1456764004460 HTTP/1.1" 200 30
186.103.159.44 - - [29/Feb/2016:13:39:42 -0300] "POST /cormun/servlet/solicitudotadjuntos?bf12fed8003220947363addfe114fc79,INS,2016,244,,1, HTTP/1.1" 200 116
186.103.159.44 - - [29/Feb/2016:13:39:42 -0300] "GET /cormun/servlet/hpexe_return? HTTP/1.1" 200 1025
186.103.159.44 - - [29/Feb/2016:13:39:43 -0300] "GET /cormun/servlet/trsolicitudadjuntos?2016,244, HTTP/1.1" 200 7699
186.103.159.44 - - [29/Feb/2016:13:39:47 -0300] "GET /cormun/servlet/solicitudotadjuntos?INS,2016,244,,1, HTTP/1.1" 200 5411
186.103.159.44 - - [29/Feb/2016:13:39:47 -0300] "HEAD /cormun/static/about:blank HTTP/1.1" 404 -
186.103.159.44 - - [29/Feb/2016:13:39:47 -0300] "GET /cormun/servlet/solicitudotadjuntos?ea00247db7c1df82e1491e50141ebc0f1e58f9b319876554e4e60048735fde8e8ab886432771b7c89890db63fd52725b,gx-no-cache=1456764010282 HTTP/1.1" 200 30
186.103.159.44 - - [29/Feb/2016:13:39:48 -0300] "POST /cormun/servlet/solicitudotadjuntos?bf12fed8003220947363addfe114fc79,INS,2016,244,,1,,gx-no-cache=1456764010340 HTTP/1.1" 200 3322
186.103.159.44 - - [29/Feb/2016:13:39:51 -0300] "POST /cormun/servlet/solicitudotadjuntos?gx-no-cache=1456764013374 HTTP/1.1" 200 26
186.103.159.44 - - [29/Feb/2016:13:39:56 -0300] "GET /cormun/servlet/solicitudotadjuntos?ea00247db7c1df82e1491e50141ebc0f536a1ad20fc569cb3cc01ce3ca2f1be2,gx-no-cache=1456764018814 HTTP/1.1" 200 30
186.103.159.44 - - [29/Feb/2016:13:39:56 -0300] "GET /cormun/servlet/solicitudotadjuntos?ea00247db7c1df82e1491e50141ebc0f536a1ad20fc569cb3cc01ce3ca2f1be2,gx-no-cache=1456764019138 HTTP/1.1" 200 30
186.103.159.44 - - [29/Feb/2016:13:39:59 -0300] "POST /cormun/servlet/solicitudotadjuntos?bf12fed8003220947363addfe114fc79,INS,2016,244,,1, HTTP/1.1" 200 116
186.103.159.44 - - [29/Feb/2016:13:39:59 -0300] "GET /cormun/servlet/hpexe_return? HTTP/1.1" 200 1025
186.103.159.44 - - [29/Feb/2016:13:40:00 -0300] "GET /cormun/servlet/trsolicitudadjuntos?2016,244, HTTP/1.1" 200 7826
186.103.159.44 - - [29/Feb/2016:13:40:03 -0300] "GET /cormun/servlet/solicitudotadjuntos?INS,2016,244,,1, HTTP/1.1" 200 5411
186.103.159.44 - - [29/Feb/2016:13:40:04 -0300] "HEAD /cormun/static/about:blank HTTP/1.1" 404 -
186.103.159.44 - - [29/Feb/2016:13:40:05 -0300] "GET /cormun/servlet/solicitudotadjuntos?ea00247db7c1df82e1491e50141ebc0f1e58f9b319876554e4e60048735fde8e8ab886432771b7c89890db63fd52725b,gx-no-cache=1456764027369 HTTP/1.1" 200 30
186.103.159.44 - - [29/Feb/2016:13:40:05 -0300] "POST /cormun/servlet/solicitudotadjuntos?bf12fed8003220947363addfe114fc79,INS,2016,244,,1,,gx-no-cache=1456764027457 HTTP/1.1" 200 3322
186.103.159.44 - - [29/Feb/2016:13:40:08 -0300] "POST /cormun/servlet/solicitudotadjuntos?gx-no-cache=1456764030438 HTTP/1.1" 200 26
186.103.159.44 - - [29/Feb/2016:13:40:13 -0300] "GET /cormun/servlet/solicitudotadjuntos?ea00247db7c1df82e1491e50141ebc0f536a1ad20fc569cb3cc01ce3ca2f1be2,gx-no-cache=1456764035630 HTTP/1.1" 200 30
186.103.159.44 - - [29/Feb/2016:13:40:13 -0300] "GET /cormun/servlet/solicitudotadjuntos?ea00247db7c1df82e1491e50141ebc0f536a1ad20fc569cb3cc01ce3ca2f1be2,gx-no-cache=1456764035648 HTTP/1.1" 200 30
186.103.159.44 - - [29/Feb/2016:13:40:22 -0300] "POST /cormun/servlet/solicitudotadjuntos?bf12fed8003220947363addfe114fc79,INS,2016,244,,1, HTTP/1.1" 200 116
186.103.159.44 - - [29/Feb/2016:13:40:23 -0300] "GET /cormun/servlet/hpexe_return? HTTP/1.1" 200 1025
186.103.159.44 - - [29/Feb/2016:13:40:23 -0300] "GET /cormun/servlet/trsolicitudadjuntos?2016,244, HTTP/1.1" 200 7943
186.103.159.183 - - [29/Feb/2016:13:40:24 -0300] "GET /cormun/servlet/trsolicitudot?79b0b74bb4ea1e8af4d4ec934029f1d128b2df25e132930ccdbb080b27abc8214ca6905a9f8632e31f2b8d8034fc544bf54b342741538c4d864a1dbd616aaad580d9b8a0e432dbe3e8432f6e0943b867e55eba4aac061c8397c5bc107ed318c8,gx-no-cache=1456767870207 HTTP/1.1" 200 717
186.103.159.44 - - [29/Feb/2016:13:40:28 -0300] "GET /cormun/servlet/solicitudotadjuntos?INS,2016,244,,2, HTTP/1.1" 200 5410
186.103.159.183 - - [29/Feb/2016:13:40:28 -0300] "GET /cormun/servlet/trsolicitudot?79b0b74bb4ea1e8af4d4ec934029f1d1d8555dab170b2b00c0b936a1ef84ad68573e1d65b436dbea22456c87af286eeb65c39219282d153ad0d0edda4ed2338df37afc4532cffe02f22b7a745c7413c6,gx-no-cache=1456767875274 HTTP/1.1" 200 717
186.103.159.44 - - [29/Feb/2016:13:40:28 -0300] "HEAD /cormun/static/about:blank HTTP/1.1" 404 -
186.103.159.44 - - [29/Feb/2016:13:40:29 -0300] "GET /cormun/servlet/solicitudotadjuntos?ea00247db7c1df82e1491e50141ebc0f1e58f9b319876554e4e60048735fde8e8ab886432771b7c89890db63fd52725b,gx-no-cache=1456764051814 HTTP/1.1" 200 30
186.103.159.183 - - [29/Feb/2016:13:40:29 -0300] "GET /cormun/servlet/trsolicitudot?79b0b74bb4ea1e8af4d4ec934029f1d13c2ba5e93ce37e6c8609273914a983a526584db6d28699a80cce013f69ffb094d1064cc71a64587ddeb7776cabc61aab2d6b58e26fd6d7cc2a5fb2a78bf9e37b9c6474d12bf213daaa5867d7c7975c50,gx-no-cache=1456767876420 HTTP/1.1" 200 717
186.103.159.44 - - [29/Feb/2016:13:40:29 -0300] "POST /cormun/servlet/solicitudotadjuntos?bf12fed8003220947363addfe114fc79,INS,2016,244,,2,,gx-no-cache=1456764051909 HTTP/1.1" 200 3466
186.103.159.183 - - [29/Feb/2016:13:40:30 -0300] "GET /cormun/servlet/trsolicitudot?79b0b74bb4ea1e8af4d4ec934029f1d1927e1393f536372a89dc13f02fe71d0e03acad4e0216aa0298cb13340339e8c801c36c2f20e8a67ee93042de8117f61d6c0fec468a91d4866f98b7e8db04b614eea3de2616334293c3b629f83dd4b4ab,gx-no-cache=1456767877292 HTTP/1.1" 200 717
186.103.159.44 - - [29/Feb/2016:13:40:33 -0300] "POST /cormun/servlet/solicitudotadjuntos?gx-no-cache=1456764055422 HTTP/1.1" 200 26
186.103.159.183 - - [29/Feb/2016:13:40:33 -0300] "GET /cormun/servlet/trsolicitudot?79b0b74bb4ea1e8af4d4ec934029f1d1927e1393f536372a89dc13f02fe71d0e15465c9994628c59d36eb4c452add171f54b342741538c4d864a1dbd616aaad580d9b8a0e432dbe3e8432f6e0943b867e55eba4aac061c8397c5bc107ed318c8,gx-no-cache=1456767881484 HTTP/1.1" 200 717
186.103.159.183 - - [29/Feb/2016:13:40:35 -0300] "GET /cormun/servlet/trsolicitudot?79b0b74bb4ea1e8af4d4ec934029f1d109ea13381b26e33e526ee25c275b9dda9cd6ecb5f93c6944bdc6bcd6f943714d92b562aebbfd04382d08db1a3241ca4520d8ffae8835da97411a56869839e7bdc9d8ab2406f803e6ace5238276eccc29,gx-no-cache=1456767882784 HTTP/1.1" 200 717
186.103.159.44 - - [29/Feb/2016:13:40:39 -0300] "GET /cormun/servlet/solicitudotadjuntos?ea00247db7c1df82e1491e50141ebc0f536a1ad20fc569cb3cc01ce3ca2f1be2,gx-no-cache=1456764061934 HTTP/1.1" 200 30
186.103.159.44 - - [29/Feb/2016:13:40:41 -0300] "GET /cormun/servlet/solicitudotadjuntos?ea00247db7c1df82e1491e50141ebc0f536a1ad20fc569cb3cc01ce3ca2f1be2,gx-no-cache=1456764063891 HTTP/1.1" 200 30
186.103.159.44 - - [29/Feb/2016:13:40:46 -0300] "POST /cormun/servlet/solicitudotadjuntos?bf12fed8003220947363addfe114fc79,INS,2016,244,,2, HTTP/1.1" 200 116
186.103.159.44 - - [29/Feb/2016:13:40:46 -0300] "GET /cormun/servlet/hpexe_return? HTTP/1.1" 200 1025
186.103.159.44 - - [29/Feb/2016:13:40:46 -0300] "GET /cormun/servlet/trsolicitudadjuntos?2016,244, HTTP/1.1" 200 8160
186.103.159.183 - - [29/Feb/2016:13:40:49 -0300] "GET /cormun/servlet/solicitudot?INS,0,0, HTTP/1.1" 200 12044
186.103.159.183 - - [29/Feb/2016:13:40:50 -0300] "GET /cormun/static/gxcfg.js?201617004230 HTTP/1.1" 200 953
186.103.159.183 - - [29/Feb/2016:13:40:50 -0300] "GET /cormun/static/Resources/prompt.gif HTTP/1.1" 200 902
186.103.159.183 - - [29/Feb/2016:13:40:50 -0300] "GET /cormun/static/solicitudot.js?201617004281 HTTP/1.1" 304 -
186.103.159.183 - - [29/Feb/2016:13:40:50 -0300] "GET /cormun/servlet/solicitudot?INS,0,0, HTTP/1.1" 200 12049
186.103.159.44 - - [29/Feb/2016:13:40:59 -0300] "GET /cormun/servlet/trsolicitudot? HTTP/1.1" 200 7998
186.103.159.44 - - [29/Feb/2016:13:41:04 -0300] "POST /cormun/servlet/trsolicitudot?bf12fed8003220947363addfe114fc79,,gx-no-cache=1456764086632 HTTP/1.1" 200 5462
186.103.159.44 - - [29/Feb/2016:13:41:05 -0300] "POST /cormun/servlet/trsolicitudot?bf12fed8003220947363addfe114fc79,,gx-no-cache=1456764087689 HTTP/1.1" 200 5462
186.103.159.44 - - [29/Feb/2016:13:41:06 -0300] "POST /cormun/servlet/trsolicitudot?bf12fed8003220947363addfe114fc79,,gx-no-cache=1456764088312 HTTP/1.1" 200 5461
186.103.159.44 - - [29/Feb/2016:13:41:07 -0300] "POST /cormun/servlet/trsolicitudot?bf12fed8003220947363addfe114fc79,,gx-no-cache=1456764090116 HTTP/1.1" 200 5460
186.103.159.44 - - [29/Feb/2016:13:41:08 -0300] "POST /cormun/servlet/trsolicitudot?bf12fed8003220947363addfe114fc79,,gx-no-cache=1456764090564 HTTP/1.1" 200 5460
186.103.159.183 - - [29/Feb/2016:13:41:13 -0300] "POST /cormun/servlet/solicitudot?gx-no-cache=1456767925430 HTTP/1.1" 200 2740
186.103.159.183 - - [29/Feb/2016:13:41:13 -0300] "POST /cormun/servlet/solicitudot?50b4092f4a71bc54c69030a1542f76d4,INS,0,0,,gx-no-cache=1456767925626 HTTP/1.1" 200 9491
186.103.159.44 - - [29/Feb/2016:13:41:28 -0300] "POST /cormun/servlet/trsolicitudot?bf12fed8003220947363addfe114fc79,,gx-no-cache=1456764106324 HTTP/1.1" 200 5461
186.103.159.44 - - [29/Feb/2016:13:41:30 -0300] "POST /cormun/servlet/trsolicitudot?bf12fed8003220947363addfe114fc79,,gx-no-cache=1456764111374 HTTP/1.1" 200 5461
186.103.159.183 - - [29/Feb/2016:13:41:33 -0300] "GET /cormun/servlet/solicitudot?db14321063c4b3ef3cb0623b4d8f3071fd04590d00759d153cb43ce842716b26c9d8ab2406f803e6ace5238276eccc29,gx-no-cache=1456767948022 HTTP/1.1" 200 30
186.103.159.44 - - [29/Feb/2016:13:41:34 -0300] "POST /cormun/servlet/trsolicitudot?bf12fed8003220947363addfe114fc79,,gx-no-cache=1456764112784 HTTP/1.1" 200 5183
186.103.159.44 - - [29/Feb/2016:13:41:35 -0300] "POST /cormun/servlet/trsolicitudot?bf12fed8003220947363addfe114fc79,,gx-no-cache=1456764117851 HTTP/1.1" 200 5124
186.103.159.44 - - [29/Feb/2016:13:41:38 -0300] "GET /cormun/static/Shared/jqueryui/images/ui-bg_highlight-soft_100_c6c2c8_1x100.png HTTP/1.1" 404 1117
186.103.159.44 - - [29/Feb/2016:13:41:38 -0300] "GET /cormun/static/Shared/jqueryui/images/ui-bg_flat_55_fafafa_40x100.png HTTP/1.1" 404 1097
186.103.159.44 - - [29/Feb/2016:13:41:38 -0300] "GET /cormun/static/Shared/jqueryui/images/ui-icons_82798d_256x240.png HTTP/1.1" 404 1089
186.103.159.44 - - [29/Feb/2016:13:41:38 -0300] "GET /cormun/static/Shared/jqueryui/images/ui-icons_8d78a5_256x240.png HTTP/1.1" 404 1089
186.103.159.44 - - [29/Feb/2016:13:41:39 -0300] "POST /cormun/servlet/trsolicitudot?bf12fed8003220947363addfe114fc79,,gx-no-cache=1456764121584 HTTP/1.1" 200 5149
186.103.159.44 - - [29/Feb/2016:13:41:40 -0300] "POST /cormun/servlet/trsolicitudot?bf12fed8003220947363addfe114fc79,,gx-no-cache=1456764122874 HTTP/1.1" 200 5149
186.103.159.44 - - [29/Feb/2016:13:41:41 -0300] "POST /cormun/servlet/trsolicitudot?bf12fed8003220947363addfe114fc79,,gx-no-cache=1456764123670 HTTP/1.1" 200 5149
186.103.159.44 - - [29/Feb/2016:13:41:42 -0300] "POST /cormun/servlet/trsolicitudot?bf12fed8003220947363addfe114fc79,,gx-no-cache=1456764124499 HTTP/1.1" 200 5148
186.103.159.44 - - [29/Feb/2016:13:41:43 -0300] "POST /cormun/servlet/trsolicitudot?bf12fed8003220947363addfe114fc79,,gx-no-cache=1456764125347 HTTP/1.1" 200 5149
186.103.159.44 - - [29/Feb/2016:13:41:43 -0300] "POST /cormun/servlet/trsolicitudot?bf12fed8003220947363addfe114fc79,,gx-no-cache=1456764126082 HTTP/1.1" 200 5149
186.103.159.44 - - [29/Feb/2016:13:41:48 -0300] "POST /cormun/servlet/trsolicitudot?bf12fed8003220947363addfe114fc79,,gx-no-cache=1456764129852 HTTP/1.1" 200 5150
186.103.159.183 - - [29/Feb/2016:13:41:54 -0300] "POST /cormun/servlet/solicitudot?gx-no-cache=1456767971489 HTTP/1.1" 200 30
186.103.159.183 - - [29/Feb/2016:13:42:00 -0300] "POST /cormun/servlet/solicitudot?gx-no-cache=1456767978918 HTTP/1.1" 200 122
186.103.159.183 - - [29/Feb/2016:13:42:00 -0300] "GET /cormun/static/Shared/jqueryui/images/ui-bg_highlight-soft_100_c6c2c8_1x100.png HTTP/1.1" 404 1117
186.103.159.183 - - [29/Feb/2016:13:42:00 -0300] "GET /cormun/static/Shared/jqueryui/images/ui-icons_82798d_256x240.png HTTP/1.1" 404 1089
186.103.159.183 - - [29/Feb/2016:13:42:00 -0300] "GET /cormun/static/Shared/jqueryui/images/ui-bg_flat_55_994d53_40x100.png HTTP/1.1" 404 1097
186.103.159.183 - - [29/Feb/2016:13:42:00 -0300] "GET /cormun/static/Shared/jqueryui/images/ui-icons_ebccce_256x240.png HTTP/1.1" 404 1089
186.103.159.44 - - [29/Feb/2016:13:42:14 -0300] "GET /cormun/servlet/solicitudot?INS,0,0, HTTP/1.1" 200 12053
186.103.159.44 - - [29/Feb/2016:13:42:31 -0300] "POST /cormun/servlet/solicitudot?gx-no-cache=1456764173777 HTTP/1.1" 200 2669
186.103.159.44 - - [29/Feb/2016:13:42:33 -0300] "POST /cormun/servlet/solicitudot?bf12fed8003220947363addfe114fc79,INS,0,0,,gx-no-cache=1456764176259 HTTP/1.1" 200 9390
186.103.159.44 - - [29/Feb/2016:13:42:36 -0300] "GET /cormun/servlet/solicitudot?ea00247db7c1df82e1491e50141ebc0fa9a00631e267cc00363335ed838137b41713b946c80b9beeaf00006218ffc395,gx-no-cache=1456764178404 HTTP/1.1" 200 111
186.103.159.44 - - [29/Feb/2016:13:42:39 -0300] "GET /cormun/static/Shared/jqueryui/images/ui-bg_highlight-soft_100_c6c2c8_1x100.png HTTP/1.1" 404 1117
186.103.159.44 - - [29/Feb/2016:13:42:39 -0300] "GET /cormun/static/Shared/jqueryui/images/ui-icons_82798d_256x240.png HTTP/1.1" 404 1089
186.103.159.44 - - [29/Feb/2016:13:42:39 -0300] "GET /cormun/static/Shared/jqueryui/images/ui-bg_flat_55_994d53_40x100.png HTTP/1.1" 404 1097
186.103.159.44 - - [29/Feb/2016:13:42:39 -0300] "GET /cormun/static/Shared/jqueryui/images/ui-icons_ebccce_256x240.png HTTP/1.1" 404 1089
186.103.159.44 - - [29/Feb/2016:13:42:44 -0300] "GET /cormun/servlet/solicitudot?ea00247db7c1df82e1491e50141ebc0f612eff7dfc419602e5dbdc3069587d299b09a4960cca2853a5cd7ecd4763fa78,gx-no-cache=1456764187057 HTTP/1.1" 200 30
190.101.9.119 - - [29/Feb/2016:13:43:05 -0300] "GET / HTTP/1.1" 200 11217
190.101.9.119 - - [29/Feb/2016:13:43:05 -0300] "GET /tomcat.png HTTP/1.1" 200 5103
190.101.9.119 - - [29/Feb/2016:13:43:05 -0300] "GET /tomcat.css HTTP/1.1" 200 5576
190.101.9.119 - - [29/Feb/2016:13:43:05 -0300] "GET /bg-nav.png HTTP/1.1" 200 1401
190.101.9.119 - - [29/Feb/2016:13:43:05 -0300] "GET /bg-upper.png HTTP/1.1" 200 3103
190.101.9.119 - - [29/Feb/2016:13:43:05 -0300] "GET /bg-button.png HTTP/1.1" 200 713
190.101.9.119 - - [29/Feb/2016:13:43:05 -0300] "GET /bg-middle.png HTTP/1.1" 200 1918
190.101.9.119 - - [29/Feb/2016:13:43:05 -0300] "GET /asf-logo.png HTTP/1.1" 200 17811
186.103.159.183 - - [29/Feb/2016:13:43:06 -0300] "POST /cormun/servlet/solicitudot?gx-no-cache=1456768052610 HTTP/1.1" 200 122
186.103.159.183 - - [29/Feb/2016:13:43:06 -0300] "POST /cormun/servlet/solicitudot?gx-no-cache=1456768052672 HTTP/1.1" 200 452
186.103.159.183 - - [29/Feb/2016:13:43:06 -0300] "GET /cormun/servlet/solicitudot?db14321063c4b3ef3cb0623b4d8f3071b139bfebab7e4dfd7ffe7183713166393fc646b31081fe763e4fa2c149b3cb56bc2cc47ee8c5970961e17a4d98ced471f13e59d7ae45f5f2c75e52c6d980a56bde1993929169f21c99af4ad4a018999ff7c835a316bd21f80441b25f5e6f0bd733e4be90595b8307d10f14bc4c43536ab95cdf50881335d374e2dba0d2164108,gx-no-cache=1456768052725 HTTP/1.1" 200 38
190.101.9.119 - - [29/Feb/2016:13:43:27 -0300] "GET /cormun/servlet/hlogin HTTP/1.1" 200 1717
190.101.9.119 - - [29/Feb/2016:13:43:32 -0300] "POST /cormun/servlet/hlogin?ec0cae8a1e768a74b78a524050b26fed,gx-no-cache=1456764282210 HTTP/1.1" 200 90
190.101.9.119 - - [29/Feb/2016:13:43:32 -0300] "GET /cormun/servlet/hpexe_link HTTP/1.1" 200 950
190.101.9.119 - - [29/Feb/2016:13:43:32 -0300] "GET /cormun/servlet/hhome HTTP/1.1" 200 3670
190.101.9.119 - - [29/Feb/2016:13:43:35 -0300] "GET /cormun/servlet/hhome HTTP/1.1" 200 3666
186.103.159.44 - - [29/Feb/2016:13:43:55 -0300] "POST /cormun/servlet/solicitudot?gx-no-cache=1456764258157 HTTP/1.1" 200 30
186.103.159.44 - - [29/Feb/2016:13:43:59 -0300] "POST /cormun/servlet/solicitudot?gx-no-cache=1456764261646 HTTP/1.1" 200 30
186.103.159.44 - - [29/Feb/2016:13:44:01 -0300] "POST /cormun/servlet/solicitudot?gx-no-cache=1456764264034 HTTP/1.1" 200 452
186.103.159.44 - - [29/Feb/2016:13:44:01 -0300] "GET /cormun/servlet/solicitudot?ea00247db7c1df82e1491e50141ebc0ff6df09323db21607c87f33bccd3f4494430fcb381e29c0769d8153a26cf6f8fd15aff7f70e553ff41cba6dfb63424efa7b2d8139c2002ad6325fce04e77232de34c3f41d649a7668fcbf86a8d49853509b048264ae2f617248f558bf2498f29fe97c5d3680e7b0f56a25293a19acb3957e2bcb5b7df735a3be7f71aaeea165e0,gx-no-cache=1456764264094 HTTP/1.1" 200 38
186.103.159.44 - - [29/Feb/2016:13:44:29 -0300] "GET /cormun/servlet/solicitudot?ea00247db7c1df82e1491e50141ebc0f755f77732d6d6c7c8bd60fb6d94b3192b872d735a44bfe24de7f81e9e3f546538c3ac297820bdcbaf9d0903437654a9accf51748cd4fb2513d5e5adeeac03a310299bdcdc1fa1482713ff15b52300b8730359528b419ca0d4954ebcdc43d651e,gx-no-cache=1456764292303 HTTP/1.1" 200 29
190.101.9.119 - - [29/Feb/2016:13:44:30 -0300] "GET /cormun/servlet/trsolicitudot? HTTP/1.1" 200 6380
190.101.9.119 - - [29/Feb/2016:13:44:32 -0300] "GET /cormun/servlet/trsolicitudot? HTTP/1.1" 200 6380
186.103.159.44 - - [29/Feb/2016:13:44:39 -0300] "POST /cormun/servlet/solicitudot?gx-no-cache=1456764301750 HTTP/1.1" 200 1116
186.103.159.44 - - [29/Feb/2016:13:45:35 -0300] "GET /cormun/servlet/solicitudot?ea00247db7c1df82e1491e50141ebc0fb4e158b367cd127387d6120b0e151f7e5a7da1fa05acc5219ebd0ed648e9284b79b185e40f2f1526b351af0bc9fc64df114c4d7fd0ff3ed757e1b83035bef059033bac5a091ad021ac6610433f8a84484b4982c60557ac75d3fc1aa0ce55432fbefa5599d6c125a4496639998ce876127f6bf8e418d60aa8045c03dda69036a22816abdc0aa3453124952be7c2f598cb86fa90bf91af99d94a006e5796c039f8,gx-no-cache=1456764357820 HTTP/1.1" 200 30
186.103.159.183 - - [29/Feb/2016:13:45:50 -0300] "GET /cormun/servlet/solicitudot?db14321063c4b3ef3cb0623b4d8f3071c090c45bb1192f53691a06ddedc2ac1a1672da043dea3b0fd78f78e9c3da7c59004e66881574e91deb350fdeb1b5d06bc7b19c5b64547ab172f91490ffba1a4418a274e9bdc1ed29b301b00bcae5c887a6353cf937e683daae2a2e99a047298aa3ed312dfd297bd195bfc5a49bf574de2c8753b9c9cac14457db924c5252349c618e411533a1d724953e3c8e61c35773,gx-no-cache=1456768224105 HTTP/1.1" 200 29
186.103.159.183 - - [29/Feb/2016:13:45:53 -0300] "GET /cormun/servlet/solicitudot?db14321063c4b3ef3cb0623b4d8f3071c090c45bb1192f53691a06ddedc2ac1a1672da043dea3b0fd78f78e9c3da7c596f670daa3bdcc6cdb7892fff86cd634bc7b19c5b64547ab172f91490ffba1a4418a274e9bdc1ed29b301b00bcae5c887a6353cf937e683daae2a2e99a047298aa3ed312dfd297bd195bfc5a49bf574de2c8753b9c9cac14457db924c5252349c618e411533a1d724953e3c8e61c35773,gx-no-cache=1456768228171 HTTP/1.1" 200 29
186.103.159.44 - - [29/Feb/2016:13:45:56 -0300] "POST /cormun/servlet/solicitudot?bf12fed8003220947363addfe114fc79,INS,0,0,,gx-no-cache=1456764373608 HTTP/1.1" 200 93
186.103.159.44 - - [29/Feb/2016:13:45:57 -0300] "GET /cormun/servlet/hpexe_return? HTTP/1.1" 200 1008
186.103.159.183 - - [29/Feb/2016:13:45:59 -0300] "POST /cormun/servlet/solicitudot?gx-no-cache=1456768234529 HTTP/1.1" 200 1116
186.103.159.44 - - [29/Feb/2016:13:46:00 -0300] "GET /cormun/servlet/trsolicitudot? HTTP/1.1" 200 8004
186.103.159.44 - - [29/Feb/2016:13:46:10 -0300] "POST /cormun/servlet/trsolicitudot?bf12fed8003220947363addfe114fc79,,gx-no-cache=1456764392716 HTTP/1.1" 200 5464
186.103.159.44 - - [29/Feb/2016:13:46:11 -0300] "POST /cormun/servlet/trsolicitudot?bf12fed8003220947363addfe114fc79,,gx-no-cache=1456764393029 HTTP/1.1" 200 5466
186.103.159.44 - - [29/Feb/2016:13:46:12 -0300] "POST /cormun/servlet/trsolicitudot?bf12fed8003220947363addfe114fc79,,gx-no-cache=1456764393689 HTTP/1.1" 200 5466
186.103.159.44 - - [29/Feb/2016:13:46:13 -0300] "POST /cormun/servlet/trsolicitudot?bf12fed8003220947363addfe114fc79,,gx-no-cache=1456764395431 HTTP/1.1" 200 5466
186.103.159.44 - - [29/Feb/2016:13:46:13 -0300] "POST /cormun/servlet/trsolicitudot?bf12fed8003220947363addfe114fc79,,gx-no-cache=1456764395832 HTTP/1.1" 200 5466
186.103.159.44 - - [29/Feb/2016:13:46:13 -0300] "POST /cormun/servlet/trsolicitudot?bf12fed8003220947363addfe114fc79,,gx-no-cache=1456764396265 HTTP/1.1" 200 5466
186.103.159.183 - - [29/Feb/2016:13:46:18 -0300] "GET /cormun/servlet/solicitudot?db14321063c4b3ef3cb0623b4d8f3071ca685768ebf687a2fc8eead8122d59197786b84cfce5b938ba518f7142219fd34287bc8085766e3c1a641070213646e683f8a7d195138f00aeb23d9cca9a717f0a5614f9f06ea9b9f4ad7dc5dfcd22d20970eebceb61c94cc1dfbef1c7feb7e6ab87547ad237530f253a1d3f5d8655f0cbde0abc2d7bcdc95a1667c58b64f90763274933d1d49177f6aff1c4eec5dd2389377505263de603a84f7727f8d7f8c2,gx-no-cache=1456768256020 HTTP/1.1" 200 30
186.103.159.44 - - [29/Feb/2016:13:46:18 -0300] "POST /cormun/servlet/trsolicitudot?bf12fed8003220947363addfe114fc79,,gx-no-cache=1456764400759 HTTP/1.1" 200 5465
186.103.159.44 - - [29/Feb/2016:13:46:22 -0300] "POST /cormun/servlet/trsolicitudot?bf12fed8003220947363addfe114fc79,,gx-no-cache=1456764401253 HTTP/1.1" 200 105
186.103.159.44 - - [29/Feb/2016:13:46:22 -0300] "GET /cormun/servlet/solicitudot?UPD,2016,245, HTTP/1.1" 200 13274
186.103.159.44 - - [29/Feb/2016:13:46:23 -0300] "POST /cormun/servlet/solicitudot?gx-no-cache=1456764405959 HTTP/1.1" 200 2739
186.103.159.44 - - [29/Feb/2016:13:46:24 -0300] "POST /cormun/servlet/solicitudot?bf12fed8003220947363addfe114fc79,UPD,2016,245,,gx-no-cache=1456764406907 HTTP/1.1" 200 10157
186.103.159.44 - - [29/Feb/2016:13:46:26 -0300] "GET /cormun/servlet/solicitudot?ea00247db7c1df82e1491e50141ebc0f612eff7dfc419602e5dbdc3069587d2931ed27cc0b395868ffee71bedba762dc,gx-no-cache=1456764408839 HTTP/1.1" 200 30
186.103.159.44 - - [29/Feb/2016:13:46:26 -0300] "POST /cormun/servlet/solicitudot?gx-no-cache=1456764408900 HTTP/1.1" 200 30
186.103.159.44 - - [29/Feb/2016:13:46:26 -0300] "POST /cormun/servlet/solicitudot?gx-no-cache=1456764408926 HTTP/1.1" 200 30
186.103.159.44 - - [29/Feb/2016:13:46:26 -0300] "POST /cormun/servlet/solicitudot?gx-no-cache=1456764409004 HTTP/1.1" 200 1154
186.103.159.44 - - [29/Feb/2016:13:46:27 -0300] "GET /cormun/servlet/solicitudot?ea00247db7c1df82e1491e50141ebc0ff6df09323db21607c87f33bccd3f4494430fcb381e29c0769d8153a26cf6f8fd15aff7f70e553ff41cba6dfb63424efa7b2d8139c2002ad6325fce04e77232de34c3f41d649a7668fcbf86a8d49853509b048264ae2f617248f558bf2498f29fe97c5d3680e7b0f56a25293a19acb3955e435dd7ce1b6ddc3e83af071eaa025b8ab886432771b7c89890db63fd52725b,gx-no-cache=1456764409752 HTTP/1.1" 200 41
186.103.159.44 - - [29/Feb/2016:13:46:31 -0300] "GET /cormun/servlet/solicitudot?ea00247db7c1df82e1491e50141ebc0f336373a9bbb141123ca425dc5f16b0473388e84a849a09f713b04365f209b340ffa197f784b8943dcbbbab0fc55a592f88480c2ba2b7e929f6a735aa15124ab443b21cf7c021e19a9b2707cabd71ded7a9b36919661f28e761b36d5c182d37a838d5aeac81ba9db6a1433c34f5c75fbd0ddb470cfda05c15caf8a7a2b30b9b559b1b41b9b8c4bb48b5ca8d7a224aacba,gx-no-cache=1456764413476 HTTP/1.1" 200 30
186.103.159.44 - - [29/Feb/2016:13:46:32 -0300] "POST /cormun/servlet/solicitudot?gx-no-cache=1456764414511 HTTP/1.1" 200 1116
186.103.159.44 - - [29/Feb/2016:13:46:33 -0300] "GET /cormun/servlet/solicitudot?ea00247db7c1df82e1491e50141ebc0fb4e158b367cd127387d6120b0e151f7e5a7da1fa05acc5219ebd0ed648e9284b79b185e40f2f1526b351af0bc9fc64df114c4d7fd0ff3ed757e1b83035bef059033bac5a091ad021ac6610433f8a84484b4982c60557ac75d3fc1aa0ce55432fbefa5599d6c125a4496639998ce876127f6bf8e418d60aa8045c03dda69036a22816abdc0aa3453124952be7c2f598cb86fa90bf91af99d94a006e5796c039f8,gx-no-cache=1456764415595 HTTP/1.1" 200 30
186.103.159.44 - - [29/Feb/2016:13:46:33 -0300] "POST /cormun/servlet/solicitudot?bf12fed8003220947363addfe114fc79,UPD,2016,245,,gx-no-cache=1456764415635 HTTP/1.1" 200 93
186.103.159.44 - - [29/Feb/2016:13:46:33 -0300] "GET /cormun/servlet/hpexe_return? HTTP/1.1" 200 1012
186.103.159.44 - - [29/Feb/2016:13:46:33 -0300] "GET /cormun/servlet/trsolicitudot? HTTP/1.1" 200 8003
186.103.159.183 - - [29/Feb/2016:13:47:07 -0300] "POST /cormun/servlet/solicitudot?50b4092f4a71bc54c69030a1542f76d4,INS,0,0,,gx-no-cache=1456768310381 HTTP/1.1" 200 10441
186.103.159.44 - - [29/Feb/2016:13:47:12 -0300] "POST /cormun/servlet/trsolicitudot?bf12fed8003220947363addfe114fc79,,gx-no-cache=1456764454756 HTTP/1.1" 200 5463
186.103.159.44 - - [29/Feb/2016:13:47:12 -0300] "POST /cormun/servlet/trsolicitudot?bf12fed8003220947363addfe114fc79,,gx-no-cache=1456764455079 HTTP/1.1" 200 5463
186.103.159.44 - - [29/Feb/2016:13:47:13 -0300] "POST /cormun/servlet/trsolicitudot?bf12fed8003220947363addfe114fc79,,gx-no-cache=1456764456119 HTTP/1.1" 200 5463
186.103.159.44 - - [29/Feb/2016:13:47:14 -0300] "POST /cormun/servlet/trsolicitudot?bf12fed8003220947363addfe114fc79,,gx-no-cache=1456764456553 HTTP/1.1" 200 5463
186.103.159.44 - - [29/Feb/2016:13:47:14 -0300] "POST /cormun/servlet/trsolicitudot?bf12fed8003220947363addfe114fc79,,gx-no-cache=1456764456926 HTTP/1.1" 200 5462
186.103.159.44 - - [29/Feb/2016:13:47:15 -0300] "POST /cormun/servlet/trsolicitudot?bf12fed8003220947363addfe114fc79,,gx-no-cache=1456764457567 HTTP/1.1" 200 5462
186.103.159.44 - - [29/Feb/2016:13:47:15 -0300] "POST /cormun/servlet/trsolicitudot?bf12fed8003220947363addfe114fc79,,gx-no-cache=1456764458012 HTTP/1.1" 200 5463
186.103.159.44 - - [29/Feb/2016:13:47:16 -0300] "POST /cormun/servlet/trsolicitudot?bf12fed8003220947363addfe114fc79,,gx-no-cache=1456764458540 HTTP/1.1" 200 106
186.103.159.44 - - [29/Feb/2016:13:47:19 -0300] "GET /cormun/servlet/trsolicitudadjuntos?2016,245, HTTP/1.1" 200 5352
186.103.159.44 - - [29/Feb/2016:13:47:22 -0300] "GET /cormun/servlet/solicitudotadjuntos?INS,2016,245,,1, HTTP/1.1" 200 5411
186.103.159.44 - - [29/Feb/2016:13:47:22 -0300] "HEAD /cormun/static/about:blank HTTP/1.1" 404 -
186.103.159.44 - - [29/Feb/2016:13:47:23 -0300] "GET /cormun/servlet/solicitudotadjuntos?ea00247db7c1df82e1491e50141ebc0f386637111f04d0a480724c6bc2197b0f8ab886432771b7c89890db63fd52725b,gx-no-cache=1456764465757 HTTP/1.1" 200 30
186.103.159.44 - - [29/Feb/2016:13:47:23 -0300] "POST /cormun/servlet/solicitudotadjuntos?bf12fed8003220947363addfe114fc79,INS,2016,245,,1,,gx-no-cache=1456764465785 HTTP/1.1" 200 3322
186.103.159.44 - - [29/Feb/2016:13:47:25 -0300] "POST /cormun/servlet/solicitudotadjuntos?gx-no-cache=1456764467536 HTTP/1.1" 200 26
186.103.159.44 - - [29/Feb/2016:13:47:36 -0300] "GET /cormun/servlet/solicitudotadjuntos?ea00247db7c1df82e1491e50141ebc0f536a1ad20fc569cb3cc01ce3ca2f1be2,gx-no-cache=1456764479348 HTTP/1.1" 200 30
186.103.159.44 - - [29/Feb/2016:13:47:36 -0300] "GET /cormun/servlet/solicitudotadjuntos?ea00247db7c1df82e1491e50141ebc0f536a1ad20fc569cb3cc01ce3ca2f1be2,gx-no-cache=1456764479367 HTTP/1.1" 200 30
186.103.159.44 - - [29/Feb/2016:13:47:37 -0300] "POST /cormun/servlet/solicitudotadjuntos?bf12fed8003220947363addfe114fc79,INS,2016,245,,1, HTTP/1.1" 200 116
186.103.159.44 - - [29/Feb/2016:13:47:37 -0300] "GET /cormun/servlet/hpexe_return? HTTP/1.1" 200 1024
186.103.159.44 - - [29/Feb/2016:13:47:37 -0300] "GET /cormun/servlet/trsolicitudadjuntos?2016,245, HTTP/1.1" 200 7258
186.103.159.44 - - [29/Feb/2016:13:47:44 -0300] "GET /cormun/servlet/solicitudotadjuntos?INS,2016,245,,1, HTTP/1.1" 200 5411
186.103.159.44 - - [29/Feb/2016:13:47:45 -0300] "HEAD /cormun/static/about:blank HTTP/1.1" 404 -
186.103.159.44 - - [29/Feb/2016:13:47:45 -0300] "GET /cormun/servlet/solicitudotadjuntos?ea00247db7c1df82e1491e50141ebc0f386637111f04d0a480724c6bc2197b0f8ab886432771b7c89890db63fd52725b,gx-no-cache=1456764488263 HTTP/1.1" 200 30
186.103.159.44 - - [29/Feb/2016:13:47:45 -0300] "POST /cormun/servlet/solicitudotadjuntos?bf12fed8003220947363addfe114fc79,INS,2016,245,,1,,gx-no-cache=1456764488297 HTTP/1.1" 200 3322
186.103.159.44 - - [29/Feb/2016:13:47:48 -0300] "POST /cormun/servlet/solicitudotadjuntos?gx-no-cache=1456764490628 HTTP/1.1" 200 26
186.103.159.44 - - [29/Feb/2016:13:47:54 -0300] "GET /cormun/servlet/solicitudotadjuntos?ea00247db7c1df82e1491e50141ebc0f536a1ad20fc569cb3cc01ce3ca2f1be2,gx-no-cache=1456764496196 HTTP/1.1" 200 30
186.103.159.44 - - [29/Feb/2016:13:47:54 -0300] "GET /cormun/servlet/solicitudotadjuntos?ea00247db7c1df82e1491e50141ebc0f536a1ad20fc569cb3cc01ce3ca2f1be2,gx-no-cache=1456764496517 HTTP/1.1" 200 30
186.103.159.44 - - [29/Feb/2016:13:47:54 -0300] "POST /cormun/servlet/solicitudotadjuntos?bf12fed8003220947363addfe114fc79,INS,2016,245,,1, HTTP/1.1" 200 116
186.103.159.44 - - [29/Feb/2016:13:47:54 -0300] "GET /cormun/servlet/hpexe_return? HTTP/1.1" 200 1024
186.103.159.44 - - [29/Feb/2016:13:47:55 -0300] "GET /cormun/servlet/trsolicitudadjuntos?2016,245, HTTP/1.1" 200 7406
186.103.159.44 - - [29/Feb/2016:13:47:58 -0300] "GET /cormun/servlet/solicitudotadjuntos?INS,2016,245,,1, HTTP/1.1" 200 5411
186.103.159.44 - - [29/Feb/2016:13:47:58 -0300] "HEAD /cormun/static/about:blank HTTP/1.1" 404 -
186.103.159.44 - - [29/Feb/2016:13:47:59 -0300] "GET /cormun/servlet/solicitudotadjuntos?ea00247db7c1df82e1491e50141ebc0f386637111f04d0a480724c6bc2197b0f8ab886432771b7c89890db63fd52725b,gx-no-cache=1456764501967 HTTP/1.1" 200 30
186.103.159.44 - - [29/Feb/2016:13:47:59 -0300] "POST /cormun/servlet/solicitudotadjuntos?bf12fed8003220947363addfe114fc79,INS,2016,245,,1,,gx-no-cache=1456764501998 HTTP/1.1" 200 3322
186.103.159.44 - - [29/Feb/2016:13:48:02 -0300] "POST /cormun/servlet/solicitudotadjuntos?gx-no-cache=1456764504420 HTTP/1.1" 200 26
186.103.159.44 - - [29/Feb/2016:13:48:07 -0300] "GET /cormun/servlet/solicitudotadjuntos?ea00247db7c1df82e1491e50141ebc0f536a1ad20fc569cb3cc01ce3ca2f1be2,gx-no-cache=1456764509980 HTTP/1.1" 200 30
186.103.159.44 - - [29/Feb/2016:13:48:07 -0300] "GET /cormun/servlet/solicitudotadjuntos?ea00247db7c1df82e1491e50141ebc0f536a1ad20fc569cb3cc01ce3ca2f1be2,gx-no-cache=1456764510003 HTTP/1.1" 200 30
186.103.159.44 - - [29/Feb/2016:13:48:07 -0300] "POST /cormun/servlet/solicitudotadjuntos?bf12fed8003220947363addfe114fc79,INS,2016,245,,1, HTTP/1.1" 200 116
186.103.159.44 - - [29/Feb/2016:13:48:07 -0300] "GET /cormun/servlet/hpexe_return? HTTP/1.1" 200 1024
186.103.159.44 - - [29/Feb/2016:13:48:08 -0300] "GET /cormun/servlet/trsolicitudadjuntos?2016,245, HTTP/1.1" 200 7578
186.103.159.44 - - [29/Feb/2016:13:48:11 -0300] "GET /cormun/servlet/solicitudotadjuntos?INS,2016,245,,1, HTTP/1.1" 200 5411
186.103.159.44 - - [29/Feb/2016:13:48:11 -0300] "HEAD /cormun/static/about:blank HTTP/1.1" 404 -
186.103.159.44 - - [29/Feb/2016:13:48:12 -0300] "GET /cormun/servlet/solicitudotadjuntos?ea00247db7c1df82e1491e50141ebc0f386637111f04d0a480724c6bc2197b0f8ab886432771b7c89890db63fd52725b,gx-no-cache=1456764514940 HTTP/1.1" 200 30
186.103.159.44 - - [29/Feb/2016:13:48:12 -0300] "POST /cormun/servlet/solicitudotadjuntos?bf12fed8003220947363addfe114fc79,INS,2016,245,,1,,gx-no-cache=1456764515198 HTTP/1.1" 200 3322
186.103.159.44 - - [29/Feb/2016:13:48:16 -0300] "POST /cormun/servlet/solicitudotadjuntos?gx-no-cache=1456764518596 HTTP/1.1" 200 26
186.103.159.44 - - [29/Feb/2016:13:48:21 -0300] "GET /cormun/servlet/solicitudotadjuntos?ea00247db7c1df82e1491e50141ebc0f536a1ad20fc569cb3cc01ce3ca2f1be2,gx-no-cache=1456764524332 HTTP/1.1" 200 30
186.103.159.44 - - [29/Feb/2016:13:48:21 -0300] "GET /cormun/servlet/solicitudotadjuntos?ea00247db7c1df82e1491e50141ebc0f536a1ad20fc569cb3cc01ce3ca2f1be2,gx-no-cache=1456764524352 HTTP/1.1" 200 30
186.103.159.44 - - [29/Feb/2016:13:48:22 -0300] "POST /cormun/servlet/solicitudotadjuntos?bf12fed8003220947363addfe114fc79,INS,2016,245,,1, HTTP/1.1" 200 116
186.103.159.44 - - [29/Feb/2016:13:48:22 -0300] "GET /cormun/servlet/hpexe_return? HTTP/1.1" 200 1024
186.103.159.44 - - [29/Feb/2016:13:48:22 -0300] "GET /cormun/servlet/trsolicitudadjuntos?2016,245, HTTP/1.1" 200 7700
186.103.159.44 - - [29/Feb/2016:13:48:26 -0300] "GET /cormun/servlet/solicitudotadjuntos?INS,2016,245,,1, HTTP/1.1" 200 5411
186.103.159.44 - - [29/Feb/2016:13:48:26 -0300] "HEAD /cormun/static/about:blank HTTP/1.1" 404 -
186.103.159.44 - - [29/Feb/2016:13:48:27 -0300] "GET /cormun/servlet/solicitudotadjuntos?ea00247db7c1df82e1491e50141ebc0f386637111f04d0a480724c6bc2197b0f8ab886432771b7c89890db63fd52725b,gx-no-cache=1456764529657 HTTP/1.1" 200 30
186.103.159.44 - - [29/Feb/2016:13:48:27 -0300] "POST /cormun/servlet/solicitudotadjuntos?bf12fed8003220947363addfe114fc79,INS,2016,245,,1,,gx-no-cache=1456764529685 HTTP/1.1" 200 3322
186.103.159.183 - - [29/Feb/2016:13:48:29 -0300] "POST /cormun/servlet/solicitudot?50b4092f4a71bc54c69030a1542f76d4,INS,0,0,,gx-no-cache=1456768401336 HTTP/1.1" 200 10475
186.103.159.44 - - [29/Feb/2016:13:48:31 -0300] "POST /cormun/servlet/solicitudotadjuntos?gx-no-cache=1456764532700 HTTP/1.1" 200 26
186.103.159.44 - - [29/Feb/2016:13:48:36 -0300] "GET /cormun/servlet/solicitudotadjuntos?ea00247db7c1df82e1491e50141ebc0f536a1ad20fc569cb3cc01ce3ca2f1be2,gx-no-cache=1456764539060 HTTP/1.1" 200 30
186.103.159.44 - - [29/Feb/2016:13:48:36 -0300] "GET /cormun/servlet/solicitudotadjuntos?ea00247db7c1df82e1491e50141ebc0f536a1ad20fc569cb3cc01ce3ca2f1be2,gx-no-cache=1456764539080 HTTP/1.1" 200 30
186.103.159.44 - - [29/Feb/2016:13:48:37 -0300] "POST /cormun/servlet/solicitudotadjuntos?bf12fed8003220947363addfe114fc79,INS,2016,245,,1, HTTP/1.1" 200 116
186.103.159.44 - - [29/Feb/2016:13:48:37 -0300] "GET /cormun/servlet/hpexe_return? HTTP/1.1" 200 1024
186.103.159.44 - - [29/Feb/2016:13:48:37 -0300] "GET /cormun/servlet/trsolicitudadjuntos?2016,245, HTTP/1.1" 200 7821
186.103.159.44 - - [29/Feb/2016:13:48:40 -0300] "GET /cormun/servlet/solicitudotadjuntos?INS,2016,245,,1, HTTP/1.1" 200 5411
186.103.159.44 - - [29/Feb/2016:13:48:40 -0300] "HEAD /cormun/static/about:blank HTTP/1.1" 404 -
186.103.159.44 - - [29/Feb/2016:13:48:41 -0300] "GET /cormun/servlet/solicitudotadjuntos?ea00247db7c1df82e1491e50141ebc0f386637111f04d0a480724c6bc2197b0f8ab886432771b7c89890db63fd52725b,gx-no-cache=1456764543996 HTTP/1.1" 200 30
186.103.159.44 - - [29/Feb/2016:13:48:41 -0300] "POST /cormun/servlet/solicitudotadjuntos?bf12fed8003220947363addfe114fc79,INS,2016,245,,1,,gx-no-cache=1456764544033 HTTP/1.1" 200 3322
186.103.159.44 - - [29/Feb/2016:13:48:44 -0300] "POST /cormun/servlet/solicitudotadjuntos?gx-no-cache=1456764546675 HTTP/1.1" 200 26
186.103.159.44 - - [29/Feb/2016:13:48:49 -0300] "GET /cormun/servlet/solicitudotadjuntos?ea00247db7c1df82e1491e50141ebc0f536a1ad20fc569cb3cc01ce3ca2f1be2,gx-no-cache=1456764551755 HTTP/1.1" 200 30
186.103.159.44 - - [29/Feb/2016:13:48:49 -0300] "GET /cormun/servlet/solicitudotadjuntos?ea00247db7c1df82e1491e50141ebc0f536a1ad20fc569cb3cc01ce3ca2f1be2,gx-no-cache=1456764551775 HTTP/1.1" 200 30
186.103.159.44 - - [29/Feb/2016:13:48:53 -0300] "POST /cormun/servlet/solicitudotadjuntos?bf12fed8003220947363addfe114fc79,INS,2016,245,,1, HTTP/1.1" 200 116
