186.103.159.44 - - [29/Feb/2016:10:56:32 -0300] "HEAD /home/sistema/apache-tomcat-7.0.65/webapps/cormun/PrivateTempStorage/upload_00002154.pdf HTTP/1.1" 404 -
186.103.159.44 - - [29/Feb/2016:10:56:32 -0300] "HEAD /cormun/PrivateTempStorage/upload_00002154.pdf HTTP/1.1" 200 -
186.103.159.44 - - [29/Feb/2016:10:56:32 -0300] "GET /cormun/PrivateTempStorage/upload_00002154.pdf HTTP/1.1" 200 16384
186.78.61.101 - - [29/Feb/2016:10:56:45 -0300] "POST /cormun/servlet/solicitudotadjuntos?0f83685a32763021bfb424f5e159288e,INS,2016,223,,1,,gx-no-cache=1456754179711 HTTP/1.1" 200 3355
186.103.159.44 - - [29/Feb/2016:10:56:48 -0300] "POST /cormun/servlet/solicitudotadjuntos?gx-no-cache=1456754230119 HTTP/1.1" 200 26
186.78.61.101 - - [29/Feb/2016:10:56:48 -0300] "GET /cormun/servlet/solicitudotadjuntos?INS,2016,223,,1, HTTP/1.1" 200 5445
186.103.159.44 - - [29/Feb/2016:10:56:49 -0300] "GET /cormun/servlet/solicitudotadjuntos?e849930c6c061238d51069243b251b9edf6ea484cbb5985ef0c0ff43d5e8327afa080f6f6e4f952aab56bf390670113a,gx-no-cache=1456754231288 HTTP/1.1" 200 30
186.103.159.44 - - [29/Feb/2016:10:56:49 -0300] "GET /cormun/servlet/solicitudotadjuntos?e849930c6c061238d51069243b251b9edf6ea484cbb5985ef0c0ff43d5e8327afa080f6f6e4f952aab56bf390670113a,gx-no-cache=1456754231322 HTTP/1.1" 200 30
186.103.159.44 - - [29/Feb/2016:10:56:49 -0300] "POST /cormun/servlet/solicitudotadjuntos?c56cfb37e2fb9efd8fe83a46fd099e14,INS,2016,228,,1, HTTP/1.1" 200 116
186.103.159.44 - - [29/Feb/2016:10:56:49 -0300] "GET /cormun/servlet/hpexe_return? HTTP/1.1" 200 1016
186.103.159.44 - - [29/Feb/2016:10:56:49 -0300] "GET /cormun/servlet/trsolicitudadjuntos?2016,228, HTTP/1.1" 200 7405
186.78.61.101 - - [29/Feb/2016:10:56:52 -0300] "GET /cormun/static/about:blank HTTP/1.1" 404 1011
186.78.61.101 - - [29/Feb/2016:10:56:56 -0300] "GET /cormun/servlet/solicitudotadjuntos?INS,2016,223,,1, HTTP/1.1" 200 5445
186.78.61.101 - - [29/Feb/2016:10:56:59 -0300] "GET /cormun/static/about:blank HTTP/1.1" 404 1011
186.78.61.101 - - [29/Feb/2016:10:57:03 -0300] "GET /cormun/servlet/solicitudotadjuntos?INS,2016,223,,1, HTTP/1.1" 200 5445
186.78.61.101 - - [29/Feb/2016:10:57:05 -0300] "GET /cormun/static/about:blank HTTP/1.1" 404 1011
186.78.61.101 - - [29/Feb/2016:10:57:08 -0300] "GET /cormun/servlet/solicitudotadjuntos?INS,2016,223,,1, HTTP/1.1" 200 5444
186.78.61.101 - - [29/Feb/2016:10:57:10 -0300] "GET /cormun/static/about:blank HTTP/1.1" 404 1011
186.103.159.44 - - [29/Feb/2016:10:57:11 -0300] "GET /cormun/servlet/solicitudotadjuntos?INS,2016,228,,1, HTTP/1.1" 200 5398
186.103.159.44 - - [29/Feb/2016:10:57:11 -0300] "HEAD /cormun/static/about:blank HTTP/1.1" 404 -
186.103.159.44 - - [29/Feb/2016:10:57:12 -0300] "GET /cormun/servlet/solicitudotadjuntos?e849930c6c061238d51069243b251b9efd65a001ef4a82c4bd718fcba4ec076bfa080f6f6e4f952aab56bf390670113a,gx-no-cache=1456754254105 HTTP/1.1" 200 30
186.103.159.44 - - [29/Feb/2016:10:57:12 -0300] "POST /cormun/servlet/solicitudotadjuntos?c56cfb37e2fb9efd8fe83a46fd099e14,INS,2016,228,,1,,gx-no-cache=1456754254139 HTTP/1.1" 200 3311
186.78.61.101 - - [29/Feb/2016:10:57:12 -0300] "POST /cormun/servlet/solicitudotadjuntos?0f83685a32763021bfb424f5e159288e,INS,2016,223,,1,,gx-no-cache=1456754207252 HTTP/1.1" 200 3354
186.78.61.101 - - [29/Feb/2016:10:57:14 -0300] "GET /cormun/servlet/solicitudotadjuntos?INS,2016,223,,1, HTTP/1.1" 200 5444
186.103.159.44 - - [29/Feb/2016:10:57:18 -0300] "POST /cormun/servlet/solicitudotadjuntos?gx-no-cache=1456754260237 HTTP/1.1" 200 26
186.78.61.101 - - [29/Feb/2016:10:57:21 -0300] "GET /cormun/static/about:blank HTTP/1.1" 404 1011
186.103.159.44 - - [29/Feb/2016:10:57:26 -0300] "GET /cormun/servlet/solicitudotadjuntos?e849930c6c061238d51069243b251b9eb7ad327a02d5f8f4ca770e9782efeacc,gx-no-cache=1456754268047 HTTP/1.1" 200 30
186.103.159.44 - - [29/Feb/2016:10:57:26 -0300] "GET /cormun/servlet/solicitudotadjuntos?e849930c6c061238d51069243b251b9eb7ad327a02d5f8f4ca770e9782efeacc,gx-no-cache=1456754268065 HTTP/1.1" 200 30
186.103.159.44 - - [29/Feb/2016:10:57:26 -0300] "POST /cormun/servlet/solicitudotadjuntos?c56cfb37e2fb9efd8fe83a46fd099e14,INS,2016,228,,1, HTTP/1.1" 200 5246
186.103.159.44 - - [29/Feb/2016:10:57:26 -0300] "HEAD /home/sistema/apache-tomcat-7.0.65/webapps/cormun/PrivateTempStorage/upload_00002178.pdf HTTP/1.1" 404 -
186.103.159.44 - - [29/Feb/2016:10:57:26 -0300] "HEAD /cormun/PrivateTempStorage/upload_00002178.pdf HTTP/1.1" 200 -
186.103.159.44 - - [29/Feb/2016:10:57:26 -0300] "GET /cormun/static/Shared/jqueryui/images/ui-bg_highlight-soft_100_c6c2c8_1x100.png HTTP/1.1" 404 1117
186.103.159.44 - - [29/Feb/2016:10:57:26 -0300] "GET /cormun/static/Shared/jqueryui/images/ui-icons_ebccce_256x240.png HTTP/1.1" 404 1089
186.103.159.44 - - [29/Feb/2016:10:57:26 -0300] "GET /cormun/static/Shared/jqueryui/images/ui-icons_82798d_256x240.png HTTP/1.1" 404 1089
186.103.159.44 - - [29/Feb/2016:10:57:26 -0300] "GET /cormun/static/Shared/jqueryui/images/ui-bg_flat_55_994d53_40x100.png HTTP/1.1" 404 1097
186.103.159.44 - - [29/Feb/2016:10:57:43 -0300] "GET /cormun/servlet/solicitudotadjuntos?e849930c6c061238d51069243b251b9e706a93727f96e04090ea1af351d8e45efa080f6f6e4f952aab56bf390670113a,gx-no-cache=1456754285352 HTTP/1.1" 200 30
186.103.159.44 - - [29/Feb/2016:10:57:43 -0300] "GET /cormun/servlet/solicitudotadjuntos?e849930c6c061238d51069243b251b9edf6ea484cbb5985ef0c0ff43d5e8327afa080f6f6e4f952aab56bf390670113a,gx-no-cache=1456754285370 HTTP/1.1" 200 30
186.103.159.44 - - [29/Feb/2016:10:57:43 -0300] "POST /cormun/servlet/solicitudotadjuntos?c56cfb37e2fb9efd8fe83a46fd099e14,INS,2016,228,,1, HTTP/1.1" 200 5252
186.103.159.44 - - [29/Feb/2016:10:57:43 -0300] "HEAD /home/sistema/apache-tomcat-7.0.65/webapps/cormun/PrivateTempStorage/upload_00002190.pdf HTTP/1.1" 404 -
186.103.159.44 - - [29/Feb/2016:10:57:43 -0300] "HEAD /cormun/PrivateTempStorage/upload_00002190.pdf HTTP/1.1" 200 -
186.103.159.44 - - [29/Feb/2016:10:57:43 -0300] "GET /cormun/PrivateTempStorage/upload_00002190.pdf HTTP/1.1" 200 16384
186.103.159.44 - - [29/Feb/2016:10:57:52 -0300] "POST /cormun/servlet/solicitudotadjuntos?gx-no-cache=1456754294182 HTTP/1.1" 200 26
186.103.159.44 - - [29/Feb/2016:10:57:59 -0300] "GET /cormun/servlet/solicitudotadjuntos?e849930c6c061238d51069243b251b9edf6ea484cbb5985ef0c0ff43d5e8327afa080f6f6e4f952aab56bf390670113a,gx-no-cache=1456754301454 HTTP/1.1" 200 30
186.103.159.44 - - [29/Feb/2016:10:57:59 -0300] "GET /cormun/servlet/solicitudotadjuntos?e849930c6c061238d51069243b251b9edf6ea484cbb5985ef0c0ff43d5e8327afa080f6f6e4f952aab56bf390670113a,gx-no-cache=1456754301472 HTTP/1.1" 200 30
186.103.159.44 - - [29/Feb/2016:10:58:00 -0300] "POST /cormun/servlet/solicitudotadjuntos?c56cfb37e2fb9efd8fe83a46fd099e14,INS,2016,228,,1, HTTP/1.1" 200 116
186.103.159.44 - - [29/Feb/2016:10:58:00 -0300] "GET /cormun/servlet/hpexe_return? HTTP/1.1" 200 1016
186.103.159.44 - - [29/Feb/2016:10:58:01 -0300] "GET /cormun/servlet/trsolicitudadjuntos?2016,228, HTTP/1.1" 200 7574
186.103.159.44 - - [29/Feb/2016:10:58:11 -0300] "GET /cormun/servlet/solicitudotadjuntos?INS,2016,228,,1, HTTP/1.1" 200 5398
186.103.159.44 - - [29/Feb/2016:10:58:11 -0300] "HEAD /cormun/static/about:blank HTTP/1.1" 404 -
186.103.159.44 - - [29/Feb/2016:10:58:12 -0300] "GET /cormun/servlet/solicitudotadjuntos?e849930c6c061238d51069243b251b9efd65a001ef4a82c4bd718fcba4ec076bfa080f6f6e4f952aab56bf390670113a,gx-no-cache=1456754314238 HTTP/1.1" 200 30
186.103.159.44 - - [29/Feb/2016:10:58:12 -0300] "POST /cormun/servlet/solicitudotadjuntos?c56cfb37e2fb9efd8fe83a46fd099e14,INS,2016,228,,1,,gx-no-cache=1456754314270 HTTP/1.1" 200 3311
186.103.159.44 - - [29/Feb/2016:10:58:18 -0300] "POST /cormun/servlet/solicitudotadjuntos?gx-no-cache=1456754320587 HTTP/1.1" 200 26
186.103.159.44 - - [29/Feb/2016:10:58:23 -0300] "GET /cormun/servlet/solicitudotadjuntos?e849930c6c061238d51069243b251b9eb7ad327a02d5f8f4ca770e9782efeacc,gx-no-cache=1456754325304 HTTP/1.1" 200 30
186.103.159.44 - - [29/Feb/2016:10:58:23 -0300] "GET /cormun/servlet/solicitudotadjuntos?e849930c6c061238d51069243b251b9eb7ad327a02d5f8f4ca770e9782efeacc,gx-no-cache=1456754325320 HTTP/1.1" 200 30
186.103.159.44 - - [29/Feb/2016:10:58:24 -0300] "POST /cormun/servlet/solicitudotadjuntos?c56cfb37e2fb9efd8fe83a46fd099e14,INS,2016,228,,1, HTTP/1.1" 200 5230
186.103.159.44 - - [29/Feb/2016:10:58:24 -0300] "HEAD /home/sistema/apache-tomcat-7.0.65/webapps/cormun/PrivateTempStorage/upload_00002214.pdf HTTP/1.1" 404 -
186.103.159.44 - - [29/Feb/2016:10:58:24 -0300] "HEAD /cormun/PrivateTempStorage/upload_00002214.pdf HTTP/1.1" 200 -
186.103.159.44 - - [29/Feb/2016:10:58:24 -0300] "GET /cormun/static/Shared/jqueryui/images/ui-bg_highlight-soft_100_c6c2c8_1x100.png HTTP/1.1" 404 1117
186.103.159.44 - - [29/Feb/2016:10:58:24 -0300] "GET /cormun/static/Shared/jqueryui/images/ui-icons_82798d_256x240.png HTTP/1.1" 404 1089
186.103.159.44 - - [29/Feb/2016:10:58:24 -0300] "GET /cormun/static/Shared/jqueryui/images/ui-bg_flat_55_994d53_40x100.png HTTP/1.1" 404 1097
186.103.159.44 - - [29/Feb/2016:10:58:24 -0300] "GET /cormun/static/Shared/jqueryui/images/ui-icons_ebccce_256x240.png HTTP/1.1" 404 1089
186.103.159.44 - - [29/Feb/2016:10:58:33 -0300] "POST /cormun/servlet/solicitudotadjuntos?c56cfb37e2fb9efd8fe83a46fd099e14,INS,2016,228,,1, HTTP/1.1" 200 116
186.103.159.44 - - [29/Feb/2016:10:58:33 -0300] "GET /cormun/servlet/hpexe_return? HTTP/1.1" 200 1016
186.103.159.44 - - [29/Feb/2016:10:58:33 -0300] "GET /cormun/servlet/trsolicitudadjuntos?2016,228, HTTP/1.1" 200 7574
186.103.159.44 - - [29/Feb/2016:10:58:42 -0300] "GET /cormun/servlet/solicitudotadjuntos?INS,2016,228,,1, HTTP/1.1" 200 5398
186.103.159.44 - - [29/Feb/2016:10:58:43 -0300] "HEAD /cormun/static/about:blank HTTP/1.1" 404 -
186.103.159.44 - - [29/Feb/2016:10:58:43 -0300] "GET /cormun/servlet/solicitudotadjuntos?e849930c6c061238d51069243b251b9efd65a001ef4a82c4bd718fcba4ec076bfa080f6f6e4f952aab56bf390670113a,gx-no-cache=1456754345830 HTTP/1.1" 200 30
186.103.159.44 - - [29/Feb/2016:10:58:43 -0300] "POST /cormun/servlet/solicitudotadjuntos?c56cfb37e2fb9efd8fe83a46fd099e14,INS,2016,228,,1,,gx-no-cache=1456754345860 HTTP/1.1" 200 3311
186.103.159.44 - - [29/Feb/2016:10:58:45 -0300] "POST /cormun/servlet/solicitudotadjuntos?gx-no-cache=1456754347491 HTTP/1.1" 200 26
186.103.159.44 - - [29/Feb/2016:10:58:53 -0300] "GET /cormun/servlet/solicitudotadjuntos?e849930c6c061238d51069243b251b9eb7ad327a02d5f8f4ca770e9782efeacc,gx-no-cache=1456754355391 HTTP/1.1" 200 30
186.103.159.44 - - [29/Feb/2016:10:58:53 -0300] "GET /cormun/servlet/solicitudotadjuntos?e849930c6c061238d51069243b251b9eb7ad327a02d5f8f4ca770e9782efeacc,gx-no-cache=1456754355430 HTTP/1.1" 200 30
186.103.159.44 - - [29/Feb/2016:10:58:53 -0300] "POST /cormun/servlet/solicitudotadjuntos?c56cfb37e2fb9efd8fe83a46fd099e14,INS,2016,228,,1, HTTP/1.1" 200 5250
186.103.159.44 - - [29/Feb/2016:10:58:53 -0300] "HEAD /home/sistema/apache-tomcat-7.0.65/webapps/cormun/PrivateTempStorage/upload_00002238.pdf HTTP/1.1" 404 -
186.103.159.44 - - [29/Feb/2016:10:58:53 -0300] "HEAD /cormun/PrivateTempStorage/upload_00002238.pdf HTTP/1.1" 200 -
186.103.159.44 - - [29/Feb/2016:10:58:53 -0300] "GET /cormun/static/Shared/jqueryui/images/ui-bg_highlight-soft_100_c6c2c8_1x100.png HTTP/1.1" 404 1117
186.103.159.44 - - [29/Feb/2016:10:58:53 -0300] "GET /cormun/static/Shared/jqueryui/images/ui-icons_82798d_256x240.png HTTP/1.1" 404 1089
186.103.159.44 - - [29/Feb/2016:10:58:53 -0300] "GET /cormun/static/Shared/jqueryui/images/ui-bg_flat_55_994d53_40x100.png HTTP/1.1" 404 1097
186.103.159.44 - - [29/Feb/2016:10:58:53 -0300] "GET /cormun/static/Shared/jqueryui/images/ui-icons_ebccce_256x240.png HTTP/1.1" 404 1089
186.103.159.44 - - [29/Feb/2016:10:59:10 -0300] "GET /cormun/servlet/solicitudotadjuntos?e849930c6c061238d51069243b251b9e706a93727f96e04090ea1af351d8e45efa080f6f6e4f952aab56bf390670113a,gx-no-cache=1456754372615 HTTP/1.1" 200 30
186.103.159.44 - - [29/Feb/2016:10:59:10 -0300] "GET /cormun/servlet/solicitudotadjuntos?e849930c6c061238d51069243b251b9edf6ea484cbb5985ef0c0ff43d5e8327afa080f6f6e4f952aab56bf390670113a,gx-no-cache=1456754372632 HTTP/1.1" 200 30
186.103.159.44 - - [29/Feb/2016:10:59:10 -0300] "POST /cormun/servlet/solicitudotadjuntos?c56cfb37e2fb9efd8fe83a46fd099e14,INS,2016,228,,1, HTTP/1.1" 200 5195
186.103.159.44 - - [29/Feb/2016:10:59:10 -0300] "HEAD /home/sistema/apache-tomcat-7.0.65/webapps/cormun/PrivateTempStorage/upload_00002250.pdf HTTP/1.1" 404 -
186.103.159.44 - - [29/Feb/2016:10:59:10 -0300] "HEAD /cormun/PrivateTempStorage/upload_00002250.pdf HTTP/1.1" 200 -
186.103.159.44 - - [29/Feb/2016:10:59:10 -0300] "GET /cormun/PrivateTempStorage/upload_00002250.pdf HTTP/1.1" 200 14410
186.67.172.234 - - [29/Feb/2016:10:59:13 -0300] "GET /cormun/servlet/hlogin HTTP/1.1" 200 1718
186.67.172.234 - - [29/Feb/2016:10:59:15 -0300] "POST /cormun/servlet/hlogin?5cd0f7793382966fcae9f43c00b371bb,gx-no-cache=1456754407480 HTTP/1.1" 200 90
186.67.172.234 - - [29/Feb/2016:10:59:15 -0300] "GET /cormun/servlet/hpexe_link HTTP/1.1" 200 945
186.67.172.234 - - [29/Feb/2016:10:59:15 -0300] "GET /cormun/servlet/hhome HTTP/1.1" 200 3390
186.67.172.234 - - [29/Feb/2016:10:59:16 -0300] "GET /cormun/servlet/hhome HTTP/1.1" 200 3386
191.112.100.131 - - [29/Feb/2016:10:59:17 -0300] "GET /cormun/servlet/trsolicitudot? HTTP/1.1" 200 6115
191.112.100.131 - - [29/Feb/2016:10:59:18 -0300] "GET /cormun/servlet/trsolicitudot? HTTP/1.1" 200 6115
186.67.172.234 - - [29/Feb/2016:10:59:22 -0300] "GET /cormun/servlet/trsolicitudot? HTTP/1.1" 200 7401
186.67.172.234 - - [29/Feb/2016:10:59:22 -0300] "GET /cormun/servlet/trsolicitudot? HTTP/1.1" 200 7400
186.103.159.44 - - [29/Feb/2016:10:59:24 -0300] "GET /cormun/servlet/solicitudotadjuntos?e849930c6c061238d51069243b251b9edf6ea484cbb5985ef0c0ff43d5e8327afa080f6f6e4f952aab56bf390670113a,gx-no-cache=1456754386582 HTTP/1.1" 200 30
186.103.159.44 - - [29/Feb/2016:10:59:24 -0300] "GET /cormun/servlet/solicitudotadjuntos?e849930c6c061238d51069243b251b9edf6ea484cbb5985ef0c0ff43d5e8327afa080f6f6e4f952aab56bf390670113a,gx-no-cache=1456754386603 HTTP/1.1" 200 30
186.103.159.44 - - [29/Feb/2016:10:59:24 -0300] "POST /cormun/servlet/solicitudotadjuntos?c56cfb37e2fb9efd8fe83a46fd099e14,INS,2016,228,,1, HTTP/1.1" 200 5197
186.103.159.44 - - [29/Feb/2016:10:59:24 -0300] "HEAD /home/sistema/apache-tomcat-7.0.65/webapps/cormun/PrivateTempStorage/upload_00002262.pdf HTTP/1.1" 404 -
186.103.159.44 - - [29/Feb/2016:10:59:24 -0300] "HEAD /cormun/PrivateTempStorage/upload_00002262.pdf HTTP/1.1" 200 -
191.112.100.131 - - [29/Feb/2016:10:59:24 -0300] "GET /cormun/servlet/trsolicitudot? HTTP/1.1" 200 6115
186.103.159.44 - - [29/Feb/2016:10:59:24 -0300] "GET /cormun/PrivateTempStorage/upload_00002262.pdf HTTP/1.1" 200 14410
191.112.100.131 - - [29/Feb/2016:10:59:25 -0300] "GET /cormun/servlet/trsolicitudot? HTTP/1.1" 200 6115
186.103.159.44 - - [29/Feb/2016:10:59:27 -0300] "POST /cormun/servlet/solicitudotadjuntos?c56cfb37e2fb9efd8fe83a46fd099e14,INS,2016,228,,1, HTTP/1.1" 200 116
186.67.172.234 - - [29/Feb/2016:10:59:27 -0300] "GET /cormun/servlet/solicitudot?INS,0,0, HTTP/1.1" 200 12033
186.103.159.44 - - [29/Feb/2016:10:59:27 -0300] "GET /cormun/servlet/hpexe_return? HTTP/1.1" 200 1016
186.103.159.44 - - [29/Feb/2016:10:59:27 -0300] "GET /cormun/servlet/trsolicitudadjuntos?2016,228, HTTP/1.1" 200 7575
186.67.172.234 - - [29/Feb/2016:10:59:28 -0300] "GET /cormun/servlet/solicitudot?INS,0,0, HTTP/1.1" 200 12038
191.112.100.131 - - [29/Feb/2016:10:59:30 -0300] "GET /cormun/servlet/trvisualizadoreventos? HTTP/1.1" 200 5939
191.112.100.131 - - [29/Feb/2016:10:59:31 -0300] "GET /cormun/servlet/trvisualizadoreventos? HTTP/1.1" 200 5939
186.67.172.234 - - [29/Feb/2016:10:59:54 -0300] "POST /cormun/servlet/solicitudot?gx-no-cache=1456754446065 HTTP/1.1" 200 2669
186.67.172.234 - - [29/Feb/2016:10:59:55 -0300] "POST /cormun/servlet/solicitudot?5cd0f7793382966fcae9f43c00b371bb,INS,0,0,,gx-no-cache=1456754446551 HTTP/1.1" 200 9382
186.67.172.234 - - [29/Feb/2016:10:59:57 -0300] "GET /cormun/servlet/solicitudot?decbf714890b777cb6b32f42f9c85945b2f25c90551bf5fa58a5684d2f260651d5ae866cb4298b4b09f76168e3b69a88,gx-no-cache=1456754448967 HTTP/1.1" 200 30
191.112.100.131 - - [29/Feb/2016:11:00:01 -0300] "GET /cormun/servlet/trsolicitudot? HTTP/1.1" 200 6115
191.112.100.131 - - [29/Feb/2016:11:00:01 -0300] "GET /cormun/servlet/trsolicitudot? HTTP/1.1" 200 6115
186.103.159.44 - - [29/Feb/2016:11:00:05 -0300] "GET /cormun/servlet/trsolicitudot? HTTP/1.1" 200 7412
191.112.100.131 - - [29/Feb/2016:11:00:09 -0300] "POST /cormun/servlet/acontrolpreferencessavestate?None,GBARRIOS,true HTTP/1.1" 200 35
191.112.100.131 - - [29/Feb/2016:11:00:10 -0300] "GET /cormun/servlet/solicitudot?INS,0,0, HTTP/1.1" 200 12044
191.112.100.131 - - [29/Feb/2016:11:00:11 -0300] "GET /cormun/servlet/solicitudot?INS,0,0, HTTP/1.1" 200 12048
186.103.159.44 - - [29/Feb/2016:11:00:11 -0300] "POST /cormun/servlet/trsolicitudot?c56cfb37e2fb9efd8fe83a46fd099e14,,gx-no-cache=1456754433233 HTTP/1.1" 200 4855
186.103.159.44 - - [29/Feb/2016:11:00:11 -0300] "POST /cormun/servlet/trsolicitudot?c56cfb37e2fb9efd8fe83a46fd099e14,,gx-no-cache=1456754433522 HTTP/1.1" 200 4855
186.103.159.44 - - [29/Feb/2016:11:00:11 -0300] "POST /cormun/servlet/trsolicitudot?c56cfb37e2fb9efd8fe83a46fd099e14,,gx-no-cache=1456754433805 HTTP/1.1" 200 4854
186.103.159.44 - - [29/Feb/2016:11:00:12 -0300] "POST /cormun/servlet/trsolicitudot?c56cfb37e2fb9efd8fe83a46fd099e14,,gx-no-cache=1456754434110 HTTP/1.1" 200 4855
186.103.159.44 - - [29/Feb/2016:11:00:12 -0300] "POST /cormun/servlet/trsolicitudot?c56cfb37e2fb9efd8fe83a46fd099e14,,gx-no-cache=1456754434420 HTTP/1.1" 200 4855
186.103.159.44 - - [29/Feb/2016:11:00:12 -0300] "POST /cormun/servlet/trsolicitudot?c56cfb37e2fb9efd8fe83a46fd099e14,,gx-no-cache=1456754434758 HTTP/1.1" 200 4855
186.103.159.44 - - [29/Feb/2016:11:00:13 -0300] "POST /cormun/servlet/trsolicitudot?c56cfb37e2fb9efd8fe83a46fd099e14,,gx-no-cache=1456754435111 HTTP/1.1" 200 4854
191.112.100.131 - - [29/Feb/2016:11:00:14 -0300] "GET /cormun/static/Resources/resize.gif HTTP/1.1" 200 77
191.112.100.131 - - [29/Feb/2016:11:00:15 -0300] "GET /cormun/servlet/prfichaempleado?,MD,,gxPopupLevel%3D0%3B HTTP/1.1" 200 7862
191.112.100.131 - - [29/Feb/2016:11:00:15 -0300] "GET /cormun/static/gxui/gxui-all.css?1917420 HTTP/1.1" 200 2179
191.112.100.131 - - [29/Feb/2016:11:00:15 -0300] "GET /cormun/static/scaMessage/css/jquery-ui.css?104140 HTTP/1.1" 404 1045
191.112.100.131 - - [29/Feb/2016:11:00:15 -0300] "GET /cormun/static/gxcfg.js?201511151625694 HTTP/1.1" 200 953
191.112.100.131 - - [29/Feb/2016:11:00:15 -0300] "GET /cormun/static/prfichaempleado.js?201511151625857 HTTP/1.1" 200 14240
191.112.100.131 - - [29/Feb/2016:11:00:15 -0300] "GET /cormun/static/Resources/Spanish/PXTools.css?16184758 HTTP/1.1" 200 89042
186.103.159.44 - - [29/Feb/2016:11:00:15 -0300] "POST /cormun/servlet/trsolicitudot?c56cfb37e2fb9efd8fe83a46fd099e14,,gx-no-cache=1456754435511 HTTP/1.1" 200 104
186.103.159.44 - - [29/Feb/2016:11:00:16 -0300] "GET /cormun/servlet/solicitudot?UPD,2016,228, HTTP/1.1" 200 13289
191.112.100.131 - - [29/Feb/2016:11:00:16 -0300] "POST /cormun/servlet/acontrolpreferencessavestate?None,GBARRIOS,true HTTP/1.1" 200 35
186.103.159.44 - - [29/Feb/2016:11:00:17 -0300] "POST /cormun/servlet/solicitudot?gx-no-cache=1456754439098 HTTP/1.1" 200 2753
186.103.159.44 - - [29/Feb/2016:11:00:17 -0300] "POST /cormun/servlet/solicitudot?c56cfb37e2fb9efd8fe83a46fd099e14,UPD,2016,228,,gx-no-cache=1456754439255 HTTP/1.1" 200 10156
186.103.159.44 - - [29/Feb/2016:11:00:17 -0300] "GET /cormun/servlet/solicitudot?e849930c6c061238d51069243b251b9ec0ed59af3323b7b0490a4fdbd3b3642c09fe756d47a0159dbbaefbdadb7c467c,gx-no-cache=1456754439480 HTTP/1.1" 200 30
186.103.159.44 - - [29/Feb/2016:11:00:17 -0300] "POST /cormun/servlet/solicitudot?gx-no-cache=1456754439538 HTTP/1.1" 200 30
186.103.159.44 - - [29/Feb/2016:11:00:17 -0300] "POST /cormun/servlet/solicitudot?gx-no-cache=1456754439560 HTTP/1.1" 200 30
186.103.159.44 - - [29/Feb/2016:11:00:17 -0300] "POST /cormun/servlet/solicitudot?gx-no-cache=1456754439616 HTTP/1.1" 200 1153
186.103.159.44 - - [29/Feb/2016:11:00:17 -0300] "GET /cormun/servlet/solicitudot?e849930c6c061238d51069243b251b9e2bbd00a9ba734600bee32d1c7c6a2138eb97a8d955df96cb954e896d0455514adf89fa4fc8825666d9f8e224bdc054047939ce168ac028f316e73bcc93c246a372bbb1414410c30c214a3c07fb81be5d80f7d85246f8b9a58af2fc5db382da18f233fbb4eac7f128852ef928919ad00af9cb4a8afb6db5244f59d08f3f1cb732fa080f6f6e4f952aab56bf390670113a,gx-no-cache=1456754439653 HTTP/1.1" 200 41
186.103.159.44 - - [29/Feb/2016:11:00:21 -0300] "GET /cormun/servlet/solicitudot?e849930c6c061238d51069243b251b9e1b9b127de3ef6d7ec977cf01c42090c97435596a14a7371fff5f9a8973fa5480c1122fb41000c8e04981af5743626e3278e265d742848759330b3d541b9bf5908605c3ac4fc6c101884be873ecb2262474da9d4d620ed8ebc42d510334b880bfc82c98c7f340ff05a95fa81f78d99c16059c71cbfc49477e535589b1308459bb420a2b19c0fd2000207c524b93151163,gx-no-cache=1456754443271 HTTP/1.1" 200 30
186.103.159.44 - - [29/Feb/2016:11:00:22 -0300] "POST /cormun/servlet/solicitudot?gx-no-cache=1456754444666 HTTP/1.1" 200 1116
186.103.159.44 - - [29/Feb/2016:11:00:22 -0300] "GET /cormun/servlet/solicitudot?e849930c6c061238d51069243b251b9ec1a8ea6d01a5a01076facb1777b16330d336cbd14aa579829370fd3b270f423f5b4aa0072c96fffa32432b6f8b3993a4b378e0cb376af5d09e483d1195a01fa53f5033a20cbe90f25ae4854e27aea1fbc8242986dd5fbd524f67588004eea7911189516c7bc08cb48caa0257a8f14839c2bdc35567d5f7807d7d8225c2af21cd6267b3fc77c3c030feb1b48687d224d2331277c2cb88a111805a19c1050161cf,gx-no-cache=1456754444703 HTTP/1.1" 200 30
186.103.159.44 - - [29/Feb/2016:11:00:22 -0300] "POST /cormun/servlet/solicitudot?c56cfb37e2fb9efd8fe83a46fd099e14,UPD,2016,228,,gx-no-cache=1456754444728 HTTP/1.1" 200 93
186.103.159.44 - - [29/Feb/2016:11:00:22 -0300] "GET /cormun/servlet/hpexe_return? HTTP/1.1" 200 1003
186.103.159.44 - - [29/Feb/2016:11:00:23 -0300] "GET /cormun/servlet/trsolicitudot? HTTP/1.1" 200 7410
186.103.159.44 - - [29/Feb/2016:11:00:29 -0300] "GET /cormun/servlet/trvisualizadoreventos? HTTP/1.1" 200 5915
186.103.159.44 - - [29/Feb/2016:11:00:29 -0300] "GET /cormun/static/gxcfg.js?2016251828014 HTTP/1.1" 200 953
186.103.159.44 - - [29/Feb/2016:11:00:29 -0300] "GET /cormun/static/Resources/PXToolsActionPrint.png HTTP/1.1" 200 3317
186.103.159.44 - - [29/Feb/2016:11:00:29 -0300] "GET /cormun/static/trvisualizadoreventos.js?2016251828276 HTTP/1.1" 200 19096
191.112.100.131 - - [29/Feb/2016:11:00:30 -0300] "POST /cormun/servlet/prfichaempleado?bd3ebd64ad865acf54b6bfa342039938,,MD,,gxPopupLevel%3D0%3B,gx-no-cache=1456754491201 HTTP/1.1" 200 5109
186.103.159.44 - - [29/Feb/2016:11:00:37 -0300] "GET /cormun/servlet/trvisualizadoreventos?1fd66af1eda2338342a57ea866244b3e3379392cab3160abb30fd044ee78fbf23dc6e51f262943f0111b3a3fc1304292a313514ba6c0b90a3c32673f963b61b141fcda5517d69eaf4c28776cc099ea7664806277f3d210613ca9e31da782e1e7940ac3f8d12a03a0d041b73e7650f4383517c2ee77dd4621dec098006c28366740e541ae9ed5ff550f9d558d3325bd08c4523bd74cb20c17472180007f0b10afd35f918a0ee5edf56ce7414bb80bf3bb08d9d2065c7e5120f5cd50fa254099a2,gx-no-cache=1456754459305 HTTP/1.1" 200 566
186.103.159.44 - - [29/Feb/2016:11:00:39 -0300] "GET /cormun/servlet/trvisualizadoreventos?1fd66af1eda2338342a57ea866244b3e3379392cab3160abb30fd044ee78fbf23dc6e51f262943f0111b3a3fc1304292a313514ba6c0b90a3c32673f963b61b141fcda5517d69eaf4c28776cc099ea7664806277f3d210613ca9e31da782e1e7940ac3f8d12a03a0d041b73e7650f4383517c2ee77dd4621dec098006c28366740e541ae9ed5ff550f9d558d3325bd08c4523bd74cb20c17472180007f0b10afd35f918a0ee5edf56ce7414bb80bf3bb08d9d2065c7e5120f5cd50fa254099a2,gx-no-cache=1456754461519 HTTP/1.1" 200 566
186.103.159.44 - - [29/Feb/2016:11:00:41 -0300] "GET /cormun/servlet/trvisualizadoreventos?1fd66af1eda2338342a57ea866244b3e3379392cab3160abb30fd044ee78fbf23dc6e51f262943f0111b3a3fc1304292a313514ba6c0b90a3c32673f963b61b141fcda5517d69eaf4c28776cc099ea7664806277f3d210613ca9e31da782e1e7940ac3f8d12a03a0d041b73e7650f4383517c2ee77dd4621dec098006c28366740e541ae9ed5ff550f9d558d3325bd08c4523bd74cb20c17472180007f0b10afd35f918a0ee5edf56ce7414bb80bf3bbea6f290be19978b1817e115517e60c18,gx-no-cache=1456754463102 HTTP/1.1" 200 568
186.103.159.44 - - [29/Feb/2016:11:00:42 -0300] "POST /cormun/servlet/trvisualizadoreventos?c56cfb37e2fb9efd8fe83a46fd099e14,,gx-no-cache=1456754464127 HTTP/1.1" 200 3325
186.103.159.44 - - [29/Feb/2016:11:00:42 -0300] "POST /cormun/servlet/trvisualizadoreventos?c56cfb37e2fb9efd8fe83a46fd099e14,,gx-no-cache=1456754464366 HTTP/1.1" 200 3325
186.103.159.44 - - [29/Feb/2016:11:00:46 -0300] "GET /cormun/servlet/trvisualizadoreventos?1fd66af1eda2338342a57ea866244b3e3379392cab3160abb30fd044ee78fbf23dc6e51f262943f0111b3a3fc1304292a313514ba6c0b90a3c32673f963b61b141fcda5517d69eaf4c28776cc099ea7664806277f3d210613ca9e31da782e1e7940ac3f8d12a03a0d041b73e7650f4383517c2ee77dd4621dec098006c28366740e541ae9ed5ff550f9d558d3325bd08c4523bd74cb20c17472180007f0b10afd35f918a0ee5edf56ce7414bb80bf3bb02bf5febd4c029c24c5fa94ea96e359d,gx-no-cache=1456754468441 HTTP/1.1" 200 572
191.112.100.131 - - [29/Feb/2016:11:00:47 -0300] "GET /cormun/servlet/prfichaempleado?,MD,,gxPopupLevel%3D0%3B HTTP/1.1" 200 7869
191.112.100.131 - - [29/Feb/2016:11:00:47 -0300] "GET /cormun/static/scaMessage/css/jquery-ui.css?104140 HTTP/1.1" 404 1045
186.103.159.44 - - [29/Feb/2016:11:00:47 -0300] "GET /cormun/servlet/trvisualizadoreventos?1fd66af1eda2338342a57ea866244b3e3379392cab3160abb30fd044ee78fbf23dc6e51f262943f0111b3a3fc1304292a313514ba6c0b90a3c32673f963b61b141fcda5517d69eaf4c28776cc099ea7664806277f3d210613ca9e31da782e1e7940ac3f8d12a03a0d041b73e7650f4383517c2ee77dd4621dec098006c28366740e541ae9ed5ff550f9d558d3325bd08c4523bd74cb20c17472180007f0b10afd35f918a0ee5edf56ce7414bb80bf3bbf0990f4a2aafa317edc2109cfdc622ef,gx-no-cache=1456754469431 HTTP/1.1" 200 573
186.103.159.44 - - [29/Feb/2016:11:00:49 -0300] "GET /cormun/servlet/trvisualizadoreventos?1fd66af1eda2338342a57ea866244b3e3379392cab3160abb30fd044ee78fbf23dc6e51f262943f0111b3a3fc1304292a313514ba6c0b90a3c32673f963b61b141fcda5517d69eaf4c28776cc099ea7664806277f3d210613ca9e31da782e1e7940ac3f8d12a03a0d041b73e7650f4383517c2ee77dd4621dec098006c28366740e541ae9ed5ff550f9d558d3325bd08c4523bd74cb20c17472180007f0b10afd35f918a0ee5edf56ce7414bb80bf3bb08d9d2065c7e5120f5cd50fa254099a2,gx-no-cache=1456754471000 HTTP/1.1" 200 567
186.103.159.44 - - [29/Feb/2016:11:00:50 -0300] "GET /cormun/servlet/trvisualizadoreventos?1fd66af1eda2338342a57ea866244b3e3379392cab3160abb30fd044ee78fbf23dc6e51f262943f0111b3a3fc1304292a313514ba6c0b90a3c32673f963b61b141fcda5517d69eaf4c28776cc099ea7664806277f3d210613ca9e31da782e1e7940ac3f8d12a03a0d041b73e7650f4383517c2ee77dd4621dec098006c28366740e541ae9ed5ff550f9d558d3325bd08c4523bd74cb20c17472180007f0b10afd35f918a0ee5edf56ce7414bb80bf3bbada9e93ecf6155d1da078bada9ea529e,gx-no-cache=1456754472014 HTTP/1.1" 200 571
191.112.100.131 - - [29/Feb/2016:11:00:50 -0300] "POST /cormun/servlet/prfichaempleado?bd3ebd64ad865acf54b6bfa342039938,,MD,,gxPopupLevel%3D0%3B,gx-no-cache=1456754510808 HTTP/1.1" 200 5059
186.103.159.44 - - [29/Feb/2016:11:00:50 -0300] "GET /cormun/servlet/trvisualizadoreventos?1fd66af1eda2338342a57ea866244b3e3379392cab3160abb30fd044ee78fbf23dc6e51f262943f0111b3a3fc1304292a313514ba6c0b90a3c32673f963b61b141fcda5517d69eaf4c28776cc099ea7664806277f3d210613ca9e31da782e1e7940ac3f8d12a03a0d041b73e7650f4383517c2ee77dd4621dec098006c28366740e541ae9ed5ff550f9d558d3325bd08c4523bd74cb20c17472180007f0b10afd35f918a0ee5edf56ce7414bb80bf3bb5145ca43f1bd89bf9d6929128a408c40,gx-no-cache=1456754472683 HTTP/1.1" 200 569
186.103.159.44 - - [29/Feb/2016:11:00:51 -0300] "POST /cormun/servlet/trvisualizadoreventos?c56cfb37e2fb9efd8fe83a46fd099e14,,gx-no-cache=1456754473855 HTTP/1.1" 200 3330
191.112.100.131 - - [29/Feb/2016:11:00:52 -0300] "POST /cormun/servlet/prfichaempleado?bd3ebd64ad865acf54b6bfa342039938,,MD,,gxPopupLevel%3D0%3B,gx-no-cache=1456754513016 HTTP/1.1" 200 5149
186.103.159.44 - - [29/Feb/2016:11:00:53 -0300] "GET /cormun/servlet/trvisualizadoreventos?1fd66af1eda2338342a57ea866244b3e3379392cab3160abb30fd044ee78fbf23dc6e51f262943f0111b3a3fc1304292a313514ba6c0b90a3c32673f963b61b141fcda5517d69eaf4c28776cc099ea7664806277f3d210613ca9e31da782e1e7940ac3f8d12a03a0d041b73e7650f4383517c2ee77dd4621dec098006c28366740e541ae9ed5ff550f9d558d3325bd08c4523bd74cb20c17472180007f0b10af08fe5f52552357752d655c84f3c0cf0908d9d2065c7e5120f5cd50fa254099a2,gx-no-cache=1456754475402 HTTP/1.1" 200 568
186.103.159.44 - - [29/Feb/2016:11:00:55 -0300] "GET /cormun/servlet/trvisualizadoreventos?1fd66af1eda2338342a57ea866244b3e3379392cab3160abb30fd044ee78fbf23dc6e51f262943f0111b3a3fc1304292a313514ba6c0b90a3c32673f963b61b141fcda5517d69eaf4c28776cc099ea7664806277f3d210613ca9e31da782e1e7940ac3f8d12a03a0d041b73e7650f4383517c2ee77dd4621dec098006c28366740e541ae9ed5ff550f9d558d3325bd08c4523bd74cb20c17472180007f0b10af08fe5f52552357752d655c84f3c0cf0908d9d2065c7e5120f5cd50fa254099a2,gx-no-cache=1456754477532 HTTP/1.1" 200 568
186.103.159.44 - - [29/Feb/2016:11:00:57 -0300] "GET /cormun/servlet/trvisualizadoreventos?1fd66af1eda2338342a57ea866244b3e3379392cab3160abb30fd044ee78fbf23dc6e51f262943f0111b3a3fc1304292a313514ba6c0b90a3c32673f963b61b141fcda5517d69eaf4c28776cc099ea7664806277f3d210613ca9e31da782e1e7940ac3f8d12a03a0d041b73e7650f4383517c2ee77dd4621dec098006c28366740e541ae9ed5ff550f9d558d3325bd08c4523bd74cb20c17472180007f0b10af47abb97e0547eb405651854409d9172f5145ca43f1bd89bf9d6929128a408c40,gx-no-cache=1456754479708 HTTP/1.1" 200 572
191.112.100.131 - - [29/Feb/2016:11:00:58 -0300] "POST /cormun/servlet/prfichaempleado?bd3ebd64ad865acf54b6bfa342039938,,MD,,gxPopupLevel%3D0%3B,gx-no-cache=1456754518725 HTTP/1.1" 200 5090
191.112.100.131 - - [29/Feb/2016:11:00:59 -0300] "POST /cormun/servlet/prfichaempleado?bd3ebd64ad865acf54b6bfa342039938,,MD,,gxPopupLevel%3D0%3B,gx-no-cache=1456754519777 HTTP/1.1" 200 5083
191.112.100.131 - - [29/Feb/2016:11:01:00 -0300] "POST /cormun/servlet/prfichaempleado?bd3ebd64ad865acf54b6bfa342039938,,MD,,gxPopupLevel%3D0%3B,gx-no-cache=1456754520765 HTTP/1.1" 200 5075
191.112.100.131 - - [29/Feb/2016:11:01:01 -0300] "POST /cormun/servlet/prfichaempleado?bd3ebd64ad865acf54b6bfa342039938,,MD,,gxPopupLevel%3D0%3B,gx-no-cache=1456754521906 HTTP/1.1" 200 5096
191.112.100.131 - - [29/Feb/2016:11:01:02 -0300] "POST /cormun/servlet/prfichaempleado?bd3ebd64ad865acf54b6bfa342039938,,MD,,gxPopupLevel%3D0%3B,gx-no-cache=1456754522863 HTTP/1.1" 200 5094
186.103.159.44 - - [29/Feb/2016:11:01:03 -0300] "GET /cormun/servlet/trvisualizadoreventos?1fd66af1eda2338342a57ea866244b3ef1200af3e01036eede0a3d24cde32e807fdb14162d1f71d9a4954c2437629fd38fa36bc9433131913e83e76feea871c3b6c673518cb580133b76cfe7a4db0771d2ad8c988fc2c1709cff328e632987ebc0865a6bd7c56db2695d8a402574ff7d0f3590bf2943017f87b6be0146e324fc1f1c7985287cb1f836baed5fb377fff19dc6d7b581e460f479846cdbc18f66648c24ade1b4f84e4265499128763fb66c5e597c51395ea2ea7fdf7facfb4a6883,gx-no-cache=1456754485038 HTTP/1.1" 200 573
186.103.159.44 - - [29/Feb/2016:11:01:03 -0300] "POST /cormun/servlet/trvisualizadoreventos?c56cfb37e2fb9efd8fe83a46fd099e14,,gx-no-cache=1456754485420 HTTP/1.1" 200 3330
191.112.100.131 - - [29/Feb/2016:11:01:03 -0300] "POST /cormun/servlet/prfichaempleado?bd3ebd64ad865acf54b6bfa342039938,,MD,,gxPopupLevel%3D0%3B,gx-no-cache=1456754524080 HTTP/1.1" 200 5152
186.103.159.44 - - [29/Feb/2016:11:01:03 -0300] "POST /cormun/servlet/trvisualizadoreventos?c56cfb37e2fb9efd8fe83a46fd099e14,,gx-no-cache=1456754485931 HTTP/1.1" 200 3330
191.112.100.131 - - [29/Feb/2016:11:01:04 -0300] "POST /cormun/servlet/prfichaempleado?bd3ebd64ad865acf54b6bfa342039938,,MD,,gxPopupLevel%3D0%3B,gx-no-cache=1456754525227 HTTP/1.1" 200 5074
191.112.100.131 - - [29/Feb/2016:11:01:05 -0300] "POST /cormun/servlet/prfichaempleado?bd3ebd64ad865acf54b6bfa342039938,,MD,,gxPopupLevel%3D0%3B,gx-no-cache=1456754526341 HTTP/1.1" 200 5031
191.112.100.131 - - [29/Feb/2016:11:01:07 -0300] "POST /cormun/servlet/prfichaempleado?bd3ebd64ad865acf54b6bfa342039938,,MD,,gxPopupLevel%3D0%3B,gx-no-cache=1456754527764 HTTP/1.1" 200 5074
186.103.159.44 - - [29/Feb/2016:11:01:09 -0300] "GET /cormun/servlet/trvisualizadoreventos?1fd66af1eda2338342a57ea866244b3e6956722b9c415b0cc73053f990047df5c973a1b25e3924ac090789ebf7f5e27820673bac8e3e3c9c8cb11501d515702f35419fd17280654a8afa318c29113c5dc1b00e76f47f40ce266ef1d06900d1784fe068f3d439134f472e890ca2f7d166ed2d8923806a09a89845bf5390a37acbb6365ef00b37cbdfb830eae0365822e55523f35d437457682161d95d622a661478d0066e39d5ca805bece8c5c53300ff8ea9b8ea93c682ff0d9a00d21df75ee8,gx-no-cache=1456754491212 HTTP/1.1" 200 573
186.103.159.44 - - [29/Feb/2016:11:01:09 -0300] "POST /cormun/servlet/trvisualizadoreventos?c56cfb37e2fb9efd8fe83a46fd099e14,,gx-no-cache=1456754491657 HTTP/1.1" 200 3337
191.112.100.131 - - [29/Feb/2016:11:01:12 -0300] "POST /cormun/servlet/prfichaempleado?bd3ebd64ad865acf54b6bfa342039938,,MD,,gxPopupLevel%3D0%3B,gx-no-cache=1456754532624 HTTP/1.1" 200 5031
186.103.159.44 - - [29/Feb/2016:11:01:14 -0300] "POST /cormun/servlet/trvisualizadoreventos?c56cfb37e2fb9efd8fe83a46fd099e14,,gx-no-cache=1456754496265 HTTP/1.1" 200 3337
186.103.159.44 - - [29/Feb/2016:11:01:18 -0300] "POST /cormun/servlet/trvisualizadoreventos?c56cfb37e2fb9efd8fe83a46fd099e14,,gx-no-cache=1456754500794 HTTP/1.1" 200 111
186.103.159.44 - - [29/Feb/2016:11:01:18 -0300] "POST /cormun/servlet/trvisualizadoreventos?c56cfb37e2fb9efd8fe83a46fd099e14,,gx-no-cache=1456754500908 HTTP/1.1" 200 3314
186.103.159.44 - - [29/Feb/2016:11:01:19 -0300] "GET /cormun/VisualizadorEventos-4069.xls HTTP/1.1" 200 4096
186.103.159.44 - - [29/Feb/2016:11:01:26 -0300] "GET /cormun/servlet/trsolicitudot? HTTP/1.1" 200 7407
191.112.100.131 - - [29/Feb/2016:11:01:31 -0300] "GET /cormun/servlet/trvisualizadoreventos? HTTP/1.1" 200 5958
191.112.100.131 - - [29/Feb/2016:11:01:32 -0300] "GET /cormun/servlet/trvisualizadoreventos? HTTP/1.1" 200 5953
191.112.100.131 - - [29/Feb/2016:11:01:34 -0300] "POST /cormun/servlet/trvisualizadoreventos?bd3ebd64ad865acf54b6bfa342039938,,gx-no-cache=1456754554825 HTTP/1.1" 200 3305
191.112.100.131 - - [29/Feb/2016:11:01:34 -0300] "POST /cormun/servlet/trvisualizadoreventos?bd3ebd64ad865acf54b6bfa342039938,,gx-no-cache=1456754555124 HTTP/1.1" 200 3305
191.112.100.131 - - [29/Feb/2016:11:01:34 -0300] "POST /cormun/servlet/trvisualizadoreventos?bd3ebd64ad865acf54b6bfa342039938,,gx-no-cache=1456754555411 HTTP/1.1" 200 3305
191.112.100.131 - - [29/Feb/2016:11:01:39 -0300] "GET /cormun/servlet/trvisualizadoreventos?6e9d4c1eb2f20ee399b8f9a9ab6bc12c4f288f9a2a169abc95892e8b4e7dba4335e8054d520c4c023e2269631fe7751e7070ac4e003230e3c142e0bc74079dfc5a0bef37d725bc8ffe91ec1e1714e6c33c0065eded6b959f36eb2feafb539b89feb67460358616ed4f90bc5fa77b1bec76a5dde2fb97ae32f2697fc6504314070540db6a59bc09ad08ec19769c8797c057af4579ecd95e7eaada5229ced44efbbee7e2f58e9b7802aed40b4ec138e54e009f9d557773ff345bfe5d1d7d0fab3f847f17014bea02b802553f4bf7ab7733,gx-no-cache=1456754560539 HTTP/1.1" 200 586
191.112.100.131 - - [29/Feb/2016:11:01:39 -0300] "POST /cormun/servlet/trvisualizadoreventos?bd3ebd64ad865acf54b6bfa342039938,,gx-no-cache=1456754560663 HTTP/1.1" 200 3311
186.103.159.44 - - [29/Feb/2016:11:01:46 -0300] "POST /cormun/servlet/trsolicitudot?c56cfb37e2fb9efd8fe83a46fd099e14,,gx-no-cache=1456754528181 HTTP/1.1" 200 4850
186.103.159.44 - - [29/Feb/2016:11:01:46 -0300] "POST /cormun/servlet/trsolicitudot?c56cfb37e2fb9efd8fe83a46fd099e14,,gx-no-cache=1456754528414 HTTP/1.1" 200 4850
186.103.159.44 - - [29/Feb/2016:11:01:46 -0300] "POST /cormun/servlet/trsolicitudot?c56cfb37e2fb9efd8fe83a46fd099e14,,gx-no-cache=1456754528734 HTTP/1.1" 200 4851
186.103.159.44 - - [29/Feb/2016:11:01:47 -0300] "POST /cormun/servlet/trsolicitudot?c56cfb37e2fb9efd8fe83a46fd099e14,,gx-no-cache=1456754529021 HTTP/1.1" 200 4850
186.103.159.44 - - [29/Feb/2016:11:01:47 -0300] "POST /cormun/servlet/trsolicitudot?c56cfb37e2fb9efd8fe83a46fd099e14,,gx-no-cache=1456754529321 HTTP/1.1" 200 4849
186.103.159.44 - - [29/Feb/2016:11:01:47 -0300] "POST /cormun/servlet/trsolicitudot?c56cfb37e2fb9efd8fe83a46fd099e14,,gx-no-cache=1456754529651 HTTP/1.1" 200 4850
186.103.159.44 - - [29/Feb/2016:11:01:48 -0300] "POST /cormun/servlet/trsolicitudot?c56cfb37e2fb9efd8fe83a46fd099e14,,gx-no-cache=1456754530011 HTTP/1.1" 200 4849
191.112.100.131 - - [29/Feb/2016:11:01:48 -0300] "GET /cormun/servlet/trvisualizadoreventos?6e9d4c1eb2f20ee399b8f9a9ab6bc12c7465e7495eb2cccd9fb58620950a4bf635e8054d520c4c023e2269631fe7751e7070ac4e003230e3c142e0bc74079dfc5a0bef37d725bc8ffe91ec1e1714e6c33c0065eded6b959f36eb2feafb539b89feb67460358616ed4f90bc5fa77b1bec76a5dde2fb97ae32f2697fc6504314070540db6a59bc09ad08ec19769c8797c057af4579ecd95e7eaada5229ced44efbbee7e2f58e9b7802aed40b4ec138e54e009f9d557773ff345bfe5d1d7d0fab3f847f17014bea02b802553f4bf7ab7733,gx-no-cache=1456754569826 HTTP/1.1" 200 590
191.112.100.131 - - [29/Feb/2016:11:01:49 -0300] "POST /cormun/servlet/trvisualizadoreventos?bd3ebd64ad865acf54b6bfa342039938,,gx-no-cache=1456754569958 HTTP/1.1" 200 3314
186.103.159.44 - - [29/Feb/2016:11:01:50 -0300] "POST /cormun/servlet/trsolicitudot?c56cfb37e2fb9efd8fe83a46fd099e14,,gx-no-cache=1456754530398 HTTP/1.1" 200 5006
186.103.159.44 - - [29/Feb/2016:11:01:51 -0300] "GET /cormun/static/Shared/jqueryui/images/ui-icons_8d78a5_256x240.png HTTP/1.1" 404 1089
186.103.159.44 - - [29/Feb/2016:11:01:51 -0300] "GET /cormun/static/Shared/jqueryui/images/ui-icons_82798d_256x240.png HTTP/1.1" 404 1089
186.103.159.44 - - [29/Feb/2016:11:01:51 -0300] "GET /cormun/static/Shared/jqueryui/images/ui-bg_highlight-soft_100_c6c2c8_1x100.png HTTP/1.1" 404 1117
186.103.159.44 - - [29/Feb/2016:11:01:51 -0300] "GET /cormun/static/Shared/jqueryui/images/ui-bg_flat_55_fafafa_40x100.png HTTP/1.1" 404 1097
191.112.100.131 - - [29/Feb/2016:11:01:51 -0300] "POST /cormun/servlet/trvisualizadoreventos?bd3ebd64ad865acf54b6bfa342039938,,gx-no-cache=1456754572190 HTTP/1.1" 200 3313
191.112.100.131 - - [29/Feb/2016:11:01:51 -0300] "GET /cormun/servlet/trvisualizadoreventos?6e9d4c1eb2f20ee399b8f9a9ab6bc12c7465e7495eb2cccd9fb58620950a4bf6c47c5297abe082ab98246585db4fab017070ac4e003230e3c142e0bc74079dfc5a0bef37d725bc8ffe91ec1e1714e6c33c0065eded6b959f36eb2feafb539b89feb67460358616ed4f90bc5fa77b1bec76a5dde2fb97ae32f2697fc6504314070540db6a59bc09ad08ec19769c8797c057af4579ecd95e7eaada5229ced44efbbee7e2f58e9b7802aed40b4ec138e54e009f9d557773ff345bfe5d1d7d0fab3f847f17014bea02b802553f4bf7ab7733,gx-no-cache=1456754572594 HTTP/1.1" 200 588
186.67.172.234 - - [29/Feb/2016:11:01:52 -0300] "POST /cormun/servlet/solicitudot?gx-no-cache=1456754564376 HTTP/1.1" 200 30
191.112.100.131 - - [29/Feb/2016:11:01:53 -0300] "POST /cormun/servlet/trvisualizadoreventos?bd3ebd64ad865acf54b6bfa342039938,,gx-no-cache=1456754574587 HTTP/1.1" 200 3315
191.112.100.131 - - [29/Feb/2016:11:01:54 -0300] "GET /cormun/servlet/trvisualizadoreventos?6e9d4c1eb2f20ee399b8f9a9ab6bc12c7465e7495eb2cccd9fb58620950a4bf6f5d10475915065b896c6da27dfc630e97070ac4e003230e3c142e0bc74079dfc5a0bef37d725bc8ffe91ec1e1714e6c33c0065eded6b959f36eb2feafb539b89feb67460358616ed4f90bc5fa77b1bec76a5dde2fb97ae32f2697fc6504314070540db6a59bc09ad08ec19769c8797c057af4579ecd95e7eaada5229ced44efbbee7e2f58e9b7802aed40b4ec138e54e009f9d557773ff345bfe5d1d7d0fab3f847f17014bea02b802553f4bf7ab7733,gx-no-cache=1456754575033 HTTP/1.1" 200 589
191.112.100.131 - - [29/Feb/2016:11:01:55 -0300] "POST /cormun/servlet/trvisualizadoreventos?bd3ebd64ad865acf54b6bfa342039938,,gx-no-cache=1456754576307 HTTP/1.1" 200 3315
191.112.100.131 - - [29/Feb/2016:11:01:55 -0300] "GET /cormun/servlet/trvisualizadoreventos?6e9d4c1eb2f20ee399b8f9a9ab6bc12c7465e7495eb2cccd9fb58620950a4bf67ede1da2d58bfd18b6e98271a2d471a37070ac4e003230e3c142e0bc74079dfc5a0bef37d725bc8ffe91ec1e1714e6c33c0065eded6b959f36eb2feafb539b89feb67460358616ed4f90bc5fa77b1bec76a5dde2fb97ae32f2697fc6504314070540db6a59bc09ad08ec19769c8797c057af4579ecd95e7eaada5229ced44efbbee7e2f58e9b7802aed40b4ec138e54e009f9d557773ff345bfe5d1d7d0fab3f847f17014bea02b802553f4bf7ab7733,gx-no-cache=1456754576715 HTTP/1.1" 200 589
186.67.172.234 - - [29/Feb/2016:11:01:55 -0300] "POST /cormun/servlet/solicitudot?gx-no-cache=1456754567806 HTTP/1.1" 200 30
191.112.100.131 - - [29/Feb/2016:11:01:57 -0300] "POST /cormun/servlet/trvisualizadoreventos?bd3ebd64ad865acf54b6bfa342039938,,gx-no-cache=1456754578042 HTTP/1.1" 200 3315
191.112.100.131 - - [29/Feb/2016:11:01:57 -0300] "GET /cormun/servlet/trvisualizadoreventos?6e9d4c1eb2f20ee399b8f9a9ab6bc12c7465e7495eb2cccd9fb58620950a4bf694d48f41d6961f8bea5b3fb7e3ca62c37070ac4e003230e3c142e0bc74079dfc5a0bef37d725bc8ffe91ec1e1714e6c33c0065eded6b959f36eb2feafb539b89feb67460358616ed4f90bc5fa77b1bec76a5dde2fb97ae32f2697fc6504314070540db6a59bc09ad08ec19769c8797c057af4579ecd95e7eaada5229ced44efbbee7e2f58e9b7802aed40b4ec138e54e009f9d557773ff345bfe5d1d7d0fab3f847f17014bea02b802553f4bf7ab7733,gx-no-cache=1456754578444 HTTP/1.1" 200 590
186.67.172.234 - - [29/Feb/2016:11:01:58 -0300] "POST /cormun/servlet/solicitudot?gx-no-cache=1456754570384 HTTP/1.1" 200 452
186.67.172.234 - - [29/Feb/2016:11:01:58 -0300] "GET /cormun/servlet/solicitudot?decbf714890b777cb6b32f42f9c8594546c50b2e7f5e6311dccb81522910ac14841c15c267edd8313c8fa090a205da1f489e703d2104f66080dc46c609cc6adb74fac039b7489747febeac01500069a8f2c465888ef23326355f6270f9bccd88946b6d02ea47344740a6952c8703e1c1aea4046434fbac13899a2ad355aa638886740f665c9d5de4f1b50f05bc6b322e,gx-no-cache=1456754570419 HTTP/1.1" 200 38
191.112.100.131 - - [29/Feb/2016:11:01:59 -0300] "POST /cormun/servlet/trvisualizadoreventos?bd3ebd64ad865acf54b6bfa342039938,,gx-no-cache=1456754580075 HTTP/1.1" 200 3315
191.112.100.131 - - [29/Feb/2016:11:01:59 -0300] "GET /cormun/servlet/trvisualizadoreventos?6e9d4c1eb2f20ee399b8f9a9ab6bc12c7465e7495eb2cccd9fb58620950a4bf6b140f33efd5403ff537c90950463608c7070ac4e003230e3c142e0bc74079dfc5a0bef37d725bc8ffe91ec1e1714e6c33c0065eded6b959f36eb2feafb539b89feb67460358616ed4f90bc5fa77b1bec76a5dde2fb97ae32f2697fc6504314070540db6a59bc09ad08ec19769c8797c057af4579ecd95e7eaada5229ced44efbbee7e2f58e9b7802aed40b4ec138e54e009f9d557773ff345bfe5d1d7d0fab3f847f17014bea02b802553f4bf7ab7733,gx-no-cache=1456754580492 HTTP/1.1" 200 589
186.103.159.44 - - [29/Feb/2016:11:02:06 -0300] "POST /cormun/servlet/trsolicitudot?c56cfb37e2fb9efd8fe83a46fd099e14,,gx-no-cache=1456754548702 HTTP/1.1" 200 5007
186.67.172.234 - - [29/Feb/2016:11:02:16 -0300] "GET /cormun/servlet/solicitudot?decbf714890b777cb6b32f42f9c8594567dcfd7ae1f1b4f28a7ab860c8cd37395b11b574b0de4f12cb3e062995aebc5b2bb58b8cee624f8add631178ea667bdec4da556bc1c65e40aab687e5ac19ab45345b6ebe502e620eeb5f47fa54567ed3a75d8453b9027e96b803394ad6db37d5,gx-no-cache=1456754588247 HTTP/1.1" 200 29
186.67.172.234 - - [29/Feb/2016:11:02:18 -0300] "POST /cormun/servlet/solicitudot?gx-no-cache=1456754590088 HTTP/1.1" 200 1116
186.103.159.44 - - [29/Feb/2016:11:02:18 -0300] "POST /cormun/servlet/trsolicitudot?c56cfb37e2fb9efd8fe83a46fd099e14,,gx-no-cache=1456754560568 HTTP/1.1" 200 4849
186.103.159.44 - - [29/Feb/2016:11:02:19 -0300] "POST /cormun/servlet/trsolicitudot?c56cfb37e2fb9efd8fe83a46fd099e14,,gx-no-cache=1456754561022 HTTP/1.1" 200 4849
186.103.159.44 - - [29/Feb/2016:11:02:19 -0300] "POST /cormun/servlet/trsolicitudot?c56cfb37e2fb9efd8fe83a46fd099e14,,gx-no-cache=1456754561504 HTTP/1.1" 200 4848
186.103.159.44 - - [29/Feb/2016:11:02:20 -0300] "POST /cormun/servlet/trsolicitudot?c56cfb37e2fb9efd8fe83a46fd099e14,,gx-no-cache=1456754562039 HTTP/1.1" 200 4849
186.103.159.44 - - [29/Feb/2016:11:02:20 -0300] "POST /cormun/servlet/trsolicitudot?c56cfb37e2fb9efd8fe83a46fd099e14,,gx-no-cache=1456754562594 HTTP/1.1" 200 4849
186.103.159.44 - - [29/Feb/2016:11:02:21 -0300] "POST /cormun/servlet/trsolicitudot?c56cfb37e2fb9efd8fe83a46fd099e14,,gx-no-cache=1456754563166 HTTP/1.1" 200 4849
186.103.159.44 - - [29/Feb/2016:11:02:21 -0300] "POST /cormun/servlet/trsolicitudot?c56cfb37e2fb9efd8fe83a46fd099e14,,gx-no-cache=1456754563798 HTTP/1.1" 200 4849
186.103.159.44 - - [29/Feb/2016:11:02:22 -0300] "POST /cormun/servlet/trsolicitudot?c56cfb37e2fb9efd8fe83a46fd099e14,,gx-no-cache=1456754564441 HTTP/1.1" 200 105
186.103.159.44 - - [29/Feb/2016:11:02:27 -0300] "GET /cormun/servlet/trsolicitudadjuntos?2016,228, HTTP/1.1" 200 7571
186.78.61.101 - - [29/Feb/2016:11:02:31 -0300] "GET /cormun/servlet/hlogin HTTP/1.1" 200 1724
186.103.159.44 - - [29/Feb/2016:11:02:35 -0300] "GET /cormun/servlet/solicitudotadjuntos?INS,2016,228,,1, HTTP/1.1" 200 5397
186.103.159.44 - - [29/Feb/2016:11:02:35 -0300] "HEAD /cormun/static/about:blank HTTP/1.1" 404 -
186.103.159.44 - - [29/Feb/2016:11:02:35 -0300] "GET /cormun/servlet/solicitudotadjuntos?e849930c6c061238d51069243b251b9efd65a001ef4a82c4bd718fcba4ec076bfa080f6f6e4f952aab56bf390670113a,gx-no-cache=1456754577914 HTTP/1.1" 200 30
186.78.61.101 - - [29/Feb/2016:11:02:35 -0300] "GET /cormun/static/gxtimezone.js?85251 HTTP/1.1" 200 5781
186.103.159.44 - - [29/Feb/2016:11:02:35 -0300] "POST /cormun/servlet/solicitudotadjuntos?c56cfb37e2fb9efd8fe83a46fd099e14,INS,2016,228,,1,,gx-no-cache=1456754577947 HTTP/1.1" 200 3310
186.78.61.101 - - [29/Feb/2016:11:02:36 -0300] "GET /cormun/static/gxcfg.js?20151120045111 HTTP/1.1" 200 953
186.78.61.101 - - [29/Feb/2016:11:02:37 -0300] "GET /cormun/static/messages.spa.js?85251 HTTP/1.1" 200 30736
186.78.61.101 - - [29/Feb/2016:11:02:38 -0300] "GET /cormun/static/Resources/Spanish/PXTools.css?005343 HTTP/1.1" 200 89042
186.78.61.101 - - [29/Feb/2016:11:02:38 -0300] "GET /cormun/static/hlogin.js?20151120045126 HTTP/1.1" 200 2136
186.103.159.44 - - [29/Feb/2016:11:02:39 -0300] "POST /cormun/servlet/solicitudotadjuntos?gx-no-cache=1456754581558 HTTP/1.1" 200 26
186.78.61.101 - - [29/Feb/2016:11:02:39 -0300] "GET /cormun/static/Resources/ComunLogin.png HTTP/1.1" 200 17326
186.78.61.101 - - [29/Feb/2016:11:02:45 -0300] "GET /cormun/static/gxgral.js?85251 HTTP/1.1" 200 384558
186.78.61.101 - - [29/Feb/2016:11:02:49 -0300] "GET /cormun/static/Resources/PXToolsLoginTop.png HTTP/1.1" 200 1337
186.78.61.101 - - [29/Feb/2016:11:02:49 -0300] "GET /cormun/static/Resources/PXToolsLoginBackground.png HTTP/1.1" 200 1164
186.78.61.101 - - [29/Feb/2016:11:02:49 -0300] "GET /cormun/static/Resources/PXToolsButtonLeft21.png HTTP/1.1" 200 1287
186.78.61.101 - - [29/Feb/2016:11:02:49 -0300] "GET /cormun/static/Resources/PXToolsButtonRight21.png HTTP/1.1" 200 1283
186.78.61.101 - - [29/Feb/2016:11:02:49 -0300] "GET /cormun/static/Resources/PXToolsButtonBackground2.png HTTP/1.1" 200 1181
186.78.61.101 - - [29/Feb/2016:11:02:49 -0300] "GET /cormun/static/Resources/PXToolsLoginBottom.png HTTP/1.1" 200 1389
186.78.61.101 - - [29/Feb/2016:11:02:51 -0300] "GET /cormun/servlet/hlogin HTTP/1.1" 200 1731
186.78.61.101 - - [29/Feb/2016:11:02:51 -0300] "GET /cormun/static/Resources/indicator.gif HTTP/1.1" 200 1553
186.78.61.101 - - [29/Feb/2016:11:02:54 -0300] "GET /favicon.ico HTTP/1.1" 200 21630
186.103.159.44 - - [29/Feb/2016:11:02:56 -0300] "GET /cormun/servlet/solicitudotadjuntos?e849930c6c061238d51069243b251b9eb7ad327a02d5f8f4ca770e9782efeacc,gx-no-cache=1456754598702 HTTP/1.1" 200 30
186.103.159.44 - - [29/Feb/2016:11:02:56 -0300] "GET /cormun/servlet/solicitudotadjuntos?e849930c6c061238d51069243b251b9eb7ad327a02d5f8f4ca770e9782efeacc,gx-no-cache=1456754598719 HTTP/1.1" 200 30
186.103.159.44 - - [29/Feb/2016:11:02:56 -0300] "POST /cormun/servlet/solicitudotadjuntos?c56cfb37e2fb9efd8fe83a46fd099e14,INS,2016,228,,1, HTTP/1.1" 200 116
186.103.159.44 - - [29/Feb/2016:11:02:56 -0300] "GET /cormun/servlet/hpexe_return? HTTP/1.1" 200 1016
186.103.159.44 - - [29/Feb/2016:11:02:57 -0300] "GET /cormun/servlet/trsolicitudadjuntos?2016,228, HTTP/1.1" 200 7700
186.67.172.234 - - [29/Feb/2016:11:02:59 -0300] "GET /cormun/servlet/solicitudot?decbf714890b777cb6b32f42f9c8594577fff886592763745f0a9db8c0791f508dddaff6ed416329382f52823ba5d78c29abdabc06ba382a7f2458a8bcedac47b4aab35bdebec703b2c46733b9768864f3f91e7d1e3201f07bec30581a6d0d20f0f79c90e71ba700e8797422a59a8fa0521f81c7c4e79a926c2177de06a486308f87a3ca5070ddbe49a4c5d69b2f8d767e0c81bf60df5c6d2cdf20e9fb2d44b23177f3aa01b635a8163760e261d10ef9,gx-no-cache=1456754631316 HTTP/1.1" 200 30
186.103.159.44 - - [29/Feb/2016:11:03:02 -0300] "GET /cormun/servlet/solicitudotadjuntos?INS,2016,228,,1, HTTP/1.1" 200 5397
186.103.159.44 - - [29/Feb/2016:11:03:03 -0300] "HEAD /cormun/static/about:blank HTTP/1.1" 404 -
186.103.159.44 - - [29/Feb/2016:11:03:03 -0300] "GET /cormun/servlet/solicitudotadjuntos?e849930c6c061238d51069243b251b9efd65a001ef4a82c4bd718fcba4ec076bfa080f6f6e4f952aab56bf390670113a,gx-no-cache=1456754605864 HTTP/1.1" 200 30
186.103.159.44 - - [29/Feb/2016:11:03:03 -0300] "POST /cormun/servlet/solicitudotadjuntos?c56cfb37e2fb9efd8fe83a46fd099e14,INS,2016,228,,1,,gx-no-cache=1456754605913 HTTP/1.1" 200 3310
186.103.159.44 - - [29/Feb/2016:11:03:08 -0300] "POST /cormun/servlet/solicitudotadjuntos?gx-no-cache=1456754610022 HTTP/1.1" 200 26
186.67.172.234 - - [29/Feb/2016:11:03:13 -0300] "POST /cormun/servlet/solicitudot?5cd0f7793382966fcae9f43c00b371bb,INS,0,0,,gx-no-cache=1456754645509 HTTP/1.1" 200 93
186.67.172.234 - - [29/Feb/2016:11:03:13 -0300] "GET /cormun/servlet/hpexe_return? HTTP/1.1" 200 1002
186.67.172.234 - - [29/Feb/2016:11:03:14 -0300] "GET /cormun/servlet/trsolicitudot HTTP/1.1" 200 7693
186.67.172.234 - - [29/Feb/2016:11:03:14 -0300] "GET /cormun/servlet/trsolicitudot HTTP/1.1" 200 7689
186.103.159.44 - - [29/Feb/2016:11:03:17 -0300] "GET /cormun/servlet/solicitudotadjuntos?e849930c6c061238d51069243b251b9eb7ad327a02d5f8f4ca770e9782efeacc,gx-no-cache=1456754619038 HTTP/1.1" 200 30
186.103.159.44 - - [29/Feb/2016:11:03:17 -0300] "GET /cormun/servlet/solicitudotadjuntos?e849930c6c061238d51069243b251b9eb7ad327a02d5f8f4ca770e9782efeacc,gx-no-cache=1456754619053 HTTP/1.1" 200 30
186.103.159.44 - - [29/Feb/2016:11:03:17 -0300] "POST /cormun/servlet/solicitudotadjuntos?c56cfb37e2fb9efd8fe83a46fd099e14,INS,2016,228,,1, HTTP/1.1" 200 116
