186.103.159.44 - - [29/Feb/2016:11:39:59 -0300] "POST /cormun/servlet/solicitudot?gx-no-cache=1456756821293 HTTP/1.1" 200 30
186.103.159.44 - - [29/Feb/2016:11:39:59 -0300] "POST /cormun/servlet/solicitudot?gx-no-cache=1456756821375 HTTP/1.1" 200 1153
186.103.159.44 - - [29/Feb/2016:11:39:59 -0300] "GET /cormun/servlet/solicitudot?e849930c6c061238d51069243b251b9e2bbd00a9ba734600bee32d1c7c6a2138eb97a8d955df96cb954e896d0455514adf89fa4fc8825666d9f8e224bdc054047939ce168ac028f316e73bcc93c246a372bbb1414410c30c214a3c07fb81be5d80f7d85246f8b9a58af2fc5db382da18f233fbb4eac7f128852ef928919ad00af80d3edcd1f8be703b37f0037ef5752bfa080f6f6e4f952aab56bf390670113a,gx-no-cache=1456756821411 HTTP/1.1" 200 41
186.103.159.44 - - [29/Feb/2016:11:39:59 -0300] "POST /cormun/servlet/solicitudot?gx-no-cache=1456756821439 HTTP/1.1" 200 1116
186.103.159.44 - - [29/Feb/2016:11:39:59 -0300] "GET /cormun/servlet/solicitudot?e849930c6c061238d51069243b251b9ec1a8ea6d01a5a01076facb1777b16330d336cbd14aa579829370fd3b270f423f5b4aa0072c96fffa32432b6f8b3993a4b378e0cb376af5d09e483d1195a01fa53f5033a20cbe90f25ae4854e27aea1fbc8242986dd5fbd524f67588004eea7911189516c7bc08cb48caa0257a8f14839c2bdc35567d5f7807d7d8225c2af21cd4bde2c9d3b93a90ab44ad047f8851d23331277c2cb88a111805a19c1050161cf,gx-no-cache=1456756821476 HTTP/1.1" 200 30
186.103.159.44 - - [29/Feb/2016:11:39:59 -0300] "POST /cormun/servlet/solicitudot?c56cfb37e2fb9efd8fe83a46fd099e14,INS,0,0,,gx-no-cache=1456756821499 HTTP/1.1" 200 93
186.103.159.44 - - [29/Feb/2016:11:39:59 -0300] "GET /cormun/servlet/hpexe_return? HTTP/1.1" 200 1018
186.103.159.44 - - [29/Feb/2016:11:39:59 -0300] "GET /cormun/servlet/trsolicitudot?gx-no-cache=1456756618821 HTTP/1.1" 200 7675
186.103.159.44 - - [29/Feb/2016:11:40:06 -0300] "POST /cormun/servlet/trsolicitudot?c56cfb37e2fb9efd8fe83a46fd099e14,gx-no-cache=1456756618821,gx-no-cache=1456756828042 HTTP/1.1" 200 5138
186.103.159.44 - - [29/Feb/2016:11:40:06 -0300] "POST /cormun/servlet/trsolicitudot?c56cfb37e2fb9efd8fe83a46fd099e14,gx-no-cache=1456756618821,gx-no-cache=1456756828323 HTTP/1.1" 200 5138
186.103.159.44 - - [29/Feb/2016:11:40:07 -0300] "POST /cormun/servlet/trsolicitudot?c56cfb37e2fb9efd8fe83a46fd099e14,gx-no-cache=1456756618821,gx-no-cache=1456756829021 HTTP/1.1" 200 5138
186.103.159.44 - - [29/Feb/2016:11:40:07 -0300] "POST /cormun/servlet/trsolicitudot?c56cfb37e2fb9efd8fe83a46fd099e14,gx-no-cache=1456756618821,gx-no-cache=1456756829385 HTTP/1.1" 200 5138
186.103.159.44 - - [29/Feb/2016:11:40:07 -0300] "POST /cormun/servlet/trsolicitudot?c56cfb37e2fb9efd8fe83a46fd099e14,gx-no-cache=1456756618821,gx-no-cache=1456756829775 HTTP/1.1" 200 5138
186.103.159.44 - - [29/Feb/2016:11:40:08 -0300] "POST /cormun/servlet/trsolicitudot?c56cfb37e2fb9efd8fe83a46fd099e14,gx-no-cache=1456756618821,gx-no-cache=1456756830171 HTTP/1.1" 200 5138
186.67.172.234 - - [29/Feb/2016:11:40:08 -0300] "GET /cormun/servlet/hlogin HTTP/1.1" 200 1718
186.103.159.44 - - [29/Feb/2016:11:40:08 -0300] "POST /cormun/servlet/trsolicitudot?c56cfb37e2fb9efd8fe83a46fd099e14,gx-no-cache=1456756618821,gx-no-cache=1456756830576 HTTP/1.1" 200 5138
186.103.159.44 - - [29/Feb/2016:11:40:09 -0300] "POST /cormun/servlet/trsolicitudot?c56cfb37e2fb9efd8fe83a46fd099e14,gx-no-cache=1456756618821,gx-no-cache=1456756831076 HTTP/1.1" 200 105
186.67.172.234 - - [29/Feb/2016:11:40:10 -0300] "POST /cormun/servlet/hlogin?ccacbdd397519b3e20a6f4b199696aa2,gx-no-cache=1456756862428 HTTP/1.1" 200 90
186.67.172.234 - - [29/Feb/2016:11:40:10 -0300] "GET /cormun/servlet/hpexe_link HTTP/1.1" 200 947
186.67.172.234 - - [29/Feb/2016:11:40:10 -0300] "GET /cormun/servlet/hhome HTTP/1.1" 200 3392
186.67.172.234 - - [29/Feb/2016:11:40:11 -0300] "GET /cormun/servlet/hhome HTTP/1.1" 200 3389
186.103.159.44 - - [29/Feb/2016:11:40:12 -0300] "GET /cormun/servlet/trsolicitudadjuntos?2016,230, HTTP/1.1" 200 7833
186.103.248.213 - - [29/Feb/2016:11:40:15 -0300] "GET /cormun/servlet/solicitudotadjuntos?9f9d064e1bdfe224c70b4d7940ae828603c3675364265b5b176b2f6fa8a38ba6,gx-no-cache=1456756843426 HTTP/1.1" 200 30
186.103.248.213 - - [29/Feb/2016:11:40:15 -0300] "GET /cormun/servlet/solicitudotadjuntos?9f9d064e1bdfe224c70b4d7940ae828603c3675364265b5b176b2f6fa8a38ba6,gx-no-cache=1456756843609 HTTP/1.1" 200 30
186.67.172.234 - - [29/Feb/2016:11:40:15 -0300] "GET /cormun/servlet/trsolicitudot? HTTP/1.1" 200 6109
186.67.172.234 - - [29/Feb/2016:11:40:16 -0300] "GET /cormun/servlet/trsolicitudot? HTTP/1.1" 200 6109
186.103.248.213 - - [29/Feb/2016:11:40:16 -0300] "POST /cormun/servlet/solicitudotadjuntos?573b8762d6ac1acfa3e7b179059755ff,INS,2016,223,,1, HTTP/1.1" 200 116
186.103.248.213 - - [29/Feb/2016:11:40:17 -0300] "GET /cormun/servlet/hpexe_return? HTTP/1.1" 200 1025
186.103.248.213 - - [29/Feb/2016:11:40:17 -0300] "GET /cormun/static/gxcfg.js?2015111312145050 HTTP/1.1" 200 953
186.103.248.213 - - [29/Feb/2016:11:40:17 -0300] "GET /cormun/static/hpexe_return.js?2015111312145056 HTTP/1.1" 200 1633
186.103.248.213 - - [29/Feb/2016:11:40:17 -0300] "GET /cormun/static/Resources/Spanish/PXTools.css?12112540 HTTP/1.1" 200 89042
186.103.248.213 - - [29/Feb/2016:11:40:18 -0300] "GET /cormun/servlet/trsolicitudadjuntos?2016,223, HTTP/1.1" 200 7819
186.103.159.44 - - [29/Feb/2016:11:40:19 -0300] "POST /cormun/servlet/trsolicitudadjuntos?c56cfb37e2fb9efd8fe83a46fd099e14,2016,230,,gx-no-cache=1456756841452 HTTP/1.1" 200 6565
186.67.172.234 - - [29/Feb/2016:11:40:19 -0300] "GET /cormun/servlet/solicitudot?INS,0,0, HTTP/1.1" 200 12034
186.67.172.234 - - [29/Feb/2016:11:40:20 -0300] "GET /cormun/servlet/solicitudot?INS,0,0, HTTP/1.1" 200 12039
186.103.248.213 - - [29/Feb/2016:11:40:21 -0300] "GET /cormun/servlet/trsolicitudadjuntos?2016,223, HTTP/1.1" 200 7819
186.103.159.44 - - [29/Feb/2016:11:40:26 -0300] "POST /cormun/servlet/trsolicitudadjuntos?c56cfb37e2fb9efd8fe83a46fd099e14,2016,230,,gx-no-cache=1456756848517 HTTP/1.1" 200 6566
186.103.248.213 - - [29/Feb/2016:11:40:29 -0300] "GET /cormun/servlet/solicitudotadjuntos?INS,2016,223,,1, HTTP/1.1" 200 5452
186.103.248.213 - - [29/Feb/2016:11:40:30 -0300] "GET /cormun/static/about:blank HTTP/1.1" 404 1011
186.103.159.44 - - [29/Feb/2016:11:40:31 -0300] "GET /cormun/servlet/trsolicitudot? HTTP/1.1" 200 7677
186.103.248.213 - - [29/Feb/2016:11:40:32 -0300] "GET /cormun/servlet/solicitudotadjuntos?INS,2016,223,,1, HTTP/1.1" 200 5446
186.103.248.213 - - [29/Feb/2016:11:40:33 -0300] "GET /cormun/servlet/solicitudotadjuntos?9f9d064e1bdfe224c70b4d7940ae8286ac9e096cb770841539c8eb4aa2e24f51edc124ab7e2df225e12a49c25824b5f1,gx-no-cache=1456756861539 HTTP/1.1" 200 30
186.103.248.213 - - [29/Feb/2016:11:40:33 -0300] "POST /cormun/servlet/solicitudotadjuntos?573b8762d6ac1acfa3e7b179059755ff,INS,2016,223,,1,,gx-no-cache=1456756861661 HTTP/1.1" 200 3348
186.103.248.213 - - [29/Feb/2016:11:40:39 -0300] "POST /cormun/servlet/solicitudotadjuntos?gx-no-cache=1456756867518 HTTP/1.1" 200 26
186.103.159.44 - - [29/Feb/2016:11:40:39 -0300] "POST /cormun/servlet/trsolicitudot?c56cfb37e2fb9efd8fe83a46fd099e14,,gx-no-cache=1456756861878 HTTP/1.1" 200 5147
186.103.159.44 - - [29/Feb/2016:11:40:40 -0300] "POST /cormun/servlet/trsolicitudot?c56cfb37e2fb9efd8fe83a46fd099e14,,gx-no-cache=1456756862171 HTTP/1.1" 200 5147
186.103.159.44 - - [29/Feb/2016:11:40:40 -0300] "POST /cormun/servlet/trsolicitudot?c56cfb37e2fb9efd8fe83a46fd099e14,,gx-no-cache=1456756862856 HTTP/1.1" 200 5146
186.103.159.44 - - [29/Feb/2016:11:40:41 -0300] "POST /cormun/servlet/trsolicitudot?c56cfb37e2fb9efd8fe83a46fd099e14,,gx-no-cache=1456756863255 HTTP/1.1" 200 5148
186.103.159.44 - - [29/Feb/2016:11:40:42 -0300] "POST /cormun/servlet/trsolicitudot?c56cfb37e2fb9efd8fe83a46fd099e14,,gx-no-cache=1456756864030 HTTP/1.1" 200 5146
186.103.159.44 - - [29/Feb/2016:11:40:42 -0300] "POST /cormun/servlet/trsolicitudot?c56cfb37e2fb9efd8fe83a46fd099e14,,gx-no-cache=1456756864430 HTTP/1.1" 200 5147
186.103.159.44 - - [29/Feb/2016:11:40:42 -0300] "POST /cormun/servlet/trsolicitudot?c56cfb37e2fb9efd8fe83a46fd099e14,,gx-no-cache=1456756864859 HTTP/1.1" 200 5147
186.103.159.44 - - [29/Feb/2016:11:40:46 -0300] "POST /cormun/servlet/trsolicitudot?c56cfb37e2fb9efd8fe83a46fd099e14,,gx-no-cache=1456756865322 HTTP/1.1" 200 105
186.103.159.44 - - [29/Feb/2016:11:40:46 -0300] "GET /cormun/servlet/trsolicitudadjuntos?2016,231, HTTP/1.1" 200 5339
186.103.159.44 - - [29/Feb/2016:11:40:49 -0300] "GET /cormun/servlet/solicitudotadjuntos?INS,2016,231,,1, HTTP/1.1" 200 5397
186.103.159.44 - - [29/Feb/2016:11:40:49 -0300] "HEAD /cormun/static/about:blank HTTP/1.1" 404 -
186.67.172.234 - - [29/Feb/2016:11:40:50 -0300] "POST /cormun/servlet/solicitudot?gx-no-cache=1456756901705 HTTP/1.1" 200 2777
186.67.172.234 - - [29/Feb/2016:11:40:50 -0300] "POST /cormun/servlet/solicitudot?ccacbdd397519b3e20a6f4b199696aa2,INS,0,0,,gx-no-cache=1456756901873 HTTP/1.1" 200 9523
186.103.159.44 - - [29/Feb/2016:11:40:50 -0300] "GET /cormun/servlet/solicitudotadjuntos?e849930c6c061238d51069243b251b9efc641cd654bdbf8be8c132f72849d1e3fa080f6f6e4f952aab56bf390670113a,gx-no-cache=1456756872788 HTTP/1.1" 200 30
186.103.159.44 - - [29/Feb/2016:11:40:50 -0300] "POST /cormun/servlet/solicitudotadjuntos?c56cfb37e2fb9efd8fe83a46fd099e14,INS,2016,231,,1,,gx-no-cache=1456756872815 HTTP/1.1" 200 3310
186.103.159.44 - - [29/Feb/2016:11:40:53 -0300] "POST /cormun/servlet/solicitudotadjuntos?gx-no-cache=1456756876030 HTTP/1.1" 200 26
186.103.159.44 - - [29/Feb/2016:11:40:59 -0300] "GET /cormun/servlet/solicitudotadjuntos?e849930c6c061238d51069243b251b9eb7ad327a02d5f8f4ca770e9782efeacc,gx-no-cache=1456756881274 HTTP/1.1" 200 30
186.103.159.44 - - [29/Feb/2016:11:40:59 -0300] "GET /cormun/servlet/solicitudotadjuntos?e849930c6c061238d51069243b251b9eb7ad327a02d5f8f4ca770e9782efeacc,gx-no-cache=1456756881290 HTTP/1.1" 200 30
186.103.159.44 - - [29/Feb/2016:11:40:59 -0300] "POST /cormun/servlet/solicitudotadjuntos?c56cfb37e2fb9efd8fe83a46fd099e14,INS,2016,231,,1, HTTP/1.1" 200 116
186.103.159.44 - - [29/Feb/2016:11:40:59 -0300] "GET /cormun/servlet/hpexe_return? HTTP/1.1" 200 1015
186.103.159.44 - - [29/Feb/2016:11:40:59 -0300] "GET /cormun/servlet/trsolicitudadjuntos?2016,231, HTTP/1.1" 200 7243
186.103.248.213 - - [29/Feb/2016:11:41:00 -0300] "POST /cormun/servlet/solicitudotadjuntos?gx-no-cache=1456756888610 HTTP/1.1" 200 26
186.103.159.44 - - [29/Feb/2016:11:41:02 -0300] "GET /cormun/servlet/solicitudotadjuntos?INS,2016,231,,1, HTTP/1.1" 200 5397
186.103.159.44 - - [29/Feb/2016:11:41:02 -0300] "HEAD /cormun/static/about:blank HTTP/1.1" 404 -
186.103.159.44 - - [29/Feb/2016:11:41:03 -0300] "GET /cormun/servlet/solicitudotadjuntos?e849930c6c061238d51069243b251b9efc641cd654bdbf8be8c132f72849d1e3fa080f6f6e4f952aab56bf390670113a,gx-no-cache=1456756885677 HTTP/1.1" 200 30
186.103.159.44 - - [29/Feb/2016:11:41:03 -0300] "POST /cormun/servlet/solicitudotadjuntos?c56cfb37e2fb9efd8fe83a46fd099e14,INS,2016,231,,1,,gx-no-cache=1456756885709 HTTP/1.1" 200 3310
186.103.159.44 - - [29/Feb/2016:11:41:08 -0300] "POST /cormun/servlet/solicitudotadjuntos?gx-no-cache=1456756890682 HTTP/1.1" 200 26
186.103.248.213 - - [29/Feb/2016:11:41:22 -0300] "GET /cormun/servlet/solicitudotadjuntos?9f9d064e1bdfe224c70b4d7940ae828603c3675364265b5b176b2f6fa8a38ba6,gx-no-cache=1456756911205 HTTP/1.1" 200 30
186.103.248.213 - - [29/Feb/2016:11:41:22 -0300] "GET /cormun/servlet/solicitudotadjuntos?9f9d064e1bdfe224c70b4d7940ae828603c3675364265b5b176b2f6fa8a38ba6,gx-no-cache=1456756911419 HTTP/1.1" 200 30
186.103.248.213 - - [29/Feb/2016:11:41:23 -0300] "POST /cormun/servlet/solicitudotadjuntos?573b8762d6ac1acfa3e7b179059755ff,INS,2016,223,,1, HTTP/1.1" 200 116
186.103.248.213 - - [29/Feb/2016:11:41:23 -0300] "GET /cormun/servlet/hpexe_return? HTTP/1.1" 200 1025
186.103.248.213 - - [29/Feb/2016:11:41:24 -0300] "GET /cormun/servlet/trsolicitudadjuntos?2016,223, HTTP/1.1" 200 7966
186.103.248.213 - - [29/Feb/2016:11:41:26 -0300] "GET /cormun/servlet/trsolicitudadjuntos?2016,223, HTTP/1.1" 200 7961
186.103.159.44 - - [29/Feb/2016:11:41:31 -0300] "GET /cormun/servlet/solicitudotadjuntos?e849930c6c061238d51069243b251b9eb7ad327a02d5f8f4ca770e9782efeacc,gx-no-cache=1456756913202 HTTP/1.1" 200 30
186.103.159.44 - - [29/Feb/2016:11:41:31 -0300] "GET /cormun/servlet/solicitudotadjuntos?e849930c6c061238d51069243b251b9eb7ad327a02d5f8f4ca770e9782efeacc,gx-no-cache=1456756913298 HTTP/1.1" 200 30
186.103.159.44 - - [29/Feb/2016:11:41:31 -0300] "POST /cormun/servlet/solicitudotadjuntos?c56cfb37e2fb9efd8fe83a46fd099e14,INS,2016,231,,1, HTTP/1.1" 200 116
186.103.159.44 - - [29/Feb/2016:11:41:31 -0300] "GET /cormun/servlet/hpexe_return? HTTP/1.1" 200 1015
186.103.159.44 - - [29/Feb/2016:11:41:31 -0300] "GET /cormun/servlet/trsolicitudadjuntos?2016,231, HTTP/1.1" 200 7400
186.103.248.213 - - [29/Feb/2016:11:41:32 -0300] "GET /cormun/servlet/solicitudotadjuntos?INS,2016,223,,1, HTTP/1.1" 200 5452
186.103.248.213 - - [29/Feb/2016:11:41:32 -0300] "GET /cormun/static/about:blank HTTP/1.1" 404 1011
186.103.248.213 - - [29/Feb/2016:11:41:34 -0300] "GET /cormun/servlet/solicitudotadjuntos?INS,2016,223,,1, HTTP/1.1" 200 5446
186.103.159.44 - - [29/Feb/2016:11:41:34 -0300] "GET /cormun/servlet/solicitudotadjuntos?INS,2016,231,,1, HTTP/1.1" 200 5397
186.103.159.44 - - [29/Feb/2016:11:41:34 -0300] "HEAD /cormun/static/about:blank HTTP/1.1" 404 -
186.103.248.213 - - [29/Feb/2016:11:41:35 -0300] "GET /cormun/servlet/solicitudotadjuntos?9f9d064e1bdfe224c70b4d7940ae8286ac9e096cb770841539c8eb4aa2e24f51edc124ab7e2df225e12a49c25824b5f1,gx-no-cache=1456756923482 HTTP/1.1" 200 30
186.103.248.213 - - [29/Feb/2016:11:41:35 -0300] "POST /cormun/servlet/solicitudotadjuntos?573b8762d6ac1acfa3e7b179059755ff,INS,2016,223,,1,,gx-no-cache=1456756923648 HTTP/1.1" 200 3349
186.103.159.44 - - [29/Feb/2016:11:41:35 -0300] "GET /cormun/servlet/solicitudotadjuntos?e849930c6c061238d51069243b251b9efc641cd654bdbf8be8c132f72849d1e3fa080f6f6e4f952aab56bf390670113a,gx-no-cache=1456756917685 HTTP/1.1" 200 30
186.103.159.44 - - [29/Feb/2016:11:41:35 -0300] "POST /cormun/servlet/solicitudotadjuntos?c56cfb37e2fb9efd8fe83a46fd099e14,INS,2016,231,,1,,gx-no-cache=1456756917720 HTTP/1.1" 200 3311
186.103.159.44 - - [29/Feb/2016:11:41:40 -0300] "POST /cormun/servlet/solicitudotadjuntos?gx-no-cache=1456756922674 HTTP/1.1" 200 26
186.103.248.213 - - [29/Feb/2016:11:41:40 -0300] "POST /cormun/servlet/solicitudotadjuntos?gx-no-cache=1456756929087 HTTP/1.1" 200 26
186.103.159.44 - - [29/Feb/2016:11:41:47 -0300] "GET /cormun/servlet/solicitudotadjuntos?e849930c6c061238d51069243b251b9eb7ad327a02d5f8f4ca770e9782efeacc,gx-no-cache=1456756929378 HTTP/1.1" 200 30
186.103.159.44 - - [29/Feb/2016:11:41:47 -0300] "GET /cormun/servlet/solicitudotadjuntos?e849930c6c061238d51069243b251b9eb7ad327a02d5f8f4ca770e9782efeacc,gx-no-cache=1456756929394 HTTP/1.1" 200 30
186.103.159.44 - - [29/Feb/2016:11:41:49 -0300] "POST /cormun/servlet/solicitudotadjuntos?c56cfb37e2fb9efd8fe83a46fd099e14,INS,2016,231,,1, HTTP/1.1" 200 116
186.103.159.44 - - [29/Feb/2016:11:41:49 -0300] "GET /cormun/servlet/hpexe_return? HTTP/1.1" 200 1015
186.103.159.44 - - [29/Feb/2016:11:41:49 -0300] "GET /cormun/servlet/trsolicitudadjuntos?2016,231, HTTP/1.1" 200 7561
186.103.159.44 - - [29/Feb/2016:11:41:53 -0300] "GET /cormun/servlet/solicitudotadjuntos?INS,2016,231,,1, HTTP/1.1" 200 5397
186.103.159.44 - - [29/Feb/2016:11:41:53 -0300] "HEAD /cormun/static/about:blank HTTP/1.1" 404 -
186.103.159.44 - - [29/Feb/2016:11:41:54 -0300] "GET /cormun/servlet/solicitudotadjuntos?e849930c6c061238d51069243b251b9efc641cd654bdbf8be8c132f72849d1e3fa080f6f6e4f952aab56bf390670113a,gx-no-cache=1456756936507 HTTP/1.1" 200 30
186.103.159.44 - - [29/Feb/2016:11:41:54 -0300] "POST /cormun/servlet/solicitudotadjuntos?c56cfb37e2fb9efd8fe83a46fd099e14,INS,2016,231,,1,,gx-no-cache=1456756936567 HTTP/1.1" 200 3311
186.103.159.44 - - [29/Feb/2016:11:41:57 -0300] "POST /cormun/servlet/solicitudotadjuntos?gx-no-cache=1456756940050 HTTP/1.1" 200 26
186.103.159.44 - - [29/Feb/2016:11:42:05 -0300] "GET /cormun/servlet/solicitudotadjuntos?e849930c6c061238d51069243b251b9eb7ad327a02d5f8f4ca770e9782efeacc,gx-no-cache=1456756947146 HTTP/1.1" 200 30
186.103.159.44 - - [29/Feb/2016:11:42:05 -0300] "GET /cormun/servlet/solicitudotadjuntos?e849930c6c061238d51069243b251b9eb7ad327a02d5f8f4ca770e9782efeacc,gx-no-cache=1456756947201 HTTP/1.1" 200 30
186.103.159.44 - - [29/Feb/2016:11:42:05 -0300] "POST /cormun/servlet/solicitudotadjuntos?c56cfb37e2fb9efd8fe83a46fd099e14,INS,2016,231,,1, HTTP/1.1" 200 116
186.103.159.44 - - [29/Feb/2016:11:42:05 -0300] "GET /cormun/servlet/hpexe_return? HTTP/1.1" 200 1015
186.103.159.44 - - [29/Feb/2016:11:42:06 -0300] "GET /cormun/servlet/trsolicitudadjuntos?2016,231, HTTP/1.1" 200 7703
186.103.248.213 - - [29/Feb/2016:11:42:08 -0300] "GET /cormun/servlet/solicitudotadjuntos?9f9d064e1bdfe224c70b4d7940ae828603c3675364265b5b176b2f6fa8a38ba6,gx-no-cache=1456756956619 HTTP/1.1" 200 30
186.103.248.213 - - [29/Feb/2016:11:42:08 -0300] "GET /cormun/servlet/solicitudotadjuntos?9f9d064e1bdfe224c70b4d7940ae828603c3675364265b5b176b2f6fa8a38ba6,gx-no-cache=1456756956843 HTTP/1.1" 200 30
186.103.159.44 - - [29/Feb/2016:11:42:11 -0300] "GET /cormun/servlet/solicitudotadjuntos?INS,2016,231,,1, HTTP/1.1" 200 5397
186.103.159.44 - - [29/Feb/2016:11:42:11 -0300] "HEAD /cormun/static/about:blank HTTP/1.1" 404 -
186.103.248.213 - - [29/Feb/2016:11:42:11 -0300] "POST /cormun/servlet/solicitudotadjuntos?573b8762d6ac1acfa3e7b179059755ff,INS,2016,223,,1, HTTP/1.1" 200 5316
186.103.248.213 - - [29/Feb/2016:11:42:12 -0300] "GET /home/sistema/apache-tomcat-7.0.65/webapps/cormun/PrivateTempStorage/upload_00002706.pdf HTTP/1.1" 404 1135
186.103.248.213 - - [29/Feb/2016:11:42:12 -0300] "GET /home/sistema/apache-tomcat-7.0.65/webapps/cormun/PrivateTempStorage/upload_00002706.pdf HTTP/1.1" 404 1135
186.103.248.213 - - [29/Feb/2016:11:42:12 -0300] "GET /cormun/static/Shared/jqueryui/images/ui-bg_highlight-soft_100_c6c2c8_1x100.png HTTP/1.1" 404 1117
186.103.248.213 - - [29/Feb/2016:11:42:12 -0300] "GET /cormun/static/Shared/jqueryui/images/ui-icons_82798d_256x240.png HTTP/1.1" 404 1089
186.103.159.44 - - [29/Feb/2016:11:42:12 -0300] "GET /cormun/servlet/solicitudotadjuntos?e849930c6c061238d51069243b251b9efc641cd654bdbf8be8c132f72849d1e3fa080f6f6e4f952aab56bf390670113a,gx-no-cache=1456756954599 HTTP/1.1" 200 30
186.103.248.213 - - [29/Feb/2016:11:42:12 -0300] "GET /cormun/static/Shared/jqueryui/images/ui-icons_ebccce_256x240.png HTTP/1.1" 404 1089
186.103.248.213 - - [29/Feb/2016:11:42:12 -0300] "GET /cormun/static/Shared/jqueryui/images/ui-bg_flat_55_994d53_40x100.png HTTP/1.1" 404 1097
186.103.159.44 - - [29/Feb/2016:11:42:12 -0300] "POST /cormun/servlet/solicitudotadjuntos?c56cfb37e2fb9efd8fe83a46fd099e14,INS,2016,231,,1,,gx-no-cache=1456756954657 HTTP/1.1" 200 3311
186.103.248.213 - - [29/Feb/2016:11:42:14 -0300] "GET /cormun/PrivateTempStorage/upload_00002706.pdf HTTP/1.1" 200 189109
186.103.248.213 - - [29/Feb/2016:11:42:15 -0300] "GET /cormun/PrivateTempStorage/upload_00002706.pdf HTTP/1.1" 304 -
186.103.248.213 - - [29/Feb/2016:11:42:16 -0300] "GET /cormun/PrivateTempStorage/upload_00002706.pdf HTTP/1.1" 304 -
186.103.159.44 - - [29/Feb/2016:11:42:19 -0300] "POST /cormun/servlet/solicitudotadjuntos?c56cfb37e2fb9efd8fe83a46fd099e14,INS,2016,231,,1,,gx-no-cache=1456756961204 HTTP/1.1" 200 93
186.103.159.44 - - [29/Feb/2016:11:42:19 -0300] "GET /cormun/servlet/hpexe_return? HTTP/1.1" 200 1015
186.103.159.44 - - [29/Feb/2016:11:42:19 -0300] "GET /cormun/servlet/trsolicitudadjuntos?2016,231, HTTP/1.1" 200 7704
186.103.159.44 - - [29/Feb/2016:11:42:22 -0300] "GET /cormun/servlet/solicitudotadjuntos?INS,2016,231,,2, HTTP/1.1" 200 5395
186.103.159.44 - - [29/Feb/2016:11:42:22 -0300] "HEAD /cormun/static/about:blank HTTP/1.1" 404 -
186.103.159.44 - - [29/Feb/2016:11:42:23 -0300] "GET /cormun/servlet/solicitudotadjuntos?e849930c6c061238d51069243b251b9efc641cd654bdbf8be8c132f72849d1e3fa080f6f6e4f952aab56bf390670113a,gx-no-cache=1456756965838 HTTP/1.1" 200 30
186.103.159.44 - - [29/Feb/2016:11:42:23 -0300] "POST /cormun/servlet/solicitudotadjuntos?c56cfb37e2fb9efd8fe83a46fd099e14,INS,2016,231,,2,,gx-no-cache=1456756965867 HTTP/1.1" 200 3456
186.103.248.213 - - [29/Feb/2016:11:42:29 -0300] "GET /cormun/servlet/solicitudotadjuntos?9f9d064e1bdfe224c70b4d7940ae828686fb75aaeffa78426827ba110a92489aedc124ab7e2df225e12a49c25824b5f1,gx-no-cache=1456756977785 HTTP/1.1" 200 30
186.103.159.44 - - [29/Feb/2016:11:42:29 -0300] "POST /cormun/servlet/solicitudotadjuntos?gx-no-cache=1456756971498 HTTP/1.1" 200 26
186.103.248.213 - - [29/Feb/2016:11:42:29 -0300] "GET /cormun/servlet/solicitudotadjuntos?9f9d064e1bdfe224c70b4d7940ae828634fa4ee76df9f32ac2ced4b776c09d05edc124ab7e2df225e12a49c25824b5f1,gx-no-cache=1456756977926 HTTP/1.1" 200 30
186.103.248.213 - - [29/Feb/2016:11:42:32 -0300] "POST /cormun/servlet/solicitudotadjuntos?573b8762d6ac1acfa3e7b179059755ff,INS,2016,223,,1, HTTP/1.1" 200 5317
186.103.248.213 - - [29/Feb/2016:11:42:33 -0300] "GET /home/sistema/apache-tomcat-7.0.65/webapps/cormun/PrivateTempStorage/upload_00002718.pdf HTTP/1.1" 404 1135
186.103.159.44 - - [29/Feb/2016:11:42:34 -0300] "GET /cormun/servlet/solicitudotadjuntos?e849930c6c061238d51069243b251b9eb7ad327a02d5f8f4ca770e9782efeacc,gx-no-cache=1456756976666 HTTP/1.1" 200 30
186.103.159.44 - - [29/Feb/2016:11:42:34 -0300] "GET /cormun/servlet/solicitudotadjuntos?e849930c6c061238d51069243b251b9eb7ad327a02d5f8f4ca770e9782efeacc,gx-no-cache=1456756976681 HTTP/1.1" 200 30
186.103.159.44 - - [29/Feb/2016:11:42:34 -0300] "POST /cormun/servlet/solicitudotadjuntos?c56cfb37e2fb9efd8fe83a46fd099e14,INS,2016,231,,2, HTTP/1.1" 200 116
186.103.159.44 - - [29/Feb/2016:11:42:34 -0300] "GET /cormun/servlet/hpexe_return? HTTP/1.1" 200 1016
186.103.248.213 - - [29/Feb/2016:11:42:35 -0300] "GET /cormun/PrivateTempStorage/upload_00002718.pdf HTTP/1.1" 200 189109
186.103.159.44 - - [29/Feb/2016:11:42:35 -0300] "GET /cormun/servlet/trsolicitudadjuntos?2016,231, HTTP/1.1" 200 7848
186.103.248.213 - - [29/Feb/2016:11:42:35 -0300] "GET /cormun/PrivateTempStorage/upload_00002718.pdf HTTP/1.1" 206 32768
186.103.248.213 - - [29/Feb/2016:11:42:36 -0300] "GET /cormun/PrivateTempStorage/upload_00002718.pdf HTTP/1.1" 206 156341
186.103.159.44 - - [29/Feb/2016:11:42:41 -0300] "GET /cormun/servlet/trsolicitudot? HTTP/1.1" 200 7677
186.103.248.213 - - [29/Feb/2016:11:42:41 -0300] "POST /cormun/servlet/solicitudotadjuntos?gx-no-cache=1456756989700 HTTP/1.1" 200 26
186.103.159.44 - - [29/Feb/2016:11:43:01 -0300] "GET /cormun/servlet/solicitudot?INS,0,0, HTTP/1.1" 200 12041
186.103.248.213 - - [29/Feb/2016:11:43:35 -0300] "POST /cormun/servlet/solicitudotadjuntos?573b8762d6ac1acfa3e7b179059755ff,INS,2016,223,,1,,gx-no-cache=1456757043724 HTTP/1.1" 200 90
186.103.248.213 - - [29/Feb/2016:11:43:35 -0300] "GET /cormun/servlet/hpexe_link HTTP/1.1" 200 979
186.103.248.213 - - [29/Feb/2016:11:43:36 -0300] "GET /cormun/servlet/trsolicitudadjuntos?2016,223, HTTP/1.1" 200 7960
186.103.248.213 - - [29/Feb/2016:11:43:39 -0300] "GET /cormun/servlet/trsolicitudadjuntos?2016,223, HTTP/1.1" 200 7963
186.103.159.44 - - [29/Feb/2016:11:43:45 -0300] "POST /cormun/servlet/solicitudot?gx-no-cache=1456757047352 HTTP/1.1" 200 2669
186.103.159.44 - - [29/Feb/2016:11:43:45 -0300] "POST /cormun/servlet/solicitudot?c56cfb37e2fb9efd8fe83a46fd099e14,INS,0,0,,gx-no-cache=1456757047513 HTTP/1.1" 200 9382
186.103.159.44 - - [29/Feb/2016:11:43:47 -0300] "GET /cormun/servlet/solicitudot?e849930c6c061238d51069243b251b9e276282e1d85851676a666a5e0fc3955c606dcf9e8a366dd9cef062266e0512cf,gx-no-cache=1456757049287 HTTP/1.1" 200 30
186.78.49.227 - - [29/Feb/2016:11:43:55 -0300] "POST /cormun/servlet/solicitudot?gx-no-cache=1456757233651 HTTP/1.1" 200 122
186.78.49.227 - - [29/Feb/2016:11:43:55 -0300] "POST /cormun/servlet/solicitudot?gx-no-cache=1456757233889 HTTP/1.1" 200 1154
186.78.49.227 - - [29/Feb/2016:11:43:55 -0300] "GET /cormun/servlet/solicitudot?89d90c473808b72bbb7d3324061b0053530dd1cfb6d2d2805c820af9e465269209707bcd185711d063a96c122fcffebec0312c20c0c195980863afdae8980b5eebcd3afc60b85b36458b1369c55204da5051fb06a148601636af379f493aab040121b914608a712e93b6994b0e0138620112792ce4c8e922664a02f6c91c94e7422ec6b881062bc259c6001b0b0b960e,gx-no-cache=1456757234091 HTTP/1.1" 200 38
186.78.49.227 - - [29/Feb/2016:11:43:56 -0300] "POST /cormun/servlet/solicitudot?gx-no-cache=1456757234173 HTTP/1.1" 200 1116
186.78.49.227 - - [29/Feb/2016:11:44:02 -0300] "GET /cormun/static/menuarrow.gif HTTP/1.1" 404 1015
186.103.248.213 - - [29/Feb/2016:11:44:07 -0300] "GET /cormun/servlet/hlogin HTTP/1.1" 200 1722
186.103.248.213 - - [29/Feb/2016:11:44:07 -0300] "GET /cormun/static/gxtimezone.js?85251 HTTP/1.1" 200 5781
186.103.248.213 - - [29/Feb/2016:11:44:07 -0300] "GET /cormun/static/gxcfg.js?20151120045111 HTTP/1.1" 200 953
186.103.248.213 - - [29/Feb/2016:11:44:07 -0300] "GET /cormun/static/hlogin.js?20151120045126 HTTP/1.1" 200 2136
186.103.248.213 - - [29/Feb/2016:11:44:08 -0300] "GET /cormun/static/messages.spa.js?85251 HTTP/1.1" 200 30736
186.103.248.213 - - [29/Feb/2016:11:44:08 -0300] "GET /cormun/static/Resources/ComunLogin.png HTTP/1.1" 200 17326
186.103.248.213 - - [29/Feb/2016:11:44:08 -0300] "GET /cormun/static/Resources/Spanish/PXTools.css?005343 HTTP/1.1" 200 89042
186.103.248.213 - - [29/Feb/2016:11:44:13 -0300] "GET /cormun/servlet/solicitudotadjuntos?INS,2016,223,,2, HTTP/1.1" 200 5452
186.103.248.213 - - [29/Feb/2016:11:44:13 -0300] "GET /cormun/static/about:blank HTTP/1.1" 404 1011
186.103.248.213 - - [29/Feb/2016:11:44:15 -0300] "GET /cormun/servlet/solicitudotadjuntos?INS,2016,223,,2, HTTP/1.1" 200 5446
186.103.248.213 - - [29/Feb/2016:11:44:22 -0300] "GET /cormun/servlet/solicitudotadjuntos?9f9d064e1bdfe224c70b4d7940ae8286ac9e096cb770841539c8eb4aa2e24f51edc124ab7e2df225e12a49c25824b5f1,gx-no-cache=1456757091431 HTTP/1.1" 200 30
186.103.248.213 - - [29/Feb/2016:11:44:23 -0300] "POST /cormun/servlet/solicitudotadjuntos?573b8762d6ac1acfa3e7b179059755ff,INS,2016,223,,2,,gx-no-cache=1456757091608 HTTP/1.1" 200 3493
186.103.248.213 - - [29/Feb/2016:11:44:25 -0300] "GET /cormun/static/gxgral.js?85251 HTTP/1.1" 200 114688
186.103.248.213 - - [29/Feb/2016:11:44:31 -0300] "POST /cormun/servlet/solicitudotadjuntos?gx-no-cache=1456757099563 HTTP/1.1" 200 26
186.103.248.213 - - [29/Feb/2016:11:44:59 -0300] "POST /cormun/servlet/solicitudotadjuntos?gx-no-cache=1456757127805 HTTP/1.1" 200 26
186.103.159.44 - - [29/Feb/2016:11:45:09 -0300] "POST /cormun/servlet/solicitudot?gx-no-cache=1456757131417 HTTP/1.1" 200 30
186.103.248.213 - - [29/Feb/2016:11:45:12 -0300] "GET /cormun/servlet/solicitudotadjuntos?9f9d064e1bdfe224c70b4d7940ae828603c3675364265b5b176b2f6fa8a38ba6,gx-no-cache=1456757140864 HTTP/1.1" 200 30
186.103.248.213 - - [29/Feb/2016:11:45:12 -0300] "GET /cormun/servlet/solicitudotadjuntos?9f9d064e1bdfe224c70b4d7940ae828603c3675364265b5b176b2f6fa8a38ba6,gx-no-cache=1456757140973 HTTP/1.1" 200 30
186.103.159.44 - - [29/Feb/2016:11:45:14 -0300] "POST /cormun/servlet/solicitudot?gx-no-cache=1456757136866 HTTP/1.1" 200 30
186.103.159.44 - - [29/Feb/2016:11:45:16 -0300] "POST /cormun/servlet/solicitudot?gx-no-cache=1456757138425 HTTP/1.1" 200 452
186.103.159.44 - - [29/Feb/2016:11:45:16 -0300] "GET /cormun/servlet/solicitudot?e849930c6c061238d51069243b251b9e2bbd00a9ba734600bee32d1c7c6a2138eb97a8d955df96cb954e896d0455514adf89fa4fc8825666d9f8e224bdc054047939ce168ac028f316e73bcc93c246a372bbb1414410c30c214a3c07fb81be5d80f7d85246f8b9a58af2fc5db382da18f233fbb4eac7f128852ef928919ad00a9245f64467f2839d81bed1be759b77fe,gx-no-cache=1456757138457 HTTP/1.1" 200 38
186.103.248.213 - - [29/Feb/2016:11:45:16 -0300] "POST /cormun/servlet/solicitudotadjuntos?573b8762d6ac1acfa3e7b179059755ff,INS,2016,223,,2, HTTP/1.1" 200 116
186.103.248.213 - - [29/Feb/2016:11:45:16 -0300] "GET /cormun/servlet/hpexe_return? HTTP/1.1" 200 1025
186.103.248.213 - - [29/Feb/2016:11:45:17 -0300] "GET /cormun/servlet/trsolicitudadjuntos?2016,223, HTTP/1.1" 200 8092
186.103.248.213 - - [29/Feb/2016:11:45:20 -0300] "GET /cormun/servlet/trsolicitudadjuntos?2016,223, HTTP/1.1" 200 8091
186.103.159.44 - - [29/Feb/2016:11:45:40 -0300] "GET /cormun/servlet/solicitudot?e849930c6c061238d51069243b251b9ecf3c5939d93dbf71d24e5fc08b4bad5f9cfe2b5deaaf65a9a9ff87a97e81e7afdc9d45532b2e5a417b210505fa4d20d002e25cc065a010d6d65b1b761224e268c4ad1566dd425239b16cc39dad49a9a4bfa6824790807618026472f72a003f76,gx-no-cache=1456757162357 HTTP/1.1" 200 29
186.103.159.44 - - [29/Feb/2016:11:45:41 -0300] "POST /cormun/servlet/solicitudot?gx-no-cache=1456757163569 HTTP/1.1" 200 1116
186.103.248.213 - - [29/Feb/2016:11:45:59 -0300] "GET /cormun/servlet/solicitudotadjuntos?INS,2016,223,,1, HTTP/1.1" 200 5451
186.103.248.213 - - [29/Feb/2016:11:46:00 -0300] "GET /cormun/static/about:blank HTTP/1.1" 404 1011
186.103.248.213 - - [29/Feb/2016:11:46:01 -0300] "GET /cormun/servlet/solicitudotadjuntos?INS,2016,223,,1, HTTP/1.1" 200 5445
186.103.248.213 - - [29/Feb/2016:11:46:02 -0300] "GET /cormun/servlet/solicitudotadjuntos?9f9d064e1bdfe224c70b4d7940ae8286ac9e096cb770841539c8eb4aa2e24f51edc124ab7e2df225e12a49c25824b5f1,gx-no-cache=1456757190592 HTTP/1.1" 200 30
186.103.248.213 - - [29/Feb/2016:11:46:02 -0300] "POST /cormun/servlet/solicitudotadjuntos?573b8762d6ac1acfa3e7b179059755ff,INS,2016,223,,1,,gx-no-cache=1456757190825 HTTP/1.1" 200 3348
186.103.248.213 - - [29/Feb/2016:11:46:04 -0300] "POST /cormun/servlet/solicitudotadjuntos?gx-no-cache=1456757193046 HTTP/1.1" 200 26
186.67.172.234 - - [29/Feb/2016:11:46:11 -0300] "GET /cormun/servlet/hlogin HTTP/1.1" 200 1718
186.67.172.234 - - [29/Feb/2016:11:46:11 -0300] "GET /cormun/static/gxtimezone.js?85251 HTTP/1.1" 200 5781
186.67.172.234 - - [29/Feb/2016:11:46:11 -0300] "GET /cormun/static/gxcfg.js?20151120045111 HTTP/1.1" 200 953
186.67.172.234 - - [29/Feb/2016:11:46:11 -0300] "GET /cormun/static/hlogin.js?20151120045126 HTTP/1.1" 200 2136
186.67.172.234 - - [29/Feb/2016:11:46:11 -0300] "GET /cormun/static/Resources/Spanish/PXTools.css?005343 HTTP/1.1" 200 89042
186.67.172.234 - - [29/Feb/2016:11:46:11 -0300] "GET /cormun/static/messages.spa.js?85251 HTTP/1.1" 200 30736
186.67.172.234 - - [29/Feb/2016:11:46:11 -0300] "GET /cormun/static/Resources/ComunLogin.png HTTP/1.1" 200 17326
186.67.172.234 - - [29/Feb/2016:11:46:11 -0300] "GET /cormun/static/gxgral.js?85251 HTTP/1.1" 200 384558
186.67.172.234 - - [29/Feb/2016:11:46:11 -0300] "GET /cormun/static/Resources/PXToolsLoginBackground.png HTTP/1.1" 200 1164
186.67.172.234 - - [29/Feb/2016:11:46:11 -0300] "GET /cormun/static/Resources/PXToolsButtonRight21.png HTTP/1.1" 200 1283
186.67.172.234 - - [29/Feb/2016:11:46:11 -0300] "GET /cormun/static/Resources/PXToolsButtonBackground2.png HTTP/1.1" 200 1181
186.67.172.234 - - [29/Feb/2016:11:46:11 -0300] "GET /cormun/static/Resources/PXToolsLoginTop.png HTTP/1.1" 200 1337
186.67.172.234 - - [29/Feb/2016:11:46:11 -0300] "GET /cormun/static/Resources/PXToolsLoginBottom.png HTTP/1.1" 200 1389
186.67.172.234 - - [29/Feb/2016:11:46:11 -0300] "GET /cormun/static/Resources/PXToolsButtonLeft21.png HTTP/1.1" 200 1287
186.67.172.234 - - [29/Feb/2016:11:46:12 -0300] "GET /cormun/static/Resources/indicator.gif HTTP/1.1" 200 1553
186.67.172.234 - - [29/Feb/2016:11:46:14 -0300] "POST /cormun/servlet/hlogin?ccacbdd397519b3e20a6f4b199696aa2,gx-no-cache=1456757225052 HTTP/1.1" 200 90
186.67.172.234 - - [29/Feb/2016:11:46:14 -0300] "GET /cormun/servlet/hpexe_link HTTP/1.1" 200 959
186.67.172.234 - - [29/Feb/2016:11:46:14 -0300] "GET /cormun/static/hpexe_link.js?20151120044398 HTTP/1.1" 200 625
186.67.172.234 - - [29/Feb/2016:11:46:14 -0300] "GET /cormun/static/gxcfg.js?20151120044395 HTTP/1.1" 200 953
186.103.248.213 - - [29/Feb/2016:11:46:14 -0300] "GET /cormun/servlet/solicitudotadjuntos?9f9d064e1bdfe224c70b4d7940ae828603c3675364265b5b176b2f6fa8a38ba6,gx-no-cache=1456757202629 HTTP/1.1" 200 30
186.103.248.213 - - [29/Feb/2016:11:46:14 -0300] "GET /cormun/servlet/solicitudotadjuntos?9f9d064e1bdfe224c70b4d7940ae828603c3675364265b5b176b2f6fa8a38ba6,gx-no-cache=1456757202743 HTTP/1.1" 200 30
186.67.172.234 - - [29/Feb/2016:11:46:14 -0300] "GET /cormun/servlet/solicitudot?INS,0,0, HTTP/1.1" 200 12036
186.67.172.234 - - [29/Feb/2016:11:46:14 -0300] "GET /cormun/static/Shared/jqueryui/jquery-ui.min.css?1345370 HTTP/1.1" 200 30288
186.67.172.234 - - [29/Feb/2016:11:46:14 -0300] "GET /cormun/static/SmoothNavMenu/resources/ddsmoothmenu-v.css?1112540 HTTP/1.1" 200 1188
186.67.172.234 - - [29/Feb/2016:11:46:14 -0300] "GET /cormun/static/calendar-system.css?85620 HTTP/1.1" 200 5572
186.67.172.234 - - [29/Feb/2016:11:46:14 -0300] "GET /cormun/static/SmoothNavMenu/resources/ddsmoothmenu.css?1112540 HTTP/1.1" 200 2223
186.67.172.234 - - [29/Feb/2016:11:46:14 -0300] "GET /cormun/static/scaMessage/css/jquery.pnotify.default.css?1816380 HTTP/1.1" 200 1707
186.67.172.234 - - [29/Feb/2016:11:46:14 -0300] "GET /cormun/static/gxcfg.js?201617004230 HTTP/1.1" 200 953
186.67.172.234 - - [29/Feb/2016:11:46:14 -0300] "GET /cormun/static/calendar-setup.js?85251 HTTP/1.1" 200 2588
186.67.172.234 - - [29/Feb/2016:11:46:14 -0300] "GET /cormun/static/calendar-es.js?85251 HTTP/1.1" 200 1901
186.67.172.234 - - [29/Feb/2016:11:46:14 -0300] "GET /cormun/static/calendar.js?85251 HTTP/1.1" 200 26246
186.67.172.234 - - [29/Feb/2016:11:46:14 -0300] "GET /cormun/static/Resources/Spanish/PXTools.css?17554516 HTTP/1.1" 200 89042
186.67.172.234 - - [29/Feb/2016:11:46:15 -0300] "GET /cormun/static/RunJS/RunJS.js HTTP/1.1" 200 288
186.67.172.234 - - [29/Feb/2016:11:46:15 -0300] "GET /cormun/static/PXToolsJavascripts/pexe_autoreload.js HTTP/1.1" 200 1762
186.67.172.234 - - [29/Feb/2016:11:46:15 -0300] "GET /cormun/static/PXToolsJavascripts/pexe_cookies.js HTTP/1.1" 200 792
186.67.172.234 - - [29/Feb/2016:11:46:15 -0300] "GET /cormun/static/PXToolsJavascripts/pexe_windows.js HTTP/1.1" 200 15207
186.67.172.234 - - [29/Feb/2016:11:46:15 -0300] "GET /cormun/static/PXToolsJavascripts/pexe_griddivfix.js HTTP/1.1" 200 6644
186.67.172.234 - - [29/Feb/2016:11:46:15 -0300] "GET /cormun/static/PXToolsJavascripts/pexe_grid.js HTTP/1.1" 200 7559
186.67.172.234 - - [29/Feb/2016:11:46:15 -0300] "GET /cormun/static/PXToolsJavascripts/pexe_link.js HTTP/1.1" 200 5671
186.67.172.234 - - [29/Feb/2016:11:46:15 -0300] "GET /cormun/static/PXToolsJavascripts/pexe_menus.js HTTP/1.1" 200 1286
186.67.172.234 - - [29/Feb/2016:11:46:15 -0300] "GET /cormun/static/PXToolsJavascripts/pexe_menudivfix.js HTTP/1.1" 200 333
186.67.172.234 - - [29/Feb/2016:11:46:15 -0300] "GET /cormun/static/PXToolsJavascripts/pexe_layers.js HTTP/1.1" 200 4114
186.67.172.234 - - [29/Feb/2016:11:46:15 -0300] "GET /cormun/static/PXToolsJavascripts/pexe_oav.js HTTP/1.1" 200 645
186.67.172.234 - - [29/Feb/2016:11:46:15 -0300] "GET /cormun/static/PXToolsJavascripts/pexe_oavdivfix.js HTTP/1.1" 200 639
186.67.172.234 - - [29/Feb/2016:11:46:15 -0300] "GET /cormun/static/PXToolsJavascripts/pexe_picture.js HTTP/1.1" 200 689
186.67.172.234 - - [29/Feb/2016:11:46:15 -0300] "GET /cormun/static/PXToolsJavascripts/pexe_tabdivfix.js HTTP/1.1" 200 876
186.67.172.234 - - [29/Feb/2016:11:46:15 -0300] "GET /cormun/static/PXToolsJavascripts/pexe_tabs.js HTTP/1.1" 200 3748
186.67.172.234 - - [29/Feb/2016:11:46:15 -0300] "GET /cormun/static/PXToolsJavascripts/PXToolsJavascriptsRender.js HTTP/1.1" 200 367
186.67.172.234 - - [29/Feb/2016:11:46:15 -0300] "GET /cormun/static/PXToolsJavascripts/pexe_popup.js HTTP/1.1" 200 13458
186.67.172.234 - - [29/Feb/2016:11:46:15 -0300] "GET /cormun/static/PXToolsJavascripts/pexe_scrolldiv.js HTTP/1.1" 200 4138
186.67.172.234 - - [29/Feb/2016:11:46:15 -0300] "GET /cormun/static/Shared/ext/locale/ext-lang-en.js HTTP/1.1" 200 10940
186.67.172.234 - - [29/Feb/2016:11:46:15 -0300] "GET /cormun/static/PXToolsJavascripts/pexe_upload.js HTTP/1.1" 200 1423
186.67.172.234 - - [29/Feb/2016:11:46:15 -0300] "GET /cormun/static/gxdec.js?85251 HTTP/1.1" 200 19579
186.67.172.234 - - [29/Feb/2016:11:46:15 -0300] "GET /cormun/static/solicitudot.js?201617004281 HTTP/1.1" 200 44291
186.67.172.234 - - [29/Feb/2016:11:46:15 -0300] "GET /cormun/static/hwchdr01.js?20162241650484 HTTP/1.1" 200 1002
186.67.172.234 - - [29/Feb/2016:11:46:15 -0300] "GET /cormun/static/hpexe_recentlink.js?2015111312121342 HTTP/1.1" 200 2144
186.67.172.234 - - [29/Feb/2016:11:46:15 -0300] "GET /cormun/static/hpexe_scripts.js?20151120014546 HTTP/1.1" 200 1544
186.67.172.234 - - [29/Feb/2016:11:46:16 -0300] "GET /cormun/static/gxui/gxui-all.js HTTP/1.1" 200 107772
186.67.172.234 - - [29/Feb/2016:11:46:16 -0300] "GET /cormun/static/cmcontrolpreferences.js?20151120014525 HTTP/1.1" 200 1375
186.67.172.234 - - [29/Feb/2016:11:46:16 -0300] "GET /cormun/static/hpexe_messagecontroller.js?2015112210524422 HTTP/1.1" 200 870
186.67.172.234 - - [29/Feb/2016:11:46:16 -0300] "GET /cormun/static/hpexe_messagegenexuscomponent.js?20151120014314 HTTP/1.1" 200 587
186.67.172.234 - - [29/Feb/2016:11:46:16 -0300] "GET /cormun/static/hpexe_messagepopupcomponent.js?201622412404545 HTTP/1.1" 200 605
186.67.172.234 - - [29/Feb/2016:11:46:16 -0300] "GET /cormun/static/SmoothNavMenu/resources/ddsmoothmenu.js HTTP/1.1" 200 12712
186.67.172.234 - - [29/Feb/2016:11:46:16 -0300] "GET /cormun/static/Shared/jquery/jquery-1.4.2.min.js HTTP/1.1" 200 72174
186.67.172.234 - - [29/Feb/2016:11:46:16 -0300] "GET /cormun/static/SmoothNavMenu/resources/SmoothNavMenuRender.js HTTP/1.1" 200 5951
186.103.248.213 - - [29/Feb/2016:11:46:16 -0300] "POST /cormun/servlet/solicitudotadjuntos?573b8762d6ac1acfa3e7b179059755ff,INS,2016,223,,1, HTTP/1.1" 200 116
186.67.172.234 - - [29/Feb/2016:11:46:16 -0300] "GET /cormun/static/scaMessage/js/jquery.pnotify.min.js HTTP/1.1" 200 13038
186.103.248.213 - - [29/Feb/2016:11:46:16 -0300] "GET /cormun/servlet/hpexe_return? HTTP/1.1" 200 1025
186.67.172.234 - - [29/Feb/2016:11:46:16 -0300] "GET /cormun/static/Shared/jquery/jquery-1.10.2.min.js HTTP/1.1" 200 273199
186.67.172.234 - - [29/Feb/2016:11:46:16 -0300] "GET /cormun/static/scaMessage/scaMessageRender.js HTTP/1.1" 200 11977
186.67.172.234 - - [29/Feb/2016:11:46:16 -0300] "GET /cormun/static/hmpwkw03.js?201622421393366 HTTP/1.1" 200 3845
186.67.172.234 - - [29/Feb/2016:11:46:16 -0300] "GET /cormun/static/Resources/logo4.png HTTP/1.1" 200 6582
186.67.172.234 - - [29/Feb/2016:11:46:16 -0300] "GET /cormun/static/Resources/PXToolsHeaderActionsLeft.png HTTP/1.1" 200 1118
186.67.172.234 - - [29/Feb/2016:11:46:16 -0300] "GET /cormun/static/Resources/PXToolsHeaderHome.png HTTP/1.1" 200 4147
186.67.172.234 - - [29/Feb/2016:11:46:16 -0300] "GET /cormun/static/Resources/PXToolsHeaderLogin.png HTTP/1.1" 200 4279
186.67.172.234 - - [29/Feb/2016:11:46:16 -0300] "GET /cormun/static/Shared/jqueryui/jquery-ui.min.js HTTP/1.1" 200 240427
186.67.172.234 - - [29/Feb/2016:11:46:16 -0300] "GET /cormun/static/Resources/PXToolsHeaderPreferences.png HTTP/1.1" 200 4189
186.67.172.234 - - [29/Feb/2016:11:46:16 -0300] "GET /cormun/static/Resources/PXToolsHeaderSecurity.png HTTP/1.1" 200 4166
186.67.172.234 - - [29/Feb/2016:11:46:17 -0300] "GET /cormun/static/Resources/PXToolsHeaderActionsRight.png HTTP/1.1" 200 1201
186.67.172.234 - - [29/Feb/2016:11:46:17 -0300] "GET /cormun/static/Resources/PXTools/calendar.png HTTP/1.1" 200 1306
186.67.172.234 - - [29/Feb/2016:11:46:17 -0300] "GET /cormun/static/Resources/prompt.gif HTTP/1.1" 200 902
186.67.172.234 - - [29/Feb/2016:11:46:17 -0300] "GET /cormun/static/Resources/PXToolsFooterBackground2.png HTTP/1.1" 200 1172
186.67.172.234 - - [29/Feb/2016:11:46:17 -0300] "GET /cormun/static/Resources/PXToolsHeaderActionsBackground.png HTTP/1.1" 200 484
186.67.172.234 - - [29/Feb/2016:11:46:17 -0300] "GET /cormun/static/Resources/PXToolsHeaderBackground2.png HTTP/1.1" 200 1174
186.67.172.234 - - [29/Feb/2016:11:46:17 -0300] "GET /cormun/static/Resources/PXToolsDataTitle.png HTTP/1.1" 200 1173
186.103.248.213 - - [29/Feb/2016:11:46:17 -0300] "GET /cormun/servlet/trsolicitudadjuntos?2016,223, HTTP/1.1" 200 8397
186.67.172.234 - - [29/Feb/2016:11:46:17 -0300] "GET /cormun/static/Shared/ext/ext-all.js HTTP/1.1" 200 1289687
186.67.172.234 - - [29/Feb/2016:11:46:18 -0300] "GET /cormun/static/SmoothNavMenu/resources/images/down.gif HTTP/1.1" 200 854
186.67.172.234 - - [29/Feb/2016:11:46:18 -0300] "GET /cormun/servlet/solicitudot?INS,0,0, HTTP/1.1" 200 12040
186.103.248.213 - - [29/Feb/2016:11:46:19 -0300] "GET /cormun/servlet/trsolicitudadjuntos?2016,223, HTTP/1.1" 200 8391
186.78.49.227 - - [29/Feb/2016:11:46:20 -0300] "POST /cormun/servlet/solicitudot?gx-no-cache=1456757390396 HTTP/1.1" 200 30
186.78.49.227 - - [29/Feb/2016:11:46:21 -0300] "POST /cormun/servlet/solicitudot?gx-no-cache=1456757393072 HTTP/1.1" 200 1154
186.78.49.227 - - [29/Feb/2016:11:46:21 -0300] "GET /cormun/servlet/solicitudot?89d90c473808b72bbb7d3324061b0053530dd1cfb6d2d2805c820af9e465269209707bcd185711d063a96c122fcffebec0312c20c0c195980863afdae8980b5eebcd3afc60b85b36458b1369c55204da5051fb06a148601636af379f493aab040121b914608a712e93b6994b0e0138620112792ce4c8e922664a02f6c91c94e7bee7fe9c46214f006aeead3120e7e3b1f7635f2071cd575ecd92b91e60d231c7,gx-no-cache=1456757393406 HTTP/1.1" 200 41
186.78.49.227 - - [29/Feb/2016:11:46:21 -0300] "POST /cormun/servlet/solicitudot?gx-no-cache=1456757393527 HTTP/1.1" 200 1116
186.78.49.227 - - [29/Feb/2016:11:46:21 -0300] "GET /cormun/servlet/solicitudot?89d90c473808b72bbb7d3324061b00534c39836b793add8c3902e2a204f1fbc2deb399517ef03adbcfe6863aaa322897c92696a1a31bb0f021e828b1b2230c884c8a02427ef87992c73a6725f26f900e535ca2a2a7c85e1b0081c61f53411744930cd033ff1be1f780ebb981f26747c0d6685a9c35c51aea3f62d27095d3759e686aec862cdc31f6c7c74d8725ef1ffccfb99b8a7cda3bf4e7b7c84dbddbcd36199e519f89b7fc7c83d2576990f2e3ef,gx-no-cache=1456757393771 HTTP/1.1" 200 30
186.103.159.189 - - [29/Feb/2016:11:46:27 -0300] "GET /cormun/servlet/solicitudot?c9db3386ee1f9884ac69a8cb86d08d9516a031dbc0b07561995bf9ea3aa92ea4f9f456f8545487cdd49b7dfe9e11cfc3160c75087bfcf82654a9fde24ce1b8a2ed0e73709fef4e56e3b28c2ab4eeab07e2aeab3071b5c360765299ee182d5749b03a11f68c01746031a603ff512126dc4928c0f6eea5e2a21cb7ed5c07763b38e3b5b8f030c5cc2c644b84e9839b278fc751cafa3cbcdd4c0ae3550fd0b3ceec924be1040e2494a5e4f1229d78afb107,gx-no-cache=1456757213351 HTTP/1.1" 440 972
186.103.159.189 - - [29/Feb/2016:11:46:31 -0300] "POST /cormun/servlet/solicitudot?af7445d4b8e87b2343c67be950b983b8,INS,0,0,,gx-no-cache=1456757216799 HTTP/1.1" 440 972
186.103.159.189 - - [29/Feb/2016:11:46:31 -0300] "GET /cormun/servlet/solicitudot?INS,0,0, HTTP/1.1" 200 11698
186.103.159.189 - - [29/Feb/2016:11:46:37 -0300] "GET /cormun/servlet/solicitudot?INS,0,0, HTTP/1.1" 200 11698
186.103.159.189 - - [29/Feb/2016:11:46:37 -0300] "GET /cormun/servlet/hlogin HTTP/1.1" 200 1744
186.67.172.234 - - [29/Feb/2016:11:46:37 -0300] "POST /cormun/servlet/solicitudot?gx-no-cache=1456757248276 HTTP/1.1" 200 2777
186.67.172.234 - - [29/Feb/2016:11:46:37 -0300] "POST /cormun/servlet/solicitudot?ccacbdd397519b3e20a6f4b199696aa2,INS,0,0,,gx-no-cache=1456757248818 HTTP/1.1" 200 9525
186.67.172.234 - - [29/Feb/2016:11:46:43 -0300] "GET /cormun/servlet/solicitudot?5f14f2105a70644f628ea93a7cf8788c01bbce95b18db54df008ca149087d4eaff7e76c1a972b08e5efca9189d315736,gx-no-cache=1456757255035 HTTP/1.1" 200 30
186.67.172.234 - - [29/Feb/2016:11:47:00 -0300] "POST /cormun/servlet/solicitudot?gx-no-cache=1456757271414 HTTP/1.1" 200 30
186.67.172.234 - - [29/Feb/2016:11:47:02 -0300] "POST /cormun/servlet/solicitudot?gx-no-cache=1456757274057 HTTP/1.1" 200 30
186.67.172.234 - - [29/Feb/2016:11:47:07 -0300] "POST /cormun/servlet/solicitudot?gx-no-cache=1456757278460 HTTP/1.1" 200 1159
186.67.172.234 - - [29/Feb/2016:11:47:07 -0300] "GET /cormun/servlet/solicitudot?5f14f2105a70644f628ea93a7cf8788c6f03d888f48a94e3774b0f32ca2bad3962142f8f1a9f6a4dfb7ef54e822319a011ee46ceb68e4f6e90c95c8d3bc7f439d701c6f780b6cef56c4ca366d7cc0724253d3d361e973c29c5094cbb689a25766bf171fa916102fa95d742da9b38ecc0cf0910854f8cf00b803e41d54456ee621b8afb040d44a8e740a1ee4787434f29,gx-no-cache=1456757278546 HTTP/1.1" 200 38
186.103.159.44 - - [29/Feb/2016:11:47:08 -0300] "GET /cormun/servlet/solicitudot?e849930c6c061238d51069243b251b9edf00e56bb82073eea7aa282785f275154e61d9d42971a179c4faa2980eaf3dd55b4aa0072c96fffa32432b6f8b3993a4b378e0cb376af5d09e483d1195a01fa53f5033a20cbe90f25ae4854e27aea1fbc8242986dd5fbd524f67588004eea7911189516c7bc08cb48caa0257a8f14839c2bdc35567d5f7807d7d8225c2af21cd4bde2c9d3b93a90ab44ad047f8851d23331277c2cb88a111805a19c1050161cf,gx-no-cache=1456757250490 HTTP/1.1" 200 30
186.103.159.44 - - [29/Feb/2016:11:47:20 -0300] "POST /cormun/servlet/solicitudot?c56cfb37e2fb9efd8fe83a46fd099e14,INS,0,0,,gx-no-cache=1456757261885 HTTP/1.1" 200 93
186.103.159.44 - - [29/Feb/2016:11:47:20 -0300] "GET /cormun/servlet/hpexe_return? HTTP/1.1" 200 997
186.103.159.44 - - [29/Feb/2016:11:47:20 -0300] "GET /cormun/servlet/trsolicitudot HTTP/1.1" 200 7977
186.103.159.44 - - [29/Feb/2016:11:47:25 -0300] "POST /cormun/servlet/trsolicitudot?c56cfb37e2fb9efd8fe83a46fd099e14,gx-no-cache=1456757267447 HTTP/1.1" 200 5441
186.103.159.44 - - [29/Feb/2016:11:47:25 -0300] "POST /cormun/servlet/trsolicitudot?c56cfb37e2fb9efd8fe83a46fd099e14,gx-no-cache=1456757267767 HTTP/1.1" 200 5442
186.103.159.44 - - [29/Feb/2016:11:47:26 -0300] "POST /cormun/servlet/trsolicitudot?c56cfb37e2fb9efd8fe83a46fd099e14,gx-no-cache=1456757268072 HTTP/1.1" 200 5442
186.103.159.44 - - [29/Feb/2016:11:47:26 -0300] "POST /cormun/servlet/trsolicitudot?c56cfb37e2fb9efd8fe83a46fd099e14,gx-no-cache=1456757268444 HTTP/1.1" 200 5441
186.103.159.44 - - [29/Feb/2016:11:47:26 -0300] "POST /cormun/servlet/trsolicitudot?c56cfb37e2fb9efd8fe83a46fd099e14,gx-no-cache=1456757268822 HTTP/1.1" 200 5442
186.103.159.44 - - [29/Feb/2016:11:47:27 -0300] "POST /cormun/servlet/trsolicitudot?c56cfb37e2fb9efd8fe83a46fd099e14,gx-no-cache=1456757269235 HTTP/1.1" 200 5442
186.103.159.44 - - [29/Feb/2016:11:47:27 -0300] "POST /cormun/servlet/trsolicitudot?c56cfb37e2fb9efd8fe83a46fd099e14,gx-no-cache=1456757269658 HTTP/1.1" 200 5442
186.103.248.213 - - [29/Feb/2016:11:47:27 -0300] "GET /cormun/servlet/solicitudotadjuntos?INS,2016,223,,2, HTTP/1.1" 200 5450
186.103.248.213 - - [29/Feb/2016:11:47:28 -0300] "GET /cormun/static/about:blank HTTP/1.1" 404 1011
186.103.248.213 - - [29/Feb/2016:11:47:29 -0300] "GET /cormun/servlet/solicitudotadjuntos?INS,2016,223,,2, HTTP/1.1" 200 5444
186.103.248.213 - - [29/Feb/2016:11:47:30 -0300] "GET /cormun/servlet/solicitudotadjuntos?9f9d064e1bdfe224c70b4d7940ae8286ac9e096cb770841539c8eb4aa2e24f51edc124ab7e2df225e12a49c25824b5f1,gx-no-cache=1456757278687 HTTP/1.1" 200 30
186.103.248.213 - - [29/Feb/2016:11:47:30 -0300] "POST /cormun/servlet/solicitudotadjuntos?573b8762d6ac1acfa3e7b179059755ff,INS,2016,223,,2,,gx-no-cache=1456757278859 HTTP/1.1" 200 3492
186.103.159.44 - - [29/Feb/2016:11:47:31 -0300] "POST /cormun/servlet/trsolicitudot?c56cfb37e2fb9efd8fe83a46fd099e14,gx-no-cache=1456757270118 HTTP/1.1" 200 105
186.103.159.44 - - [29/Feb/2016:11:47:31 -0300] "GET /cormun/servlet/trsolicitudadjuntos?2016,232, HTTP/1.1" 200 5338
186.103.248.213 - - [29/Feb/2016:11:47:38 -0300] "POST /cormun/servlet/solicitudotadjuntos?gx-no-cache=1456757287057 HTTP/1.1" 200 26
186.103.159.44 - - [29/Feb/2016:11:47:39 -0300] "GET /cormun/servlet/solicitudotadjuntos?INS,2016,232,,1, HTTP/1.1" 200 5397
186.103.159.44 - - [29/Feb/2016:11:47:39 -0300] "HEAD /cormun/static/about:blank HTTP/1.1" 404 -
186.103.159.44 - - [29/Feb/2016:11:47:40 -0300] "GET /cormun/servlet/solicitudotadjuntos?e849930c6c061238d51069243b251b9e60a33d6ccb2cd23012b4d4585ce0843bfa080f6f6e4f952aab56bf390670113a,gx-no-cache=1456757282649 HTTP/1.1" 200 30
186.103.159.44 - - [29/Feb/2016:11:47:40 -0300] "POST /cormun/servlet/solicitudotadjuntos?c56cfb37e2fb9efd8fe83a46fd099e14,INS,2016,232,,1,,gx-no-cache=1456757282683 HTTP/1.1" 200 3311
186.103.159.44 - - [29/Feb/2016:11:47:44 -0300] "POST /cormun/servlet/solicitudotadjuntos?gx-no-cache=1456757287098 HTTP/1.1" 200 26
186.103.159.44 - - [29/Feb/2016:11:47:58 -0300] "GET /cormun/servlet/solicitudotadjuntos?e849930c6c061238d51069243b251b9eb7ad327a02d5f8f4ca770e9782efeacc,gx-no-cache=1456757301071 HTTP/1.1" 200 30
186.103.159.44 - - [29/Feb/2016:11:47:58 -0300] "GET /cormun/servlet/solicitudotadjuntos?e849930c6c061238d51069243b251b9eb7ad327a02d5f8f4ca770e9782efeacc,gx-no-cache=1456757301087 HTTP/1.1" 200 30
186.103.159.44 - - [29/Feb/2016:11:47:59 -0300] "POST /cormun/servlet/solicitudotadjuntos?c56cfb37e2fb9efd8fe83a46fd099e14,INS,2016,232,,1, HTTP/1.1" 200 116
186.103.159.44 - - [29/Feb/2016:11:47:59 -0300] "GET /cormun/servlet/hpexe_return? HTTP/1.1" 200 1016
186.103.159.44 - - [29/Feb/2016:11:47:59 -0300] "GET /cormun/servlet/trsolicitudadjuntos?2016,232, HTTP/1.1" 200 7247
186.67.172.234 - - [29/Feb/2016:11:47:59 -0300] "GET /cormun/servlet/solicitudot?5f14f2105a70644f628ea93a7cf8788c61f2fb460cfc0857c151d89d1aba2809ae3208ada5e38872c37de33e99e1e1bac823546a48a1bada97202188668ff6b6363c25b0348d6253b2339dce01dd1664317aa0007f8616cba97d92bd5e1d0c5e7da9c210a39b2a6122e94ad2da1bb79839bfa1ac399efbeb44a46cee415e73cbec75cc97826e3881e0ba5653ea7450ee0a934104ee2114d9b10d3da912a1294c05f8e5f032c9d4102da2d6b9c42be9d0f281a1df074a3478040302e7e6568fd252687c5a83e72477218e07830e540dda,gx-no-cache=1456757330699 HTTP/1.1" 200 29
186.103.159.44 - - [29/Feb/2016:11:48:02 -0300] "GET /cormun/servlet/solicitudotadjuntos?INS,2016,232,,1, HTTP/1.1" 200 5397
186.103.159.44 - - [29/Feb/2016:11:48:02 -0300] "HEAD /cormun/static/about:blank HTTP/1.1" 404 -
186.103.159.44 - - [29/Feb/2016:11:48:03 -0300] "GET /cormun/servlet/solicitudotadjuntos?e849930c6c061238d51069243b251b9e60a33d6ccb2cd23012b4d4585ce0843bfa080f6f6e4f952aab56bf390670113a,gx-no-cache=1456757305452 HTTP/1.1" 200 30
186.103.159.44 - - [29/Feb/2016:11:48:03 -0300] "POST /cormun/servlet/solicitudotadjuntos?c56cfb37e2fb9efd8fe83a46fd099e14,INS,2016,232,,1,,gx-no-cache=1456757305483 HTTP/1.1" 200 3311
