186.103.159.44 - - [29/Feb/2016:13:48:53 -0300] "GET /cormun/servlet/hpexe_return? HTTP/1.1" 200 1024
186.103.159.44 - - [29/Feb/2016:13:48:54 -0300] "GET /cormun/servlet/trsolicitudadjuntos?2016,245, HTTP/1.1" 200 7935
186.103.159.44 - - [29/Feb/2016:13:48:57 -0300] "GET /cormun/servlet/solicitudotadjuntos?INS,2016,245,,2, HTTP/1.1" 200 5410
186.103.159.44 - - [29/Feb/2016:13:48:57 -0300] "HEAD /cormun/static/about:blank HTTP/1.1" 404 -
186.103.159.44 - - [29/Feb/2016:13:48:58 -0300] "GET /cormun/servlet/solicitudotadjuntos?ea00247db7c1df82e1491e50141ebc0f386637111f04d0a480724c6bc2197b0f8ab886432771b7c89890db63fd52725b,gx-no-cache=1456764560557 HTTP/1.1" 200 30
186.103.159.44 - - [29/Feb/2016:13:48:58 -0300] "POST /cormun/servlet/solicitudotadjuntos?bf12fed8003220947363addfe114fc79,INS,2016,245,,2,,gx-no-cache=1456764560590 HTTP/1.1" 200 3467
186.103.159.44 - - [29/Feb/2016:13:49:01 -0300] "POST /cormun/servlet/solicitudotadjuntos?gx-no-cache=1456764563420 HTTP/1.1" 200 26
186.103.159.44 - - [29/Feb/2016:13:49:06 -0300] "GET /cormun/servlet/solicitudotadjuntos?ea00247db7c1df82e1491e50141ebc0f536a1ad20fc569cb3cc01ce3ca2f1be2,gx-no-cache=1456764568412 HTTP/1.1" 200 30
186.103.159.44 - - [29/Feb/2016:13:49:06 -0300] "GET /cormun/servlet/solicitudotadjuntos?ea00247db7c1df82e1491e50141ebc0f536a1ad20fc569cb3cc01ce3ca2f1be2,gx-no-cache=1456764568427 HTTP/1.1" 200 30
186.103.159.44 - - [29/Feb/2016:13:49:06 -0300] "POST /cormun/servlet/solicitudotadjuntos?bf12fed8003220947363addfe114fc79,INS,2016,245,,2, HTTP/1.1" 200 116
186.103.159.44 - - [29/Feb/2016:13:49:06 -0300] "GET /cormun/servlet/hpexe_return? HTTP/1.1" 200 1025
186.103.159.183 - - [29/Feb/2016:13:49:06 -0300] "POST /cormun/servlet/solicitudot?50b4092f4a71bc54c69030a1542f76d4,INS,0,0,,gx-no-cache=1456768444242 HTTP/1.1" 200 93
186.103.159.183 - - [29/Feb/2016:13:49:06 -0300] "GET /cormun/servlet/hpexe_return? HTTP/1.1" 200 1007
186.103.159.44 - - [29/Feb/2016:13:49:06 -0300] "GET /cormun/servlet/trsolicitudadjuntos?2016,245, HTTP/1.1" 200 8167
186.103.159.183 - - [29/Feb/2016:13:49:06 -0300] "GET /cormun/servlet/trsolicitudot? HTTP/1.1" 200 6126
186.103.159.183 - - [29/Feb/2016:13:49:07 -0300] "GET /cormun/servlet/trsolicitudot? HTTP/1.1" 200 6122
186.103.159.44 - - [29/Feb/2016:13:49:11 -0300] "GET /cormun/servlet/trsolicitudot? HTTP/1.1" 200 8004
186.103.159.183 - - [29/Feb/2016:13:49:12 -0300] "GET /cormun/servlet/trvisualizadoreventos? HTTP/1.1" 200 5920
186.103.159.183 - - [29/Feb/2016:13:49:12 -0300] "GET /cormun/static/gxcfg.js?2016251828014 HTTP/1.1" 200 953
186.103.159.183 - - [29/Feb/2016:13:49:12 -0300] "GET /cormun/static/trvisualizadoreventos.js?2016251828276 HTTP/1.1" 304 -
186.103.159.183 - - [29/Feb/2016:13:49:12 -0300] "GET /cormun/static/Resources/PXToolsActionPrint.png HTTP/1.1" 200 3317
186.103.159.183 - - [29/Feb/2016:13:49:13 -0300] "GET /cormun/servlet/trvisualizadoreventos? HTTP/1.1" 200 5920
186.103.159.44 - - [29/Feb/2016:13:49:15 -0300] "POST /cormun/servlet/trsolicitudot?bf12fed8003220947363addfe114fc79,,gx-no-cache=1456764577381 HTTP/1.1" 200 5469
186.103.159.44 - - [29/Feb/2016:13:49:15 -0300] "POST /cormun/servlet/trsolicitudot?bf12fed8003220947363addfe114fc79,,gx-no-cache=1456764577661 HTTP/1.1" 200 5468
186.103.159.44 - - [29/Feb/2016:13:49:15 -0300] "POST /cormun/servlet/trsolicitudot?bf12fed8003220947363addfe114fc79,,gx-no-cache=1456764578009 HTTP/1.1" 200 5468
186.103.159.44 - - [29/Feb/2016:13:49:16 -0300] "POST /cormun/servlet/trsolicitudot?bf12fed8003220947363addfe114fc79,,gx-no-cache=1456764578350 HTTP/1.1" 200 5468
186.103.159.44 - - [29/Feb/2016:13:49:16 -0300] "POST /cormun/servlet/trsolicitudot?bf12fed8003220947363addfe114fc79,,gx-no-cache=1456764578705 HTTP/1.1" 200 5468
186.103.159.44 - - [29/Feb/2016:13:49:17 -0300] "POST /cormun/servlet/trsolicitudot?bf12fed8003220947363addfe114fc79,,gx-no-cache=1456764579339 HTTP/1.1" 200 5469
186.103.159.44 - - [29/Feb/2016:13:49:18 -0300] "POST /cormun/servlet/trsolicitudot?bf12fed8003220947363addfe114fc79,,gx-no-cache=1456764580468 HTTP/1.1" 200 5469
186.103.159.44 - - [29/Feb/2016:13:49:18 -0300] "POST /cormun/servlet/trsolicitudot?bf12fed8003220947363addfe114fc79,,gx-no-cache=1456764581181 HTTP/1.1" 200 5183
186.103.159.183 - - [29/Feb/2016:13:49:22 -0300] "POST /cormun/servlet/trvisualizadoreventos?50b4092f4a71bc54c69030a1542f76d4,,gx-no-cache=1456768462293 HTTP/1.1" 200 3247
186.103.159.44 - - [29/Feb/2016:13:49:22 -0300] "POST /cormun/servlet/trsolicitudot?bf12fed8003220947363addfe114fc79,,gx-no-cache=1456764585084 HTTP/1.1" 200 5125
186.103.159.183 - - [29/Feb/2016:13:49:22 -0300] "POST /cormun/servlet/trvisualizadoreventos?50b4092f4a71bc54c69030a1542f76d4,,gx-no-cache=1456768462481 HTTP/1.1" 200 3247
186.103.159.183 - - [29/Feb/2016:13:49:22 -0300] "GET /cormun/static/menuarrow.gif HTTP/1.1" 404 1015
186.103.159.44 - - [29/Feb/2016:13:49:23 -0300] "GET /cormun/static/Shared/jqueryui/images/ui-bg_highlight-soft_100_c6c2c8_1x100.png HTTP/1.1" 404 1117
186.103.159.44 - - [29/Feb/2016:13:49:23 -0300] "GET /cormun/static/Shared/jqueryui/images/ui-icons_82798d_256x240.png HTTP/1.1" 404 1089
186.103.159.44 - - [29/Feb/2016:13:49:23 -0300] "GET /cormun/static/Shared/jqueryui/images/ui-bg_flat_55_fafafa_40x100.png HTTP/1.1" 404 1097
186.103.159.44 - - [29/Feb/2016:13:49:23 -0300] "GET /cormun/static/Shared/jqueryui/images/ui-icons_8d78a5_256x240.png HTTP/1.1" 404 1089
186.103.159.44 - - [29/Feb/2016:13:49:32 -0300] "GET /cormun/servlet/solicitudot?INS,0,0, HTTP/1.1" 200 12053
186.103.159.183 - - [29/Feb/2016:13:49:35 -0300] "GET /cormun/servlet/trvisualizadoreventos?79b0b74bb4ea1e8af4d4ec934029f1d18560ed17db6e56b247a0e55e4543dda5c2a64cef0ee58ffb3f85d6ed51fcb37bdc0816b9fdb7e0e53645c086aeddb89f8ef14b217e717b9343aee62ce904d85d4998cf1e69c8d30ec6600eef00b03a3855662e257d2b4c247e4b3bdb042103cfcda7c3fdf67cd8649f5fb11ff7450943de5946dfaed2d3a87f9221197cfadc1fcfab03d0a41d3db39a946c3768ee4b79dc1225e34f6cb41b7ad93b26a63b728ff4298bc64a7f7ae7ff264b3eb028c689,gx-no-cache=1456768476645 HTTP/1.1" 200 567
186.103.159.44 - - [29/Feb/2016:13:49:46 -0300] "POST /cormun/servlet/solicitudot?gx-no-cache=1456764609035 HTTP/1.1" 200 2669
186.103.159.44 - - [29/Feb/2016:13:49:46 -0300] "POST /cormun/servlet/solicitudot?bf12fed8003220947363addfe114fc79,INS,0,0,,gx-no-cache=1456764609189 HTTP/1.1" 200 9391
186.103.159.44 - - [29/Feb/2016:13:49:47 -0300] "GET /cormun/servlet/solicitudot?ea00247db7c1df82e1491e50141ebc0f45a2aeefd435345dddc3f7463f4898e71713b946c80b9beeaf00006218ffc395,gx-no-cache=1456764609460 HTTP/1.1" 200 111
186.103.159.44 - - [29/Feb/2016:13:49:47 -0300] "GET /cormun/static/Shared/jqueryui/images/ui-bg_highlight-soft_100_c6c2c8_1x100.png HTTP/1.1" 404 1117
186.103.159.44 - - [29/Feb/2016:13:49:47 -0300] "GET /cormun/static/Shared/jqueryui/images/ui-icons_ebccce_256x240.png HTTP/1.1" 404 1089
186.103.159.44 - - [29/Feb/2016:13:49:47 -0300] "GET /cormun/static/Shared/jqueryui/images/ui-bg_flat_55_994d53_40x100.png HTTP/1.1" 404 1097
186.103.159.44 - - [29/Feb/2016:13:49:47 -0300] "GET /cormun/static/Shared/jqueryui/images/ui-icons_82798d_256x240.png HTTP/1.1" 404 1089
186.103.159.44 - - [29/Feb/2016:13:49:51 -0300] "GET /cormun/servlet/solicitudot?ea00247db7c1df82e1491e50141ebc0f0e6d8caf80b2555dc5ba9d64ceaf60449b09a4960cca2853a5cd7ecd4763fa78,gx-no-cache=1456764614052 HTTP/1.1" 200 30
186.103.159.183 - - [29/Feb/2016:13:49:57 -0300] "GET /cormun/servlet/trvisualizadoreventos?79b0b74bb4ea1e8af4d4ec934029f1d18560ed17db6e56b247a0e55e4543dda5c2a64cef0ee58ffb3f85d6ed51fcb37bdc0816b9fdb7e0e53645c086aeddb89f8ef14b217e717b9343aee62ce904d85d4998cf1e69c8d30ec6600eef00b03a3855662e257d2b4c247e4b3bdb042103cfcda7c3fdf67cd8649f5fb11ff7450943de5946dfaed2d3a87f9221197cfadc1fcfab03d0a41d3db39a946c3768ee4b79c695d9d99e4fee48135a5a1785b86844f4298bc64a7f7ae7ff264b3eb028c689,gx-no-cache=1456768501211 HTTP/1.1" 200 567
186.103.159.183 - - [29/Feb/2016:13:50:01 -0300] "POST /cormun/servlet/trvisualizadoreventos?50b4092f4a71bc54c69030a1542f76d4,,gx-no-cache=1456768506010 HTTP/1.1" 200 3256
186.103.159.183 - - [29/Feb/2016:13:50:01 -0300] "POST /cormun/servlet/trvisualizadoreventos?50b4092f4a71bc54c69030a1542f76d4,,gx-no-cache=1456768506266 HTTP/1.1" 200 3256
186.103.159.183 - - [29/Feb/2016:13:50:02 -0300] "POST /cormun/servlet/trvisualizadoreventos?50b4092f4a71bc54c69030a1542f76d4,,gx-no-cache=1456768506412 HTTP/1.1" 200 3256
186.103.159.183 - - [29/Feb/2016:13:50:12 -0300] "GET /cormun/servlet/trsolicitudot? HTTP/1.1" 200 6122
186.103.159.183 - - [29/Feb/2016:13:50:13 -0300] "GET /cormun/servlet/trsolicitudot? HTTP/1.1" 200 6122
186.103.159.183 - - [29/Feb/2016:13:50:21 -0300] "POST /cormun/servlet/trsolicitudot?50b4092f4a71bc54c69030a1542f76d4,,gx-no-cache=1456768528802 HTTP/1.1" 200 3446
186.103.159.183 - - [29/Feb/2016:13:50:22 -0300] "POST /cormun/servlet/trsolicitudot?50b4092f4a71bc54c69030a1542f76d4,,gx-no-cache=1456768528971 HTTP/1.1" 200 3445
186.103.159.183 - - [29/Feb/2016:13:50:22 -0300] "POST /cormun/servlet/trsolicitudot?50b4092f4a71bc54c69030a1542f76d4,,gx-no-cache=1456768529120 HTTP/1.1" 200 3445
186.103.159.183 - - [29/Feb/2016:13:50:22 -0300] "POST /cormun/servlet/trsolicitudot?50b4092f4a71bc54c69030a1542f76d4,,gx-no-cache=1456768529257 HTTP/1.1" 200 3446
186.103.159.183 - - [29/Feb/2016:13:50:22 -0300] "POST /cormun/servlet/trsolicitudot?50b4092f4a71bc54c69030a1542f76d4,,gx-no-cache=1456768529397 HTTP/1.1" 200 3446
186.103.159.183 - - [29/Feb/2016:13:50:22 -0300] "POST /cormun/servlet/trsolicitudot?50b4092f4a71bc54c69030a1542f76d4,,gx-no-cache=1456768529557 HTTP/1.1" 200 3446
186.103.159.183 - - [29/Feb/2016:13:50:22 -0300] "POST /cormun/servlet/trsolicitudot?50b4092f4a71bc54c69030a1542f76d4,,gx-no-cache=1456768529715 HTTP/1.1" 200 3446
186.103.159.183 - - [29/Feb/2016:13:50:22 -0300] "POST /cormun/servlet/trsolicitudot?50b4092f4a71bc54c69030a1542f76d4,,gx-no-cache=1456768529863 HTTP/1.1" 200 103
186.103.159.183 - - [29/Feb/2016:13:50:23 -0300] "POST /cormun/servlet/trsolicitudot?50b4092f4a71bc54c69030a1542f76d4,,gx-no-cache=1456768529979 HTTP/1.1" 200 3424
186.103.159.183 - - [29/Feb/2016:13:50:23 -0300] "GET /cormun/SolicitudOT-5069.xls HTTP/1.1" 200 4608
186.103.159.183 - - [29/Feb/2016:13:50:28 -0300] "GET /cormun/servlet/solicitudot?INS,0,0, HTTP/1.1" 200 12044
186.103.159.183 - - [29/Feb/2016:13:50:28 -0300] "GET /cormun/servlet/solicitudot?INS,0,0, HTTP/1.1" 200 12049
186.103.159.183 - - [29/Feb/2016:13:50:46 -0300] "POST /cormun/servlet/solicitudot?gx-no-cache=1456768556093 HTTP/1.1" 200 2740
186.103.159.183 - - [29/Feb/2016:13:50:46 -0300] "POST /cormun/servlet/solicitudot?50b4092f4a71bc54c69030a1542f76d4,INS,0,0,,gx-no-cache=1456768556238 HTTP/1.1" 200 9491
186.103.159.44 - - [29/Feb/2016:13:51:08 -0300] "POST /cormun/servlet/solicitudot?gx-no-cache=1456764690371 HTTP/1.1" 200 30
186.103.159.183 - - [29/Feb/2016:13:51:09 -0300] "GET /cormun/servlet/solicitudot?db14321063c4b3ef3cb0623b4d8f3071fd04590d00759d153cb43ce842716b26c9d8ab2406f803e6ace5238276eccc29,gx-no-cache=1456768582554 HTTP/1.1" 200 30
186.103.159.183 - - [29/Feb/2016:13:51:09 -0300] "POST /cormun/servlet/solicitudot?gx-no-cache=1456768582611 HTTP/1.1" 200 30
186.103.159.44 - - [29/Feb/2016:13:51:10 -0300] "POST /cormun/servlet/solicitudot?gx-no-cache=1456764692996 HTTP/1.1" 200 30
186.103.159.44 - - [29/Feb/2016:13:51:11 -0300] "POST /cormun/servlet/solicitudot?gx-no-cache=1456764694133 HTTP/1.1" 200 452
186.103.159.44 - - [29/Feb/2016:13:51:11 -0300] "GET /cormun/servlet/solicitudot?ea00247db7c1df82e1491e50141ebc0ff6df09323db21607c87f33bccd3f4494430fcb381e29c0769d8153a26cf6f8fd15aff7f70e553ff41cba6dfb63424efa7b2d8139c2002ad6325fce04e77232de34c3f41d649a7668fcbf86a8d49853509b048264ae2f617248f558bf2498f29fe97c5d3680e7b0f56a25293a19acb3957e2bcb5b7df735a3be7f71aaeea165e0,gx-no-cache=1456764694164 HTTP/1.1" 200 38
190.101.9.119 - - [29/Feb/2016:13:51:13 -0300] "GET /cormun/static/menuarrow.gif HTTP/1.1" 404 1015
186.103.159.183 - - [29/Feb/2016:13:51:15 -0300] "POST /cormun/servlet/solicitudot?gx-no-cache=1456768589282 HTTP/1.1" 200 33
186.103.159.183 - - [29/Feb/2016:13:51:15 -0300] "POST /cormun/servlet/solicitudot?gx-no-cache=1456768589353 HTTP/1.1" 200 452
186.103.159.183 - - [29/Feb/2016:13:51:15 -0300] "GET /cormun/servlet/solicitudot?db14321063c4b3ef3cb0623b4d8f3071b139bfebab7e4dfd7ffe7183713166393fc646b31081fe763e4fa2c149b3cb56bc2cc47ee8c5970961e17a4d98ced471f13e59d7ae45f5f2c75e52c6d980a56bde1993929169f21c99af4ad4a018999ff7c835a316bd21f80441b25f5e6f0bd733e4be90595b8307d10f14bc4c43536ab95cdf50881335d374e2dba0d2164108,gx-no-cache=1456768589398 HTTP/1.1" 200 38
191.112.87.56 - - [29/Feb/2016:13:51:27 -0300] "GET /cormun/servlet/hhome HTTP/1.1" 200 3239
191.112.87.56 - - [29/Feb/2016:13:51:30 -0300] "GET /cormun/servlet/hhome HTTP/1.1" 200 3238
191.112.87.56 - - [29/Feb/2016:13:51:30 -0300] "GET /cormun/servlet/hlogin HTTP/1.1" 200 1735
190.101.9.119 - - [29/Feb/2016:13:51:31 -0300] "POST /cormun/servlet/trsolicitudot?ec0cae8a1e768a74b78a524050b26fed,,gx-no-cache=1456764761710 HTTP/1.1" 200 3738
190.101.9.119 - - [29/Feb/2016:13:51:32 -0300] "POST /cormun/servlet/trsolicitudot?ec0cae8a1e768a74b78a524050b26fed,,gx-no-cache=1456764761944 HTTP/1.1" 200 3738
186.103.159.44 - - [29/Feb/2016:13:51:36 -0300] "GET /cormun/servlet/solicitudot?ea00247db7c1df82e1491e50141ebc0f755f77732d6d6c7c8bd60fb6d94b3192b872d735a44bfe24de7f81e9e3f546538c3ac297820bdcbaf9d0903437654a9accf51748cd4fb2513d5e5adeeac03a310299bdcdc1fa1482713ff15b52300b8730359528b419ca0d4954ebcdc43d651e,gx-no-cache=1456764719005 HTTP/1.1" 200 29
186.103.159.44 - - [29/Feb/2016:13:51:37 -0300] "POST /cormun/servlet/solicitudot?gx-no-cache=1456764720099 HTTP/1.1" 200 1116
186.103.159.183 - - [29/Feb/2016:13:51:39 -0300] "GET /cormun/servlet/solicitudot?db14321063c4b3ef3cb0623b4d8f3071c090c45bb1192f53691a06ddedc2ac1a1672da043dea3b0fd78f78e9c3da7c596f670daa3bdcc6cdb7892fff86cd634bc7b19c5b64547ab172f91490ffba1a4418a274e9bdc1ed29b301b00bcae5c887a6353cf937e683daae2a2e99a047298aa3ed312dfd297bd195bfc5a49bf574de2c8753b9c9cac14457db924c5252349c618e411533a1d724953e3c8e61c35773,gx-no-cache=1456768615148 HTTP/1.1" 200 29
186.103.159.183 - - [29/Feb/2016:13:51:40 -0300] "POST /cormun/servlet/solicitudot?gx-no-cache=1456768616818 HTTP/1.1" 200 1116
190.101.9.119 - - [29/Feb/2016:13:52:01 -0300] "POST /cormun/servlet/trsolicitudot?ec0cae8a1e768a74b78a524050b26fed,,gx-no-cache=1456764791241 HTTP/1.1" 200 3741
186.103.159.44 - - [29/Feb/2016:13:52:01 -0300] "GET /cormun/servlet/solicitudot?ea00247db7c1df82e1491e50141ebc0f3f9bdb679e53e5493af803c21117df5f23bd08821f7d8536bed67e43e7cd5d6f79b185e40f2f1526b351af0bc9fc64df114c4d7fd0ff3ed757e1b83035bef059033bac5a091ad021ac6610433f8a84484b4982c60557ac75d3fc1aa0ce55432fbefa5599d6c125a4496639998ce876127f6bf8e418d60aa8045c03dda69036a22816abdc0aa3453124952be7c2f598cb86fa90bf91af99d94a006e5796c039f8,gx-no-cache=1456764743691 HTTP/1.1" 200 30
190.101.9.119 - - [29/Feb/2016:13:52:01 -0300] "POST /cormun/servlet/trsolicitudot?ec0cae8a1e768a74b78a524050b26fed,,gx-no-cache=1456764791509 HTTP/1.1" 200 3741
190.101.9.119 - - [29/Feb/2016:13:52:07 -0300] "POST /cormun/servlet/trsolicitudot?ec0cae8a1e768a74b78a524050b26fed,,gx-no-cache=1456764797400 HTTP/1.1" 200 3740
190.101.9.119 - - [29/Feb/2016:13:52:15 -0300] "GET /cormun/servlet/trsolicitudot?a8d59119c41980145bbaaf5a64f76184e0bc5ca4702dd132f307f321d04f21a52095b76ac4d05d1d5d37cc39e53b1b113e9ecab39ebd0d97ea676089309232e8ea6e8fd42b7410d27c129f1c552f5dec,gx-no-cache=1456764805109 HTTP/1.1" 200 720
186.103.159.183 - - [29/Feb/2016:13:52:19 -0300] "GET /cormun/servlet/solicitudot?db14321063c4b3ef3cb0623b4d8f3071ca685768ebf687a2fc8eead8122d59197786b84cfce5b938ba518f7142219fd34287bc8085766e3c1a641070213646e683f8a7d195138f00aeb23d9cca9a717f0a5614f9f06ea9b9f4ad7dc5dfcd22d20970eebceb61c94cc1dfbef1c7feb7e6ab87547ad237530f253a1d3f5d8655f0cbde0abc2d7bcdc95a1667c58b64f90763274933d1d49177f6aff1c4eec5dd2389377505263de603a84f7727f8d7f8c2,gx-no-cache=1456768660073 HTTP/1.1" 200 30
186.103.159.183 - - [29/Feb/2016:13:52:31 -0300] "POST /cormun/servlet/solicitudot?50b4092f4a71bc54c69030a1542f76d4,INS,0,0,,gx-no-cache=1456768673951 HTTP/1.1" 200 93
186.103.159.183 - - [29/Feb/2016:13:52:31 -0300] "GET /cormun/servlet/hpexe_return? HTTP/1.1" 200 1007
186.103.159.183 - - [29/Feb/2016:13:52:31 -0300] "GET /cormun/servlet/trsolicitudot? HTTP/1.1" 200 6126
186.103.159.183 - - [29/Feb/2016:13:52:32 -0300] "GET /cormun/servlet/trsolicitudot? HTTP/1.1" 200 6122
186.103.159.44 - - [29/Feb/2016:13:52:34 -0300] "POST /cormun/servlet/solicitudot?bf12fed8003220947363addfe114fc79,INS,0,0,,gx-no-cache=1456764762294 HTTP/1.1" 200 93
190.101.9.119 - - [29/Feb/2016:13:52:35 -0300] "GET /cormun/servlet/trsolicitudot?a8d59119c41980145bbaaf5a64f76184bb20dafcc8286dd05a990b2b6440995ac2dc794d1716f1a9faf09dc94a3bde69a7f3312ab8896a0ed7f32432debf43072af2e297f8a2671decf581f5de614813e68f021c3ba1570673496f9fabc1500e,gx-no-cache=1456764825506 HTTP/1.1" 200 720
186.103.159.44 - - [29/Feb/2016:13:52:36 -0300] "GET /cormun/servlet/hpexe_return? HTTP/1.1" 200 1008
186.103.159.44 - - [29/Feb/2016:13:52:36 -0300] "GET /cormun/servlet/trsolicitudot? HTTP/1.1" 200 8002
186.103.159.183 - - [29/Feb/2016:13:52:41 -0300] "GET /cormun/servlet/trvisualizadoreventos? HTTP/1.1" 200 5927
186.103.159.183 - - [29/Feb/2016:13:52:41 -0300] "GET /cormun/servlet/trvisualizadoreventos? HTTP/1.1" 200 5926
186.103.159.44 - - [29/Feb/2016:13:52:48 -0300] "POST /cormun/servlet/trsolicitudot?bf12fed8003220947363addfe114fc79,,gx-no-cache=1456764790651 HTTP/1.1" 200 5462
186.103.159.44 - - [29/Feb/2016:13:52:48 -0300] "POST /cormun/servlet/trsolicitudot?bf12fed8003220947363addfe114fc79,,gx-no-cache=1456764790952 HTTP/1.1" 200 5463
186.103.159.44 - - [29/Feb/2016:13:52:48 -0300] "POST /cormun/servlet/trsolicitudot?bf12fed8003220947363addfe114fc79,,gx-no-cache=1456764791279 HTTP/1.1" 200 5462
186.103.159.183 - - [29/Feb/2016:13:52:50 -0300] "POST /cormun/servlet/trvisualizadoreventos?50b4092f4a71bc54c69030a1542f76d4,,gx-no-cache=1456768694531 HTTP/1.1" 200 3256
190.101.9.119 - - [29/Feb/2016:13:52:54 -0300] "GET /cormun/servlet/trsolicitudot?a8d59119c41980145bbaaf5a64f76184bb20dafcc8286dd05a990b2b6440995ac2dc794d1716f1a9faf09dc94a3bde69a7f3312ab8896a0ed7f32432debf43072af2e297f8a2671decf581f5de614813e68f021c3ba1570673496f9fabc1500e,gx-no-cache=1456764844052 HTTP/1.1" 200 720
190.101.9.119 - - [29/Feb/2016:13:52:54 -0300] "POST /cormun/servlet/trsolicitudot?ec0cae8a1e768a74b78a524050b26fed,,gx-no-cache=1456764844182 HTTP/1.1" 200 3742
186.103.159.44 - - [29/Feb/2016:13:52:55 -0300] "POST /cormun/servlet/trsolicitudot?bf12fed8003220947363addfe114fc79,,gx-no-cache=1456764797283 HTTP/1.1" 200 5463
186.103.159.44 - - [29/Feb/2016:13:52:55 -0300] "POST /cormun/servlet/trsolicitudot?bf12fed8003220947363addfe114fc79,,gx-no-cache=1456764797729 HTTP/1.1" 200 5463
186.103.159.183 - - [29/Feb/2016:13:52:55 -0300] "GET /cormun/servlet/trvisualizadoreventos?79b0b74bb4ea1e8af4d4ec934029f1d1293fabbb0aca77bffb34b1566505887d622d99779cc4b69a5d6cb365dc208a7b1a14bf4b2aae3fa9faf8d02b2d210a9f88cf7cf83d60817720ba2760288fe98a658cc8331a4166e14057d6cf0e68276033824c0f596f34793c2aa94ed48e26029219c7d20ca3c3e6a5a9382cf2990bc4dd4f47699bb0c1632967f8f3dd327e9ae0a67fbd99600ef6b4d2e01556a0834388abdeea288f98b09b4c3439c725a4afe908527212f4a98c07ac1387d1e1b365,gx-no-cache=1456768700669 HTTP/1.1" 200 572
186.103.159.183 - - [29/Feb/2016:13:52:55 -0300] "POST /cormun/servlet/trvisualizadoreventos?50b4092f4a71bc54c69030a1542f76d4,,gx-no-cache=1456768700749 HTTP/1.1" 200 3256
186.103.159.183 - - [29/Feb/2016:13:52:55 -0300] "POST /cormun/servlet/trvisualizadoreventos?50b4092f4a71bc54c69030a1542f76d4,,gx-no-cache=1456768700882 HTTP/1.1" 200 3256
186.103.159.44 - - [29/Feb/2016:13:52:56 -0300] "POST /cormun/servlet/trsolicitudot?bf12fed8003220947363addfe114fc79,,gx-no-cache=1456764798135 HTTP/1.1" 200 5463
186.103.159.44 - - [29/Feb/2016:13:52:56 -0300] "POST /cormun/servlet/trsolicitudot?bf12fed8003220947363addfe114fc79,,gx-no-cache=1456764798930 HTTP/1.1" 200 5462
186.103.159.183 - - [29/Feb/2016:13:52:57 -0300] "GET /cormun/servlet/trvisualizadoreventos?79b0b74bb4ea1e8af4d4ec934029f1d12d329c9037c486b3c366a6ede8c8dee4c2a64cef0ee58ffb3f85d6ed51fcb37bdc0816b9fdb7e0e53645c086aeddb89f8ef14b217e717b9343aee62ce904d85d4998cf1e69c8d30ec6600eef00b03a3855662e257d2b4c247e4b3bdb042103cfcda7c3fdf67cd8649f5fb11ff7450943de5946dfaed2d3a87f9221197cfadc1fcfab03d0a41d3db39a946c3768ee4b79c695d9d99e4fee48135a5a1785b86844f4298bc64a7f7ae7ff264b3eb028c689,gx-no-cache=1456768703041 HTTP/1.1" 200 571
186.103.159.183 - - [29/Feb/2016:13:52:57 -0300] "POST /cormun/servlet/trvisualizadoreventos?50b4092f4a71bc54c69030a1542f76d4,,gx-no-cache=1456768703136 HTTP/1.1" 200 3260
186.103.159.183 - - [29/Feb/2016:13:52:59 -0300] "POST /cormun/servlet/trvisualizadoreventos?50b4092f4a71bc54c69030a1542f76d4,,gx-no-cache=1456768704785 HTTP/1.1" 200 3260
186.103.159.44 - - [29/Feb/2016:13:53:00 -0300] "POST /cormun/servlet/trsolicitudot?bf12fed8003220947363addfe114fc79,,gx-no-cache=1456764799447 HTTP/1.1" 200 105
186.103.159.44 - - [29/Feb/2016:13:53:01 -0300] "GET /cormun/servlet/solicitudot?UPD,2016,247, HTTP/1.1" 200 13281
186.103.159.44 - - [29/Feb/2016:13:53:03 -0300] "POST /cormun/servlet/solicitudot?gx-no-cache=1456764804590 HTTP/1.1" 200 2744
186.103.159.44 - - [29/Feb/2016:13:53:03 -0300] "POST /cormun/servlet/solicitudot?bf12fed8003220947363addfe114fc79,UPD,2016,247,,gx-no-cache=1456764805660 HTTP/1.1" 200 10157
186.103.159.44 - - [29/Feb/2016:13:53:03 -0300] "GET /cormun/servlet/solicitudot?ea00247db7c1df82e1491e50141ebc0f0e6d8caf80b2555dc5ba9d64ceaf604431ed27cc0b395868ffee71bedba762dc,gx-no-cache=1456764805895 HTTP/1.1" 200 30
186.103.159.44 - - [29/Feb/2016:13:53:03 -0300] "POST /cormun/servlet/solicitudot?gx-no-cache=1456764806007 HTTP/1.1" 200 30
186.103.159.44 - - [29/Feb/2016:13:53:03 -0300] "POST /cormun/servlet/solicitudot?gx-no-cache=1456764806079 HTTP/1.1" 200 30
186.103.159.44 - - [29/Feb/2016:13:53:03 -0300] "POST /cormun/servlet/solicitudot?gx-no-cache=1456764806187 HTTP/1.1" 200 1154
186.103.159.44 - - [29/Feb/2016:13:53:03 -0300] "GET /cormun/servlet/solicitudot?ea00247db7c1df82e1491e50141ebc0ff6df09323db21607c87f33bccd3f4494430fcb381e29c0769d8153a26cf6f8fd15aff7f70e553ff41cba6dfb63424efa7b2d8139c2002ad6325fce04e77232de34c3f41d649a7668fcbf86a8d49853509b048264ae2f617248f558bf2498f29fe97c5d3680e7b0f56a25293a19acb3955e435dd7ce1b6ddc3e83af071eaa025b8ab886432771b7c89890db63fd52725b,gx-no-cache=1456764806225 HTTP/1.1" 200 41
186.103.159.183 - - [29/Feb/2016:13:53:04 -0300] "POST /cormun/servlet/trvisualizadoreventos?50b4092f4a71bc54c69030a1542f76d4,,gx-no-cache=1456768710989 HTTP/1.1" 200 3260
190.101.9.119 - - [29/Feb/2016:13:53:04 -0300] "POST /cormun/servlet/trsolicitudot?ec0cae8a1e768a74b78a524050b26fed,,gx-no-cache=1456764854752 HTTP/1.1" 200 3741
190.101.9.119 - - [29/Feb/2016:13:53:05 -0300] "POST /cormun/servlet/trsolicitudot?ec0cae8a1e768a74b78a524050b26fed,,gx-no-cache=1456764854952 HTTP/1.1" 200 3741
190.101.9.119 - - [29/Feb/2016:13:53:05 -0300] "POST /cormun/servlet/trsolicitudot?ec0cae8a1e768a74b78a524050b26fed,,gx-no-cache=1456764855147 HTTP/1.1" 200 3741
186.103.159.183 - - [29/Feb/2016:13:53:05 -0300] "POST /cormun/servlet/trvisualizadoreventos?50b4092f4a71bc54c69030a1542f76d4,,gx-no-cache=1456768712094 HTTP/1.1" 200 3260
186.103.159.44 - - [29/Feb/2016:13:53:06 -0300] "GET /cormun/servlet/solicitudot?ea00247db7c1df82e1491e50141ebc0f336373a9bbb141123ca425dc5f16b0473388e84a849a09f713b04365f209b340ffa197f784b8943dcbbbab0fc55a592f88480c2ba2b7e929f6a735aa15124ab443b21cf7c021e19a9b2707cabd71ded7a9b36919661f28e761b36d5c182d37a838d5aeac81ba9db6a1433c34f5c75fbd0ddb470cfda05c15caf8a7a2b30b9b559b1b41b9b8c4bb48b5ca8d7a224aacba,gx-no-cache=1456764808579 HTTP/1.1" 200 30
186.103.159.44 - - [29/Feb/2016:13:53:07 -0300] "POST /cormun/servlet/solicitudot?gx-no-cache=1456764809654 HTTP/1.1" 200 1116
186.103.159.44 - - [29/Feb/2016:13:53:07 -0300] "GET /cormun/servlet/solicitudot?ea00247db7c1df82e1491e50141ebc0f3f9bdb679e53e5493af803c21117df5f23bd08821f7d8536bed67e43e7cd5d6f79b185e40f2f1526b351af0bc9fc64df114c4d7fd0ff3ed757e1b83035bef059033bac5a091ad021ac6610433f8a84484b4982c60557ac75d3fc1aa0ce55432fbefa5599d6c125a4496639998ce876127f6bf8e418d60aa8045c03dda69036a22816abdc0aa3453124952be7c2f598cb86fa90bf91af99d94a006e5796c039f8,gx-no-cache=1456764809690 HTTP/1.1" 200 30
186.103.159.44 - - [29/Feb/2016:13:53:07 -0300] "POST /cormun/servlet/solicitudot?bf12fed8003220947363addfe114fc79,UPD,2016,247,,gx-no-cache=1456764809716 HTTP/1.1" 200 93
186.103.159.44 - - [29/Feb/2016:13:53:07 -0300] "GET /cormun/servlet/hpexe_return? HTTP/1.1" 200 1012
186.103.159.44 - - [29/Feb/2016:13:53:07 -0300] "GET /cormun/servlet/trsolicitudot? HTTP/1.1" 200 8000
186.103.159.183 - - [29/Feb/2016:13:53:10 -0300] "GET /cormun/servlet/trvisualizadoreventos? HTTP/1.1" 200 5932
186.103.159.183 - - [29/Feb/2016:13:53:11 -0300] "GET /cormun/servlet/trvisualizadoreventos? HTTP/1.1" 200 5932
186.103.159.44 - - [29/Feb/2016:13:53:13 -0300] "POST /cormun/servlet/trsolicitudot?bf12fed8003220947363addfe114fc79,,gx-no-cache=1456764815593 HTTP/1.1" 200 5460
186.103.159.44 - - [29/Feb/2016:13:53:14 -0300] "POST /cormun/servlet/trsolicitudot?bf12fed8003220947363addfe114fc79,,gx-no-cache=1456764816737 HTTP/1.1" 200 5460
190.101.9.119 - - [29/Feb/2016:13:53:14 -0300] "GET /cormun/servlet/trsolicitudot?a8d59119c41980145bbaaf5a64f76184e0bc5ca4702dd132f307f321d04f21a52095b76ac4d05d1d5d37cc39e53b1b113e9ecab39ebd0d97ea676089309232e8ea6e8fd42b7410d27c129f1c552f5dec,gx-no-cache=1456764864373 HTTP/1.1" 200 720
186.103.159.44 - - [29/Feb/2016:13:53:15 -0300] "POST /cormun/servlet/trsolicitudot?bf12fed8003220947363addfe114fc79,,gx-no-cache=1456764817318 HTTP/1.1" 200 5459
186.103.159.44 - - [29/Feb/2016:13:53:15 -0300] "POST /cormun/servlet/trsolicitudot?bf12fed8003220947363addfe114fc79,,gx-no-cache=1456764817684 HTTP/1.1" 200 5461
186.103.159.44 - - [29/Feb/2016:13:53:15 -0300] "POST /cormun/servlet/trsolicitudot?bf12fed8003220947363addfe114fc79,,gx-no-cache=1456764818089 HTTP/1.1" 200 5460
186.103.159.44 - - [29/Feb/2016:13:53:17 -0300] "POST /cormun/servlet/trsolicitudot?bf12fed8003220947363addfe114fc79,,gx-no-cache=1456764818506 HTTP/1.1" 200 5460
186.103.159.44 - - [29/Feb/2016:13:53:18 -0300] "POST /cormun/servlet/trsolicitudot?bf12fed8003220947363addfe114fc79,,gx-no-cache=1456764820454 HTTP/1.1" 200 5460
186.103.159.183 - - [29/Feb/2016:13:53:21 -0300] "POST /cormun/servlet/trvisualizadoreventos?50b4092f4a71bc54c69030a1542f76d4,,gx-no-cache=1456768729894 HTTP/1.1" 200 90
186.103.159.183 - - [29/Feb/2016:13:53:21 -0300] "GET /cormun/servlet/hpexe_link HTTP/1.1" 200 965
186.103.159.183 - - [29/Feb/2016:13:53:21 -0300] "GET /cormun/servlet/trsolicitudot HTTP/1.1" 200 6124
186.103.159.44 - - [29/Feb/2016:13:53:22 -0300] "POST /cormun/servlet/trsolicitudot?bf12fed8003220947363addfe114fc79,,gx-no-cache=1456764820964 HTTP/1.1" 200 106
186.103.159.44 - - [29/Feb/2016:13:53:22 -0300] "GET /cormun/servlet/trsolicitudadjuntos?2016,247, HTTP/1.1" 200 5352
186.103.159.183 - - [29/Feb/2016:13:53:22 -0300] "GET /cormun/servlet/trsolicitudot HTTP/1.1" 200 6122
186.103.159.44 - - [29/Feb/2016:13:53:26 -0300] "GET /cormun/servlet/solicitudotadjuntos?INS,2016,247,,1, HTTP/1.1" 200 5412
186.103.159.44 - - [29/Feb/2016:13:53:26 -0300] "HEAD /cormun/static/about:blank HTTP/1.1" 404 -
186.103.159.44 - - [29/Feb/2016:13:53:27 -0300] "GET /cormun/servlet/solicitudotadjuntos?ea00247db7c1df82e1491e50141ebc0fb503ce5670e1fdab4c36206e9ba9936b8ab886432771b7c89890db63fd52725b,gx-no-cache=1456764829782 HTTP/1.1" 200 30
186.103.159.44 - - [29/Feb/2016:13:53:27 -0300] "POST /cormun/servlet/solicitudotadjuntos?bf12fed8003220947363addfe114fc79,INS,2016,247,,1,,gx-no-cache=1456764830120 HTTP/1.1" 200 3321
186.103.159.183 - - [29/Feb/2016:13:53:28 -0300] "GET /cormun/servlet/solicitudot?INS,0,0, HTTP/1.1" 200 12046
186.103.159.183 - - [29/Feb/2016:13:53:29 -0300] "GET /cormun/servlet/solicitudot?INS,0,0, HTTP/1.1" 200 12050
190.101.9.119 - - [29/Feb/2016:13:53:39 -0300] "POST /cormun/servlet/trsolicitudot?ec0cae8a1e768a74b78a524050b26fed,,gx-no-cache=1456764889626 HTTP/1.1" 200 3743
190.101.9.119 - - [29/Feb/2016:13:53:40 -0300] "GET /cormun/servlet/trsolicitudot?a8d59119c41980145bbaaf5a64f7618457d60b2a105387b220113e0d6345dcb45c5b31bc3ea408dd9825a828f16652549e086eea5b610ca6ffff1ee31a123327a250984c2e489b27a9e09e011067b4db,gx-no-cache=1456764890053 HTTP/1.1" 200 722
186.103.159.183 - - [29/Feb/2016:13:53:40 -0300] "GET /cormun/servlet/hlogin HTTP/1.1" 200 1739
190.101.9.119 - - [29/Feb/2016:13:53:43 -0300] "POST /cormun/servlet/trsolicitudot?ec0cae8a1e768a74b78a524050b26fed,,gx-no-cache=1456764893003 HTTP/1.1" 200 3743
186.103.159.183 - - [29/Feb/2016:13:53:43 -0300] "GET /cormun/servlet/solicitudot?INS,0,0, HTTP/1.1" 200 11854
186.103.159.183 - - [29/Feb/2016:13:53:44 -0300] "GET /cormun/servlet/hlogin HTTP/1.1" 200 1739
186.103.159.183 - - [29/Feb/2016:13:53:44 -0300] "GET /cormun/servlet/solicitudot?INS,0,0, HTTP/1.1" 200 11860
186.103.159.183 - - [29/Feb/2016:13:53:50 -0300] "POST /cormun/servlet/hlogin?50b4092f4a71bc54c69030a1542f76d4,gx-no-cache=1456768762133 HTTP/1.1" 200 90
186.103.159.183 - - [29/Feb/2016:13:53:50 -0300] "GET /cormun/servlet/hpexe_link HTTP/1.1" 200 962
186.103.159.183 - - [29/Feb/2016:13:53:50 -0300] "GET /cormun/servlet/solicitudot?INS,0,0, HTTP/1.1" 200 12047
190.101.9.119 - - [29/Feb/2016:13:53:51 -0300] "GET /cormun/servlet/trsolicitudot?a8d59119c41980145bbaaf5a64f7618457d60b2a105387b220113e0d6345dcb42095b76ac4d05d1d5d37cc39e53b1b113e9ecab39ebd0d97ea676089309232e8ea6e8fd42b7410d27c129f1c552f5dec,gx-no-cache=1456764901058 HTTP/1.1" 200 722
186.103.159.183 - - [29/Feb/2016:13:53:51 -0300] "GET /cormun/servlet/solicitudot?INS,0,0, HTTP/1.1" 200 12050
186.103.159.44 - - [29/Feb/2016:13:53:54 -0300] "POST /cormun/servlet/solicitudotadjuntos?gx-no-cache=1456764855950 HTTP/1.1" 200 26
190.101.9.119 - - [29/Feb/2016:13:53:57 -0300] "POST /cormun/servlet/trsolicitudot?ec0cae8a1e768a74b78a524050b26fed,,gx-no-cache=1456764906940 HTTP/1.1" 200 3743
190.101.9.119 - - [29/Feb/2016:13:53:57 -0300] "POST /cormun/servlet/trsolicitudot?ec0cae8a1e768a74b78a524050b26fed,,gx-no-cache=1456764907169 HTTP/1.1" 200 3743
186.103.159.183 - - [29/Feb/2016:13:54:01 -0300] "GET /cormun/servlet/hhome HTTP/1.1" 200 3405
186.103.159.183 - - [29/Feb/2016:13:54:01 -0300] "GET /cormun/servlet/hhome HTTP/1.1" 200 3397
186.103.159.183 - - [29/Feb/2016:13:54:04 -0300] "GET /cormun/servlet/trvisualizadoreventos? HTTP/1.1" 200 5926
186.103.159.183 - - [29/Feb/2016:13:54:05 -0300] "GET /cormun/servlet/trvisualizadoreventos? HTTP/1.1" 200 5926
190.101.9.119 - - [29/Feb/2016:13:54:05 -0300] "POST /cormun/servlet/trsolicitudot?ec0cae8a1e768a74b78a524050b26fed,,gx-no-cache=1456764915765 HTTP/1.1" 200 3744
190.101.9.119 - - [29/Feb/2016:13:54:06 -0300] "GET /cormun/servlet/trsolicitudot?a8d59119c41980145bbaaf5a64f7618462d9f133d82c5da9e5287b237f8aec075c5b31bc3ea408dd9825a828f16652549e086eea5b610ca6ffff1ee31a123327a250984c2e489b27a9e09e011067b4db,gx-no-cache=1456764916176 HTTP/1.1" 200 723
190.101.9.119 - - [29/Feb/2016:13:54:09 -0300] "POST /cormun/servlet/trsolicitudot?ec0cae8a1e768a74b78a524050b26fed,,gx-no-cache=1456764919358 HTTP/1.1" 200 3743
186.103.159.183 - - [29/Feb/2016:13:54:12 -0300] "POST /cormun/servlet/trvisualizadoreventos?50b4092f4a71bc54c69030a1542f76d4,,gx-no-cache=1456768786510 HTTP/1.1" 200 3251
186.103.159.183 - - [29/Feb/2016:13:54:12 -0300] "POST /cormun/servlet/trvisualizadoreventos?50b4092f4a71bc54c69030a1542f76d4,,gx-no-cache=1456768786682 HTTP/1.1" 200 3251
186.103.159.183 - - [29/Feb/2016:13:54:12 -0300] "POST /cormun/servlet/trvisualizadoreventos?50b4092f4a71bc54c69030a1542f76d4,,gx-no-cache=1456768786807 HTTP/1.1" 200 3251
186.103.159.44 - - [29/Feb/2016:13:54:12 -0300] "GET /cormun/servlet/solicitudotadjuntos?ea00247db7c1df82e1491e50141ebc0f536a1ad20fc569cb3cc01ce3ca2f1be2,gx-no-cache=1456764874946 HTTP/1.1" 200 30
186.103.159.44 - - [29/Feb/2016:13:54:12 -0300] "GET /cormun/servlet/solicitudotadjuntos?ea00247db7c1df82e1491e50141ebc0f536a1ad20fc569cb3cc01ce3ca2f1be2,gx-no-cache=1456764874970 HTTP/1.1" 200 30
186.103.159.183 - - [29/Feb/2016:13:54:12 -0300] "POST /cormun/servlet/trvisualizadoreventos?50b4092f4a71bc54c69030a1542f76d4,,gx-no-cache=1456768786929 HTTP/1.1" 200 3251
186.103.159.183 - - [29/Feb/2016:13:54:12 -0300] "POST /cormun/servlet/trvisualizadoreventos?50b4092f4a71bc54c69030a1542f76d4,,gx-no-cache=1456768787074 HTTP/1.1" 200 3251
186.103.159.44 - - [29/Feb/2016:13:54:13 -0300] "POST /cormun/servlet/solicitudotadjuntos?bf12fed8003220947363addfe114fc79,INS,2016,247,,1, HTTP/1.1" 200 116
186.103.159.44 - - [29/Feb/2016:13:54:13 -0300] "GET /cormun/servlet/hpexe_return? HTTP/1.1" 200 1025
186.103.159.44 - - [29/Feb/2016:13:54:13 -0300] "GET /cormun/servlet/trsolicitudadjuntos?2016,247, HTTP/1.1" 200 7254
186.103.159.183 - - [29/Feb/2016:13:54:13 -0300] "POST /cormun/servlet/trvisualizadoreventos?50b4092f4a71bc54c69030a1542f76d4,,gx-no-cache=1456768787960 HTTP/1.1" 200 3251
190.101.9.119 - - [29/Feb/2016:13:54:16 -0300] "GET /cormun/servlet/trsolicitudot?a8d59119c41980145bbaaf5a64f7618462d9f133d82c5da9e5287b237f8aec072095b76ac4d05d1d5d37cc39e53b1b113e9ecab39ebd0d97ea676089309232e8ea6e8fd42b7410d27c129f1c552f5dec,gx-no-cache=1456764926737 HTTP/1.1" 200 723
186.103.159.44 - - [29/Feb/2016:13:54:18 -0300] "GET /cormun/servlet/solicitudotadjuntos?INS,2016,247,,1, HTTP/1.1" 200 5411
186.103.159.44 - - [29/Feb/2016:13:54:18 -0300] "HEAD /cormun/static/about:blank HTTP/1.1" 404 -
186.103.159.44 - - [29/Feb/2016:13:54:19 -0300] "GET /cormun/servlet/solicitudotadjuntos?ea00247db7c1df82e1491e50141ebc0fb503ce5670e1fdab4c36206e9ba9936b8ab886432771b7c89890db63fd52725b,gx-no-cache=1456764881684 HTTP/1.1" 200 30
186.103.159.44 - - [29/Feb/2016:13:54:21 -0300] "POST /cormun/servlet/solicitudotadjuntos?bf12fed8003220947363addfe114fc79,INS,2016,247,,1,,gx-no-cache=1456764884201 HTTP/1.1" 200 3321
186.103.159.44 - - [29/Feb/2016:13:54:24 -0300] "POST /cormun/servlet/solicitudotadjuntos?gx-no-cache=1456764887034 HTTP/1.1" 200 26
190.101.9.119 - - [29/Feb/2016:13:54:30 -0300] "POST /cormun/servlet/trsolicitudot?ec0cae8a1e768a74b78a524050b26fed,,gx-no-cache=1456764940233 HTTP/1.1" 200 3743
190.101.9.119 - - [29/Feb/2016:13:54:30 -0300] "POST /cormun/servlet/trsolicitudot?ec0cae8a1e768a74b78a524050b26fed,,gx-no-cache=1456764940492 HTTP/1.1" 200 3742
186.103.159.183 - - [29/Feb/2016:13:54:30 -0300] "GET /cormun/servlet/trvisualizadoreventos?79b0b74bb4ea1e8af4d4ec934029f1d1e6622143fc1a3d2210de90329c99b737622d99779cc4b69a5d6cb365dc208a7b1a14bf4b2aae3fa9faf8d02b2d210a9f88cf7cf83d60817720ba2760288fe98a658cc8331a4166e14057d6cf0e68276033824c0f596f34793c2aa94ed48e26029219c7d20ca3c3e6a5a9382cf2990bc4dd4f47699bb0c1632967f8f3dd327e9ae0a67fbd99600ef6b4d2e01556a0834388abdeea288f98b09b4c3439c725a4afe908527212f4a98c07ac1387d1e1b365,gx-no-cache=1456768807577 HTTP/1.1" 200 575
186.103.159.183 - - [29/Feb/2016:13:54:31 -0300] "POST /cormun/servlet/trvisualizadoreventos?50b4092f4a71bc54c69030a1542f76d4,,gx-no-cache=1456768807693 HTTP/1.1" 200 3251
186.103.159.183 - - [29/Feb/2016:13:54:31 -0300] "POST /cormun/servlet/trvisualizadoreventos?50b4092f4a71bc54c69030a1542f76d4,,gx-no-cache=1456768807865 HTTP/1.1" 200 3251
186.103.159.183 - - [29/Feb/2016:13:54:31 -0300] "POST /cormun/servlet/trvisualizadoreventos?50b4092f4a71bc54c69030a1542f76d4,,gx-no-cache=1456768808020 HTTP/1.1" 200 3251
190.101.9.119 - - [29/Feb/2016:13:54:32 -0300] "POST /cormun/servlet/trsolicitudot?ec0cae8a1e768a74b78a524050b26fed,,gx-no-cache=1456764942402 HTTP/1.1" 200 3740
190.101.9.119 - - [29/Feb/2016:13:54:32 -0300] "GET /cormun/servlet/trsolicitudot?a8d59119c41980145bbaaf5a64f76184e0bc5ca4702dd132f307f321d04f21a55c5b31bc3ea408dd9825a828f16652549e086eea5b610ca6ffff1ee31a123327a250984c2e489b27a9e09e011067b4db,gx-no-cache=1456764942805 HTTP/1.1" 200 720
186.103.159.183 - - [29/Feb/2016:13:54:43 -0300] "POST /cormun/servlet/trvisualizadoreventos?50b4092f4a71bc54c69030a1542f76d4,,gx-no-cache=1456768822056 HTTP/1.1" 200 3251
186.103.159.183 - - [29/Feb/2016:13:54:46 -0300] "POST /cormun/servlet/trvisualizadoreventos?50b4092f4a71bc54c69030a1542f76d4,,gx-no-cache=1456768825382 HTTP/1.1" 200 3251
186.103.159.183 - - [29/Feb/2016:13:54:48 -0300] "POST /cormun/servlet/trvisualizadoreventos?50b4092f4a71bc54c69030a1542f76d4,,gx-no-cache=1456768826716 HTTP/1.1" 200 3251
186.103.159.44 - - [29/Feb/2016:13:54:48 -0300] "GET /cormun/servlet/solicitudotadjuntos?ea00247db7c1df82e1491e50141ebc0f536a1ad20fc569cb3cc01ce3ca2f1be2,gx-no-cache=1456764909674 HTTP/1.1" 200 30
186.103.159.44 - - [29/Feb/2016:13:54:48 -0300] "GET /cormun/servlet/solicitudotadjuntos?ea00247db7c1df82e1491e50141ebc0f536a1ad20fc569cb3cc01ce3ca2f1be2,gx-no-cache=1456764910720 HTTP/1.1" 200 30
186.103.159.183 - - [29/Feb/2016:13:54:49 -0300] "POST /cormun/servlet/trvisualizadoreventos?50b4092f4a71bc54c69030a1542f76d4,,gx-no-cache=1456768827680 HTTP/1.1" 200 3251
186.103.159.183 - - [29/Feb/2016:13:54:51 -0300] "POST /cormun/servlet/trvisualizadoreventos?50b4092f4a71bc54c69030a1542f76d4,,gx-no-cache=1456768831177 HTTP/1.1" 200 3253
186.103.159.183 - - [29/Feb/2016:13:54:52 -0300] "GET /cormun/servlet/trvisualizadoreventos?79b0b74bb4ea1e8af4d4ec934029f1d1608d6b78fd9ecc401e06ecdbe66819cbc2a64cef0ee58ffb3f85d6ed51fcb37bdc0816b9fdb7e0e53645c086aeddb89f8ef14b217e717b9343aee62ce904d85d4998cf1e69c8d30ec6600eef00b03a3855662e257d2b4c247e4b3bdb042103cfcda7c3fdf67cd8649f5fb11ff7450943de5946dfaed2d3a87f9221197cfadc1fcfab03d0a41d3db39a946c3768ee4b79c695d9d99e4fee48135a5a1785b86844f4298bc64a7f7ae7ff264b3eb028c689,gx-no-cache=1456768831613 HTTP/1.1" 200 576
186.103.159.183 - - [29/Feb/2016:13:54:52 -0300] "POST /cormun/servlet/trvisualizadoreventos?50b4092f4a71bc54c69030a1542f76d4,,gx-no-cache=1456768831881 HTTP/1.1" 200 3253
186.103.159.183 - - [29/Feb/2016:13:54:53 -0300] "POST /cormun/servlet/trvisualizadoreventos?50b4092f4a71bc54c69030a1542f76d4,,gx-no-cache=1456768833410 HTTP/1.1" 200 3253
186.103.159.44 - - [29/Feb/2016:13:54:54 -0300] "POST /cormun/servlet/solicitudotadjuntos?bf12fed8003220947363addfe114fc79,INS,2016,247,,1, HTTP/1.1" 200 116
186.103.159.44 - - [29/Feb/2016:13:54:54 -0300] "GET /cormun/servlet/hpexe_return? HTTP/1.1" 200 1025
186.103.159.44 - - [29/Feb/2016:13:54:54 -0300] "GET /cormun/servlet/trsolicitudadjuntos?2016,247, HTTP/1.1" 200 7404
186.103.159.183 - - [29/Feb/2016:13:54:55 -0300] "POST /cormun/servlet/trvisualizadoreventos?50b4092f4a71bc54c69030a1542f76d4,,gx-no-cache=1456768835051 HTTP/1.1" 200 3253
186.103.159.183 - - [29/Feb/2016:13:54:55 -0300] "GET /cormun/servlet/trvisualizadoreventos?79b0b74bb4ea1e8af4d4ec934029f1d1eb503fb5b5cf588000d36f1606db8849c2a64cef0ee58ffb3f85d6ed51fcb37bdc0816b9fdb7e0e53645c086aeddb89f8ef14b217e717b9343aee62ce904d85d4998cf1e69c8d30ec6600eef00b03a3855662e257d2b4c247e4b3bdb042103cfcda7c3fdf67cd8649f5fb11ff7450943de5946dfaed2d3a87f9221197cfadc1fcfab03d0a41d3db39a946c3768ee4b79c695d9d99e4fee48135a5a1785b86844f4298bc64a7f7ae7ff264b3eb028c689,gx-no-cache=1456768835460 HTTP/1.1" 200 577
186.103.159.183 - - [29/Feb/2016:13:54:56 -0300] "POST /cormun/servlet/trvisualizadoreventos?50b4092f4a71bc54c69030a1542f76d4,,gx-no-cache=1456768835776 HTTP/1.1" 200 3253
186.103.159.44 - - [29/Feb/2016:13:54:57 -0300] "GET /cormun/servlet/solicitudotadjuntos?INS,2016,247,,1, HTTP/1.1" 200 5411
186.103.159.44 - - [29/Feb/2016:13:54:57 -0300] "HEAD /cormun/static/about:blank HTTP/1.1" 404 -
186.103.159.44 - - [29/Feb/2016:13:54:58 -0300] "GET /cormun/servlet/solicitudotadjuntos?ea00247db7c1df82e1491e50141ebc0fb503ce5670e1fdab4c36206e9ba9936b8ab886432771b7c89890db63fd52725b,gx-no-cache=1456764921032 HTTP/1.1" 200 30
186.103.159.44 - - [29/Feb/2016:13:54:58 -0300] "POST /cormun/servlet/solicitudotadjuntos?bf12fed8003220947363addfe114fc79,INS,2016,247,,1,,gx-no-cache=1456764921065 HTTP/1.1" 200 3321
186.103.159.44 - - [29/Feb/2016:13:55:00 -0300] "POST /cormun/servlet/solicitudotadjuntos?gx-no-cache=1456764923066 HTTP/1.1" 200 26
186.103.159.183 - - [29/Feb/2016:13:55:01 -0300] "GET /cormun/Manuales/manual.pdf HTTP/1.1" 304 -
190.101.9.119 - - [29/Feb/2016:13:55:03 -0300] "GET /cormun/servlet/hlogin HTTP/1.1" 200 1736
186.103.159.44 - - [29/Feb/2016:13:55:08 -0300] "GET /cormun/servlet/solicitudotadjuntos?ea00247db7c1df82e1491e50141ebc0f536a1ad20fc569cb3cc01ce3ca2f1be2,gx-no-cache=1456764930498 HTTP/1.1" 200 30
186.103.159.44 - - [29/Feb/2016:13:55:08 -0300] "GET /cormun/servlet/solicitudotadjuntos?ea00247db7c1df82e1491e50141ebc0f536a1ad20fc569cb3cc01ce3ca2f1be2,gx-no-cache=1456764930516 HTTP/1.1" 200 30
186.103.159.44 - - [29/Feb/2016:13:55:09 -0300] "POST /cormun/servlet/solicitudotadjuntos?bf12fed8003220947363addfe114fc79,INS,2016,247,,1, HTTP/1.1" 200 116
186.103.159.44 - - [29/Feb/2016:13:55:09 -0300] "GET /cormun/servlet/hpexe_return? HTTP/1.1" 200 1025
186.103.159.44 - - [29/Feb/2016:13:55:09 -0300] "GET /cormun/servlet/trsolicitudadjuntos?2016,247, HTTP/1.1" 200 7572
186.103.159.44 - - [29/Feb/2016:13:55:14 -0300] "GET /cormun/servlet/solicitudotadjuntos?INS,2016,247,,1, HTTP/1.1" 200 5411
186.103.159.44 - - [29/Feb/2016:13:55:14 -0300] "HEAD /cormun/static/about:blank HTTP/1.1" 404 -
186.103.159.44 - - [29/Feb/2016:13:55:15 -0300] "GET /cormun/servlet/solicitudotadjuntos?ea00247db7c1df82e1491e50141ebc0fb503ce5670e1fdab4c36206e9ba9936b8ab886432771b7c89890db63fd52725b,gx-no-cache=1456764937687 HTTP/1.1" 200 30
186.103.159.44 - - [29/Feb/2016:13:55:15 -0300] "POST /cormun/servlet/solicitudotadjuntos?bf12fed8003220947363addfe114fc79,INS,2016,247,,1,,gx-no-cache=1456764937745 HTTP/1.1" 200 3319
186.103.159.44 - - [29/Feb/2016:13:55:17 -0300] "POST /cormun/servlet/solicitudotadjuntos?gx-no-cache=1456764940250 HTTP/1.1" 200 26
186.103.159.44 - - [29/Feb/2016:13:55:24 -0300] "GET /cormun/servlet/solicitudotadjuntos?ea00247db7c1df82e1491e50141ebc0f536a1ad20fc569cb3cc01ce3ca2f1be2,gx-no-cache=1456764946554 HTTP/1.1" 200 30
186.103.159.44 - - [29/Feb/2016:13:55:24 -0300] "GET /cormun/servlet/solicitudotadjuntos?ea00247db7c1df82e1491e50141ebc0f536a1ad20fc569cb3cc01ce3ca2f1be2,gx-no-cache=1456764946877 HTTP/1.1" 200 30
186.103.159.44 - - [29/Feb/2016:13:55:24 -0300] "POST /cormun/servlet/solicitudotadjuntos?bf12fed8003220947363addfe114fc79,INS,2016,247,,1, HTTP/1.1" 200 116
186.103.159.44 - - [29/Feb/2016:13:55:24 -0300] "GET /cormun/servlet/hpexe_return? HTTP/1.1" 200 1025
186.103.159.44 - - [29/Feb/2016:13:55:26 -0300] "GET /cormun/servlet/trsolicitudadjuntos?2016,247, HTTP/1.1" 200 7688
186.103.159.44 - - [29/Feb/2016:13:55:29 -0300] "GET /cormun/servlet/solicitudotadjuntos?INS,2016,247,,1, HTTP/1.1" 200 5411
186.103.159.44 - - [29/Feb/2016:13:55:29 -0300] "HEAD /cormun/static/about:blank HTTP/1.1" 404 -
186.103.159.44 - - [29/Feb/2016:13:55:30 -0300] "GET /cormun/servlet/solicitudotadjuntos?ea00247db7c1df82e1491e50141ebc0fb503ce5670e1fdab4c36206e9ba9936b8ab886432771b7c89890db63fd52725b,gx-no-cache=1456764952596 HTTP/1.1" 200 30
186.103.159.44 - - [29/Feb/2016:13:55:30 -0300] "POST /cormun/servlet/solicitudotadjuntos?bf12fed8003220947363addfe114fc79,INS,2016,247,,1,,gx-no-cache=1456764952888 HTTP/1.1" 200 3319
186.103.159.44 - - [29/Feb/2016:13:55:33 -0300] "POST /cormun/servlet/solicitudotadjuntos?gx-no-cache=1456764955722 HTTP/1.1" 200 26
186.103.159.44 - - [29/Feb/2016:13:55:38 -0300] "GET /cormun/servlet/solicitudotadjuntos?ea00247db7c1df82e1491e50141ebc0f536a1ad20fc569cb3cc01ce3ca2f1be2,gx-no-cache=1456764961018 HTTP/1.1" 200 30
186.103.159.44 - - [29/Feb/2016:13:55:38 -0300] "GET /cormun/servlet/solicitudotadjuntos?ea00247db7c1df82e1491e50141ebc0f536a1ad20fc569cb3cc01ce3ca2f1be2,gx-no-cache=1456764961039 HTTP/1.1" 200 30
186.103.159.44 - - [29/Feb/2016:13:55:39 -0300] "POST /cormun/servlet/solicitudotadjuntos?bf12fed8003220947363addfe114fc79,INS,2016,247,,1, HTTP/1.1" 200 116
186.103.159.44 - - [29/Feb/2016:13:55:39 -0300] "GET /cormun/servlet/hpexe_return? HTTP/1.1" 200 1025
186.103.159.44 - - [29/Feb/2016:13:55:39 -0300] "GET /cormun/servlet/trsolicitudadjuntos?2016,247, HTTP/1.1" 200 7813
186.103.159.183 - - [29/Feb/2016:13:55:41 -0300] "GET /cormun/servlet/trvisualizadoreventos? HTTP/1.1" 200 5926
186.103.159.183 - - [29/Feb/2016:13:55:42 -0300] "GET /cormun/servlet/trvisualizadoreventos? HTTP/1.1" 200 5926
186.103.159.44 - - [29/Feb/2016:13:55:42 -0300] "GET /cormun/servlet/solicitudotadjuntos?INS,2016,247,,1, HTTP/1.1" 200 5411
186.103.159.44 - - [29/Feb/2016:13:55:42 -0300] "HEAD /cormun/static/about:blank HTTP/1.1" 404 -
186.103.159.44 - - [29/Feb/2016:13:55:43 -0300] "GET /cormun/servlet/solicitudotadjuntos?ea00247db7c1df82e1491e50141ebc0fb503ce5670e1fdab4c36206e9ba9936b8ab886432771b7c89890db63fd52725b,gx-no-cache=1456764965677 HTTP/1.1" 200 30
186.103.159.44 - - [29/Feb/2016:13:55:43 -0300] "POST /cormun/servlet/solicitudotadjuntos?bf12fed8003220947363addfe114fc79,INS,2016,247,,1,,gx-no-cache=1456764965708 HTTP/1.1" 200 3319
186.103.159.183 - - [29/Feb/2016:13:55:45 -0300] "POST /cormun/servlet/trvisualizadoreventos?50b4092f4a71bc54c69030a1542f76d4,,gx-no-cache=1456768886804 HTTP/1.1" 200 3253
186.103.159.183 - - [29/Feb/2016:13:55:45 -0300] "POST /cormun/servlet/trvisualizadoreventos?50b4092f4a71bc54c69030a1542f76d4,,gx-no-cache=1456768886957 HTTP/1.1" 200 3253
186.103.159.183 - - [29/Feb/2016:13:55:46 -0300] "POST /cormun/servlet/trvisualizadoreventos?50b4092f4a71bc54c69030a1542f76d4,,gx-no-cache=1456768887082 HTTP/1.1" 200 3253
186.103.159.183 - - [29/Feb/2016:13:55:46 -0300] "POST /cormun/servlet/trvisualizadoreventos?50b4092f4a71bc54c69030a1542f76d4,,gx-no-cache=1456768887202 HTTP/1.1" 200 3253
186.103.159.44 - - [29/Feb/2016:13:55:46 -0300] "POST /cormun/servlet/solicitudotadjuntos?gx-no-cache=1456764968817 HTTP/1.1" 200 26
186.103.159.183 - - [29/Feb/2016:13:55:47 -0300] "POST /cormun/servlet/trvisualizadoreventos?50b4092f4a71bc54c69030a1542f76d4,,gx-no-cache=1456768888517 HTTP/1.1" 200 3251
186.103.159.183 - - [29/Feb/2016:13:55:47 -0300] "GET /cormun/servlet/trvisualizadoreventos?79b0b74bb4ea1e8af4d4ec934029f1d12d329c9037c486b3c366a6ede8c8dee4c2a64cef0ee58ffb3f85d6ed51fcb37bdc0816b9fdb7e0e53645c086aeddb89f8ef14b217e717b9343aee62ce904d85d4998cf1e69c8d30ec6600eef00b03a3855662e257d2b4c247e4b3bdb042103cfcda7c3fdf67cd8649f5fb11ff7450943de5946dfaed2d3a87f9221197cfadc1fcfab03d0a41d3db39a946c3768ee4b79c695d9d99e4fee48135a5a1785b86844f4298bc64a7f7ae7ff264b3eb028c689,gx-no-cache=1456768888918 HTTP/1.1" 200 574
186.103.159.44 - - [29/Feb/2016:13:55:52 -0300] "GET /cormun/servlet/solicitudotadjuntos?ea00247db7c1df82e1491e50141ebc0f536a1ad20fc569cb3cc01ce3ca2f1be2,gx-no-cache=1456764974921 HTTP/1.1" 200 30
186.103.159.44 - - [29/Feb/2016:13:55:52 -0300] "GET /cormun/servlet/solicitudotadjuntos?ea00247db7c1df82e1491e50141ebc0f536a1ad20fc569cb3cc01ce3ca2f1be2,gx-no-cache=1456764975168 HTTP/1.1" 200 30
186.103.159.183 - - [29/Feb/2016:13:55:53 -0300] "POST /cormun/servlet/trvisualizadoreventos?50b4092f4a71bc54c69030a1542f76d4,,gx-no-cache=1456768895564 HTTP/1.1" 200 3251
186.103.159.44 - - [29/Feb/2016:13:55:56 -0300] "POST /cormun/servlet/solicitudotadjuntos?bf12fed8003220947363addfe114fc79,INS,2016,247,,1, HTTP/1.1" 200 116
186.103.159.44 - - [29/Feb/2016:13:55:56 -0300] "GET /cormun/servlet/hpexe_return? HTTP/1.1" 200 1025
186.103.159.44 - - [29/Feb/2016:13:55:57 -0300] "GET /cormun/servlet/trsolicitudadjuntos?2016,247, HTTP/1.1" 200 7926
186.103.159.44 - - [29/Feb/2016:13:56:00 -0300] "GET /cormun/servlet/solicitudotadjuntos?INS,2016,247,,2, HTTP/1.1" 200 5409
186.103.159.44 - - [29/Feb/2016:13:56:00 -0300] "HEAD /cormun/static/about:blank HTTP/1.1" 404 -
186.103.159.44 - - [29/Feb/2016:13:56:01 -0300] "GET /cormun/servlet/solicitudotadjuntos?ea00247db7c1df82e1491e50141ebc0fb503ce5670e1fdab4c36206e9ba9936b8ab886432771b7c89890db63fd52725b,gx-no-cache=1456764983769 HTTP/1.1" 200 30
186.103.159.44 - - [29/Feb/2016:13:56:01 -0300] "POST /cormun/servlet/solicitudotadjuntos?bf12fed8003220947363addfe114fc79,INS,2016,247,,2,,gx-no-cache=1456764984038 HTTP/1.1" 200 3464
186.103.159.44 - - [29/Feb/2016:13:56:04 -0300] "POST /cormun/servlet/solicitudotadjuntos?gx-no-cache=1456764987177 HTTP/1.1" 200 26
186.103.159.44 - - [29/Feb/2016:13:56:11 -0300] "GET /cormun/servlet/solicitudotadjuntos?ea00247db7c1df82e1491e50141ebc0f536a1ad20fc569cb3cc01ce3ca2f1be2,gx-no-cache=1456764994080 HTTP/1.1" 200 30
186.103.159.44 - - [29/Feb/2016:13:56:11 -0300] "GET /cormun/servlet/solicitudotadjuntos?ea00247db7c1df82e1491e50141ebc0f536a1ad20fc569cb3cc01ce3ca2f1be2,gx-no-cache=1456764994096 HTTP/1.1" 200 30
186.103.159.44 - - [29/Feb/2016:13:56:11 -0300] "POST /cormun/servlet/solicitudotadjuntos?bf12fed8003220947363addfe114fc79,INS,2016,247,,2, HTTP/1.1" 200 116
186.103.159.44 - - [29/Feb/2016:13:56:11 -0300] "GET /cormun/servlet/hpexe_return? HTTP/1.1" 200 1025
186.103.159.44 - - [29/Feb/2016:13:56:12 -0300] "GET /cormun/servlet/trsolicitudadjuntos?2016,247, HTTP/1.1" 200 8154
186.103.159.44 - - [29/Feb/2016:13:56:22 -0300] "GET /cormun/servlet/trsolicitudot? HTTP/1.1" 200 8002
186.103.159.183 - - [29/Feb/2016:13:56:27 -0300] "GET /cormun/servlet/trvisualizadoreventos? HTTP/1.1" 200 5926
186.103.159.183 - - [29/Feb/2016:13:56:28 -0300] "GET /cormun/servlet/trvisualizadoreventos? HTTP/1.1" 200 5926
186.103.159.44 - - [29/Feb/2016:13:56:28 -0300] "POST /cormun/servlet/trsolicitudot?bf12fed8003220947363addfe114fc79,,gx-no-cache=1456765011028 HTTP/1.1" 200 5465
186.103.159.44 - - [29/Feb/2016:13:56:29 -0300] "POST /cormun/servlet/trsolicitudot?bf12fed8003220947363addfe114fc79,,gx-no-cache=1456765011335 HTTP/1.1" 200 5466
186.103.159.44 - - [29/Feb/2016:13:56:29 -0300] "POST /cormun/servlet/trsolicitudot?bf12fed8003220947363addfe114fc79,,gx-no-cache=1456765011976 HTTP/1.1" 200 5466
186.103.159.44 - - [29/Feb/2016:13:56:30 -0300] "POST /cormun/servlet/trsolicitudot?bf12fed8003220947363addfe114fc79,,gx-no-cache=1456765012330 HTTP/1.1" 200 5466
