186.67.172.234 - - [29/Feb/2016:11:54:02 -0300] "GET /cormun/servlet/solicitudotadjuntos?5f14f2105a70644f628ea93a7cf8788c1c7db36845c1225cd25c71b1def8aef6c121914e5e45252d834132576083138b,gx-no-cache=1456757694328 HTTP/1.1" 200 30
186.67.172.234 - - [29/Feb/2016:11:54:02 -0300] "POST /cormun/servlet/solicitudotadjuntos?ccacbdd397519b3e20a6f4b199696aa2,INS,2016,233,,1,,gx-no-cache=1456757694430 HTTP/1.1" 200 3297
186.103.159.44 - - [29/Feb/2016:11:54:04 -0300] "POST /cormun/servlet/solicitudot?gx-no-cache=1456757666686 HTTP/1.1" 200 1116
186.67.172.234 - - [29/Feb/2016:11:54:13 -0300] "POST /cormun/servlet/solicitudotadjuntos?gx-no-cache=1456757705548 HTTP/1.1" 200 26
186.67.172.234 - - [29/Feb/2016:11:54:31 -0300] "GET /cormun/servlet/solicitudotadjuntos?5f14f2105a70644f628ea93a7cf8788c291182550dc4501cfa78d1086827a9ba,gx-no-cache=1456757722979 HTTP/1.1" 200 30
186.67.172.234 - - [29/Feb/2016:11:54:31 -0300] "GET /cormun/servlet/solicitudotadjuntos?5f14f2105a70644f628ea93a7cf8788c291182550dc4501cfa78d1086827a9ba,gx-no-cache=1456757723016 HTTP/1.1" 200 30
186.67.172.234 - - [29/Feb/2016:11:54:31 -0300] "POST /cormun/servlet/solicitudotadjuntos?ccacbdd397519b3e20a6f4b199696aa2,INS,2016,233,,1, HTTP/1.1" 200 116
186.67.172.234 - - [29/Feb/2016:11:54:31 -0300] "GET /cormun/servlet/hpexe_return? HTTP/1.1" 200 1022
186.67.172.234 - - [29/Feb/2016:11:54:32 -0300] "GET /cormun/static/Resources/Spanish/PXTools.css?12112540 HTTP/1.1" 200 89042
186.67.172.234 - - [29/Feb/2016:11:54:32 -0300] "GET /cormun/static/gxcfg.js?2015111312145050 HTTP/1.1" 200 953
186.67.172.234 - - [29/Feb/2016:11:54:32 -0300] "GET /cormun/static/hpexe_return.js?2015111312145056 HTTP/1.1" 200 1633
186.67.172.234 - - [29/Feb/2016:11:54:32 -0300] "GET /cormun/servlet/trsolicitudadjuntos?2016,233, HTTP/1.1" 200 7685
186.67.172.234 - - [29/Feb/2016:11:54:32 -0300] "GET /cormun/static/gxui/gxui-all.css?1917420 HTTP/1.1" 200 2179
186.67.172.234 - - [29/Feb/2016:11:54:32 -0300] "GET /cormun/static/gxcfg.js?201511221058652 HTTP/1.1" 200 953
186.67.172.234 - - [29/Feb/2016:11:54:32 -0300] "GET /cormun/static/Resources/PXToolsGridFirst.gif HTTP/1.1" 200 379
186.67.172.234 - - [29/Feb/2016:11:54:32 -0300] "GET /cormun/static/trsolicitudadjuntos.js?201511221058899 HTTP/1.1" 200 17275
186.67.172.234 - - [29/Feb/2016:11:54:32 -0300] "GET /cormun/static/Resources/Spanish/PXTools.css?10515224 HTTP/1.1" 200 89042
186.67.172.234 - - [29/Feb/2016:11:54:32 -0300] "GET /cormun/static/Resources/PXToolsGridPrevious.gif HTTP/1.1" 200 369
186.67.172.234 - - [29/Feb/2016:11:54:32 -0300] "GET /cormun/static/Resources/PXToolsGridNext.gif HTTP/1.1" 200 369
186.67.172.234 - - [29/Feb/2016:11:54:32 -0300] "GET /cormun/static/Resources/PXToolsGridLast.gif HTTP/1.1" 200 370
186.67.172.234 - - [29/Feb/2016:11:54:32 -0300] "GET /cormun/static/Resources/PXToolsGridNew.png HTTP/1.1" 200 2949
186.67.172.234 - - [29/Feb/2016:11:54:33 -0300] "GET /cormun/static/Shared/ext/resources/css/ext-all.css?215870 HTTP/1.1" 200 416045
186.67.172.234 - - [29/Feb/2016:11:54:34 -0300] "GET /cormun/static/Resources/desc.gif HTTP/1.1" 200 65
186.67.172.234 - - [29/Feb/2016:11:54:34 -0300] "GET /cormun/static/Resources/asc.gif HTTP/1.1" 200 67
186.67.172.234 - - [29/Feb/2016:11:54:34 -0300] "GET /cormun//static/Resources/PXToolsGridDelete.png HTTP/1.1" 200 357
186.67.172.234 - - [29/Feb/2016:11:54:34 -0300] "GET /cormun/static/Shared/ext/resources/themes/images/default/tools/tool-sprites.gif HTTP/1.1" 200 5434
186.67.172.234 - - [29/Feb/2016:11:54:34 -0300] "GET /cormun/static/Shared/ext/resources/themes/images/default/panel/bg-headersPanel.png HTTP/1.1" 200 255
186.67.172.234 - - [29/Feb/2016:11:54:34 -0300] "GET /cormun/servlet/trsolicitudadjuntos?2016,233, HTTP/1.1" 200 7682
186.103.159.44 - - [29/Feb/2016:11:54:37 -0300] "GET /cormun/servlet/solicitudot?e849930c6c061238d51069243b251b9edf00e56bb82073eea7aa282785f275154e61d9d42971a179c4faa2980eaf3dd55b4aa0072c96fffa32432b6f8b3993a4b378e0cb376af5d09e483d1195a01fa53f5033a20cbe90f25ae4854e27aea1fbc8242986dd5fbd524f67588004eea7911189516c7bc08cb48caa0257a8f14839c2bdc35567d5f7807d7d8225c2af21cd4bde2c9d3b93a90ab44ad047f8851d23331277c2cb88a111805a19c1050161cf,gx-no-cache=1456757699795 HTTP/1.1" 200 30
186.67.172.234 - - [29/Feb/2016:11:54:40 -0300] "GET /cormun/servlet/solicitudotadjuntos?INS,2016,233,,1, HTTP/1.1" 200 5396
186.67.172.234 - - [29/Feb/2016:11:54:41 -0300] "GET /cormun/static/about:blank HTTP/1.1" 404 1011
186.67.172.234 - - [29/Feb/2016:11:54:41 -0300] "GET /cormun/servlet/solicitudotadjuntos?INS,2016,233,,1, HTTP/1.1" 200 5390
186.67.172.234 - - [29/Feb/2016:11:54:41 -0300] "GET /cormun/servlet/solicitudotadjuntos?5f14f2105a70644f628ea93a7cf8788c1c7db36845c1225cd25c71b1def8aef6c121914e5e45252d834132576083138b,gx-no-cache=1456757733622 HTTP/1.1" 200 30
186.67.172.234 - - [29/Feb/2016:11:54:42 -0300] "POST /cormun/servlet/solicitudotadjuntos?ccacbdd397519b3e20a6f4b199696aa2,INS,2016,233,,1,,gx-no-cache=1456757733710 HTTP/1.1" 200 3306
186.67.172.234 - - [29/Feb/2016:11:54:50 -0300] "GET /cormun/servlet/trsolicitudadjuntos?2016,233, HTTP/1.1" 200 7685
186.67.172.234 - - [29/Feb/2016:11:54:51 -0300] "GET /cormun/servlet/trsolicitudadjuntos?2016,233, HTTP/1.1" 200 7681
186.103.159.44 - - [29/Feb/2016:11:54:52 -0300] "POST /cormun/servlet/solicitudot?c56cfb37e2fb9efd8fe83a46fd099e14,INS,0,0,,gx-no-cache=1456757714714 HTTP/1.1" 200 93
186.103.159.44 - - [29/Feb/2016:11:54:52 -0300] "GET /cormun/servlet/hpexe_return? HTTP/1.1" 200 997
186.103.159.44 - - [29/Feb/2016:11:54:53 -0300] "GET /cormun/servlet/trsolicitudot HTTP/1.1" 200 7984
186.67.172.234 - - [29/Feb/2016:11:54:57 -0300] "GET /cormun/servlet/solicitudotadjuntos?INS,2016,233,,1, HTTP/1.1" 200 5396
186.67.172.234 - - [29/Feb/2016:11:54:57 -0300] "GET /cormun/static/about:blank HTTP/1.1" 404 1011
186.67.172.234 - - [29/Feb/2016:11:54:58 -0300] "GET /cormun/servlet/solicitudotadjuntos?INS,2016,233,,1, HTTP/1.1" 200 5390
186.67.172.234 - - [29/Feb/2016:11:54:58 -0300] "GET /cormun/servlet/solicitudotadjuntos?5f14f2105a70644f628ea93a7cf8788c1c7db36845c1225cd25c71b1def8aef6c121914e5e45252d834132576083138b,gx-no-cache=1456757750259 HTTP/1.1" 200 30
186.103.159.44 - - [29/Feb/2016:11:54:58 -0300] "POST /cormun/servlet/trsolicitudot?c56cfb37e2fb9efd8fe83a46fd099e14,gx-no-cache=1456757720670 HTTP/1.1" 200 5444
186.67.172.234 - - [29/Feb/2016:11:54:58 -0300] "POST /cormun/servlet/solicitudotadjuntos?ccacbdd397519b3e20a6f4b199696aa2,INS,2016,233,,1,,gx-no-cache=1456757750336 HTTP/1.1" 200 3306
186.103.159.44 - - [29/Feb/2016:11:54:58 -0300] "POST /cormun/servlet/trsolicitudot?c56cfb37e2fb9efd8fe83a46fd099e14,gx-no-cache=1456757720996 HTTP/1.1" 200 5444
186.103.159.44 - - [29/Feb/2016:11:54:59 -0300] "POST /cormun/servlet/trsolicitudot?c56cfb37e2fb9efd8fe83a46fd099e14,gx-no-cache=1456757721321 HTTP/1.1" 200 5443
186.103.159.44 - - [29/Feb/2016:11:54:59 -0300] "POST /cormun/servlet/trsolicitudot?c56cfb37e2fb9efd8fe83a46fd099e14,gx-no-cache=1456757721693 HTTP/1.1" 200 5444
186.103.159.44 - - [29/Feb/2016:11:55:00 -0300] "POST /cormun/servlet/trsolicitudot?c56cfb37e2fb9efd8fe83a46fd099e14,gx-no-cache=1456757722060 HTTP/1.1" 200 5444
186.103.159.44 - - [29/Feb/2016:11:55:00 -0300] "POST /cormun/servlet/trsolicitudot?c56cfb37e2fb9efd8fe83a46fd099e14,gx-no-cache=1456757722471 HTTP/1.1" 200 5444
186.103.159.44 - - [29/Feb/2016:11:55:00 -0300] "POST /cormun/servlet/trsolicitudot?c56cfb37e2fb9efd8fe83a46fd099e14,gx-no-cache=1456757722894 HTTP/1.1" 200 5444
186.67.172.234 - - [29/Feb/2016:11:55:03 -0300] "POST /cormun/servlet/solicitudotadjuntos?gx-no-cache=1456757755507 HTTP/1.1" 200 26
186.103.159.44 - - [29/Feb/2016:11:55:04 -0300] "POST /cormun/servlet/trsolicitudot?c56cfb37e2fb9efd8fe83a46fd099e14,gx-no-cache=1456757723375 HTTP/1.1" 200 105
186.103.159.44 - - [29/Feb/2016:11:55:04 -0300] "GET /cormun/servlet/solicitudot?UPD,2016,234, HTTP/1.1" 200 13290
186.103.159.44 - - [29/Feb/2016:11:55:06 -0300] "POST /cormun/servlet/solicitudot?gx-no-cache=1456757728109 HTTP/1.1" 200 2757
186.103.159.44 - - [29/Feb/2016:11:55:06 -0300] "POST /cormun/servlet/solicitudot?c56cfb37e2fb9efd8fe83a46fd099e14,UPD,2016,234,,gx-no-cache=1456757728252 HTTP/1.1" 200 10162
186.103.159.44 - - [29/Feb/2016:11:55:06 -0300] "GET /cormun/servlet/solicitudot?e849930c6c061238d51069243b251b9e276282e1d85851676a666a5e0fc3955c09fe756d47a0159dbbaefbdadb7c467c,gx-no-cache=1456757728457 HTTP/1.1" 200 30
186.103.159.44 - - [29/Feb/2016:11:55:06 -0300] "POST /cormun/servlet/solicitudot?gx-no-cache=1456757728516 HTTP/1.1" 200 30
186.103.159.44 - - [29/Feb/2016:11:55:06 -0300] "POST /cormun/servlet/solicitudot?gx-no-cache=1456757728541 HTTP/1.1" 200 30
186.103.159.44 - - [29/Feb/2016:11:55:06 -0300] "POST /cormun/servlet/solicitudot?gx-no-cache=1456757728607 HTTP/1.1" 200 1154
186.103.159.44 - - [29/Feb/2016:11:55:06 -0300] "GET /cormun/servlet/solicitudot?e849930c6c061238d51069243b251b9e2bbd00a9ba734600bee32d1c7c6a2138eb97a8d955df96cb954e896d0455514adf89fa4fc8825666d9f8e224bdc054047939ce168ac028f316e73bcc93c246a372bbb1414410c30c214a3c07fb81be5d80f7d85246f8b9a58af2fc5db382da18f233fbb4eac7f128852ef928919ad00af80d3edcd1f8be703b37f0037ef5752bfa080f6f6e4f952aab56bf390670113a,gx-no-cache=1456757728659 HTTP/1.1" 200 41
186.103.159.44 - - [29/Feb/2016:11:55:08 -0300] "GET /cormun/servlet/solicitudot?e849930c6c061238d51069243b251b9e1b9b127de3ef6d7ec977cf01c42090c97435596a14a7371fff5f9a8973fa5480c1122fb41000c8e04981af5743626e3278e265d742848759330b3d541b9bf5908605c3ac4fc6c101884be873ecb2262474da9d4d620ed8ebc42d510334b880bfc82c98c7f340ff05a95fa81f78d99c16059c71cbfc49477e535589b1308459bb420a2b19c0fd2000207c524b93151163,gx-no-cache=1456757730678 HTTP/1.1" 200 30
186.103.159.44 - - [29/Feb/2016:11:55:09 -0300] "POST /cormun/servlet/solicitudot?gx-no-cache=1456757732009 HTTP/1.1" 200 1116
186.103.159.44 - - [29/Feb/2016:11:55:09 -0300] "GET /cormun/servlet/solicitudot?e849930c6c061238d51069243b251b9edf00e56bb82073eea7aa282785f275154e61d9d42971a179c4faa2980eaf3dd55b4aa0072c96fffa32432b6f8b3993a4b378e0cb376af5d09e483d1195a01fa53f5033a20cbe90f25ae4854e27aea1fbc8242986dd5fbd524f67588004eea7911189516c7bc08cb48caa0257a8f14839c2bdc35567d5f7807d7d8225c2af21cd4bde2c9d3b93a90ab44ad047f8851d23331277c2cb88a111805a19c1050161cf,gx-no-cache=1456757732049 HTTP/1.1" 200 30
186.103.159.44 - - [29/Feb/2016:11:55:10 -0300] "POST /cormun/servlet/solicitudot?c56cfb37e2fb9efd8fe83a46fd099e14,UPD,2016,234,,gx-no-cache=1456757732076 HTTP/1.1" 200 93
186.103.159.44 - - [29/Feb/2016:11:55:10 -0300] "GET /cormun/servlet/hpexe_return? HTTP/1.1" 200 1023
186.103.159.44 - - [29/Feb/2016:11:55:10 -0300] "GET /cormun/servlet/trsolicitudot?gx-no-cache=1456757722894 HTTP/1.1" 200 7989
186.103.159.44 - - [29/Feb/2016:11:55:14 -0300] "POST /cormun/servlet/trsolicitudot?c56cfb37e2fb9efd8fe83a46fd099e14,gx-no-cache=1456757722894,gx-no-cache=1456757736416 HTTP/1.1" 200 5444
186.103.159.44 - - [29/Feb/2016:11:55:14 -0300] "POST /cormun/servlet/trsolicitudot?c56cfb37e2fb9efd8fe83a46fd099e14,gx-no-cache=1456757722894,gx-no-cache=1456757736723 HTTP/1.1" 200 5444
186.103.159.44 - - [29/Feb/2016:11:55:14 -0300] "POST /cormun/servlet/trsolicitudot?c56cfb37e2fb9efd8fe83a46fd099e14,gx-no-cache=1456757722894,gx-no-cache=1456757737027 HTTP/1.1" 200 5444
186.103.159.44 - - [29/Feb/2016:11:55:15 -0300] "POST /cormun/servlet/trsolicitudot?c56cfb37e2fb9efd8fe83a46fd099e14,gx-no-cache=1456757722894,gx-no-cache=1456757737355 HTTP/1.1" 200 5444
186.103.159.44 - - [29/Feb/2016:11:55:15 -0300] "POST /cormun/servlet/trsolicitudot?c56cfb37e2fb9efd8fe83a46fd099e14,gx-no-cache=1456757722894,gx-no-cache=1456757737717 HTTP/1.1" 200 5444
186.103.159.44 - - [29/Feb/2016:11:55:16 -0300] "POST /cormun/servlet/trsolicitudot?c56cfb37e2fb9efd8fe83a46fd099e14,gx-no-cache=1456757722894,gx-no-cache=1456757738166 HTTP/1.1" 200 5444
186.103.159.44 - - [29/Feb/2016:11:55:16 -0300] "POST /cormun/servlet/trsolicitudot?c56cfb37e2fb9efd8fe83a46fd099e14,gx-no-cache=1456757722894,gx-no-cache=1456757738559 HTTP/1.1" 200 5444
186.103.159.44 - - [29/Feb/2016:11:55:20 -0300] "POST /cormun/servlet/trsolicitudot?c56cfb37e2fb9efd8fe83a46fd099e14,gx-no-cache=1456757722894,gx-no-cache=1456757739017 HTTP/1.1" 200 104
186.103.159.44 - - [29/Feb/2016:11:55:20 -0300] "GET /cormun/servlet/solicitudot?UPD,2016,231, HTTP/1.1" 200 13319
186.103.159.44 - - [29/Feb/2016:11:55:21 -0300] "POST /cormun/servlet/solicitudot?gx-no-cache=1456757743759 HTTP/1.1" 200 2751
186.103.159.44 - - [29/Feb/2016:11:55:21 -0300] "POST /cormun/servlet/solicitudot?c56cfb37e2fb9efd8fe83a46fd099e14,UPD,2016,231,,gx-no-cache=1456757743894 HTTP/1.1" 200 10183
186.103.159.44 - - [29/Feb/2016:11:55:21 -0300] "GET /cormun/servlet/solicitudot?e849930c6c061238d51069243b251b9ec0ed59af3323b7b0490a4fdbd3b3642c09fe756d47a0159dbbaefbdadb7c467c,gx-no-cache=1456757744096 HTTP/1.1" 200 30
186.103.159.44 - - [29/Feb/2016:11:55:22 -0300] "POST /cormun/servlet/solicitudot?gx-no-cache=1456757744154 HTTP/1.1" 200 30
186.103.159.44 - - [29/Feb/2016:11:55:22 -0300] "POST /cormun/servlet/solicitudot?gx-no-cache=1456757744176 HTTP/1.1" 200 30
186.103.159.44 - - [29/Feb/2016:11:55:22 -0300] "POST /cormun/servlet/solicitudot?gx-no-cache=1456757744217 HTTP/1.1" 200 1153
186.103.159.44 - - [29/Feb/2016:11:55:22 -0300] "GET /cormun/servlet/solicitudot?e849930c6c061238d51069243b251b9e2bbd00a9ba734600bee32d1c7c6a2138eb97a8d955df96cb954e896d0455514adf89fa4fc8825666d9f8e224bdc054047939ce168ac028f316e73bcc93c246a372bbb1414410c30c214a3c07fb81be5d80f7d85246f8b9a58af2fc5db382da18f233fbb4eac7f128852ef928919ad00af80d3edcd1f8be703b37f0037ef5752bfa080f6f6e4f952aab56bf390670113a,gx-no-cache=1456757744254 HTTP/1.1" 200 41
186.103.159.44 - - [29/Feb/2016:11:55:24 -0300] "GET /cormun/servlet/solicitudot?e849930c6c061238d51069243b251b9e1b9b127de3ef6d7ec977cf01c42090c97435596a14a7371fff5f9a8973fa5480c1122fb41000c8e04981af5743626e3278e265d742848759330b3d541b9bf5908605c3ac4fc6c101884be873ecb2262474da9d4d620ed8ebc42d510334b880bfc82c98c7f340ff05a95fa81f78d99c16059c71cbfc49477e535589b1308459bb420a2b19c0fd2000207c524b93151163,gx-no-cache=1456757746286 HTTP/1.1" 200 30
186.103.159.44 - - [29/Feb/2016:11:55:25 -0300] "POST /cormun/servlet/solicitudot?gx-no-cache=1456757747385 HTTP/1.1" 200 1116
186.103.159.44 - - [29/Feb/2016:11:55:25 -0300] "GET /cormun/servlet/solicitudot?e849930c6c061238d51069243b251b9ec1a8ea6d01a5a01076facb1777b16330d336cbd14aa579829370fd3b270f423f5b4aa0072c96fffa32432b6f8b3993a4b378e0cb376af5d09e483d1195a01fa53f5033a20cbe90f25ae4854e27aea1fbc8242986dd5fbd524f67588004eea7911189516c7bc08cb48caa0257a8f14839c2bdc35567d5f7807d7d8225c2af21cd4bde2c9d3b93a90ab44ad047f8851d23331277c2cb88a111805a19c1050161cf,gx-no-cache=1456757747421 HTTP/1.1" 200 30
186.103.159.44 - - [29/Feb/2016:11:55:25 -0300] "POST /cormun/servlet/solicitudot?c56cfb37e2fb9efd8fe83a46fd099e14,UPD,2016,231,,gx-no-cache=1456757747447 HTTP/1.1" 200 93
186.103.159.44 - - [29/Feb/2016:11:55:25 -0300] "GET /cormun/servlet/hpexe_return? HTTP/1.1" 200 1023
186.103.159.44 - - [29/Feb/2016:11:55:25 -0300] "GET /cormun/servlet/trsolicitudot?gx-no-cache=1456757722894 HTTP/1.1" 200 7985
186.67.172.234 - - [29/Feb/2016:11:55:28 -0300] "GET /cormun/servlet/solicitudotadjuntos?5f14f2105a70644f628ea93a7cf8788c291182550dc4501cfa78d1086827a9ba,gx-no-cache=1456757780512 HTTP/1.1" 200 30
186.67.172.234 - - [29/Feb/2016:11:55:29 -0300] "GET /cormun/servlet/solicitudotadjuntos?5f14f2105a70644f628ea93a7cf8788c291182550dc4501cfa78d1086827a9ba,gx-no-cache=1456757780833 HTTP/1.1" 200 30
186.67.172.234 - - [29/Feb/2016:11:55:29 -0300] "POST /cormun/servlet/solicitudotadjuntos?ccacbdd397519b3e20a6f4b199696aa2,INS,2016,233,,1, HTTP/1.1" 200 116
186.67.172.234 - - [29/Feb/2016:11:55:29 -0300] "GET /cormun/servlet/hpexe_return? HTTP/1.1" 200 1022
186.67.172.234 - - [29/Feb/2016:11:55:29 -0300] "GET /cormun/servlet/trsolicitudadjuntos?2016,233, HTTP/1.1" 200 7827
186.67.172.234 - - [29/Feb/2016:11:55:30 -0300] "GET /cormun/servlet/trsolicitudadjuntos?2016,233, HTTP/1.1" 200 7827
186.67.172.234 - - [29/Feb/2016:11:55:35 -0300] "GET /cormun/PublicTempStorage/curriculum8891389.pdf HTTP/1.1" 200 217742
186.67.172.234 - - [29/Feb/2016:11:55:35 -0300] "GET /cormun/PublicTempStorage/curriculum8891389.pdf HTTP/1.1" 304 -
186.67.172.234 - - [29/Feb/2016:11:55:35 -0300] "GET /cormun/PublicTempStorage/curriculum8891389.pdf HTTP/1.1" 304 -
186.103.159.44 - - [29/Feb/2016:11:55:36 -0300] "POST /cormun/servlet/trsolicitudot?c56cfb37e2fb9efd8fe83a46fd099e14,gx-no-cache=1456757722894,gx-no-cache=1456757758773 HTTP/1.1" 200 5437
186.103.159.44 - - [29/Feb/2016:11:55:37 -0300] "POST /cormun/servlet/trsolicitudot?c56cfb37e2fb9efd8fe83a46fd099e14,gx-no-cache=1456757722894,gx-no-cache=1456757759068 HTTP/1.1" 200 5437
186.103.159.44 - - [29/Feb/2016:11:55:37 -0300] "POST /cormun/servlet/trsolicitudot?c56cfb37e2fb9efd8fe83a46fd099e14,gx-no-cache=1456757722894,gx-no-cache=1456757759373 HTTP/1.1" 200 5437
186.103.159.44 - - [29/Feb/2016:11:55:37 -0300] "POST /cormun/servlet/trsolicitudot?c56cfb37e2fb9efd8fe83a46fd099e14,gx-no-cache=1456757722894,gx-no-cache=1456757759704 HTTP/1.1" 200 5437
186.103.159.44 - - [29/Feb/2016:11:55:38 -0300] "POST /cormun/servlet/trsolicitudot?c56cfb37e2fb9efd8fe83a46fd099e14,gx-no-cache=1456757722894,gx-no-cache=1456757760065 HTTP/1.1" 200 5437
186.103.159.44 - - [29/Feb/2016:11:55:38 -0300] "POST /cormun/servlet/trsolicitudot?c56cfb37e2fb9efd8fe83a46fd099e14,gx-no-cache=1456757722894,gx-no-cache=1456757760528 HTTP/1.1" 200 5437
186.103.159.44 - - [29/Feb/2016:11:55:38 -0300] "POST /cormun/servlet/trsolicitudot?c56cfb37e2fb9efd8fe83a46fd099e14,gx-no-cache=1456757722894,gx-no-cache=1456757761017 HTTP/1.1" 200 5437
186.103.159.44 - - [29/Feb/2016:11:55:42 -0300] "POST /cormun/servlet/trsolicitudot?c56cfb37e2fb9efd8fe83a46fd099e14,gx-no-cache=1456757722894,gx-no-cache=1456757761521 HTTP/1.1" 200 106
186.103.159.44 - - [29/Feb/2016:11:55:43 -0300] "GET /cormun/servlet/trsolicitudadjuntos?2016,234, HTTP/1.1" 200 5365
186.67.172.234 - - [29/Feb/2016:11:55:45 -0300] "GET /cormun/servlet/hlogin HTTP/1.1" 200 1718
186.67.172.234 - - [29/Feb/2016:11:55:47 -0300] "POST /cormun/servlet/hlogin?ccacbdd397519b3e20a6f4b199696aa2,gx-no-cache=1456757799468 HTTP/1.1" 200 90
186.67.172.234 - - [29/Feb/2016:11:55:47 -0300] "GET /cormun/servlet/hpexe_link HTTP/1.1" 200 965
186.67.172.234 - - [29/Feb/2016:11:55:48 -0300] "GET /cormun/servlet/trsolicitudadjuntos?2016,233, HTTP/1.1" 200 7825
186.67.172.234 - - [29/Feb/2016:11:55:49 -0300] "GET /cormun/servlet/trsolicitudadjuntos?2016,233, HTTP/1.1" 200 7827
186.103.159.44 - - [29/Feb/2016:11:55:52 -0300] "GET /cormun/servlet/solicitudotadjuntos?INS,2016,234,,1, HTTP/1.1" 200 5401
186.103.159.44 - - [29/Feb/2016:11:55:52 -0300] "HEAD /cormun/static/about:blank HTTP/1.1" 404 -
186.103.159.44 - - [29/Feb/2016:11:55:53 -0300] "GET /cormun/servlet/solicitudotadjuntos?e849930c6c061238d51069243b251b9ef99104bd0db74060180e10305b51e88afa080f6f6e4f952aab56bf390670113a,gx-no-cache=1456757775232 HTTP/1.1" 200 30
186.103.159.44 - - [29/Feb/2016:11:55:53 -0300] "POST /cormun/servlet/solicitudotadjuntos?c56cfb37e2fb9efd8fe83a46fd099e14,INS,2016,234,,1,,gx-no-cache=1456757775256 HTTP/1.1" 200 3311
186.67.172.234 - - [29/Feb/2016:11:55:53 -0300] "GET /cormun/servlet/solicitudotadjuntos?INS,2016,233,,1, HTTP/1.1" 200 5395
186.67.172.234 - - [29/Feb/2016:11:55:53 -0300] "GET /cormun/static/about:blank HTTP/1.1" 404 1011
186.67.172.234 - - [29/Feb/2016:11:55:53 -0300] "GET /cormun/servlet/solicitudotadjuntos?INS,2016,233,,1, HTTP/1.1" 200 5389
186.67.172.234 - - [29/Feb/2016:11:55:54 -0300] "GET /cormun/servlet/solicitudotadjuntos?5f14f2105a70644f628ea93a7cf8788c1c7db36845c1225cd25c71b1def8aef6c121914e5e45252d834132576083138b,gx-no-cache=1456757805958 HTTP/1.1" 200 30
186.67.172.234 - - [29/Feb/2016:11:55:54 -0300] "POST /cormun/servlet/solicitudotadjuntos?ccacbdd397519b3e20a6f4b199696aa2,INS,2016,233,,1,,gx-no-cache=1456757805986 HTTP/1.1" 200 3305
186.103.159.44 - - [29/Feb/2016:11:55:56 -0300] "POST /cormun/servlet/solicitudotadjuntos?gx-no-cache=1456757778192 HTTP/1.1" 200 26
186.67.172.234 - - [29/Feb/2016:11:55:58 -0300] "POST /cormun/servlet/solicitudotadjuntos?gx-no-cache=1456757809942 HTTP/1.1" 200 26
186.103.159.44 - - [29/Feb/2016:11:56:00 -0300] "GET /cormun/servlet/solicitudotadjuntos?e849930c6c061238d51069243b251b9eb7ad327a02d5f8f4ca770e9782efeacc,gx-no-cache=1456757782949 HTTP/1.1" 200 30
186.103.159.44 - - [29/Feb/2016:11:56:00 -0300] "GET /cormun/servlet/solicitudotadjuntos?e849930c6c061238d51069243b251b9eb7ad327a02d5f8f4ca770e9782efeacc,gx-no-cache=1456757782965 HTTP/1.1" 200 30
186.103.159.44 - - [29/Feb/2016:11:56:00 -0300] "POST /cormun/servlet/solicitudotadjuntos?c56cfb37e2fb9efd8fe83a46fd099e14,INS,2016,234,,1, HTTP/1.1" 200 116
186.103.159.44 - - [29/Feb/2016:11:56:01 -0300] "GET /cormun/servlet/hpexe_return? HTTP/1.1" 200 1016
186.103.159.44 - - [29/Feb/2016:11:56:01 -0300] "GET /cormun/servlet/trsolicitudadjuntos?2016,234, HTTP/1.1" 200 7252
186.103.159.44 - - [29/Feb/2016:11:56:03 -0300] "GET /cormun/servlet/solicitudotadjuntos?INS,2016,234,,1, HTTP/1.1" 200 5401
186.103.159.44 - - [29/Feb/2016:11:56:03 -0300] "HEAD /cormun/static/about:blank HTTP/1.1" 404 -
186.103.159.44 - - [29/Feb/2016:11:56:04 -0300] "GET /cormun/servlet/solicitudotadjuntos?e849930c6c061238d51069243b251b9ef99104bd0db74060180e10305b51e88afa080f6f6e4f952aab56bf390670113a,gx-no-cache=1456757786789 HTTP/1.1" 200 30
186.103.159.44 - - [29/Feb/2016:11:56:04 -0300] "POST /cormun/servlet/solicitudotadjuntos?c56cfb37e2fb9efd8fe83a46fd099e14,INS,2016,234,,1,,gx-no-cache=1456757786819 HTTP/1.1" 200 3311
186.103.159.44 - - [29/Feb/2016:11:56:06 -0300] "POST /cormun/servlet/solicitudotadjuntos?gx-no-cache=1456757789054 HTTP/1.1" 200 26
186.67.172.234 - - [29/Feb/2016:11:56:07 -0300] "GET /cormun/servlet/solicitudotadjuntos?5f14f2105a70644f628ea93a7cf8788c291182550dc4501cfa78d1086827a9ba,gx-no-cache=1456757819256 HTTP/1.1" 200 30
186.67.172.234 - - [29/Feb/2016:11:56:07 -0300] "GET /cormun/servlet/solicitudotadjuntos?5f14f2105a70644f628ea93a7cf8788c291182550dc4501cfa78d1086827a9ba,gx-no-cache=1456757819287 HTTP/1.1" 200 30
186.67.172.234 - - [29/Feb/2016:11:56:09 -0300] "POST /cormun/servlet/solicitudotadjuntos?ccacbdd397519b3e20a6f4b199696aa2,INS,2016,233,,1, HTTP/1.1" 200 116
186.67.172.234 - - [29/Feb/2016:11:56:09 -0300] "GET /cormun/servlet/hpexe_return? HTTP/1.1" 200 1022
186.67.172.234 - - [29/Feb/2016:11:56:10 -0300] "GET /cormun/servlet/trsolicitudadjuntos?2016,233, HTTP/1.1" 200 7952
186.67.172.234 - - [29/Feb/2016:11:56:10 -0300] "GET /cormun/servlet/trsolicitudadjuntos?2016,233, HTTP/1.1" 200 7951
186.103.159.44 - - [29/Feb/2016:11:56:13 -0300] "GET /cormun/servlet/solicitudotadjuntos?e849930c6c061238d51069243b251b9eb7ad327a02d5f8f4ca770e9782efeacc,gx-no-cache=1456757795942 HTTP/1.1" 200 30
186.103.159.44 - - [29/Feb/2016:11:56:13 -0300] "GET /cormun/servlet/solicitudotadjuntos?e849930c6c061238d51069243b251b9eb7ad327a02d5f8f4ca770e9782efeacc,gx-no-cache=1456757795968 HTTP/1.1" 200 30
186.103.159.44 - - [29/Feb/2016:11:56:13 -0300] "POST /cormun/servlet/solicitudotadjuntos?c56cfb37e2fb9efd8fe83a46fd099e14,INS,2016,234,,1, HTTP/1.1" 200 116
186.103.159.44 - - [29/Feb/2016:11:56:14 -0300] "GET /cormun/servlet/hpexe_return? HTTP/1.1" 200 1016
186.103.159.44 - - [29/Feb/2016:11:56:14 -0300] "GET /cormun/servlet/trsolicitudadjuntos?2016,234, HTTP/1.1" 200 7409
186.103.159.44 - - [29/Feb/2016:11:56:17 -0300] "GET /cormun/servlet/solicitudotadjuntos?INS,2016,234,,1, HTTP/1.1" 200 5402
186.103.159.44 - - [29/Feb/2016:11:56:17 -0300] "HEAD /cormun/static/about:blank HTTP/1.1" 404 -
186.103.159.44 - - [29/Feb/2016:11:56:18 -0300] "GET /cormun/servlet/solicitudotadjuntos?e849930c6c061238d51069243b251b9ef99104bd0db74060180e10305b51e88afa080f6f6e4f952aab56bf390670113a,gx-no-cache=1456757800341 HTTP/1.1" 200 30
186.103.159.44 - - [29/Feb/2016:11:56:18 -0300] "POST /cormun/servlet/solicitudotadjuntos?c56cfb37e2fb9efd8fe83a46fd099e14,INS,2016,234,,1,,gx-no-cache=1456757800375 HTTP/1.1" 200 3311
186.103.159.44 - - [29/Feb/2016:11:56:21 -0300] "POST /cormun/servlet/solicitudotadjuntos?gx-no-cache=1456757803173 HTTP/1.1" 200 26
186.67.172.234 - - [29/Feb/2016:11:56:21 -0300] "GET /cormun/servlet/trvisualizadoreventos? HTTP/1.1" 200 5918
186.67.172.234 - - [29/Feb/2016:11:56:22 -0300] "GET /cormun/static/gxui/gxui-all.css?120300 HTTP/1.1" 200 2179
186.67.172.234 - - [29/Feb/2016:11:56:22 -0300] "GET /cormun/static/gxcfg.js?2016251828014 HTTP/1.1" 200 953
186.67.172.234 - - [29/Feb/2016:11:56:22 -0300] "GET /cormun/static/Resources/PXToolsDataSearch.png HTTP/1.1" 200 419
186.67.172.234 - - [29/Feb/2016:11:56:22 -0300] "GET /cormun/static/trvisualizadoreventos.js?2016251828276 HTTP/1.1" 200 19096
186.67.172.234 - - [29/Feb/2016:11:56:22 -0300] "GET /cormun/static/Resources/PXToolsActionPrint.png HTTP/1.1" 200 3317
186.67.172.234 - - [29/Feb/2016:11:56:22 -0300] "GET /cormun/static/Resources/PXToolsActionExcel.png HTTP/1.1" 200 3187
186.67.172.234 - - [29/Feb/2016:11:56:22 -0300] "GET /cormun/servlet/trvisualizadoreventos? HTTP/1.1" 200 5908
186.67.172.234 - - [29/Feb/2016:11:56:27 -0300] "GET /cormun/servlet/trsolicitudot? HTTP/1.1" 200 7412
186.67.172.234 - - [29/Feb/2016:11:56:27 -0300] "GET /cormun/static/gxcfg.js?20161623482752 HTTP/1.1" 200 953
186.67.172.234 - - [29/Feb/2016:11:56:27 -0300] "GET /cormun/static/trsolicitudot.js?20161623483284 HTTP/1.1" 200 45324
186.67.172.234 - - [29/Feb/2016:11:56:27 -0300] "GET /cormun//static/Resources/PXToolsActionView.png HTTP/1.1" 200 2995
186.67.172.234 - - [29/Feb/2016:11:56:27 -0300] "GET /cormun//static/Resources/PXToolsGridUpdate.png HTTP/1.1" 200 2984
186.67.172.234 - - [29/Feb/2016:11:56:27 -0300] "GET /cormun//static/Resources/PXToolsRemoveAllAction.png HTTP/1.1" 200 3558
186.67.172.234 - - [29/Feb/2016:11:56:27 -0300] "GET /cormun//static/Resources/PXTools/ActionInsert.png HTTP/1.1" 200 1482
186.67.172.234 - - [29/Feb/2016:11:56:27 -0300] "GET /cormun/servlet/trsolicitudot? HTTP/1.1" 200 7411
186.67.172.234 - - [29/Feb/2016:11:56:36 -0300] "POST /cormun/servlet/trsolicitudot?ccacbdd397519b3e20a6f4b199696aa2,,gx-no-cache=1456757848354 HTTP/1.1" 200 4866
186.67.172.234 - - [29/Feb/2016:11:56:37 -0300] "POST /cormun/servlet/trsolicitudot?ccacbdd397519b3e20a6f4b199696aa2,,gx-no-cache=1456757848526 HTTP/1.1" 200 4865
186.67.172.234 - - [29/Feb/2016:11:56:37 -0300] "POST /cormun/servlet/trsolicitudot?ccacbdd397519b3e20a6f4b199696aa2,,gx-no-cache=1456757849005 HTTP/1.1" 200 4865
186.67.172.234 - - [29/Feb/2016:11:56:37 -0300] "POST /cormun/servlet/trsolicitudot?ccacbdd397519b3e20a6f4b199696aa2,,gx-no-cache=1456757849160 HTTP/1.1" 200 4865
186.67.172.234 - - [29/Feb/2016:11:56:38 -0300] "POST /cormun/servlet/trsolicitudot?ccacbdd397519b3e20a6f4b199696aa2,,gx-no-cache=1456757849645 HTTP/1.1" 200 4865
186.67.172.234 - - [29/Feb/2016:11:56:38 -0300] "POST /cormun/servlet/trsolicitudot?ccacbdd397519b3e20a6f4b199696aa2,,gx-no-cache=1456757849818 HTTP/1.1" 200 4865
186.103.159.44 - - [29/Feb/2016:11:56:38 -0300] "GET /cormun/servlet/solicitudotadjuntos?e849930c6c061238d51069243b251b9eb7ad327a02d5f8f4ca770e9782efeacc,gx-no-cache=1456757820533 HTTP/1.1" 200 30
186.103.159.44 - - [29/Feb/2016:11:56:38 -0300] "GET /cormun/servlet/solicitudotadjuntos?e849930c6c061238d51069243b251b9eb7ad327a02d5f8f4ca770e9782efeacc,gx-no-cache=1456757820592 HTTP/1.1" 200 30
186.103.159.44 - - [29/Feb/2016:11:56:38 -0300] "POST /cormun/servlet/solicitudotadjuntos?c56cfb37e2fb9efd8fe83a46fd099e14,INS,2016,234,,1, HTTP/1.1" 200 116
186.103.159.44 - - [29/Feb/2016:11:56:38 -0300] "GET /cormun/servlet/hpexe_return? HTTP/1.1" 200 1016
186.103.159.44 - - [29/Feb/2016:11:56:38 -0300] "GET /cormun/servlet/trsolicitudadjuntos?2016,234, HTTP/1.1" 200 7572
186.67.172.234 - - [29/Feb/2016:11:56:39 -0300] "POST /cormun/servlet/trsolicitudot?ccacbdd397519b3e20a6f4b199696aa2,,gx-no-cache=1456757850697 HTTP/1.1" 200 4865
186.67.172.234 - - [29/Feb/2016:11:56:39 -0300] "POST /cormun/servlet/trsolicitudot?ccacbdd397519b3e20a6f4b199696aa2,,gx-no-cache=1456757850882 HTTP/1.1" 200 3561
186.67.172.234 - - [29/Feb/2016:11:56:39 -0300] "GET /cormun/static/Shared/jqueryui/images/ui-icons_82798d_256x240.png HTTP/1.1" 404 1089
186.67.172.234 - - [29/Feb/2016:11:56:39 -0300] "GET /cormun/static/Shared/jqueryui/images/ui-bg_highlight-soft_100_c6c2c8_1x100.png HTTP/1.1" 404 1117
186.67.172.234 - - [29/Feb/2016:11:56:39 -0300] "GET /cormun/static/Shared/jqueryui/images/ui-bg_flat_55_fafafa_40x100.png HTTP/1.1" 404 1097
186.67.172.234 - - [29/Feb/2016:11:56:39 -0300] "GET /cormun/static/Shared/jqueryui/images/ui-icons_8d78a5_256x240.png HTTP/1.1" 404 1089
186.67.172.234 - - [29/Feb/2016:11:56:39 -0300] "POST /cormun/servlet/trsolicitudot?ccacbdd397519b3e20a6f4b199696aa2,,gx-no-cache=1456757851047 HTTP/1.1" 200 3400
186.103.159.44 - - [29/Feb/2016:11:56:42 -0300] "GET /cormun/servlet/solicitudotadjuntos?INS,2016,234,,1, HTTP/1.1" 200 5402
186.103.159.44 - - [29/Feb/2016:11:56:42 -0300] "HEAD /cormun/static/about:blank HTTP/1.1" 404 -
186.103.159.44 - - [29/Feb/2016:11:56:43 -0300] "GET /cormun/servlet/solicitudotadjuntos?e849930c6c061238d51069243b251b9ef99104bd0db74060180e10305b51e88afa080f6f6e4f952aab56bf390670113a,gx-no-cache=1456757825433 HTTP/1.1" 200 30
186.103.159.44 - - [29/Feb/2016:11:56:43 -0300] "POST /cormun/servlet/solicitudotadjuntos?c56cfb37e2fb9efd8fe83a46fd099e14,INS,2016,234,,1,,gx-no-cache=1456757825493 HTTP/1.1" 200 3311
186.103.159.44 - - [29/Feb/2016:11:56:47 -0300] "POST /cormun/servlet/solicitudotadjuntos?gx-no-cache=1456757829438 HTTP/1.1" 200 26
186.67.172.234 - - [29/Feb/2016:11:56:48 -0300] "GET /cormun/servlet/hlogin HTTP/1.1" 200 1718
186.103.159.44 - - [29/Feb/2016:11:56:52 -0300] "GET /cormun/servlet/solicitudotadjuntos?e849930c6c061238d51069243b251b9eb7ad327a02d5f8f4ca770e9782efeacc,gx-no-cache=1456757835102 HTTP/1.1" 200 30
186.103.159.44 - - [29/Feb/2016:11:56:52 -0300] "GET /cormun/servlet/solicitudotadjuntos?e849930c6c061238d51069243b251b9eb7ad327a02d5f8f4ca770e9782efeacc,gx-no-cache=1456757835120 HTTP/1.1" 200 30
186.103.159.44 - - [29/Feb/2016:11:56:53 -0300] "POST /cormun/servlet/solicitudotadjuntos?c56cfb37e2fb9efd8fe83a46fd099e14,INS,2016,234,,1, HTTP/1.1" 200 116
186.103.159.44 - - [29/Feb/2016:11:56:53 -0300] "GET /cormun/servlet/hpexe_return? HTTP/1.1" 200 1016
186.103.159.44 - - [29/Feb/2016:11:56:53 -0300] "GET /cormun/servlet/trsolicitudadjuntos?2016,234, HTTP/1.1" 200 7684
186.67.172.234 - - [29/Feb/2016:11:56:56 -0300] "POST /cormun/servlet/hlogin?ccacbdd397519b3e20a6f4b199696aa2,gx-no-cache=1456757867989 HTTP/1.1" 200 90
186.67.172.234 - - [29/Feb/2016:11:56:56 -0300] "GET /cormun/servlet/hpexe_link HTTP/1.1" 200 947
186.103.159.44 - - [29/Feb/2016:11:56:56 -0300] "GET /cormun/servlet/solicitudotadjuntos?INS,2016,234,,1, HTTP/1.1" 200 5402
186.67.172.234 - - [29/Feb/2016:11:56:56 -0300] "GET /cormun/servlet/hhome HTTP/1.1" 200 3437
186.103.159.44 - - [29/Feb/2016:11:56:56 -0300] "HEAD /cormun/static/about:blank HTTP/1.1" 404 -
186.67.172.234 - - [29/Feb/2016:11:56:56 -0300] "GET /cormun/static/gxcfg.js?2015112210564248 HTTP/1.1" 200 953
186.67.172.234 - - [29/Feb/2016:11:56:56 -0300] "GET /cormun/static/hhome.js?2015112210564255 HTTP/1.1" 200 777
186.67.172.234 - - [29/Feb/2016:11:56:57 -0300] "GET /cormun/servlet/hhome HTTP/1.1" 200 3433
186.103.159.44 - - [29/Feb/2016:11:56:57 -0300] "GET /cormun/servlet/solicitudotadjuntos?e849930c6c061238d51069243b251b9ef99104bd0db74060180e10305b51e88afa080f6f6e4f952aab56bf390670113a,gx-no-cache=1456757839452 HTTP/1.1" 200 30
186.103.159.44 - - [29/Feb/2016:11:56:57 -0300] "POST /cormun/servlet/solicitudotadjuntos?c56cfb37e2fb9efd8fe83a46fd099e14,INS,2016,234,,1,,gx-no-cache=1456757839491 HTTP/1.1" 200 3311
186.103.159.44 - - [29/Feb/2016:11:57:00 -0300] "POST /cormun/servlet/solicitudotadjuntos?gx-no-cache=1456757842966 HTTP/1.1" 200 26
186.67.172.234 - - [29/Feb/2016:11:57:03 -0300] "GET /cormun/servlet/trautorizarsolicitud? HTTP/1.1" 200 7382
186.67.172.234 - - [29/Feb/2016:11:57:03 -0300] "GET /cormun/static/gxcfg.js?2016224124647 HTTP/1.1" 200 953
186.67.172.234 - - [29/Feb/2016:11:57:03 -0300] "GET /cormun/static/trautorizarsolicitud.js?20162241246932 HTTP/1.1" 200 45302
186.67.172.234 - - [29/Feb/2016:11:57:03 -0300] "GET /cormun/static/Resources/Spanish/PXTools.css?12395978 HTTP/1.1" 200 89042
186.67.172.234 - - [29/Feb/2016:11:57:04 -0300] "GET /cormun/servlet/trautorizarsolicitud? HTTP/1.1" 200 7381
186.103.159.44 - - [29/Feb/2016:11:57:06 -0300] "GET /cormun/servlet/solicitudotadjuntos?e849930c6c061238d51069243b251b9eb7ad327a02d5f8f4ca770e9782efeacc,gx-no-cache=1456757848838 HTTP/1.1" 200 30
186.103.159.44 - - [29/Feb/2016:11:57:06 -0300] "GET /cormun/servlet/solicitudotadjuntos?e849930c6c061238d51069243b251b9eb7ad327a02d5f8f4ca770e9782efeacc,gx-no-cache=1456757848873 HTTP/1.1" 200 30
186.103.159.44 - - [29/Feb/2016:11:57:09 -0300] "POST /cormun/servlet/solicitudotadjuntos?c56cfb37e2fb9efd8fe83a46fd099e14,INS,2016,234,,1, HTTP/1.1" 200 116
186.103.159.44 - - [29/Feb/2016:11:57:09 -0300] "GET /cormun/servlet/hpexe_return? HTTP/1.1" 200 1016
186.103.159.44 - - [29/Feb/2016:11:57:10 -0300] "GET /cormun/servlet/trsolicitudadjuntos?2016,234, HTTP/1.1" 200 7821
186.78.49.227 - - [29/Feb/2016:11:57:11 -0300] "GET /cormun/servlet/trsolicitudot? HTTP/1.1" 200 6131
186.67.172.234 - - [29/Feb/2016:11:57:11 -0300] "POST /cormun/servlet/trautorizarsolicitud?ccacbdd397519b3e20a6f4b199696aa2,,gx-no-cache=1456757883580 HTTP/1.1" 200 4852
186.78.49.227 - - [29/Feb/2016:11:57:11 -0300] "GET /cormun/servlet/trsolicitudot? HTTP/1.1" 200 6131
186.67.172.234 - - [29/Feb/2016:11:57:12 -0300] "POST /cormun/servlet/trautorizarsolicitud?ccacbdd397519b3e20a6f4b199696aa2,,gx-no-cache=1456757883786 HTTP/1.1" 200 4852
186.67.172.234 - - [29/Feb/2016:11:57:12 -0300] "POST /cormun/servlet/trautorizarsolicitud?ccacbdd397519b3e20a6f4b199696aa2,,gx-no-cache=1456757884245 HTTP/1.1" 200 4852
186.67.172.234 - - [29/Feb/2016:11:57:13 -0300] "POST /cormun/servlet/trautorizarsolicitud?ccacbdd397519b3e20a6f4b199696aa2,,gx-no-cache=1456757884436 HTTP/1.1" 200 4852
186.67.172.234 - - [29/Feb/2016:11:57:13 -0300] "POST /cormun/servlet/trautorizarsolicitud?ccacbdd397519b3e20a6f4b199696aa2,,gx-no-cache=1456757884932 HTTP/1.1" 200 4852
186.67.172.234 - - [29/Feb/2016:11:57:13 -0300] "POST /cormun/servlet/trautorizarsolicitud?ccacbdd397519b3e20a6f4b199696aa2,,gx-no-cache=1456757885100 HTTP/1.1" 200 4852
186.103.159.44 - - [29/Feb/2016:11:57:13 -0300] "GET /cormun/servlet/solicitudotadjuntos?INS,2016,234,,1, HTTP/1.1" 200 5402
186.103.159.44 - - [29/Feb/2016:11:57:13 -0300] "HEAD /cormun/static/about:blank HTTP/1.1" 404 -
186.67.172.234 - - [29/Feb/2016:11:57:13 -0300] "POST /cormun/servlet/trautorizarsolicitud?ccacbdd397519b3e20a6f4b199696aa2,,gx-no-cache=1456757885255 HTTP/1.1" 200 4852
186.67.172.234 - - [29/Feb/2016:11:57:14 -0300] "POST /cormun/servlet/trautorizarsolicitud?ccacbdd397519b3e20a6f4b199696aa2,,gx-no-cache=1456757885704 HTTP/1.1" 200 3549
186.67.172.234 - - [29/Feb/2016:11:57:14 -0300] "GET /cormun/static/Shared/jqueryui/images/ui-icons_82798d_256x240.png HTTP/1.1" 404 1089
186.67.172.234 - - [29/Feb/2016:11:57:14 -0300] "GET /cormun/static/Shared/jqueryui/images/ui-bg_highlight-soft_100_c6c2c8_1x100.png HTTP/1.1" 404 1117
186.67.172.234 - - [29/Feb/2016:11:57:14 -0300] "GET /cormun/static/Shared/jqueryui/images/ui-bg_flat_55_fafafa_40x100.png HTTP/1.1" 404 1097
186.67.172.234 - - [29/Feb/2016:11:57:14 -0300] "GET /cormun/static/Shared/jqueryui/images/ui-icons_8d78a5_256x240.png HTTP/1.1" 404 1089
186.103.159.44 - - [29/Feb/2016:11:57:14 -0300] "GET /cormun/servlet/solicitudotadjuntos?e849930c6c061238d51069243b251b9ef99104bd0db74060180e10305b51e88afa080f6f6e4f952aab56bf390670113a,gx-no-cache=1456757856491 HTTP/1.1" 200 30
186.103.159.44 - - [29/Feb/2016:11:57:14 -0300] "POST /cormun/servlet/solicitudotadjuntos?c56cfb37e2fb9efd8fe83a46fd099e14,INS,2016,234,,1,,gx-no-cache=1456757856544 HTTP/1.1" 200 3312
186.67.172.234 - - [29/Feb/2016:11:57:14 -0300] "POST /cormun/servlet/trautorizarsolicitud?ccacbdd397519b3e20a6f4b199696aa2,,gx-no-cache=1456757885865 HTTP/1.1" 200 3397
186.103.159.44 - - [29/Feb/2016:11:57:16 -0300] "POST /cormun/servlet/solicitudotadjuntos?gx-no-cache=1456757858869 HTTP/1.1" 200 26
186.78.49.227 - - [29/Feb/2016:11:57:21 -0300] "POST /cormun/servlet/trsolicitudot?77c3fc30bd8ae220fdb7acc90f7877a6,,gx-no-cache=1456758109337 HTTP/1.1" 200 3454
186.78.49.227 - - [29/Feb/2016:11:57:21 -0300] "POST /cormun/servlet/trsolicitudot?77c3fc30bd8ae220fdb7acc90f7877a6,,gx-no-cache=1456758109645 HTTP/1.1" 200 3454
186.78.49.227 - - [29/Feb/2016:11:57:22 -0300] "POST /cormun/servlet/trsolicitudot?77c3fc30bd8ae220fdb7acc90f7877a6,,gx-no-cache=1456758109990 HTTP/1.1" 200 3454
186.103.159.44 - - [29/Feb/2016:11:57:25 -0300] "GET /cormun/servlet/solicitudotadjuntos?e849930c6c061238d51069243b251b9eb7ad327a02d5f8f4ca770e9782efeacc,gx-no-cache=1456757867349 HTTP/1.1" 200 30
186.103.159.44 - - [29/Feb/2016:11:57:25 -0300] "GET /cormun/servlet/solicitudotadjuntos?e849930c6c061238d51069243b251b9eb7ad327a02d5f8f4ca770e9782efeacc,gx-no-cache=1456757867366 HTTP/1.1" 200 30
186.103.159.44 - - [29/Feb/2016:11:57:25 -0300] "POST /cormun/servlet/solicitudotadjuntos?c56cfb37e2fb9efd8fe83a46fd099e14,INS,2016,234,,1, HTTP/1.1" 200 116
186.103.159.44 - - [29/Feb/2016:11:57:25 -0300] "GET /cormun/servlet/hpexe_return? HTTP/1.1" 200 1016
186.103.159.44 - - [29/Feb/2016:11:57:26 -0300] "GET /cormun/servlet/trsolicitudadjuntos?2016,234, HTTP/1.1" 200 7920
186.103.159.44 - - [29/Feb/2016:11:57:33 -0300] "GET /cormun/servlet/solicitudotadjuntos?INS,2016,234,,2, HTTP/1.1" 200 5401
186.103.159.44 - - [29/Feb/2016:11:57:33 -0300] "HEAD /cormun/static/about:blank HTTP/1.1" 404 -
186.103.159.44 - - [29/Feb/2016:11:57:34 -0300] "GET /cormun/servlet/solicitudotadjuntos?e849930c6c061238d51069243b251b9ef99104bd0db74060180e10305b51e88afa080f6f6e4f952aab56bf390670113a,gx-no-cache=1456757876814 HTTP/1.1" 200 30
186.103.159.44 - - [29/Feb/2016:11:57:34 -0300] "POST /cormun/servlet/solicitudotadjuntos?c56cfb37e2fb9efd8fe83a46fd099e14,INS,2016,234,,2,,gx-no-cache=1456757876844 HTTP/1.1" 200 3456
186.103.159.44 - - [29/Feb/2016:11:57:37 -0300] "POST /cormun/servlet/solicitudotadjuntos?gx-no-cache=1456757879365 HTTP/1.1" 200 26
186.103.159.44 - - [29/Feb/2016:11:57:42 -0300] "GET /cormun/servlet/solicitudotadjuntos?e849930c6c061238d51069243b251b9eb7ad327a02d5f8f4ca770e9782efeacc,gx-no-cache=1456757884572 HTTP/1.1" 200 30
186.103.159.44 - - [29/Feb/2016:11:57:42 -0300] "GET /cormun/servlet/solicitudotadjuntos?e849930c6c061238d51069243b251b9eb7ad327a02d5f8f4ca770e9782efeacc,gx-no-cache=1456757884607 HTTP/1.1" 200 30
186.103.159.44 - - [29/Feb/2016:11:57:42 -0300] "POST /cormun/servlet/solicitudotadjuntos?c56cfb37e2fb9efd8fe83a46fd099e14,INS,2016,234,,2, HTTP/1.1" 200 116
186.103.159.44 - - [29/Feb/2016:11:57:42 -0300] "GET /cormun/servlet/hpexe_return? HTTP/1.1" 200 1016
186.103.159.44 - - [29/Feb/2016:11:57:43 -0300] "GET /cormun/servlet/trsolicitudadjuntos?2016,234, HTTP/1.1" 200 8148
186.103.159.44 - - [29/Feb/2016:11:57:49 -0300] "GET /cormun/servlet/trsolicitudot? HTTP/1.1" 200 7986
186.103.159.44 - - [29/Feb/2016:11:57:58 -0300] "POST /cormun/servlet/trsolicitudot?c56cfb37e2fb9efd8fe83a46fd099e14,,gx-no-cache=1456757900752 HTTP/1.1" 200 5444
186.103.159.44 - - [29/Feb/2016:11:57:59 -0300] "POST /cormun/servlet/trsolicitudot?c56cfb37e2fb9efd8fe83a46fd099e14,,gx-no-cache=1456757901040 HTTP/1.1" 200 5444
186.103.159.44 - - [29/Feb/2016:11:57:59 -0300] "POST /cormun/servlet/trsolicitudot?c56cfb37e2fb9efd8fe83a46fd099e14,,gx-no-cache=1456757901417 HTTP/1.1" 200 5444
186.103.159.44 - - [29/Feb/2016:11:57:59 -0300] "POST /cormun/servlet/trsolicitudot?c56cfb37e2fb9efd8fe83a46fd099e14,,gx-no-cache=1456757901781 HTTP/1.1" 200 5444
186.103.159.44 - - [29/Feb/2016:11:58:00 -0300] "POST /cormun/servlet/trsolicitudot?c56cfb37e2fb9efd8fe83a46fd099e14,,gx-no-cache=1456757902182 HTTP/1.1" 200 5444
186.103.159.44 - - [29/Feb/2016:11:58:01 -0300] "POST /cormun/servlet/trsolicitudot?c56cfb37e2fb9efd8fe83a46fd099e14,,gx-no-cache=1456757903035 HTTP/1.1" 200 5444
186.103.159.44 - - [29/Feb/2016:11:58:01 -0300] "POST /cormun/servlet/trsolicitudot?c56cfb37e2fb9efd8fe83a46fd099e14,,gx-no-cache=1456757903536 HTTP/1.1" 200 5444
186.103.159.44 - - [29/Feb/2016:11:58:05 -0300] "POST /cormun/servlet/trsolicitudot?c56cfb37e2fb9efd8fe83a46fd099e14,,gx-no-cache=1456757904022 HTTP/1.1" 200 5173
186.103.159.44 - - [29/Feb/2016:11:58:06 -0300] "POST /cormun/servlet/trsolicitudot?c56cfb37e2fb9efd8fe83a46fd099e14,,gx-no-cache=1456757908046 HTTP/1.1" 200 5114
186.103.159.44 - - [29/Feb/2016:11:58:06 -0300] "GET /cormun/static/Shared/jqueryui/images/ui-bg_highlight-soft_100_c6c2c8_1x100.png HTTP/1.1" 404 1117
186.103.159.44 - - [29/Feb/2016:11:58:06 -0300] "GET /cormun/static/Shared/jqueryui/images/ui-icons_82798d_256x240.png HTTP/1.1" 404 1089
186.103.159.44 - - [29/Feb/2016:11:58:06 -0300] "GET /cormun/static/Shared/jqueryui/images/ui-bg_flat_55_fafafa_40x100.png HTTP/1.1" 404 1097
186.103.159.44 - - [29/Feb/2016:11:58:06 -0300] "GET /cormun/static/Shared/jqueryui/images/ui-icons_8d78a5_256x240.png HTTP/1.1" 404 1089
186.78.49.227 - - [29/Feb/2016:11:58:16 -0300] "GET /cormun/servlet/trsolicitudot?48254cb910274a38c7c6c2d9d1b65243d8efbf55425c68815c27727049c3009e93ec819c7ec96efea0011d201fb409f6c219e3fc552d050ec9e7aef252eb3b39fec0f02bc51fcfe2d1d4b932d22d7fe1,gx-no-cache=1456758169927 HTTP/1.1" 200 718
186.78.49.227 - - [29/Feb/2016:11:58:17 -0300] "GET /cormun/servlet/trsolicitudot?48254cb910274a38c7c6c2d9d1b65243182385ff764622f3a7b3e5ef25448e66a69cb3b20f439d613b0294018d144423e9414b08bb7a4ee9d3099aef54ac12e59522a1ace47dab39c0b65423df275abc6cc9dce31aa233b588daad1b62875735,gx-no-cache=1456758171263 HTTP/1.1" 200 718
186.78.49.227 - - [29/Feb/2016:11:58:18 -0300] "POST /cormun/servlet/trsolicitudot?77c3fc30bd8ae220fdb7acc90f7877a6,,gx-no-cache=1456758172032 HTTP/1.1" 200 3452
186.103.248.213 - - [29/Feb/2016:11:58:19 -0300] "POST /cormun/servlet/trsolicitudot?573b8762d6ac1acfa3e7b179059755ff,,gx-no-cache=1456757927371 HTTP/1.1" 200 5362
186.78.49.227 - - [29/Feb/2016:11:58:19 -0300] "GET /cormun/servlet/hhome HTTP/1.1" 200 3399
186.78.49.227 - - [29/Feb/2016:11:58:20 -0300] "GET /cormun/servlet/hhome HTTP/1.1" 200 3397
186.103.248.213 - - [29/Feb/2016:11:58:20 -0300] "POST /cormun/servlet/trsolicitudot?573b8762d6ac1acfa3e7b179059755ff,,gx-no-cache=1456757928684 HTTP/1.1" 200 5362
186.103.248.213 - - [29/Feb/2016:11:58:21 -0300] "POST /cormun/servlet/trsolicitudot?573b8762d6ac1acfa3e7b179059755ff,,gx-no-cache=1456757929513 HTTP/1.1" 200 5362
186.103.248.213 - - [29/Feb/2016:11:58:22 -0300] "POST /cormun/servlet/trsolicitudot?573b8762d6ac1acfa3e7b179059755ff,,gx-no-cache=1456757930320 HTTP/1.1" 200 5362
186.103.248.213 - - [29/Feb/2016:11:58:23 -0300] "POST /cormun/servlet/trsolicitudot?573b8762d6ac1acfa3e7b179059755ff,,gx-no-cache=1456757931173 HTTP/1.1" 200 5362
186.103.248.213 - - [29/Feb/2016:11:58:23 -0300] "POST /cormun/servlet/trsolicitudot?573b8762d6ac1acfa3e7b179059755ff,,gx-no-cache=1456757932020 HTTP/1.1" 200 5362
186.103.248.213 - - [29/Feb/2016:11:58:24 -0300] "POST /cormun/servlet/trsolicitudot?573b8762d6ac1acfa3e7b179059755ff,,gx-no-cache=1456757932846 HTTP/1.1" 200 5362
186.78.49.227 - - [29/Feb/2016:11:58:25 -0300] "GET /cormun/servlet/trsolicitudot? HTTP/1.1" 200 6127
186.78.49.227 - - [29/Feb/2016:11:58:25 -0300] "GET /cormun/servlet/trsolicitudot? HTTP/1.1" 200 6127
186.78.49.227 - - [29/Feb/2016:11:58:27 -0300] "POST /cormun/servlet/trsolicitudot?77c3fc30bd8ae220fdb7acc90f7877a6,,gx-no-cache=1456758181848 HTTP/1.1" 200 3452
186.78.49.227 - - [29/Feb/2016:11:58:27 -0300] "POST /cormun/servlet/trsolicitudot?77c3fc30bd8ae220fdb7acc90f7877a6,,gx-no-cache=1456758182201 HTTP/1.1" 200 3452
186.78.49.227 - - [29/Feb/2016:11:58:28 -0300] "POST /cormun/servlet/trsolicitudot?77c3fc30bd8ae220fdb7acc90f7877a6,,gx-no-cache=1456758182558 HTTP/1.1" 200 3453
186.78.49.227 - - [29/Feb/2016:11:58:28 -0300] "POST /cormun/servlet/trsolicitudot?77c3fc30bd8ae220fdb7acc90f7877a6,,gx-no-cache=1456758182930 HTTP/1.1" 200 3453
186.78.49.227 - - [29/Feb/2016:11:58:29 -0300] "GET /cormun/servlet/trsolicitudot?48254cb910274a38c7c6c2d9d1b65243182385ff764622f3a7b3e5ef25448e66c035c9eb2d81ed7e83fa36cd888c008c3e2071f45356bcb36dd4c633cb2a64415e43ed7c608d51b685f5c3e76b671d258eada9a09c77ee07f43e27949c1e5d4b,gx-no-cache=1456758183671 HTTP/1.1" 200 716
186.103.159.44 - - [29/Feb/2016:11:58:30 -0300] "GET /cormun/servlet/solicitudot?INS,0,0, HTTP/1.1" 200 12043
186.78.49.227 - - [29/Feb/2016:11:58:30 -0300] "GET /cormun/servlet/trsolicitudot?48254cb910274a38c7c6c2d9d1b65243182385ff764622f3a7b3e5ef25448e66e20de2b73e2a13cdbc50bcc3eed14b3e746ded30373ca52e57a5296d5a32d11509aebc18ee33c8a808601d99b16a1d2bb92147233a13aa3945cd6ccadefd6a5c,gx-no-cache=1456758184846 HTTP/1.1" 200 716
186.78.49.227 - - [29/Feb/2016:11:58:30 -0300] "GET /cormun/servlet/trsolicitudot?48254cb910274a38c7c6c2d9d1b65243182385ff764622f3a7b3e5ef25448e66a599dad177b15e5373afa34ed3a5d2f7f68000e4441ce19c57226d39eb1754d3e5c8319d1d533d3a8fa720c1f95b532ee8488f549883545baf5d022d72d434c4,gx-no-cache=1456758185524 HTTP/1.1" 200 716
186.78.49.227 - - [29/Feb/2016:11:58:41 -0300] "GET /cormun/servlet/solicitudot?INS,0,0, HTTP/1.1" 200 12046
186.78.49.227 - - [29/Feb/2016:11:58:42 -0300] "GET /cormun/servlet/solicitudot?INS,0,0, HTTP/1.1" 200 12050
186.103.248.213 - - [29/Feb/2016:11:58:51 -0300] "GET /cormun/servlet/trvisualizadoreventos? HTTP/1.1" 200 5964
186.103.248.213 - - [29/Feb/2016:11:58:51 -0300] "GET /cormun/static/gxcfg.js?2016251828014 HTTP/1.1" 200 953
186.103.248.213 - - [29/Feb/2016:11:58:51 -0300] "GET /cormun/static/Resources/PXToolsActionPrint.png HTTP/1.1" 200 3317
186.103.248.213 - - [29/Feb/2016:11:58:51 -0300] "GET /cormun/static/trvisualizadoreventos.js?2016251828276 HTTP/1.1" 200 19096
186.103.248.213 - - [29/Feb/2016:11:58:54 -0300] "GET /cormun/servlet/trvisualizadoreventos? HTTP/1.1" 200 5964
186.103.159.44 - - [29/Feb/2016:11:58:58 -0300] "POST /cormun/servlet/solicitudot?gx-no-cache=1456757960127 HTTP/1.1" 200 2669
186.103.159.44 - - [29/Feb/2016:11:58:58 -0300] "POST /cormun/servlet/solicitudot?c56cfb37e2fb9efd8fe83a46fd099e14,INS,0,0,,gx-no-cache=1456757960292 HTTP/1.1" 200 9382
186.103.159.44 - - [29/Feb/2016:11:58:59 -0300] "GET /cormun/servlet/solicitudot?e849930c6c061238d51069243b251b9e276282e1d85851676a666a5e0fc3955c606dcf9e8a366dd9cef062266e0512cf,gx-no-cache=1456757961970 HTTP/1.1" 200 30
186.103.248.213 - - [29/Feb/2016:11:59:00 -0300] "POST /cormun/servlet/trvisualizadoreventos?573b8762d6ac1acfa3e7b179059755ff,,gx-no-cache=1456757968317 HTTP/1.1" 200 3276
186.103.248.213 - - [29/Feb/2016:11:59:00 -0300] "POST /cormun/servlet/trvisualizadoreventos?573b8762d6ac1acfa3e7b179059755ff,,gx-no-cache=1456757968726 HTTP/1.1" 200 3276
186.103.248.213 - - [29/Feb/2016:11:59:00 -0300] "POST /cormun/servlet/trvisualizadoreventos?573b8762d6ac1acfa3e7b179059755ff,,gx-no-cache=1456757969118 HTTP/1.1" 200 3276
186.103.248.213 - - [29/Feb/2016:11:59:01 -0300] "POST /cormun/servlet/trvisualizadoreventos?573b8762d6ac1acfa3e7b179059755ff,,gx-no-cache=1456757969529 HTTP/1.1" 200 3276
186.78.49.227 - - [29/Feb/2016:11:59:01 -0300] "POST /cormun/servlet/solicitudot?gx-no-cache=1456758218847 HTTP/1.1" 200 2741
186.78.49.227 - - [29/Feb/2016:11:59:01 -0300] "POST /cormun/servlet/solicitudot?77c3fc30bd8ae220fdb7acc90f7877a6,INS,0,0,,gx-no-cache=1456758219191 HTTP/1.1" 200 9499
186.103.248.213 - - [29/Feb/2016:11:59:06 -0300] "POST /cormun/servlet/trvisualizadoreventos?573b8762d6ac1acfa3e7b179059755ff,,gx-no-cache=1456757974745 HTTP/1.1" 200 3587
186.103.248.213 - - [29/Feb/2016:11:59:06 -0300] "GET /cormun/servlet/trvisualizadoreventos?638c4aa10cd446dc6ec21bbc3990ce666833c4af9817f56582cf4ecd24fad49f246aa584abc893bfeef845a56959a194aeab5264a2b8cb13b64a8b2d5ed3b378e6cb02eabbd7a6be213da11e80db84ddde5822c24a5dffd49065b7e92441646b4ac1bd05b30157a716c7f3f258c1dbf312daaf81b08ebe8005ff68338e844fd179d3f9cf78c1d174704a0bccb8f6e0347d43e6d320c50e6cc72121e29c2a098ee48b9ddc0e99e35778e762c3fdb2f85674f0f659e02726ba3190524cac1c0404,gx-no-cache=1456757975227 HTTP/1.1" 200 921
186.78.49.227 - - [29/Feb/2016:11:59:11 -0300] "GET /cormun/servlet/solicitudot?89d90c473808b72bbb7d3324061b00532bc587ec6201948ebfc9112d3a7229198eada9a09c77ee07f43e27949c1e5d4b,gx-no-cache=1456758230146 HTTP/1.1" 200 30
186.78.49.227 - - [29/Feb/2016:11:59:11 -0300] "POST /cormun/servlet/solicitudot?gx-no-cache=1456758230251 HTTP/1.1" 200 30
186.78.49.227 - - [29/Feb/2016:11:59:14 -0300] "POST /cormun/servlet/solicitudot?gx-no-cache=1456758233737 HTTP/1.1" 200 122
186.78.49.227 - - [29/Feb/2016:11:59:15 -0300] "GET /cormun/static/Shared/jqueryui/images/ui-bg_highlight-soft_100_c6c2c8_1x100.png HTTP/1.1" 404 1117
186.78.49.227 - - [29/Feb/2016:11:59:15 -0300] "GET /cormun/static/Shared/jqueryui/images/ui-icons_82798d_256x240.png HTTP/1.1" 404 1089
186.78.49.227 - - [29/Feb/2016:11:59:15 -0300] "GET /cormun/static/Shared/jqueryui/images/ui-bg_flat_55_994d53_40x100.png HTTP/1.1" 404 1097
186.78.49.227 - - [29/Feb/2016:11:59:15 -0300] "GET /cormun/static/Shared/jqueryui/images/ui-icons_ebccce_256x240.png HTTP/1.1" 404 1089
186.103.248.213 - - [29/Feb/2016:11:59:17 -0300] "POST /cormun/servlet/trvisualizadoreventos?573b8762d6ac1acfa3e7b179059755ff,,gx-no-cache=1456757985702 HTTP/1.1" 200 3278
