186.103.159.44 - - [29/Feb/2016:13:20:36 -0300] "POST /cormun/servlet/solicitudotadjuntos?adc65a04355111591eba67d82fb3aa97,INS,2016,242,,1, HTTP/1.1" 200 116
186.103.159.44 - - [29/Feb/2016:13:20:36 -0300] "GET /cormun/servlet/hpexe_return? HTTP/1.1" 200 1026
186.103.159.44 - - [29/Feb/2016:13:20:36 -0300] "GET /cormun/servlet/trsolicitudadjuntos?2016,242, HTTP/1.1" 200 7838
186.103.159.44 - - [29/Feb/2016:13:20:40 -0300] "GET /cormun/servlet/solicitudotadjuntos?INS,2016,242,,1, HTTP/1.1" 200 5416
186.103.159.44 - - [29/Feb/2016:13:20:41 -0300] "HEAD /cormun/static/about:blank HTTP/1.1" 404 -
186.103.159.44 - - [29/Feb/2016:13:20:41 -0300] "GET /cormun/servlet/solicitudotadjuntos?20bde8686b8d6dc840470740c39bb69bf4e6af21fd5cbb3fa5f1301d2e19e8093221e35c5e9a9ef211a153e585c925ab,gx-no-cache=1456762864231 HTTP/1.1" 200 30
186.67.172.234 - - [29/Feb/2016:13:20:41 -0300] "POST /cormun/servlet/trautorizarsolicitud?f3aa1932af69e2c3e07851bf2e923ac2,,gx-no-cache=1456762893601 HTTP/1.1" 200 4850
186.103.159.44 - - [29/Feb/2016:13:20:42 -0300] "POST /cormun/servlet/solicitudotadjuntos?adc65a04355111591eba67d82fb3aa97,INS,2016,242,,1,,gx-no-cache=1456762864264 HTTP/1.1" 200 3323
186.67.172.234 - - [29/Feb/2016:13:20:42 -0300] "POST /cormun/servlet/trautorizarsolicitud?f3aa1932af69e2c3e07851bf2e923ac2,,gx-no-cache=1456762893770 HTTP/1.1" 200 4851
186.67.172.234 - - [29/Feb/2016:13:20:42 -0300] "POST /cormun/servlet/trautorizarsolicitud?f3aa1932af69e2c3e07851bf2e923ac2,,gx-no-cache=1456762894219 HTTP/1.1" 200 4851
186.67.172.234 - - [29/Feb/2016:13:20:42 -0300] "POST /cormun/servlet/trautorizarsolicitud?f3aa1932af69e2c3e07851bf2e923ac2,,gx-no-cache=1456762894426 HTTP/1.1" 200 4851
186.67.172.234 - - [29/Feb/2016:13:20:42 -0300] "POST /cormun/servlet/trautorizarsolicitud?f3aa1932af69e2c3e07851bf2e923ac2,,gx-no-cache=1456762894590 HTTP/1.1" 200 4851
186.67.172.234 - - [29/Feb/2016:13:20:43 -0300] "POST /cormun/servlet/trautorizarsolicitud?f3aa1932af69e2c3e07851bf2e923ac2,,gx-no-cache=1456762894747 HTTP/1.1" 200 4851
186.67.172.234 - - [29/Feb/2016:13:20:43 -0300] "POST /cormun/servlet/trautorizarsolicitud?f3aa1932af69e2c3e07851bf2e923ac2,,gx-no-cache=1456762894930 HTTP/1.1" 200 4851
186.67.172.234 - - [29/Feb/2016:13:20:43 -0300] "POST /cormun/servlet/trautorizarsolicitud?f3aa1932af69e2c3e07851bf2e923ac2,,gx-no-cache=1456762895094 HTTP/1.1" 200 3547
186.67.172.234 - - [29/Feb/2016:13:20:43 -0300] "GET /cormun/static/Shared/jqueryui/images/ui-bg_highlight-soft_100_c6c2c8_1x100.png HTTP/1.1" 404 1117
186.67.172.234 - - [29/Feb/2016:13:20:43 -0300] "GET /cormun/static/Shared/jqueryui/images/ui-icons_82798d_256x240.png HTTP/1.1" 404 1089
186.67.172.234 - - [29/Feb/2016:13:20:43 -0300] "GET /cormun/static/Shared/jqueryui/images/ui-bg_flat_55_fafafa_40x100.png HTTP/1.1" 404 1097
186.67.172.234 - - [29/Feb/2016:13:20:43 -0300] "GET /cormun/static/Shared/jqueryui/images/ui-icons_8d78a5_256x240.png HTTP/1.1" 404 1089
186.67.172.234 - - [29/Feb/2016:13:20:43 -0300] "POST /cormun/servlet/trautorizarsolicitud?f3aa1932af69e2c3e07851bf2e923ac2,,gx-no-cache=1456762895267 HTTP/1.1" 200 3403
186.103.159.44 - - [29/Feb/2016:13:20:45 -0300] "POST /cormun/servlet/solicitudotadjuntos?gx-no-cache=1456762867996 HTTP/1.1" 200 26
186.103.159.44 - - [29/Feb/2016:13:20:52 -0300] "GET /cormun/servlet/solicitudotadjuntos?20bde8686b8d6dc840470740c39bb69bd017adc38200b5fb4a3ebbbc2cbfe011,gx-no-cache=1456762874660 HTTP/1.1" 200 30
186.103.159.44 - - [29/Feb/2016:13:20:53 -0300] "GET /cormun/servlet/solicitudotadjuntos?20bde8686b8d6dc840470740c39bb69bd017adc38200b5fb4a3ebbbc2cbfe011,gx-no-cache=1456762875347 HTTP/1.1" 200 30
186.67.172.234 - - [29/Feb/2016:13:20:55 -0300] "GET /cormun/servlet/hlogin HTTP/1.1" 200 1723
186.103.159.44 - - [29/Feb/2016:13:21:00 -0300] "POST /cormun/servlet/solicitudotadjuntos?adc65a04355111591eba67d82fb3aa97,INS,2016,242,,1, HTTP/1.1" 200 116
186.103.159.44 - - [29/Feb/2016:13:21:01 -0300] "GET /cormun/servlet/hpexe_return? HTTP/1.1" 200 1026
186.67.172.234 - - [29/Feb/2016:13:21:01 -0300] "POST /cormun/servlet/hlogin?f3aa1932af69e2c3e07851bf2e923ac2,gx-no-cache=1456762912913 HTTP/1.1" 200 90
186.67.172.234 - - [29/Feb/2016:13:21:01 -0300] "GET /cormun/servlet/hpexe_link HTTP/1.1" 200 952
186.103.159.44 - - [29/Feb/2016:13:21:01 -0300] "GET /cormun/servlet/trsolicitudadjuntos?2016,242, HTTP/1.1" 200 7946
186.67.172.234 - - [29/Feb/2016:13:21:01 -0300] "GET /cormun/servlet/hhome HTTP/1.1" 200 3396
186.67.172.234 - - [29/Feb/2016:13:21:02 -0300] "GET /cormun/servlet/hhome HTTP/1.1" 200 3392
186.67.172.234 - - [29/Feb/2016:13:21:06 -0300] "GET /cormun/servlet/trsolicitudot? HTTP/1.1" 200 6114
186.67.172.234 - - [29/Feb/2016:13:21:06 -0300] "GET /cormun/servlet/trsolicitudot? HTTP/1.1" 200 6114
186.103.159.44 - - [29/Feb/2016:13:21:08 -0300] "GET /cormun/servlet/solicitudotadjuntos?INS,2016,242,,2, HTTP/1.1" 200 5415
186.103.159.44 - - [29/Feb/2016:13:21:09 -0300] "HEAD /cormun/static/about:blank HTTP/1.1" 404 -
186.103.159.44 - - [29/Feb/2016:13:21:09 -0300] "GET /cormun/servlet/solicitudotadjuntos?20bde8686b8d6dc840470740c39bb69bf4e6af21fd5cbb3fa5f1301d2e19e8093221e35c5e9a9ef211a153e585c925ab,gx-no-cache=1456762892193 HTTP/1.1" 200 30
186.103.159.44 - - [29/Feb/2016:13:21:09 -0300] "POST /cormun/servlet/solicitudotadjuntos?adc65a04355111591eba67d82fb3aa97,INS,2016,242,,2,,gx-no-cache=1456762892225 HTTP/1.1" 200 3469
186.67.172.234 - - [29/Feb/2016:13:21:10 -0300] "GET /cormun/servlet/solicitudot?INS,0,0, HTTP/1.1" 200 12041
186.67.172.234 - - [29/Feb/2016:13:21:11 -0300] "GET /cormun/servlet/solicitudot?INS,0,0, HTTP/1.1" 200 12045
186.103.159.44 - - [29/Feb/2016:13:21:12 -0300] "POST /cormun/servlet/solicitudotadjuntos?gx-no-cache=1456762894780 HTTP/1.1" 200 26
186.103.159.44 - - [29/Feb/2016:13:21:14 -0300] "GET /cormun/servlet/solicitudotadjuntos?20bde8686b8d6dc840470740c39bb69bd017adc38200b5fb4a3ebbbc2cbfe011,gx-no-cache=1456762896925 HTTP/1.1" 200 30
186.103.159.44 - - [29/Feb/2016:13:21:14 -0300] "GET /cormun/servlet/solicitudotadjuntos?20bde8686b8d6dc840470740c39bb69bd017adc38200b5fb4a3ebbbc2cbfe011,gx-no-cache=1456762896944 HTTP/1.1" 200 30
186.103.159.44 - - [29/Feb/2016:13:21:14 -0300] "POST /cormun/servlet/solicitudotadjuntos?adc65a04355111591eba67d82fb3aa97,INS,2016,242,,2,,gx-no-cache=1456762896970 HTTP/1.1" 200 93
186.103.159.44 - - [29/Feb/2016:13:21:15 -0300] "GET /cormun/servlet/hpexe_return? HTTP/1.1" 200 1026
186.103.159.44 - - [29/Feb/2016:13:21:15 -0300] "GET /cormun/servlet/trsolicitudadjuntos?2016,242, HTTP/1.1" 200 8159
186.67.172.234 - - [29/Feb/2016:13:21:27 -0300] "POST /cormun/servlet/solicitudot?gx-no-cache=1456762938553 HTTP/1.1" 200 2745
186.67.172.234 - - [29/Feb/2016:13:21:27 -0300] "POST /cormun/servlet/solicitudot?f3aa1932af69e2c3e07851bf2e923ac2,INS,0,0,,gx-no-cache=1456762939015 HTTP/1.1" 200 9501
186.103.159.44 - - [29/Feb/2016:13:21:27 -0300] "GET /cormun/servlet/trsolicitudot? HTTP/1.1" 200 8001
186.67.172.234 - - [29/Feb/2016:13:21:29 -0300] "GET /cormun/servlet/solicitudot?a0a3223603716daac69e9fab05d37cf5762e1534958d091e39d9079ae4734ecde350ae074370b7b29d0f14297c935257,gx-no-cache=1456762941510 HTTP/1.1" 200 30
186.103.159.44 - - [29/Feb/2016:13:21:37 -0300] "POST /cormun/servlet/trsolicitudot?adc65a04355111591eba67d82fb3aa97,,gx-no-cache=1456762915438 HTTP/1.1" 200 5463
186.103.159.44 - - [29/Feb/2016:13:21:38 -0300] "POST /cormun/servlet/trsolicitudot?adc65a04355111591eba67d82fb3aa97,,gx-no-cache=1456762920398 HTTP/1.1" 200 5463
186.103.159.44 - - [29/Feb/2016:13:21:39 -0300] "POST /cormun/servlet/trsolicitudot?adc65a04355111591eba67d82fb3aa97,,gx-no-cache=1456762920904 HTTP/1.1" 200 5462
186.103.159.44 - - [29/Feb/2016:13:21:41 -0300] "POST /cormun/servlet/trsolicitudot?adc65a04355111591eba67d82fb3aa97,,gx-no-cache=1456762923723 HTTP/1.1" 200 5463
186.103.159.44 - - [29/Feb/2016:13:21:47 -0300] "POST /cormun/servlet/trsolicitudot?adc65a04355111591eba67d82fb3aa97,,gx-no-cache=1456762929482 HTTP/1.1" 200 5464
186.103.159.44 - - [29/Feb/2016:13:21:47 -0300] "POST /cormun/servlet/trsolicitudot?adc65a04355111591eba67d82fb3aa97,,gx-no-cache=1456762930165 HTTP/1.1" 200 5463
186.103.159.44 - - [29/Feb/2016:13:21:48 -0300] "POST /cormun/servlet/trsolicitudot?adc65a04355111591eba67d82fb3aa97,,gx-no-cache=1456762930615 HTTP/1.1" 200 5463
186.103.159.44 - - [29/Feb/2016:13:21:52 -0300] "POST /cormun/servlet/trsolicitudot?adc65a04355111591eba67d82fb3aa97,,gx-no-cache=1456762931334 HTTP/1.1" 200 5186
186.103.159.44 - - [29/Feb/2016:13:21:55 -0300] "POST /cormun/servlet/trsolicitudot?adc65a04355111591eba67d82fb3aa97,,gx-no-cache=1456762935629 HTTP/1.1" 200 5127
186.103.159.44 - - [29/Feb/2016:13:21:57 -0300] "GET /cormun/static/Shared/jqueryui/images/ui-bg_highlight-soft_100_c6c2c8_1x100.png HTTP/1.1" 404 1117
186.103.159.44 - - [29/Feb/2016:13:21:57 -0300] "GET /cormun/static/Shared/jqueryui/images/ui-bg_flat_55_fafafa_40x100.png HTTP/1.1" 404 1097
186.103.159.44 - - [29/Feb/2016:13:21:57 -0300] "GET /cormun/static/Shared/jqueryui/images/ui-icons_82798d_256x240.png HTTP/1.1" 404 1089
186.103.159.44 - - [29/Feb/2016:13:21:57 -0300] "GET /cormun/static/Shared/jqueryui/images/ui-icons_8d78a5_256x240.png HTTP/1.1" 404 1089
186.103.159.44 - - [29/Feb/2016:13:21:57 -0300] "POST /cormun/servlet/trsolicitudot?adc65a04355111591eba67d82fb3aa97,,gx-no-cache=1456762939887 HTTP/1.1" 200 5153
186.103.159.44 - - [29/Feb/2016:13:21:58 -0300] "POST /cormun/servlet/trsolicitudot?adc65a04355111591eba67d82fb3aa97,,gx-no-cache=1456762940517 HTTP/1.1" 200 5152
186.103.159.44 - - [29/Feb/2016:13:21:58 -0300] "POST /cormun/servlet/trsolicitudot?adc65a04355111591eba67d82fb3aa97,,gx-no-cache=1456762941103 HTTP/1.1" 200 5152
186.103.159.44 - - [29/Feb/2016:13:21:59 -0300] "POST /cormun/servlet/trsolicitudot?adc65a04355111591eba67d82fb3aa97,,gx-no-cache=1456762941682 HTTP/1.1" 200 5153
186.103.159.44 - - [29/Feb/2016:13:22:00 -0300] "POST /cormun/servlet/trsolicitudot?adc65a04355111591eba67d82fb3aa97,,gx-no-cache=1456762942296 HTTP/1.1" 200 5152
186.103.159.44 - - [29/Feb/2016:13:22:00 -0300] "POST /cormun/servlet/trsolicitudot?adc65a04355111591eba67d82fb3aa97,,gx-no-cache=1456762943183 HTTP/1.1" 200 5152
186.103.159.44 - - [29/Feb/2016:13:22:01 -0300] "POST /cormun/servlet/trsolicitudot?adc65a04355111591eba67d82fb3aa97,,gx-no-cache=1456762944071 HTTP/1.1" 200 5152
186.103.159.44 - - [29/Feb/2016:13:22:10 -0300] "GET /cormun/servlet/solicitudot?INS,0,0, HTTP/1.1" 200 12059
186.67.172.234 - - [29/Feb/2016:13:23:09 -0300] "POST /cormun/servlet/solicitudot?gx-no-cache=1456763041527 HTTP/1.1" 200 30
186.67.172.234 - - [29/Feb/2016:13:23:12 -0300] "POST /cormun/servlet/solicitudot?gx-no-cache=1456763043794 HTTP/1.1" 200 30
186.103.159.44 - - [29/Feb/2016:13:23:25 -0300] "GET /cormun/servlet/hlogin HTTP/1.1" 200 1716
186.67.172.234 - - [29/Feb/2016:13:23:32 -0300] "POST /cormun/servlet/solicitudot?gx-no-cache=1456763063846 HTTP/1.1" 200 452
186.67.172.234 - - [29/Feb/2016:13:23:32 -0300] "GET /cormun/servlet/solicitudot?a0a3223603716daac69e9fab05d37cf5377144a43994a7f52ee247fd74f57616934f8736436bc120ace79734ec0d56806da8875776f7ac30d18b8d5a3658d8c1f4cfec1b7ee56e90e42e3b77c9e4fe022f87a57334ea25d3bdcef9351cfce01291a81b1efc5a110c187523b813690450d10d321826ccf26b4bb7877b271474e0c3e02ffd4f733677def7284e31e9802e,gx-no-cache=1456763063993 HTTP/1.1" 200 38
186.103.159.44 - - [29/Feb/2016:13:23:38 -0300] "POST /cormun/servlet/hlogin?adc65a04355111591eba67d82fb3aa97,gx-no-cache=1456763040438 HTTP/1.1" 200 90
186.103.159.44 - - [29/Feb/2016:13:23:38 -0300] "GET /cormun/servlet/hpexe_link HTTP/1.1" 200 963
186.103.159.44 - - [29/Feb/2016:13:23:38 -0300] "GET /cormun/servlet/solicitudot?INS,0,0, HTTP/1.1" 200 12060
186.103.159.44 - - [29/Feb/2016:13:23:46 -0300] "GET /cormun/servlet/trsolicitudot? HTTP/1.1" 200 7676
186.67.172.234 - - [29/Feb/2016:13:23:51 -0300] "GET /cormun/servlet/solicitudot?a0a3223603716daac69e9fab05d37cf5a383779d39ca86fac727a951a637e1fa6b2d18c7f327b84b6cbfe73d98375f52f7985b2624e2f09c2d92e6f44bbd3062b28c23bdd58bf4d067d29044bc931822c892928390856a2e5d2020c532c40cd9e16bebb00b60fca4e96cdf66798d1bae9678d6638a8458c4a5b8716f24981af98cdfd8c2c7045bc43d55aac79d8b431c95d0c59748ec85dfcaddeeeda4e5c6e4c5f9dad171a2f74c75ba60d86dc4b2898c83eaef8caf4d4af4746149e5949b7683962b26c681534fa3cd1a39c7014277,gx-no-cache=1456763082857 HTTP/1.1" 200 29
186.103.159.44 - - [29/Feb/2016:13:23:53 -0300] "GET /cormun/servlet/solicitudot?INS,0,0, HTTP/1.1" 200 12059
186.67.172.234 - - [29/Feb/2016:13:23:55 -0300] "POST /cormun/servlet/solicitudot?gx-no-cache=1456763086874 HTTP/1.1" 200 1116
186.103.159.44 - - [29/Feb/2016:13:24:16 -0300] "POST /cormun/servlet/solicitudot?gx-no-cache=1456763078569 HTTP/1.1" 200 2669
186.103.159.44 - - [29/Feb/2016:13:24:16 -0300] "POST /cormun/servlet/solicitudot?adc65a04355111591eba67d82fb3aa97,INS,0,0,,gx-no-cache=1456763078741 HTTP/1.1" 200 9395
186.103.159.44 - - [29/Feb/2016:13:24:18 -0300] "GET /cormun/servlet/solicitudot?20bde8686b8d6dc840470740c39bb69b0660b6a8575433493b8980875e1394052d9fe29e6cd4b4796642f472e0913e80,gx-no-cache=1456763081294 HTTP/1.1" 200 30
186.67.172.234 - - [29/Feb/2016:13:25:01 -0300] "GET /cormun/servlet/solicitudot?a0a3223603716daac69e9fab05d37cf548c0b92072fbc05200075df04f01c135c57e0500c88e50517495e64680914474883f8f7d1b6e5b666ee2bbc6f2ae424fbee6ca51cb0ebaae331650180b1cce7d4acd9cddc6c7d8f1c394f032b526b7e81442e357e2c3ac2b9565f1022f3f8590db841599a66a0d782907af5e03146de485060eef074a8cec1765d7551ad5f75ccd91410e7371696a18da3841e06e8a64b2f6c5cf80dd87e10cb1a66970979c14,gx-no-cache=1456763153448 HTTP/1.1" 200 30
186.103.159.44 - - [29/Feb/2016:13:25:31 -0300] "POST /cormun/servlet/solicitudot?gx-no-cache=1456763153547 HTTP/1.1" 200 30
186.67.172.234 - - [29/Feb/2016:13:25:31 -0300] "POST /cormun/servlet/solicitudot?f3aa1932af69e2c3e07851bf2e923ac2,INS,0,0,,gx-no-cache=1456763183133 HTTP/1.1" 200 93
186.67.172.234 - - [29/Feb/2016:13:25:31 -0300] "GET /cormun/servlet/hpexe_return? HTTP/1.1" 200 1009
186.67.172.234 - - [29/Feb/2016:13:25:31 -0300] "GET /cormun/servlet/trsolicitudot HTTP/1.1" 200 7408
186.67.172.234 - - [29/Feb/2016:13:25:32 -0300] "GET /cormun/servlet/trsolicitudot HTTP/1.1" 200 7405
186.103.159.44 - - [29/Feb/2016:13:25:40 -0300] "POST /cormun/servlet/solicitudot?gx-no-cache=1456763162476 HTTP/1.1" 200 30
186.103.159.44 - - [29/Feb/2016:13:25:41 -0300] "POST /cormun/servlet/solicitudot?gx-no-cache=1456763164102 HTTP/1.1" 200 452
186.103.159.44 - - [29/Feb/2016:13:25:41 -0300] "GET /cormun/servlet/solicitudot?20bde8686b8d6dc840470740c39bb69b58e4d5c9b0ebc6ee6501bd4a64eeb3b75114692230d957102d33a701302a18f42e982143a4ad3044bc50038516e58a56381bf5a02087731b4155a38cf4ba4a893a4252933af17424d4acb2803c68b529f1ea4a569468638722d5801107f303a5e1d5f878db67655ebeba3a251555fcbb067dfb3b9ce7bc2713c0b8c093843506,gx-no-cache=1456763164148 HTTP/1.1" 200 38
186.67.172.234 - - [29/Feb/2016:13:25:43 -0300] "POST /cormun/servlet/trsolicitudot?f3aa1932af69e2c3e07851bf2e923ac2,gx-no-cache=1456763194421 HTTP/1.1" 200 4852
186.67.172.234 - - [29/Feb/2016:13:25:43 -0300] "POST /cormun/servlet/trsolicitudot?f3aa1932af69e2c3e07851bf2e923ac2,gx-no-cache=1456763194968 HTTP/1.1" 200 4852
186.67.172.234 - - [29/Feb/2016:13:25:43 -0300] "POST /cormun/servlet/trsolicitudot?f3aa1932af69e2c3e07851bf2e923ac2,gx-no-cache=1456763195140 HTTP/1.1" 200 4852
186.67.172.234 - - [29/Feb/2016:13:25:44 -0300] "POST /cormun/servlet/trsolicitudot?f3aa1932af69e2c3e07851bf2e923ac2,gx-no-cache=1456763195655 HTTP/1.1" 200 4852
186.67.172.234 - - [29/Feb/2016:13:25:44 -0300] "POST /cormun/servlet/trsolicitudot?f3aa1932af69e2c3e07851bf2e923ac2,gx-no-cache=1456763196097 HTTP/1.1" 200 4852
186.67.172.234 - - [29/Feb/2016:13:25:44 -0300] "POST /cormun/servlet/trsolicitudot?f3aa1932af69e2c3e07851bf2e923ac2,gx-no-cache=1456763196256 HTTP/1.1" 200 4852
186.67.172.234 - - [29/Feb/2016:13:25:45 -0300] "POST /cormun/servlet/trsolicitudot?f3aa1932af69e2c3e07851bf2e923ac2,gx-no-cache=1456763196412 HTTP/1.1" 200 4852
186.67.172.234 - - [29/Feb/2016:13:25:45 -0300] "POST /cormun/servlet/trsolicitudot?f3aa1932af69e2c3e07851bf2e923ac2,gx-no-cache=1456763196897 HTTP/1.1" 200 105
186.67.172.234 - - [29/Feb/2016:13:25:45 -0300] "GET /cormun/servlet/solicitudot?UPD,2016,243, HTTP/1.1" 200 13294
186.67.172.234 - - [29/Feb/2016:13:25:45 -0300] "GET /cormun/servlet/solicitudot?UPD,2016,243, HTTP/1.1" 200 13302
186.67.172.234 - - [29/Feb/2016:13:25:46 -0300] "POST /cormun/servlet/solicitudot?gx-no-cache=1456763198051 HTTP/1.1" 200 2787
186.67.172.234 - - [29/Feb/2016:13:25:46 -0300] "POST /cormun/servlet/solicitudot?f3aa1932af69e2c3e07851bf2e923ac2,UPD,2016,243,,gx-no-cache=1456763198152 HTTP/1.1" 200 10213
186.67.172.234 - - [29/Feb/2016:13:25:46 -0300] "GET /cormun/servlet/solicitudot?a0a3223603716daac69e9fab05d37cf5762e1534958d091e39d9079ae4734ecd25c6e015a6beab96d03ed095a5c7843c,gx-no-cache=1456763198334 HTTP/1.1" 200 30
186.67.172.234 - - [29/Feb/2016:13:25:46 -0300] "POST /cormun/servlet/solicitudot?gx-no-cache=1456763198355 HTTP/1.1" 200 30
186.67.172.234 - - [29/Feb/2016:13:25:46 -0300] "POST /cormun/servlet/solicitudot?gx-no-cache=1456763198377 HTTP/1.1" 200 30
186.67.172.234 - - [29/Feb/2016:13:25:46 -0300] "POST /cormun/servlet/solicitudot?gx-no-cache=1456763198400 HTTP/1.1" 200 1153
186.67.172.234 - - [29/Feb/2016:13:25:46 -0300] "GET /cormun/servlet/solicitudot?a0a3223603716daac69e9fab05d37cf5377144a43994a7f52ee247fd74f57616934f8736436bc120ace79734ec0d56806da8875776f7ac30d18b8d5a3658d8c1f4cfec1b7ee56e90e42e3b77c9e4fe022f87a57334ea25d3bdcef9351cfce01291a81b1efc5a110c187523b813690450d10d321826ccf26b4bb7877b271474e0eea3bc786434bfef90a12d3dcc7ec03608b02b9ff300ba3bed1f500af604e51f,gx-no-cache=1456763198434 HTTP/1.1" 200 41
186.67.172.234 - - [29/Feb/2016:13:25:55 -0300] "GET /cormun/servlet/trsolicitudot HTTP/1.1" 200 7408
186.67.172.234 - - [29/Feb/2016:13:25:55 -0300] "GET /cormun/servlet/trsolicitudot HTTP/1.1" 200 7405
186.67.172.234 - - [29/Feb/2016:13:26:06 -0300] "POST /cormun/servlet/trsolicitudot?f3aa1932af69e2c3e07851bf2e923ac2,gx-no-cache=1456763217945 HTTP/1.1" 200 4852
186.67.172.234 - - [29/Feb/2016:13:26:06 -0300] "POST /cormun/servlet/trsolicitudot?f3aa1932af69e2c3e07851bf2e923ac2,gx-no-cache=1456763218095 HTTP/1.1" 200 4850
186.67.172.234 - - [29/Feb/2016:13:26:06 -0300] "POST /cormun/servlet/trsolicitudot?f3aa1932af69e2c3e07851bf2e923ac2,gx-no-cache=1456763218238 HTTP/1.1" 200 4852
186.67.172.234 - - [29/Feb/2016:13:26:07 -0300] "POST /cormun/servlet/trsolicitudot?f3aa1932af69e2c3e07851bf2e923ac2,gx-no-cache=1456763218697 HTTP/1.1" 200 4852
186.67.172.234 - - [29/Feb/2016:13:26:07 -0300] "POST /cormun/servlet/trsolicitudot?f3aa1932af69e2c3e07851bf2e923ac2,gx-no-cache=1456763218877 HTTP/1.1" 200 4852
186.67.172.234 - - [29/Feb/2016:13:26:07 -0300] "POST /cormun/servlet/trsolicitudot?f3aa1932af69e2c3e07851bf2e923ac2,gx-no-cache=1456763219035 HTTP/1.1" 200 4852
186.67.172.234 - - [29/Feb/2016:13:26:07 -0300] "POST /cormun/servlet/trsolicitudot?f3aa1932af69e2c3e07851bf2e923ac2,gx-no-cache=1456763219518 HTTP/1.1" 200 4851
186.67.172.234 - - [29/Feb/2016:13:26:08 -0300] "POST /cormun/servlet/trsolicitudot?f3aa1932af69e2c3e07851bf2e923ac2,gx-no-cache=1456763219682 HTTP/1.1" 200 105
186.67.172.234 - - [29/Feb/2016:13:26:08 -0300] "GET /cormun/servlet/solicitudot?UPD,2016,243, HTTP/1.1" 200 13294
186.67.172.234 - - [29/Feb/2016:13:26:08 -0300] "GET /cormun/servlet/solicitudot?UPD,2016,243, HTTP/1.1" 200 13302
186.103.159.44 - - [29/Feb/2016:13:26:08 -0300] "GET /cormun/servlet/solicitudot?20bde8686b8d6dc840470740c39bb69b135f495e01de74c42d1f45cd3b42852971ed473d31bd7729b8328078e6de035efb94d8f4fb244aab6c083a796c2199245444cc981f6ebd8a7a0be70b45013e9582e3644b3fd531f6dab4f24d215897ca9f9b6379e3162a754e769ceda472955b,gx-no-cache=1456763191122 HTTP/1.1" 200 29
186.67.172.234 - - [29/Feb/2016:13:26:09 -0300] "POST /cormun/servlet/solicitudot?gx-no-cache=1456763220876 HTTP/1.1" 200 2787
186.67.172.234 - - [29/Feb/2016:13:26:09 -0300] "POST /cormun/servlet/solicitudot?f3aa1932af69e2c3e07851bf2e923ac2,UPD,2016,243,,gx-no-cache=1456763221180 HTTP/1.1" 200 10213
186.67.172.234 - - [29/Feb/2016:13:26:09 -0300] "GET /cormun/servlet/solicitudot?a0a3223603716daac69e9fab05d37cf5762e1534958d091e39d9079ae4734ecd25c6e015a6beab96d03ed095a5c7843c,gx-no-cache=1456763221415 HTTP/1.1" 200 30
186.67.172.234 - - [29/Feb/2016:13:26:09 -0300] "POST /cormun/servlet/solicitudot?gx-no-cache=1456763221491 HTTP/1.1" 200 30
186.67.172.234 - - [29/Feb/2016:13:26:09 -0300] "POST /cormun/servlet/solicitudot?gx-no-cache=1456763221558 HTTP/1.1" 200 30
186.67.172.234 - - [29/Feb/2016:13:26:09 -0300] "POST /cormun/servlet/solicitudot?gx-no-cache=1456763221605 HTTP/1.1" 200 1153
186.67.172.234 - - [29/Feb/2016:13:26:09 -0300] "GET /cormun/servlet/solicitudot?a0a3223603716daac69e9fab05d37cf5377144a43994a7f52ee247fd74f57616934f8736436bc120ace79734ec0d56806da8875776f7ac30d18b8d5a3658d8c1f4cfec1b7ee56e90e42e3b77c9e4fe022f87a57334ea25d3bdcef9351cfce01291a81b1efc5a110c187523b813690450d10d321826ccf26b4bb7877b271474e0eea3bc786434bfef90a12d3dcc7ec03608b02b9ff300ba3bed1f500af604e51f,gx-no-cache=1456763221650 HTTP/1.1" 200 41
186.103.159.44 - - [29/Feb/2016:13:26:10 -0300] "POST /cormun/servlet/solicitudot?gx-no-cache=1456763192659 HTTP/1.1" 200 1116
186.103.159.44 - - [29/Feb/2016:13:26:34 -0300] "GET /cormun/servlet/solicitudot?20bde8686b8d6dc840470740c39bb69b9599cef1126121b0dc912331ce101e29debc96dd62db773b98e08272265708bc897b88703b483a58d3eb7e3f47cde3b5c595b5d4adcc17b593e5b50d6fbb2a02e96020fb15839fe1db0dde934330f7e8528486fecd5ac9a8aa8b70993c4d5f8a4f79f1d572ff94927f816d2c312f263a213240490745aec442729cf5872d4913d202f3b996dbca14e201df8e0a2c67fc957b0869054d7481f650d9e49051e0a6,gx-no-cache=1456763217280 HTTP/1.1" 200 30
186.103.159.44 - - [29/Feb/2016:13:26:45 -0300] "POST /cormun/servlet/solicitudot?adc65a04355111591eba67d82fb3aa97,INS,0,0,,gx-no-cache=1456763228189 HTTP/1.1" 200 93
186.103.159.44 - - [29/Feb/2016:13:26:46 -0300] "GET /cormun/servlet/hpexe_return? HTTP/1.1" 200 1007
186.103.159.44 - - [29/Feb/2016:13:26:49 -0300] "GET /cormun/servlet/trsolicitudot HTTP/1.1" 200 8004
186.103.159.44 - - [29/Feb/2016:13:26:57 -0300] "POST /cormun/servlet/trsolicitudot?adc65a04355111591eba67d82fb3aa97,gx-no-cache=1456763240076 HTTP/1.1" 200 5460
186.103.159.44 - - [29/Feb/2016:13:27:07 -0300] "POST /cormun/servlet/trsolicitudot?adc65a04355111591eba67d82fb3aa97,gx-no-cache=1456763249400 HTTP/1.1" 200 5461
186.103.159.44 - - [29/Feb/2016:13:27:07 -0300] "POST /cormun/servlet/trsolicitudot?adc65a04355111591eba67d82fb3aa97,gx-no-cache=1456763249723 HTTP/1.1" 200 5461
186.67.172.234 - - [29/Feb/2016:13:27:10 -0300] "GET /cormun/servlet/trsolicitudot HTTP/1.1" 200 7408
186.67.172.234 - - [29/Feb/2016:13:27:11 -0300] "GET /cormun/servlet/trsolicitudot HTTP/1.1" 200 7405
186.103.159.44 - - [29/Feb/2016:13:27:25 -0300] "POST /cormun/servlet/trsolicitudot?adc65a04355111591eba67d82fb3aa97,gx-no-cache=1456763266864 HTTP/1.1" 200 5461
186.103.159.44 - - [29/Feb/2016:13:27:32 -0300] "POST /cormun/servlet/trsolicitudot?adc65a04355111591eba67d82fb3aa97,gx-no-cache=1456763274488 HTTP/1.1" 200 5461
186.103.159.44 - - [29/Feb/2016:13:27:34 -0300] "POST /cormun/servlet/trsolicitudot?adc65a04355111591eba67d82fb3aa97,gx-no-cache=1456763276715 HTTP/1.1" 200 5461
186.103.159.44 - - [29/Feb/2016:13:27:36 -0300] "POST /cormun/servlet/trsolicitudot?adc65a04355111591eba67d82fb3aa97,gx-no-cache=1456763277305 HTTP/1.1" 200 5460
186.67.172.234 - - [29/Feb/2016:13:27:36 -0300] "POST /cormun/servlet/trsolicitudot?f3aa1932af69e2c3e07851bf2e923ac2,gx-no-cache=1456763308506 HTTP/1.1" 200 4852
186.67.172.234 - - [29/Feb/2016:13:27:37 -0300] "POST /cormun/servlet/trsolicitudot?f3aa1932af69e2c3e07851bf2e923ac2,gx-no-cache=1456763308690 HTTP/1.1" 200 4852
186.67.172.234 - - [29/Feb/2016:13:27:37 -0300] "POST /cormun/servlet/trsolicitudot?f3aa1932af69e2c3e07851bf2e923ac2,gx-no-cache=1456763309152 HTTP/1.1" 200 4852
186.67.172.234 - - [29/Feb/2016:13:27:37 -0300] "POST /cormun/servlet/trsolicitudot?f3aa1932af69e2c3e07851bf2e923ac2,gx-no-cache=1456763309304 HTTP/1.1" 200 4851
186.67.172.234 - - [29/Feb/2016:13:27:38 -0300] "POST /cormun/servlet/trsolicitudot?f3aa1932af69e2c3e07851bf2e923ac2,gx-no-cache=1456763309764 HTTP/1.1" 200 4852
186.67.172.234 - - [29/Feb/2016:13:27:38 -0300] "POST /cormun/servlet/trsolicitudot?f3aa1932af69e2c3e07851bf2e923ac2,gx-no-cache=1456763309914 HTTP/1.1" 200 4852
186.67.172.234 - - [29/Feb/2016:13:27:38 -0300] "POST /cormun/servlet/trsolicitudot?f3aa1932af69e2c3e07851bf2e923ac2,gx-no-cache=1456763310068 HTTP/1.1" 200 4852
186.67.172.234 - - [29/Feb/2016:13:27:38 -0300] "POST /cormun/servlet/trsolicitudot?f3aa1932af69e2c3e07851bf2e923ac2,gx-no-cache=1456763310225 HTTP/1.1" 200 106
186.67.172.234 - - [29/Feb/2016:13:27:38 -0300] "GET /cormun/servlet/trsolicitudadjuntos?2016,243, HTTP/1.1" 200 5342
186.67.172.234 - - [29/Feb/2016:13:27:39 -0300] "GET /cormun/servlet/trsolicitudadjuntos?2016,243, HTTP/1.1" 200 5342
186.103.159.44 - - [29/Feb/2016:13:27:41 -0300] "POST /cormun/servlet/trsolicitudot?adc65a04355111591eba67d82fb3aa97,gx-no-cache=1456763280169 HTTP/1.1" 200 104
186.67.172.234 - - [29/Feb/2016:13:27:42 -0300] "GET /cormun/servlet/solicitudotadjuntos?INS,2016,243,,2, HTTP/1.1" 200 5399
186.67.172.234 - - [29/Feb/2016:13:27:43 -0300] "GET /cormun/static/about:blank HTTP/1.1" 404 1011
186.67.172.234 - - [29/Feb/2016:13:27:43 -0300] "GET /cormun/servlet/solicitudotadjuntos?INS,2016,243,,2, HTTP/1.1" 200 5393
186.67.172.234 - - [29/Feb/2016:13:27:43 -0300] "GET /cormun/servlet/solicitudotadjuntos?a0a3223603716daac69e9fab05d37cf59a48cf9ee4af92ff2b051038c52c749a08b02b9ff300ba3bed1f500af604e51f,gx-no-cache=1456763315366 HTTP/1.1" 200 30
186.103.159.44 - - [29/Feb/2016:13:27:43 -0300] "GET /cormun/servlet/solicitudot?UPD,2016,244, HTTP/1.1" 200 13282
186.67.172.234 - - [29/Feb/2016:13:27:43 -0300] "POST /cormun/servlet/solicitudotadjuntos?f3aa1932af69e2c3e07851bf2e923ac2,INS,2016,243,,2,,gx-no-cache=1456763315419 HTTP/1.1" 200 3458
186.103.159.44 - - [29/Feb/2016:13:27:50 -0300] "POST /cormun/servlet/solicitudot?gx-no-cache=1456763292315 HTTP/1.1" 200 2742
186.103.159.44 - - [29/Feb/2016:13:27:52 -0300] "POST /cormun/servlet/solicitudot?adc65a04355111591eba67d82fb3aa97,UPD,2016,244,,gx-no-cache=1456763294303 HTTP/1.1" 200 10166
186.67.172.234 - - [29/Feb/2016:13:27:56 -0300] "GET /cormun/servlet/trsolicitudadjuntos?2016,243, HTTP/1.1" 200 5342
186.67.172.234 - - [29/Feb/2016:13:27:57 -0300] "GET /cormun/servlet/trsolicitudadjuntos?2016,243, HTTP/1.1" 200 5342
186.103.159.44 - - [29/Feb/2016:13:27:57 -0300] "GET /cormun/servlet/solicitudot?20bde8686b8d6dc840470740c39bb69b0660b6a8575433493b8980875e139405fc1344b24a308e0a5531218a85e02975,gx-no-cache=1456763299736 HTTP/1.1" 200 30
186.103.159.44 - - [29/Feb/2016:13:27:57 -0300] "POST /cormun/servlet/solicitudot?gx-no-cache=1456763299876 HTTP/1.1" 200 30
186.103.159.44 - - [29/Feb/2016:13:27:57 -0300] "POST /cormun/servlet/solicitudot?gx-no-cache=1456763299949 HTTP/1.1" 200 30
186.103.159.44 - - [29/Feb/2016:13:27:57 -0300] "POST /cormun/servlet/solicitudot?gx-no-cache=1456763300061 HTTP/1.1" 200 1154
186.103.159.44 - - [29/Feb/2016:13:27:58 -0300] "GET /cormun/servlet/solicitudot?20bde8686b8d6dc840470740c39bb69b58e4d5c9b0ebc6ee6501bd4a64eeb3b75114692230d957102d33a701302a18f42e982143a4ad3044bc50038516e58a56381bf5a02087731b4155a38cf4ba4a893a4252933af17424d4acb2803c68b529f1ea4a569468638722d5801107f303a5e1d5f878db67655ebeba3a251555fcbb58ea66eb2ce54e1cf515805dc50629a53221e35c5e9a9ef211a153e585c925ab,gx-no-cache=1456763300623 HTTP/1.1" 200 41
186.67.172.234 - - [29/Feb/2016:13:27:59 -0300] "GET /cormun/servlet/solicitudotadjuntos?INS,2016,243,,1, HTTP/1.1" 200 5401
186.67.172.234 - - [29/Feb/2016:13:27:59 -0300] "GET /cormun/static/about:blank HTTP/1.1" 404 1011
186.67.172.234 - - [29/Feb/2016:13:27:59 -0300] "GET /cormun/servlet/solicitudotadjuntos?INS,2016,243,,1, HTTP/1.1" 200 5395
186.67.172.234 - - [29/Feb/2016:13:28:00 -0300] "GET /cormun/servlet/solicitudotadjuntos?a0a3223603716daac69e9fab05d37cf59a48cf9ee4af92ff2b051038c52c749a08b02b9ff300ba3bed1f500af604e51f,gx-no-cache=1456763332146 HTTP/1.1" 200 30
186.67.172.234 - - [29/Feb/2016:13:28:00 -0300] "POST /cormun/servlet/solicitudotadjuntos?f3aa1932af69e2c3e07851bf2e923ac2,INS,2016,243,,1,,gx-no-cache=1456763332208 HTTP/1.1" 200 3312
186.103.159.44 - - [29/Feb/2016:13:28:03 -0300] "GET /cormun/servlet/solicitudot?20bde8686b8d6dc840470740c39bb69ba4d5dc22a84c7eeae7ce73edeffd9be510097f62e7f8d1bdd02d855582dfface08b9d7ce9984563f370aafd99369529db5e71bbd83d0ad9556a6229a6f10f585297a8ad4e269dec8c2bcf43b1527e52b9a8cc95895e7a062035515c6561e4a60407375cfec3aa53851ffaab24147bff60365a881dd2394797d52d54b8d444df23efd726ab77ccee26b30a89c8ada79bb,gx-no-cache=1456763305796 HTTP/1.1" 200 30
186.103.159.44 - - [29/Feb/2016:13:28:05 -0300] "POST /cormun/servlet/solicitudot?gx-no-cache=1456763307094 HTTP/1.1" 200 1116
186.103.159.44 - - [29/Feb/2016:13:28:05 -0300] "GET /cormun/servlet/solicitudot?20bde8686b8d6dc840470740c39bb69b9599cef1126121b0dc912331ce101e29debc96dd62db773b98e08272265708bc897b88703b483a58d3eb7e3f47cde3b5c595b5d4adcc17b593e5b50d6fbb2a02e96020fb15839fe1db0dde934330f7e8528486fecd5ac9a8aa8b70993c4d5f8a4f79f1d572ff94927f816d2c312f263a213240490745aec442729cf5872d4913d202f3b996dbca14e201df8e0a2c67fc957b0869054d7481f650d9e49051e0a6,gx-no-cache=1456763307510 HTTP/1.1" 200 30
186.103.159.44 - - [29/Feb/2016:13:28:06 -0300] "POST /cormun/servlet/solicitudot?adc65a04355111591eba67d82fb3aa97,UPD,2016,244,,gx-no-cache=1456763308659 HTTP/1.1" 200 93
186.103.159.44 - - [29/Feb/2016:13:28:06 -0300] "GET /cormun/servlet/hpexe_return? HTTP/1.1" 200 1033
186.103.159.44 - - [29/Feb/2016:13:28:06 -0300] "GET /cormun/servlet/trsolicitudot?gx-no-cache=1456763277305 HTTP/1.1" 200 8002
186.67.172.234 - - [29/Feb/2016:13:28:08 -0300] "POST /cormun/servlet/solicitudotadjuntos?gx-no-cache=1456763340008 HTTP/1.1" 200 26
186.78.34.36 - - [29/Feb/2016:13:28:09 -0300] "GET /cormun/servlet/hlogin HTTP/1.1" 200 1721
186.78.34.36 - - [29/Feb/2016:13:28:09 -0300] "GET /cormun/static/gxtimezone.js?85251 HTTP/1.1" 200 5781
186.78.34.36 - - [29/Feb/2016:13:28:09 -0300] "GET /cormun/static/gxcfg.js?20151120045111 HTTP/1.1" 200 953
186.78.34.36 - - [29/Feb/2016:13:28:10 -0300] "GET /cormun/static/hlogin.js?20151120045126 HTTP/1.1" 200 2136
186.78.34.36 - - [29/Feb/2016:13:28:10 -0300] "GET /cormun/static/messages.spa.js?85251 HTTP/1.1" 200 30736
186.78.34.36 - - [29/Feb/2016:13:28:10 -0300] "GET /cormun/static/Resources/Spanish/PXTools.css?005343 HTTP/1.1" 200 89042
186.78.34.36 - - [29/Feb/2016:13:28:10 -0300] "GET /cormun/static/Resources/ComunLogin.png HTTP/1.1" 200 17326
186.78.34.36 - - [29/Feb/2016:13:28:10 -0300] "GET /cormun/static/gxgral.js?85251 HTTP/1.1" 200 384558
186.78.34.36 - - [29/Feb/2016:13:28:11 -0300] "GET /cormun/static/Resources/PXToolsLoginTop.png HTTP/1.1" 200 1337
186.78.34.36 - - [29/Feb/2016:13:28:11 -0300] "GET /cormun/static/Resources/PXToolsLoginBackground.png HTTP/1.1" 200 1164
186.78.34.36 - - [29/Feb/2016:13:28:11 -0300] "GET /cormun/static/Resources/PXToolsButtonLeft21.png HTTP/1.1" 200 1287
186.78.34.36 - - [29/Feb/2016:13:28:11 -0300] "GET /cormun/static/Resources/PXToolsButtonRight21.png HTTP/1.1" 200 1283
186.78.34.36 - - [29/Feb/2016:13:28:11 -0300] "GET /cormun/static/Resources/PXToolsButtonBackground2.png HTTP/1.1" 200 1181
186.78.34.36 - - [29/Feb/2016:13:28:11 -0300] "GET /cormun/static/Resources/PXToolsLoginBottom.png HTTP/1.1" 200 1389
186.78.34.36 - - [29/Feb/2016:13:28:11 -0300] "GET /cormun/servlet/hlogin HTTP/1.1" 200 1724
186.78.34.36 - - [29/Feb/2016:13:28:11 -0300] "GET /cormun/static/Resources/indicator.gif HTTP/1.1" 200 1553
186.78.34.36 - - [29/Feb/2016:13:28:11 -0300] "GET /cormun/static/Resources/indicator.gif HTTP/1.1" 200 1553
186.78.34.36 - - [29/Feb/2016:13:28:11 -0300] "GET /favicon.ico HTTP/1.1" 200 21630
186.103.159.44 - - [29/Feb/2016:13:28:12 -0300] "POST /cormun/servlet/trsolicitudot?adc65a04355111591eba67d82fb3aa97,gx-no-cache=1456763277305,gx-no-cache=1456763314216 HTTP/1.1" 200 5458
186.67.172.234 - - [29/Feb/2016:13:28:17 -0300] "GET /cormun/servlet/solicitudotadjuntos?a0a3223603716daac69e9fab05d37cf55a7f79fd5df6b3cfb2c23f290cd0d531,gx-no-cache=1456763348763 HTTP/1.1" 200 30
186.67.172.234 - - [29/Feb/2016:13:28:17 -0300] "GET /cormun/servlet/solicitudotadjuntos?a0a3223603716daac69e9fab05d37cf55a7f79fd5df6b3cfb2c23f290cd0d531,gx-no-cache=1456763348777 HTTP/1.1" 200 30
186.67.172.234 - - [29/Feb/2016:13:28:17 -0300] "POST /cormun/servlet/solicitudotadjuntos?f3aa1932af69e2c3e07851bf2e923ac2,INS,2016,243,,1, HTTP/1.1" 200 116
186.67.172.234 - - [29/Feb/2016:13:28:17 -0300] "GET /cormun/servlet/hpexe_return? HTTP/1.1" 200 1027
186.67.172.234 - - [29/Feb/2016:13:28:17 -0300] "GET /cormun/servlet/trsolicitudadjuntos?2016,243, HTTP/1.1" 200 7221
186.67.172.234 - - [29/Feb/2016:13:28:17 -0300] "GET /cormun/servlet/trsolicitudadjuntos?2016,243, HTTP/1.1" 200 7219
186.103.159.44 - - [29/Feb/2016:13:28:21 -0300] "POST /cormun/servlet/trsolicitudot?adc65a04355111591eba67d82fb3aa97,gx-no-cache=1456763277305,gx-no-cache=1456763323661 HTTP/1.1" 200 5458
186.67.172.234 - - [29/Feb/2016:13:28:21 -0300] "GET /cormun/servlet/solicitudotadjuntos?INS,2016,243,,1, HTTP/1.1" 200 5402
186.67.172.234 - - [29/Feb/2016:13:28:21 -0300] "GET /cormun/static/about:blank HTTP/1.1" 404 1011
186.67.172.234 - - [29/Feb/2016:13:28:22 -0300] "GET /cormun/servlet/solicitudotadjuntos?INS,2016,243,,1, HTTP/1.1" 200 5396
186.67.172.234 - - [29/Feb/2016:13:28:22 -0300] "GET /cormun/servlet/solicitudotadjuntos?a0a3223603716daac69e9fab05d37cf59a48cf9ee4af92ff2b051038c52c749a08b02b9ff300ba3bed1f500af604e51f,gx-no-cache=1456763354185 HTTP/1.1" 200 30
186.67.172.234 - - [29/Feb/2016:13:28:22 -0300] "POST /cormun/servlet/solicitudotadjuntos?f3aa1932af69e2c3e07851bf2e923ac2,INS,2016,243,,1,,gx-no-cache=1456763354224 HTTP/1.1" 200 3313
186.67.172.234 - - [29/Feb/2016:13:28:27 -0300] "POST /cormun/servlet/solicitudotadjuntos?gx-no-cache=1456763359359 HTTP/1.1" 200 26
186.67.172.234 - - [29/Feb/2016:13:28:34 -0300] "GET /cormun/servlet/solicitudotadjuntos?a0a3223603716daac69e9fab05d37cf55a7f79fd5df6b3cfb2c23f290cd0d531,gx-no-cache=1456763366104 HTTP/1.1" 200 30
186.67.172.234 - - [29/Feb/2016:13:28:34 -0300] "GET /cormun/servlet/solicitudotadjuntos?a0a3223603716daac69e9fab05d37cf55a7f79fd5df6b3cfb2c23f290cd0d531,gx-no-cache=1456763366115 HTTP/1.1" 200 30
186.67.172.234 - - [29/Feb/2016:13:28:34 -0300] "POST /cormun/servlet/solicitudotadjuntos?f3aa1932af69e2c3e07851bf2e923ac2,INS,2016,243,,1, HTTP/1.1" 200 116
186.67.172.234 - - [29/Feb/2016:13:28:34 -0300] "GET /cormun/servlet/hpexe_return? HTTP/1.1" 200 1027
186.67.172.234 - - [29/Feb/2016:13:28:35 -0300] "GET /cormun/servlet/trsolicitudadjuntos?2016,243, HTTP/1.1" 200 7363
186.67.172.234 - - [29/Feb/2016:13:28:35 -0300] "GET /cormun/servlet/trsolicitudadjuntos?2016,243, HTTP/1.1" 200 7360
186.67.172.234 - - [29/Feb/2016:13:28:39 -0300] "GET /cormun/servlet/solicitudotadjuntos?INS,2016,243,,1, HTTP/1.1" 200 5402
186.67.172.234 - - [29/Feb/2016:13:28:39 -0300] "GET /cormun/static/about:blank HTTP/1.1" 404 1011
186.67.172.234 - - [29/Feb/2016:13:28:39 -0300] "GET /cormun/servlet/solicitudotadjuntos?INS,2016,243,,1, HTTP/1.1" 200 5396
186.67.172.234 - - [29/Feb/2016:13:28:40 -0300] "GET /cormun/servlet/solicitudotadjuntos?a0a3223603716daac69e9fab05d37cf59a48cf9ee4af92ff2b051038c52c749a08b02b9ff300ba3bed1f500af604e51f,gx-no-cache=1456763371862 HTTP/1.1" 200 30
186.67.172.234 - - [29/Feb/2016:13:28:40 -0300] "POST /cormun/servlet/solicitudotadjuntos?f3aa1932af69e2c3e07851bf2e923ac2,INS,2016,243,,1,,gx-no-cache=1456763371892 HTTP/1.1" 200 3313
186.67.172.234 - - [29/Feb/2016:13:28:44 -0300] "POST /cormun/servlet/solicitudotadjuntos?gx-no-cache=1456763376209 HTTP/1.1" 200 26
186.103.159.44 - - [29/Feb/2016:13:28:49 -0300] "POST /cormun/servlet/trsolicitudot?adc65a04355111591eba67d82fb3aa97,gx-no-cache=1456763277305,gx-no-cache=1456763351185 HTTP/1.1" 200 5458
186.103.159.44 - - [29/Feb/2016:13:28:50 -0300] "POST /cormun/servlet/trsolicitudot?adc65a04355111591eba67d82fb3aa97,gx-no-cache=1456763277305,gx-no-cache=1456763352555 HTTP/1.1" 200 5458
186.67.172.234 - - [29/Feb/2016:13:28:53 -0300] "GET /cormun/servlet/solicitudotadjuntos?a0a3223603716daac69e9fab05d37cf55a7f79fd5df6b3cfb2c23f290cd0d531,gx-no-cache=1456763385373 HTTP/1.1" 200 30
186.67.172.234 - - [29/Feb/2016:13:28:53 -0300] "GET /cormun/servlet/solicitudotadjuntos?a0a3223603716daac69e9fab05d37cf55a7f79fd5df6b3cfb2c23f290cd0d531,gx-no-cache=1456763385402 HTTP/1.1" 200 30
186.103.159.44 - - [29/Feb/2016:13:28:54 -0300] "POST /cormun/servlet/trsolicitudot?adc65a04355111591eba67d82fb3aa97,gx-no-cache=1456763277305,gx-no-cache=1456763356235 HTTP/1.1" 200 5458
186.67.172.234 - - [29/Feb/2016:13:28:54 -0300] "POST /cormun/servlet/solicitudotadjuntos?f3aa1932af69e2c3e07851bf2e923ac2,INS,2016,243,,1, HTTP/1.1" 200 116
186.67.172.234 - - [29/Feb/2016:13:28:54 -0300] "GET /cormun/servlet/hpexe_return? HTTP/1.1" 200 1027
186.67.172.234 - - [29/Feb/2016:13:28:54 -0300] "GET /cormun/servlet/trsolicitudadjuntos?2016,243, HTTP/1.1" 200 7528
186.103.159.44 - - [29/Feb/2016:13:28:54 -0300] "POST /cormun/servlet/trsolicitudot?adc65a04355111591eba67d82fb3aa97,gx-no-cache=1456763277305,gx-no-cache=1456763357034 HTTP/1.1" 200 5458
186.67.172.234 - - [29/Feb/2016:13:28:54 -0300] "GET /cormun/servlet/trsolicitudadjuntos?2016,243, HTTP/1.1" 200 7526
186.103.159.44 - - [29/Feb/2016:13:28:55 -0300] "POST /cormun/servlet/trsolicitudot?adc65a04355111591eba67d82fb3aa97,gx-no-cache=1456763277305,gx-no-cache=1456763357715 HTTP/1.1" 200 5458
186.67.172.234 - - [29/Feb/2016:13:28:57 -0300] "GET /cormun/servlet/solicitudotadjuntos?INS,2016,243,,1, HTTP/1.1" 200 5402
186.67.172.234 - - [29/Feb/2016:13:28:57 -0300] "GET /cormun/static/about:blank HTTP/1.1" 404 1011
186.67.172.234 - - [29/Feb/2016:13:28:57 -0300] "GET /cormun/servlet/solicitudotadjuntos?INS,2016,243,,1, HTTP/1.1" 200 5396
186.67.172.234 - - [29/Feb/2016:13:28:58 -0300] "GET /cormun/servlet/solicitudotadjuntos?a0a3223603716daac69e9fab05d37cf59a48cf9ee4af92ff2b051038c52c749a08b02b9ff300ba3bed1f500af604e51f,gx-no-cache=1456763390142 HTTP/1.1" 200 30
186.67.172.234 - - [29/Feb/2016:13:28:58 -0300] "POST /cormun/servlet/solicitudotadjuntos?f3aa1932af69e2c3e07851bf2e923ac2,INS,2016,243,,1,,gx-no-cache=1456763390175 HTTP/1.1" 200 3313
186.67.172.234 - - [29/Feb/2016:13:29:03 -0300] "POST /cormun/servlet/solicitudotadjuntos?gx-no-cache=1456763394987 HTTP/1.1" 200 26
186.67.172.234 - - [29/Feb/2016:13:29:12 -0300] "GET /cormun/servlet/solicitudotadjuntos?a0a3223603716daac69e9fab05d37cf55a7f79fd5df6b3cfb2c23f290cd0d531,gx-no-cache=1456763404110 HTTP/1.1" 200 30
186.67.172.234 - - [29/Feb/2016:13:29:12 -0300] "GET /cormun/servlet/solicitudotadjuntos?a0a3223603716daac69e9fab05d37cf55a7f79fd5df6b3cfb2c23f290cd0d531,gx-no-cache=1456763404125 HTTP/1.1" 200 30
186.67.172.234 - - [29/Feb/2016:13:29:12 -0300] "POST /cormun/servlet/solicitudotadjuntos?f3aa1932af69e2c3e07851bf2e923ac2,INS,2016,243,,1, HTTP/1.1" 200 116
186.67.172.234 - - [29/Feb/2016:13:29:12 -0300] "GET /cormun/servlet/hpexe_return? HTTP/1.1" 200 1027
186.67.172.234 - - [29/Feb/2016:13:29:12 -0300] "GET /cormun/servlet/trsolicitudadjuntos?2016,243, HTTP/1.1" 200 7650
186.67.172.234 - - [29/Feb/2016:13:29:13 -0300] "GET /cormun/servlet/trsolicitudadjuntos?2016,243, HTTP/1.1" 200 7651
186.67.172.234 - - [29/Feb/2016:13:29:16 -0300] "GET /cormun/servlet/solicitudotadjuntos?INS,2016,243,,1, HTTP/1.1" 200 5402
186.67.172.234 - - [29/Feb/2016:13:29:16 -0300] "GET /cormun/static/about:blank HTTP/1.1" 404 1011
186.67.172.234 - - [29/Feb/2016:13:29:16 -0300] "GET /cormun/servlet/solicitudotadjuntos?INS,2016,243,,1, HTTP/1.1" 200 5396
186.67.172.234 - - [29/Feb/2016:13:29:17 -0300] "GET /cormun/servlet/solicitudotadjuntos?a0a3223603716daac69e9fab05d37cf59a48cf9ee4af92ff2b051038c52c749a08b02b9ff300ba3bed1f500af604e51f,gx-no-cache=1456763408749 HTTP/1.1" 200 30
186.67.172.234 - - [29/Feb/2016:13:29:17 -0300] "POST /cormun/servlet/solicitudotadjuntos?f3aa1932af69e2c3e07851bf2e923ac2,INS,2016,243,,1,,gx-no-cache=1456763408778 HTTP/1.1" 200 3313
186.67.172.234 - - [29/Feb/2016:13:29:21 -0300] "POST /cormun/servlet/solicitudotadjuntos?gx-no-cache=1456763412766 HTTP/1.1" 200 26
186.67.172.234 - - [29/Feb/2016:13:29:27 -0300] "GET /cormun/servlet/solicitudotadjuntos?a0a3223603716daac69e9fab05d37cf55a7f79fd5df6b3cfb2c23f290cd0d531,gx-no-cache=1456763419311 HTTP/1.1" 200 30
186.67.172.234 - - [29/Feb/2016:13:29:27 -0300] "GET /cormun/servlet/solicitudotadjuntos?a0a3223603716daac69e9fab05d37cf55a7f79fd5df6b3cfb2c23f290cd0d531,gx-no-cache=1456763419330 HTTP/1.1" 200 30
186.67.172.234 - - [29/Feb/2016:13:29:28 -0300] "POST /cormun/servlet/solicitudotadjuntos?f3aa1932af69e2c3e07851bf2e923ac2,INS,2016,243,,1, HTTP/1.1" 200 116
186.67.172.234 - - [29/Feb/2016:13:29:28 -0300] "GET /cormun/servlet/hpexe_return? HTTP/1.1" 200 1027
186.67.172.234 - - [29/Feb/2016:13:29:28 -0300] "GET /cormun/servlet/trsolicitudadjuntos?2016,243, HTTP/1.1" 200 7783
186.67.172.234 - - [29/Feb/2016:13:29:29 -0300] "GET /cormun/servlet/trsolicitudadjuntos?2016,243, HTTP/1.1" 200 7781
186.67.172.234 - - [29/Feb/2016:13:29:31 -0300] "GET /cormun/servlet/solicitudotadjuntos?INS,2016,243,,1, HTTP/1.1" 200 5402
186.67.172.234 - - [29/Feb/2016:13:29:32 -0300] "GET /cormun/static/about:blank HTTP/1.1" 404 1011
186.67.172.234 - - [29/Feb/2016:13:29:32 -0300] "GET /cormun/servlet/solicitudotadjuntos?INS,2016,243,,1, HTTP/1.1" 200 5396
186.67.172.234 - - [29/Feb/2016:13:29:32 -0300] "GET /cormun/servlet/solicitudotadjuntos?a0a3223603716daac69e9fab05d37cf59a48cf9ee4af92ff2b051038c52c749a08b02b9ff300ba3bed1f500af604e51f,gx-no-cache=1456763424475 HTTP/1.1" 200 30
186.67.172.234 - - [29/Feb/2016:13:29:32 -0300] "POST /cormun/servlet/solicitudotadjuntos?f3aa1932af69e2c3e07851bf2e923ac2,INS,2016,243,,1,,gx-no-cache=1456763424519 HTTP/1.1" 200 3313
186.78.34.36 - - [29/Feb/2016:13:29:36 -0300] "POST /cormun/servlet/hlogin?903c12355ac2a364f04c457db22458a2,gx-no-cache=1456763401197 HTTP/1.1" 200 448
186.67.172.234 - - [29/Feb/2016:13:29:36 -0300] "POST /cormun/servlet/solicitudotadjuntos?gx-no-cache=1456763428569 HTTP/1.1" 200 26
186.67.172.234 - - [29/Feb/2016:13:29:43 -0300] "GET /cormun/servlet/solicitudotadjuntos?a0a3223603716daac69e9fab05d37cf55a7f79fd5df6b3cfb2c23f290cd0d531,gx-no-cache=1456763435611 HTTP/1.1" 200 30
186.67.172.234 - - [29/Feb/2016:13:29:43 -0300] "GET /cormun/servlet/solicitudotadjuntos?a0a3223603716daac69e9fab05d37cf55a7f79fd5df6b3cfb2c23f290cd0d531,gx-no-cache=1456763435621 HTTP/1.1" 200 30
186.67.172.234 - - [29/Feb/2016:13:29:44 -0300] "POST /cormun/servlet/solicitudotadjuntos?f3aa1932af69e2c3e07851bf2e923ac2,INS,2016,243,,1, HTTP/1.1" 200 116
186.67.172.234 - - [29/Feb/2016:13:29:44 -0300] "GET /cormun/servlet/hpexe_return? HTTP/1.1" 200 1027
186.67.172.234 - - [29/Feb/2016:13:29:44 -0300] "GET /cormun/servlet/trsolicitudadjuntos?2016,243, HTTP/1.1" 200 7880
186.67.172.234 - - [29/Feb/2016:13:29:44 -0300] "GET /cormun/servlet/trsolicitudadjuntos?2016,243, HTTP/1.1" 200 7879
186.67.172.234 - - [29/Feb/2016:13:30:04 -0300] "GET /cormun/servlet/trsolicitudot? HTTP/1.1" 200 7410
186.67.172.234 - - [29/Feb/2016:13:30:05 -0300] "GET /cormun/servlet/trsolicitudot? HTTP/1.1" 200 7404
186.67.172.234 - - [29/Feb/2016:13:30:10 -0300] "POST /cormun/servlet/trsolicitudot?f3aa1932af69e2c3e07851bf2e923ac2,,gx-no-cache=1456763462081 HTTP/1.1" 200 4860
186.67.172.234 - - [29/Feb/2016:13:30:10 -0300] "POST /cormun/servlet/trsolicitudot?f3aa1932af69e2c3e07851bf2e923ac2,,gx-no-cache=1456763462264 HTTP/1.1" 200 4860
186.67.172.234 - - [29/Feb/2016:13:30:11 -0300] "POST /cormun/servlet/trsolicitudot?f3aa1932af69e2c3e07851bf2e923ac2,,gx-no-cache=1456763462703 HTTP/1.1" 200 4861
186.67.172.234 - - [29/Feb/2016:13:30:11 -0300] "POST /cormun/servlet/trsolicitudot?f3aa1932af69e2c3e07851bf2e923ac2,,gx-no-cache=1456763462880 HTTP/1.1" 200 4860
186.67.172.234 - - [29/Feb/2016:13:30:11 -0300] "POST /cormun/servlet/trsolicitudot?f3aa1932af69e2c3e07851bf2e923ac2,,gx-no-cache=1456763463370 HTTP/1.1" 200 4860
186.67.172.234 - - [29/Feb/2016:13:30:11 -0300] "POST /cormun/servlet/trsolicitudot?f3aa1932af69e2c3e07851bf2e923ac2,,gx-no-cache=1456763463583 HTTP/1.1" 200 4860
186.67.172.234 - - [29/Feb/2016:13:30:12 -0300] "POST /cormun/servlet/trsolicitudot?f3aa1932af69e2c3e07851bf2e923ac2,,gx-no-cache=1456763463776 HTTP/1.1" 200 4860
186.67.172.234 - - [29/Feb/2016:13:30:13 -0300] "POST /cormun/servlet/trsolicitudot?f3aa1932af69e2c3e07851bf2e923ac2,,gx-no-cache=1456763464308 HTTP/1.1" 200 3563
186.67.172.234 - - [29/Feb/2016:13:30:13 -0300] "GET /cormun/static/Shared/jqueryui/images/ui-bg_highlight-soft_100_c6c2c8_1x100.png HTTP/1.1" 404 1117
186.67.172.234 - - [29/Feb/2016:13:30:13 -0300] "GET /cormun/static/Shared/jqueryui/images/ui-icons_82798d_256x240.png HTTP/1.1" 404 1089
186.67.172.234 - - [29/Feb/2016:13:30:13 -0300] "GET /cormun/static/Shared/jqueryui/images/ui-bg_flat_55_fafafa_40x100.png HTTP/1.1" 404 1097
186.67.172.234 - - [29/Feb/2016:13:30:13 -0300] "GET /cormun/static/Shared/jqueryui/images/ui-icons_8d78a5_256x240.png HTTP/1.1" 404 1089
186.67.172.234 - - [29/Feb/2016:13:30:13 -0300] "POST /cormun/servlet/trsolicitudot?f3aa1932af69e2c3e07851bf2e923ac2,,gx-no-cache=1456763465490 HTTP/1.1" 200 3415
186.67.172.234 - - [29/Feb/2016:13:30:21 -0300] "GET /cormun/servlet/hlogin HTTP/1.1" 200 1723
186.67.172.234 - - [29/Feb/2016:13:30:27 -0300] "POST /cormun/servlet/hlogin?f3aa1932af69e2c3e07851bf2e923ac2,gx-no-cache=1456763479523 HTTP/1.1" 200 90
186.67.172.234 - - [29/Feb/2016:13:30:27 -0300] "GET /cormun/servlet/hpexe_link HTTP/1.1" 200 952
186.67.172.234 - - [29/Feb/2016:13:30:28 -0300] "GET /cormun/servlet/hhome HTTP/1.1" 200 3440
186.67.172.234 - - [29/Feb/2016:13:30:28 -0300] "GET /cormun/servlet/hhome HTTP/1.1" 200 3436
186.67.172.234 - - [29/Feb/2016:13:30:33 -0300] "GET /cormun/servlet/trautorizarsolicitud? HTTP/1.1" 200 7379
186.67.172.234 - - [29/Feb/2016:13:30:33 -0300] "GET /cormun/servlet/trautorizarsolicitud? HTTP/1.1" 200 7379
186.78.34.36 - - [29/Feb/2016:13:30:36 -0300] "POST /cormun/servlet/hlogin?903c12355ac2a364f04c457db22458a2,gx-no-cache=1456763461010 HTTP/1.1" 200 90
186.78.34.36 - - [29/Feb/2016:13:30:36 -0300] "GET /cormun/servlet/hpexe_link HTTP/1.1" 200 946
186.78.34.36 - - [29/Feb/2016:13:30:36 -0300] "GET /cormun/static/gxcfg.js?20151120044395 HTTP/1.1" 200 953
186.78.34.36 - - [29/Feb/2016:13:30:36 -0300] "GET /cormun/static/hpexe_link.js?20151120044398 HTTP/1.1" 200 625
186.78.34.36 - - [29/Feb/2016:13:30:36 -0300] "GET /cormun/servlet/hhome HTTP/1.1" 200 3339
186.78.34.36 - - [29/Feb/2016:13:30:36 -0300] "GET /cormun/static/SmoothNavMenu/resources/ddsmoothmenu.css?1112540 HTTP/1.1" 200 2223
186.78.34.36 - - [29/Feb/2016:13:30:36 -0300] "GET /cormun/static/SmoothNavMenu/resources/ddsmoothmenu-v.css?1112540 HTTP/1.1" 200 1188
186.78.34.36 - - [29/Feb/2016:13:30:36 -0300] "GET /cormun/static/scaMessage/css/jquery.pnotify.default.css?1816380 HTTP/1.1" 200 1707
186.78.34.36 - - [29/Feb/2016:13:30:36 -0300] "GET /cormun/static/Shared/jqueryui/jquery-ui.min.css?1345370 HTTP/1.1" 200 30288
186.78.34.36 - - [29/Feb/2016:13:30:36 -0300] "GET /cormun/static/gxcfg.js?2015112210564248 HTTP/1.1" 200 953
186.78.34.36 - - [29/Feb/2016:13:30:36 -0300] "GET /cormun/static/PXToolsJavascripts/pexe_autoreload.js HTTP/1.1" 200 1762
186.78.34.36 - - [29/Feb/2016:13:30:36 -0300] "GET /cormun/static/PXToolsJavascripts/pexe_cookies.js HTTP/1.1" 200 792
186.78.34.36 - - [29/Feb/2016:13:30:36 -0300] "GET /cormun/static/PXToolsJavascripts/pexe_windows.js HTTP/1.1" 200 15207
186.78.34.36 - - [29/Feb/2016:13:30:36 -0300] "GET /cormun/static/Resources/Spanish/PXTools.css?10515224 HTTP/1.1" 200 89042
186.78.34.36 - - [29/Feb/2016:13:30:36 -0300] "GET /cormun/static/PXToolsJavascripts/pexe_grid.js HTTP/1.1" 200 7559
186.78.34.36 - - [29/Feb/2016:13:30:36 -0300] "GET /cormun/static/PXToolsJavascripts/pexe_griddivfix.js HTTP/1.1" 200 6644
186.78.34.36 - - [29/Feb/2016:13:30:36 -0300] "GET /cormun/static/PXToolsJavascripts/pexe_link.js HTTP/1.1" 200 5671
186.78.34.36 - - [29/Feb/2016:13:30:36 -0300] "GET /cormun/static/PXToolsJavascripts/pexe_menudivfix.js HTTP/1.1" 200 333
186.78.34.36 - - [29/Feb/2016:13:30:36 -0300] "GET /cormun/static/PXToolsJavascripts/pexe_menus.js HTTP/1.1" 200 1286
186.78.34.36 - - [29/Feb/2016:13:30:36 -0300] "GET /cormun/static/PXToolsJavascripts/pexe_layers.js HTTP/1.1" 200 4114
186.78.34.36 - - [29/Feb/2016:13:30:36 -0300] "GET /cormun/static/PXToolsJavascripts/pexe_oav.js HTTP/1.1" 200 645
186.78.34.36 - - [29/Feb/2016:13:30:36 -0300] "GET /cormun/static/PXToolsJavascripts/pexe_oavdivfix.js HTTP/1.1" 200 639
186.78.34.36 - - [29/Feb/2016:13:30:36 -0300] "GET /cormun/static/PXToolsJavascripts/pexe_picture.js HTTP/1.1" 200 689
186.78.34.36 - - [29/Feb/2016:13:30:36 -0300] "GET /cormun/static/PXToolsJavascripts/pexe_popup.js HTTP/1.1" 200 13458
186.78.34.36 - - [29/Feb/2016:13:30:36 -0300] "GET /cormun/static/PXToolsJavascripts/pexe_scrolldiv.js HTTP/1.1" 200 4138
186.78.34.36 - - [29/Feb/2016:13:30:37 -0300] "GET /cormun/static/PXToolsJavascripts/pexe_tabdivfix.js HTTP/1.1" 200 876
186.78.34.36 - - [29/Feb/2016:13:30:37 -0300] "GET /cormun/static/PXToolsJavascripts/pexe_tabs.js HTTP/1.1" 200 3748
186.78.34.36 - - [29/Feb/2016:13:30:37 -0300] "GET /cormun/static/PXToolsJavascripts/pexe_upload.js HTTP/1.1" 200 1423
186.78.34.36 - - [29/Feb/2016:13:30:37 -0300] "GET /cormun/static/PXToolsJavascripts/PXToolsJavascriptsRender.js HTTP/1.1" 200 367
186.78.34.36 - - [29/Feb/2016:13:30:37 -0300] "GET /cormun/static/RunJS/RunJS.js HTTP/1.1" 200 288
186.78.34.36 - - [29/Feb/2016:13:30:37 -0300] "GET /cormun/static/Shared/ext/locale/ext-lang-en.js HTTP/1.1" 200 10940
