186.103.159.44 - - [29/Feb/2016:11:48:05 -0300] "POST /cormun/servlet/solicitudotadjuntos?gx-no-cache=1456757308040 HTTP/1.1" 200 26
186.67.172.234 - - [29/Feb/2016:11:48:06 -0300] "POST /cormun/servlet/solicitudot?gx-no-cache=1456757337159 HTTP/1.1" 200 1116
186.78.49.227 - - [29/Feb/2016:11:48:07 -0300] "POST /cormun/servlet/solicitudot?gx-no-cache=1456757510297 HTTP/1.1" 200 1336
186.103.159.44 - - [29/Feb/2016:11:48:16 -0300] "GET /cormun/servlet/solicitudotadjuntos?e849930c6c061238d51069243b251b9eb7ad327a02d5f8f4ca770e9782efeacc,gx-no-cache=1456757318448 HTTP/1.1" 200 30
186.103.159.44 - - [29/Feb/2016:11:48:16 -0300] "GET /cormun/servlet/solicitudotadjuntos?e849930c6c061238d51069243b251b9eb7ad327a02d5f8f4ca770e9782efeacc,gx-no-cache=1456757318464 HTTP/1.1" 200 30
186.103.159.44 - - [29/Feb/2016:11:48:16 -0300] "POST /cormun/servlet/solicitudotadjuntos?c56cfb37e2fb9efd8fe83a46fd099e14,INS,2016,232,,1, HTTP/1.1" 200 116
186.103.159.44 - - [29/Feb/2016:11:48:16 -0300] "GET /cormun/servlet/hpexe_return? HTTP/1.1" 200 1016
186.103.159.44 - - [29/Feb/2016:11:48:16 -0300] "GET /cormun/servlet/trsolicitudadjuntos?2016,232, HTTP/1.1" 200 7401
186.103.159.44 - - [29/Feb/2016:11:48:20 -0300] "GET /cormun/servlet/solicitudotadjuntos?INS,2016,232,,1, HTTP/1.1" 200 5397
186.103.159.44 - - [29/Feb/2016:11:48:20 -0300] "HEAD /cormun/static/about:blank HTTP/1.1" 404 -
186.103.159.44 - - [29/Feb/2016:11:48:21 -0300] "GET /cormun/servlet/solicitudotadjuntos?e849930c6c061238d51069243b251b9e60a33d6ccb2cd23012b4d4585ce0843bfa080f6f6e4f952aab56bf390670113a,gx-no-cache=1456757323477 HTTP/1.1" 200 30
186.103.159.44 - - [29/Feb/2016:11:48:21 -0300] "POST /cormun/servlet/solicitudotadjuntos?c56cfb37e2fb9efd8fe83a46fd099e14,INS,2016,232,,1,,gx-no-cache=1456757323512 HTTP/1.1" 200 3311
186.103.159.44 - - [29/Feb/2016:11:48:24 -0300] "POST /cormun/servlet/solicitudotadjuntos?gx-no-cache=1456757326648 HTTP/1.1" 200 26
186.67.172.234 - - [29/Feb/2016:11:48:26 -0300] "GET /cormun/servlet/solicitudot?5f14f2105a70644f628ea93a7cf8788c1f7f8b0ce3ba1cef5c990d9d4b00e8405c825965255f570447fa43ead4f2769a4d65a204b873de5fc7f6b3cdd11f75cdb102a4093e7ce89e234708341c29e10a67037c709f7edccade4ab653a9a75454cbf7d2124be11db895194ba670c4bb63b75ca3e72f44106b8bf69ff03081a73356889a3e731681cbce1eb1d7b1c117f8e9073817403f2bbb0f427a93d6e2e165fd2785713f536b0a5b4fb0d49f14374f,gx-no-cache=1456757357958 HTTP/1.1" 200 30
186.78.49.227 - - [29/Feb/2016:11:48:32 -0300] "GET /cormun/static/Resources/resize.gif HTTP/1.1" 200 77
186.78.49.227 - - [29/Feb/2016:11:48:33 -0300] "GET /cormun/servlet/prfichaempleado?,MD,,gxPopupLevel%3D0%3B HTTP/1.1" 200 7840
186.78.49.227 - - [29/Feb/2016:11:48:33 -0300] "GET /cormun/static/gxui/gxui-all.css?1917420 HTTP/1.1" 200 2179
186.78.49.227 - - [29/Feb/2016:11:48:33 -0300] "GET /cormun/static/scaMessage/css/jquery-ui.css?104140 HTTP/1.1" 404 1045
186.78.49.227 - - [29/Feb/2016:11:48:33 -0300] "GET /cormun/static/gxcfg.js?201511151625694 HTTP/1.1" 200 953
186.78.49.227 - - [29/Feb/2016:11:48:33 -0300] "GET /cormun/static/prfichaempleado.js?201511151625857 HTTP/1.1" 200 14240
186.78.49.227 - - [29/Feb/2016:11:48:33 -0300] "GET /cormun/static/menusearch.js?201622412404863 HTTP/1.1" 200 1424
186.78.49.227 - - [29/Feb/2016:11:48:33 -0300] "GET /cormun/static/hmpwkw01.js?201511211495945 HTTP/1.1" 200 2037
186.78.49.227 - - [29/Feb/2016:11:48:33 -0300] "GET /cormun/static/Resources/PXToolsMenuSearch.png HTTP/1.1" 200 2914
186.78.49.227 - - [29/Feb/2016:11:48:33 -0300] "GET /cormun/static/Resources/PXToolsMenuSearchCancel.png HTTP/1.1" 200 2972
186.78.49.227 - - [29/Feb/2016:11:48:33 -0300] "GET /cormun/static/Resources/Spanish/PXTools.css?16184758 HTTP/1.1" 200 89042
186.78.49.227 - - [29/Feb/2016:11:48:33 -0300] "GET /cormun/static/Shared/jqueryui/jquery-ui.min-1.8.js HTTP/1.1" 200 213511
186.78.49.227 - - [29/Feb/2016:11:48:35 -0300] "POST /cormun/servlet/acontrolpreferencessavestate?None,CD-29,true HTTP/1.1" 200 35
186.103.159.44 - - [29/Feb/2016:11:48:40 -0300] "GET /cormun/servlet/solicitudotadjuntos?e849930c6c061238d51069243b251b9eb7ad327a02d5f8f4ca770e9782efeacc,gx-no-cache=1456757342607 HTTP/1.1" 200 30
186.103.159.44 - - [29/Feb/2016:11:48:40 -0300] "GET /cormun/servlet/solicitudotadjuntos?e849930c6c061238d51069243b251b9eb7ad327a02d5f8f4ca770e9782efeacc,gx-no-cache=1456757342634 HTTP/1.1" 200 30
186.103.159.44 - - [29/Feb/2016:11:48:40 -0300] "POST /cormun/servlet/solicitudotadjuntos?c56cfb37e2fb9efd8fe83a46fd099e14,INS,2016,232,,1, HTTP/1.1" 200 116
186.103.159.44 - - [29/Feb/2016:11:48:40 -0300] "GET /cormun/servlet/hpexe_return? HTTP/1.1" 200 1016
186.103.159.44 - - [29/Feb/2016:11:48:40 -0300] "GET /cormun/servlet/trsolicitudadjuntos?2016,232, HTTP/1.1" 200 7567
186.103.159.44 - - [29/Feb/2016:11:48:44 -0300] "GET /cormun/servlet/solicitudotadjuntos?INS,2016,232,,1, HTTP/1.1" 200 5397
186.103.159.44 - - [29/Feb/2016:11:48:44 -0300] "HEAD /cormun/static/about:blank HTTP/1.1" 404 -
186.103.159.44 - - [29/Feb/2016:11:48:45 -0300] "GET /cormun/servlet/solicitudotadjuntos?e849930c6c061238d51069243b251b9e60a33d6ccb2cd23012b4d4585ce0843bfa080f6f6e4f952aab56bf390670113a,gx-no-cache=1456757347620 HTTP/1.1" 200 30
186.103.159.44 - - [29/Feb/2016:11:48:45 -0300] "POST /cormun/servlet/solicitudotadjuntos?c56cfb37e2fb9efd8fe83a46fd099e14,INS,2016,232,,1,,gx-no-cache=1456757347650 HTTP/1.1" 200 3311
186.103.159.44 - - [29/Feb/2016:11:48:48 -0300] "POST /cormun/servlet/solicitudotadjuntos?gx-no-cache=1456757351064 HTTP/1.1" 200 26
186.78.49.227 - - [29/Feb/2016:11:48:52 -0300] "GET /cormun/servlet/prfichaempleado?48254cb910274a38c7c6c2d9d1b652431b8651446f633ecf824b639bf9d23a82b6ce84ed85d442ed3ff70f9445845835b6809f2aedaef4863283f01753d7b7f5,gx-no-cache=1456757558986 HTTP/1.1" 200 461
186.78.49.227 - - [29/Feb/2016:11:48:54 -0300] "GET /cormun/servlet/prfichaempleado?48254cb910274a38c7c6c2d9d1b652434175e639c04c0ff1c2e75f6fee4d9360d0be7993ab3bd8bd5d0c544c070855b4fa3a41b6a99d461d70191e16be67ca5c,gx-no-cache=1456757561796 HTTP/1.1" 200 462
186.103.159.44 - - [29/Feb/2016:11:49:00 -0300] "GET /cormun/servlet/solicitudotadjuntos?e849930c6c061238d51069243b251b9eb7ad327a02d5f8f4ca770e9782efeacc,gx-no-cache=1456757362687 HTTP/1.1" 200 30
186.103.159.44 - - [29/Feb/2016:11:49:00 -0300] "GET /cormun/servlet/solicitudotadjuntos?e849930c6c061238d51069243b251b9eb7ad327a02d5f8f4ca770e9782efeacc,gx-no-cache=1456757362703 HTTP/1.1" 200 30
186.103.159.44 - - [29/Feb/2016:11:49:00 -0300] "POST /cormun/servlet/solicitudotadjuntos?c56cfb37e2fb9efd8fe83a46fd099e14,INS,2016,232,,1, HTTP/1.1" 200 116
186.103.159.44 - - [29/Feb/2016:11:49:00 -0300] "GET /cormun/servlet/hpexe_return? HTTP/1.1" 200 1016
186.103.159.44 - - [29/Feb/2016:11:49:01 -0300] "GET /cormun/servlet/trsolicitudadjuntos?2016,232, HTTP/1.1" 200 7680
186.103.159.44 - - [29/Feb/2016:11:49:03 -0300] "GET /cormun/servlet/solicitudotadjuntos?INS,2016,232,,1, HTTP/1.1" 200 5397
186.103.159.44 - - [29/Feb/2016:11:49:04 -0300] "HEAD /cormun/static/about:blank HTTP/1.1" 404 -
186.103.159.44 - - [29/Feb/2016:11:49:04 -0300] "GET /cormun/servlet/solicitudotadjuntos?e849930c6c061238d51069243b251b9e60a33d6ccb2cd23012b4d4585ce0843bfa080f6f6e4f952aab56bf390670113a,gx-no-cache=1456757367008 HTTP/1.1" 200 30
186.103.159.44 - - [29/Feb/2016:11:49:05 -0300] "POST /cormun/servlet/solicitudotadjuntos?c56cfb37e2fb9efd8fe83a46fd099e14,INS,2016,232,,1,,gx-no-cache=1456757367074 HTTP/1.1" 200 3311
186.78.49.227 - - [29/Feb/2016:11:49:05 -0300] "GET /cormun/servlet/prfichaempleado?48254cb910274a38c7c6c2d9d1b6524305a78ae11190c552917aaac7b709e1823e9cff0b5ce3b9bbb91e3b43e9632703f81772da836d42097a02f604cbb5906c6cc9dce31aa233b588daad1b62875735,gx-no-cache=1456757573660 HTTP/1.1" 200 467
186.78.49.227 - - [29/Feb/2016:11:49:06 -0300] "GET /cormun/servlet/prfichaempleado?48254cb910274a38c7c6c2d9d1b6524305a78ae11190c552917aaac7b709e1821c86d26357863f61aaaf4c74a8231a078c720bf6e3198550da55062d0da8af6d99c83f7b4623655b70a3b4b5c6dbf1a3,gx-no-cache=1456757574304 HTTP/1.1" 200 467
186.78.49.227 - - [29/Feb/2016:11:49:07 -0300] "GET /cormun/servlet/prfichaempleado?48254cb910274a38c7c6c2d9d1b6524305a78ae11190c552917aaac7b709e1827baa7fbba3351e7497ff054389070bfb717c31998020238064e328935ff67ad17898035f3cc2551db7d4c75715b41f3e,gx-no-cache=1456757575544 HTTP/1.1" 200 467
186.78.49.227 - - [29/Feb/2016:11:49:07 -0300] "GET /cormun/servlet/prfichaempleado?48254cb910274a38c7c6c2d9d1b6524305a78ae11190c552917aaac7b709e182175d911bef87318d3d1197e0addfa57615641bb1fe32877190ad5dbe3628f427b32644c960bf420b7495f3176faef1f7,gx-no-cache=1456757576067 HTTP/1.1" 200 468
186.103.159.44 - - [29/Feb/2016:11:49:08 -0300] "POST /cormun/servlet/solicitudotadjuntos?gx-no-cache=1456757370487 HTTP/1.1" 200 26
186.78.49.227 - - [29/Feb/2016:11:49:13 -0300] "POST /cormun/servlet/prfichaempleado?77c3fc30bd8ae220fdb7acc90f7877a6,,MD,,gxPopupLevel%3D0%3B,gx-no-cache=1456757581554 HTTP/1.1" 200 2810
186.103.159.44 - - [29/Feb/2016:11:49:15 -0300] "GET /cormun/servlet/solicitudotadjuntos?e849930c6c061238d51069243b251b9eb7ad327a02d5f8f4ca770e9782efeacc,gx-no-cache=1456757377239 HTTP/1.1" 200 30
186.103.159.44 - - [29/Feb/2016:11:49:15 -0300] "GET /cormun/servlet/solicitudotadjuntos?e849930c6c061238d51069243b251b9eb7ad327a02d5f8f4ca770e9782efeacc,gx-no-cache=1456757377261 HTTP/1.1" 200 30
186.103.159.44 - - [29/Feb/2016:11:49:17 -0300] "POST /cormun/servlet/solicitudotadjuntos?c56cfb37e2fb9efd8fe83a46fd099e14,INS,2016,232,,1, HTTP/1.1" 200 116
186.103.159.44 - - [29/Feb/2016:11:49:17 -0300] "GET /cormun/servlet/hpexe_return? HTTP/1.1" 200 1016
186.103.159.44 - - [29/Feb/2016:11:49:18 -0300] "GET /cormun/servlet/trsolicitudadjuntos?2016,232, HTTP/1.1" 200 7812
186.103.159.44 - - [29/Feb/2016:11:49:21 -0300] "GET /cormun/servlet/solicitudotadjuntos?INS,2016,232,,1, HTTP/1.1" 200 5397
186.103.159.44 - - [29/Feb/2016:11:49:21 -0300] "HEAD /cormun/static/about:blank HTTP/1.1" 404 -
186.103.159.44 - - [29/Feb/2016:11:49:22 -0300] "GET /cormun/servlet/solicitudotadjuntos?e849930c6c061238d51069243b251b9e60a33d6ccb2cd23012b4d4585ce0843bfa080f6f6e4f952aab56bf390670113a,gx-no-cache=1456757384765 HTTP/1.1" 200 30
186.103.159.44 - - [29/Feb/2016:11:49:22 -0300] "POST /cormun/servlet/solicitudotadjuntos?c56cfb37e2fb9efd8fe83a46fd099e14,INS,2016,232,,1,,gx-no-cache=1456757384793 HTTP/1.1" 200 3311
186.103.159.44 - - [29/Feb/2016:11:49:28 -0300] "POST /cormun/servlet/solicitudotadjuntos?gx-no-cache=1456757390328 HTTP/1.1" 200 26
186.103.159.44 - - [29/Feb/2016:11:49:39 -0300] "GET /cormun/servlet/solicitudotadjuntos?e849930c6c061238d51069243b251b9eb7ad327a02d5f8f4ca770e9782efeacc,gx-no-cache=1456757401520 HTTP/1.1" 200 30
186.103.159.44 - - [29/Feb/2016:11:49:39 -0300] "GET /cormun/servlet/solicitudotadjuntos?e849930c6c061238d51069243b251b9eb7ad327a02d5f8f4ca770e9782efeacc,gx-no-cache=1456757401535 HTTP/1.1" 200 30
186.103.159.44 - - [29/Feb/2016:11:49:39 -0300] "POST /cormun/servlet/solicitudotadjuntos?c56cfb37e2fb9efd8fe83a46fd099e14,INS,2016,232,,1, HTTP/1.1" 200 116
186.103.159.44 - - [29/Feb/2016:11:49:39 -0300] "GET /cormun/servlet/hpexe_return? HTTP/1.1" 200 1016
186.103.159.44 - - [29/Feb/2016:11:49:40 -0300] "GET /cormun/servlet/trsolicitudadjuntos?2016,232, HTTP/1.1" 200 7914
186.78.49.227 - - [29/Feb/2016:11:49:40 -0300] "POST /cormun/servlet/solicitudot?gx-no-cache=1456757611369 HTTP/1.1" 200 1336
186.103.159.44 - - [29/Feb/2016:11:49:46 -0300] "GET /cormun/servlet/solicitudotadjuntos?INS,2016,232,,2, HTTP/1.1" 200 5396
186.103.159.44 - - [29/Feb/2016:11:49:46 -0300] "HEAD /cormun/static/about:blank HTTP/1.1" 404 -
186.103.159.44 - - [29/Feb/2016:11:49:47 -0300] "GET /cormun/servlet/solicitudotadjuntos?e849930c6c061238d51069243b251b9e60a33d6ccb2cd23012b4d4585ce0843bfa080f6f6e4f952aab56bf390670113a,gx-no-cache=1456757409854 HTTP/1.1" 200 30
186.103.159.44 - - [29/Feb/2016:11:49:47 -0300] "POST /cormun/servlet/solicitudotadjuntos?c56cfb37e2fb9efd8fe83a46fd099e14,INS,2016,232,,2,,gx-no-cache=1456757409898 HTTP/1.1" 200 3456
186.103.159.44 - - [29/Feb/2016:11:49:50 -0300] "POST /cormun/servlet/solicitudotadjuntos?gx-no-cache=1456757412783 HTTP/1.1" 200 26
186.103.248.213 - - [29/Feb/2016:11:49:55 -0300] "GET /cormun/servlet/solicitudotadjuntos?9f9d064e1bdfe224c70b4d7940ae828603c3675364265b5b176b2f6fa8a38ba6,gx-no-cache=1456757424375 HTTP/1.1" 200 30
186.103.248.213 - - [29/Feb/2016:11:49:56 -0300] "GET /cormun/servlet/solicitudotadjuntos?9f9d064e1bdfe224c70b4d7940ae828603c3675364265b5b176b2f6fa8a38ba6,gx-no-cache=1456757424524 HTTP/1.1" 200 30
186.103.159.44 - - [29/Feb/2016:11:49:56 -0300] "GET /cormun/servlet/solicitudotadjuntos?e849930c6c061238d51069243b251b9eb7ad327a02d5f8f4ca770e9782efeacc,gx-no-cache=1456757418167 HTTP/1.1" 200 30
186.103.159.44 - - [29/Feb/2016:11:49:56 -0300] "GET /cormun/servlet/solicitudotadjuntos?e849930c6c061238d51069243b251b9eb7ad327a02d5f8f4ca770e9782efeacc,gx-no-cache=1456757418183 HTTP/1.1" 200 30
186.103.159.44 - - [29/Feb/2016:11:49:56 -0300] "POST /cormun/servlet/solicitudotadjuntos?c56cfb37e2fb9efd8fe83a46fd099e14,INS,2016,232,,2, HTTP/1.1" 200 116
186.103.159.44 - - [29/Feb/2016:11:49:56 -0300] "GET /cormun/servlet/hpexe_return? HTTP/1.1" 200 1016
186.103.159.44 - - [29/Feb/2016:11:49:56 -0300] "GET /cormun/servlet/trsolicitudadjuntos?2016,232, HTTP/1.1" 200 8140
186.103.159.44 - - [29/Feb/2016:11:50:02 -0300] "GET /cormun/servlet/trsolicitudot? HTTP/1.1" 200 7979
186.67.172.234 - - [29/Feb/2016:11:50:03 -0300] "POST /cormun/servlet/solicitudot?ccacbdd397519b3e20a6f4b199696aa2,INS,0,0,,gx-no-cache=1456757454106 HTTP/1.1" 200 93
186.67.172.234 - - [29/Feb/2016:11:50:03 -0300] "GET /cormun/servlet/hpexe_return? HTTP/1.1" 200 1004
186.67.172.234 - - [29/Feb/2016:11:50:03 -0300] "GET /cormun/static/gxcfg.js?2015111312145050 HTTP/1.1" 200 953
186.67.172.234 - - [29/Feb/2016:11:50:03 -0300] "GET /cormun/static/hpexe_return.js?2015111312145056 HTTP/1.1" 200 1633
186.67.172.234 - - [29/Feb/2016:11:50:03 -0300] "GET /cormun/static/Resources/Spanish/PXTools.css?12112540 HTTP/1.1" 200 89042
186.67.172.234 - - [29/Feb/2016:11:50:03 -0300] "GET /cormun/servlet/trsolicitudot HTTP/1.1" 200 7415
186.67.172.234 - - [29/Feb/2016:11:50:03 -0300] "GET /cormun/static/gxui/gxui-all.css?120300 HTTP/1.1" 200 2179
186.67.172.234 - - [29/Feb/2016:11:50:03 -0300] "GET /cormun/static/gxcfg.js?20161623482752 HTTP/1.1" 200 953
186.67.172.234 - - [29/Feb/2016:11:50:03 -0300] "GET /cormun/static/Resources/PXToolsDataSearch.png HTTP/1.1" 200 419
186.67.172.234 - - [29/Feb/2016:11:50:03 -0300] "GET /cormun/static/Resources/PXToolsGridFirst.gif HTTP/1.1" 200 379
186.67.172.234 - - [29/Feb/2016:11:50:03 -0300] "GET /cormun/static/trsolicitudot.js?20161623483284 HTTP/1.1" 200 45324
186.67.172.234 - - [29/Feb/2016:11:50:03 -0300] "GET /cormun/static/Resources/PXToolsGridPrevious.gif HTTP/1.1" 200 369
186.67.172.234 - - [29/Feb/2016:11:50:03 -0300] "GET /cormun/static/Resources/PXToolsGridNext.gif HTTP/1.1" 200 369
186.67.172.234 - - [29/Feb/2016:11:50:03 -0300] "GET /cormun/static/Resources/PXToolsGridLast.gif HTTP/1.1" 200 370
186.67.172.234 - - [29/Feb/2016:11:50:03 -0300] "GET /cormun/static/Resources/PXToolsActionExcel.png HTTP/1.1" 200 3187
186.67.172.234 - - [29/Feb/2016:11:50:03 -0300] "GET /cormun/static/Resources/PXToolsGridNew.png HTTP/1.1" 200 2949
186.67.172.234 - - [29/Feb/2016:11:50:03 -0300] "GET /cormun/static/Shared/ext/resources/css/ext-all.css?215870 HTTP/1.1" 200 416045
186.67.172.234 - - [29/Feb/2016:11:50:04 -0300] "GET /cormun/static/Resources/asc.gif HTTP/1.1" 200 67
186.67.172.234 - - [29/Feb/2016:11:50:04 -0300] "GET /cormun/static/Resources/desc.gif HTTP/1.1" 200 65
186.67.172.234 - - [29/Feb/2016:11:50:04 -0300] "GET /cormun//static/Resources/PXToolsActionView.png HTTP/1.1" 200 2995
186.67.172.234 - - [29/Feb/2016:11:50:04 -0300] "GET /cormun//static/Resources/PXToolsGridUpdate.png HTTP/1.1" 200 2984
186.67.172.234 - - [29/Feb/2016:11:50:04 -0300] "GET /cormun//static/Resources/PXToolsGridDelete.png HTTP/1.1" 200 357
186.67.172.234 - - [29/Feb/2016:11:50:04 -0300] "GET /cormun//static/Resources/PXTools/ActionInsert.png HTTP/1.1" 200 1482
186.67.172.234 - - [29/Feb/2016:11:50:04 -0300] "GET /cormun//static/Resources/PXToolsRemoveAllAction.png HTTP/1.1" 200 3558
186.67.172.234 - - [29/Feb/2016:11:50:04 -0300] "GET /cormun/servlet/trsolicitudot HTTP/1.1" 200 7412
186.67.172.234 - - [29/Feb/2016:11:50:04 -0300] "GET /cormun/static/Shared/ext/resources/themes/images/default/panel/bg-headersPanel.png HTTP/1.1" 200 255
186.67.172.234 - - [29/Feb/2016:11:50:04 -0300] "GET /cormun/static/Shared/ext/resources/themes/images/default/tools/tool-sprites.gif HTTP/1.1" 200 5434
186.103.248.213 - - [29/Feb/2016:11:50:04 -0300] "POST /cormun/servlet/solicitudotadjuntos?573b8762d6ac1acfa3e7b179059755ff,INS,2016,223,,2, HTTP/1.1" 200 116
186.103.248.213 - - [29/Feb/2016:11:50:05 -0300] "GET /cormun/servlet/hpexe_return? HTTP/1.1" 200 1025
186.103.248.213 - - [29/Feb/2016:11:50:05 -0300] "GET /cormun/servlet/trsolicitudadjuntos?2016,223, HTTP/1.1" 200 8607
186.67.172.234 - - [29/Feb/2016:11:50:07 -0300] "POST /cormun/servlet/trsolicitudot?ccacbdd397519b3e20a6f4b199696aa2,gx-no-cache=1456757458465 HTTP/1.1" 200 4862
186.103.248.213 - - [29/Feb/2016:11:50:07 -0300] "GET /cormun/servlet/trsolicitudadjuntos?2016,223, HTTP/1.1" 200 8607
186.67.172.234 - - [29/Feb/2016:11:50:08 -0300] "POST /cormun/servlet/trsolicitudot?ccacbdd397519b3e20a6f4b199696aa2,gx-no-cache=1456757458684 HTTP/1.1" 200 4862
186.67.172.234 - - [29/Feb/2016:11:50:08 -0300] "POST /cormun/servlet/trsolicitudot?ccacbdd397519b3e20a6f4b199696aa2,gx-no-cache=1456757459174 HTTP/1.1" 200 4862
186.67.172.234 - - [29/Feb/2016:11:50:08 -0300] "POST /cormun/servlet/trsolicitudot?ccacbdd397519b3e20a6f4b199696aa2,gx-no-cache=1456757459512 HTTP/1.1" 200 4862
186.67.172.234 - - [29/Feb/2016:11:50:09 -0300] "POST /cormun/servlet/trsolicitudot?ccacbdd397519b3e20a6f4b199696aa2,gx-no-cache=1456757460022 HTTP/1.1" 200 4861
186.103.159.44 - - [29/Feb/2016:11:50:09 -0300] "GET /cormun/servlet/treventos?2016,232, HTTP/1.1" 200 5149
186.103.159.44 - - [29/Feb/2016:11:50:09 -0300] "GET /cormun/static/gxcfg.js?2015112118274652 HTTP/1.1" 200 953
186.103.159.44 - - [29/Feb/2016:11:50:09 -0300] "GET /cormun/static/Resources/Spanish/PXTools.css?18201296 HTTP/1.1" 200 89042
186.103.159.44 - - [29/Feb/2016:11:50:09 -0300] "GET /cormun/static/treventos.js?2015112118274856 HTTP/1.1" 200 14123
186.67.172.234 - - [29/Feb/2016:11:50:10 -0300] "POST /cormun/servlet/trsolicitudot?ccacbdd397519b3e20a6f4b199696aa2,gx-no-cache=1456757461284 HTTP/1.1" 200 4862
186.67.172.234 - - [29/Feb/2016:11:50:10 -0300] "POST /cormun/servlet/trsolicitudot?ccacbdd397519b3e20a6f4b199696aa2,gx-no-cache=1456757461794 HTTP/1.1" 200 4862
186.103.159.44 - - [29/Feb/2016:11:50:10 -0300] "POST /cormun/servlet/acontrolpreferencessavestate?None,CE-28,true HTTP/1.1" 200 35
186.67.172.234 - - [29/Feb/2016:11:50:10 -0300] "POST /cormun/servlet/trsolicitudot?ccacbdd397519b3e20a6f4b199696aa2,gx-no-cache=1456757461993 HTTP/1.1" 200 105
186.67.172.234 - - [29/Feb/2016:11:50:11 -0300] "GET /cormun/servlet/trsolicitudadjuntos?2016,233, HTTP/1.1" 200 5336
186.67.172.234 - - [29/Feb/2016:11:50:11 -0300] "GET /cormun/static/gxcfg.js?201511221058652 HTTP/1.1" 200 953
186.67.172.234 - - [29/Feb/2016:11:50:11 -0300] "GET /cormun/static/gxui/gxui-all.css?1917420 HTTP/1.1" 200 2179
186.67.172.234 - - [29/Feb/2016:11:50:11 -0300] "GET /cormun/static/trsolicitudadjuntos.js?201511221058899 HTTP/1.1" 200 17275
186.67.172.234 - - [29/Feb/2016:11:50:11 -0300] "GET /cormun/static/Resources/Spanish/PXTools.css?10515224 HTTP/1.1" 200 89042
186.67.172.234 - - [29/Feb/2016:11:50:11 -0300] "GET /cormun/servlet/trsolicitudadjuntos?2016,233, HTTP/1.1" 200 5336
186.67.172.234 - - [29/Feb/2016:11:50:14 -0300] "GET /cormun/servlet/solicitudotadjuntos?INS,2016,233,,1, HTTP/1.1" 200 5396
186.67.172.234 - - [29/Feb/2016:11:50:14 -0300] "GET /cormun/static/gxcfg.js?201614180754 HTTP/1.1" 200 953
186.67.172.234 - - [29/Feb/2016:11:50:14 -0300] "GET /cormun/static/solicitudotadjuntos.js?201614180772 HTTP/1.1" 200 11762
186.67.172.234 - - [29/Feb/2016:11:50:14 -0300] "GET /cormun/static/about:blank HTTP/1.1" 404 1011
186.67.172.234 - - [29/Feb/2016:11:50:14 -0300] "GET /cormun/servlet/solicitudotadjuntos?INS,2016,233,,1, HTTP/1.1" 200 5390
186.67.172.234 - - [29/Feb/2016:11:50:14 -0300] "GET /cormun/servlet/solicitudotadjuntos?5f14f2105a70644f628ea93a7cf8788c1c7db36845c1225cd25c71b1def8aef6c121914e5e45252d834132576083138b,gx-no-cache=1456757465974 HTTP/1.1" 200 30
186.67.172.234 - - [29/Feb/2016:11:50:15 -0300] "POST /cormun/servlet/solicitudotadjuntos?ccacbdd397519b3e20a6f4b199696aa2,INS,2016,233,,1,,gx-no-cache=1456757466045 HTTP/1.1" 200 3305
186.103.248.213 - - [29/Feb/2016:11:50:17 -0300] "GET /cormun/servlet/solicitudotadjuntos?INS,2016,223,,2, HTTP/1.1" 200 5451
186.103.248.213 - - [29/Feb/2016:11:50:18 -0300] "GET /cormun/static/about:blank HTTP/1.1" 404 1011
186.103.159.44 - - [29/Feb/2016:11:50:18 -0300] "GET /cormun/servlet/trsolicitudot? HTTP/1.1" 200 7977
186.103.248.213 - - [29/Feb/2016:11:50:19 -0300] "GET /cormun/servlet/solicitudotadjuntos?INS,2016,223,,2, HTTP/1.1" 200 5445
186.67.172.234 - - [29/Feb/2016:11:50:20 -0300] "POST /cormun/servlet/solicitudotadjuntos?gx-no-cache=1456757471286 HTTP/1.1" 200 26
186.103.248.213 - - [29/Feb/2016:11:50:20 -0300] "GET /cormun/servlet/solicitudotadjuntos?9f9d064e1bdfe224c70b4d7940ae8286ac9e096cb770841539c8eb4aa2e24f51edc124ab7e2df225e12a49c25824b5f1,gx-no-cache=1456757448746 HTTP/1.1" 200 30
186.103.248.213 - - [29/Feb/2016:11:50:20 -0300] "POST /cormun/servlet/solicitudotadjuntos?573b8762d6ac1acfa3e7b179059755ff,INS,2016,223,,2,,gx-no-cache=1456757448900 HTTP/1.1" 200 3492
186.103.159.44 - - [29/Feb/2016:11:50:26 -0300] "POST /cormun/servlet/trsolicitudot?c56cfb37e2fb9efd8fe83a46fd099e14,,gx-no-cache=1456757448171 HTTP/1.1" 200 5442
186.103.159.44 - - [29/Feb/2016:11:50:26 -0300] "POST /cormun/servlet/trsolicitudot?c56cfb37e2fb9efd8fe83a46fd099e14,,gx-no-cache=1456757448511 HTTP/1.1" 200 5442
186.103.248.213 - - [29/Feb/2016:11:50:26 -0300] "POST /cormun/servlet/solicitudotadjuntos?gx-no-cache=1456757454949 HTTP/1.1" 200 26
186.103.159.44 - - [29/Feb/2016:11:50:26 -0300] "POST /cormun/servlet/trsolicitudot?c56cfb37e2fb9efd8fe83a46fd099e14,,gx-no-cache=1456757448812 HTTP/1.1" 200 5442
186.103.159.44 - - [29/Feb/2016:11:50:27 -0300] "POST /cormun/servlet/trsolicitudot?c56cfb37e2fb9efd8fe83a46fd099e14,,gx-no-cache=1456757449139 HTTP/1.1" 200 5442
186.103.159.44 - - [29/Feb/2016:11:50:27 -0300] "POST /cormun/servlet/trsolicitudot?c56cfb37e2fb9efd8fe83a46fd099e14,,gx-no-cache=1456757449507 HTTP/1.1" 200 5442
186.103.159.44 - - [29/Feb/2016:11:50:27 -0300] "POST /cormun/servlet/trsolicitudot?c56cfb37e2fb9efd8fe83a46fd099e14,,gx-no-cache=1456757449913 HTTP/1.1" 200 5442
186.103.159.44 - - [29/Feb/2016:11:50:28 -0300] "POST /cormun/servlet/trsolicitudot?c56cfb37e2fb9efd8fe83a46fd099e14,,gx-no-cache=1456757450345 HTTP/1.1" 200 5443
186.103.159.44 - - [29/Feb/2016:11:50:28 -0300] "POST /cormun/servlet/trsolicitudot?c56cfb37e2fb9efd8fe83a46fd099e14,,gx-no-cache=1456757450812 HTTP/1.1" 200 5175
186.103.248.213 - - [29/Feb/2016:11:50:32 -0300] "GET /cormun/servlet/solicitudotadjuntos?9f9d064e1bdfe224c70b4d7940ae828603c3675364265b5b176b2f6fa8a38ba6,gx-no-cache=1456757460813 HTTP/1.1" 200 30
186.103.248.213 - - [29/Feb/2016:11:50:32 -0300] "GET /cormun/servlet/solicitudotadjuntos?9f9d064e1bdfe224c70b4d7940ae828603c3675364265b5b176b2f6fa8a38ba6,gx-no-cache=1456757460920 HTTP/1.1" 200 30
186.103.159.44 - - [29/Feb/2016:11:50:32 -0300] "POST /cormun/servlet/trsolicitudot?c56cfb37e2fb9efd8fe83a46fd099e14,,gx-no-cache=1456757454677 HTTP/1.1" 200 5117
186.103.159.44 - - [29/Feb/2016:11:50:33 -0300] "GET /cormun/static/Shared/jqueryui/images/ui-bg_highlight-soft_100_c6c2c8_1x100.png HTTP/1.1" 404 1117
186.103.159.44 - - [29/Feb/2016:11:50:33 -0300] "GET /cormun/static/Shared/jqueryui/images/ui-icons_8d78a5_256x240.png HTTP/1.1" 404 1089
186.103.159.44 - - [29/Feb/2016:11:50:33 -0300] "GET /cormun/static/Shared/jqueryui/images/ui-bg_flat_55_fafafa_40x100.png HTTP/1.1" 404 1097
186.103.159.44 - - [29/Feb/2016:11:50:33 -0300] "GET /cormun/static/Shared/jqueryui/images/ui-icons_82798d_256x240.png HTTP/1.1" 404 1089
186.67.172.234 - - [29/Feb/2016:11:50:33 -0300] "GET /cormun/servlet/solicitudotadjuntos?5f14f2105a70644f628ea93a7cf8788c291182550dc4501cfa78d1086827a9ba,gx-no-cache=1456757484469 HTTP/1.1" 200 30
186.67.172.234 - - [29/Feb/2016:11:50:33 -0300] "GET /cormun/servlet/solicitudotadjuntos?5f14f2105a70644f628ea93a7cf8788c291182550dc4501cfa78d1086827a9ba,gx-no-cache=1456757484482 HTTP/1.1" 200 30
186.67.172.234 - - [29/Feb/2016:11:50:34 -0300] "POST /cormun/servlet/solicitudotadjuntos?ccacbdd397519b3e20a6f4b199696aa2,INS,2016,233,,1, HTTP/1.1" 200 116
186.67.172.234 - - [29/Feb/2016:11:50:34 -0300] "GET /cormun/servlet/hpexe_return? HTTP/1.1" 200 1022
186.67.172.234 - - [29/Feb/2016:11:50:34 -0300] "GET /cormun/servlet/trsolicitudadjuntos?2016,233, HTTP/1.1" 200 7220
186.103.248.213 - - [29/Feb/2016:11:50:35 -0300] "POST /cormun/servlet/solicitudotadjuntos?573b8762d6ac1acfa3e7b179059755ff,INS,2016,223,,2, HTTP/1.1" 200 116
186.103.248.213 - - [29/Feb/2016:11:50:35 -0300] "GET /cormun/servlet/hpexe_return? HTTP/1.1" 200 1025
186.67.172.234 - - [29/Feb/2016:11:50:35 -0300] "GET /cormun/servlet/trsolicitudadjuntos?2016,233, HTTP/1.1" 200 7218
186.103.248.213 - - [29/Feb/2016:11:50:35 -0300] "GET /cormun/servlet/trsolicitudadjuntos?2016,223, HTTP/1.1" 200 8731
186.103.248.213 - - [29/Feb/2016:11:50:37 -0300] "GET /cormun/servlet/trsolicitudadjuntos?2016,223, HTTP/1.1" 200 8731
186.103.159.44 - - [29/Feb/2016:11:50:38 -0300] "POST /cormun/servlet/trsolicitudot?c56cfb37e2fb9efd8fe83a46fd099e14,,gx-no-cache=1456757460249 HTTP/1.1" 200 5265
186.67.172.234 - - [29/Feb/2016:11:50:38 -0300] "GET /cormun/servlet/solicitudotadjuntos?INS,2016,233,,1, HTTP/1.1" 200 5396
186.67.172.234 - - [29/Feb/2016:11:50:38 -0300] "GET /cormun/static/about:blank HTTP/1.1" 404 1011
186.67.172.234 - - [29/Feb/2016:11:50:38 -0300] "GET /cormun/servlet/solicitudotadjuntos?INS,2016,233,,1, HTTP/1.1" 200 5390
186.67.172.234 - - [29/Feb/2016:11:50:39 -0300] "GET /cormun/servlet/solicitudotadjuntos?5f14f2105a70644f628ea93a7cf8788c1c7db36845c1225cd25c71b1def8aef6c121914e5e45252d834132576083138b,gx-no-cache=1456757490342 HTTP/1.1" 200 30
186.67.172.234 - - [29/Feb/2016:11:50:39 -0300] "POST /cormun/servlet/solicitudotadjuntos?ccacbdd397519b3e20a6f4b199696aa2,INS,2016,233,,1,,gx-no-cache=1456757490393 HTTP/1.1" 200 3305
186.67.172.234 - - [29/Feb/2016:11:50:45 -0300] "POST /cormun/servlet/solicitudotadjuntos?gx-no-cache=1456757496600 HTTP/1.1" 200 26
186.78.49.227 - - [29/Feb/2016:11:50:45 -0300] "POST /cormun/servlet/solicitudot?gx-no-cache=1456757683146 HTTP/1.1" 200 1260
186.103.159.44 - - [29/Feb/2016:11:50:50 -0300] "POST /cormun/servlet/trsolicitudot?c56cfb37e2fb9efd8fe83a46fd099e14,,gx-no-cache=1456757472243 HTTP/1.1" 200 5141
186.103.159.44 - - [29/Feb/2016:11:50:50 -0300] "POST /cormun/servlet/trsolicitudot?c56cfb37e2fb9efd8fe83a46fd099e14,,gx-no-cache=1456757472791 HTTP/1.1" 200 5141
186.103.159.44 - - [29/Feb/2016:11:50:51 -0300] "POST /cormun/servlet/trsolicitudot?c56cfb37e2fb9efd8fe83a46fd099e14,,gx-no-cache=1456757473365 HTTP/1.1" 200 5142
186.103.159.44 - - [29/Feb/2016:11:50:51 -0300] "POST /cormun/servlet/trsolicitudot?c56cfb37e2fb9efd8fe83a46fd099e14,,gx-no-cache=1456757473961 HTTP/1.1" 200 5141
186.103.159.44 - - [29/Feb/2016:11:50:52 -0300] "POST /cormun/servlet/trsolicitudot?c56cfb37e2fb9efd8fe83a46fd099e14,,gx-no-cache=1456757474595 HTTP/1.1" 200 5142
186.67.172.234 - - [29/Feb/2016:11:50:53 -0300] "GET /cormun/servlet/solicitudotadjuntos?5f14f2105a70644f628ea93a7cf8788c291182550dc4501cfa78d1086827a9ba,gx-no-cache=1456757504167 HTTP/1.1" 200 30
186.67.172.234 - - [29/Feb/2016:11:50:53 -0300] "GET /cormun/servlet/solicitudotadjuntos?5f14f2105a70644f628ea93a7cf8788c291182550dc4501cfa78d1086827a9ba,gx-no-cache=1456757504177 HTTP/1.1" 200 30
186.67.172.234 - - [29/Feb/2016:11:50:53 -0300] "POST /cormun/servlet/solicitudotadjuntos?ccacbdd397519b3e20a6f4b199696aa2,INS,2016,233,,1, HTTP/1.1" 200 116
186.67.172.234 - - [29/Feb/2016:11:50:53 -0300] "GET /cormun/servlet/hpexe_return? HTTP/1.1" 200 1022
186.103.159.44 - - [29/Feb/2016:11:50:53 -0300] "POST /cormun/servlet/trsolicitudot?c56cfb37e2fb9efd8fe83a46fd099e14,,gx-no-cache=1456757475263 HTTP/1.1" 200 5141
186.67.172.234 - - [29/Feb/2016:11:50:53 -0300] "GET /cormun/servlet/trsolicitudadjuntos?2016,233, HTTP/1.1" 200 7383
186.103.159.44 - - [29/Feb/2016:11:50:53 -0300] "POST /cormun/servlet/trsolicitudot?c56cfb37e2fb9efd8fe83a46fd099e14,,gx-no-cache=1456757475987 HTTP/1.1" 200 5141
186.67.172.234 - - [29/Feb/2016:11:50:54 -0300] "GET /cormun/servlet/trsolicitudadjuntos?2016,233, HTTP/1.1" 200 7380
186.103.159.44 - - [29/Feb/2016:11:50:55 -0300] "POST /cormun/servlet/trsolicitudot?c56cfb37e2fb9efd8fe83a46fd099e14,,gx-no-cache=1456757476752 HTTP/1.1" 200 105
186.67.172.234 - - [29/Feb/2016:11:50:58 -0300] "GET /cormun/servlet/solicitudotadjuntos?INS,2016,233,,1, HTTP/1.1" 200 5396
186.78.49.227 - - [29/Feb/2016:11:50:58 -0300] "GET /cormun/servlet/prlicenciaspermisos?15114135,L,,MD,,gxPopupLevel%3D0%3B HTTP/1.1" 200 6610
186.67.172.234 - - [29/Feb/2016:11:50:58 -0300] "GET /cormun/static/about:blank HTTP/1.1" 404 1011
186.78.49.227 - - [29/Feb/2016:11:50:58 -0300] "GET /cormun/static/gxcfg.js?201616231591 HTTP/1.1" 200 953
186.67.172.234 - - [29/Feb/2016:11:50:58 -0300] "GET /cormun/servlet/solicitudotadjuntos?INS,2016,233,,1, HTTP/1.1" 200 5390
186.78.49.227 - - [29/Feb/2016:11:50:59 -0300] "GET /cormun/static/prlicenciaspermisos.js?201616231727 HTTP/1.1" 200 12559
186.78.49.227 - - [29/Feb/2016:11:50:59 -0300] "GET /cormun/static/hmpwkw011.js?2016141804389 HTTP/1.1" 200 1968
186.67.172.234 - - [29/Feb/2016:11:50:59 -0300] "GET /cormun/servlet/solicitudotadjuntos?5f14f2105a70644f628ea93a7cf8788c1c7db36845c1225cd25c71b1def8aef6c121914e5e45252d834132576083138b,gx-no-cache=1456757510563 HTTP/1.1" 200 30
186.67.172.234 - - [29/Feb/2016:11:50:59 -0300] "POST /cormun/servlet/solicitudotadjuntos?ccacbdd397519b3e20a6f4b199696aa2,INS,2016,233,,1,,gx-no-cache=1456757510627 HTTP/1.1" 200 3305
186.78.49.227 - - [29/Feb/2016:11:51:00 -0300] "POST /cormun/servlet/acontrolpreferencessavestate?None,CD-29,true HTTP/1.1" 200 35
186.103.159.44 - - [29/Feb/2016:11:51:01 -0300] "GET /cormun/servlet/trsolicitudadjuntos?2016,231, HTTP/1.1" 200 7848
186.103.248.213 - - [29/Feb/2016:11:51:02 -0300] "GET /cormun/servlet/solicitudotadjuntos?INS,2016,223,,2, HTTP/1.1" 200 5451
186.103.248.213 - - [29/Feb/2016:11:51:03 -0300] "GET /cormun/static/about:blank HTTP/1.1" 404 1011
186.67.172.234 - - [29/Feb/2016:11:51:03 -0300] "POST /cormun/servlet/solicitudotadjuntos?gx-no-cache=1456757515036 HTTP/1.1" 200 26
186.103.248.213 - - [29/Feb/2016:11:51:04 -0300] "GET /cormun/servlet/solicitudotadjuntos?INS,2016,223,,2, HTTP/1.1" 200 5445
186.103.248.213 - - [29/Feb/2016:11:51:05 -0300] "GET /cormun/servlet/solicitudotadjuntos?9f9d064e1bdfe224c70b4d7940ae8286ac9e096cb770841539c8eb4aa2e24f51edc124ab7e2df225e12a49c25824b5f1,gx-no-cache=1456757493732 HTTP/1.1" 200 30
186.103.248.213 - - [29/Feb/2016:11:51:05 -0300] "POST /cormun/servlet/solicitudotadjuntos?573b8762d6ac1acfa3e7b179059755ff,INS,2016,223,,2,,gx-no-cache=1456757493900 HTTP/1.1" 200 3492
186.78.49.227 - - [29/Feb/2016:11:51:06 -0300] "POST /cormun/servlet/solicitudot?gx-no-cache=1456757706015 HTTP/1.1" 200 1260
186.103.159.44 - - [29/Feb/2016:11:51:09 -0300] "GET /cormun/servlet/trsolicitudot? HTTP/1.1" 200 7680
186.78.49.227 - - [29/Feb/2016:11:51:16 -0300] "GET /cormun/servlet/prlicenciaspermisos?15114135,L,,MD,,gxPopupLevel%3D0%3B HTTP/1.1" 200 6615
186.67.172.234 - - [29/Feb/2016:11:51:16 -0300] "GET /cormun/servlet/solicitudotadjuntos?5f14f2105a70644f628ea93a7cf8788c291182550dc4501cfa78d1086827a9ba,gx-no-cache=1456757527990 HTTP/1.1" 200 30
186.67.172.234 - - [29/Feb/2016:11:51:16 -0300] "GET /cormun/servlet/solicitudotadjuntos?5f14f2105a70644f628ea93a7cf8788c291182550dc4501cfa78d1086827a9ba,gx-no-cache=1456757528000 HTTP/1.1" 200 30
186.67.172.234 - - [29/Feb/2016:11:51:17 -0300] "POST /cormun/servlet/solicitudotadjuntos?ccacbdd397519b3e20a6f4b199696aa2,INS,2016,233,,1, HTTP/1.1" 200 116
186.67.172.234 - - [29/Feb/2016:11:51:17 -0300] "GET /cormun/servlet/hpexe_return? HTTP/1.1" 200 1022
186.67.172.234 - - [29/Feb/2016:11:51:17 -0300] "GET /cormun/servlet/trsolicitudadjuntos?2016,233, HTTP/1.1" 200 7557
186.67.172.234 - - [29/Feb/2016:11:51:18 -0300] "GET /cormun/servlet/trsolicitudadjuntos?2016,233, HTTP/1.1" 200 7553
186.67.172.234 - - [29/Feb/2016:11:51:21 -0300] "GET /cormun/servlet/solicitudotadjuntos?INS,2016,233,,1, HTTP/1.1" 200 5396
186.67.172.234 - - [29/Feb/2016:11:51:21 -0300] "GET /cormun/static/about:blank HTTP/1.1" 404 1011
186.67.172.234 - - [29/Feb/2016:11:51:21 -0300] "GET /cormun/servlet/solicitudotadjuntos?INS,2016,233,,1, HTTP/1.1" 200 5390
186.67.172.234 - - [29/Feb/2016:11:51:22 -0300] "GET /cormun/servlet/solicitudotadjuntos?5f14f2105a70644f628ea93a7cf8788c1c7db36845c1225cd25c71b1def8aef6c121914e5e45252d834132576083138b,gx-no-cache=1456757533388 HTTP/1.1" 200 30
186.67.172.234 - - [29/Feb/2016:11:51:22 -0300] "POST /cormun/servlet/solicitudotadjuntos?ccacbdd397519b3e20a6f4b199696aa2,INS,2016,233,,1,,gx-no-cache=1456757533415 HTTP/1.1" 200 3306
186.103.159.44 - - [29/Feb/2016:11:51:23 -0300] "GET /cormun/servlet/solicitudot?INS,0,0, HTTP/1.1" 200 12043
186.67.172.234 - - [29/Feb/2016:11:51:26 -0300] "POST /cormun/servlet/solicitudotadjuntos?gx-no-cache=1456757537643 HTTP/1.1" 200 26
186.103.248.213 - - [29/Feb/2016:11:51:42 -0300] "POST /cormun/servlet/solicitudotadjuntos?573b8762d6ac1acfa3e7b179059755ff,INS,2016,223,,2,,gx-no-cache=1456757530781 HTTP/1.1" 200 93
186.103.248.213 - - [29/Feb/2016:11:51:42 -0300] "GET /cormun/servlet/hpexe_return? HTTP/1.1" 200 1025
186.103.248.213 - - [29/Feb/2016:11:51:43 -0300] "GET /cormun/servlet/trsolicitudadjuntos?2016,223, HTTP/1.1" 200 8730
186.103.248.213 - - [29/Feb/2016:11:51:45 -0300] "GET /cormun/servlet/trsolicitudadjuntos?2016,223, HTTP/1.1" 200 8732
186.103.159.44 - - [29/Feb/2016:11:51:45 -0300] "POST /cormun/servlet/solicitudot?gx-no-cache=1456757527795 HTTP/1.1" 200 2669
186.103.159.44 - - [29/Feb/2016:11:51:45 -0300] "POST /cormun/servlet/solicitudot?c56cfb37e2fb9efd8fe83a46fd099e14,INS,0,0,,gx-no-cache=1456757527970 HTTP/1.1" 200 9382
186.103.159.44 - - [29/Feb/2016:11:51:48 -0300] "GET /cormun/servlet/solicitudot?e849930c6c061238d51069243b251b9e276282e1d85851676a666a5e0fc3955c606dcf9e8a366dd9cef062266e0512cf,gx-no-cache=1456757530583 HTTP/1.1" 200 30
186.103.248.213 - - [29/Feb/2016:11:52:09 -0300] "GET /cormun/servlet/solicitudotadjuntos?INS,2016,223,,1, HTTP/1.1" 200 5452
186.103.248.213 - - [29/Feb/2016:11:52:09 -0300] "GET /cormun/static/about:blank HTTP/1.1" 404 1011
186.103.248.213 - - [29/Feb/2016:11:52:11 -0300] "GET /cormun/servlet/solicitudotadjuntos?INS,2016,223,,1, HTTP/1.1" 200 5446
186.103.248.213 - - [29/Feb/2016:11:52:11 -0300] "GET /cormun/servlet/solicitudotadjuntos?9f9d064e1bdfe224c70b4d7940ae8286ac9e096cb770841539c8eb4aa2e24f51edc124ab7e2df225e12a49c25824b5f1,gx-no-cache=1456757560371 HTTP/1.1" 200 30
186.103.248.213 - - [29/Feb/2016:11:52:12 -0300] "POST /cormun/servlet/solicitudotadjuntos?573b8762d6ac1acfa3e7b179059755ff,INS,2016,223,,1,,gx-no-cache=1456757560542 HTTP/1.1" 200 3349
186.103.248.213 - - [29/Feb/2016:11:52:22 -0300] "POST /cormun/servlet/solicitudotadjuntos?573b8762d6ac1acfa3e7b179059755ff,INS,2016,223,,1,,gx-no-cache=1456757570789 HTTP/1.1" 200 93
186.103.248.213 - - [29/Feb/2016:11:52:22 -0300] "GET /cormun/servlet/hpexe_return? HTTP/1.1" 200 1025
186.103.248.213 - - [29/Feb/2016:11:52:23 -0300] "GET /cormun/servlet/trsolicitudadjuntos?2016,223, HTTP/1.1" 200 8733
186.103.248.213 - - [29/Feb/2016:11:52:25 -0300] "GET /cormun/servlet/trsolicitudadjuntos?2016,223, HTTP/1.1" 200 8730
186.103.248.213 - - [29/Feb/2016:11:52:53 -0300] "POST /cormun/servlet/trsolicitudadjuntos?573b8762d6ac1acfa3e7b179059755ff,2016,223,,gx-no-cache=1456757601504 HTTP/1.1" 200 90
186.103.248.213 - - [29/Feb/2016:11:52:53 -0300] "GET /cormun/servlet/hpexe_link HTTP/1.1" 200 968
186.103.248.213 - - [29/Feb/2016:11:52:54 -0300] "GET /cormun/servlet/trsolicitudot? HTTP/1.1" 200 8254
186.103.248.213 - - [29/Feb/2016:11:52:56 -0300] "GET /cormun/servlet/trsolicitudot? HTTP/1.1" 200 8252
186.103.159.44 - - [29/Feb/2016:11:53:13 -0300] "POST /cormun/servlet/solicitudot?gx-no-cache=1456757615680 HTTP/1.1" 200 30
186.103.159.44 - - [29/Feb/2016:11:53:16 -0300] "POST /cormun/servlet/solicitudot?gx-no-cache=1456757618551 HTTP/1.1" 200 30
186.103.159.44 - - [29/Feb/2016:11:53:18 -0300] "POST /cormun/servlet/solicitudot?gx-no-cache=1456757620665 HTTP/1.1" 200 452
186.103.159.44 - - [29/Feb/2016:11:53:18 -0300] "GET /cormun/servlet/solicitudot?e849930c6c061238d51069243b251b9e2bbd00a9ba734600bee32d1c7c6a2138eb97a8d955df96cb954e896d0455514adf89fa4fc8825666d9f8e224bdc054047939ce168ac028f316e73bcc93c246a372bbb1414410c30c214a3c07fb81be5d80f7d85246f8b9a58af2fc5db382da18f233fbb4eac7f128852ef928919ad00a9245f64467f2839d81bed1be759b77fe,gx-no-cache=1456757620730 HTTP/1.1" 200 38
186.103.248.213 - - [29/Feb/2016:11:53:36 -0300] "POST /cormun/servlet/trsolicitudot?573b8762d6ac1acfa3e7b179059755ff,,gx-no-cache=1456757644481 HTTP/1.1" 200 5685
186.103.248.213 - - [29/Feb/2016:11:53:37 -0300] "POST /cormun/servlet/trsolicitudot?573b8762d6ac1acfa3e7b179059755ff,,gx-no-cache=1456757645425 HTTP/1.1" 200 5686
186.103.248.213 - - [29/Feb/2016:11:53:37 -0300] "POST /cormun/servlet/trsolicitudot?573b8762d6ac1acfa3e7b179059755ff,,gx-no-cache=1456757646104 HTTP/1.1" 200 5685
186.103.248.213 - - [29/Feb/2016:11:53:38 -0300] "POST /cormun/servlet/trsolicitudot?573b8762d6ac1acfa3e7b179059755ff,,gx-no-cache=1456757646791 HTTP/1.1" 200 5685
186.103.248.213 - - [29/Feb/2016:11:53:39 -0300] "POST /cormun/servlet/trsolicitudot?573b8762d6ac1acfa3e7b179059755ff,,gx-no-cache=1456757647582 HTTP/1.1" 200 5686
186.103.248.213 - - [29/Feb/2016:11:53:40 -0300] "POST /cormun/servlet/trsolicitudot?573b8762d6ac1acfa3e7b179059755ff,,gx-no-cache=1456757648348 HTTP/1.1" 200 5685
186.103.248.213 - - [29/Feb/2016:11:53:40 -0300] "POST /cormun/servlet/trsolicitudot?573b8762d6ac1acfa3e7b179059755ff,,gx-no-cache=1456757649105 HTTP/1.1" 200 5685
186.103.248.213 - - [29/Feb/2016:11:53:41 -0300] "POST /cormun/servlet/trsolicitudot?573b8762d6ac1acfa3e7b179059755ff,,gx-no-cache=1456757649938 HTTP/1.1" 200 5397
186.103.248.213 - - [29/Feb/2016:11:53:42 -0300] "GET /cormun/static/Shared/jqueryui/images/ui-bg_highlight-soft_100_c6c2c8_1x100.png HTTP/1.1" 404 1117
186.103.248.213 - - [29/Feb/2016:11:53:42 -0300] "GET /cormun/static/Shared/jqueryui/images/ui-icons_82798d_256x240.png HTTP/1.1" 404 1089
186.103.248.213 - - [29/Feb/2016:11:53:42 -0300] "GET /cormun/static/Shared/jqueryui/images/ui-bg_flat_55_fafafa_40x100.png HTTP/1.1" 404 1097
186.103.248.213 - - [29/Feb/2016:11:53:42 -0300] "GET /cormun/static/Shared/jqueryui/images/ui-icons_8d78a5_256x240.png HTTP/1.1" 404 1089
186.103.248.213 - - [29/Feb/2016:11:53:42 -0300] "POST /cormun/servlet/trsolicitudot?573b8762d6ac1acfa3e7b179059755ff,,gx-no-cache=1456757650991 HTTP/1.1" 200 5337
186.67.172.234 - - [29/Feb/2016:11:53:54 -0300] "GET /cormun/servlet/hlogin HTTP/1.1" 200 1718
186.67.172.234 - - [29/Feb/2016:11:53:54 -0300] "GET /cormun/static/gxtimezone.js?85251 HTTP/1.1" 200 5781
186.67.172.234 - - [29/Feb/2016:11:53:54 -0300] "GET /cormun/static/gxcfg.js?20151120045111 HTTP/1.1" 200 953
186.67.172.234 - - [29/Feb/2016:11:53:54 -0300] "GET /cormun/static/hlogin.js?20151120045126 HTTP/1.1" 200 2136
186.67.172.234 - - [29/Feb/2016:11:53:54 -0300] "GET /cormun/static/Resources/Spanish/PXTools.css?005343 HTTP/1.1" 200 89042
186.67.172.234 - - [29/Feb/2016:11:53:54 -0300] "GET /cormun/static/Resources/ComunLogin.png HTTP/1.1" 200 17326
186.67.172.234 - - [29/Feb/2016:11:53:55 -0300] "GET /cormun/static/messages.spa.js?85251 HTTP/1.1" 200 30736
186.67.172.234 - - [29/Feb/2016:11:53:56 -0300] "GET /cormun/static/gxgral.js?85251 HTTP/1.1" 200 384558
186.67.172.234 - - [29/Feb/2016:11:53:56 -0300] "GET /cormun/static/Resources/PXToolsLoginTop.png HTTP/1.1" 200 1337
186.67.172.234 - - [29/Feb/2016:11:53:56 -0300] "GET /cormun/static/Resources/PXToolsLoginBackground.png HTTP/1.1" 200 1164
186.67.172.234 - - [29/Feb/2016:11:53:56 -0300] "GET /cormun/static/Resources/PXToolsButtonLeft21.png HTTP/1.1" 200 1287
186.67.172.234 - - [29/Feb/2016:11:53:56 -0300] "GET /cormun/static/Resources/PXToolsButtonRight21.png HTTP/1.1" 200 1283
186.67.172.234 - - [29/Feb/2016:11:53:56 -0300] "GET /cormun/static/Resources/PXToolsLoginBottom.png HTTP/1.1" 200 1389
186.67.172.234 - - [29/Feb/2016:11:53:56 -0300] "GET /cormun/static/Resources/PXToolsButtonBackground2.png HTTP/1.1" 200 1181
186.67.172.234 - - [29/Feb/2016:11:53:56 -0300] "GET /cormun/static/Resources/indicator.gif HTTP/1.1" 200 1553
186.67.172.234 - - [29/Feb/2016:11:53:58 -0300] "POST /cormun/servlet/hlogin?ccacbdd397519b3e20a6f4b199696aa2,gx-no-cache=1456757690624 HTTP/1.1" 200 90
186.67.172.234 - - [29/Feb/2016:11:53:59 -0300] "GET /cormun/servlet/hpexe_link HTTP/1.1" 200 973
186.67.172.234 - - [29/Feb/2016:11:53:59 -0300] "GET /cormun/static/gxcfg.js?20151120044395 HTTP/1.1" 200 953
186.67.172.234 - - [29/Feb/2016:11:53:59 -0300] "GET /cormun/static/hpexe_link.js?20151120044398 HTTP/1.1" 200 625
186.67.172.234 - - [29/Feb/2016:11:53:59 -0300] "GET /cormun/servlet/solicitudotadjuntos?INS,2016,233,,1, HTTP/1.1" 200 5391
186.67.172.234 - - [29/Feb/2016:11:53:59 -0300] "GET /cormun/static/calendar-system.css?85620 HTTP/1.1" 200 5572
186.67.172.234 - - [29/Feb/2016:11:53:59 -0300] "GET /cormun/static/scaMessage/css/jquery.pnotify.default.css?1816380 HTTP/1.1" 200 1707
186.67.172.234 - - [29/Feb/2016:11:53:59 -0300] "GET /cormun/static/SmoothNavMenu/resources/ddsmoothmenu.css?1112540 HTTP/1.1" 200 2223
186.67.172.234 - - [29/Feb/2016:11:53:59 -0300] "GET /cormun/static/gxcfg.js?201614180754 HTTP/1.1" 200 953
186.67.172.234 - - [29/Feb/2016:11:53:59 -0300] "GET /cormun/static/SmoothNavMenu/resources/ddsmoothmenu-v.css?1112540 HTTP/1.1" 200 1188
186.67.172.234 - - [29/Feb/2016:11:53:59 -0300] "GET /cormun/static/Shared/jqueryui/jquery-ui.min.css?1345370 HTTP/1.1" 200 30288
186.67.172.234 - - [29/Feb/2016:11:53:59 -0300] "GET /cormun/static/calendar-es.js?85251 HTTP/1.1" 200 1901
186.67.172.234 - - [29/Feb/2016:11:53:59 -0300] "GET /cormun/static/calendar-setup.js?85251 HTTP/1.1" 200 2588
186.67.172.234 - - [29/Feb/2016:11:53:59 -0300] "GET /cormun/static/calendar.js?85251 HTTP/1.1" 200 26246
186.67.172.234 - - [29/Feb/2016:11:53:59 -0300] "GET /cormun/static/RunJS/RunJS.js HTTP/1.1" 200 288
186.67.172.234 - - [29/Feb/2016:11:53:59 -0300] "GET /cormun/static/Resources/Spanish/PXTools.css?17554516 HTTP/1.1" 200 89042
186.67.172.234 - - [29/Feb/2016:11:53:59 -0300] "GET /cormun/static/PXToolsJavascripts/pexe_autoreload.js HTTP/1.1" 200 1762
186.67.172.234 - - [29/Feb/2016:11:53:59 -0300] "GET /cormun/static/PXToolsJavascripts/pexe_cookies.js HTTP/1.1" 200 792
186.67.172.234 - - [29/Feb/2016:11:53:59 -0300] "GET /cormun/static/PXToolsJavascripts/pexe_windows.js HTTP/1.1" 200 15207
186.67.172.234 - - [29/Feb/2016:11:53:59 -0300] "GET /cormun/static/PXToolsJavascripts/pexe_griddivfix.js HTTP/1.1" 200 6644
186.67.172.234 - - [29/Feb/2016:11:53:59 -0300] "GET /cormun/static/PXToolsJavascripts/pexe_grid.js HTTP/1.1" 200 7559
186.67.172.234 - - [29/Feb/2016:11:53:59 -0300] "GET /cormun/static/PXToolsJavascripts/pexe_link.js HTTP/1.1" 200 5671
186.67.172.234 - - [29/Feb/2016:11:53:59 -0300] "GET /cormun/static/PXToolsJavascripts/pexe_menudivfix.js HTTP/1.1" 200 333
186.67.172.234 - - [29/Feb/2016:11:53:59 -0300] "GET /cormun/static/PXToolsJavascripts/pexe_layers.js HTTP/1.1" 200 4114
186.67.172.234 - - [29/Feb/2016:11:53:59 -0300] "GET /cormun/static/PXToolsJavascripts/pexe_oav.js HTTP/1.1" 200 645
186.67.172.234 - - [29/Feb/2016:11:53:59 -0300] "GET /cormun/static/PXToolsJavascripts/pexe_oavdivfix.js HTTP/1.1" 200 639
186.67.172.234 - - [29/Feb/2016:11:53:59 -0300] "GET /cormun/static/PXToolsJavascripts/pexe_menus.js HTTP/1.1" 200 1286
186.67.172.234 - - [29/Feb/2016:11:53:59 -0300] "GET /cormun/static/PXToolsJavascripts/pexe_picture.js HTTP/1.1" 200 689
186.67.172.234 - - [29/Feb/2016:11:53:59 -0300] "GET /cormun/static/PXToolsJavascripts/pexe_tabdivfix.js HTTP/1.1" 200 876
186.67.172.234 - - [29/Feb/2016:11:53:59 -0300] "GET /cormun/static/PXToolsJavascripts/pexe_tabs.js HTTP/1.1" 200 3748
186.67.172.234 - - [29/Feb/2016:11:53:59 -0300] "GET /cormun/static/PXToolsJavascripts/pexe_popup.js HTTP/1.1" 200 13458
186.67.172.234 - - [29/Feb/2016:11:53:59 -0300] "GET /cormun/static/PXToolsJavascripts/PXToolsJavascriptsRender.js HTTP/1.1" 200 367
186.67.172.234 - - [29/Feb/2016:11:53:59 -0300] "GET /cormun/static/PXToolsJavascripts/pexe_scrolldiv.js HTTP/1.1" 200 4138
186.67.172.234 - - [29/Feb/2016:11:53:59 -0300] "GET /cormun/static/PXToolsJavascripts/pexe_upload.js HTTP/1.1" 200 1423
186.67.172.234 - - [29/Feb/2016:11:54:00 -0300] "GET /cormun/static/Shared/ext/locale/ext-lang-en.js HTTP/1.1" 200 10940
186.67.172.234 - - [29/Feb/2016:11:54:00 -0300] "GET /cormun/static/solicitudotadjuntos.js?201614180772 HTTP/1.1" 200 11762
186.67.172.234 - - [29/Feb/2016:11:54:00 -0300] "GET /cormun/static/hwchdr01.js?20162241650484 HTTP/1.1" 200 1002
186.67.172.234 - - [29/Feb/2016:11:54:00 -0300] "GET /cormun/static/gxdec.js?85251 HTTP/1.1" 200 19579
186.67.172.234 - - [29/Feb/2016:11:54:00 -0300] "GET /cormun/static/gxui/gxui-all.js HTTP/1.1" 200 107772
186.67.172.234 - - [29/Feb/2016:11:54:00 -0300] "GET /cormun/static/hpexe_scripts.js?20151120014546 HTTP/1.1" 200 1544
186.67.172.234 - - [29/Feb/2016:11:54:00 -0300] "GET /cormun/static/hpexe_messagepopupcomponent.js?201622412404545 HTTP/1.1" 200 605
186.67.172.234 - - [29/Feb/2016:11:54:00 -0300] "GET /cormun/static/hpexe_messagecontroller.js?2015112210524422 HTTP/1.1" 200 870
186.67.172.234 - - [29/Feb/2016:11:54:00 -0300] "GET /cormun/static/hpexe_recentlink.js?2015111312121342 HTTP/1.1" 200 2144
186.67.172.234 - - [29/Feb/2016:11:54:00 -0300] "GET /cormun/static/hpexe_messagegenexuscomponent.js?20151120014314 HTTP/1.1" 200 587
186.67.172.234 - - [29/Feb/2016:11:54:00 -0300] "GET /cormun/static/cmcontrolpreferences.js?20151120014525 HTTP/1.1" 200 1375
186.67.172.234 - - [29/Feb/2016:11:54:00 -0300] "GET /cormun/static/about:blank HTTP/1.1" 404 1011
186.67.172.234 - - [29/Feb/2016:11:54:00 -0300] "GET /cormun/static/SmoothNavMenu/resources/ddsmoothmenu.js HTTP/1.1" 200 12712
186.67.172.234 - - [29/Feb/2016:11:54:00 -0300] "GET /cormun/static/SmoothNavMenu/resources/SmoothNavMenuRender.js HTTP/1.1" 200 5951
186.67.172.234 - - [29/Feb/2016:11:54:00 -0300] "GET /cormun/static/scaMessage/js/jquery.pnotify.min.js HTTP/1.1" 200 13038
186.67.172.234 - - [29/Feb/2016:11:54:00 -0300] "GET /cormun/static/scaMessage/scaMessageRender.js HTTP/1.1" 200 11977
186.67.172.234 - - [29/Feb/2016:11:54:00 -0300] "GET /cormun/static/hmpwkw03.js?201622421393366 HTTP/1.1" 200 3845
186.67.172.234 - - [29/Feb/2016:11:54:00 -0300] "GET /cormun/static/Resources/PXToolsHeaderBackground2.png HTTP/1.1" 200 1174
186.67.172.234 - - [29/Feb/2016:11:54:00 -0300] "GET /cormun/static/Resources/PXToolsFooterBackground2.png HTTP/1.1" 200 1172
186.67.172.234 - - [29/Feb/2016:11:54:01 -0300] "GET /cormun/static/Shared/jquery/jquery-1.4.2.min.js HTTP/1.1" 200 72174
186.67.172.234 - - [29/Feb/2016:11:54:01 -0300] "GET /cormun/static/Shared/jquery/jquery-1.10.2.min.js HTTP/1.1" 200 273199
186.67.172.234 - - [29/Feb/2016:11:54:01 -0300] "GET /cormun/static/Shared/jqueryui/jquery-ui.min.js HTTP/1.1" 200 240427
186.67.172.234 - - [29/Feb/2016:11:54:01 -0300] "GET /cormun/static/Resources/PXToolsDataTitle.png HTTP/1.1" 200 1173
186.67.172.234 - - [29/Feb/2016:11:54:01 -0300] "GET /cormun/static/Resources/PXToolsHeaderActionsBackground.png HTTP/1.1" 200 484
186.67.172.234 - - [29/Feb/2016:11:54:01 -0300] "GET /cormun/static/Resources/PXToolsHeaderActionsLeft.png HTTP/1.1" 200 1118
186.67.172.234 - - [29/Feb/2016:11:54:01 -0300] "GET /cormun/static/Resources/PXToolsHeaderSecurity.png HTTP/1.1" 200 4166
186.67.172.234 - - [29/Feb/2016:11:54:01 -0300] "GET /cormun/static/Resources/PXToolsHeaderLogin.png HTTP/1.1" 200 4279
186.67.172.234 - - [29/Feb/2016:11:54:01 -0300] "GET /cormun/static/Resources/PXToolsHeaderPreferences.png HTTP/1.1" 200 4189
186.67.172.234 - - [29/Feb/2016:11:54:01 -0300] "GET /cormun/static/Resources/PXToolsHeaderHome.png HTTP/1.1" 200 4147
186.67.172.234 - - [29/Feb/2016:11:54:01 -0300] "GET /cormun/static/Resources/PXTools/calendar.png HTTP/1.1" 200 1306
186.67.172.234 - - [29/Feb/2016:11:54:01 -0300] "GET /cormun/static/Resources/logo4.png HTTP/1.1" 200 6582
186.67.172.234 - - [29/Feb/2016:11:54:01 -0300] "GET /cormun/static/Resources/PXToolsHeaderActionsRight.png HTTP/1.1" 200 1201
186.67.172.234 - - [29/Feb/2016:11:54:01 -0300] "GET /cormun/static/Shared/ext/ext-all.js HTTP/1.1" 200 1289687
186.103.159.44 - - [29/Feb/2016:11:54:02 -0300] "GET /cormun/servlet/solicitudot?e849930c6c061238d51069243b251b9ecf3c5939d93dbf71d24e5fc08b4bad5f9cfe2b5deaaf65a9a9ff87a97e81e7afdc9d45532b2e5a417b210505fa4d20d002e25cc065a010d6d65b1b761224e268c4ad1566dd425239b16cc39dad49a9a4bfa6824790807618026472f72a003f76,gx-no-cache=1456757664190 HTTP/1.1" 200 29
186.67.172.234 - - [29/Feb/2016:11:54:02 -0300] "GET /cormun/static/SmoothNavMenu/resources/images/down.gif HTTP/1.1" 200 854
186.67.172.234 - - [29/Feb/2016:11:54:02 -0300] "GET /cormun/servlet/solicitudotadjuntos?INS,2016,233,,1, HTTP/1.1" 200 5390
186.78.49.227 - - [29/Feb/2016:11:54:02 -0300] "GET /cormun/servlet/prlicenciaspermisos?15114135,L,,MD,,gxPopupLevel%3D0%3B HTTP/1.1" 200 6615
