186.78.61.101 - - [29/Feb/2016:10:48:42 -0300] "POST /cormun/servlet/solicitudotadjuntos?0f83685a32763021bfb424f5e159288e,INS,2016,223,,1,,gx-no-cache=1456753673441 HTTP/1.1" 200 90
186.78.61.101 - - [29/Feb/2016:10:48:45 -0300] "GET /cormun/servlet/hpexe_link HTTP/1.1" 200 980
191.112.100.131 - - [29/Feb/2016:10:48:46 -0300] "POST /cormun/servlet/trautorizarsolicitud?bd3ebd64ad865acf54b6bfa342039938,,gx-no-cache=1456753787281 HTTP/1.1" 200 3430
191.112.100.131 - - [29/Feb/2016:10:48:46 -0300] "POST /cormun/servlet/trautorizarsolicitud?bd3ebd64ad865acf54b6bfa342039938,,gx-no-cache=1456753787648 HTTP/1.1" 200 3430
191.112.100.131 - - [29/Feb/2016:10:48:47 -0300] "POST /cormun/servlet/trautorizarsolicitud?bd3ebd64ad865acf54b6bfa342039938,,gx-no-cache=1456753787972 HTTP/1.1" 200 3430
191.112.100.131 - - [29/Feb/2016:10:48:47 -0300] "POST /cormun/servlet/trautorizarsolicitud?bd3ebd64ad865acf54b6bfa342039938,,gx-no-cache=1456753788279 HTTP/1.1" 200 3430
191.112.100.131 - - [29/Feb/2016:10:48:47 -0300] "POST /cormun/servlet/trautorizarsolicitud?bd3ebd64ad865acf54b6bfa342039938,,gx-no-cache=1456753788634 HTTP/1.1" 200 3431
186.78.61.101 - - [29/Feb/2016:10:48:48 -0300] "GET /cormun/servlet/trsolicitudadjuntos?2016,223, HTTP/1.1" 200 5390
186.78.61.101 - - [29/Feb/2016:10:48:55 -0300] "GET /cormun/servlet/trsolicitudadjuntos?2016,223, HTTP/1.1" 200 5388
186.67.172.234 - - [29/Feb/2016:10:48:56 -0300] "GET /cormun/servlet/solicitudotadjuntos?4d7a9bd26ca78c73baecbfac06e95b0f2b50b2e46a658a8359cfdfe2d52aef1d,gx-no-cache=1456753787976 HTTP/1.1" 200 30
186.67.172.234 - - [29/Feb/2016:10:48:56 -0300] "GET /cormun/servlet/solicitudotadjuntos?4d7a9bd26ca78c73baecbfac06e95b0f2b50b2e46a658a8359cfdfe2d52aef1d,gx-no-cache=1456753787999 HTTP/1.1" 200 30
186.67.172.234 - - [29/Feb/2016:10:48:56 -0300] "POST /cormun/servlet/solicitudotadjuntos?111e6965fdf24fe6e1ac64f0f2314e27,INS,2016,227,,1, HTTP/1.1" 200 116
186.67.172.234 - - [29/Feb/2016:10:48:56 -0300] "GET /cormun/servlet/hpexe_return? HTTP/1.1" 200 1026
186.67.172.234 - - [29/Feb/2016:10:48:56 -0300] "GET /cormun/servlet/trsolicitudadjuntos?2016,227, HTTP/1.1" 200 7221
186.67.172.234 - - [29/Feb/2016:10:48:57 -0300] "GET /cormun/servlet/trsolicitudadjuntos?2016,227, HTTP/1.1" 200 7218
191.112.100.131 - - [29/Feb/2016:10:48:59 -0300] "GET /cormun/servlet/trautorizarsolicitud?6e9d4c1eb2f20ee399b8f9a9ab6bc12c0067d8fa8534e034a7d1e1ee1126adce1881afe48d3f7c9095c88aada7d9287732924b786d7619583afbfd1fa160eb01a2dfd0ddf26997b3a6b39ab3df0539d70f16c583f1e0ed4d0fba9a31e622d08e,gx-no-cache=1456753800138 HTTP/1.1" 200 710
186.67.172.234 - - [29/Feb/2016:10:49:00 -0300] "GET /cormun/servlet/solicitudotadjuntos?INS,2016,227,,1, HTTP/1.1" 200 5401
186.67.172.234 - - [29/Feb/2016:10:49:00 -0300] "GET /cormun/static/about:blank HTTP/1.1" 404 1011
186.67.172.234 - - [29/Feb/2016:10:49:00 -0300] "GET /cormun/servlet/solicitudotadjuntos?INS,2016,227,,1, HTTP/1.1" 200 5395
186.67.172.234 - - [29/Feb/2016:10:49:01 -0300] "GET /cormun/servlet/solicitudotadjuntos?4d7a9bd26ca78c73baecbfac06e95b0fc1a9aec9dec49d908038dd6bfe5e333383df56281d8fafbf1a5940eee3538b2b,gx-no-cache=1456753792980 HTTP/1.1" 200 30
186.67.172.234 - - [29/Feb/2016:10:49:01 -0300] "POST /cormun/servlet/solicitudotadjuntos?111e6965fdf24fe6e1ac64f0f2314e27,INS,2016,227,,1,,gx-no-cache=1456753793048 HTTP/1.1" 200 3312
186.67.172.234 - - [29/Feb/2016:10:49:07 -0300] "POST /cormun/servlet/solicitudotadjuntos?gx-no-cache=1456753799601 HTTP/1.1" 200 26
186.78.61.101 - - [29/Feb/2016:10:49:13 -0300] "GET /cormun/servlet/solicitudotadjuntos?INS,2016,223,,1, HTTP/1.1" 200 5451
186.78.61.101 - - [29/Feb/2016:10:49:13 -0300] "GET /cormun/static/about:blank HTTP/1.1" 404 1011
186.78.61.101 - - [29/Feb/2016:10:49:14 -0300] "GET /cormun/servlet/solicitudotadjuntos?INS,2016,223,,1, HTTP/1.1" 200 5445
186.78.61.101 - - [29/Feb/2016:10:49:14 -0300] "GET /cormun/servlet/solicitudotadjuntos?36deaa0f220f26589cb22794876c8fa563e466f336038b9f39b64b9c31ede6c62b4b888b94e60e08a644d75611f3df73,gx-no-cache=1456753731816 HTTP/1.1" 200 30
186.78.61.101 - - [29/Feb/2016:10:49:15 -0300] "POST /cormun/servlet/solicitudotadjuntos?0f83685a32763021bfb424f5e159288e,INS,2016,223,,1,,gx-no-cache=1456753731915 HTTP/1.1" 200 3350
186.103.159.44 - - [29/Feb/2016:10:49:36 -0300] "GET /cormun/servlet/hlogin HTTP/1.1" 200 1706
186.103.159.44 - - [29/Feb/2016:10:49:36 -0300] "GET /cormun/static/Resources/Spanish/PXTools.css?005343 HTTP/1.1" 304 -
186.103.159.44 - - [29/Feb/2016:10:49:36 -0300] "GET /cormun/static/gxcfg.js?20151120045111 HTTP/1.1" 304 -
186.103.159.44 - - [29/Feb/2016:10:49:36 -0300] "GET /cormun/static/messages.spa.js?85251 HTTP/1.1" 304 -
186.103.159.44 - - [29/Feb/2016:10:49:36 -0300] "GET /cormun/static/hlogin.js?20151120045126 HTTP/1.1" 304 -
186.103.159.44 - - [29/Feb/2016:10:49:37 -0300] "GET /cormun/servlet/hlogin HTTP/1.1" 200 1716
186.78.61.101 - - [29/Feb/2016:10:49:39 -0300] "POST /cormun/servlet/solicitudotadjuntos?gx-no-cache=1456753750747 HTTP/1.1" 200 26
186.103.159.44 - - [29/Feb/2016:10:49:49 -0300] "POST /cormun/servlet/hlogin?c56cfb37e2fb9efd8fe83a46fd099e14,gx-no-cache=1456753811381 HTTP/1.1" 200 90
186.103.159.44 - - [29/Feb/2016:10:49:49 -0300] "GET /cormun/servlet/hpexe_link HTTP/1.1" 200 939
186.103.159.44 - - [29/Feb/2016:10:49:49 -0300] "GET /cormun/static/gxcfg.js?20151120044395 HTTP/1.1" 304 -
186.103.159.44 - - [29/Feb/2016:10:49:49 -0300] "GET /cormun/static/hpexe_link.js?20151120044398 HTTP/1.1" 304 -
186.103.159.44 - - [29/Feb/2016:10:49:49 -0300] "GET /cormun/servlet/hhome HTTP/1.1" 200 3397
186.103.159.44 - - [29/Feb/2016:10:49:49 -0300] "GET /cormun/static/Resources/Spanish/PXTools.css?10515224 HTTP/1.1" 304 -
186.103.159.44 - - [29/Feb/2016:10:49:49 -0300] "GET /cormun/static/gxcfg.js?2015112210564248 HTTP/1.1" 304 -
186.103.159.44 - - [29/Feb/2016:10:49:49 -0300] "GET /cormun/static/hhome.js?2015112210564255 HTTP/1.1" 304 -
186.103.159.44 - - [29/Feb/2016:10:49:49 -0300] "GET /cormun/static/hwchdr01.js?20162241650484 HTTP/1.1" 304 -
186.103.159.44 - - [29/Feb/2016:10:49:49 -0300] "GET /cormun/static/hpexe_recentlink.js?2015111312121342 HTTP/1.1" 304 -
186.103.159.44 - - [29/Feb/2016:10:49:49 -0300] "GET /cormun/static/hpexe_scripts.js?20151120014546 HTTP/1.1" 304 -
186.103.159.44 - - [29/Feb/2016:10:49:49 -0300] "GET /cormun/static/hpexe_messagepopupcomponent.js?201622412404545 HTTP/1.1" 304 -
186.103.159.44 - - [29/Feb/2016:10:49:49 -0300] "GET /cormun/static/hpexe_messagegenexuscomponent.js?20151120014314 HTTP/1.1" 304 -
186.103.159.44 - - [29/Feb/2016:10:49:49 -0300] "GET /cormun/static/cmcontrolpreferences.js?20151120014525 HTTP/1.1" 304 -
186.103.159.44 - - [29/Feb/2016:10:49:49 -0300] "GET /cormun/static/hmpwkw03.js?201622421393366 HTTP/1.1" 304 -
186.103.159.44 - - [29/Feb/2016:10:49:49 -0300] "GET /cormun/static/hpexe_messagecontroller.js?2015112210524422 HTTP/1.1" 304 -
186.103.159.44 - - [29/Feb/2016:10:49:53 -0300] "GET /cormun/servlet/trsolicitudot? HTTP/1.1" 200 6111
186.103.159.44 - - [29/Feb/2016:10:49:53 -0300] "GET /cormun/static/Resources/Spanish/PXTools.css?17554516 HTTP/1.1" 304 -
186.103.159.44 - - [29/Feb/2016:10:49:53 -0300] "GET /cormun/static/gxcfg.js?20161623482752 HTTP/1.1" 304 -
186.103.159.44 - - [29/Feb/2016:10:49:53 -0300] "GET /cormun/static/trsolicitudot.js?20161623483284 HTTP/1.1" 304 -
186.78.61.101 - - [29/Feb/2016:10:49:58 -0300] "GET /cormun/servlet/solicitudotadjuntos?36deaa0f220f26589cb22794876c8fa5bb9453f7ad37e06a984d068373b87a49,gx-no-cache=1456753772457 HTTP/1.1" 200 30
186.103.159.44 - - [29/Feb/2016:10:50:00 -0300] "GET /cormun/servlet/solicitudot?INS,0,0, HTTP/1.1" 200 12041
186.103.159.44 - - [29/Feb/2016:10:50:00 -0300] "GET /cormun/static/gxcfg.js?201617004230 HTTP/1.1" 304 -
186.103.159.44 - - [29/Feb/2016:10:50:00 -0300] "GET /cormun/static/solicitudot.js?201617004281 HTTP/1.1" 304 -
186.78.61.101 - - [29/Feb/2016:10:50:00 -0300] "GET /cormun/servlet/solicitudotadjuntos?36deaa0f220f26589cb22794876c8fa5bb9453f7ad37e06a984d068373b87a49,gx-no-cache=1456753775554 HTTP/1.1" 200 30
191.112.100.131 - - [29/Feb/2016:10:50:16 -0300] "POST /cormun/servlet/trautorizarsolicitud?bd3ebd64ad865acf54b6bfa342039938,,gx-no-cache=1456753877117 HTTP/1.1" 200 3429
186.78.61.101 - - [29/Feb/2016:10:50:16 -0300] "POST /cormun/servlet/solicitudotadjuntos?0f83685a32763021bfb424f5e159288e,INS,2016,223,,1, HTTP/1.1" 200 116
191.112.100.131 - - [29/Feb/2016:10:50:17 -0300] "GET /cormun/static/menuarrow.gif HTTP/1.1" 404 1015
186.78.61.101 - - [29/Feb/2016:10:50:19 -0300] "GET /cormun/servlet/hpexe_return? HTTP/1.1" 200 1027
186.78.61.101 - - [29/Feb/2016:10:50:21 -0300] "GET /cormun/servlet/trsolicitudadjuntos?2016,223, HTTP/1.1" 200 7314
186.78.49.227 - - [29/Feb/2016:10:50:23 -0300] "GET /cormun/servlet/hlogin HTTP/1.1" 200 1729
186.78.61.101 - - [29/Feb/2016:10:50:24 -0300] "GET /cormun/servlet/trsolicitudadjuntos?2016,223, HTTP/1.1" 200 7311
186.103.159.44 - - [29/Feb/2016:10:50:56 -0300] "POST /cormun/servlet/solicitudot?gx-no-cache=1456753878141 HTTP/1.1" 200 2669
186.103.159.44 - - [29/Feb/2016:10:50:56 -0300] "POST /cormun/servlet/solicitudot?c56cfb37e2fb9efd8fe83a46fd099e14,INS,0,0,,gx-no-cache=1456753878396 HTTP/1.1" 200 9383
186.103.159.44 - - [29/Feb/2016:10:50:58 -0300] "GET /cormun/servlet/solicitudot?e849930c6c061238d51069243b251b9ec0ed59af3323b7b0490a4fdbd3b3642c606dcf9e8a366dd9cef062266e0512cf,gx-no-cache=1456753880495 HTTP/1.1" 200 30
191.112.100.131 - - [29/Feb/2016:10:51:22 -0300] "GET /cormun/servlet/trautorizarsolicitud?6e9d4c1eb2f20ee399b8f9a9ab6bc12c82ff27cb955cd2eaa40a796ee2161086a184c22e5c1290fad94647da7732c5abcb6d4dac51700719488674251540f0ea2d1ed2e89960fffcfef91c68c2d34bc819d2b367d99d6095a73d4ace42c983e0,gx-no-cache=1456753943144 HTTP/1.1" 200 712
191.112.100.131 - - [29/Feb/2016:10:51:28 -0300] "GET /cormun/servlet/trautorizarsolicitud?6e9d4c1eb2f20ee399b8f9a9ab6bc12c82ff27cb955cd2eaa40a796ee2161086c7bfc439c97e9e0c9a4d52f0fd301011e758563ccdf8d41714fe859fd476ea1ba2ca96a1ddd66b6363cb03b2a9c1f4cb0bf311559f81ad8aeabe60489785c200,gx-no-cache=1456753949326 HTTP/1.1" 200 712
191.112.100.131 - - [29/Feb/2016:10:51:28 -0300] "POST /cormun/servlet/trautorizarsolicitud?bd3ebd64ad865acf54b6bfa342039938,,gx-no-cache=1456753949491 HTTP/1.1" 200 3429
191.112.100.131 - - [29/Feb/2016:10:51:29 -0300] "POST /cormun/servlet/trautorizarsolicitud?bd3ebd64ad865acf54b6bfa342039938,,gx-no-cache=1456753949868 HTTP/1.1" 200 3431
191.112.100.131 - - [29/Feb/2016:10:51:30 -0300] "GET /cormun/servlet/trautorizarsolicitud?6e9d4c1eb2f20ee399b8f9a9ab6bc12c644b245118657d50176ce362e29b729929600698b70bbf1a5a0a3016689e2abc627bcc6812a8f4f8ca88b61466db3315be22bb60748224bb5d2da8ab271749b45bda75277ed165ef16f6b49bee6a4b22,gx-no-cache=1456753951751 HTTP/1.1" 200 712
191.112.100.131 - - [29/Feb/2016:10:51:32 -0300] "GET /cormun/servlet/trautorizarsolicitud?6e9d4c1eb2f20ee399b8f9a9ab6bc12ca191a45bd7f423661e95d3b170af187e8a7ce9446c3104d8b3d46a4db48d9b0c6397d31b22fb27991206954f520e0720efdc21eaa8a268d626686c10e84ec4a3a94dc306dba74663ffd6728ea83308d8,gx-no-cache=1456753953031 HTTP/1.1" 200 712
191.112.100.131 - - [29/Feb/2016:10:51:33 -0300] "POST /cormun/servlet/trautorizarsolicitud?bd3ebd64ad865acf54b6bfa342039938,,gx-no-cache=1456753954403 HTTP/1.1" 200 3443
186.78.61.101 - - [29/Feb/2016:10:51:35 -0300] "GET /cormun/servlet/solicitudotadjuntos?INS,2016,223,,1, HTTP/1.1" 200 5451
191.112.100.131 - - [29/Feb/2016:10:51:36 -0300] "GET /cormun/servlet/trautorizarsolicitud?6e9d4c1eb2f20ee399b8f9a9ab6bc12ca191a45bd7f423661e95d3b170af187ecc4ff8cfe1fc754cea9b5827a4ef1d9a11dd3c17dc58e210eb17ebdfbcfc582667d9716c9334a5f4cd5147067a9d4eac990bf6bf0f95d33869221f9f7542dbecea8217977582717940566a880b2eb48a,gx-no-cache=1456753957280 HTTP/1.1" 200 717
191.112.100.131 - - [29/Feb/2016:10:51:37 -0300] "GET /cormun/servlet/trautorizarsolicitud?6e9d4c1eb2f20ee399b8f9a9ab6bc12ca191a45bd7f423661e95d3b170af187ea216f89d28ab76891fd6658ddc0f820cb5ff2690c54dc1efe7493ba8cb1bcc2640bdeac36d6030509edb90cfef21c3cc185a2be34737aff8ff8c59378940f4b9c7ee5d2e31a9967458a5fe0ddd60de33,gx-no-cache=1456753958169 HTTP/1.1" 200 717
186.78.61.101 - - [29/Feb/2016:10:51:38 -0300] "GET /cormun/static/about:blank HTTP/1.1" 404 1011
186.78.61.101 - - [29/Feb/2016:10:51:38 -0300] "GET /cormun/servlet/solicitudotadjuntos?INS,2016,223,,1, HTTP/1.1" 200 5445
191.112.100.131 - - [29/Feb/2016:10:51:38 -0300] "POST /cormun/servlet/trautorizarsolicitud?bd3ebd64ad865acf54b6bfa342039938,,gx-no-cache=1456753959665 HTTP/1.1" 200 3448
191.112.100.131 - - [29/Feb/2016:10:51:39 -0300] "POST /cormun/servlet/trautorizarsolicitud?bd3ebd64ad865acf54b6bfa342039938,,gx-no-cache=1456753960036 HTTP/1.1" 200 3448
191.112.100.131 - - [29/Feb/2016:10:51:39 -0300] "POST /cormun/servlet/trautorizarsolicitud?bd3ebd64ad865acf54b6bfa342039938,,gx-no-cache=1456753960415 HTTP/1.1" 200 3447
191.112.100.131 - - [29/Feb/2016:10:51:40 -0300] "POST /cormun/servlet/trautorizarsolicitud?bd3ebd64ad865acf54b6bfa342039938,,gx-no-cache=1456753960789 HTTP/1.1" 200 3448
191.112.100.131 - - [29/Feb/2016:10:51:40 -0300] "POST /cormun/servlet/trautorizarsolicitud?bd3ebd64ad865acf54b6bfa342039938,,gx-no-cache=1456753961174 HTTP/1.1" 200 3448
186.78.61.101 - - [29/Feb/2016:10:51:41 -0300] "GET /cormun/servlet/solicitudotadjuntos?36deaa0f220f26589cb22794876c8fa563e466f336038b9f39b64b9c31ede6c62b4b888b94e60e08a644d75611f3df73,gx-no-cache=1456753873600 HTTP/1.1" 200 30
186.78.61.101 - - [29/Feb/2016:10:51:50 -0300] "POST /cormun/servlet/solicitudotadjuntos?0f83685a32763021bfb424f5e159288e,INS,2016,223,,1,,gx-no-cache=1456753879042 HTTP/1.1" 200 3350
191.112.100.131 - - [29/Feb/2016:10:52:09 -0300] "POST /cormun/servlet/trautorizarsolicitud?bd3ebd64ad865acf54b6bfa342039938,,gx-no-cache=1456753990516 HTTP/1.1" 200 3447
191.112.100.131 - - [29/Feb/2016:10:52:10 -0300] "POST /cormun/servlet/trautorizarsolicitud?bd3ebd64ad865acf54b6bfa342039938,,gx-no-cache=1456753990923 HTTP/1.1" 200 3448
191.112.100.131 - - [29/Feb/2016:10:52:10 -0300] "POST /cormun/servlet/trautorizarsolicitud?bd3ebd64ad865acf54b6bfa342039938,,gx-no-cache=1456753991303 HTTP/1.1" 200 3448
191.112.100.131 - - [29/Feb/2016:10:52:10 -0300] "POST /cormun/servlet/trautorizarsolicitud?bd3ebd64ad865acf54b6bfa342039938,,gx-no-cache=1456753991678 HTTP/1.1" 200 3448
191.112.100.131 - - [29/Feb/2016:10:52:16 -0300] "POST /cormun/servlet/trautorizarsolicitud?bd3ebd64ad865acf54b6bfa342039938,,gx-no-cache=1456753997128 HTTP/1.1" 200 3448
191.112.100.131 - - [29/Feb/2016:10:52:18 -0300] "POST /cormun/servlet/trautorizarsolicitud?bd3ebd64ad865acf54b6bfa342039938,,gx-no-cache=1456753998855 HTTP/1.1" 200 3448
186.78.61.101 - - [29/Feb/2016:10:52:19 -0300] "POST /cormun/servlet/solicitudotadjuntos?gx-no-cache=1456753906787 HTTP/1.1" 200 26
191.112.100.131 - - [29/Feb/2016:10:52:29 -0300] "POST /cormun/servlet/trautorizarsolicitud?bd3ebd64ad865acf54b6bfa342039938,,gx-no-cache=1456754010173 HTTP/1.1" 200 3448
191.112.100.131 - - [29/Feb/2016:10:52:29 -0300] "POST /cormun/servlet/trautorizarsolicitud?bd3ebd64ad865acf54b6bfa342039938,,gx-no-cache=1456754010585 HTTP/1.1" 200 3449
186.78.61.101 - - [29/Feb/2016:10:52:33 -0300] "POST /cormun/servlet/solicitudotadjuntos?gx-no-cache=1456753927967 HTTP/1.1" 200 26
191.112.100.131 - - [29/Feb/2016:10:52:39 -0300] "POST /cormun/servlet/trautorizarsolicitud?bd3ebd64ad865acf54b6bfa342039938,,gx-no-cache=1456754020092 HTTP/1.1" 200 3447
191.112.100.131 - - [29/Feb/2016:10:52:39 -0300] "POST /cormun/servlet/trautorizarsolicitud?bd3ebd64ad865acf54b6bfa342039938,,gx-no-cache=1456754020485 HTTP/1.1" 200 3448
191.112.100.131 - - [29/Feb/2016:10:52:40 -0300] "POST /cormun/servlet/trautorizarsolicitud?bd3ebd64ad865acf54b6bfa342039938,,gx-no-cache=1456754020870 HTTP/1.1" 200 3448
191.112.100.131 - - [29/Feb/2016:10:52:40 -0300] "POST /cormun/servlet/trautorizarsolicitud?bd3ebd64ad865acf54b6bfa342039938,,gx-no-cache=1456754021261 HTTP/1.1" 200 3448
191.112.100.131 - - [29/Feb/2016:10:52:43 -0300] "POST /cormun/servlet/trautorizarsolicitud?bd3ebd64ad865acf54b6bfa342039938,,gx-no-cache=1456754024457 HTTP/1.1" 200 3448
191.112.100.131 - - [29/Feb/2016:10:52:53 -0300] "GET /cormun/servlet/trautorizarsolicitud?6e9d4c1eb2f20ee399b8f9a9ab6bc12c82ff27cb955cd2eaa40a796ee216108647098e7cd7234fadbd0ff1549e9d9eb9fdc19a5fa65f2a8e624cd39ef9c5a0d8e758563ccdf8d41714fe859fd476ea1ba2ca96a1ddd66b6363cb03b2a9c1f4cb0bf311559f81ad8aeabe60489785c200,gx-no-cache=1456754034169 HTTP/1.1" 200 723
191.112.100.131 - - [29/Feb/2016:10:52:53 -0300] "POST /cormun/servlet/trautorizarsolicitud?bd3ebd64ad865acf54b6bfa342039938,,gx-no-cache=1456754034376 HTTP/1.1" 200 3458
186.78.61.101 - - [29/Feb/2016:10:53:02 -0300] "GET /cormun/servlet/solicitudotadjuntos?36deaa0f220f26589cb22794876c8fa5bb9453f7ad37e06a984d068373b87a49,gx-no-cache=1456753953687 HTTP/1.1" 200 30
191.112.100.131 - - [29/Feb/2016:10:53:03 -0300] "GET /cormun/servlet/trvisualizadoreventos? HTTP/1.1" 200 5923
191.112.100.131 - - [29/Feb/2016:10:53:03 -0300] "GET /cormun/servlet/trvisualizadoreventos? HTTP/1.1" 200 5923
186.78.61.101 - - [29/Feb/2016:10:53:04 -0300] "GET /cormun/servlet/solicitudotadjuntos?36deaa0f220f26589cb22794876c8fa5bb9453f7ad37e06a984d068373b87a49,gx-no-cache=1456753959128 HTTP/1.1" 200 30
191.112.100.131 - - [29/Feb/2016:10:53:14 -0300] "GET /cormun/servlet/trvisualizadoreventos?6e9d4c1eb2f20ee399b8f9a9ab6bc12c311eea6f0b7220db30f67c4226b0473ad8ebc73f349c5273428697e279b5a499624f20457acab98f3cc03ae44a395bddf565c989f4af4d82b6c2c00a56f90861a836c6c2aa817c5e894a3e6d5a0b9955a5e8c76a15ad058fba1a35a3057d7441a59ad5259f94542ad4d27d02a81dfdecaa702423faa8e8d93d5a3801dab53f675353b77b4e77e198da51f257a291b066efbc81dc66eb6e0fa8b21c8c8e41500d1ec329a0dc863b18764c8d75b514f5c8,gx-no-cache=1456754055501 HTTP/1.1" 200 582
191.112.100.131 - - [29/Feb/2016:10:53:17 -0300] "GET /cormun/servlet/trvisualizadoreventos?6e9d4c1eb2f20ee399b8f9a9ab6bc12c311eea6f0b7220db30f67c4226b0473ad8ebc73f349c5273428697e279b5a499624f20457acab98f3cc03ae44a395bddf565c989f4af4d82b6c2c00a56f90861a836c6c2aa817c5e894a3e6d5a0b9955a5e8c76a15ad058fba1a35a3057d7441a59ad5259f94542ad4d27d02a81dfdecaa702423faa8e8d93d5a3801dab53f675353b77b4e77e198da51f257a291b066efbc81dc66eb6e0fa8b21c8c8e41500d1bbfddfe062b48ff43ecad976eaee6cc,gx-no-cache=1456754058150 HTTP/1.1" 200 576
191.112.100.131 - - [29/Feb/2016:10:53:20 -0300] "GET /cormun/servlet/trvisualizadoreventos?6e9d4c1eb2f20ee399b8f9a9ab6bc12c311eea6f0b7220db30f67c4226b0473ad8ebc73f349c5273428697e279b5a499624f20457acab98f3cc03ae44a395bddf565c989f4af4d82b6c2c00a56f90861a836c6c2aa817c5e894a3e6d5a0b9955a5e8c76a15ad058fba1a35a3057d7441a59ad5259f94542ad4d27d02a81dfdecaa702423faa8e8d93d5a3801dab53f675353b77b4e77e198da51f257a291b066efbc81dc66eb6e0fa8b21c8c8e41500d4a22bb94ef38ecb9cdfd996c6b85cd55,gx-no-cache=1456754060864 HTTP/1.1" 200 580
191.112.100.131 - - [29/Feb/2016:10:53:21 -0300] "POST /cormun/servlet/trvisualizadoreventos?bd3ebd64ad865acf54b6bfa342039938,,gx-no-cache=1456754062313 HTTP/1.1" 200 3340
191.112.100.131 - - [29/Feb/2016:10:53:21 -0300] "POST /cormun/servlet/trvisualizadoreventos?bd3ebd64ad865acf54b6bfa342039938,,gx-no-cache=1456754062659 HTTP/1.1" 200 3340
186.103.159.44 - - [29/Feb/2016:10:53:23 -0300] "POST /cormun/servlet/solicitudot?gx-no-cache=1456754025409 HTTP/1.1" 200 30
186.78.61.101 - - [29/Feb/2016:10:53:26 -0300] "POST /cormun/servlet/solicitudotadjuntos?0f83685a32763021bfb424f5e159288e,INS,2016,223,,1, HTTP/1.1" 200 116
186.103.159.44 - - [29/Feb/2016:10:53:27 -0300] "POST /cormun/servlet/solicitudot?gx-no-cache=1456754029425 HTTP/1.1" 200 30
191.112.100.131 - - [29/Feb/2016:10:53:27 -0300] "GET /cormun/servlet/trvisualizadoreventos?6e9d4c1eb2f20ee399b8f9a9ab6bc12c311eea6f0b7220db30f67c4226b0473ad8ebc73f349c5273428697e279b5a499624f20457acab98f3cc03ae44a395bddf565c989f4af4d82b6c2c00a56f90861a836c6c2aa817c5e894a3e6d5a0b9955a5e8c76a15ad058fba1a35a3057d7441a59ad5259f94542ad4d27d02a81dfdecaa702423faa8e8d93d5a3801dab53f675353b77b4e77e198da51f257a291b0666522c0de9a82593e4f739b24f0db641a00c3c2caf507297c5af4759a15255725,gx-no-cache=1456754068455 HTTP/1.1" 200 578
186.103.159.44 - - [29/Feb/2016:10:53:29 -0300] "POST /cormun/servlet/solicitudot?gx-no-cache=1456754031034 HTTP/1.1" 200 452
186.103.159.44 - - [29/Feb/2016:10:53:29 -0300] "GET /cormun/servlet/solicitudot?e849930c6c061238d51069243b251b9e2bbd00a9ba734600bee32d1c7c6a2138eb97a8d955df96cb954e896d0455514adf89fa4fc8825666d9f8e224bdc054047939ce168ac028f316e73bcc93c246a372bbb1414410c30c214a3c07fb81be5d80f7d85246f8b9a58af2fc5db382da18f233fbb4eac7f128852ef928919ad00a9245f64467f2839d81bed1be759b77fe,gx-no-cache=1456754031070 HTTP/1.1" 200 38
186.78.61.101 - - [29/Feb/2016:10:53:29 -0300] "GET /cormun/servlet/hpexe_return? HTTP/1.1" 200 1027
191.112.100.131 - - [29/Feb/2016:10:53:31 -0300] "GET /cormun/servlet/trvisualizadoreventos?6e9d4c1eb2f20ee399b8f9a9ab6bc12c311eea6f0b7220db30f67c4226b0473ad8ebc73f349c5273428697e279b5a499624f20457acab98f3cc03ae44a395bddf565c989f4af4d82b6c2c00a56f90861a836c6c2aa817c5e894a3e6d5a0b9955a5e8c76a15ad058fba1a35a3057d7441a59ad5259f94542ad4d27d02a81dfdecaa702423faa8e8d93d5a3801dab53f675353b77b4e77e198da51f257a291b0666522c0de9a82593e4f739b24f0db641a00c3c2caf507297c5af4759a15255725,gx-no-cache=1456754072231 HTTP/1.1" 200 578
186.78.61.101 - - [29/Feb/2016:10:53:32 -0300] "GET /cormun/servlet/trsolicitudadjuntos?2016,223, HTTP/1.1" 200 7517
191.112.100.131 - - [29/Feb/2016:10:53:35 -0300] "GET /cormun/servlet/trvisualizadoreventos?6e9d4c1eb2f20ee399b8f9a9ab6bc12c311eea6f0b7220db30f67c4226b0473ad8ebc73f349c5273428697e279b5a499624f20457acab98f3cc03ae44a395bddf565c989f4af4d82b6c2c00a56f90861a836c6c2aa817c5e894a3e6d5a0b9955a5e8c76a15ad058fba1a35a3057d7441a59ad5259f94542ad4d27d02a81dfdecaa702423faa8e8d93d5a3801dab53f675353b77b4e77e198da51f257a291b0663548b5f44b53c0ac5655993570e8c7d556fdafe9993b9688028d08b1920cc320,gx-no-cache=1456754076647 HTTP/1.1" 200 581
186.78.61.101 - - [29/Feb/2016:10:53:36 -0300] "GET /cormun/servlet/trsolicitudadjuntos?2016,223, HTTP/1.1" 200 7514
191.112.100.131 - - [29/Feb/2016:10:53:39 -0300] "POST /cormun/servlet/trvisualizadoreventos?bd3ebd64ad865acf54b6bfa342039938,,gx-no-cache=1456754080099 HTTP/1.1" 200 3337
191.112.100.131 - - [29/Feb/2016:10:53:39 -0300] "POST /cormun/servlet/trvisualizadoreventos?bd3ebd64ad865acf54b6bfa342039938,,gx-no-cache=1456754080424 HTTP/1.1" 200 3337
191.112.100.131 - - [29/Feb/2016:10:53:40 -0300] "POST /cormun/servlet/trvisualizadoreventos?bd3ebd64ad865acf54b6bfa342039938,,gx-no-cache=1456754080750 HTTP/1.1" 200 3337
191.112.100.131 - - [29/Feb/2016:10:53:47 -0300] "GET /cormun/servlet/trvisualizadoreventos?6e9d4c1eb2f20ee399b8f9a9ab6bc12c311eea6f0b7220db30f67c4226b0473ad8ebc73f349c5273428697e279b5a499624f20457acab98f3cc03ae44a395bddf565c989f4af4d82b6c2c00a56f90861a836c6c2aa817c5e894a3e6d5a0b9955a5e8c76a15ad058fba1a35a3057d7441a59ad5259f94542ad4d27d02a81dfdecaa702423faa8e8d93d5a3801dab53f675353b77b4e77e198da51f257a291b066d4f1a2012806575b4d6c7114331bf0ed56fdafe9993b9688028d08b1920cc320,gx-no-cache=1456754088480 HTTP/1.1" 200 581
191.112.100.131 - - [29/Feb/2016:10:53:48 -0300] "GET /cormun/servlet/trvisualizadoreventos?6e9d4c1eb2f20ee399b8f9a9ab6bc12c311eea6f0b7220db30f67c4226b0473ad8ebc73f349c5273428697e279b5a499624f20457acab98f3cc03ae44a395bddf565c989f4af4d82b6c2c00a56f90861a836c6c2aa817c5e894a3e6d5a0b9955a5e8c76a15ad058fba1a35a3057d7441a59ad5259f94542ad4d27d02a81dfdecaa702423faa8e8d93d5a3801dab53f675353b77b4e77e198da51f257a291b066efbc81dc66eb6e0fa8b21c8c8e41500d56fdafe9993b9688028d08b1920cc320,gx-no-cache=1456754089022 HTTP/1.1" 200 579
191.112.100.131 - - [29/Feb/2016:10:53:49 -0300] "POST /cormun/servlet/trvisualizadoreventos?bd3ebd64ad865acf54b6bfa342039938,,gx-no-cache=1456754090112 HTTP/1.1" 200 3340
191.112.100.131 - - [29/Feb/2016:10:53:49 -0300] "POST /cormun/servlet/trvisualizadoreventos?bd3ebd64ad865acf54b6bfa342039938,,gx-no-cache=1456754090443 HTTP/1.1" 200 3340
191.112.100.131 - - [29/Feb/2016:10:53:50 -0300] "POST /cormun/servlet/trvisualizadoreventos?bd3ebd64ad865acf54b6bfa342039938,,gx-no-cache=1456754090779 HTTP/1.1" 200 3340
191.112.100.131 - - [29/Feb/2016:10:53:52 -0300] "POST /cormun/servlet/trvisualizadoreventos?bd3ebd64ad865acf54b6bfa342039938,,gx-no-cache=1456754093403 HTTP/1.1" 200 3342
191.112.100.131 - - [29/Feb/2016:10:53:52 -0300] "GET /cormun/servlet/trvisualizadoreventos?6e9d4c1eb2f20ee399b8f9a9ab6bc12c98a25bf8c7d161af06b7f82ad3d9113c42ec6cda6f17235931ee39bfdf4ae14e624f20457acab98f3cc03ae44a395bddf565c989f4af4d82b6c2c00a56f90861a836c6c2aa817c5e894a3e6d5a0b9955a5e8c76a15ad058fba1a35a3057d7441a59ad5259f94542ad4d27d02a81dfdecaa702423faa8e8d93d5a3801dab53f675353b77b4e77e198da51f257a291b066efbc81dc66eb6e0fa8b21c8c8e41500d56fdafe9993b9688028d08b1920cc320,gx-no-cache=1456754093811 HTTP/1.1" 200 582
186.78.49.227 - - [29/Feb/2016:10:53:57 -0300] "GET /cormun/servlet/hlogin HTTP/1.1" 200 1722
186.78.49.227 - - [29/Feb/2016:10:53:57 -0300] "GET /cormun/static/gxcfg.js?20151120045111 HTTP/1.1" 200 953
186.78.49.227 - - [29/Feb/2016:10:53:57 -0300] "GET /cormun/static/hlogin.js?20151120045126 HTTP/1.1" 200 2136
186.78.49.227 - - [29/Feb/2016:10:53:57 -0300] "GET /cormun/static/gxtimezone.js?85251 HTTP/1.1" 200 5781
186.78.49.227 - - [29/Feb/2016:10:53:57 -0300] "GET /cormun/static/messages.spa.js?85251 HTTP/1.1" 200 30736
186.78.49.227 - - [29/Feb/2016:10:53:57 -0300] "GET /cormun/static/Resources/Spanish/PXTools.css?005343 HTTP/1.1" 200 89042
186.78.49.227 - - [29/Feb/2016:10:53:58 -0300] "GET /cormun/static/Resources/ComunLogin.png HTTP/1.1" 200 17326
186.78.49.227 - - [29/Feb/2016:10:53:58 -0300] "GET /cormun/static/gxgral.js?85251 HTTP/1.1" 200 384558
186.78.49.227 - - [29/Feb/2016:10:53:58 -0300] "GET /cormun/static/Resources/PXToolsLoginTop.png HTTP/1.1" 200 1337
186.78.49.227 - - [29/Feb/2016:10:53:58 -0300] "GET /cormun/static/Resources/PXToolsLoginBackground.png HTTP/1.1" 200 1164
186.78.49.227 - - [29/Feb/2016:10:53:58 -0300] "GET /cormun/static/Resources/PXToolsButtonRight21.png HTTP/1.1" 200 1283
186.78.49.227 - - [29/Feb/2016:10:53:58 -0300] "GET /cormun/static/Resources/PXToolsLoginBottom.png HTTP/1.1" 200 1389
186.78.49.227 - - [29/Feb/2016:10:53:58 -0300] "GET /cormun/static/Resources/PXToolsButtonLeft21.png HTTP/1.1" 200 1287
186.78.49.227 - - [29/Feb/2016:10:53:58 -0300] "GET /cormun/static/Resources/PXToolsButtonBackground2.png HTTP/1.1" 200 1181
186.78.49.227 - - [29/Feb/2016:10:53:58 -0300] "GET /cormun/static/Resources/indicator.gif HTTP/1.1" 200 1553
186.78.49.227 - - [29/Feb/2016:10:53:58 -0300] "GET /cormun/servlet/hlogin HTTP/1.1" 200 1726
186.78.49.227 - - [29/Feb/2016:10:53:59 -0300] "GET /favicon.ico HTTP/1.1" 200 21630
191.112.100.131 - - [29/Feb/2016:10:53:59 -0300] "GET /cormun/servlet/trvisualizadoreventos?6e9d4c1eb2f20ee399b8f9a9ab6bc12c0a5033107f59620121fbf48d5e87a1b242ec6cda6f17235931ee39bfdf4ae14e624f20457acab98f3cc03ae44a395bddf565c989f4af4d82b6c2c00a56f90861a836c6c2aa817c5e894a3e6d5a0b9955a5e8c76a15ad058fba1a35a3057d7441a59ad5259f94542ad4d27d02a81dfdecaa702423faa8e8d93d5a3801dab53f675353b77b4e77e198da51f257a291b066efbc81dc66eb6e0fa8b21c8c8e41500d56fdafe9993b9688028d08b1920cc320,gx-no-cache=1456754100145 HTTP/1.1" 200 582
191.112.100.131 - - [29/Feb/2016:10:53:59 -0300] "POST /cormun/servlet/trvisualizadoreventos?bd3ebd64ad865acf54b6bfa342039938,,gx-no-cache=1456754100288 HTTP/1.1" 200 3343
186.103.159.44 - - [29/Feb/2016:10:54:09 -0300] "GET /cormun/servlet/solicitudot?e849930c6c061238d51069243b251b9ecf3c5939d93dbf71d24e5fc08b4bad5f9cfe2b5deaaf65a9a9ff87a97e81e7afdc9d45532b2e5a417b210505fa4d20d002e25cc065a010d6d65b1b761224e268c4ad1566dd425239b16cc39dad49a9a4bfa6824790807618026472f72a003f76,gx-no-cache=1456754071272 HTTP/1.1" 200 29
191.112.100.131 - - [29/Feb/2016:10:54:10 -0300] "GET /cormun/servlet/trvisualizadoreventos?6e9d4c1eb2f20ee399b8f9a9ab6bc12c9d47174f9f86b6f39577aa8f63e9916942ec6cda6f17235931ee39bfdf4ae14e624f20457acab98f3cc03ae44a395bddf565c989f4af4d82b6c2c00a56f90861a836c6c2aa817c5e894a3e6d5a0b9955a5e8c76a15ad058fba1a35a3057d7441a59ad5259f94542ad4d27d02a81dfdecaa702423faa8e8d93d5a3801dab53f675353b77b4e77e198da51f257a291b066efbc81dc66eb6e0fa8b21c8c8e41500d56fdafe9993b9688028d08b1920cc320,gx-no-cache=1456754111402 HTTP/1.1" 200 583
186.103.159.44 - - [29/Feb/2016:10:54:10 -0300] "POST /cormun/servlet/solicitudot?gx-no-cache=1456754072592 HTTP/1.1" 200 1116
191.112.100.131 - - [29/Feb/2016:10:54:10 -0300] "POST /cormun/servlet/trvisualizadoreventos?bd3ebd64ad865acf54b6bfa342039938,,gx-no-cache=1456754111544 HTTP/1.1" 200 3342
186.78.49.227 - - [29/Feb/2016:10:54:16 -0300] "POST /cormun/servlet/hlogin?a4bd6eb2e18f76cae7c0caf3478dce49,gx-no-cache=1456754127130 HTTP/1.1" 200 90
191.112.100.131 - - [29/Feb/2016:10:54:16 -0300] "GET /cormun/servlet/trvisualizadoreventos?6e9d4c1eb2f20ee399b8f9a9ab6bc12c200392717cf13af18536f48d6c41c10e42ec6cda6f17235931ee39bfdf4ae14e624f20457acab98f3cc03ae44a395bddf565c989f4af4d82b6c2c00a56f90861a836c6c2aa817c5e894a3e6d5a0b9955a5e8c76a15ad058fba1a35a3057d7441a59ad5259f94542ad4d27d02a81dfdecaa702423faa8e8d93d5a3801dab53f675353b77b4e77e198da51f257a291b066efbc81dc66eb6e0fa8b21c8c8e41500d56fdafe9993b9688028d08b1920cc320,gx-no-cache=1456754117564 HTTP/1.1" 200 581
186.78.49.227 - - [29/Feb/2016:10:54:16 -0300] "GET /cormun/servlet/hpexe_link HTTP/1.1" 200 947
186.78.49.227 - - [29/Feb/2016:10:54:16 -0300] "GET /cormun/static/gxcfg.js?20151120044395 HTTP/1.1" 200 953
186.78.49.227 - - [29/Feb/2016:10:54:16 -0300] "GET /cormun/static/hpexe_link.js?20151120044398 HTTP/1.1" 200 625
186.78.49.227 - - [29/Feb/2016:10:54:16 -0300] "GET /cormun/servlet/hhome HTTP/1.1" 200 3349
191.112.100.131 - - [29/Feb/2016:10:54:17 -0300] "POST /cormun/servlet/trvisualizadoreventos?bd3ebd64ad865acf54b6bfa342039938,,gx-no-cache=1456754117750 HTTP/1.1" 200 3341
186.78.49.227 - - [29/Feb/2016:10:54:17 -0300] "GET /cormun/static/Shared/jqueryui/jquery-ui.min.css?1345370 HTTP/1.1" 200 30288
186.78.49.227 - - [29/Feb/2016:10:54:17 -0300] "GET /cormun/static/SmoothNavMenu/resources/ddsmoothmenu-v.css?1112540 HTTP/1.1" 200 1188
186.78.49.227 - - [29/Feb/2016:10:54:17 -0300] "GET /cormun/static/SmoothNavMenu/resources/ddsmoothmenu.css?1112540 HTTP/1.1" 200 2223
186.78.49.227 - - [29/Feb/2016:10:54:17 -0300] "GET /cormun/static/scaMessage/css/jquery.pnotify.default.css?1816380 HTTP/1.1" 200 1707
186.78.49.227 - - [29/Feb/2016:10:54:17 -0300] "GET /cormun/static/gxcfg.js?2015112210564248 HTTP/1.1" 200 953
186.78.49.227 - - [29/Feb/2016:10:54:17 -0300] "GET /cormun/static/PXToolsJavascripts/pexe_autoreload.js HTTP/1.1" 200 1762
186.78.49.227 - - [29/Feb/2016:10:54:17 -0300] "GET /cormun/static/PXToolsJavascripts/pexe_cookies.js HTTP/1.1" 200 792
186.78.49.227 - - [29/Feb/2016:10:54:17 -0300] "GET /cormun/static/Resources/Spanish/PXTools.css?10515224 HTTP/1.1" 200 89042
186.78.49.227 - - [29/Feb/2016:10:54:17 -0300] "GET /cormun/static/PXToolsJavascripts/pexe_windows.js HTTP/1.1" 200 15207
186.78.49.227 - - [29/Feb/2016:10:54:17 -0300] "GET /cormun/static/PXToolsJavascripts/pexe_grid.js HTTP/1.1" 200 7559
186.78.49.227 - - [29/Feb/2016:10:54:17 -0300] "GET /cormun/static/PXToolsJavascripts/pexe_griddivfix.js HTTP/1.1" 200 6644
186.78.49.227 - - [29/Feb/2016:10:54:17 -0300] "GET /cormun/static/PXToolsJavascripts/pexe_link.js HTTP/1.1" 200 5671
186.78.49.227 - - [29/Feb/2016:10:54:17 -0300] "GET /cormun/static/PXToolsJavascripts/pexe_menudivfix.js HTTP/1.1" 200 333
186.78.49.227 - - [29/Feb/2016:10:54:17 -0300] "GET /cormun/static/PXToolsJavascripts/pexe_menus.js HTTP/1.1" 200 1286
186.78.49.227 - - [29/Feb/2016:10:54:17 -0300] "GET /cormun/static/PXToolsJavascripts/pexe_layers.js HTTP/1.1" 200 4114
186.78.49.227 - - [29/Feb/2016:10:54:17 -0300] "GET /cormun/static/PXToolsJavascripts/pexe_oav.js HTTP/1.1" 200 645
186.78.49.227 - - [29/Feb/2016:10:54:17 -0300] "GET /cormun/static/PXToolsJavascripts/pexe_oavdivfix.js HTTP/1.1" 200 639
186.78.49.227 - - [29/Feb/2016:10:54:17 -0300] "GET /cormun/static/PXToolsJavascripts/pexe_picture.js HTTP/1.1" 200 689
186.78.49.227 - - [29/Feb/2016:10:54:17 -0300] "GET /cormun/static/PXToolsJavascripts/pexe_popup.js HTTP/1.1" 200 13458
186.78.49.227 - - [29/Feb/2016:10:54:17 -0300] "GET /cormun/static/PXToolsJavascripts/pexe_scrolldiv.js HTTP/1.1" 200 4138
186.78.49.227 - - [29/Feb/2016:10:54:17 -0300] "GET /cormun/static/PXToolsJavascripts/pexe_tabdivfix.js HTTP/1.1" 200 876
186.78.49.227 - - [29/Feb/2016:10:54:17 -0300] "GET /cormun/static/PXToolsJavascripts/pexe_tabs.js HTTP/1.1" 200 3748
186.78.49.227 - - [29/Feb/2016:10:54:17 -0300] "GET /cormun/static/PXToolsJavascripts/pexe_upload.js HTTP/1.1" 200 1423
186.78.49.227 - - [29/Feb/2016:10:54:17 -0300] "GET /cormun/static/PXToolsJavascripts/PXToolsJavascriptsRender.js HTTP/1.1" 200 367
186.78.49.227 - - [29/Feb/2016:10:54:17 -0300] "GET /cormun/static/RunJS/RunJS.js HTTP/1.1" 200 288
186.78.49.227 - - [29/Feb/2016:10:54:17 -0300] "GET /cormun/static/Shared/ext/locale/ext-lang-en.js HTTP/1.1" 200 10940
186.78.49.227 - - [29/Feb/2016:10:54:17 -0300] "GET /cormun/static/hhome.js?2015112210564255 HTTP/1.1" 200 777
186.78.49.227 - - [29/Feb/2016:10:54:17 -0300] "GET /cormun/static/hwchdr01.js?20162241650484 HTTP/1.1" 200 1002
186.78.49.227 - - [29/Feb/2016:10:54:17 -0300] "GET /cormun/static/hpexe_recentlink.js?2015111312121342 HTTP/1.1" 200 2144
186.78.49.227 - - [29/Feb/2016:10:54:17 -0300] "GET /cormun/static/hpexe_scripts.js?20151120014546 HTTP/1.1" 200 1544
186.78.49.227 - - [29/Feb/2016:10:54:17 -0300] "GET /cormun/static/hpexe_messagecontroller.js?2015112210524422 HTTP/1.1" 200 870
186.78.49.227 - - [29/Feb/2016:10:54:17 -0300] "GET /cormun/static/hpexe_messagepopupcomponent.js?201622412404545 HTTP/1.1" 200 605
186.78.49.227 - - [29/Feb/2016:10:54:17 -0300] "GET /cormun/static/hpexe_messagegenexuscomponent.js?20151120014314 HTTP/1.1" 200 587
186.78.49.227 - - [29/Feb/2016:10:54:17 -0300] "GET /cormun/static/cmcontrolpreferences.js?20151120014525 HTTP/1.1" 200 1375
186.78.49.227 - - [29/Feb/2016:10:54:18 -0300] "GET /cormun/static/gxui/gxui-all.js HTTP/1.1" 200 107772
186.78.49.227 - - [29/Feb/2016:10:54:18 -0300] "GET /cormun/static/SmoothNavMenu/resources/ddsmoothmenu.js HTTP/1.1" 200 12712
186.78.49.227 - - [29/Feb/2016:10:54:18 -0300] "GET /cormun/static/SmoothNavMenu/resources/SmoothNavMenuRender.js HTTP/1.1" 200 5951
186.78.49.227 - - [29/Feb/2016:10:54:18 -0300] "GET /cormun/static/scaMessage/js/jquery.pnotify.min.js HTTP/1.1" 200 13038
186.78.49.227 - - [29/Feb/2016:10:54:18 -0300] "GET /cormun/static/Shared/jquery/jquery-1.4.2.min.js HTTP/1.1" 200 72174
186.78.49.227 - - [29/Feb/2016:10:54:18 -0300] "GET /cormun/static/scaMessage/scaMessageRender.js HTTP/1.1" 200 11977
186.78.49.227 - - [29/Feb/2016:10:54:18 -0300] "GET /cormun/static/hmpwkw03.js?201622421393366 HTTP/1.1" 200 3845
186.78.49.227 - - [29/Feb/2016:10:54:19 -0300] "GET /cormun/static/Resources/PXToolsFooterBackground2.png HTTP/1.1" 200 1172
186.78.49.227 - - [29/Feb/2016:10:54:19 -0300] "GET /cormun/static/Resources/PXToolsHeaderBackground2.png HTTP/1.1" 200 1174
186.78.49.227 - - [29/Feb/2016:10:54:19 -0300] "GET /cormun/static/Resources/PXToolsDataTitle.png HTTP/1.1" 200 1173
186.78.49.227 - - [29/Feb/2016:10:54:19 -0300] "GET /cormun/static/Resources/PXToolsHeaderActionsBackground.png HTTP/1.1" 200 484
186.78.49.227 - - [29/Feb/2016:10:54:19 -0300] "GET /cormun/static/Resources/PXToolsHeaderSecurity.png HTTP/1.1" 200 4166
186.78.49.227 - - [29/Feb/2016:10:54:19 -0300] "GET /cormun/static/Resources/PXToolsHeaderPreferences.png HTTP/1.1" 200 4189
186.78.49.227 - - [29/Feb/2016:10:54:19 -0300] "GET /cormun/static/Shared/jqueryui/jquery-ui.min.js HTTP/1.1" 200 240427
186.78.49.227 - - [29/Feb/2016:10:54:19 -0300] "GET /cormun/static/Resources/PXToolsHeaderLogin.png HTTP/1.1" 200 4279
186.78.49.227 - - [29/Feb/2016:10:54:19 -0300] "GET /cormun/static/Resources/PXToolsHeaderActionsLeft.png HTTP/1.1" 200 1118
186.78.49.227 - - [29/Feb/2016:10:54:19 -0300] "GET /cormun/static/Shared/jquery/jquery-1.10.2.min.js HTTP/1.1" 200 273199
186.78.49.227 - - [29/Feb/2016:10:54:19 -0300] "GET /cormun/static/Resources/logo4.png HTTP/1.1" 200 6582
186.78.49.227 - - [29/Feb/2016:10:54:20 -0300] "GET /cormun/static/Resources/PXToolsHeaderHome.png HTTP/1.1" 200 4147
186.78.49.227 - - [29/Feb/2016:10:54:20 -0300] "GET /cormun/static/Resources/PXToolsHeaderActionsRight.png HTTP/1.1" 200 1201
186.78.49.227 - - [29/Feb/2016:10:54:21 -0300] "GET /cormun/static/Shared/ext/ext-all.js HTTP/1.1" 200 1289687
186.78.49.227 - - [29/Feb/2016:10:54:22 -0300] "GET /cormun/servlet/hhome HTTP/1.1" 200 3348
186.78.49.227 - - [29/Feb/2016:10:54:22 -0300] "GET /cormun/static/SmoothNavMenu/resources/images/down.gif HTTP/1.1" 200 854
186.78.61.101 - - [29/Feb/2016:10:54:40 -0300] "GET /cormun/servlet/solicitudotadjuntos?INS,2016,223,,1, HTTP/1.1" 200 5451
186.78.61.101 - - [29/Feb/2016:10:54:43 -0300] "GET /cormun/static/about:blank HTTP/1.1" 404 1011
186.78.61.101 - - [29/Feb/2016:10:54:43 -0300] "GET /cormun/servlet/solicitudotadjuntos?INS,2016,223,,1, HTTP/1.1" 200 5445
186.78.61.101 - - [29/Feb/2016:10:54:45 -0300] "GET /cormun/servlet/solicitudotadjuntos?36deaa0f220f26589cb22794876c8fa563e466f336038b9f39b64b9c31ede6c62b4b888b94e60e08a644d75611f3df73,gx-no-cache=1456754059215 HTTP/1.1" 200 30
186.78.61.101 - - [29/Feb/2016:10:54:48 -0300] "POST /cormun/servlet/solicitudotadjuntos?0f83685a32763021bfb424f5e159288e,INS,2016,223,,1,,gx-no-cache=1456754062244 HTTP/1.1" 200 3350
186.103.159.44 - - [29/Feb/2016:10:54:56 -0300] "GET /cormun/servlet/solicitudot?e849930c6c061238d51069243b251b9ec1a8ea6d01a5a01076facb1777b16330d336cbd14aa579829370fd3b270f423f5b4aa0072c96fffa32432b6f8b3993a4b378e0cb376af5d09e483d1195a01fa53f5033a20cbe90f25ae4854e27aea1fbc8242986dd5fbd524f67588004eea7911189516c7bc08cb48caa0257a8f14839c2bdc35567d5f7807d7d8225c2af21cd6267b3fc77c3c030feb1b48687d224d2331277c2cb88a111805a19c1050161cf,gx-no-cache=1456754118340 HTTP/1.1" 200 30
186.103.159.44 - - [29/Feb/2016:10:55:04 -0300] "POST /cormun/servlet/solicitudot?c56cfb37e2fb9efd8fe83a46fd099e14,INS,0,0,,gx-no-cache=1456754126645 HTTP/1.1" 200 93
186.103.159.44 - - [29/Feb/2016:10:55:04 -0300] "GET /cormun/servlet/hpexe_return? HTTP/1.1" 200 997
186.103.159.44 - - [29/Feb/2016:10:55:04 -0300] "GET /cormun/static/Resources/Spanish/PXTools.css?12112540 HTTP/1.1" 304 -
186.103.159.44 - - [29/Feb/2016:10:55:04 -0300] "GET /cormun/static/gxcfg.js?2015111312145050 HTTP/1.1" 304 -
186.103.159.44 - - [29/Feb/2016:10:55:04 -0300] "GET /cormun/static/hpexe_return.js?2015111312145056 HTTP/1.1" 304 -
186.103.159.44 - - [29/Feb/2016:10:55:05 -0300] "GET /cormun/servlet/trsolicitudot HTTP/1.1" 200 7410
186.78.61.101 - - [29/Feb/2016:10:55:06 -0300] "POST /cormun/servlet/solicitudotadjuntos?gx-no-cache=1456754081522 HTTP/1.1" 200 26
191.112.100.131 - - [29/Feb/2016:10:55:19 -0300] "GET /cormun/servlet/hhome HTTP/1.1" 200 3394
191.112.100.131 - - [29/Feb/2016:10:55:20 -0300] "GET /cormun/servlet/hhome HTTP/1.1" 200 3392
186.78.61.101 - - [29/Feb/2016:10:55:24 -0300] "GET /cormun/servlet/solicitudotadjuntos?36deaa0f220f26589cb22794876c8fa5bb9453f7ad37e06a984d068373b87a49,gx-no-cache=1456754099767 HTTP/1.1" 200 30
186.103.159.44 - - [29/Feb/2016:10:55:24 -0300] "POST /cormun/servlet/trsolicitudot?c56cfb37e2fb9efd8fe83a46fd099e14,gx-no-cache=1456754146835 HTTP/1.1" 200 4849
186.103.159.44 - - [29/Feb/2016:10:55:25 -0300] "POST /cormun/servlet/trsolicitudot?c56cfb37e2fb9efd8fe83a46fd099e14,gx-no-cache=1456754147080 HTTP/1.1" 200 4849
186.103.159.44 - - [29/Feb/2016:10:55:25 -0300] "POST /cormun/servlet/trsolicitudot?c56cfb37e2fb9efd8fe83a46fd099e14,gx-no-cache=1456754147345 HTTP/1.1" 200 4849
186.103.159.44 - - [29/Feb/2016:10:55:25 -0300] "POST /cormun/servlet/trsolicitudot?c56cfb37e2fb9efd8fe83a46fd099e14,gx-no-cache=1456754147654 HTTP/1.1" 200 4849
191.112.100.131 - - [29/Feb/2016:10:55:25 -0300] "GET /cormun/servlet/trsolicitudot? HTTP/1.1" 200 6110
186.103.159.44 - - [29/Feb/2016:10:55:26 -0300] "POST /cormun/servlet/trsolicitudot?c56cfb37e2fb9efd8fe83a46fd099e14,gx-no-cache=1456754147967 HTTP/1.1" 200 4849
191.112.100.131 - - [29/Feb/2016:10:55:26 -0300] "GET /cormun/servlet/trsolicitudot? HTTP/1.1" 200 6110
186.103.159.44 - - [29/Feb/2016:10:55:26 -0300] "POST /cormun/servlet/trsolicitudot?c56cfb37e2fb9efd8fe83a46fd099e14,gx-no-cache=1456754148304 HTTP/1.1" 200 4847
186.103.159.44 - - [29/Feb/2016:10:55:26 -0300] "POST /cormun/servlet/trsolicitudot?c56cfb37e2fb9efd8fe83a46fd099e14,gx-no-cache=1456754148671 HTTP/1.1" 200 4849
186.78.61.101 - - [29/Feb/2016:10:55:27 -0300] "GET /cormun/servlet/solicitudotadjuntos?36deaa0f220f26589cb22794876c8fa5bb9453f7ad37e06a984d068373b87a49,gx-no-cache=1456754101749 HTTP/1.1" 200 30
191.112.100.131 - - [29/Feb/2016:10:55:27 -0300] "POST /cormun/servlet/acontrolpreferencessavestate?None,GBARRIOS,true HTTP/1.1" 200 35
186.103.159.44 - - [29/Feb/2016:10:55:29 -0300] "POST /cormun/servlet/trsolicitudot?c56cfb37e2fb9efd8fe83a46fd099e14,gx-no-cache=1456754149045 HTTP/1.1" 200 105
186.103.159.44 - - [29/Feb/2016:10:55:29 -0300] "GET /cormun/servlet/trsolicitudadjuntos?2016,228, HTTP/1.1" 200 5338
186.103.159.44 - - [29/Feb/2016:10:55:29 -0300] "GET /cormun/static/gxcfg.js?201511221058652 HTTP/1.1" 200 953
186.103.159.44 - - [29/Feb/2016:10:55:29 -0300] "GET /cormun/static/trsolicitudadjuntos.js?201511221058899 HTTP/1.1" 200 17275
186.103.159.44 - - [29/Feb/2016:10:55:33 -0300] "GET /cormun/servlet/solicitudotadjuntos?INS,2016,228,,1, HTTP/1.1" 200 5397
186.103.159.44 - - [29/Feb/2016:10:55:33 -0300] "GET /cormun/static/gxcfg.js?201614180754 HTTP/1.1" 200 953
186.103.159.44 - - [29/Feb/2016:10:55:33 -0300] "GET /cormun/static/solicitudotadjuntos.js?201614180772 HTTP/1.1" 200 11762
186.103.159.44 - - [29/Feb/2016:10:55:33 -0300] "HEAD /cormun/static/about:blank HTTP/1.1" 404 -
186.103.159.44 - - [29/Feb/2016:10:55:34 -0300] "GET /cormun/servlet/solicitudotadjuntos?e849930c6c061238d51069243b251b9efd65a001ef4a82c4bd718fcba4ec076bfa080f6f6e4f952aab56bf390670113a,gx-no-cache=1456754156641 HTTP/1.1" 200 30
186.103.159.44 - - [29/Feb/2016:10:55:34 -0300] "POST /cormun/servlet/solicitudotadjuntos?c56cfb37e2fb9efd8fe83a46fd099e14,INS,2016,228,,1,,gx-no-cache=1456754156727 HTTP/1.1" 200 3310
186.103.159.44 - - [29/Feb/2016:10:55:38 -0300] "POST /cormun/servlet/solicitudotadjuntos?gx-no-cache=1456754160509 HTTP/1.1" 200 26
186.78.61.101 - - [29/Feb/2016:10:55:52 -0300] "POST /cormun/servlet/solicitudotadjuntos?0f83685a32763021bfb424f5e159288e,INS,2016,223,,1, HTTP/1.1" 200 116
186.78.61.101 - - [29/Feb/2016:10:55:55 -0300] "GET /cormun/servlet/hpexe_return? HTTP/1.1" 200 1027
186.78.61.101 - - [29/Feb/2016:10:55:58 -0300] "GET /cormun/servlet/trsolicitudadjuntos?2016,223, HTTP/1.1" 200 7680
191.112.100.131 - - [29/Feb/2016:10:56:02 -0300] "GET /cormun/servlet/trsolicitudot? HTTP/1.1" 200 6115
186.78.61.101 - - [29/Feb/2016:10:56:02 -0300] "GET /cormun/servlet/trsolicitudadjuntos?2016,223, HTTP/1.1" 200 7680
191.112.100.131 - - [29/Feb/2016:10:56:03 -0300] "GET /cormun/servlet/trsolicitudot? HTTP/1.1" 200 6115
186.103.159.44 - - [29/Feb/2016:10:56:04 -0300] "GET /cormun/servlet/solicitudotadjuntos?e849930c6c061238d51069243b251b9eb7ad327a02d5f8f4ca770e9782efeacc,gx-no-cache=1456754186497 HTTP/1.1" 200 30
186.103.159.44 - - [29/Feb/2016:10:56:04 -0300] "GET /cormun/servlet/solicitudotadjuntos?e849930c6c061238d51069243b251b9eb7ad327a02d5f8f4ca770e9782efeacc,gx-no-cache=1456754186603 HTTP/1.1" 200 30
186.103.159.44 - - [29/Feb/2016:10:56:05 -0300] "POST /cormun/servlet/solicitudotadjuntos?c56cfb37e2fb9efd8fe83a46fd099e14,INS,2016,228,,1, HTTP/1.1" 200 116
186.103.159.44 - - [29/Feb/2016:10:56:05 -0300] "GET /cormun/servlet/hpexe_return? HTTP/1.1" 200 1016
186.103.159.44 - - [29/Feb/2016:10:56:05 -0300] "GET /cormun/servlet/trsolicitudadjuntos?2016,228, HTTP/1.1" 200 7247
191.112.100.131 - - [29/Feb/2016:10:56:08 -0300] "POST /cormun/servlet/trsolicitudot?bd3ebd64ad865acf54b6bfa342039938,,gx-no-cache=1456754229291 HTTP/1.1" 200 3455
191.112.100.131 - - [29/Feb/2016:10:56:08 -0300] "POST /cormun/servlet/trsolicitudot?bd3ebd64ad865acf54b6bfa342039938,,gx-no-cache=1456754229604 HTTP/1.1" 200 3453
191.112.100.131 - - [29/Feb/2016:10:56:09 -0300] "POST /cormun/servlet/trsolicitudot?bd3ebd64ad865acf54b6bfa342039938,,gx-no-cache=1456754229931 HTTP/1.1" 200 3454
191.112.100.131 - - [29/Feb/2016:10:56:09 -0300] "POST /cormun/servlet/trsolicitudot?bd3ebd64ad865acf54b6bfa342039938,,gx-no-cache=1456754230232 HTTP/1.1" 200 3454
191.112.100.131 - - [29/Feb/2016:10:56:09 -0300] "POST /cormun/servlet/trsolicitudot?bd3ebd64ad865acf54b6bfa342039938,,gx-no-cache=1456754230563 HTTP/1.1" 200 3454
191.112.100.131 - - [29/Feb/2016:10:56:10 -0300] "POST /cormun/servlet/trsolicitudot?bd3ebd64ad865acf54b6bfa342039938,,gx-no-cache=1456754230894 HTTP/1.1" 200 3455
191.112.100.131 - - [29/Feb/2016:10:56:10 -0300] "POST /cormun/servlet/trsolicitudot?bd3ebd64ad865acf54b6bfa342039938,,gx-no-cache=1456754231205 HTTP/1.1" 200 3454
191.112.100.131 - - [29/Feb/2016:10:56:10 -0300] "POST /cormun/servlet/trsolicitudot?bd3ebd64ad865acf54b6bfa342039938,,gx-no-cache=1456754231611 HTTP/1.1" 200 3454
186.103.159.44 - - [29/Feb/2016:10:56:10 -0300] "GET /cormun/servlet/solicitudotadjuntos?INS,2016,228,,1, HTTP/1.1" 200 5397
186.103.159.44 - - [29/Feb/2016:10:56:11 -0300] "HEAD /cormun/static/about:blank HTTP/1.1" 404 -
191.112.100.131 - - [29/Feb/2016:10:56:11 -0300] "POST /cormun/servlet/trsolicitudot?bd3ebd64ad865acf54b6bfa342039938,,gx-no-cache=1456754232432 HTTP/1.1" 200 3454
186.103.159.44 - - [29/Feb/2016:10:56:11 -0300] "GET /cormun/servlet/solicitudotadjuntos?e849930c6c061238d51069243b251b9efd65a001ef4a82c4bd718fcba4ec076bfa080f6f6e4f952aab56bf390670113a,gx-no-cache=1456754193816 HTTP/1.1" 200 30
186.103.159.44 - - [29/Feb/2016:10:56:11 -0300] "POST /cormun/servlet/solicitudotadjuntos?c56cfb37e2fb9efd8fe83a46fd099e14,INS,2016,228,,1,,gx-no-cache=1456754193845 HTTP/1.1" 200 3311
191.112.100.131 - - [29/Feb/2016:10:56:12 -0300] "POST /cormun/servlet/trsolicitudot?bd3ebd64ad865acf54b6bfa342039938,,gx-no-cache=1456754233091 HTTP/1.1" 200 3454
186.78.61.101 - - [29/Feb/2016:10:56:12 -0300] "GET /cormun/servlet/solicitudotadjuntos?INS,2016,223,,1, HTTP/1.1" 200 5451
186.103.159.44 - - [29/Feb/2016:10:56:12 -0300] "POST /cormun/servlet/solicitudotadjuntos?gx-no-cache=1456754194843 HTTP/1.1" 200 26
191.112.100.131 - - [29/Feb/2016:10:56:12 -0300] "POST /cormun/servlet/trsolicitudot?bd3ebd64ad865acf54b6bfa342039938,,gx-no-cache=1456754233625 HTTP/1.1" 200 3455
191.112.100.131 - - [29/Feb/2016:10:56:13 -0300] "POST /cormun/servlet/trsolicitudot?bd3ebd64ad865acf54b6bfa342039938,,gx-no-cache=1456754233967 HTTP/1.1" 200 3454
191.112.100.131 - - [29/Feb/2016:10:56:13 -0300] "POST /cormun/servlet/trsolicitudot?bd3ebd64ad865acf54b6bfa342039938,,gx-no-cache=1456754234473 HTTP/1.1" 200 3455
191.112.100.131 - - [29/Feb/2016:10:56:14 -0300] "POST /cormun/servlet/trsolicitudot?bd3ebd64ad865acf54b6bfa342039938,,gx-no-cache=1456754234923 HTTP/1.1" 200 3454
191.112.100.131 - - [29/Feb/2016:10:56:15 -0300] "POST /cormun/servlet/trsolicitudot?bd3ebd64ad865acf54b6bfa342039938,,gx-no-cache=1456754235831 HTTP/1.1" 200 3454
186.78.61.101 - - [29/Feb/2016:10:56:15 -0300] "GET /cormun/static/about:blank HTTP/1.1" 404 1011
191.112.100.131 - - [29/Feb/2016:10:56:15 -0300] "POST /cormun/servlet/trsolicitudot?bd3ebd64ad865acf54b6bfa342039938,,gx-no-cache=1456754236248 HTTP/1.1" 200 3455
191.112.100.131 - - [29/Feb/2016:10:56:16 -0300] "POST /cormun/servlet/trsolicitudot?bd3ebd64ad865acf54b6bfa342039938,,gx-no-cache=1456754236931 HTTP/1.1" 200 3454
186.103.159.44 - - [29/Feb/2016:10:56:19 -0300] "GET /cormun/servlet/solicitudotadjuntos?e849930c6c061238d51069243b251b9eb7ad327a02d5f8f4ca770e9782efeacc,gx-no-cache=1456754201231 HTTP/1.1" 200 30
186.103.159.44 - - [29/Feb/2016:10:56:19 -0300] "GET /cormun/servlet/solicitudotadjuntos?e849930c6c061238d51069243b251b9eb7ad327a02d5f8f4ca770e9782efeacc,gx-no-cache=1456754201254 HTTP/1.1" 200 30
186.103.159.44 - - [29/Feb/2016:10:56:19 -0300] "POST /cormun/servlet/solicitudotadjuntos?c56cfb37e2fb9efd8fe83a46fd099e14,INS,2016,228,,1, HTTP/1.1" 200 5242
186.103.159.44 - - [29/Feb/2016:10:56:19 -0300] "HEAD /home/sistema/apache-tomcat-7.0.65/webapps/cormun/PrivateTempStorage/upload_00002142.pdf HTTP/1.1" 404 -
186.103.159.44 - - [29/Feb/2016:10:56:19 -0300] "HEAD /cormun/PrivateTempStorage/upload_00002142.pdf HTTP/1.1" 200 -
186.103.159.44 - - [29/Feb/2016:10:56:19 -0300] "GET /cormun/static/Shared/jqueryui/images/ui-bg_highlight-soft_100_c6c2c8_1x100.png HTTP/1.1" 404 1117
186.103.159.44 - - [29/Feb/2016:10:56:19 -0300] "GET /cormun/static/Shared/jqueryui/images/ui-icons_82798d_256x240.png HTTP/1.1" 404 1089
186.103.159.44 - - [29/Feb/2016:10:56:19 -0300] "GET /cormun/static/Shared/jqueryui/images/ui-bg_flat_55_994d53_40x100.png HTTP/1.1" 404 1097
186.103.159.44 - - [29/Feb/2016:10:56:19 -0300] "GET /cormun/static/Shared/jqueryui/images/ui-icons_ebccce_256x240.png HTTP/1.1" 404 1089
186.78.61.101 - - [29/Feb/2016:10:56:22 -0300] "POST /cormun/servlet/solicitudotadjuntos?0f83685a32763021bfb424f5e159288e,INS,2016,223,,1,,gx-no-cache=1456754154273 HTTP/1.1" 200 3349
186.78.61.101 - - [29/Feb/2016:10:56:26 -0300] "GET /cormun/servlet/solicitudotadjuntos?INS,2016,223,,1, HTTP/1.1" 200 5445
186.78.61.101 - - [29/Feb/2016:10:56:29 -0300] "GET /cormun/static/about:blank HTTP/1.1" 404 1011
186.103.159.44 - - [29/Feb/2016:10:56:31 -0300] "GET /cormun/servlet/solicitudotadjuntos?e849930c6c061238d51069243b251b9e706a93727f96e04090ea1af351d8e45efa080f6f6e4f952aab56bf390670113a,gx-no-cache=1456754213759 HTTP/1.1" 200 30
186.103.159.44 - - [29/Feb/2016:10:56:31 -0300] "GET /cormun/servlet/solicitudotadjuntos?e849930c6c061238d51069243b251b9edf6ea484cbb5985ef0c0ff43d5e8327afa080f6f6e4f952aab56bf390670113a,gx-no-cache=1456754213830 HTTP/1.1" 200 30
186.103.159.44 - - [29/Feb/2016:10:56:32 -0300] "POST /cormun/servlet/solicitudotadjuntos?c56cfb37e2fb9efd8fe83a46fd099e14,INS,2016,228,,1, HTTP/1.1" 200 5253
