186.67.172.234 - - [29/Feb/2016:11:08:37 -0300] "GET /cormun/servlet/solicitudotadjuntos?decbf714890b777cb6b32f42f9c85945ad459dd1ad24c9e4dd1e1dc34c7eeed2bab11484789f11823582233236627734,gx-no-cache=1456754969050 HTTP/1.1" 200 30
186.67.172.234 - - [29/Feb/2016:11:08:37 -0300] "POST /cormun/servlet/solicitudotadjuntos?5cd0f7793382966fcae9f43c00b371bb,INS,2016,227,,1,,gx-no-cache=1456754969086 HTTP/1.1" 200 3305
191.112.100.131 - - [29/Feb/2016:11:08:37 -0300] "GET /cormun/servlet/trvisualizadoreventos? HTTP/1.1" 200 5955
186.78.61.101 - - [29/Feb/2016:11:08:40 -0300] "GET /cormun/static/menuarrow.gif HTTP/1.1" 404 1015
186.103.159.44 - - [29/Feb/2016:11:08:40 -0300] "GET /cormun/servlet/solicitudot?e849930c6c061238d51069243b251b9ecf3c5939d93dbf71d24e5fc08b4bad5f9cfe2b5deaaf65a9a9ff87a97e81e7afdc9d45532b2e5a417b210505fa4d20d002e25cc065a010d6d65b1b761224e268c4ad1566dd425239b16cc39dad49a9a4bfa6824790807618026472f72a003f76,gx-no-cache=1456754942481 HTTP/1.1" 200 29
186.103.159.44 - - [29/Feb/2016:11:08:42 -0300] "POST /cormun/servlet/solicitudot?gx-no-cache=1456754944383 HTTP/1.1" 200 1116
186.67.172.234 - - [29/Feb/2016:11:08:43 -0300] "POST /cormun/servlet/solicitudotadjuntos?gx-no-cache=1456754975406 HTTP/1.1" 200 26
186.78.61.101 - - [29/Feb/2016:11:08:48 -0300] "POST /cormun/servlet/trautorizarsolicitud?723b30637467688bd2a88569b08dfefa,,gx-no-cache=1456754953230 HTTP/1.1" 200 3430
186.78.61.101 - - [29/Feb/2016:11:08:54 -0300] "POST /cormun/servlet/trautorizarsolicitud?723b30637467688bd2a88569b08dfefa,,gx-no-cache=1456754957818 HTTP/1.1" 200 3431
191.112.100.131 - - [29/Feb/2016:11:08:54 -0300] "POST /cormun/servlet/acontrolpreferencessavestate?None,GBARRIOS,true HTTP/1.1" 200 35
186.67.172.234 - - [29/Feb/2016:11:08:55 -0300] "GET /cormun/servlet/solicitudotadjuntos?decbf714890b777cb6b32f42f9c8594562804cdec27a19eb6e91320794413776,gx-no-cache=1456754987616 HTTP/1.1" 200 30
186.67.172.234 - - [29/Feb/2016:11:08:55 -0300] "GET /cormun/servlet/solicitudotadjuntos?decbf714890b777cb6b32f42f9c8594562804cdec27a19eb6e91320794413776,gx-no-cache=1456754987628 HTTP/1.1" 200 30
191.112.100.131 - - [29/Feb/2016:11:08:57 -0300] "POST /cormun/servlet/trvisualizadoreventos?bd3ebd64ad865acf54b6bfa342039938,,gx-no-cache=1456754998060 HTTP/1.1" 200 3300
191.112.100.131 - - [29/Feb/2016:11:08:57 -0300] "POST /cormun/servlet/trvisualizadoreventos?bd3ebd64ad865acf54b6bfa342039938,,gx-no-cache=1456754998602 HTTP/1.1" 200 3300
191.112.100.131 - - [29/Feb/2016:11:08:58 -0300] "POST /cormun/servlet/trvisualizadoreventos?bd3ebd64ad865acf54b6bfa342039938,,gx-no-cache=1456754999379 HTTP/1.1" 200 3300
191.112.100.131 - - [29/Feb/2016:11:08:59 -0300] "POST /cormun/servlet/trvisualizadoreventos?bd3ebd64ad865acf54b6bfa342039938,,gx-no-cache=1456754999865 HTTP/1.1" 200 3300
191.112.100.131 - - [29/Feb/2016:11:08:59 -0300] "POST /cormun/servlet/trvisualizadoreventos?bd3ebd64ad865acf54b6bfa342039938,,gx-no-cache=1456755000378 HTTP/1.1" 200 3300
191.112.100.131 - - [29/Feb/2016:11:09:00 -0300] "POST /cormun/servlet/trvisualizadoreventos?bd3ebd64ad865acf54b6bfa342039938,,gx-no-cache=1456755000973 HTTP/1.1" 200 3300
186.67.172.234 - - [29/Feb/2016:11:09:00 -0300] "POST /cormun/servlet/solicitudotadjuntos?5cd0f7793382966fcae9f43c00b371bb,INS,2016,227,,1, HTTP/1.1" 200 5161
186.67.172.234 - - [29/Feb/2016:11:09:00 -0300] "GET /home/sistema/apache-tomcat-7.0.65/webapps/cormun/PrivateTempStorage/upload_00002418.pdf HTTP/1.1" 404 1135
186.67.172.234 - - [29/Feb/2016:11:09:00 -0300] "GET /home/sistema/apache-tomcat-7.0.65/webapps/cormun/PrivateTempStorage/upload_00002418.pdf HTTP/1.1" 404 1135
186.67.172.234 - - [29/Feb/2016:11:09:00 -0300] "GET /cormun/static/Shared/jqueryui/images/ui-bg_highlight-soft_100_c6c2c8_1x100.png HTTP/1.1" 404 1117
186.67.172.234 - - [29/Feb/2016:11:09:00 -0300] "GET /cormun/static/Shared/jqueryui/images/ui-icons_ebccce_256x240.png HTTP/1.1" 404 1089
186.67.172.234 - - [29/Feb/2016:11:09:00 -0300] "GET /cormun/static/Shared/jqueryui/images/ui-icons_82798d_256x240.png HTTP/1.1" 404 1089
186.67.172.234 - - [29/Feb/2016:11:09:00 -0300] "GET /cormun/static/Shared/jqueryui/images/ui-bg_flat_55_994d53_40x100.png HTTP/1.1" 404 1097
191.112.100.131 - - [29/Feb/2016:11:09:01 -0300] "POST /cormun/servlet/trvisualizadoreventos?bd3ebd64ad865acf54b6bfa342039938,,gx-no-cache=1456755001829 HTTP/1.1" 200 3300
186.67.172.234 - - [29/Feb/2016:11:09:01 -0300] "GET /cormun/PrivateTempStorage/upload_00002418.pdf HTTP/1.1" 206 32768
191.112.100.131 - - [29/Feb/2016:11:09:01 -0300] "POST /cormun/servlet/trvisualizadoreventos?bd3ebd64ad865acf54b6bfa342039938,,gx-no-cache=1456755002322 HTTP/1.1" 200 3300
191.112.100.131 - - [29/Feb/2016:11:09:02 -0300] "POST /cormun/servlet/trvisualizadoreventos?bd3ebd64ad865acf54b6bfa342039938,,gx-no-cache=1456755002930 HTTP/1.1" 200 3300
191.112.100.131 - - [29/Feb/2016:11:09:02 -0300] "POST /cormun/servlet/trvisualizadoreventos?bd3ebd64ad865acf54b6bfa342039938,,gx-no-cache=1456755003713 HTTP/1.1" 200 3300
186.103.159.44 - - [29/Feb/2016:11:09:03 -0300] "GET /cormun/servlet/solicitudot?e849930c6c061238d51069243b251b9ec1a8ea6d01a5a01076facb1777b16330d336cbd14aa579829370fd3b270f423f5b4aa0072c96fffa32432b6f8b3993a4b378e0cb376af5d09e483d1195a01fa53f5033a20cbe90f25ae4854e27aea1fbc8242986dd5fbd524f67588004eea7911189516c7bc08cb48caa0257a8f14839c2bdc35567d5f7807d7d8225c2af21cd4bde2c9d3b93a90ab44ad047f8851d23331277c2cb88a111805a19c1050161cf,gx-no-cache=1456754965395 HTTP/1.1" 200 30
191.112.100.131 - - [29/Feb/2016:11:09:03 -0300] "POST /cormun/servlet/trvisualizadoreventos?bd3ebd64ad865acf54b6bfa342039938,,gx-no-cache=1456755004308 HTTP/1.1" 200 3300
191.112.100.131 - - [29/Feb/2016:11:09:04 -0300] "POST /cormun/servlet/trvisualizadoreventos?bd3ebd64ad865acf54b6bfa342039938,,gx-no-cache=1456755004757 HTTP/1.1" 200 3300
191.112.100.131 - - [29/Feb/2016:11:09:04 -0300] "POST /cormun/servlet/trvisualizadoreventos?bd3ebd64ad865acf54b6bfa342039938,,gx-no-cache=1456755005369 HTTP/1.1" 200 3300
186.67.172.234 - - [29/Feb/2016:11:09:07 -0300] "GET /cormun/PrivateTempStorage/upload_00002418.pdf HTTP/1.1" 206 6634793
191.112.100.131 - - [29/Feb/2016:11:09:08 -0300] "POST /cormun/servlet/acontrolpreferencessavestate?None,GBARRIOS,true HTTP/1.1" 200 35
186.103.159.44 - - [29/Feb/2016:11:09:12 -0300] "POST /cormun/servlet/solicitudot?c56cfb37e2fb9efd8fe83a46fd099e14,INS,0,0,,gx-no-cache=1456754974239 HTTP/1.1" 200 93
186.103.159.44 - - [29/Feb/2016:11:09:12 -0300] "GET /cormun/servlet/hpexe_return? HTTP/1.1" 200 997
186.103.159.44 - - [29/Feb/2016:11:09:12 -0300] "GET /cormun/servlet/trsolicitudot HTTP/1.1" 200 7412
191.112.100.131 - - [29/Feb/2016:11:09:17 -0300] "POST /cormun/servlet/trvisualizadoreventos?bd3ebd64ad865acf54b6bfa342039938,,gx-no-cache=1456755017927 HTTP/1.1" 200 3299
186.67.172.234 - - [29/Feb/2016:11:09:20 -0300] "GET /cormun/servlet/solicitudotadjuntos?decbf714890b777cb6b32f42f9c859453c8f65c83fd993b3a04e1c6d68f4a37bbab11484789f11823582233236627734,gx-no-cache=1456755012487 HTTP/1.1" 200 30
186.67.172.234 - - [29/Feb/2016:11:09:26 -0300] "POST /cormun/servlet/solicitudotadjuntos?5cd0f7793382966fcae9f43c00b371bb,INS,2016,227,,1, HTTP/1.1" 200 5160
186.67.172.234 - - [29/Feb/2016:11:09:26 -0300] "GET /home/sistema/apache-tomcat-7.0.65/webapps/cormun/PrivateTempStorage/upload_00002430.pdf HTTP/1.1" 404 1135
186.67.172.234 - - [29/Feb/2016:11:09:27 -0300] "GET /cormun/PrivateTempStorage/upload_00002430.pdf HTTP/1.1" 206 32768
191.112.100.131 - - [29/Feb/2016:11:09:28 -0300] "GET /cormun/servlet/trsolicitudot? HTTP/1.1" 200 6127
191.112.100.131 - - [29/Feb/2016:11:09:28 -0300] "GET /cormun/servlet/trsolicitudot? HTTP/1.1" 200 6127
191.112.100.131 - - [29/Feb/2016:11:09:31 -0300] "GET /cormun/servlet/solicitudot?INS,0,0, HTTP/1.1" 200 12057
191.112.100.131 - - [29/Feb/2016:11:09:31 -0300] "GET /cormun/servlet/solicitudot?INS,0,0, HTTP/1.1" 200 12061
186.67.172.234 - - [29/Feb/2016:11:09:33 -0300] "GET /cormun/PrivateTempStorage/upload_00002430.pdf HTTP/1.1" 206 6634793
191.112.100.131 - - [29/Feb/2016:11:09:34 -0300] "GET /cormun/servlet/prfichaempleado?,MD,,gxPopupLevel%3D0%3B HTTP/1.1" 200 7869
191.112.100.131 - - [29/Feb/2016:11:09:34 -0300] "GET /cormun/static/scaMessage/css/jquery-ui.css?104140 HTTP/1.1" 404 1045
186.67.172.234 - - [29/Feb/2016:11:09:35 -0300] "GET /cormun/servlet/trsolicitudadjuntos?2016,227, HTTP/1.1" 200 7783
186.67.172.234 - - [29/Feb/2016:11:09:36 -0300] "GET /cormun/servlet/trsolicitudadjuntos?2016,227, HTTP/1.1" 200 7781
191.112.100.131 - - [29/Feb/2016:11:09:40 -0300] "GET /cormun/servlet/prfichaempleado?6e9d4c1eb2f20ee399b8f9a9ab6bc12cab823c38c27be78ff34a1638587f3adafbcba30971de803fe3e8e897e869dd59dd306e4f2b130e799f4cd5ad6c7a80fb,gx-no-cache=1456755041592 HTTP/1.1" 200 466
191.112.100.131 - - [29/Feb/2016:11:09:41 -0300] "GET /cormun/servlet/prfichaempleado?6e9d4c1eb2f20ee399b8f9a9ab6bc12c278dd823cbaccb9f99dde100bd0a8c1c08a9593e750c4960b585ed84eb846263ec9cd7482c75b9795b60bdd86a61cf72,gx-no-cache=1456755042627 HTTP/1.1" 200 461
191.112.100.131 - - [29/Feb/2016:11:09:42 -0300] "GET /cormun/servlet/prfichaempleado?6e9d4c1eb2f20ee399b8f9a9ab6bc12c8487941f51a1e4393474d8184432c75ac95a0493e02d1cce9f075492d2a1e6dc1caec03e5ed80ce7f472bdf86868f6f9db0a82b29e93521ea9c7f563b9686544,gx-no-cache=1456755043224 HTTP/1.1" 200 431
186.67.172.234 - - [29/Feb/2016:11:09:42 -0300] "GET /cormun/servlet/solicitudotadjuntos?DLT,2016,227,CV,0, HTTP/1.1" 200 5288
186.67.172.234 - - [29/Feb/2016:11:09:42 -0300] "GET /cormun/static/about:blank HTTP/1.1" 404 1011
186.67.172.234 - - [29/Feb/2016:11:09:42 -0300] "GET /cormun/static/Shared/jqueryui/images/ui-bg_flat_55_fafafa_40x100.png HTTP/1.1" 404 1097
186.67.172.234 - - [29/Feb/2016:11:09:42 -0300] "GET /cormun/static/Shared/jqueryui/images/ui-icons_8d78a5_256x240.png HTTP/1.1" 404 1089
186.67.172.234 - - [29/Feb/2016:11:09:42 -0300] "GET /cormun/servlet/solicitudotadjuntos?DLT,2016,227,CV,0, HTTP/1.1" 200 5282
186.103.159.44 - - [29/Feb/2016:11:09:43 -0300] "POST /cormun/servlet/trsolicitudot?c56cfb37e2fb9efd8fe83a46fd099e14,gx-no-cache=1456755005606 HTTP/1.1" 200 4848
186.103.159.44 - - [29/Feb/2016:11:09:43 -0300] "POST /cormun/servlet/trsolicitudot?c56cfb37e2fb9efd8fe83a46fd099e14,gx-no-cache=1456755005868 HTTP/1.1" 200 4849
186.103.159.44 - - [29/Feb/2016:11:09:44 -0300] "POST /cormun/servlet/trsolicitudot?c56cfb37e2fb9efd8fe83a46fd099e14,gx-no-cache=1456755006156 HTTP/1.1" 200 4848
186.103.159.44 - - [29/Feb/2016:11:09:44 -0300] "POST /cormun/servlet/trsolicitudot?c56cfb37e2fb9efd8fe83a46fd099e14,gx-no-cache=1456755006440 HTTP/1.1" 200 4849
191.112.100.131 - - [29/Feb/2016:11:09:44 -0300] "GET /cormun/servlet/prfichaempleado?6e9d4c1eb2f20ee399b8f9a9ab6bc12c278dd823cbaccb9f99dde100bd0a8c1c08a9593e750c4960b585ed84eb846263b4a75337676ecc39ce8c24432328774f,gx-no-cache=1456755045541 HTTP/1.1" 200 456
186.103.159.44 - - [29/Feb/2016:11:09:44 -0300] "POST /cormun/servlet/trsolicitudot?c56cfb37e2fb9efd8fe83a46fd099e14,gx-no-cache=1456755006744 HTTP/1.1" 200 4849
186.103.159.44 - - [29/Feb/2016:11:09:45 -0300] "POST /cormun/servlet/trsolicitudot?c56cfb37e2fb9efd8fe83a46fd099e14,gx-no-cache=1456755007093 HTTP/1.1" 200 4848
186.67.172.234 - - [29/Feb/2016:11:09:45 -0300] "POST /cormun/servlet/solicitudotadjuntos?5cd0f7793382966fcae9f43c00b371bb,DLT,2016,227,CV,0,,gx-no-cache=1456755037125 HTTP/1.1" 200 93
186.67.172.234 - - [29/Feb/2016:11:09:45 -0300] "GET /cormun/servlet/hpexe_return? HTTP/1.1" 200 1022
186.103.159.44 - - [29/Feb/2016:11:09:45 -0300] "POST /cormun/servlet/trsolicitudot?c56cfb37e2fb9efd8fe83a46fd099e14,gx-no-cache=1456755007459 HTTP/1.1" 200 4849
186.67.172.234 - - [29/Feb/2016:11:09:45 -0300] "GET /cormun/servlet/trsolicitudadjuntos?2016,227, HTTP/1.1" 200 7699
191.112.100.131 - - [29/Feb/2016:11:09:45 -0300] "GET /cormun/servlet/prfichaempleado?6e9d4c1eb2f20ee399b8f9a9ab6bc12c67f6b14ec8e4ae9b6c8f2c4108c4bad36378ef9418fbc3af07b393a6c11d4f3117ab6a9ed4d32bebe8d421270d3ae3e1ea8217977582717940566a880b2eb48a,gx-no-cache=1456755046819 HTTP/1.1" 200 462
186.103.159.44 - - [29/Feb/2016:11:09:45 -0300] "POST /cormun/servlet/trsolicitudot?c56cfb37e2fb9efd8fe83a46fd099e14,gx-no-cache=1456755007924 HTTP/1.1" 200 104
186.67.172.234 - - [29/Feb/2016:11:09:46 -0300] "GET /cormun/servlet/trsolicitudadjuntos?2016,227, HTTP/1.1" 200 7701
186.103.159.44 - - [29/Feb/2016:11:09:48 -0300] "GET /cormun/servlet/solicitudot?UPD,2016,230, HTTP/1.1" 200 13291
186.103.159.44 - - [29/Feb/2016:11:09:49 -0300] "POST /cormun/servlet/solicitudot?gx-no-cache=1456755011427 HTTP/1.1" 200 2752
191.112.100.131 - - [29/Feb/2016:11:09:49 -0300] "GET /cormun/servlet/prfichaempleado?6e9d4c1eb2f20ee399b8f9a9ab6bc12c67f6b14ec8e4ae9b6c8f2c4108c4bad3036e3e73276cc77a12236010b41b65071fa9363a51b6404b8000d188dc5de7caa40330b73d3f22505ec755beb976cd69,gx-no-cache=1456755050467 HTTP/1.1" 200 466
186.103.159.44 - - [29/Feb/2016:11:09:49 -0300] "POST /cormun/servlet/solicitudot?c56cfb37e2fb9efd8fe83a46fd099e14,UPD,2016,230,,gx-no-cache=1456755011573 HTTP/1.1" 200 10164
186.103.159.44 - - [29/Feb/2016:11:09:49 -0300] "GET /cormun/servlet/solicitudot?e849930c6c061238d51069243b251b9ec0ed59af3323b7b0490a4fdbd3b3642c09fe756d47a0159dbbaefbdadb7c467c,gx-no-cache=1456755011780 HTTP/1.1" 200 30
186.103.159.44 - - [29/Feb/2016:11:09:49 -0300] "POST /cormun/servlet/solicitudot?gx-no-cache=1456755011855 HTTP/1.1" 200 30
186.103.159.44 - - [29/Feb/2016:11:09:49 -0300] "POST /cormun/servlet/solicitudot?gx-no-cache=1456755011877 HTTP/1.1" 200 30
186.103.159.44 - - [29/Feb/2016:11:09:49 -0300] "POST /cormun/servlet/solicitudot?gx-no-cache=1456755011934 HTTP/1.1" 200 1153
186.103.159.44 - - [29/Feb/2016:11:09:49 -0300] "GET /cormun/servlet/solicitudot?e849930c6c061238d51069243b251b9e2bbd00a9ba734600bee32d1c7c6a2138eb97a8d955df96cb954e896d0455514adf89fa4fc8825666d9f8e224bdc054047939ce168ac028f316e73bcc93c246a372bbb1414410c30c214a3c07fb81be5d80f7d85246f8b9a58af2fc5db382da18f233fbb4eac7f128852ef928919ad00af80d3edcd1f8be703b37f0037ef5752bfa080f6f6e4f952aab56bf390670113a,gx-no-cache=1456755011970 HTTP/1.1" 200 41
191.112.100.131 - - [29/Feb/2016:11:09:50 -0300] "GET /cormun/servlet/prfichaempleado?6e9d4c1eb2f20ee399b8f9a9ab6bc12c67f6b14ec8e4ae9b6c8f2c4108c4bad37a5ca33aef83203affe61635e0523f832493602a70c303331af40d910b5fa7baaabaf67ba57f35e87cf77fceb3a65457,gx-no-cache=1456755051757 HTTP/1.1" 200 468
186.67.172.234 - - [29/Feb/2016:11:09:50 -0300] "GET /cormun/servlet/solicitudotadjuntos?INS,2016,227,,1, HTTP/1.1" 200 5395
186.67.172.234 - - [29/Feb/2016:11:09:50 -0300] "GET /cormun/static/about:blank HTTP/1.1" 404 1011
186.67.172.234 - - [29/Feb/2016:11:09:51 -0300] "GET /cormun/servlet/solicitudotadjuntos?INS,2016,227,,1, HTTP/1.1" 200 5389
186.103.159.44 - - [29/Feb/2016:11:09:51 -0300] "GET /cormun/servlet/solicitudot?e849930c6c061238d51069243b251b9e1b9b127de3ef6d7ec977cf01c42090c97435596a14a7371fff5f9a8973fa5480c1122fb41000c8e04981af5743626e3278e265d742848759330b3d541b9bf5908605c3ac4fc6c101884be873ecb2262474da9d4d620ed8ebc42d510334b880bfc82c98c7f340ff05a95fa81f78d99c16059c71cbfc49477e535589b1308459bb420a2b19c0fd2000207c524b93151163,gx-no-cache=1456755013668 HTTP/1.1" 200 30
186.67.172.234 - - [29/Feb/2016:11:09:51 -0300] "GET /cormun/servlet/solicitudotadjuntos?decbf714890b777cb6b32f42f9c85945ad459dd1ad24c9e4dd1e1dc34c7eeed2bab11484789f11823582233236627734,gx-no-cache=1456755043513 HTTP/1.1" 200 30
186.67.172.234 - - [29/Feb/2016:11:09:51 -0300] "POST /cormun/servlet/solicitudotadjuntos?5cd0f7793382966fcae9f43c00b371bb,INS,2016,227,,1,,gx-no-cache=1456755043535 HTTP/1.1" 200 3305
191.112.100.131 - - [29/Feb/2016:11:09:51 -0300] "GET /cormun/servlet/prfichaempleado?6e9d4c1eb2f20ee399b8f9a9ab6bc12c67f6b14ec8e4ae9b6c8f2c4108c4bad398b39f5d70ed4e1bb94ab9dc274608db7154afb8c83aaeffb585a2da0680a4e13e3099b85fe11ee1d4c4ce8f334a9904,gx-no-cache=1456755052758 HTTP/1.1" 200 470
186.103.159.44 - - [29/Feb/2016:11:09:52 -0300] "POST /cormun/servlet/solicitudot?gx-no-cache=1456755014583 HTTP/1.1" 200 1116
186.103.159.44 - - [29/Feb/2016:11:09:52 -0300] "GET /cormun/servlet/solicitudot?e849930c6c061238d51069243b251b9ec1a8ea6d01a5a01076facb1777b16330d336cbd14aa579829370fd3b270f423f5b4aa0072c96fffa32432b6f8b3993a4b378e0cb376af5d09e483d1195a01fa53f5033a20cbe90f25ae4854e27aea1fbc8242986dd5fbd524f67588004eea7911189516c7bc08cb48caa0257a8f14839c2bdc35567d5f7807d7d8225c2af21cd4bde2c9d3b93a90ab44ad047f8851d23331277c2cb88a111805a19c1050161cf,gx-no-cache=1456755014664 HTTP/1.1" 200 30
186.103.159.44 - - [29/Feb/2016:11:09:52 -0300] "POST /cormun/servlet/solicitudot?c56cfb37e2fb9efd8fe83a46fd099e14,UPD,2016,230,,gx-no-cache=1456755014731 HTTP/1.1" 200 93
186.103.159.44 - - [29/Feb/2016:11:09:52 -0300] "GET /cormun/servlet/hpexe_return? HTTP/1.1" 200 1023
186.103.159.44 - - [29/Feb/2016:11:09:53 -0300] "GET /cormun/servlet/trsolicitudot?gx-no-cache=1456755007459 HTTP/1.1" 200 7412
191.112.100.131 - - [29/Feb/2016:11:09:53 -0300] "POST /cormun/servlet/prfichaempleado?bd3ebd64ad865acf54b6bfa342039938,,MD,,gxPopupLevel%3D0%3B,gx-no-cache=1456755054235 HTTP/1.1" 200 2841
186.103.159.44 - - [29/Feb/2016:11:09:55 -0300] "POST /cormun/servlet/trsolicitudot?c56cfb37e2fb9efd8fe83a46fd099e14,gx-no-cache=1456755007459,gx-no-cache=1456755017813 HTTP/1.1" 200 4848
186.103.159.44 - - [29/Feb/2016:11:09:56 -0300] "POST /cormun/servlet/trsolicitudot?c56cfb37e2fb9efd8fe83a46fd099e14,gx-no-cache=1456755007459,gx-no-cache=1456755018069 HTTP/1.1" 200 4848
186.103.159.44 - - [29/Feb/2016:11:09:56 -0300] "POST /cormun/servlet/trsolicitudot?c56cfb37e2fb9efd8fe83a46fd099e14,gx-no-cache=1456755007459,gx-no-cache=1456755018321 HTTP/1.1" 200 4848
186.103.159.44 - - [29/Feb/2016:11:09:56 -0300] "POST /cormun/servlet/trsolicitudot?c56cfb37e2fb9efd8fe83a46fd099e14,gx-no-cache=1456755007459,gx-no-cache=1456755018602 HTTP/1.1" 200 4848
186.103.159.44 - - [29/Feb/2016:11:09:56 -0300] "POST /cormun/servlet/trsolicitudot?c56cfb37e2fb9efd8fe83a46fd099e14,gx-no-cache=1456755007459,gx-no-cache=1456755018946 HTTP/1.1" 200 4848
186.103.159.44 - - [29/Feb/2016:11:09:57 -0300] "POST /cormun/servlet/trsolicitudot?c56cfb37e2fb9efd8fe83a46fd099e14,gx-no-cache=1456755007459,gx-no-cache=1456755019281 HTTP/1.1" 200 4848
186.103.159.44 - - [29/Feb/2016:11:09:57 -0300] "POST /cormun/servlet/trsolicitudot?c56cfb37e2fb9efd8fe83a46fd099e14,gx-no-cache=1456755007459,gx-no-cache=1456755019638 HTTP/1.1" 200 4848
191.112.100.131 - - [29/Feb/2016:11:09:58 -0300] "POST /cormun/servlet/prfichaempleado?bd3ebd64ad865acf54b6bfa342039938,,MD,,gxPopupLevel%3D0%3B,gx-no-cache=1456755058817 HTTP/1.1" 200 2841
186.103.159.44 - - [29/Feb/2016:11:09:58 -0300] "POST /cormun/servlet/trsolicitudot?c56cfb37e2fb9efd8fe83a46fd099e14,gx-no-cache=1456755007459,gx-no-cache=1456755020015 HTTP/1.1" 200 105
186.67.172.234 - - [29/Feb/2016:11:09:58 -0300] "POST /cormun/servlet/solicitudotadjuntos?gx-no-cache=1456755050352 HTTP/1.1" 200 26
186.103.159.44 - - [29/Feb/2016:11:10:00 -0300] "GET /cormun/servlet/trsolicitudadjuntos?2016,230, HTTP/1.1" 200 5358
186.67.172.234 - - [29/Feb/2016:11:10:01 -0300] "GET /cormun/servlet/solicitudotadjuntos?decbf714890b777cb6b32f42f9c8594562804cdec27a19eb6e91320794413776,gx-no-cache=1456755053270 HTTP/1.1" 200 30
186.67.172.234 - - [29/Feb/2016:11:10:01 -0300] "GET /cormun/servlet/solicitudotadjuntos?decbf714890b777cb6b32f42f9c8594562804cdec27a19eb6e91320794413776,gx-no-cache=1456755053282 HTTP/1.1" 200 30
186.67.172.234 - - [29/Feb/2016:11:10:01 -0300] "POST /cormun/servlet/solicitudotadjuntos?5cd0f7793382966fcae9f43c00b371bb,INS,2016,227,,1,,gx-no-cache=1456755053298 HTTP/1.1" 200 93
186.67.172.234 - - [29/Feb/2016:11:10:01 -0300] "GET /cormun/servlet/hpexe_return? HTTP/1.1" 200 1019
186.67.172.234 - - [29/Feb/2016:11:10:01 -0300] "GET /cormun/servlet/trsolicitudadjuntos?2016,227, HTTP/1.1" 200 7788
186.67.172.234 - - [29/Feb/2016:11:10:02 -0300] "GET /cormun/servlet/trsolicitudadjuntos?2016,227, HTTP/1.1" 200 7787
186.78.61.101 - - [29/Feb/2016:11:10:02 -0300] "POST /cormun/servlet/trautorizarsolicitud?723b30637467688bd2a88569b08dfefa,,gx-no-cache=1456755006790 HTTP/1.1" 200 3433
186.103.159.44 - - [29/Feb/2016:11:10:03 -0300] "GET /cormun/servlet/solicitudotadjuntos?INS,2016,230,,1, HTTP/1.1" 200 5397
186.103.159.44 - - [29/Feb/2016:11:10:03 -0300] "HEAD /cormun/static/about:blank HTTP/1.1" 404 -
186.103.159.44 - - [29/Feb/2016:11:10:04 -0300] "GET /cormun/servlet/solicitudotadjuntos?e849930c6c061238d51069243b251b9e44ba88f305943099d8abd7a02b82bc95fa080f6f6e4f952aab56bf390670113a,gx-no-cache=1456755026643 HTTP/1.1" 200 30
186.103.159.44 - - [29/Feb/2016:11:10:04 -0300] "POST /cormun/servlet/solicitudotadjuntos?c56cfb37e2fb9efd8fe83a46fd099e14,INS,2016,230,,1,,gx-no-cache=1456755026699 HTTP/1.1" 200 3311
186.67.172.234 - - [29/Feb/2016:11:10:04 -0300] "GET /cormun/servlet/solicitudotadjuntos?DLT,2016,227,CV,0, HTTP/1.1" 200 5292
186.67.172.234 - - [29/Feb/2016:11:10:05 -0300] "GET /cormun/static/about:blank HTTP/1.1" 404 1011
186.67.172.234 - - [29/Feb/2016:11:10:05 -0300] "GET /cormun/servlet/solicitudotadjuntos?DLT,2016,227,CV,0, HTTP/1.1" 200 5285
186.103.159.44 - - [29/Feb/2016:11:10:08 -0300] "POST /cormun/servlet/solicitudotadjuntos?gx-no-cache=1456755030599 HTTP/1.1" 200 26
186.67.172.234 - - [29/Feb/2016:11:10:10 -0300] "POST /cormun/servlet/solicitudotadjuntos?5cd0f7793382966fcae9f43c00b371bb,DLT,2016,227,CV,0,,gx-no-cache=1456755062585 HTTP/1.1" 200 93
186.67.172.234 - - [29/Feb/2016:11:10:10 -0300] "GET /cormun/servlet/hpexe_return? HTTP/1.1" 200 1022
186.67.172.234 - - [29/Feb/2016:11:10:11 -0300] "GET /cormun/servlet/trsolicitudadjuntos?2016,227, HTTP/1.1" 200 7702
186.67.172.234 - - [29/Feb/2016:11:10:11 -0300] "GET /cormun/servlet/trsolicitudadjuntos?2016,227, HTTP/1.1" 200 7700
186.67.172.234 - - [29/Feb/2016:11:10:15 -0300] "GET /cormun/servlet/solicitudotadjuntos?INS,2016,227,,1, HTTP/1.1" 200 5395
186.67.172.234 - - [29/Feb/2016:11:10:15 -0300] "GET /cormun/static/about:blank HTTP/1.1" 404 1011
186.67.172.234 - - [29/Feb/2016:11:10:16 -0300] "GET /cormun/servlet/solicitudotadjuntos?INS,2016,227,,1, HTTP/1.1" 200 5389
186.67.172.234 - - [29/Feb/2016:11:10:16 -0300] "GET /cormun/servlet/solicitudotadjuntos?decbf714890b777cb6b32f42f9c85945ad459dd1ad24c9e4dd1e1dc34c7eeed2bab11484789f11823582233236627734,gx-no-cache=1456755068408 HTTP/1.1" 200 30
186.67.172.234 - - [29/Feb/2016:11:10:16 -0300] "POST /cormun/servlet/solicitudotadjuntos?5cd0f7793382966fcae9f43c00b371bb,INS,2016,227,,1,,gx-no-cache=1456755068473 HTTP/1.1" 200 3304
186.67.172.234 - - [29/Feb/2016:11:10:20 -0300] "POST /cormun/servlet/solicitudotadjuntos?gx-no-cache=1456755072156 HTTP/1.1" 200 26
186.78.61.101 - - [29/Feb/2016:11:10:20 -0300] "POST /cormun/servlet/trautorizarsolicitud?723b30637467688bd2a88569b08dfefa,,gx-no-cache=1456755031203 HTTP/1.1" 200 3432
186.67.172.234 - - [29/Feb/2016:11:10:29 -0300] "GET /cormun/servlet/solicitudotadjuntos?decbf714890b777cb6b32f42f9c8594562804cdec27a19eb6e91320794413776,gx-no-cache=1456755081198 HTTP/1.1" 200 30
186.67.172.234 - - [29/Feb/2016:11:10:29 -0300] "GET /cormun/servlet/solicitudotadjuntos?decbf714890b777cb6b32f42f9c8594562804cdec27a19eb6e91320794413776,gx-no-cache=1456755081211 HTTP/1.1" 200 30
191.112.100.131 - - [29/Feb/2016:11:10:31 -0300] "GET /cormun/servlet/prfichaempleado?,MD,,gxPopupLevel%3D0%3B HTTP/1.1" 200 7869
191.112.100.131 - - [29/Feb/2016:11:10:31 -0300] "GET /cormun/static/scaMessage/css/jquery-ui.css?104140 HTTP/1.1" 404 1045
186.67.172.234 - - [29/Feb/2016:11:10:35 -0300] "POST /cormun/servlet/solicitudotadjuntos?5cd0f7793382966fcae9f43c00b371bb,INS,2016,227,,1, HTTP/1.1" 200 116
186.67.172.234 - - [29/Feb/2016:11:10:35 -0300] "GET /cormun/servlet/hpexe_return? HTTP/1.1" 200 1019
186.67.172.234 - - [29/Feb/2016:11:10:36 -0300] "GET /cormun/servlet/trsolicitudadjuntos?2016,227, HTTP/1.1" 200 7873
186.67.172.234 - - [29/Feb/2016:11:10:37 -0300] "GET /cormun/servlet/trsolicitudadjuntos?2016,227, HTTP/1.1" 200 7871
186.67.172.234 - - [29/Feb/2016:11:10:42 -0300] "GET /cormun/servlet/solicitudotadjuntos?INS,2016,227,,1, HTTP/1.1" 200 5395
186.67.172.234 - - [29/Feb/2016:11:10:42 -0300] "GET /cormun/static/about:blank HTTP/1.1" 404 1011
186.67.172.234 - - [29/Feb/2016:11:10:42 -0300] "GET /cormun/servlet/solicitudotadjuntos?INS,2016,227,,1, HTTP/1.1" 200 5389
186.67.172.234 - - [29/Feb/2016:11:10:43 -0300] "GET /cormun/servlet/solicitudotadjuntos?decbf714890b777cb6b32f42f9c85945ad459dd1ad24c9e4dd1e1dc34c7eeed2bab11484789f11823582233236627734,gx-no-cache=1456755094836 HTTP/1.1" 200 30
186.67.172.234 - - [29/Feb/2016:11:10:43 -0300] "POST /cormun/servlet/solicitudotadjuntos?5cd0f7793382966fcae9f43c00b371bb,INS,2016,227,,1,,gx-no-cache=1456755094874 HTTP/1.1" 200 3304
186.78.61.101 - - [29/Feb/2016:11:10:43 -0300] "POST /cormun/servlet/trautorizarsolicitud?723b30637467688bd2a88569b08dfefa,,gx-no-cache=1456755065640 HTTP/1.1" 200 3431
186.78.61.101 - - [29/Feb/2016:11:10:44 -0300] "GET /cormun/servlet/trautorizarsolicitud?954d6552ab49780c3af76c5fcb23947631a324b6c314359a218247e396e6965a6744b059353529c4ca431f6f13b99819644fdd221a2daad21049ba4de64eba3aa9679da131f5b5bcaf3a45064f5c8be6f1ce468f4c9683d50702de7eae07eac7,gx-no-cache=1456755066043 HTTP/1.1" 200 711
186.67.172.234 - - [29/Feb/2016:11:10:47 -0300] "POST /cormun/servlet/solicitudotadjuntos?gx-no-cache=1456755099770 HTTP/1.1" 200 26
186.103.159.44 - - [29/Feb/2016:11:10:50 -0300] "GET /cormun/servlet/solicitudotadjuntos?e849930c6c061238d51069243b251b9eb7ad327a02d5f8f4ca770e9782efeacc,gx-no-cache=1456755072379 HTTP/1.1" 200 30
186.103.159.44 - - [29/Feb/2016:11:10:50 -0300] "GET /cormun/servlet/solicitudotadjuntos?e849930c6c061238d51069243b251b9eb7ad327a02d5f8f4ca770e9782efeacc,gx-no-cache=1456755072411 HTTP/1.1" 200 30
186.103.159.44 - - [29/Feb/2016:11:10:50 -0300] "POST /cormun/servlet/solicitudotadjuntos?c56cfb37e2fb9efd8fe83a46fd099e14,INS,2016,230,,1, HTTP/1.1" 200 116
186.103.159.44 - - [29/Feb/2016:11:10:50 -0300] "GET /cormun/servlet/hpexe_return? HTTP/1.1" 200 1015
186.103.159.44 - - [29/Feb/2016:11:10:50 -0300] "GET /cormun/servlet/trsolicitudadjuntos?2016,230, HTTP/1.1" 200 7244
191.112.100.131 - - [29/Feb/2016:11:10:50 -0300] "POST /cormun/servlet/solicitudot?gx-no-cache=1456755111692 HTTP/1.1" 200 2760
191.112.100.131 - - [29/Feb/2016:11:10:51 -0300] "POST /cormun/servlet/solicitudot?bd3ebd64ad865acf54b6bfa342039938,INS,0,0,,gx-no-cache=1456755112040 HTTP/1.1" 200 9544
191.112.100.131 - - [29/Feb/2016:11:10:51 -0300] "GET /cormun/servlet/solicitudot?5b9e1c8990f47401402ad3753d740c4b5af259117d5ec7031930ccbd0a2425bfea8217977582717940566a880b2eb48a,gx-no-cache=1456755112414 HTTP/1.1" 200 30
191.112.100.131 - - [29/Feb/2016:11:10:51 -0300] "POST /cormun/servlet/solicitudot?gx-no-cache=1456755112496 HTTP/1.1" 200 30
191.112.100.131 - - [29/Feb/2016:11:10:51 -0300] "POST /cormun/servlet/solicitudot?gx-no-cache=1456755112572 HTTP/1.1" 200 33
191.112.100.131 - - [29/Feb/2016:11:10:51 -0300] "POST /cormun/servlet/solicitudot?gx-no-cache=1456755112684 HTTP/1.1" 200 1157
191.112.100.131 - - [29/Feb/2016:11:10:51 -0300] "GET /cormun/servlet/solicitudot?5b9e1c8990f47401402ad3753d740c4b50805931a1c06527e304878f49bd63a7de8a0e366a90105bd5e9be771d8adae800b9ed231bb1bb56da4bf65a3103013641a831255682043425c39b0568aaa27ec73c98b7113ec2812a9e1e6c2a1caa57054e43e967fd74e70ad10e9046834c2b5727c568669337f0fac30e0225679fa52b6815a06917656496aa92c05a98f201,gx-no-cache=1456755112821 HTTP/1.1" 200 38
186.103.159.44 - - [29/Feb/2016:11:10:59 -0300] "GET /cormun/servlet/solicitudotadjuntos?INS,2016,230,,1, HTTP/1.1" 200 5397
186.103.159.44 - - [29/Feb/2016:11:10:59 -0300] "HEAD /cormun/static/about:blank HTTP/1.1" 404 -
186.103.159.44 - - [29/Feb/2016:11:10:59 -0300] "GET /cormun/servlet/solicitudotadjuntos?e849930c6c061238d51069243b251b9e44ba88f305943099d8abd7a02b82bc95fa080f6f6e4f952aab56bf390670113a,gx-no-cache=1456755082004 HTTP/1.1" 200 30
186.103.159.44 - - [29/Feb/2016:11:11:00 -0300] "POST /cormun/servlet/solicitudotadjuntos?c56cfb37e2fb9efd8fe83a46fd099e14,INS,2016,230,,1,,gx-no-cache=1456755082037 HTTP/1.1" 200 3310
186.103.159.44 - - [29/Feb/2016:11:11:03 -0300] "POST /cormun/servlet/solicitudotadjuntos?gx-no-cache=1456755085043 HTTP/1.1" 200 26
186.78.61.101 - - [29/Feb/2016:11:11:14 -0300] "GET /cormun/servlet/trautorizarsolicitud?954d6552ab49780c3af76c5fcb239476d90252094732768bf656639ee7e00eec74af674191a55a1bc5ba1b833f44facbddc0b5189cf493adc73970910b153049d99791ad8517249e2d00e163689283c3e279792db74829aad277c4e15a5c2ac4,gx-no-cache=1456755095361 HTTP/1.1" 200 711
186.67.172.234 - - [29/Feb/2016:11:11:15 -0300] "GET /cormun/servlet/solicitudotadjuntos?decbf714890b777cb6b32f42f9c8594562804cdec27a19eb6e91320794413776,gx-no-cache=1456755127193 HTTP/1.1" 200 30
186.67.172.234 - - [29/Feb/2016:11:11:15 -0300] "GET /cormun/servlet/solicitudotadjuntos?decbf714890b777cb6b32f42f9c8594562804cdec27a19eb6e91320794413776,gx-no-cache=1456755127499 HTTP/1.1" 200 30
186.67.172.234 - - [29/Feb/2016:11:11:16 -0300] "POST /cormun/servlet/solicitudotadjuntos?5cd0f7793382966fcae9f43c00b371bb,INS,2016,227,,1, HTTP/1.1" 200 116
186.67.172.234 - - [29/Feb/2016:11:11:16 -0300] "GET /cormun/servlet/hpexe_return? HTTP/1.1" 200 1019
191.112.100.131 - - [29/Feb/2016:11:11:17 -0300] "GET /cormun/servlet/prfichaempleado?,MD,,gxPopupLevel%3D0%3B HTTP/1.1" 200 7869
191.112.100.131 - - [29/Feb/2016:11:11:17 -0300] "GET /cormun/static/scaMessage/css/jquery-ui.css?104140 HTTP/1.1" 404 1045
186.67.172.234 - - [29/Feb/2016:11:11:17 -0300] "GET /cormun/servlet/trsolicitudadjuntos?2016,227, HTTP/1.1" 200 7985
186.67.172.234 - - [29/Feb/2016:11:11:18 -0300] "GET /cormun/servlet/trsolicitudadjuntos?2016,227, HTTP/1.1" 200 7981
191.112.100.131 - - [29/Feb/2016:11:11:20 -0300] "GET /cormun/servlet/prfichaempleado?6e9d4c1eb2f20ee399b8f9a9ab6bc12cbeacf44d74adc4ec3e680a38058f0df3fbcba30971de803fe3e8e897e869dd59dd306e4f2b130e799f4cd5ad6c7a80fb,gx-no-cache=1456755141756 HTTP/1.1" 200 458
191.112.100.131 - - [29/Feb/2016:11:11:21 -0300] "GET /cormun/servlet/prfichaempleado?6e9d4c1eb2f20ee399b8f9a9ab6bc12c877065efb98a8cfad0dd01921eeef87f45395dc878db20abf30a9d434466795c0e9a967f525a8adde12c99fc7b7b566ea40330b73d3f22505ec755beb976cd69,gx-no-cache=1456755142560 HTTP/1.1" 200 473
191.112.100.131 - - [29/Feb/2016:11:11:22 -0300] "GET /cormun/servlet/prfichaempleado?6e9d4c1eb2f20ee399b8f9a9ab6bc12c877065efb98a8cfad0dd01921eeef87f47295da2100a15862be9ca0f5624cfe2e04342c632c3262554aaeb2ef4ee7aa5e4c3c1213ef15732eff4ec7a2d436904,gx-no-cache=1456755143068 HTTP/1.1" 200 474
186.67.172.234 - - [29/Feb/2016:11:11:23 -0300] "GET /cormun/PublicTempStorage/certificado_de_titulo8090943.pdf HTTP/1.1" 200 120749
186.67.172.234 - - [29/Feb/2016:11:11:24 -0300] "GET /cormun/PublicTempStorage/certificado_de_titulo8090943.pdf HTTP/1.1" 304 -
186.67.172.234 - - [29/Feb/2016:11:11:24 -0300] "GET /cormun/PublicTempStorage/certificado_de_titulo8090943.pdf HTTP/1.1" 304 -
191.112.100.131 - - [29/Feb/2016:11:11:24 -0300] "GET /cormun/servlet/prfichaempleado?6e9d4c1eb2f20ee399b8f9a9ab6bc12c877065efb98a8cfad0dd01921eeef87f84571ebc3a757fdfc20d169a35454741aff57035ae48226e6a83cac2dce7e9b678503d862facd5289d1fc4062cdd4d7c,gx-no-cache=1456755145728 HTTP/1.1" 200 437
191.112.100.131 - - [29/Feb/2016:11:11:25 -0300] "GET /cormun/servlet/prfichaempleado?6e9d4c1eb2f20ee399b8f9a9ab6bc12c877065efb98a8cfad0dd01921eeef87fe90089e1ee0e21f535834c3717241397883cd7444a0abe736c5572d2bd08245f69192d9154819ccc15b38fc656508c0e,gx-no-cache=1456755146677 HTTP/1.1" 200 435
191.112.100.131 - - [29/Feb/2016:11:11:27 -0300] "GET /cormun/servlet/prfichaempleado?6e9d4c1eb2f20ee399b8f9a9ab6bc12c877065efb98a8cfad0dd01921eeef87f629187f3b6691a66d73407dea1f3c261a08df9fc10b9de05a58c7442cd63de40,gx-no-cache=1456755148950 HTTP/1.1" 200 469
191.112.100.131 - - [29/Feb/2016:11:11:28 -0300] "GET /cormun/servlet/prfichaempleado?6e9d4c1eb2f20ee399b8f9a9ab6bc12c877065efb98a8cfad0dd01921eeef87f72af5f40dd0668fec5a2a565efe92afcd117dd37f7c8e18893f4dc43994e3258f9aa8cd10cf60880ed12d6f361672b16,gx-no-cache=1456755149834 HTTP/1.1" 200 474
191.112.100.131 - - [29/Feb/2016:11:11:29 -0300] "GET /cormun/servlet/prfichaempleado?6e9d4c1eb2f20ee399b8f9a9ab6bc12c877065efb98a8cfad0dd01921eeef87f9c3c0dc70c95a3883542492be324853ea10b854719acc509ccd02e037626d3bc5166b5209a1aa3cb1912b1deb3395677,gx-no-cache=1456755150760 HTTP/1.1" 200 476
191.112.100.131 - - [29/Feb/2016:11:11:31 -0300] "POST /cormun/servlet/prfichaempleado?bd3ebd64ad865acf54b6bfa342039938,,MD,,gxPopupLevel%3D0%3B,gx-no-cache=1456755151860 HTTP/1.1" 200 2848
186.78.61.101 - - [29/Feb/2016:11:11:31 -0300] "POST /cormun/servlet/trautorizarsolicitud?723b30637467688bd2a88569b08dfefa,,gx-no-cache=1456755103327 HTTP/1.1" 200 3439
191.112.100.131 - - [29/Feb/2016:11:11:36 -0300] "POST /cormun/servlet/solicitudot?gx-no-cache=1456755157598 HTTP/1.1" 200 2776
191.112.100.131 - - [29/Feb/2016:11:11:37 -0300] "POST /cormun/servlet/solicitudot?bd3ebd64ad865acf54b6bfa342039938,INS,0,0,,gx-no-cache=1456755157949 HTTP/1.1" 200 10221
191.112.100.131 - - [29/Feb/2016:11:11:37 -0300] "GET /cormun/servlet/solicitudot?5b9e1c8990f47401402ad3753d740c4b68ede9d709277db33f4f00c5eb3e3e52627624f02767d1e477690b15c8a367d4,gx-no-cache=1456755158408 HTTP/1.1" 200 30
191.112.100.131 - - [29/Feb/2016:11:11:38 -0300] "POST /cormun/servlet/solicitudot?gx-no-cache=1456755159161 HTTP/1.1" 200 30
191.112.100.131 - - [29/Feb/2016:11:11:38 -0300] "POST /cormun/servlet/solicitudot?gx-no-cache=1456755159230 HTTP/1.1" 200 33
191.112.100.131 - - [29/Feb/2016:11:11:38 -0300] "POST /cormun/servlet/solicitudot?gx-no-cache=1456755159337 HTTP/1.1" 200 1157
191.112.100.131 - - [29/Feb/2016:11:11:38 -0300] "GET /cormun/servlet/solicitudot?5b9e1c8990f47401402ad3753d740c4b50805931a1c06527e304878f49bd63a7de8a0e366a90105bd5e9be771d8adae800b9ed231bb1bb56da4bf65a3103013641a831255682043425c39b0568aaa27ec73c98b7113ec2812a9e1e6c2a1caa57054e43e967fd74e70ad10e9046834c2b5727c568669337f0fac30e0225679fa52b6815a06917656496aa92c05a98f201,gx-no-cache=1456755159520 HTTP/1.1" 200 38
186.67.172.234 - - [29/Feb/2016:11:11:57 -0300] "GET /cormun/servlet/hlogin HTTP/1.1" 200 1718
186.103.159.44 - - [29/Feb/2016:11:12:02 -0300] "POST /cormun/servlet/solicitudotadjuntos?gx-no-cache=1456755144347 HTTP/1.1" 200 26
186.67.172.234 - - [29/Feb/2016:11:12:08 -0300] "POST /cormun/servlet/hlogin?5cd0f7793382966fcae9f43c00b371bb,gx-no-cache=1456755179908 HTTP/1.1" 200 90
186.67.172.234 - - [29/Feb/2016:11:12:08 -0300] "GET /cormun/servlet/hpexe_link HTTP/1.1" 200 945
186.67.172.234 - - [29/Feb/2016:11:12:08 -0300] "GET /cormun/servlet/hhome HTTP/1.1" 200 3416
186.67.172.234 - - [29/Feb/2016:11:12:08 -0300] "GET /cormun/servlet/hhome HTTP/1.1" 200 3412
186.103.159.44 - - [29/Feb/2016:11:12:10 -0300] "POST /cormun/servlet/solicitudotadjuntos?gx-no-cache=1456755152426 HTTP/1.1" 200 26
186.67.172.234 - - [29/Feb/2016:11:12:14 -0300] "GET /cormun/servlet/trautorizarsolicitud? HTTP/1.1" 200 6070
186.67.172.234 - - [29/Feb/2016:11:12:15 -0300] "GET /cormun/servlet/trautorizarsolicitud? HTTP/1.1" 200 6070
186.67.172.234 - - [29/Feb/2016:11:12:19 -0300] "GET /cormun/servlet/trvisualizadoreventos? HTTP/1.1" 200 5928
186.67.172.234 - - [29/Feb/2016:11:12:19 -0300] "GET /cormun/static/gxcfg.js?2016251828014 HTTP/1.1" 304 -
186.67.172.234 - - [29/Feb/2016:11:12:19 -0300] "GET /cormun/static/trvisualizadoreventos.js?2016251828276 HTTP/1.1" 304 -
186.67.172.234 - - [29/Feb/2016:11:12:19 -0300] "GET /cormun/servlet/trvisualizadoreventos? HTTP/1.1" 200 5928
186.103.159.44 - - [29/Feb/2016:11:12:19 -0300] "GET /cormun/servlet/solicitudotadjuntos?e849930c6c061238d51069243b251b9eb7ad327a02d5f8f4ca770e9782efeacc,gx-no-cache=1456755161914 HTTP/1.1" 200 30
186.103.159.44 - - [29/Feb/2016:11:12:19 -0300] "GET /cormun/servlet/solicitudotadjuntos?e849930c6c061238d51069243b251b9eb7ad327a02d5f8f4ca770e9782efeacc,gx-no-cache=1456755161930 HTTP/1.1" 200 30
186.103.159.44 - - [29/Feb/2016:11:12:20 -0300] "POST /cormun/servlet/solicitudotadjuntos?c56cfb37e2fb9efd8fe83a46fd099e14,INS,2016,230,,1, HTTP/1.1" 200 116
186.103.159.44 - - [29/Feb/2016:11:12:20 -0300] "GET /cormun/servlet/hpexe_return? HTTP/1.1" 200 1015
186.103.159.44 - - [29/Feb/2016:11:12:20 -0300] "GET /cormun/servlet/trsolicitudadjuntos?2016,230, HTTP/1.1" 200 7399
186.67.172.234 - - [29/Feb/2016:11:12:20 -0300] "POST /cormun/servlet/acontrolpreferencessavestate?None,CSILVIA,true HTTP/1.1" 200 35
186.67.172.234 - - [29/Feb/2016:11:12:26 -0300] "GET /cormun/servlet/trsolicitudot? HTTP/1.1" 200 7720
186.103.159.44 - - [29/Feb/2016:11:12:26 -0300] "GET /cormun/servlet/solicitudotadjuntos?INS,2016,230,,1, HTTP/1.1" 200 5397
186.103.159.44 - - [29/Feb/2016:11:12:26 -0300] "HEAD /cormun/static/about:blank HTTP/1.1" 404 -
186.67.172.234 - - [29/Feb/2016:11:12:26 -0300] "GET /cormun/servlet/trsolicitudot? HTTP/1.1" 200 7719
186.103.159.44 - - [29/Feb/2016:11:12:27 -0300] "GET /cormun/servlet/solicitudotadjuntos?e849930c6c061238d51069243b251b9e44ba88f305943099d8abd7a02b82bc95fa080f6f6e4f952aab56bf390670113a,gx-no-cache=1456755169213 HTTP/1.1" 200 30
186.103.159.44 - - [29/Feb/2016:11:12:27 -0300] "POST /cormun/servlet/solicitudotadjuntos?c56cfb37e2fb9efd8fe83a46fd099e14,INS,2016,230,,1,,gx-no-cache=1456755169245 HTTP/1.1" 200 3311
186.78.61.101 - - [29/Feb/2016:11:12:28 -0300] "GET /cormun/servlet/trsolicitudot? HTTP/1.1" 200 8247
186.78.61.101 - - [29/Feb/2016:11:12:31 -0300] "GET /cormun/static/gxcfg.js?20161623482752 HTTP/1.1" 200 953
186.103.159.44 - - [29/Feb/2016:11:12:33 -0300] "POST /cormun/servlet/solicitudotadjuntos?gx-no-cache=1456755175947 HTTP/1.1" 200 26
186.78.61.101 - - [29/Feb/2016:11:12:33 -0300] "GET /cormun/static/Resources/PXToolsGridNew.png HTTP/1.1" 200 2949
186.67.172.234 - - [29/Feb/2016:11:12:34 -0300] "POST /cormun/servlet/trsolicitudot?5cd0f7793382966fcae9f43c00b371bb,,gx-no-cache=1456755205837 HTTP/1.1" 200 5192
186.67.172.234 - - [29/Feb/2016:11:12:34 -0300] "POST /cormun/servlet/trsolicitudot?5cd0f7793382966fcae9f43c00b371bb,,gx-no-cache=1456755206010 HTTP/1.1" 200 5192
186.78.61.101 - - [29/Feb/2016:11:12:34 -0300] "GET /cormun/static/trsolicitudot.js?20161623483284 HTTP/1.1" 200 45324
186.67.172.234 - - [29/Feb/2016:11:12:34 -0300] "POST /cormun/servlet/trsolicitudot?5cd0f7793382966fcae9f43c00b371bb,,gx-no-cache=1456755206493 HTTP/1.1" 200 5192
186.67.172.234 - - [29/Feb/2016:11:12:35 -0300] "POST /cormun/servlet/trsolicitudot?5cd0f7793382966fcae9f43c00b371bb,,gx-no-cache=1456755206674 HTTP/1.1" 200 5192
186.67.172.234 - - [29/Feb/2016:11:12:35 -0300] "POST /cormun/servlet/trsolicitudot?5cd0f7793382966fcae9f43c00b371bb,,gx-no-cache=1456755207162 HTTP/1.1" 200 5192
186.67.172.234 - - [29/Feb/2016:11:12:35 -0300] "POST /cormun/servlet/trsolicitudot?5cd0f7793382966fcae9f43c00b371bb,,gx-no-cache=1456755207348 HTTP/1.1" 200 5192
186.78.61.101 - - [29/Feb/2016:11:12:36 -0300] "GET /cormun/servlet/trsolicitudot? HTTP/1.1" 200 8246
186.67.172.234 - - [29/Feb/2016:11:12:36 -0300] "POST /cormun/servlet/trsolicitudot?5cd0f7793382966fcae9f43c00b371bb,,gx-no-cache=1456755207889 HTTP/1.1" 200 5192
191.112.100.131 - - [29/Feb/2016:11:12:36 -0300] "GET /cormun/servlet/solicitudot?5b9e1c8990f47401402ad3753d740c4be948be1b008a37a12499409b8f0d75816804e3baa65f6263f51fed9923eaa530eaf5c1a6f2721689306715cf5428a13fcd662899b64a8d1c1dc907daa5d4b1a2fdb0b50030cc58c5c5c83cf6fa7bdbb1959c1a9a70d4b6cd1e83e0afaf940e47fb7d15ba876feeb34ac02d8360ddf3555ef67db9c6e78542d0faf0348ef92c2d67c1fb71202194ae10565d470db094a12c9e9d75904d1201946ed0082394b416f4288ddb14268113ad656f6127b4e035f9c62b4a21585a4ae23624ed7d4ecf89,gx-no-cache=1456755217117 HTTP/1.1" 200 29
186.78.61.101 - - [29/Feb/2016:11:12:36 -0300] "GET /cormun//static/Resources/PXToolsActionView.png HTTP/1.1" 200 2995
186.78.61.101 - - [29/Feb/2016:11:12:36 -0300] "GET /cormun//static/Resources/PXToolsGridUpdate.png HTTP/1.1" 200 2984
186.67.172.234 - - [29/Feb/2016:11:12:36 -0300] "POST /cormun/servlet/trsolicitudot?5cd0f7793382966fcae9f43c00b371bb,,gx-no-cache=1456755208067 HTTP/1.1" 200 4920
186.67.172.234 - - [29/Feb/2016:11:12:36 -0300] "GET /cormun/static/Shared/jqueryui/images/ui-bg_highlight-soft_100_c6c2c8_1x100.png HTTP/1.1" 404 1117
186.67.172.234 - - [29/Feb/2016:11:12:36 -0300] "GET /cormun/static/Shared/jqueryui/images/ui-icons_82798d_256x240.png HTTP/1.1" 404 1089
186.67.172.234 - - [29/Feb/2016:11:12:36 -0300] "GET /cormun/static/Shared/jqueryui/images/ui-bg_flat_55_fafafa_40x100.png HTTP/1.1" 404 1097
186.67.172.234 - - [29/Feb/2016:11:12:36 -0300] "GET /cormun/static/Shared/jqueryui/images/ui-icons_8d78a5_256x240.png HTTP/1.1" 404 1089
186.67.172.234 - - [29/Feb/2016:11:12:36 -0300] "POST /cormun/servlet/trsolicitudot?5cd0f7793382966fcae9f43c00b371bb,,gx-no-cache=1456755208330 HTTP/1.1" 200 4861
186.78.61.101 - - [29/Feb/2016:11:12:37 -0300] "GET /cormun//static/Resources/PXToolsGridDelete.png HTTP/1.1" 200 357
186.78.61.101 - - [29/Feb/2016:11:12:37 -0300] "GET /cormun//static/Resources/PXTools/ActionInsert.png HTTP/1.1" 200 1482
186.78.61.101 - - [29/Feb/2016:11:12:37 -0300] "GET /cormun//static/Resources/PXToolsRemoveAllAction.png HTTP/1.1" 200 3558
186.103.159.44 - - [29/Feb/2016:11:12:41 -0300] "GET /cormun/servlet/solicitudotadjuntos?e849930c6c061238d51069243b251b9eb7ad327a02d5f8f4ca770e9782efeacc,gx-no-cache=1456755183842 HTTP/1.1" 200 30
186.103.159.44 - - [29/Feb/2016:11:12:41 -0300] "GET /cormun/servlet/solicitudotadjuntos?e849930c6c061238d51069243b251b9eb7ad327a02d5f8f4ca770e9782efeacc,gx-no-cache=1456755183858 HTTP/1.1" 200 30
186.103.159.44 - - [29/Feb/2016:11:12:41 -0300] "POST /cormun/servlet/solicitudotadjuntos?c56cfb37e2fb9efd8fe83a46fd099e14,INS,2016,230,,1, HTTP/1.1" 200 5288
186.103.159.44 - - [29/Feb/2016:11:12:42 -0300] "HEAD /home/sistema/apache-tomcat-7.0.65/webapps/cormun/PrivateTempStorage/upload_00002490.pdf HTTP/1.1" 404 -
186.103.159.44 - - [29/Feb/2016:11:12:42 -0300] "HEAD /cormun/PrivateTempStorage/upload_00002490.pdf HTTP/1.1" 200 -
186.103.159.44 - - [29/Feb/2016:11:12:42 -0300] "GET /cormun/static/Shared/jqueryui/images/ui-icons_82798d_256x240.png HTTP/1.1" 404 1089
186.103.159.44 - - [29/Feb/2016:11:12:42 -0300] "GET /cormun/static/Shared/jqueryui/images/ui-bg_highlight-soft_100_c6c2c8_1x100.png HTTP/1.1" 404 1117
186.103.159.44 - - [29/Feb/2016:11:12:42 -0300] "GET /cormun/static/Shared/jqueryui/images/ui-bg_flat_55_994d53_40x100.png HTTP/1.1" 404 1097
186.103.159.44 - - [29/Feb/2016:11:12:42 -0300] "GET /cormun/static/Shared/jqueryui/images/ui-icons_ebccce_256x240.png HTTP/1.1" 404 1089
186.103.159.44 - - [29/Feb/2016:11:12:46 -0300] "POST /cormun/servlet/solicitudotadjuntos?gx-no-cache=1456755188490 HTTP/1.1" 200 26
186.103.159.44 - - [29/Feb/2016:11:12:47 -0300] "GET /cormun/servlet/solicitudotadjuntos?e849930c6c061238d51069243b251b9e706a93727f96e04090ea1af351d8e45efa080f6f6e4f952aab56bf390670113a,gx-no-cache=1456755189554 HTTP/1.1" 200 30
186.103.159.44 - - [29/Feb/2016:11:12:47 -0300] "GET /cormun/servlet/solicitudotadjuntos?e849930c6c061238d51069243b251b9edf6ea484cbb5985ef0c0ff43d5e8327afa080f6f6e4f952aab56bf390670113a,gx-no-cache=1456755189572 HTTP/1.1" 200 30
186.103.159.44 - - [29/Feb/2016:11:12:47 -0300] "POST /cormun/servlet/solicitudotadjuntos?c56cfb37e2fb9efd8fe83a46fd099e14,INS,2016,230,,1, HTTP/1.1" 200 116
186.103.159.44 - - [29/Feb/2016:11:12:47 -0300] "GET /cormun/servlet/hpexe_return? HTTP/1.1" 200 1015
186.103.159.44 - - [29/Feb/2016:11:12:48 -0300] "GET /cormun/servlet/trsolicitudadjuntos?2016,230, HTTP/1.1" 200 7553
186.103.159.44 - - [29/Feb/2016:11:12:56 -0300] "GET /cormun/servlet/solicitudotadjuntos?INS,2016,230,,1, HTTP/1.1" 200 5397
186.103.159.44 - - [29/Feb/2016:11:12:56 -0300] "HEAD /cormun/static/about:blank HTTP/1.1" 404 -
186.103.159.44 - - [29/Feb/2016:11:12:57 -0300] "GET /cormun/servlet/solicitudotadjuntos?e849930c6c061238d51069243b251b9e44ba88f305943099d8abd7a02b82bc95fa080f6f6e4f952aab56bf390670113a,gx-no-cache=1456755199349 HTTP/1.1" 200 30
186.103.159.44 - - [29/Feb/2016:11:12:57 -0300] "POST /cormun/servlet/solicitudotadjuntos?c56cfb37e2fb9efd8fe83a46fd099e14,INS,2016,230,,1,,gx-no-cache=1456755199381 HTTP/1.1" 200 3311
186.67.172.234 - - [29/Feb/2016:11:12:58 -0300] "GET /cormun/servlet/trautorizarsolicitud? HTTP/1.1" 200 7367
186.67.172.234 - - [29/Feb/2016:11:12:59 -0300] "GET /cormun/servlet/trautorizarsolicitud? HTTP/1.1" 200 7367
186.103.159.44 - - [29/Feb/2016:11:13:00 -0300] "POST /cormun/servlet/solicitudotadjuntos?gx-no-cache=1456755203026 HTTP/1.1" 200 26
191.112.100.131 - - [29/Feb/2016:11:13:04 -0300] "POST /cormun/servlet/solicitudot?gx-no-cache=1456755245626 HTTP/1.1" 200 33
191.112.100.131 - - [29/Feb/2016:11:13:05 -0300] "POST /cormun/servlet/solicitudot?gx-no-cache=1456755245905 HTTP/1.1" 200 1157
191.112.100.131 - - [29/Feb/2016:11:13:05 -0300] "GET /cormun/servlet/solicitudot?5b9e1c8990f47401402ad3753d740c4b50805931a1c06527e304878f49bd63a7de8a0e366a90105bd5e9be771d8adae800b9ed231bb1bb56da4bf65a3103013641a831255682043425c39b0568aaa27ec73c98b7113ec2812a9e1e6c2a1caa57054e43e967fd74e70ad10e9046834c2b5727c568669337f0fac30e0225679fa52b6815a06917656496aa92c05a98f201,gx-no-cache=1456755246107 HTTP/1.1" 200 38
186.78.61.101 - - [29/Feb/2016:11:13:07 -0300] "GET /cormun/servlet/solicitudot?INS,0,0, HTTP/1.1" 200 12078
186.67.172.234 - - [29/Feb/2016:11:13:09 -0300] "GET /cormun/servlet/treventos?2016,227, HTTP/1.1" 200 6259
186.67.172.234 - - [29/Feb/2016:11:13:09 -0300] "GET /cormun/static/gxcfg.js?2015112118274652 HTTP/1.1" 200 953
186.67.172.234 - - [29/Feb/2016:11:13:09 -0300] "GET /cormun/static/treventos.js?2015112118274856 HTTP/1.1" 200 14123
186.67.172.234 - - [29/Feb/2016:11:13:09 -0300] "GET /cormun/static/Resources/Spanish/PXTools.css?18201296 HTTP/1.1" 200 89042
186.67.172.234 - - [29/Feb/2016:11:13:09 -0300] "GET /cormun/servlet/treventos?2016,227, HTTP/1.1" 200 6258
186.103.159.44 - - [29/Feb/2016:11:13:09 -0300] "GET /cormun/servlet/solicitudotadjuntos?e849930c6c061238d51069243b251b9eb7ad327a02d5f8f4ca770e9782efeacc,gx-no-cache=1456755211986 HTTP/1.1" 200 30
186.103.159.44 - - [29/Feb/2016:11:13:09 -0300] "GET /cormun/servlet/solicitudotadjuntos?e849930c6c061238d51069243b251b9eb7ad327a02d5f8f4ca770e9782efeacc,gx-no-cache=1456755212003 HTTP/1.1" 200 30
186.103.159.44 - - [29/Feb/2016:11:13:10 -0300] "POST /cormun/servlet/solicitudotadjuntos?c56cfb37e2fb9efd8fe83a46fd099e14,INS,2016,230,,1, HTTP/1.1" 200 116
186.103.159.44 - - [29/Feb/2016:11:13:10 -0300] "GET /cormun/servlet/hpexe_return? HTTP/1.1" 200 1015
186.67.172.234 - - [29/Feb/2016:11:13:10 -0300] "POST /cormun/servlet/acontrolpreferencessavestate?None,CSILVIA,true HTTP/1.1" 200 35
186.103.159.44 - - [29/Feb/2016:11:13:11 -0300] "GET /cormun/servlet/trsolicitudadjuntos?2016,230, HTTP/1.1" 200 7694
186.78.61.101 - - [29/Feb/2016:11:13:11 -0300] "GET /cormun/static/gxcfg.js?201617004230 HTTP/1.1" 200 953
186.78.61.101 - - [29/Feb/2016:11:13:11 -0300] "GET /cormun/static/Resources/prompt.gif HTTP/1.1" 200 902
186.78.61.101 - - [29/Feb/2016:11:13:13 -0300] "GET /cormun/static/solicitudot.js?201617004281 HTTP/1.1" 200 44291
186.67.172.234 - - [29/Feb/2016:11:13:14 -0300] "GET /cormun/servlet/trautorizarsolicitud? HTTP/1.1" 200 7369
186.67.172.234 - - [29/Feb/2016:11:13:15 -0300] "GET /cormun/servlet/trautorizarsolicitud? HTTP/1.1" 200 7369
186.78.61.101 - - [29/Feb/2016:11:13:16 -0300] "GET /cormun/servlet/solicitudot?INS,0,0, HTTP/1.1" 200 12082
186.103.159.44 - - [29/Feb/2016:11:13:16 -0300] "GET /cormun/servlet/solicitudotadjuntos?INS,2016,230,,1, HTTP/1.1" 200 5397
186.103.159.44 - - [29/Feb/2016:11:13:16 -0300] "HEAD /cormun/static/about:blank HTTP/1.1" 404 -
186.103.159.44 - - [29/Feb/2016:11:13:17 -0300] "GET /cormun/servlet/solicitudotadjuntos?e849930c6c061238d51069243b251b9e44ba88f305943099d8abd7a02b82bc95fa080f6f6e4f952aab56bf390670113a,gx-no-cache=1456755219667 HTTP/1.1" 200 30
186.103.159.44 - - [29/Feb/2016:11:13:17 -0300] "POST /cormun/servlet/solicitudotadjuntos?c56cfb37e2fb9efd8fe83a46fd099e14,INS,2016,230,,1,,gx-no-cache=1456755219696 HTTP/1.1" 200 3311
186.67.172.234 - - [29/Feb/2016:11:13:20 -0300] "POST /cormun/servlet/trautorizarsolicitud?5cd0f7793382966fcae9f43c00b371bb,,gx-no-cache=1456755252066 HTTP/1.1" 200 4845
186.67.172.234 - - [29/Feb/2016:11:13:21 -0300] "POST /cormun/servlet/trautorizarsolicitud?5cd0f7793382966fcae9f43c00b371bb,,gx-no-cache=1456755252525 HTTP/1.1" 200 4843
186.67.172.234 - - [29/Feb/2016:11:13:21 -0300] "POST /cormun/servlet/trautorizarsolicitud?5cd0f7793382966fcae9f43c00b371bb,,gx-no-cache=1456755252987 HTTP/1.1" 200 4845
186.67.172.234 - - [29/Feb/2016:11:13:21 -0300] "POST /cormun/servlet/trautorizarsolicitud?5cd0f7793382966fcae9f43c00b371bb,,gx-no-cache=1456755253166 HTTP/1.1" 200 4845
186.67.172.234 - - [29/Feb/2016:11:13:21 -0300] "POST /cormun/servlet/trautorizarsolicitud?5cd0f7793382966fcae9f43c00b371bb,,gx-no-cache=1456755253625 HTTP/1.1" 200 4845
186.67.172.234 - - [29/Feb/2016:11:13:22 -0300] "POST /cormun/servlet/trautorizarsolicitud?5cd0f7793382966fcae9f43c00b371bb,,gx-no-cache=1456755253802 HTTP/1.1" 200 4845
186.67.172.234 - - [29/Feb/2016:11:13:22 -0300] "POST /cormun/servlet/trautorizarsolicitud?5cd0f7793382966fcae9f43c00b371bb,,gx-no-cache=1456755253959 HTTP/1.1" 200 4846
186.67.172.234 - - [29/Feb/2016:11:13:22 -0300] "POST /cormun/servlet/trautorizarsolicitud?5cd0f7793382966fcae9f43c00b371bb,,gx-no-cache=1456755254121 HTTP/1.1" 200 3545
186.67.172.234 - - [29/Feb/2016:11:13:22 -0300] "POST /cormun/servlet/trautorizarsolicitud?5cd0f7793382966fcae9f43c00b371bb,,gx-no-cache=1456755254623 HTTP/1.1" 200 3396
186.78.61.101 - - [29/Feb/2016:11:13:28 -0300] "GET /cormun/servlet/trvisualizadoreventos? HTTP/1.1" 200 5961
186.78.61.101 - - [29/Feb/2016:11:13:31 -0300] "GET /cormun/servlet/trvisualizadoreventos? HTTP/1.1" 200 5956
186.78.61.101 - - [29/Feb/2016:11:13:37 -0300] "POST /cormun/servlet/trvisualizadoreventos?723b30637467688bd2a88569b08dfefa,,gx-no-cache=1456755239346 HTTP/1.1" 200 3274
