186.103.159.187 - - [29/Feb/2016:12:14:32 -0300] "GET /cormun/static/Resources/PXToolsLoginBackground.png HTTP/1.1" 200 1164
186.103.159.187 - - [29/Feb/2016:12:14:32 -0300] "GET /cormun/static/Resources/PXToolsButtonRight21.png HTTP/1.1" 200 1283
186.103.159.187 - - [29/Feb/2016:12:14:32 -0300] "GET /cormun/static/Resources/PXToolsButtonBackground2.png HTTP/1.1" 200 1181
186.103.159.187 - - [29/Feb/2016:12:14:32 -0300] "GET /cormun/static/Resources/indicator.gif HTTP/1.1" 200 1553
186.103.159.187 - - [29/Feb/2016:12:14:32 -0300] "GET /cormun/servlet/hlogin HTTP/1.1" 200 1728
186.67.172.234 - - [29/Feb/2016:12:14:34 -0300] "GET /cormun/servlet/solicitudot?INS,0,0, HTTP/1.1" 200 12088
186.67.172.234 - - [29/Feb/2016:12:14:35 -0300] "GET /cormun/servlet/solicitudot?INS,0,0, HTTP/1.1" 200 12092
186.67.172.234 - - [29/Feb/2016:12:15:01 -0300] "POST /cormun/servlet/solicitudot?gx-no-cache=1456758953259 HTTP/1.1" 200 2745
186.67.172.234 - - [29/Feb/2016:12:15:02 -0300] "POST /cormun/servlet/solicitudot?ccacbdd397519b3e20a6f4b199696aa2,INS,0,0,,gx-no-cache=1456758953409 HTTP/1.1" 200 9517
186.67.172.234 - - [29/Feb/2016:12:15:05 -0300] "GET /cormun/servlet/solicitudot?5f14f2105a70644f628ea93a7cf8788c9032ef7c3d7821ddab0ce3776fa4ec07ff7e76c1a972b08e5efca9189d315736,gx-no-cache=1456758957587 HTTP/1.1" 200 30
186.103.159.187 - - [29/Feb/2016:12:15:28 -0300] "POST /cormun/servlet/hlogin?c1f1061c4f6b7686fbf651de46cda53a,gx-no-cache=1456762692632 HTTP/1.1" 200 449
186.103.159.44 - - [29/Feb/2016:12:15:32 -0300] "GET /cormun/servlet/solicitudot?INS,0,0, HTTP/1.1" 200 12042
186.103.159.187 - - [29/Feb/2016:12:15:40 -0300] "POST /cormun/servlet/hlogin?c1f1061c4f6b7686fbf651de46cda53a,gx-no-cache=1456762704380 HTTP/1.1" 200 449
186.103.156.24 - - [29/Feb/2016:12:16:12 -0300] "GET /cormun/servlet/hlogin HTTP/1.1" 200 1729
186.103.156.24 - - [29/Feb/2016:12:16:12 -0300] "GET /cormun/static/gxtimezone.js?85251 HTTP/1.1" 200 5781
186.103.156.24 - - [29/Feb/2016:12:16:12 -0300] "GET /cormun/static/gxcfg.js?20151120045111 HTTP/1.1" 200 953
186.103.156.24 - - [29/Feb/2016:12:16:12 -0300] "GET /cormun/static/hlogin.js?20151120045126 HTTP/1.1" 200 2136
186.103.156.24 - - [29/Feb/2016:12:16:12 -0300] "GET /cormun/static/messages.spa.js?85251 HTTP/1.1" 200 30736
186.103.156.24 - - [29/Feb/2016:12:16:12 -0300] "GET /cormun/static/Resources/Spanish/PXTools.css?005343 HTTP/1.1" 200 89042
186.103.156.24 - - [29/Feb/2016:12:16:12 -0300] "GET /cormun/static/Resources/ComunLogin.png HTTP/1.1" 200 17326
186.103.156.24 - - [29/Feb/2016:12:16:12 -0300] "GET /cormun/static/gxgral.js?85251 HTTP/1.1" 200 384558
186.103.156.24 - - [29/Feb/2016:12:16:12 -0300] "GET /cormun/static/Resources/PXToolsLoginTop.png HTTP/1.1" 200 1337
186.103.156.24 - - [29/Feb/2016:12:16:12 -0300] "GET /cormun/static/Resources/PXToolsLoginBackground.png HTTP/1.1" 200 1164
186.103.156.24 - - [29/Feb/2016:12:16:12 -0300] "GET /cormun/static/Resources/PXToolsButtonLeft21.png HTTP/1.1" 200 1287
186.103.156.24 - - [29/Feb/2016:12:16:12 -0300] "GET /cormun/static/Resources/PXToolsButtonRight21.png HTTP/1.1" 200 1283
186.103.156.24 - - [29/Feb/2016:12:16:12 -0300] "GET /cormun/static/Resources/PXToolsButtonBackground2.png HTTP/1.1" 200 1181
186.103.156.24 - - [29/Feb/2016:12:16:12 -0300] "GET /cormun/static/Resources/PXToolsLoginBottom.png HTTP/1.1" 200 1389
186.103.156.24 - - [29/Feb/2016:12:16:12 -0300] "GET /cormun/static/Resources/indicator.gif HTTP/1.1" 200 1553
186.103.156.24 - - [29/Feb/2016:12:16:12 -0300] "GET /cormun/servlet/hlogin HTTP/1.1" 200 1732
186.103.156.24 - - [29/Feb/2016:12:16:13 -0300] "GET /favicon.ico HTTP/1.1" 200 21630
186.103.159.44 - - [29/Feb/2016:12:16:14 -0300] "POST /cormun/servlet/solicitudot?gx-no-cache=1456758996224 HTTP/1.1" 200 2669
186.103.159.44 - - [29/Feb/2016:12:16:14 -0300] "POST /cormun/servlet/solicitudot?c56cfb37e2fb9efd8fe83a46fd099e14,INS,0,0,,gx-no-cache=1456758996462 HTTP/1.1" 200 9381
186.103.159.44 - - [29/Feb/2016:12:16:16 -0300] "GET /cormun/servlet/solicitudot?e849930c6c061238d51069243b251b9e09275e549a281617b3408e08fa962190606dcf9e8a366dd9cef062266e0512cf,gx-no-cache=1456758998437 HTTP/1.1" 200 30
186.67.172.234 - - [29/Feb/2016:12:16:26 -0300] "POST /cormun/servlet/solicitudot?gx-no-cache=1456759038609 HTTP/1.1" 200 30
186.67.172.234 - - [29/Feb/2016:12:16:29 -0300] "POST /cormun/servlet/solicitudot?gx-no-cache=1456759041478 HTTP/1.1" 200 30
186.67.172.234 - - [29/Feb/2016:12:16:46 -0300] "POST /cormun/servlet/solicitudot?gx-no-cache=1456759058259 HTTP/1.1" 200 452
186.67.172.234 - - [29/Feb/2016:12:16:46 -0300] "GET /cormun/servlet/solicitudot?5f14f2105a70644f628ea93a7cf8788c6f03d888f48a94e3774b0f32ca2bad3962142f8f1a9f6a4dfb7ef54e822319a011ee46ceb68e4f6e90c95c8d3bc7f439d701c6f780b6cef56c4ca366d7cc0724253d3d361e973c29c5094cbb689a25766bf171fa916102fa95d742da9b38ecc0cf0910854f8cf00b803e41d54456ee621b8afb040d44a8e740a1ee4787434f29,gx-no-cache=1456759058298 HTTP/1.1" 200 38
186.103.159.187 - - [29/Feb/2016:12:16:53 -0300] "POST /cormun/servlet/hlogin?c1f1061c4f6b7686fbf651de46cda53a,gx-no-cache=1456762776894 HTTP/1.1" 200 90
186.103.159.187 - - [29/Feb/2016:12:16:53 -0300] "GET /cormun/servlet/hpexe_link HTTP/1.1" 200 949
186.103.159.187 - - [29/Feb/2016:12:16:53 -0300] "GET /cormun/static/gxcfg.js?20151120044395 HTTP/1.1" 200 953
186.103.159.187 - - [29/Feb/2016:12:16:53 -0300] "GET /cormun/static/hpexe_link.js?20151120044398 HTTP/1.1" 200 625
186.103.159.187 - - [29/Feb/2016:12:16:53 -0300] "GET /cormun/servlet/hhome HTTP/1.1" 200 3323
186.103.159.187 - - [29/Feb/2016:12:16:53 -0300] "GET /cormun/static/Resources/Spanish/PXTools.css?10515224 HTTP/1.1" 200 89042
186.103.159.187 - - [29/Feb/2016:12:16:53 -0300] "GET /cormun/static/SmoothNavMenu/resources/ddsmoothmenu.css?1112540 HTTP/1.1" 200 2223
186.103.159.187 - - [29/Feb/2016:12:16:53 -0300] "GET /cormun/static/SmoothNavMenu/resources/ddsmoothmenu-v.css?1112540 HTTP/1.1" 200 1188
186.103.159.187 - - [29/Feb/2016:12:16:53 -0300] "GET /cormun/static/gxcfg.js?2015112210564248 HTTP/1.1" 200 953
186.103.159.187 - - [29/Feb/2016:12:16:53 -0300] "GET /cormun/static/scaMessage/css/jquery.pnotify.default.css?1816380 HTTP/1.1" 200 1707
186.103.159.187 - - [29/Feb/2016:12:16:53 -0300] "GET /cormun/static/Shared/jqueryui/jquery-ui.min.css?1345370 HTTP/1.1" 200 30288
186.103.159.187 - - [29/Feb/2016:12:16:53 -0300] "GET /cormun/static/PXToolsJavascripts/pexe_autoreload.js HTTP/1.1" 200 1762
186.103.159.187 - - [29/Feb/2016:12:16:53 -0300] "GET /cormun/static/PXToolsJavascripts/pexe_cookies.js HTTP/1.1" 200 792
186.103.159.187 - - [29/Feb/2016:12:16:53 -0300] "GET /cormun/static/PXToolsJavascripts/pexe_windows.js HTTP/1.1" 200 15207
186.103.159.187 - - [29/Feb/2016:12:16:53 -0300] "GET /cormun/static/PXToolsJavascripts/pexe_grid.js HTTP/1.1" 200 7559
186.103.159.187 - - [29/Feb/2016:12:16:53 -0300] "GET /cormun/static/PXToolsJavascripts/pexe_griddivfix.js HTTP/1.1" 200 6644
186.103.159.187 - - [29/Feb/2016:12:16:53 -0300] "GET /cormun/static/PXToolsJavascripts/pexe_menudivfix.js HTTP/1.1" 200 333
186.103.159.187 - - [29/Feb/2016:12:16:53 -0300] "GET /cormun/static/PXToolsJavascripts/pexe_link.js HTTP/1.1" 200 5671
186.103.159.187 - - [29/Feb/2016:12:16:53 -0300] "GET /cormun/static/PXToolsJavascripts/pexe_menus.js HTTP/1.1" 200 1286
186.103.159.187 - - [29/Feb/2016:12:16:53 -0300] "GET /cormun/static/PXToolsJavascripts/pexe_layers.js HTTP/1.1" 200 4114
186.103.159.187 - - [29/Feb/2016:12:16:53 -0300] "GET /cormun/static/PXToolsJavascripts/pexe_oav.js HTTP/1.1" 200 645
186.103.159.187 - - [29/Feb/2016:12:16:53 -0300] "GET /cormun/static/PXToolsJavascripts/pexe_oavdivfix.js HTTP/1.1" 200 639
186.103.159.187 - - [29/Feb/2016:12:16:53 -0300] "GET /cormun/static/PXToolsJavascripts/pexe_picture.js HTTP/1.1" 200 689
186.103.159.187 - - [29/Feb/2016:12:16:53 -0300] "GET /cormun/static/PXToolsJavascripts/pexe_popup.js HTTP/1.1" 200 13458
186.103.159.187 - - [29/Feb/2016:12:16:53 -0300] "GET /cormun/static/PXToolsJavascripts/pexe_tabs.js HTTP/1.1" 200 3748
186.103.159.187 - - [29/Feb/2016:12:16:53 -0300] "GET /cormun/static/PXToolsJavascripts/pexe_tabdivfix.js HTTP/1.1" 200 876
186.103.159.187 - - [29/Feb/2016:12:16:53 -0300] "GET /cormun/static/PXToolsJavascripts/pexe_scrolldiv.js HTTP/1.1" 200 4138
186.103.159.187 - - [29/Feb/2016:12:16:53 -0300] "GET /cormun/static/PXToolsJavascripts/pexe_upload.js HTTP/1.1" 200 1423
186.103.159.187 - - [29/Feb/2016:12:16:53 -0300] "GET /cormun/static/PXToolsJavascripts/PXToolsJavascriptsRender.js HTTP/1.1" 200 367
186.103.159.187 - - [29/Feb/2016:12:16:53 -0300] "GET /cormun/static/RunJS/RunJS.js HTTP/1.1" 200 288
186.103.159.187 - - [29/Feb/2016:12:16:53 -0300] "GET /cormun/static/hhome.js?2015112210564255 HTTP/1.1" 200 777
186.103.159.187 - - [29/Feb/2016:12:16:53 -0300] "GET /cormun/static/hpexe_recentlink.js?2015111312121342 HTTP/1.1" 200 2144
186.103.159.187 - - [29/Feb/2016:12:16:53 -0300] "GET /cormun/static/hwchdr01.js?20162241650484 HTTP/1.1" 200 1002
186.103.159.187 - - [29/Feb/2016:12:16:53 -0300] "GET /cormun/static/Shared/ext/locale/ext-lang-en.js HTTP/1.1" 200 10940
186.103.159.187 - - [29/Feb/2016:12:16:53 -0300] "GET /cormun/static/gxui/gxui-all.js HTTP/1.1" 200 107772
186.103.159.187 - - [29/Feb/2016:12:16:53 -0300] "GET /cormun/static/hpexe_scripts.js?20151120014546 HTTP/1.1" 200 1544
186.103.159.187 - - [29/Feb/2016:12:16:53 -0300] "GET /cormun/static/hpexe_messagegenexuscomponent.js?20151120014314 HTTP/1.1" 200 587
186.103.159.187 - - [29/Feb/2016:12:16:53 -0300] "GET /cormun/static/hpexe_messagepopupcomponent.js?201622412404545 HTTP/1.1" 200 605
186.103.159.187 - - [29/Feb/2016:12:16:53 -0300] "GET /cormun/static/hpexe_messagecontroller.js?2015112210524422 HTTP/1.1" 200 870
186.103.159.187 - - [29/Feb/2016:12:16:53 -0300] "GET /cormun/static/cmcontrolpreferences.js?20151120014525 HTTP/1.1" 200 1375
186.103.159.187 - - [29/Feb/2016:12:16:53 -0300] "GET /cormun/static/Shared/jquery/jquery-1.4.2.min.js HTTP/1.1" 200 72174
186.103.159.187 - - [29/Feb/2016:12:16:54 -0300] "GET /cormun/static/SmoothNavMenu/resources/SmoothNavMenuRender.js HTTP/1.1" 200 5951
186.103.159.187 - - [29/Feb/2016:12:16:54 -0300] "GET /cormun/static/SmoothNavMenu/resources/ddsmoothmenu.js HTTP/1.1" 200 12712
186.103.159.187 - - [29/Feb/2016:12:16:54 -0300] "GET /cormun/static/scaMessage/js/jquery.pnotify.min.js HTTP/1.1" 200 13038
186.103.159.187 - - [29/Feb/2016:12:16:54 -0300] "GET /cormun/static/scaMessage/scaMessageRender.js HTTP/1.1" 200 11977
186.103.159.187 - - [29/Feb/2016:12:16:54 -0300] "GET /cormun/static/hmpwkw03.js?201622421393366 HTTP/1.1" 200 3845
186.103.159.187 - - [29/Feb/2016:12:16:54 -0300] "GET /cormun/static/Resources/PXToolsFooterBackground2.png HTTP/1.1" 200 1172
186.103.159.187 - - [29/Feb/2016:12:16:54 -0300] "GET /cormun/static/Resources/PXToolsDataTitle.png HTTP/1.1" 200 1173
186.103.159.187 - - [29/Feb/2016:12:16:54 -0300] "GET /cormun/static/Resources/PXToolsHeaderBackground2.png HTTP/1.1" 200 1174
186.103.159.187 - - [29/Feb/2016:12:16:54 -0300] "GET /cormun/static/Shared/jqueryui/jquery-ui.min.js HTTP/1.1" 200 240427
186.103.159.187 - - [29/Feb/2016:12:16:54 -0300] "GET /cormun/static/Resources/PXToolsHeaderLogin.png HTTP/1.1" 200 4279
186.103.159.187 - - [29/Feb/2016:12:16:54 -0300] "GET /cormun/static/Resources/PXToolsHeaderActionsLeft.png HTTP/1.1" 200 1118
186.103.159.187 - - [29/Feb/2016:12:16:54 -0300] "GET /cormun/static/Resources/PXToolsHeaderActionsBackground.png HTTP/1.1" 200 484
186.103.159.187 - - [29/Feb/2016:12:16:54 -0300] "GET /cormun/static/Resources/logo4.png HTTP/1.1" 200 6582
186.103.159.187 - - [29/Feb/2016:12:16:54 -0300] "GET /cormun/static/Resources/PXToolsHeaderHome.png HTTP/1.1" 200 4147
186.103.159.187 - - [29/Feb/2016:12:16:54 -0300] "GET /cormun/static/Resources/PXToolsHeaderActionsRight.png HTTP/1.1" 200 1201
186.103.159.187 - - [29/Feb/2016:12:16:54 -0300] "GET /cormun/static/Resources/PXToolsHeaderPreferences.png HTTP/1.1" 200 4189
186.103.159.187 - - [29/Feb/2016:12:16:54 -0300] "GET /cormun/static/Shared/ext/ext-all.js HTTP/1.1" 200 1289687
186.103.159.187 - - [29/Feb/2016:12:16:54 -0300] "GET /cormun/static/Shared/jquery/jquery-1.10.2.min.js HTTP/1.1" 200 273199
186.103.159.187 - - [29/Feb/2016:12:16:54 -0300] "GET /cormun/static/Resources/PXToolsHeaderSecurity.png HTTP/1.1" 200 4166
186.103.159.187 - - [29/Feb/2016:12:16:55 -0300] "GET /cormun/servlet/hhome HTTP/1.1" 200 3320
186.103.159.187 - - [29/Feb/2016:12:16:55 -0300] "GET /cormun/static/SmoothNavMenu/resources/images/down.gif HTTP/1.1" 200 854
186.67.172.234 - - [29/Feb/2016:12:16:58 -0300] "GET /cormun/servlet/solicitudot?5f14f2105a70644f628ea93a7cf8788c61f2fb460cfc0857c151d89d1aba2809ae3208ada5e38872c37de33e99e1e1bac823546a48a1bada97202188668ff6b6363c25b0348d6253b2339dce01dd1664317aa0007f8616cba97d92bd5e1d0c5e7da9c210a39b2a6122e94ad2da1bb79839bfa1ac399efbeb44a46cee415e73cbec75cc97826e3881e0ba5653ea7450ee0a934104ee2114d9b10d3da912a1294c05f8e5f032c9d4102da2d6b9c42be9d0f281a1df074a3478040302e7e6568fd252687c5a83e72477218e07830e540dda,gx-no-cache=1456759070604 HTTP/1.1" 200 29
186.67.172.234 - - [29/Feb/2016:12:17:02 -0300] "POST /cormun/servlet/solicitudot?gx-no-cache=1456759074003 HTTP/1.1" 200 1116
186.103.159.44 - - [29/Feb/2016:12:17:56 -0300] "POST /cormun/servlet/solicitudot?gx-no-cache=1456759098199 HTTP/1.1" 200 30
186.103.159.187 - - [29/Feb/2016:12:17:56 -0300] "GET /cormun/servlet/hhome HTTP/1.1" 200 3320
186.103.159.187 - - [29/Feb/2016:12:17:56 -0300] "GET /cormun/servlet/hhome HTTP/1.1" 200 3320
186.67.172.234 - - [29/Feb/2016:12:17:57 -0300] "GET /cormun/servlet/solicitudot?5f14f2105a70644f628ea93a7cf8788c05d54f93657b6f80ae86b6725f62c8253e6eb9c1014db4a24afc2af2cacee0b94d65a204b873de5fc7f6b3cdd11f75cdb102a4093e7ce89e234708341c29e10a67037c709f7edccade4ab653a9a75454cbf7d2124be11db895194ba670c4bb63b75ca3e72f44106b8bf69ff03081a73356889a3e731681cbce1eb1d7b1c117f8e9073817403f2bbb0f427a93d6e2e165fd2785713f536b0a5b4fb0d49f14374f,gx-no-cache=1456759129390 HTTP/1.1" 200 30
186.103.159.44 - - [29/Feb/2016:12:18:00 -0300] "POST /cormun/servlet/solicitudot?gx-no-cache=1456759102344 HTTP/1.1" 200 30
186.103.159.187 - - [29/Feb/2016:12:18:00 -0300] "GET /cormun/servlet/hlogin HTTP/1.1" 200 1730
186.103.159.44 - - [29/Feb/2016:12:18:01 -0300] "POST /cormun/servlet/solicitudot?gx-no-cache=1456759103811 HTTP/1.1" 200 452
186.103.159.44 - - [29/Feb/2016:12:18:01 -0300] "GET /cormun/servlet/solicitudot?e849930c6c061238d51069243b251b9e2bbd00a9ba734600bee32d1c7c6a2138eb97a8d955df96cb954e896d0455514adf89fa4fc8825666d9f8e224bdc054047939ce168ac028f316e73bcc93c246a372bbb1414410c30c214a3c07fb81be5d80f7d85246f8b9a58af2fc5db382da18f233fbb4eac7f128852ef928919ad00a9245f64467f2839d81bed1be759b77fe,gx-no-cache=1456759103844 HTTP/1.1" 200 38
186.67.172.234 - - [29/Feb/2016:12:18:23 -0300] "POST /cormun/servlet/solicitudot?ccacbdd397519b3e20a6f4b199696aa2,INS,0,0,,gx-no-cache=1456759154746 HTTP/1.1" 200 93
186.67.172.234 - - [29/Feb/2016:12:18:23 -0300] "GET /cormun/servlet/hpexe_return? HTTP/1.1" 200 1004
186.67.172.234 - - [29/Feb/2016:12:18:23 -0300] "GET /cormun/servlet/trsolicitudot HTTP/1.1" 200 7444
186.67.172.234 - - [29/Feb/2016:12:18:23 -0300] "GET /cormun/servlet/trsolicitudot HTTP/1.1" 200 7440
186.67.172.234 - - [29/Feb/2016:12:18:34 -0300] "POST /cormun/servlet/trsolicitudot?ccacbdd397519b3e20a6f4b199696aa2,gx-no-cache=1456759160314 HTTP/1.1" 200 4878
186.103.159.44 - - [29/Feb/2016:12:18:35 -0300] "GET /cormun/servlet/solicitudot?e849930c6c061238d51069243b251b9ecf3c5939d93dbf71d24e5fc08b4bad5f9cfe2b5deaaf65a9a9ff87a97e81e7afdc9d45532b2e5a417b210505fa4d20d002e25cc065a010d6d65b1b761224e268c4ad1566dd425239b16cc39dad49a9a4bfa6824790807618026472f72a003f76,gx-no-cache=1456759134158 HTTP/1.1" 200 29
186.67.172.234 - - [29/Feb/2016:12:18:39 -0300] "POST /cormun/servlet/trsolicitudot?ccacbdd397519b3e20a6f4b199696aa2,gx-no-cache=1456759166656 HTTP/1.1" 200 4879
186.103.159.44 - - [29/Feb/2016:12:18:40 -0300] "POST /cormun/servlet/solicitudot?gx-no-cache=1456759141039 HTTP/1.1" 200 1116
186.67.172.234 - - [29/Feb/2016:12:18:43 -0300] "POST /cormun/servlet/trsolicitudot?ccacbdd397519b3e20a6f4b199696aa2,gx-no-cache=1456759171114 HTTP/1.1" 200 4879
186.67.172.234 - - [29/Feb/2016:12:18:48 -0300] "POST /cormun/servlet/trsolicitudot?ccacbdd397519b3e20a6f4b199696aa2,gx-no-cache=1456759175519 HTTP/1.1" 200 4879
186.67.172.234 - - [29/Feb/2016:12:18:52 -0300] "POST /cormun/servlet/trsolicitudot?ccacbdd397519b3e20a6f4b199696aa2,gx-no-cache=1456759179948 HTTP/1.1" 200 4880
186.67.172.234 - - [29/Feb/2016:12:18:56 -0300] "POST /cormun/servlet/trsolicitudot?ccacbdd397519b3e20a6f4b199696aa2,gx-no-cache=1456759184316 HTTP/1.1" 200 4877
186.67.172.234 - - [29/Feb/2016:12:19:01 -0300] "POST /cormun/servlet/trsolicitudot?ccacbdd397519b3e20a6f4b199696aa2,gx-no-cache=1456759188676 HTTP/1.1" 200 4879
186.67.172.234 - - [29/Feb/2016:12:19:03 -0300] "POST /cormun/servlet/trsolicitudot?ccacbdd397519b3e20a6f4b199696aa2,gx-no-cache=1456759193390 HTTP/1.1" 200 106
186.67.172.234 - - [29/Feb/2016:12:19:06 -0300] "GET /cormun/servlet/trsolicitudadjuntos?2016,237, HTTP/1.1" 200 5381
186.67.172.234 - - [29/Feb/2016:12:19:10 -0300] "GET /cormun/servlet/trsolicitudadjuntos?2016,237, HTTP/1.1" 200 5381
186.103.159.44 - - [29/Feb/2016:12:19:16 -0300] "GET /cormun/servlet/solicitudot?e849930c6c061238d51069243b251b9e262111ea6cd1ba5b4c486d9389cc8555b61795fe600f32bd9e0be8135ef618df5b4aa0072c96fffa32432b6f8b3993a4b378e0cb376af5d09e483d1195a01fa53f5033a20cbe90f25ae4854e27aea1fbc8242986dd5fbd524f67588004eea7911189516c7bc08cb48caa0257a8f14839c2bdc35567d5f7807d7d8225c2af21cd4bde2c9d3b93a90ab44ad047f8851d23331277c2cb88a111805a19c1050161cf,gx-no-cache=1456759177596 HTTP/1.1" 200 30
186.67.172.234 - - [29/Feb/2016:12:19:22 -0300] "GET /cormun/servlet/trsolicitudot? HTTP/1.1" 200 7412
186.67.172.234 - - [29/Feb/2016:12:19:26 -0300] "GET /cormun/servlet/trsolicitudot? HTTP/1.1" 200 7412
186.67.172.234 - - [29/Feb/2016:12:19:27 -0300] "GET /cormun/servlet/trautorizarsolicitud? HTTP/1.1" 200 6062
186.67.172.234 - - [29/Feb/2016:12:19:31 -0300] "GET /cormun/servlet/trsolicitudot? HTTP/1.1" 200 7446
186.67.172.234 - - [29/Feb/2016:12:19:36 -0300] "GET /cormun/servlet/trsolicitudot? HTTP/1.1" 200 7440
186.67.172.234 - - [29/Feb/2016:12:19:42 -0300] "POST /cormun/servlet/trsolicitudot?ccacbdd397519b3e20a6f4b199696aa2,,gx-no-cache=1456759229690 HTTP/1.1" 200 4887
186.67.172.234 - - [29/Feb/2016:12:19:49 -0300] "POST /cormun/servlet/trsolicitudot?ccacbdd397519b3e20a6f4b199696aa2,,gx-no-cache=1456759234018 HTTP/1.1" 200 4886
186.103.159.44 - - [29/Feb/2016:12:19:54 -0300] "POST /cormun/servlet/solicitudot?c56cfb37e2fb9efd8fe83a46fd099e14,INS,0,0,,gx-no-cache=1456759203715 HTTP/1.1" 200 93
186.103.159.44 - - [29/Feb/2016:12:19:54 -0300] "GET /cormun/servlet/hpexe_return? HTTP/1.1" 200 997
186.67.172.234 - - [29/Feb/2016:12:19:54 -0300] "POST /cormun/servlet/trsolicitudot?ccacbdd397519b3e20a6f4b199696aa2,,gx-no-cache=1456759241071 HTTP/1.1" 200 4887
186.103.248.213 - - [29/Feb/2016:12:19:56 -0300] "GET /cormun/servlet/trvisualizadoreventos? HTTP/1.1" 200 5964
186.67.172.234 - - [29/Feb/2016:12:19:59 -0300] "POST /cormun/servlet/trsolicitudot?ccacbdd397519b3e20a6f4b199696aa2,,gx-no-cache=1456759246565 HTTP/1.1" 200 4888
186.103.159.44 - - [29/Feb/2016:12:20:00 -0300] "GET /cormun/servlet/trsolicitudot? HTTP/1.1" 200 7992
186.103.248.213 - - [29/Feb/2016:12:20:00 -0300] "GET /cormun/servlet/trvisualizadoreventos? HTTP/1.1" 200 5964
186.67.172.234 - - [29/Feb/2016:12:20:02 -0300] "POST /cormun/servlet/trsolicitudot?ccacbdd397519b3e20a6f4b199696aa2,,gx-no-cache=1456759251671 HTTP/1.1" 200 4887
186.103.248.213 - - [29/Feb/2016:12:20:04 -0300] "POST /cormun/servlet/trvisualizadoreventos?573b8762d6ac1acfa3e7b179059755ff,,gx-no-cache=1456759230775 HTTP/1.1" 200 3282
186.103.248.213 - - [29/Feb/2016:12:20:06 -0300] "POST /cormun/servlet/trvisualizadoreventos?573b8762d6ac1acfa3e7b179059755ff,,gx-no-cache=1456759232746 HTTP/1.1" 200 3282
186.67.172.234 - - [29/Feb/2016:12:20:07 -0300] "POST /cormun/servlet/trsolicitudot?ccacbdd397519b3e20a6f4b199696aa2,,gx-no-cache=1456759254774 HTTP/1.1" 200 4887
186.103.248.213 - - [29/Feb/2016:12:20:09 -0300] "POST /cormun/servlet/trvisualizadoreventos?573b8762d6ac1acfa3e7b179059755ff,,gx-no-cache=1456759235260 HTTP/1.1" 200 3282
186.103.159.44 - - [29/Feb/2016:12:20:10 -0300] "POST /cormun/servlet/trsolicitudot?c56cfb37e2fb9efd8fe83a46fd099e14,,gx-no-cache=1456759226800 HTTP/1.1" 200 5447
186.67.172.234 - - [29/Feb/2016:12:20:11 -0300] "POST /cormun/servlet/trsolicitudot?ccacbdd397519b3e20a6f4b199696aa2,,gx-no-cache=1456759259180 HTTP/1.1" 200 4887
186.103.248.213 - - [29/Feb/2016:12:20:11 -0300] "POST /cormun/servlet/trvisualizadoreventos?573b8762d6ac1acfa3e7b179059755ff,,gx-no-cache=1456759238108 HTTP/1.1" 200 3282
186.67.172.234 - - [29/Feb/2016:12:20:13 -0300] "POST /cormun/servlet/trsolicitudot?ccacbdd397519b3e20a6f4b199696aa2,,gx-no-cache=1456759263572 HTTP/1.1" 200 106
186.103.159.44 - - [29/Feb/2016:12:20:16 -0300] "POST /cormun/servlet/trsolicitudot?c56cfb37e2fb9efd8fe83a46fd099e14,,gx-no-cache=1456759233059 HTTP/1.1" 200 5447
186.67.172.234 - - [29/Feb/2016:12:20:16 -0300] "GET /cormun/servlet/trsolicitudadjuntos?2016,237, HTTP/1.1" 200 5381
186.103.248.213 - - [29/Feb/2016:12:20:20 -0300] "GET /cormun/servlet/trvisualizadoreventos?638c4aa10cd446dc6ec21bbc3990ce66082f8dca4c6ecae4e7a97ed1b91c4535246aa584abc893bfeef845a56959a194aeab5264a2b8cb13b64a8b2d5ed3b378e6cb02eabbd7a6be213da11e80db84ddde5822c24a5dffd49065b7e92441646b4ac1bd05b30157a716c7f3f258c1dbf312daaf81b08ebe8005ff68338e844fd179d3f9cf78c1d174704a0bccb8f6e0347d43e6d320c50e6cc72121e29c2a098ee48b9ddc0e99e35778e762c3fdb2f85674f0f659e02726ba3190524cac1c0404,gx-no-cache=1456759246693 HTTP/1.1" 200 566
186.103.248.213 - - [29/Feb/2016:12:20:21 -0300] "POST /cormun/servlet/trvisualizadoreventos?573b8762d6ac1acfa3e7b179059755ff,,gx-no-cache=1456759246217 HTTP/1.1" 200 3280
186.67.172.234 - - [29/Feb/2016:12:20:22 -0300] "GET /cormun/servlet/trsolicitudadjuntos?2016,237, HTTP/1.1" 200 5381
186.103.159.44 - - [29/Feb/2016:12:20:24 -0300] "POST /cormun/servlet/trsolicitudot?c56cfb37e2fb9efd8fe83a46fd099e14,,gx-no-cache=1456759238979 HTTP/1.1" 200 5447
186.67.172.234 - - [29/Feb/2016:12:20:27 -0300] "GET /cormun/servlet/trsolicitudot? HTTP/1.1" 200 7446
186.103.159.44 - - [29/Feb/2016:12:20:30 -0300] "POST /cormun/servlet/trsolicitudot?c56cfb37e2fb9efd8fe83a46fd099e14,,gx-no-cache=1456759247104 HTTP/1.1" 200 5447
186.103.248.213 - - [29/Feb/2016:12:20:30 -0300] "GET /cormun/servlet/trvisualizadoreventos?638c4aa10cd446dc6ec21bbc3990ce66e4ce7ea858a898887bf057c41ed0febf0e9503b5973996f58952dfea3b8733632feebd1f74bef1f7c9fdd59a82ad39852e52c14c69594f5b29933e0cf10ae4bd985aec7972cbc78a0949e1843d1ae7394e9736ff0b5aa83f22cf21a7dc7568f188af54954d69de7e9ed241174712d007928607c4d989d1bd9ae45a5f522edd8743a4f11f0be06c2345b6dc837a2a01d2e3e080fbe44293838318cc31ced10469ac0790f9319d15a5b05db54b10e70bc6,gx-no-cache=1456759259096 HTTP/1.1" 200 564
186.67.172.234 - - [29/Feb/2016:12:20:31 -0300] "GET /cormun/servlet/trsolicitudot? HTTP/1.1" 200 7406
186.103.248.213 - - [29/Feb/2016:12:20:32 -0300] "GET /cormun/servlet/trvisualizadoreventos?638c4aa10cd446dc6ec21bbc3990ce66082f8dca4c6ecae4e7a97ed1b91c4535246aa584abc893bfeef845a56959a194aeab5264a2b8cb13b64a8b2d5ed3b378e6cb02eabbd7a6be213da11e80db84ddde5822c24a5dffd49065b7e92441646b4ac1bd05b30157a716c7f3f258c1dbf312daaf81b08ebe8005ff68338e844fd179d3f9cf78c1d174704a0bccb8f6e0347d43e6d320c50e6cc72121e29c2a098ee73bab943f5e6164ea802d6a8e90e92374f0f659e02726ba3190524cac1c0404,gx-no-cache=1456759261077 HTTP/1.1" 200 565
186.103.248.213 - - [29/Feb/2016:12:20:34 -0300] "GET /cormun/servlet/trvisualizadoreventos?638c4aa10cd446dc6ec21bbc3990ce66082f8dca4c6ecae4e7a97ed1b91c4535246aa584abc893bfeef845a56959a194aeab5264a2b8cb13b64a8b2d5ed3b378e6cb02eabbd7a6be213da11e80db84ddde5822c24a5dffd49065b7e92441646b4ac1bd05b30157a716c7f3f258c1dbf312daaf81b08ebe8005ff68338e844fd179d3f9cf78c1d174704a0bccb8f6e0347d43e6d320c50e6cc72121e29c2a098e0c2ed5b7e42eab72416de7bdc3405af9edc124ab7e2df225e12a49c25824b5f1,gx-no-cache=1456759262511 HTTP/1.1" 200 564
186.67.172.234 - - [29/Feb/2016:12:20:35 -0300] "POST /cormun/servlet/trsolicitudot?ccacbdd397519b3e20a6f4b199696aa2,,gx-no-cache=1456759282470 HTTP/1.1" 200 4887
186.103.248.213 - - [29/Feb/2016:12:20:35 -0300] "GET /cormun/servlet/trvisualizadoreventos?638c4aa10cd446dc6ec21bbc3990ce66082f8dca4c6ecae4e7a97ed1b91c4535246aa584abc893bfeef845a56959a194aeab5264a2b8cb13b64a8b2d5ed3b378e6cb02eabbd7a6be213da11e80db84ddde5822c24a5dffd49065b7e92441646b4ac1bd05b30157a716c7f3f258c1dbf312daaf81b08ebe8005ff68338e844fd179d3f9cf78c1d174704a0bccb8f6e0347d43e6d320c50e6cc72121e29c2a098e0c2ed5b7e42eab72416de7bdc3405af9edc124ab7e2df225e12a49c25824b5f1,gx-no-cache=1456759263880 HTTP/1.1" 200 564
186.103.159.44 - - [29/Feb/2016:12:20:36 -0300] "POST /cormun/servlet/trsolicitudot?c56cfb37e2fb9efd8fe83a46fd099e14,,gx-no-cache=1456759253294 HTTP/1.1" 200 5447
186.103.248.213 - - [29/Feb/2016:12:20:37 -0300] "GET /cormun/servlet/trvisualizadoreventos?638c4aa10cd446dc6ec21bbc3990ce66082f8dca4c6ecae4e7a97ed1b91c4535246aa584abc893bfeef845a56959a194aeab5264a2b8cb13b64a8b2d5ed3b378e6cb02eabbd7a6be213da11e80db84ddde5822c24a5dffd49065b7e92441646b4ac1bd05b30157a716c7f3f258c1dbf312daaf81b08ebe8005ff68338e844fd179d3f9cf78c1d174704a0bccb8f6e0347d43e6d320c50e6cc72121e29c2a098ee48b9ddc0e99e35778e762c3fdb2f856dd38cdb056a34517ad2b4cc2b36cccf3,gx-no-cache=1456759265976 HTTP/1.1" 200 567
186.67.172.234 - - [29/Feb/2016:12:20:40 -0300] "POST /cormun/servlet/trsolicitudot?ccacbdd397519b3e20a6f4b199696aa2,,gx-no-cache=1456759287205 HTTP/1.1" 200 4887
186.103.248.213 - - [29/Feb/2016:12:20:40 -0300] "POST /cormun/servlet/trvisualizadoreventos?573b8762d6ac1acfa3e7b179059755ff,,gx-no-cache=1456759266604 HTTP/1.1" 200 3280
186.103.159.44 - - [29/Feb/2016:12:20:44 -0300] "POST /cormun/servlet/trsolicitudot?c56cfb37e2fb9efd8fe83a46fd099e14,,gx-no-cache=1456759259321 HTTP/1.1" 200 5446
186.103.248.213 - - [29/Feb/2016:12:20:45 -0300] "POST /cormun/servlet/trvisualizadoreventos?573b8762d6ac1acfa3e7b179059755ff,,gx-no-cache=1456759269568 HTTP/1.1" 200 3280
186.67.172.234 - - [29/Feb/2016:12:20:49 -0300] "POST /cormun/servlet/trsolicitudot?ccacbdd397519b3e20a6f4b199696aa2,,gx-no-cache=1456759292432 HTTP/1.1" 200 4887
186.103.248.213 - - [29/Feb/2016:12:20:51 -0300] "GET /cormun/servlet/trvisualizadoreventos?638c4aa10cd446dc6ec21bbc3990ce66082f8dca4c6ecae4e7a97ed1b91c4535246aa584abc893bfeef845a56959a194aeab5264a2b8cb13b64a8b2d5ed3b378e6cb02eabbd7a6be213da11e80db84ddde5822c24a5dffd49065b7e92441646b4ac1bd05b30157a716c7f3f258c1dbf312daaf81b08ebe8005ff68338e844fd179d3f9cf78c1d174704a0bccb8f6e0347d43e6d320c50e6cc72121e29c2a098ec2fed52862c23206148243cf37ef7e6f74f0f659e02726ba3190524cac1c0404,gx-no-cache=1456759278630 HTTP/1.1" 200 566
186.103.248.213 - - [29/Feb/2016:12:20:52 -0300] "GET /cormun/servlet/trvisualizadoreventos?638c4aa10cd446dc6ec21bbc3990ce66082f8dca4c6ecae4e7a97ed1b91c4535246aa584abc893bfeef845a56959a194aeab5264a2b8cb13b64a8b2d5ed3b378e6cb02eabbd7a6be213da11e80db84ddde5822c24a5dffd49065b7e92441646b4ac1bd05b30157a716c7f3f258c1dbf312daaf81b08ebe8005ff68338e844fd179d3f9cf78c1d174704a0bccb8f6e0347d43e6d320c50e6cc72121e29c2a098e069b56b9f0d40958d80bf6d0784ccac574f0f659e02726ba3190524cac1c0404,gx-no-cache=1456759280353 HTTP/1.1" 200 565
186.103.248.213 - - [29/Feb/2016:12:20:57 -0300] "GET /cormun/servlet/trvisualizadoreventos?638c4aa10cd446dc6ec21bbc3990ce66082f8dca4c6ecae4e7a97ed1b91c4535246aa584abc893bfeef845a56959a194aeab5264a2b8cb13b64a8b2d5ed3b378e6cb02eabbd7a6be213da11e80db84ddde5822c24a5dffd49065b7e92441646b4ac1bd05b30157a716c7f3f258c1dbf312daaf81b08ebe8005ff68338e844fd179d3f9cf78c1d174704a0bccb8f6e0347d43e6d320c50e6cc72121e29c2a098ecef1360365704b5fcacee2fc4bd7388c74f0f659e02726ba3190524cac1c0404,gx-no-cache=1456759284417 HTTP/1.1" 200 568
186.103.248.213 - - [29/Feb/2016:12:20:58 -0300] "GET /cormun/servlet/trvisualizadoreventos?638c4aa10cd446dc6ec21bbc3990ce66082f8dca4c6ecae4e7a97ed1b91c4535246aa584abc893bfeef845a56959a194aeab5264a2b8cb13b64a8b2d5ed3b378e6cb02eabbd7a6be213da11e80db84ddde5822c24a5dffd49065b7e92441646b4ac1bd05b30157a716c7f3f258c1dbf312daaf81b08ebe8005ff68338e844fd179d3f9cf78c1d174704a0bccb8f6e0347d43e6d320c50e6cc72121e29c2a098ee790fc5d7577e36987197c341750d90374f0f659e02726ba3190524cac1c0404,gx-no-cache=1456759286222 HTTP/1.1" 200 567
186.103.159.44 - - [29/Feb/2016:12:21:00 -0300] "POST /cormun/servlet/trsolicitudot?c56cfb37e2fb9efd8fe83a46fd099e14,,gx-no-cache=1456759267485 HTTP/1.1" 200 5448
186.67.172.234 - - [29/Feb/2016:12:21:01 -0300] "POST /cormun/servlet/trsolicitudot?ccacbdd397519b3e20a6f4b199696aa2,,gx-no-cache=1456759301088 HTTP/1.1" 200 4886
186.103.159.44 - - [29/Feb/2016:12:21:11 -0300] "POST /cormun/servlet/trsolicitudot?c56cfb37e2fb9efd8fe83a46fd099e14,,gx-no-cache=1456759282990 HTTP/1.1" 200 105
186.103.248.213 - - [29/Feb/2016:12:21:14 -0300] "GET /cormun/servlet/trvisualizadoreventos?638c4aa10cd446dc6ec21bbc3990ce66e4ce7ea858a898887bf057c41ed0febf0e9503b5973996f58952dfea3b8733632feebd1f74bef1f7c9fdd59a82ad39852e52c14c69594f5b29933e0cf10ae4bd985aec7972cbc78a0949e1843d1ae7394e9736ff0b5aa83f22cf21a7dc7568f188af54954d69de7e9ed241174712d007928607c4d989d1bd9ae45a5f522edd8743a4f11f0be06c2345b6dc837a2a01d251b42dbd600f1c2a9a99033623d8fc88ac0790f9319d15a5b05db54b10e70bc6,gx-no-cache=1456759301410 HTTP/1.1" 200 568
186.67.172.234 - - [29/Feb/2016:12:21:16 -0300] "POST /cormun/servlet/trsolicitudot?ccacbdd397519b3e20a6f4b199696aa2,,gx-no-cache=1456759312911 HTTP/1.1" 200 4886
186.67.172.234 - - [29/Feb/2016:12:21:26 -0300] "GET /cormun/servlet/hlogin HTTP/1.1" 200 1718
186.67.172.234 - - [29/Feb/2016:12:21:26 -0300] "GET /favicon.ico HTTP/1.1" 200 21630
186.103.248.213 - - [29/Feb/2016:12:21:36 -0300] "POST /cormun/servlet/trvisualizadoreventos?573b8762d6ac1acfa3e7b179059755ff,,gx-no-cache=1456759303059 HTTP/1.1" 200 3284
186.67.172.234 - - [29/Feb/2016:12:21:40 -0300] "GET /cormun/servlet/hlogin HTTP/1.1" 200 1718
186.67.172.234 - - [29/Feb/2016:12:21:41 -0300] "GET /cormun/servlet/trsolicitudot? HTTP/1.1" 200 7446
186.103.159.44 - - [29/Feb/2016:12:22:04 -0300] "GET /cormun/servlet/solicitudot?UPD,2016,238, HTTP/1.1" 200 13257
186.103.159.44 - - [29/Feb/2016:12:22:24 -0300] "POST /cormun/servlet/solicitudot?gx-no-cache=1456759347926 HTTP/1.1" 200 2742
186.67.172.234 - - [29/Feb/2016:12:22:30 -0300] "POST /cormun/servlet/hlogin?ccacbdd397519b3e20a6f4b199696aa2,gx-no-cache=1456759339906 HTTP/1.1" 200 90
186.67.172.234 - - [29/Feb/2016:12:22:31 -0300] "POST /cormun/servlet/hlogin?ccacbdd397519b3e20a6f4b199696aa2,gx-no-cache=1456759358858 HTTP/1.1" 200 90
186.67.172.234 - - [29/Feb/2016:12:22:31 -0300] "GET /cormun/servlet/hpexe_link HTTP/1.1" 200 947
186.67.172.234 - - [29/Feb/2016:12:22:34 -0300] "GET /cormun/servlet/hhome HTTP/1.1" 200 3392
186.103.159.44 - - [29/Feb/2016:12:22:36 -0300] "POST /cormun/servlet/solicitudot?c56cfb37e2fb9efd8fe83a46fd099e14,UPD,2016,238,,gx-no-cache=1456759366871 HTTP/1.1" 200 10147
186.67.172.234 - - [29/Feb/2016:12:22:37 -0300] "GET /cormun/servlet/hhome HTTP/1.1" 200 3389
186.103.159.44 - - [29/Feb/2016:12:22:38 -0300] "GET /cormun/servlet/solicitudot?e849930c6c061238d51069243b251b9e09275e549a281617b3408e08fa96219009fe756d47a0159dbbaefbdadb7c467c,gx-no-cache=1456759378687 HTTP/1.1" 200 30
186.103.159.44 - - [29/Feb/2016:12:22:41 -0300] "POST /cormun/servlet/solicitudot?gx-no-cache=1456759380707 HTTP/1.1" 200 30
186.103.159.44 - - [29/Feb/2016:12:22:44 -0300] "POST /cormun/servlet/solicitudot?gx-no-cache=1456759383898 HTTP/1.1" 200 30
186.103.159.44 - - [29/Feb/2016:12:22:47 -0300] "POST /cormun/servlet/solicitudot?gx-no-cache=1456759387197 HTTP/1.1" 200 1152
186.103.248.213 - - [29/Feb/2016:12:22:57 -0300] "GET /cormun/servlet/trsolicitudot? HTTP/1.1" 200 7933
186.67.172.234 - - [29/Feb/2016:12:22:58 -0300] "GET /cormun/servlet/trsolicitudot? HTTP/1.1" 200 7368
186.67.172.234 - - [29/Feb/2016:12:23:05 -0300] "GET /cormun/servlet/trsolicitudot? HTTP/1.1" 200 7402
186.103.159.44 - - [29/Feb/2016:12:23:08 -0300] "GET /cormun/servlet/solicitudot?UPD,2016,238, HTTP/1.1" 200 13247
186.103.248.213 - - [29/Feb/2016:12:23:10 -0300] "GET /cormun/servlet/trsolicitudot? HTTP/1.1" 200 7933
186.103.159.44 - - [29/Feb/2016:12:23:19 -0300] "POST /cormun/servlet/solicitudot?gx-no-cache=1456759411776 HTTP/1.1" 200 2742
186.103.159.44 - - [29/Feb/2016:12:23:32 -0300] "POST /cormun/servlet/solicitudot?c56cfb37e2fb9efd8fe83a46fd099e14,UPD,2016,238,,gx-no-cache=1456759421287 HTTP/1.1" 200 10132
186.103.159.44 - - [29/Feb/2016:12:23:34 -0300] "GET /cormun/servlet/solicitudot?e849930c6c061238d51069243b251b9e09275e549a281617b3408e08fa96219009fe756d47a0159dbbaefbdadb7c467c,gx-no-cache=1456759434670 HTTP/1.1" 200 30
186.103.159.44 - - [29/Feb/2016:12:23:37 -0300] "POST /cormun/servlet/solicitudot?gx-no-cache=1456759436656 HTTP/1.1" 200 30
186.103.159.44 - - [29/Feb/2016:12:23:39 -0300] "POST /cormun/servlet/solicitudot?gx-no-cache=1456759439283 HTTP/1.1" 200 30
186.103.159.44 - - [29/Feb/2016:12:23:42 -0300] "POST /cormun/servlet/solicitudot?gx-no-cache=1456759441884 HTTP/1.1" 200 1152
186.103.159.44 - - [29/Feb/2016:12:23:44 -0300] "GET /cormun/servlet/solicitudot?e849930c6c061238d51069243b251b9e2bbd00a9ba734600bee32d1c7c6a2138eb97a8d955df96cb954e896d0455514adf89fa4fc8825666d9f8e224bdc054047939ce168ac028f316e73bcc93c246a372bbb1414410c30c214a3c07fb81be5d80f7d85246f8b9a58af2fc5db382da18f233fbb4eac7f128852ef928919ad00af80d3edcd1f8be703b37f0037ef5752bfa080f6f6e4f952aab56bf390670113a,gx-no-cache=1456759444544 HTTP/1.1" 200 41
186.103.159.44 - - [29/Feb/2016:12:23:55 -0300] "POST /cormun/servlet/solicitudot?c56cfb37e2fb9efd8fe83a46fd099e14,UPD,2016,238,,gx-no-cache=1456759448577 HTTP/1.1" 200 93
186.103.159.44 - - [29/Feb/2016:12:23:55 -0300] "GET /cormun/servlet/hpexe_return? HTTP/1.1" 200 1002
186.103.159.44 - - [29/Feb/2016:12:24:07 -0300] "GET /cormun/servlet/trsolicitudot? HTTP/1.1" 200 7992
186.103.159.44 - - [29/Feb/2016:12:24:21 -0300] "POST /cormun/servlet/trsolicitudot?c56cfb37e2fb9efd8fe83a46fd099e14,,gx-no-cache=1456759473303 HTTP/1.1" 200 5448
186.103.156.24 - - [29/Feb/2016:12:24:25 -0300] "GET /cormun/servlet/hlogin HTTP/1.1" 200 1729
186.103.159.44 - - [29/Feb/2016:12:24:32 -0300] "POST /cormun/servlet/trsolicitudot?c56cfb37e2fb9efd8fe83a46fd099e14,,gx-no-cache=1456759484103 HTTP/1.1" 200 5447
186.103.159.44 - - [29/Feb/2016:12:24:43 -0300] "POST /cormun/servlet/trsolicitudot?c56cfb37e2fb9efd8fe83a46fd099e14,,gx-no-cache=1456759495019 HTTP/1.1" 200 5447
186.103.159.44 - - [29/Feb/2016:12:24:54 -0300] "POST /cormun/servlet/trsolicitudot?c56cfb37e2fb9efd8fe83a46fd099e14,,gx-no-cache=1456759506123 HTTP/1.1" 200 5447
186.103.156.24 - - [29/Feb/2016:12:24:57 -0300] "POST /cormun/servlet/hlogin?12aa5f587d13ebf888ffdb40e19ffaa2,gx-no-cache=1456759543977 HTTP/1.1" 200 90
186.103.156.24 - - [29/Feb/2016:12:24:57 -0300] "GET /cormun/servlet/hpexe_link HTTP/1.1" 200 954
186.103.159.44 - - [29/Feb/2016:12:24:57 -0300] "POST /cormun/servlet/trsolicitudot?c56cfb37e2fb9efd8fe83a46fd099e14,,gx-no-cache=1456759517052 HTTP/1.1" 200 5448
186.103.156.24 - - [29/Feb/2016:12:24:57 -0300] "GET /cormun/static/gxcfg.js?20151120044395 HTTP/1.1" 200 953
186.103.156.24 - - [29/Feb/2016:12:24:57 -0300] "GET /cormun/static/hpexe_link.js?20151120044398 HTTP/1.1" 200 625
186.103.156.24 - - [29/Feb/2016:12:24:57 -0300] "GET /cormun/servlet/hhome HTTP/1.1" 200 3388
186.103.156.24 - - [29/Feb/2016:12:24:57 -0300] "GET /cormun/static/Shared/jqueryui/jquery-ui.min.css?1345370 HTTP/1.1" 200 30288
186.103.156.24 - - [29/Feb/2016:12:24:57 -0300] "GET /cormun/static/SmoothNavMenu/resources/ddsmoothmenu.css?1112540 HTTP/1.1" 200 2223
186.103.156.24 - - [29/Feb/2016:12:24:57 -0300] "GET /cormun/static/gxcfg.js?2015112210564248 HTTP/1.1" 200 953
186.103.156.24 - - [29/Feb/2016:12:24:57 -0300] "GET /cormun/static/SmoothNavMenu/resources/ddsmoothmenu-v.css?1112540 HTTP/1.1" 200 1188
186.103.156.24 - - [29/Feb/2016:12:24:57 -0300] "GET /cormun/static/scaMessage/css/jquery.pnotify.default.css?1816380 HTTP/1.1" 200 1707
186.103.156.24 - - [29/Feb/2016:12:24:57 -0300] "GET /cormun/static/PXToolsJavascripts/pexe_autoreload.js HTTP/1.1" 200 1762
186.103.156.24 - - [29/Feb/2016:12:24:57 -0300] "GET /cormun/static/PXToolsJavascripts/pexe_windows.js HTTP/1.1" 200 15207
186.103.156.24 - - [29/Feb/2016:12:24:57 -0300] "GET /cormun/static/PXToolsJavascripts/pexe_grid.js HTTP/1.1" 200 7559
186.103.156.24 - - [29/Feb/2016:12:24:57 -0300] "GET /cormun/static/PXToolsJavascripts/pexe_griddivfix.js HTTP/1.1" 200 6644
186.103.156.24 - - [29/Feb/2016:12:24:57 -0300] "GET /cormun/static/PXToolsJavascripts/pexe_cookies.js HTTP/1.1" 200 792
186.103.156.24 - - [29/Feb/2016:12:24:57 -0300] "GET /cormun/static/Resources/Spanish/PXTools.css?10515224 HTTP/1.1" 200 89042
186.103.156.24 - - [29/Feb/2016:12:24:58 -0300] "GET /cormun/static/PXToolsJavascripts/pexe_link.js HTTP/1.1" 200 5671
186.103.156.24 - - [29/Feb/2016:12:24:58 -0300] "GET /cormun/static/PXToolsJavascripts/pexe_menudivfix.js HTTP/1.1" 200 333
186.103.156.24 - - [29/Feb/2016:12:24:58 -0300] "GET /cormun/static/PXToolsJavascripts/pexe_menus.js HTTP/1.1" 200 1286
186.103.156.24 - - [29/Feb/2016:12:24:58 -0300] "GET /cormun/static/PXToolsJavascripts/pexe_layers.js HTTP/1.1" 200 4114
186.103.159.44 - - [29/Feb/2016:12:24:58 -0300] "POST /cormun/servlet/trsolicitudot?c56cfb37e2fb9efd8fe83a46fd099e14,,gx-no-cache=1456759520146 HTTP/1.1" 200 5447
186.103.156.24 - - [29/Feb/2016:12:24:58 -0300] "GET /cormun/static/PXToolsJavascripts/pexe_picture.js HTTP/1.1" 200 689
186.103.156.24 - - [29/Feb/2016:12:24:58 -0300] "GET /cormun/static/PXToolsJavascripts/pexe_oavdivfix.js HTTP/1.1" 200 639
186.103.156.24 - - [29/Feb/2016:12:24:58 -0300] "GET /cormun/static/PXToolsJavascripts/pexe_popup.js HTTP/1.1" 200 13458
186.103.156.24 - - [29/Feb/2016:12:24:58 -0300] "GET /cormun/static/PXToolsJavascripts/pexe_oav.js HTTP/1.1" 200 645
186.103.156.24 - - [29/Feb/2016:12:24:58 -0300] "GET /cormun/static/PXToolsJavascripts/pexe_tabdivfix.js HTTP/1.1" 200 876
186.103.156.24 - - [29/Feb/2016:12:24:58 -0300] "GET /cormun/static/PXToolsJavascripts/pexe_scrolldiv.js HTTP/1.1" 200 4138
186.103.156.24 - - [29/Feb/2016:12:24:58 -0300] "GET /cormun/static/PXToolsJavascripts/pexe_tabs.js HTTP/1.1" 200 3748
186.103.156.24 - - [29/Feb/2016:12:24:58 -0300] "GET /cormun/static/PXToolsJavascripts/pexe_upload.js HTTP/1.1" 200 1423
186.103.156.24 - - [29/Feb/2016:12:24:58 -0300] "GET /cormun/static/RunJS/RunJS.js HTTP/1.1" 200 288
186.103.156.24 - - [29/Feb/2016:12:24:58 -0300] "GET /cormun/static/PXToolsJavascripts/PXToolsJavascriptsRender.js HTTP/1.1" 200 367
186.103.156.24 - - [29/Feb/2016:12:24:58 -0300] "GET /cormun/static/Shared/ext/locale/ext-lang-en.js HTTP/1.1" 200 10940
186.103.156.24 - - [29/Feb/2016:12:24:58 -0300] "GET /cormun/static/hwchdr01.js?20162241650484 HTTP/1.1" 200 1002
186.103.156.24 - - [29/Feb/2016:12:24:58 -0300] "GET /cormun/static/hhome.js?2015112210564255 HTTP/1.1" 200 777
186.103.156.24 - - [29/Feb/2016:12:24:58 -0300] "GET /cormun/static/hpexe_recentlink.js?2015111312121342 HTTP/1.1" 200 2144
186.103.156.24 - - [29/Feb/2016:12:24:58 -0300] "GET /cormun/static/hpexe_scripts.js?20151120014546 HTTP/1.1" 200 1544
186.103.156.24 - - [29/Feb/2016:12:24:58 -0300] "GET /cormun/static/hpexe_messagepopupcomponent.js?201622412404545 HTTP/1.1" 200 605
186.103.156.24 - - [29/Feb/2016:12:24:58 -0300] "GET /cormun/static/hpexe_messagecontroller.js?2015112210524422 HTTP/1.1" 200 870
186.103.156.24 - - [29/Feb/2016:12:24:58 -0300] "GET /cormun/static/hpexe_messagegenexuscomponent.js?20151120014314 HTTP/1.1" 200 587
186.103.156.24 - - [29/Feb/2016:12:24:58 -0300] "GET /cormun/static/cmcontrolpreferences.js?20151120014525 HTTP/1.1" 200 1375
186.103.156.24 - - [29/Feb/2016:12:24:58 -0300] "GET /cormun/static/SmoothNavMenu/resources/ddsmoothmenu.js HTTP/1.1" 200 12712
186.103.156.24 - - [29/Feb/2016:12:24:58 -0300] "GET /cormun/static/gxui/gxui-all.js HTTP/1.1" 200 107772
186.103.156.24 - - [29/Feb/2016:12:24:58 -0300] "GET /cormun/static/Shared/jquery/jquery-1.4.2.min.js HTTP/1.1" 200 72174
186.103.156.24 - - [29/Feb/2016:12:24:58 -0300] "GET /cormun/static/SmoothNavMenu/resources/SmoothNavMenuRender.js HTTP/1.1" 200 5951
186.103.156.24 - - [29/Feb/2016:12:24:58 -0300] "GET /cormun/static/scaMessage/scaMessageRender.js HTTP/1.1" 200 11977
186.103.156.24 - - [29/Feb/2016:12:24:58 -0300] "GET /cormun/static/hmpwkw03.js?201622421393366 HTTP/1.1" 200 3845
186.103.159.44 - - [29/Feb/2016:12:24:58 -0300] "POST /cormun/servlet/trsolicitudot?c56cfb37e2fb9efd8fe83a46fd099e14,,gx-no-cache=1456759520611 HTTP/1.1" 200 5447
186.103.156.24 - - [29/Feb/2016:12:24:58 -0300] "GET /cormun/static/Resources/PXToolsHeaderBackground2.png HTTP/1.1" 200 1174
186.103.156.24 - - [29/Feb/2016:12:24:58 -0300] "GET /cormun/static/Resources/PXToolsFooterBackground2.png HTTP/1.1" 200 1172
186.103.156.24 - - [29/Feb/2016:12:24:58 -0300] "GET /cormun/static/Resources/PXToolsDataTitle.png HTTP/1.1" 200 1173
186.103.156.24 - - [29/Feb/2016:12:24:58 -0300] "GET /cormun/static/Resources/PXToolsHeaderActionsBackground.png HTTP/1.1" 200 484
186.103.156.24 - - [29/Feb/2016:12:24:58 -0300] "GET /cormun/static/Resources/logo4.png HTTP/1.1" 200 6582
186.103.156.24 - - [29/Feb/2016:12:24:58 -0300] "GET /cormun/static/Shared/jqueryui/jquery-ui.min.js HTTP/1.1" 200 240427
186.103.156.24 - - [29/Feb/2016:12:24:58 -0300] "GET /cormun/static/Resources/PXToolsHeaderActionsRight.png HTTP/1.1" 200 1201
186.103.156.24 - - [29/Feb/2016:12:24:58 -0300] "GET /cormun/static/Resources/PXToolsHeaderLogin.png HTTP/1.1" 200 4279
186.103.156.24 - - [29/Feb/2016:12:24:58 -0300] "GET /cormun/static/Resources/PXToolsHeaderHome.png HTTP/1.1" 200 4147
186.103.156.24 - - [29/Feb/2016:12:24:58 -0300] "GET /cormun/static/Resources/PXToolsHeaderPreferences.png HTTP/1.1" 200 4189
186.103.156.24 - - [29/Feb/2016:12:24:58 -0300] "GET /cormun/static/Resources/PXToolsHeaderActionsLeft.png HTTP/1.1" 200 1118
186.103.156.24 - - [29/Feb/2016:12:24:58 -0300] "GET /cormun/static/Resources/PXToolsHeaderSecurity.png HTTP/1.1" 200 4166
186.103.156.24 - - [29/Feb/2016:12:24:58 -0300] "GET /cormun/static/Shared/jquery/jquery-1.10.2.min.js HTTP/1.1" 200 273199
186.103.159.44 - - [29/Feb/2016:12:24:58 -0300] "POST /cormun/servlet/trsolicitudot?c56cfb37e2fb9efd8fe83a46fd099e14,,gx-no-cache=1456759521103 HTTP/1.1" 200 105
186.103.156.24 - - [29/Feb/2016:12:24:59 -0300] "GET /cormun/static/scaMessage/js/jquery.pnotify.min.js HTTP/1.1" 200 13038
186.103.156.24 - - [29/Feb/2016:12:24:59 -0300] "GET /cormun/static/Shared/ext/ext-all.js HTTP/1.1" 200 1289687
186.103.156.24 - - [29/Feb/2016:12:25:00 -0300] "GET /cormun/servlet/hhome HTTP/1.1" 200 3385
186.103.156.24 - - [29/Feb/2016:12:25:00 -0300] "GET /cormun/static/SmoothNavMenu/resources/images/down.gif HTTP/1.1" 200 854
186.103.159.44 - - [29/Feb/2016:12:25:02 -0300] "GET /cormun/servlet/solicitudot?UPD,2016,238, HTTP/1.1" 200 13257
186.103.159.44 - - [29/Feb/2016:12:25:03 -0300] "POST /cormun/servlet/solicitudot?gx-no-cache=1456759525765 HTTP/1.1" 200 2742
186.103.159.44 - - [29/Feb/2016:12:25:03 -0300] "POST /cormun/servlet/solicitudot?c56cfb37e2fb9efd8fe83a46fd099e14,UPD,2016,238,,gx-no-cache=1456759525897 HTTP/1.1" 200 10147
186.103.159.44 - - [29/Feb/2016:12:25:03 -0300] "GET /cormun/servlet/solicitudot?e849930c6c061238d51069243b251b9e09275e549a281617b3408e08fa96219009fe756d47a0159dbbaefbdadb7c467c,gx-no-cache=1456759526105 HTTP/1.1" 200 30
186.103.159.44 - - [29/Feb/2016:12:25:04 -0300] "POST /cormun/servlet/solicitudot?gx-no-cache=1456759526233 HTTP/1.1" 200 30
186.103.159.44 - - [29/Feb/2016:12:25:04 -0300] "POST /cormun/servlet/solicitudot?gx-no-cache=1456759526271 HTTP/1.1" 200 30
186.103.159.44 - - [29/Feb/2016:12:25:04 -0300] "POST /cormun/servlet/solicitudot?gx-no-cache=1456759526366 HTTP/1.1" 200 1152
186.103.159.44 - - [29/Feb/2016:12:25:04 -0300] "GET /cormun/servlet/solicitudot?e849930c6c061238d51069243b251b9e2bbd00a9ba734600bee32d1c7c6a2138eb97a8d955df96cb954e896d0455514adf89fa4fc8825666d9f8e224bdc054047939ce168ac028f316e73bcc93c246a372bbb1414410c30c214a3c07fb81be5d80f7d85246f8b9a58af2fc5db382da18f233fbb4eac7f128852ef928919ad00af80d3edcd1f8be703b37f0037ef5752bfa080f6f6e4f952aab56bf390670113a,gx-no-cache=1456759526443 HTTP/1.1" 200 41
186.103.159.44 - - [29/Feb/2016:12:25:06 -0300] "GET /cormun/servlet/solicitudot?e849930c6c061238d51069243b251b9e1b9b127de3ef6d7ec977cf01c42090c97435596a14a7371fff5f9a8973fa5480c1122fb41000c8e04981af5743626e3278e265d742848759330b3d541b9bf5908605c3ac4fc6c101884be873ecb2262474da9d4d620ed8ebc42d510334b880bfc82c98c7f340ff05a95fa81f78d99c16059c71cbfc49477e535589b1308459bb420a2b19c0fd2000207c524b93151163,gx-no-cache=1456759528605 HTTP/1.1" 200 30
186.103.159.44 - - [29/Feb/2016:12:25:07 -0300] "POST /cormun/servlet/solicitudot?gx-no-cache=1456759529528 HTTP/1.1" 200 1116
186.103.159.44 - - [29/Feb/2016:12:25:07 -0300] "GET /cormun/servlet/solicitudot?e849930c6c061238d51069243b251b9e262111ea6cd1ba5b4c486d9389cc8555b61795fe600f32bd9e0be8135ef618df5b4aa0072c96fffa32432b6f8b3993a4b378e0cb376af5d09e483d1195a01fa53f5033a20cbe90f25ae4854e27aea1fbc8242986dd5fbd524f67588004eea7911189516c7bc08cb48caa0257a8f14839c2bdc35567d5f7807d7d8225c2af21cd4bde2c9d3b93a90ab44ad047f8851d23331277c2cb88a111805a19c1050161cf,gx-no-cache=1456759529592 HTTP/1.1" 200 30
186.103.159.44 - - [29/Feb/2016:12:25:07 -0300] "POST /cormun/servlet/solicitudot?c56cfb37e2fb9efd8fe83a46fd099e14,UPD,2016,238,,gx-no-cache=1456759529622 HTTP/1.1" 200 93
186.103.159.44 - - [29/Feb/2016:12:25:07 -0300] "GET /cormun/servlet/hpexe_return? HTTP/1.1" 200 1002
186.103.159.44 - - [29/Feb/2016:12:25:07 -0300] "GET /cormun/servlet/trsolicitudot? HTTP/1.1" 200 7989
186.103.248.213 - - [29/Feb/2016:12:25:08 -0300] "POST /cormun/servlet/trsolicitudot?573b8762d6ac1acfa3e7b179059755ff,,gx-no-cache=1456759536868 HTTP/1.1" 200 5368
186.103.248.213 - - [29/Feb/2016:12:25:09 -0300] "POST /cormun/servlet/trsolicitudot?573b8762d6ac1acfa3e7b179059755ff,,gx-no-cache=1456759537823 HTTP/1.1" 200 5368
186.103.248.213 - - [29/Feb/2016:12:25:10 -0300] "POST /cormun/servlet/trsolicitudot?573b8762d6ac1acfa3e7b179059755ff,,gx-no-cache=1456759538474 HTTP/1.1" 200 5368
186.103.248.213 - - [29/Feb/2016:12:25:10 -0300] "POST /cormun/servlet/trsolicitudot?573b8762d6ac1acfa3e7b179059755ff,,gx-no-cache=1456759539120 HTTP/1.1" 200 5367
186.103.248.213 - - [29/Feb/2016:12:25:11 -0300] "POST /cormun/servlet/trsolicitudot?573b8762d6ac1acfa3e7b179059755ff,,gx-no-cache=1456759539829 HTTP/1.1" 200 5368
186.103.248.213 - - [29/Feb/2016:12:25:12 -0300] "POST /cormun/servlet/trsolicitudot?573b8762d6ac1acfa3e7b179059755ff,,gx-no-cache=1456759540544 HTTP/1.1" 200 5367
186.103.156.24 - - [29/Feb/2016:12:25:12 -0300] "GET /cormun/servlet/trsolicitudot? HTTP/1.1" 200 6107
186.103.156.24 - - [29/Feb/2016:12:25:12 -0300] "GET /cormun/static/gxui/gxui-all.css?120300 HTTP/1.1" 200 2179
186.103.156.24 - - [29/Feb/2016:12:25:12 -0300] "GET /cormun/static/calendar-system.css?85620 HTTP/1.1" 200 5572
186.103.156.24 - - [29/Feb/2016:12:25:12 -0300] "GET /cormun/static/gxcfg.js?20161623482752 HTTP/1.1" 200 953
186.103.156.24 - - [29/Feb/2016:12:25:12 -0300] "GET /cormun/static/calendar.js?85251 HTTP/1.1" 200 26246
186.103.156.24 - - [29/Feb/2016:12:25:12 -0300] "GET /cormun/static/calendar-setup.js?85251 HTTP/1.1" 200 2588
186.103.156.24 - - [29/Feb/2016:12:25:12 -0300] "GET /cormun/static/calendar-es.js?85251 HTTP/1.1" 200 1901
186.103.156.24 - - [29/Feb/2016:12:25:12 -0300] "GET /cormun/static/gxdec.js?85251 HTTP/1.1" 200 19579
186.103.156.24 - - [29/Feb/2016:12:25:12 -0300] "GET /cormun/static/trsolicitudot.js?20161623483284 HTTP/1.1" 200 45324
186.103.156.24 - - [29/Feb/2016:12:25:12 -0300] "GET /cormun/static/Resources/PXTools/calendar.png HTTP/1.1" 200 1306
186.103.156.24 - - [29/Feb/2016:12:25:12 -0300] "GET /cormun/static/Resources/PXToolsDataSearch.png HTTP/1.1" 200 419
186.103.156.24 - - [29/Feb/2016:12:25:12 -0300] "GET /cormun/static/Resources/PXToolsGridFirst.gif HTTP/1.1" 200 379
186.103.156.24 - - [29/Feb/2016:12:25:12 -0300] "GET /cormun/static/Resources/Spanish/PXTools.css?17554516 HTTP/1.1" 200 89042
186.103.156.24 - - [29/Feb/2016:12:25:12 -0300] "GET /cormun/static/Resources/PXToolsGridPrevious.gif HTTP/1.1" 200 369
186.103.156.24 - - [29/Feb/2016:12:25:12 -0300] "GET /cormun/static/Resources/PXToolsGridNext.gif HTTP/1.1" 200 369
186.103.156.24 - - [29/Feb/2016:12:25:12 -0300] "GET /cormun/static/Resources/PXToolsGridLast.gif HTTP/1.1" 200 370
186.103.156.24 - - [29/Feb/2016:12:25:12 -0300] "GET /cormun/static/Resources/PXToolsActionExcel.png HTTP/1.1" 200 3187
186.103.156.24 - - [29/Feb/2016:12:25:12 -0300] "GET /cormun/static/Resources/PXToolsGridNew.png HTTP/1.1" 200 2949
186.103.248.213 - - [29/Feb/2016:12:25:13 -0300] "POST /cormun/servlet/trsolicitudot?573b8762d6ac1acfa3e7b179059755ff,,gx-no-cache=1456759541245 HTTP/1.1" 200 5368
186.103.156.24 - - [29/Feb/2016:12:25:13 -0300] "GET /cormun/static/Shared/ext/resources/css/ext-all.css?215870 HTTP/1.1" 200 416045
186.103.159.44 - - [29/Feb/2016:12:25:13 -0300] "POST /cormun/servlet/trsolicitudot?c56cfb37e2fb9efd8fe83a46fd099e14,,gx-no-cache=1456759535444 HTTP/1.1" 200 5443
186.103.159.44 - - [29/Feb/2016:12:25:13 -0300] "POST /cormun/servlet/trsolicitudot?c56cfb37e2fb9efd8fe83a46fd099e14,,gx-no-cache=1456759535688 HTTP/1.1" 200 5443
186.103.248.213 - - [29/Feb/2016:12:25:13 -0300] "POST /cormun/servlet/trsolicitudot?573b8762d6ac1acfa3e7b179059755ff,,gx-no-cache=1456759541948 HTTP/1.1" 200 5366
186.103.159.44 - - [29/Feb/2016:12:25:13 -0300] "POST /cormun/servlet/trsolicitudot?c56cfb37e2fb9efd8fe83a46fd099e14,,gx-no-cache=1456759535993 HTTP/1.1" 200 5442
186.103.156.24 - - [29/Feb/2016:12:25:13 -0300] "GET /cormun/static/Resources/asc.gif HTTP/1.1" 200 67
