200.83.57.24 - - [29/Feb/2016:14:01:49 -0300] "GET /cormun/servlet/trsolicitudot? HTTP/1.1" 200 6252
200.83.57.24 - - [29/Feb/2016:14:01:49 -0300] "GET /cormun/servlet/trsolicitudot? HTTP/1.1" 200 6252
200.83.57.24 - - [29/Feb/2016:14:01:52 -0300] "GET /cormun/servlet/solicitudot?INS,0,0, HTTP/1.1" 200 12205
186.103.159.44 - - [29/Feb/2016:14:01:52 -0300] "POST /cormun/servlet/solicitudotadjuntos?bf12fed8003220947363addfe114fc79,INS,2016,248,,1, HTTP/1.1" 200 116
200.83.57.24 - - [29/Feb/2016:14:01:53 -0300] "GET /cormun/servlet/solicitudot?INS,0,0, HTTP/1.1" 200 12209
186.103.159.44 - - [29/Feb/2016:14:01:54 -0300] "GET /cormun/servlet/hpexe_return? HTTP/1.1" 200 1025
186.103.159.44 - - [29/Feb/2016:14:01:56 -0300] "GET /cormun/servlet/trsolicitudadjuntos?2016,248, HTTP/1.1" 200 7925
186.103.159.44 - - [29/Feb/2016:14:02:06 -0300] "GET /cormun/servlet/solicitudotadjuntos?INS,2016,248,,2, HTTP/1.1" 200 5410
186.103.159.44 - - [29/Feb/2016:14:02:06 -0300] "HEAD /cormun/static/about:blank HTTP/1.1" 404 -
186.103.159.44 - - [29/Feb/2016:14:02:07 -0300] "GET /cormun/servlet/solicitudotadjuntos?ea00247db7c1df82e1491e50141ebc0f7f89e5dd6ccc2b85f7791c5d0bfb47b08ab886432771b7c89890db63fd52725b,gx-no-cache=1456765355628 HTTP/1.1" 200 30
186.103.159.44 - - [29/Feb/2016:14:02:07 -0300] "POST /cormun/servlet/solicitudotadjuntos?bf12fed8003220947363addfe114fc79,INS,2016,248,,2,,gx-no-cache=1456765355657 HTTP/1.1" 200 3465
186.103.159.44 - - [29/Feb/2016:14:02:10 -0300] "POST /cormun/servlet/solicitudotadjuntos?gx-no-cache=1456765359186 HTTP/1.1" 200 26
200.83.57.24 - - [29/Feb/2016:14:02:15 -0300] "POST /cormun/servlet/solicitudot?gx-no-cache=1456765323745 HTTP/1.1" 200 2744
200.83.57.24 - - [29/Feb/2016:14:02:15 -0300] "POST /cormun/servlet/solicitudot?2ff0751351031a975bc32db8ab4c65dd,INS,0,0,,gx-no-cache=1456765324179 HTTP/1.1" 200 9527
186.103.159.44 - - [29/Feb/2016:14:02:15 -0300] "GET /cormun/servlet/solicitudotadjuntos?ea00247db7c1df82e1491e50141ebc0f536a1ad20fc569cb3cc01ce3ca2f1be2,gx-no-cache=1456765364362 HTTP/1.1" 200 30
186.103.159.44 - - [29/Feb/2016:14:02:15 -0300] "GET /cormun/servlet/solicitudotadjuntos?ea00247db7c1df82e1491e50141ebc0f536a1ad20fc569cb3cc01ce3ca2f1be2,gx-no-cache=1456765364378 HTTP/1.1" 200 30
186.103.159.44 - - [29/Feb/2016:14:02:16 -0300] "POST /cormun/servlet/solicitudotadjuntos?bf12fed8003220947363addfe114fc79,INS,2016,248,,2, HTTP/1.1" 200 116
186.103.159.44 - - [29/Feb/2016:14:02:16 -0300] "GET /cormun/servlet/hpexe_return? HTTP/1.1" 200 1025
186.103.159.44 - - [29/Feb/2016:14:02:16 -0300] "GET /cormun/servlet/trsolicitudadjuntos?2016,248, HTTP/1.1" 200 8159
186.103.159.44 - - [29/Feb/2016:14:02:21 -0300] "GET /cormun/servlet/trsolicitudot? HTTP/1.1" 200 8005
186.78.34.36 - - [29/Feb/2016:14:02:24 -0300] "GET /cormun/servlet/trvisualizadoreventos? HTTP/1.1" 200 5906
186.78.34.36 - - [29/Feb/2016:14:02:24 -0300] "GET /cormun/static/gxcfg.js?2016251828014 HTTP/1.1" 200 953
186.78.34.36 - - [29/Feb/2016:14:02:24 -0300] "GET /cormun/static/Resources/PXToolsActionPrint.png HTTP/1.1" 200 3317
186.78.34.36 - - [29/Feb/2016:14:02:24 -0300] "GET /cormun/static/trvisualizadoreventos.js?2016251828276 HTTP/1.1" 200 19096
186.78.34.36 - - [29/Feb/2016:14:02:25 -0300] "GET /cormun/servlet/trvisualizadoreventos? HTTP/1.1" 200 5901
186.78.34.36 - - [29/Feb/2016:14:02:26 -0300] "POST /cormun/servlet/acontrolpreferencessavestate?None,HPINTO,true HTTP/1.1" 200 35
186.103.159.44 - - [29/Feb/2016:14:02:26 -0300] "POST /cormun/servlet/trsolicitudot?bf12fed8003220947363addfe114fc79,,gx-no-cache=1456765374876 HTTP/1.1" 200 5468
186.103.159.44 - - [29/Feb/2016:14:02:26 -0300] "POST /cormun/servlet/trsolicitudot?bf12fed8003220947363addfe114fc79,,gx-no-cache=1456765375170 HTTP/1.1" 200 5468
186.103.159.44 - - [29/Feb/2016:14:02:27 -0300] "POST /cormun/servlet/trsolicitudot?bf12fed8003220947363addfe114fc79,,gx-no-cache=1456765375536 HTTP/1.1" 200 5467
186.103.159.44 - - [29/Feb/2016:14:02:28 -0300] "POST /cormun/servlet/trsolicitudot?bf12fed8003220947363addfe114fc79,,gx-no-cache=1456765376140 HTTP/1.1" 200 5467
186.103.159.44 - - [29/Feb/2016:14:02:28 -0300] "POST /cormun/servlet/trsolicitudot?bf12fed8003220947363addfe114fc79,,gx-no-cache=1456765376955 HTTP/1.1" 200 5468
186.103.159.44 - - [29/Feb/2016:14:02:29 -0300] "POST /cormun/servlet/trsolicitudot?bf12fed8003220947363addfe114fc79,,gx-no-cache=1456765377444 HTTP/1.1" 200 5468
186.103.159.44 - - [29/Feb/2016:14:02:29 -0300] "POST /cormun/servlet/trsolicitudot?bf12fed8003220947363addfe114fc79,,gx-no-cache=1456765377959 HTTP/1.1" 200 5468
186.103.159.44 - - [29/Feb/2016:14:02:38 -0300] "POST /cormun/servlet/trsolicitudot?bf12fed8003220947363addfe114fc79,,gx-no-cache=1456765378526 HTTP/1.1" 200 5183
186.103.159.44 - - [29/Feb/2016:14:02:41 -0300] "POST /cormun/servlet/trsolicitudot?bf12fed8003220947363addfe114fc79,,gx-no-cache=1456765389291 HTTP/1.1" 200 5125
186.78.34.36 - - [29/Feb/2016:14:02:42 -0300] "GET /cormun/servlet/trsolicitudot? HTTP/1.1" 200 6102
186.103.159.44 - - [29/Feb/2016:14:02:42 -0300] "GET /cormun/static/Shared/jqueryui/images/ui-bg_highlight-soft_100_c6c2c8_1x100.png HTTP/1.1" 404 1117
186.103.159.44 - - [29/Feb/2016:14:02:42 -0300] "GET /cormun/static/Shared/jqueryui/images/ui-icons_82798d_256x240.png HTTP/1.1" 404 1089
186.103.159.44 - - [29/Feb/2016:14:02:42 -0300] "GET /cormun/static/Shared/jqueryui/images/ui-bg_flat_55_fafafa_40x100.png HTTP/1.1" 404 1097
186.103.159.44 - - [29/Feb/2016:14:02:42 -0300] "GET /cormun/static/Shared/jqueryui/images/ui-icons_8d78a5_256x240.png HTTP/1.1" 404 1089
186.103.159.44 - - [29/Feb/2016:14:02:42 -0300] "POST /cormun/servlet/trsolicitudot?bf12fed8003220947363addfe114fc79,,gx-no-cache=1456765391101 HTTP/1.1" 200 5148
186.78.34.36 - - [29/Feb/2016:14:02:43 -0300] "GET /cormun/servlet/trsolicitudot? HTTP/1.1" 200 6102
200.83.57.24 - - [29/Feb/2016:14:02:43 -0300] "GET /cormun/servlet/solicitudot?5c6674129ec76f5b290d575b99e0d24ef8d034f31e317ba525ece40d03e3848106f6e82d21f42e4b6c44d70071e32fd4,gx-no-cache=1456765351710 HTTP/1.1" 200 30
186.103.159.44 - - [29/Feb/2016:14:02:43 -0300] "POST /cormun/servlet/trsolicitudot?bf12fed8003220947363addfe114fc79,,gx-no-cache=1456765391988 HTTP/1.1" 200 5149
186.103.159.44 - - [29/Feb/2016:14:02:44 -0300] "POST /cormun/servlet/trsolicitudot?bf12fed8003220947363addfe114fc79,,gx-no-cache=1456765392563 HTTP/1.1" 200 5149
186.103.159.44 - - [29/Feb/2016:14:02:45 -0300] "POST /cormun/servlet/trsolicitudot?bf12fed8003220947363addfe114fc79,,gx-no-cache=1456765393485 HTTP/1.1" 200 5149
186.103.159.44 - - [29/Feb/2016:14:02:46 -0300] "POST /cormun/servlet/trsolicitudot?bf12fed8003220947363addfe114fc79,,gx-no-cache=1456765394677 HTTP/1.1" 200 5148
186.103.159.44 - - [29/Feb/2016:14:02:47 -0300] "POST /cormun/servlet/trsolicitudot?bf12fed8003220947363addfe114fc79,,gx-no-cache=1456765395369 HTTP/1.1" 200 5149
186.103.159.44 - - [29/Feb/2016:14:02:47 -0300] "POST /cormun/servlet/trsolicitudot?bf12fed8003220947363addfe114fc79,,gx-no-cache=1456765396075 HTTP/1.1" 200 5149
186.78.34.36 - - [29/Feb/2016:14:02:49 -0300] "POST /cormun/servlet/trsolicitudot?903c12355ac2a364f04c457db22458a2,,gx-no-cache=1456765394863 HTTP/1.1" 200 3457
186.78.34.36 - - [29/Feb/2016:14:02:50 -0300] "POST /cormun/servlet/trsolicitudot?903c12355ac2a364f04c457db22458a2,,gx-no-cache=1456765395203 HTTP/1.1" 200 3457
186.78.34.36 - - [29/Feb/2016:14:02:50 -0300] "POST /cormun/servlet/trsolicitudot?903c12355ac2a364f04c457db22458a2,,gx-no-cache=1456765395557 HTTP/1.1" 200 3457
186.78.34.36 - - [29/Feb/2016:14:02:50 -0300] "POST /cormun/servlet/trsolicitudot?903c12355ac2a364f04c457db22458a2,,gx-no-cache=1456765395924 HTTP/1.1" 200 3457
186.78.34.36 - - [29/Feb/2016:14:03:00 -0300] "POST /cormun/servlet/trsolicitudot?903c12355ac2a364f04c457db22458a2,,gx-no-cache=1456765405139 HTTP/1.1" 200 3457
186.103.159.44 - - [29/Feb/2016:14:03:08 -0300] "GET /cormun/servlet/solicitudot?INS,0,0, HTTP/1.1" 200 12053
186.103.159.44 - - [29/Feb/2016:14:03:18 -0300] "POST /cormun/servlet/solicitudot?gx-no-cache=1456765427042 HTTP/1.1" 200 2669
186.103.159.44 - - [29/Feb/2016:14:03:19 -0300] "POST /cormun/servlet/solicitudot?bf12fed8003220947363addfe114fc79,INS,0,0,,gx-no-cache=1456765427957 HTTP/1.1" 200 9391
186.103.159.44 - - [29/Feb/2016:14:03:21 -0300] "GET /cormun/servlet/solicitudot?ea00247db7c1df82e1491e50141ebc0f0e6d8caf80b2555dc5ba9d64ceaf60449b09a4960cca2853a5cd7ecd4763fa78,gx-no-cache=1456765429650 HTTP/1.1" 200 30
186.78.34.36 - - [29/Feb/2016:14:03:39 -0300] "GET /cormun/servlet/trsolicitudot? HTTP/1.1" 200 6102
186.78.34.36 - - [29/Feb/2016:14:03:40 -0300] "GET /cormun/servlet/trsolicitudot? HTTP/1.1" 200 6102
186.78.34.36 - - [29/Feb/2016:14:03:49 -0300] "GET /cormun/servlet/solicitudot?INS,0,0, HTTP/1.1" 200 12024
186.78.34.36 - - [29/Feb/2016:14:03:50 -0300] "GET /cormun/servlet/solicitudot?INS,0,0, HTTP/1.1" 200 12028
200.83.57.24 - - [29/Feb/2016:14:03:51 -0300] "POST /cormun/servlet/solicitudot?gx-no-cache=1456765419613 HTTP/1.1" 200 30
200.83.57.24 - - [29/Feb/2016:14:03:53 -0300] "POST /cormun/servlet/solicitudot?gx-no-cache=1456765421827 HTTP/1.1" 200 30
186.78.34.36 - - [29/Feb/2016:14:03:55 -0300] "GET /cormun/servlet/trsolicitudot? HTTP/1.1" 200 6102
200.83.57.24 - - [29/Feb/2016:14:03:56 -0300] "POST /cormun/servlet/solicitudot?gx-no-cache=1456765424761 HTTP/1.1" 200 452
186.78.34.36 - - [29/Feb/2016:14:03:56 -0300] "GET /cormun/servlet/trsolicitudot? HTTP/1.1" 200 6102
200.83.57.24 - - [29/Feb/2016:14:03:56 -0300] "GET /cormun/servlet/solicitudot?5c6674129ec76f5b290d575b99e0d24e7b95edf534281118ddeb1bf8bda244a75cb11b61ef78cf32a38e6b5f8c68c80e7ae129630fc14a001e04c2b9303b36c607778d78749080904a83231a7eb0f69a022ab146f79bb1e6a495768df40c639dd544dfb91cbdc19eab666cc39a30713a65362893dc08c2a45d6696df17529fbc96512cbfe03a774ca3d3d198ee06051d,gx-no-cache=1456765424888 HTTP/1.1" 200 38
186.103.159.44 - - [29/Feb/2016:14:04:20 -0300] "POST /cormun/servlet/solicitudot?gx-no-cache=1456765488594 HTTP/1.1" 200 30
186.67.172.234 - - [29/Feb/2016:14:04:22 -0300] "POST /cormun/servlet/trautorizarsolicitud?f3aa1932af69e2c3e07851bf2e923ac2,,gx-no-cache=1456765513513 HTTP/1.1" 200 4851
186.67.172.234 - - [29/Feb/2016:14:04:22 -0300] "POST /cormun/servlet/trautorizarsolicitud?f3aa1932af69e2c3e07851bf2e923ac2,,gx-no-cache=1456765514062 HTTP/1.1" 200 4853
186.103.159.44 - - [29/Feb/2016:14:04:22 -0300] "POST /cormun/servlet/solicitudot?gx-no-cache=1456765491419 HTTP/1.1" 200 30
186.67.172.234 - - [29/Feb/2016:14:04:23 -0300] "POST /cormun/servlet/trautorizarsolicitud?f3aa1932af69e2c3e07851bf2e923ac2,,gx-no-cache=1456765514646 HTTP/1.1" 200 4853
186.67.172.234 - - [29/Feb/2016:14:04:24 -0300] "POST /cormun/servlet/trautorizarsolicitud?f3aa1932af69e2c3e07851bf2e923ac2,,gx-no-cache=1456765514890 HTTP/1.1" 200 4853
186.67.172.234 - - [29/Feb/2016:14:04:24 -0300] "POST /cormun/servlet/trautorizarsolicitud?f3aa1932af69e2c3e07851bf2e923ac2,,gx-no-cache=1456765516031 HTTP/1.1" 200 4852
186.103.159.44 - - [29/Feb/2016:14:04:24 -0300] "POST /cormun/servlet/solicitudot?gx-no-cache=1456765493238 HTTP/1.1" 200 452
186.103.159.44 - - [29/Feb/2016:14:04:24 -0300] "GET /cormun/servlet/solicitudot?ea00247db7c1df82e1491e50141ebc0ff6df09323db21607c87f33bccd3f4494430fcb381e29c0769d8153a26cf6f8fd15aff7f70e553ff41cba6dfb63424efa7b2d8139c2002ad6325fce04e77232de34c3f41d649a7668fcbf86a8d49853509b048264ae2f617248f558bf2498f29fe97c5d3680e7b0f56a25293a19acb3957e2bcb5b7df735a3be7f71aaeea165e0,gx-no-cache=1456765493317 HTTP/1.1" 200 38
186.67.172.234 - - [29/Feb/2016:14:04:25 -0300] "POST /cormun/servlet/trautorizarsolicitud?f3aa1932af69e2c3e07851bf2e923ac2,,gx-no-cache=1456765516333 HTTP/1.1" 200 4852
186.67.172.234 - - [29/Feb/2016:14:04:25 -0300] "POST /cormun/servlet/trautorizarsolicitud?f3aa1932af69e2c3e07851bf2e923ac2,,gx-no-cache=1456765517260 HTTP/1.1" 200 4853
186.67.172.234 - - [29/Feb/2016:14:04:25 -0300] "POST /cormun/servlet/trautorizarsolicitud?f3aa1932af69e2c3e07851bf2e923ac2,,gx-no-cache=1456765517518 HTTP/1.1" 200 3549
186.67.172.234 - - [29/Feb/2016:14:04:26 -0300] "GET /cormun/static/Shared/jqueryui/images/ui-bg_highlight-soft_100_c6c2c8_1x100.png HTTP/1.1" 404 1117
186.67.172.234 - - [29/Feb/2016:14:04:26 -0300] "GET /cormun/static/Shared/jqueryui/images/ui-icons_82798d_256x240.png HTTP/1.1" 404 1089
186.67.172.234 - - [29/Feb/2016:14:04:26 -0300] "GET /cormun/static/Shared/jqueryui/images/ui-bg_flat_55_fafafa_40x100.png HTTP/1.1" 404 1097
186.67.172.234 - - [29/Feb/2016:14:04:26 -0300] "GET /cormun/static/Shared/jqueryui/images/ui-icons_8d78a5_256x240.png HTTP/1.1" 404 1089
186.67.172.234 - - [29/Feb/2016:14:04:26 -0300] "POST /cormun/servlet/trautorizarsolicitud?f3aa1932af69e2c3e07851bf2e923ac2,,gx-no-cache=1456765517682 HTTP/1.1" 200 3406
186.103.159.44 - - [29/Feb/2016:14:04:37 -0300] "GET /cormun/servlet/solicitudot?ea00247db7c1df82e1491e50141ebc0f755f77732d6d6c7c8bd60fb6d94b3192b872d735a44bfe24de7f81e9e3f546538c3ac297820bdcbaf9d0903437654a9accf51748cd4fb2513d5e5adeeac03a310299bdcdc1fa1482713ff15b52300b8730359528b419ca0d4954ebcdc43d651e,gx-no-cache=1456765506368 HTTP/1.1" 200 29
186.103.159.44 - - [29/Feb/2016:14:04:38 -0300] "POST /cormun/servlet/solicitudot?gx-no-cache=1456765507067 HTTP/1.1" 200 1116
190.101.9.119 - - [29/Feb/2016:14:04:41 -0300] "GET /cormun/servlet/hlogin HTTP/1.1" 200 1716
190.101.9.119 - - [29/Feb/2016:14:04:41 -0300] "GET /cormun/static/gxtimezone.js?85251 HTTP/1.1" 200 5781
190.101.9.119 - - [29/Feb/2016:14:04:41 -0300] "GET /cormun/static/hlogin.js?20151120045126 HTTP/1.1" 200 2136
190.101.9.119 - - [29/Feb/2016:14:04:41 -0300] "GET /cormun/static/gxcfg.js?20151120045111 HTTP/1.1" 200 953
190.101.9.119 - - [29/Feb/2016:14:04:41 -0300] "GET /cormun/static/Resources/ComunLogin.png HTTP/1.1" 200 17326
190.101.9.119 - - [29/Feb/2016:14:04:41 -0300] "GET /cormun/static/messages.spa.js?85251 HTTP/1.1" 200 30736
190.101.9.119 - - [29/Feb/2016:14:04:41 -0300] "GET /cormun/static/Resources/Spanish/PXTools.css?005343 HTTP/1.1" 200 89042
190.101.9.119 - - [29/Feb/2016:14:04:42 -0300] "GET /cormun/static/gxgral.js?85251 HTTP/1.1" 200 384558
190.101.9.119 - - [29/Feb/2016:14:04:42 -0300] "GET /favicon.ico HTTP/1.1" 200 21630
190.101.9.119 - - [29/Feb/2016:14:04:42 -0300] "GET /cormun/servlet/hlogin HTTP/1.1" 200 1727
190.101.9.119 - - [29/Feb/2016:14:04:42 -0300] "GET /cormun/static/Resources/PXToolsLoginBackground.png HTTP/1.1" 200 1164
190.101.9.119 - - [29/Feb/2016:14:04:42 -0300] "GET /cormun/static/Resources/indicator.gif HTTP/1.1" 200 1553
190.101.9.119 - - [29/Feb/2016:14:04:42 -0300] "GET /cormun/static/Resources/PXToolsButtonLeft21.png HTTP/1.1" 200 1287
190.101.9.119 - - [29/Feb/2016:14:04:42 -0300] "GET /cormun/static/Resources/PXToolsButtonRight21.png HTTP/1.1" 200 1283
190.101.9.119 - - [29/Feb/2016:14:04:42 -0300] "GET /cormun/static/Resources/PXToolsButtonBackground2.png HTTP/1.1" 200 1181
190.101.9.119 - - [29/Feb/2016:14:04:42 -0300] "GET /cormun/static/Resources/PXToolsLoginTop.png HTTP/1.1" 200 1337
190.101.9.119 - - [29/Feb/2016:14:04:42 -0300] "GET /cormun/static/Resources/indicator.gif HTTP/1.1" 200 1553
190.101.9.119 - - [29/Feb/2016:14:04:42 -0300] "GET /cormun/static/Resources/PXToolsLoginBackground.png HTTP/1.1" 200 1164
190.101.9.119 - - [29/Feb/2016:14:04:42 -0300] "GET /cormun/static/Resources/PXToolsButtonRight21.png HTTP/1.1" 200 1283
190.101.9.119 - - [29/Feb/2016:14:04:42 -0300] "GET /cormun/static/Resources/PXToolsLoginTop.png HTTP/1.1" 200 1337
190.101.9.119 - - [29/Feb/2016:14:04:42 -0300] "GET /cormun/static/Resources/PXToolsButtonBackground2.png HTTP/1.1" 200 1181
190.101.9.119 - - [29/Feb/2016:14:04:42 -0300] "GET /cormun/static/Resources/PXToolsLoginBottom.png HTTP/1.1" 200 1389
190.101.9.119 - - [29/Feb/2016:14:04:42 -0300] "GET /cormun/static/Resources/PXToolsButtonLeft21.png HTTP/1.1" 200 1287
200.83.57.24 - - [29/Feb/2016:14:04:58 -0300] "GET /cormun/servlet/solicitudot?5c6674129ec76f5b290d575b99e0d24e0d62cff2fbbe2796ebe1ba5e48cfdfd1494d4a6dcf9147b178f139797a60330ce1e0247df1fef4da4859c0a4902ec0d0b2a193e2e01ce65df5cb1f5d0bfef3cf0201c37092737a3b23792b342163c468a2631305176da0a09dd44c9dd088f6d394eb3dafbec2332d00e255a0b45f8399da327e36a8b6132d8a6d3df675afc1d6025b05e371b8b52dc8b41bbf5419fe9c,gx-no-cache=1456765486609 HTTP/1.1" 200 29
200.83.57.24 - - [29/Feb/2016:14:04:59 -0300] "POST /cormun/servlet/solicitudot?gx-no-cache=1456765488384 HTTP/1.1" 200 1116
186.103.159.44 - - [29/Feb/2016:14:05:01 -0300] "GET /cormun/servlet/solicitudot?ea00247db7c1df82e1491e50141ebc0f3f9bdb679e53e5493af803c21117df5f23bd08821f7d8536bed67e43e7cd5d6f79b185e40f2f1526b351af0bc9fc64df114c4d7fd0ff3ed757e1b83035bef059033bac5a091ad021ac6610433f8a84484b4982c60557ac75d3fc1aa0ce55432fbefa5599d6c125a4496639998ce876127f6bf8e418d60aa8045c03dda69036a22816abdc0aa3453124952be7c2f598cb86fa90bf91af99d94a006e5796c039f8,gx-no-cache=1456765529615 HTTP/1.1" 200 30
186.103.159.44 - - [29/Feb/2016:14:05:10 -0300] "POST /cormun/servlet/solicitudot?bf12fed8003220947363addfe114fc79,INS,0,0,,gx-no-cache=1456765536412 HTTP/1.1" 200 93
186.103.159.44 - - [29/Feb/2016:14:05:10 -0300] "GET /cormun/servlet/hpexe_return? HTTP/1.1" 200 1008
186.103.159.44 - - [29/Feb/2016:14:05:10 -0300] "GET /cormun/servlet/trsolicitudot? HTTP/1.1" 200 8011
186.103.159.44 - - [29/Feb/2016:14:05:14 -0300] "POST /cormun/servlet/trsolicitudot?bf12fed8003220947363addfe114fc79,,gx-no-cache=1456765542690 HTTP/1.1" 200 5472
186.103.159.44 - - [29/Feb/2016:14:05:14 -0300] "POST /cormun/servlet/trsolicitudot?bf12fed8003220947363addfe114fc79,,gx-no-cache=1456765543011 HTTP/1.1" 200 5471
186.103.159.44 - - [29/Feb/2016:14:05:15 -0300] "POST /cormun/servlet/trsolicitudot?bf12fed8003220947363addfe114fc79,,gx-no-cache=1456765543546 HTTP/1.1" 200 5472
186.103.159.44 - - [29/Feb/2016:14:05:15 -0300] "POST /cormun/servlet/trsolicitudot?bf12fed8003220947363addfe114fc79,,gx-no-cache=1456765543960 HTTP/1.1" 200 5472
186.103.159.44 - - [29/Feb/2016:14:05:16 -0300] "POST /cormun/servlet/trsolicitudot?bf12fed8003220947363addfe114fc79,,gx-no-cache=1456765544613 HTTP/1.1" 200 5472
186.103.159.44 - - [29/Feb/2016:14:05:16 -0300] "POST /cormun/servlet/trsolicitudot?bf12fed8003220947363addfe114fc79,,gx-no-cache=1456765545043 HTTP/1.1" 200 5472
186.103.159.44 - - [29/Feb/2016:14:05:17 -0300] "POST /cormun/servlet/trsolicitudot?bf12fed8003220947363addfe114fc79,,gx-no-cache=1456765545552 HTTP/1.1" 200 5472
186.103.159.44 - - [29/Feb/2016:14:05:21 -0300] "POST /cormun/servlet/trsolicitudot?bf12fed8003220947363addfe114fc79,,gx-no-cache=1456765546059 HTTP/1.1" 200 105
186.103.159.44 - - [29/Feb/2016:14:05:21 -0300] "GET /cormun/servlet/solicitudot?UPD,2016,249, HTTP/1.1" 200 13280
186.103.159.44 - - [29/Feb/2016:14:05:23 -0300] "POST /cormun/servlet/solicitudot?gx-no-cache=1456765551843 HTTP/1.1" 200 2744
186.103.159.44 - - [29/Feb/2016:14:05:23 -0300] "POST /cormun/servlet/solicitudot?bf12fed8003220947363addfe114fc79,UPD,2016,249,,gx-no-cache=1456765552253 HTTP/1.1" 200 10162
186.103.159.44 - - [29/Feb/2016:14:05:24 -0300] "GET /cormun/servlet/solicitudot?ea00247db7c1df82e1491e50141ebc0f0e6d8caf80b2555dc5ba9d64ceaf604431ed27cc0b395868ffee71bedba762dc,gx-no-cache=1456765552575 HTTP/1.1" 200 30
186.103.159.44 - - [29/Feb/2016:14:05:24 -0300] "POST /cormun/servlet/solicitudot?gx-no-cache=1456765552903 HTTP/1.1" 200 30
200.83.57.24 - - [29/Feb/2016:14:05:25 -0300] "GET /cormun/static/menuarrow.gif HTTP/1.1" 404 1015
186.103.159.44 - - [29/Feb/2016:14:05:25 -0300] "POST /cormun/servlet/solicitudot?gx-no-cache=1456765552931 HTTP/1.1" 200 30
190.101.9.119 - - [29/Feb/2016:14:05:25 -0300] "POST /cormun/servlet/hlogin?1e8a262f4985bdda5a0e843c9ebbb195,gx-no-cache=1456765595306 HTTP/1.1" 200 90
186.103.159.44 - - [29/Feb/2016:14:05:25 -0300] "POST /cormun/servlet/solicitudot?gx-no-cache=1456765553957 HTTP/1.1" 200 1154
190.101.9.119 - - [29/Feb/2016:14:05:25 -0300] "GET /cormun/servlet/hpexe_link HTTP/1.1" 200 948
186.103.159.44 - - [29/Feb/2016:14:05:25 -0300] "GET /cormun/servlet/solicitudot?ea00247db7c1df82e1491e50141ebc0ff6df09323db21607c87f33bccd3f4494430fcb381e29c0769d8153a26cf6f8fd15aff7f70e553ff41cba6dfb63424efa7b2d8139c2002ad6325fce04e77232de34c3f41d649a7668fcbf86a8d49853509b048264ae2f617248f558bf2498f29fe97c5d3680e7b0f56a25293a19acb3955e435dd7ce1b6ddc3e83af071eaa025b8ab886432771b7c89890db63fd52725b,gx-no-cache=1456765554146 HTTP/1.1" 200 41
190.101.9.119 - - [29/Feb/2016:14:05:25 -0300] "GET /cormun/static/gxcfg.js?20151120044395 HTTP/1.1" 200 953
190.101.9.119 - - [29/Feb/2016:14:05:25 -0300] "GET /cormun/static/hpexe_link.js?20151120044398 HTTP/1.1" 200 625
190.101.9.119 - - [29/Feb/2016:14:05:25 -0300] "GET /cormun/servlet/hhome HTTP/1.1" 200 3671
190.101.9.119 - - [29/Feb/2016:14:05:26 -0300] "GET /cormun/static/Shared/jqueryui/jquery-ui.min.css?1345370 HTTP/1.1" 200 30288
190.101.9.119 - - [29/Feb/2016:14:05:26 -0300] "GET /cormun/static/SmoothNavMenu/resources/ddsmoothmenu.css?1112540 HTTP/1.1" 200 2223
190.101.9.119 - - [29/Feb/2016:14:05:26 -0300] "GET /cormun/static/SmoothNavMenu/resources/ddsmoothmenu-v.css?1112540 HTTP/1.1" 200 1188
190.101.9.119 - - [29/Feb/2016:14:05:26 -0300] "GET /cormun/static/scaMessage/css/jquery.pnotify.default.css?1816380 HTTP/1.1" 200 1707
190.101.9.119 - - [29/Feb/2016:14:05:26 -0300] "GET /cormun/static/gxcfg.js?2015112210564248 HTTP/1.1" 200 953
190.101.9.119 - - [29/Feb/2016:14:05:26 -0300] "GET /cormun/static/PXToolsJavascripts/pexe_autoreload.js HTTP/1.1" 200 1762
190.101.9.119 - - [29/Feb/2016:14:05:26 -0300] "GET /cormun/static/PXToolsJavascripts/pexe_cookies.js HTTP/1.1" 200 792
190.101.9.119 - - [29/Feb/2016:14:05:26 -0300] "GET /cormun/static/PXToolsJavascripts/pexe_windows.js HTTP/1.1" 200 15207
190.101.9.119 - - [29/Feb/2016:14:05:26 -0300] "GET /cormun/static/PXToolsJavascripts/pexe_grid.js HTTP/1.1" 200 7559
190.101.9.119 - - [29/Feb/2016:14:05:26 -0300] "GET /cormun/static/PXToolsJavascripts/pexe_griddivfix.js HTTP/1.1" 200 6644
190.101.9.119 - - [29/Feb/2016:14:05:26 -0300] "GET /cormun/static/PXToolsJavascripts/pexe_link.js HTTP/1.1" 200 5671
190.101.9.119 - - [29/Feb/2016:14:05:26 -0300] "GET /cormun/static/PXToolsJavascripts/pexe_menudivfix.js HTTP/1.1" 200 333
190.101.9.119 - - [29/Feb/2016:14:05:26 -0300] "GET /cormun/static/PXToolsJavascripts/pexe_menus.js HTTP/1.1" 200 1286
190.101.9.119 - - [29/Feb/2016:14:05:26 -0300] "GET /cormun/static/PXToolsJavascripts/pexe_layers.js HTTP/1.1" 200 4114
190.101.9.119 - - [29/Feb/2016:14:05:26 -0300] "GET /cormun/static/PXToolsJavascripts/pexe_oav.js HTTP/1.1" 200 645
190.101.9.119 - - [29/Feb/2016:14:05:26 -0300] "GET /cormun/static/Resources/Spanish/PXTools.css?10515224 HTTP/1.1" 200 89042
190.101.9.119 - - [29/Feb/2016:14:05:26 -0300] "GET /cormun/static/PXToolsJavascripts/pexe_picture.js HTTP/1.1" 200 689
190.101.9.119 - - [29/Feb/2016:14:05:26 -0300] "GET /cormun/static/PXToolsJavascripts/pexe_oavdivfix.js HTTP/1.1" 200 639
190.101.9.119 - - [29/Feb/2016:14:05:26 -0300] "GET /cormun/static/PXToolsJavascripts/pexe_popup.js HTTP/1.1" 200 13458
190.101.9.119 - - [29/Feb/2016:14:05:26 -0300] "GET /cormun/static/PXToolsJavascripts/pexe_scrolldiv.js HTTP/1.1" 200 4138
190.101.9.119 - - [29/Feb/2016:14:05:26 -0300] "GET /cormun/static/PXToolsJavascripts/pexe_tabdivfix.js HTTP/1.1" 200 876
190.101.9.119 - - [29/Feb/2016:14:05:26 -0300] "GET /cormun/static/PXToolsJavascripts/pexe_tabs.js HTTP/1.1" 200 3748
190.101.9.119 - - [29/Feb/2016:14:05:26 -0300] "GET /cormun/static/PXToolsJavascripts/PXToolsJavascriptsRender.js HTTP/1.1" 200 367
190.101.9.119 - - [29/Feb/2016:14:05:26 -0300] "GET /cormun/static/RunJS/RunJS.js HTTP/1.1" 200 288
190.101.9.119 - - [29/Feb/2016:14:05:26 -0300] "GET /cormun/static/PXToolsJavascripts/pexe_upload.js HTTP/1.1" 200 1423
190.101.9.119 - - [29/Feb/2016:14:05:26 -0300] "GET /cormun/static/Shared/ext/locale/ext-lang-en.js HTTP/1.1" 200 10940
190.101.9.119 - - [29/Feb/2016:14:05:26 -0300] "GET /cormun/static/hhome.js?2015112210564255 HTTP/1.1" 200 777
190.101.9.119 - - [29/Feb/2016:14:05:26 -0300] "GET /cormun/static/hwchdr01.js?20162241650484 HTTP/1.1" 200 1002
190.101.9.119 - - [29/Feb/2016:14:05:26 -0300] "GET /cormun/static/hpexe_recentlink.js?2015111312121342 HTTP/1.1" 200 2144
190.101.9.119 - - [29/Feb/2016:14:05:26 -0300] "GET /cormun/static/hpexe_scripts.js?20151120014546 HTTP/1.1" 200 1544
190.101.9.119 - - [29/Feb/2016:14:05:26 -0300] "GET /cormun/static/hpexe_messagepopupcomponent.js?201622412404545 HTTP/1.1" 200 605
190.101.9.119 - - [29/Feb/2016:14:05:26 -0300] "GET /cormun/static/hpexe_messagecontroller.js?2015112210524422 HTTP/1.1" 200 870
190.101.9.119 - - [29/Feb/2016:14:05:26 -0300] "GET /cormun/static/hpexe_messagegenexuscomponent.js?20151120014314 HTTP/1.1" 200 587
190.101.9.119 - - [29/Feb/2016:14:05:26 -0300] "GET /cormun/static/cmcontrolpreferences.js?20151120014525 HTTP/1.1" 200 1375
190.101.9.119 - - [29/Feb/2016:14:05:26 -0300] "GET /cormun/static/gxui/gxui-all.js HTTP/1.1" 200 107772
190.101.9.119 - - [29/Feb/2016:14:05:26 -0300] "GET /cormun/static/SmoothNavMenu/resources/ddsmoothmenu.js HTTP/1.1" 200 12712
190.101.9.119 - - [29/Feb/2016:14:05:26 -0300] "GET /cormun/static/Shared/jquery/jquery-1.4.2.min.js HTTP/1.1" 200 72174
190.101.9.119 - - [29/Feb/2016:14:05:26 -0300] "GET /cormun/static/Resources/PXToolsHeaderBackground2.png HTTP/1.1" 200 1174
190.101.9.119 - - [29/Feb/2016:14:05:26 -0300] "GET /cormun/static/Resources/PXToolsFooterBackground2.png HTTP/1.1" 200 1172
190.101.9.119 - - [29/Feb/2016:14:05:26 -0300] "GET /cormun/static/Resources/PXToolsDataTitle.png HTTP/1.1" 200 1173
190.101.9.119 - - [29/Feb/2016:14:05:26 -0300] "GET /cormun/static/Resources/PXToolsHeaderActionsBackground.png HTTP/1.1" 200 484
190.101.9.119 - - [29/Feb/2016:14:05:26 -0300] "GET /cormun/static/SmoothNavMenu/resources/SmoothNavMenuRender.js HTTP/1.1" 200 5951
190.101.9.119 - - [29/Feb/2016:14:05:26 -0300] "GET /cormun/static/scaMessage/js/jquery.pnotify.min.js HTTP/1.1" 200 13038
190.101.9.119 - - [29/Feb/2016:14:05:26 -0300] "GET /cormun/static/hmpwkw03.js?201622421393366 HTTP/1.1" 200 3845
190.101.9.119 - - [29/Feb/2016:14:05:26 -0300] "GET /cormun/static/scaMessage/scaMessageRender.js HTTP/1.1" 200 11977
190.101.9.119 - - [29/Feb/2016:14:05:26 -0300] "GET /cormun/static/Shared/jquery/jquery-1.10.2.min.js HTTP/1.1" 200 273199
190.101.9.119 - - [29/Feb/2016:14:05:26 -0300] "GET /cormun/static/Resources/logo4.png HTTP/1.1" 200 6582
190.101.9.119 - - [29/Feb/2016:14:05:26 -0300] "GET /cormun/static/Resources/PXToolsHeaderActionsLeft.png HTTP/1.1" 200 1118
190.101.9.119 - - [29/Feb/2016:14:05:26 -0300] "GET /cormun/static/Resources/PXToolsHeaderHome.png HTTP/1.1" 200 4147
190.101.9.119 - - [29/Feb/2016:14:05:26 -0300] "GET /cormun/static/Resources/PXToolsHeaderLogin.png HTTP/1.1" 200 4279
190.101.9.119 - - [29/Feb/2016:14:05:26 -0300] "GET /cormun/static/Resources/PXToolsHeaderPreferences.png HTTP/1.1" 200 4189
190.101.9.119 - - [29/Feb/2016:14:05:26 -0300] "GET /cormun/static/Resources/PXToolsHeaderSecurity.png HTTP/1.1" 200 4166
190.101.9.119 - - [29/Feb/2016:14:05:26 -0300] "GET /cormun/static/Resources/PXToolsHeaderActionsRight.png HTTP/1.1" 200 1201
190.101.9.119 - - [29/Feb/2016:14:05:26 -0300] "GET /cormun/static/Shared/jqueryui/jquery-ui.min.js HTTP/1.1" 200 240427
190.101.9.119 - - [29/Feb/2016:14:05:27 -0300] "GET /cormun/static/Shared/ext/ext-all.js HTTP/1.1" 200 1289687
190.101.9.119 - - [29/Feb/2016:14:05:28 -0300] "GET /cormun/static/SmoothNavMenu/resources/images/down.gif HTTP/1.1" 200 854
190.101.9.119 - - [29/Feb/2016:14:05:28 -0300] "GET /cormun/static/SmoothNavMenu/resources/images/right.gif HTTP/1.1" 200 860
186.103.159.44 - - [29/Feb/2016:14:05:35 -0300] "GET /cormun/servlet/solicitudot?ea00247db7c1df82e1491e50141ebc0f336373a9bbb141123ca425dc5f16b0473388e84a849a09f713b04365f209b340ffa197f784b8943dcbbbab0fc55a592f88480c2ba2b7e929f6a735aa15124ab443b21cf7c021e19a9b2707cabd71ded7a9b36919661f28e761b36d5c182d37a838d5aeac81ba9db6a1433c34f5c75fbd0ddb470cfda05c15caf8a7a2b30b9b559b1b41b9b8c4bb48b5ca8d7a224aacba,gx-no-cache=1456765563730 HTTP/1.1" 200 30
186.103.159.44 - - [29/Feb/2016:14:05:36 -0300] "POST /cormun/servlet/solicitudot?gx-no-cache=1456765564901 HTTP/1.1" 200 1116
186.103.159.44 - - [29/Feb/2016:14:05:36 -0300] "GET /cormun/servlet/solicitudot?ea00247db7c1df82e1491e50141ebc0f3f9bdb679e53e5493af803c21117df5f23bd08821f7d8536bed67e43e7cd5d6f79b185e40f2f1526b351af0bc9fc64df114c4d7fd0ff3ed757e1b83035bef059033bac5a091ad021ac6610433f8a84484b4982c60557ac75d3fc1aa0ce55432fbefa5599d6c125a4496639998ce876127f6bf8e418d60aa8045c03dda69036a22816abdc0aa3453124952be7c2f598cb86fa90bf91af99d94a006e5796c039f8,gx-no-cache=1456765564974 HTTP/1.1" 200 30
186.103.159.44 - - [29/Feb/2016:14:05:36 -0300] "POST /cormun/servlet/solicitudot?bf12fed8003220947363addfe114fc79,UPD,2016,249,,gx-no-cache=1456765565035 HTTP/1.1" 200 93
186.103.159.44 - - [29/Feb/2016:14:05:36 -0300] "GET /cormun/servlet/hpexe_return? HTTP/1.1" 200 1012
186.103.159.44 - - [29/Feb/2016:14:05:37 -0300] "GET /cormun/servlet/trsolicitudot? HTTP/1.1" 200 8009
186.103.159.44 - - [29/Feb/2016:14:05:43 -0300] "POST /cormun/servlet/trsolicitudot?bf12fed8003220947363addfe114fc79,,gx-no-cache=1456765572119 HTTP/1.1" 200 5470
186.103.159.44 - - [29/Feb/2016:14:05:44 -0300] "POST /cormun/servlet/trsolicitudot?bf12fed8003220947363addfe114fc79,,gx-no-cache=1456765572382 HTTP/1.1" 200 5470
186.103.159.44 - - [29/Feb/2016:14:05:44 -0300] "POST /cormun/servlet/trsolicitudot?bf12fed8003220947363addfe114fc79,,gx-no-cache=1456765572652 HTTP/1.1" 200 5470
186.103.159.44 - - [29/Feb/2016:14:05:44 -0300] "POST /cormun/servlet/trsolicitudot?bf12fed8003220947363addfe114fc79,,gx-no-cache=1456765572998 HTTP/1.1" 200 5469
186.103.159.44 - - [29/Feb/2016:14:05:44 -0300] "POST /cormun/servlet/trsolicitudot?bf12fed8003220947363addfe114fc79,,gx-no-cache=1456765573364 HTTP/1.1" 200 5470
186.103.159.44 - - [29/Feb/2016:14:05:45 -0300] "POST /cormun/servlet/trsolicitudot?bf12fed8003220947363addfe114fc79,,gx-no-cache=1456765573773 HTTP/1.1" 200 5470
186.103.159.44 - - [29/Feb/2016:14:05:45 -0300] "POST /cormun/servlet/trsolicitudot?bf12fed8003220947363addfe114fc79,,gx-no-cache=1456765574197 HTTP/1.1" 200 5469
186.103.159.44 - - [29/Feb/2016:14:05:46 -0300] "POST /cormun/servlet/trsolicitudot?bf12fed8003220947363addfe114fc79,,gx-no-cache=1456765574678 HTTP/1.1" 200 106
186.103.159.44 - - [29/Feb/2016:14:05:49 -0300] "GET /cormun/servlet/trsolicitudadjuntos?2016,249, HTTP/1.1" 200 5352
186.103.159.44 - - [29/Feb/2016:14:05:55 -0300] "GET /cormun/servlet/solicitudotadjuntos?INS,2016,249,,1, HTTP/1.1" 200 5411
186.103.159.44 - - [29/Feb/2016:14:05:55 -0300] "HEAD /cormun/static/about:blank HTTP/1.1" 404 -
186.103.159.44 - - [29/Feb/2016:14:05:56 -0300] "GET /cormun/servlet/solicitudotadjuntos?ea00247db7c1df82e1491e50141ebc0f2b0bdcbe39169a892f3880622af4b44c8ab886432771b7c89890db63fd52725b,gx-no-cache=1456765584643 HTTP/1.1" 200 30
186.103.159.44 - - [29/Feb/2016:14:05:56 -0300] "POST /cormun/servlet/solicitudotadjuntos?bf12fed8003220947363addfe114fc79,INS,2016,249,,1,,gx-no-cache=1456765584678 HTTP/1.1" 200 3320
186.103.159.44 - - [29/Feb/2016:14:05:58 -0300] "POST /cormun/servlet/solicitudotadjuntos?gx-no-cache=1456765586965 HTTP/1.1" 200 26
186.103.159.44 - - [29/Feb/2016:14:06:02 -0300] "GET /cormun/servlet/solicitudotadjuntos?ea00247db7c1df82e1491e50141ebc0f536a1ad20fc569cb3cc01ce3ca2f1be2,gx-no-cache=1456765591097 HTTP/1.1" 200 30
186.103.159.44 - - [29/Feb/2016:14:06:02 -0300] "GET /cormun/servlet/solicitudotadjuntos?ea00247db7c1df82e1491e50141ebc0f536a1ad20fc569cb3cc01ce3ca2f1be2,gx-no-cache=1456765591347 HTTP/1.1" 200 30
186.103.159.44 - - [29/Feb/2016:14:06:03 -0300] "POST /cormun/servlet/solicitudotadjuntos?bf12fed8003220947363addfe114fc79,INS,2016,249,,1, HTTP/1.1" 200 116
186.103.159.44 - - [29/Feb/2016:14:06:03 -0300] "GET /cormun/servlet/hpexe_return? HTTP/1.1" 200 1025
186.103.159.44 - - [29/Feb/2016:14:06:03 -0300] "GET /cormun/servlet/trsolicitudadjuntos?2016,249, HTTP/1.1" 200 7256
186.103.159.44 - - [29/Feb/2016:14:06:06 -0300] "GET /cormun/servlet/solicitudotadjuntos?INS,2016,249,,1, HTTP/1.1" 200 5411
186.103.159.44 - - [29/Feb/2016:14:06:06 -0300] "HEAD /cormun/static/about:blank HTTP/1.1" 404 -
186.103.159.44 - - [29/Feb/2016:14:06:07 -0300] "GET /cormun/servlet/solicitudotadjuntos?ea00247db7c1df82e1491e50141ebc0f2b0bdcbe39169a892f3880622af4b44c8ab886432771b7c89890db63fd52725b,gx-no-cache=1456765596129 HTTP/1.1" 200 30
186.103.159.44 - - [29/Feb/2016:14:06:07 -0300] "POST /cormun/servlet/solicitudotadjuntos?bf12fed8003220947363addfe114fc79,INS,2016,249,,1,,gx-no-cache=1456765596160 HTTP/1.1" 200 3321
200.83.57.24 - - [29/Feb/2016:14:06:11 -0300] "GET /cormun/servlet/solicitudot?5c6674129ec76f5b290d575b99e0d24ed7496ab7e72ad497cd17a6ad9a110f63f667b86d9ecf18c02cc97044c60558ccd350ebd895e34ae33076dccba476462d167a61fc834abeb360bb2757bdaa642008a7c6719ba0b666167e473f40d1b74f02fd7f23d4080f8b2d19953f400b3d99fbf0dd9902a0e26236981d0d5b50092c61142e54dc04b761d7a51fc32be80a3e7885884830f1e7b19743eb0d86806a06c60c6ebf9eb44263262d6019ea4bb18f,gx-no-cache=1456765559965 HTTP/1.1" 200 30
186.103.159.44 - - [29/Feb/2016:14:06:12 -0300] "POST /cormun/servlet/solicitudotadjuntos?gx-no-cache=1456765600489 HTTP/1.1" 200 26
190.101.9.119 - - [29/Feb/2016:14:06:17 -0300] "GET /cormun/servlet/trsolicitudot? HTTP/1.1" 200 6377
190.101.9.119 - - [29/Feb/2016:14:06:17 -0300] "GET /cormun/static/gxui/gxui-all.css?120300 HTTP/1.1" 200 2179
190.101.9.119 - - [29/Feb/2016:14:06:17 -0300] "GET /cormun/static/calendar-system.css?85620 HTTP/1.1" 200 5572
190.101.9.119 - - [29/Feb/2016:14:06:17 -0300] "GET /cormun/static/gxcfg.js?20161623482752 HTTP/1.1" 200 953
190.101.9.119 - - [29/Feb/2016:14:06:17 -0300] "GET /cormun/static/calendar-setup.js?85251 HTTP/1.1" 200 2588
190.101.9.119 - - [29/Feb/2016:14:06:17 -0300] "GET /cormun/static/calendar-es.js?85251 HTTP/1.1" 200 1901
190.101.9.119 - - [29/Feb/2016:14:06:17 -0300] "GET /cormun/static/calendar.js?85251 HTTP/1.1" 200 26246
190.101.9.119 - - [29/Feb/2016:14:06:17 -0300] "GET /cormun/static/Resources/Spanish/PXTools.css?17554516 HTTP/1.1" 200 89042
190.101.9.119 - - [29/Feb/2016:14:06:17 -0300] "GET /cormun/static/Resources/PXTools/calendar.png HTTP/1.1" 200 1306
190.101.9.119 - - [29/Feb/2016:14:06:17 -0300] "GET /cormun/static/Resources/PXToolsDataSearch.png HTTP/1.1" 200 419
190.101.9.119 - - [29/Feb/2016:14:06:17 -0300] "GET /cormun/static/gxdec.js?85251 HTTP/1.1" 200 19579
190.101.9.119 - - [29/Feb/2016:14:06:17 -0300] "GET /cormun/static/trsolicitudot.js?20161623483284 HTTP/1.1" 200 45324
190.101.9.119 - - [29/Feb/2016:14:06:17 -0300] "GET /cormun/static/Resources/PXToolsGridFirst.gif HTTP/1.1" 200 379
190.101.9.119 - - [29/Feb/2016:14:06:17 -0300] "GET /cormun/static/Resources/PXToolsGridPrevious.gif HTTP/1.1" 200 369
190.101.9.119 - - [29/Feb/2016:14:06:17 -0300] "GET /cormun/static/Resources/PXToolsGridNext.gif HTTP/1.1" 200 369
190.101.9.119 - - [29/Feb/2016:14:06:17 -0300] "GET /cormun/static/Resources/PXToolsGridLast.gif HTTP/1.1" 200 370
190.101.9.119 - - [29/Feb/2016:14:06:17 -0300] "GET /cormun/static/Resources/PXToolsActionExcel.png HTTP/1.1" 200 3187
190.101.9.119 - - [29/Feb/2016:14:06:17 -0300] "GET /cormun/static/Resources/PXToolsGridNew.png HTTP/1.1" 200 2949
190.101.9.119 - - [29/Feb/2016:14:06:17 -0300] "GET /cormun/static/Shared/ext/resources/css/ext-all.css?215870 HTTP/1.1" 200 416045
186.103.159.44 - - [29/Feb/2016:14:06:17 -0300] "GET /cormun/servlet/solicitudotadjuntos?ea00247db7c1df82e1491e50141ebc0f536a1ad20fc569cb3cc01ce3ca2f1be2,gx-no-cache=1456765606289 HTTP/1.1" 200 30
186.103.159.44 - - [29/Feb/2016:14:06:18 -0300] "GET /cormun/servlet/solicitudotadjuntos?ea00247db7c1df82e1491e50141ebc0f536a1ad20fc569cb3cc01ce3ca2f1be2,gx-no-cache=1456765606328 HTTP/1.1" 200 30
190.101.9.119 - - [29/Feb/2016:14:06:18 -0300] "GET /cormun/static/Resources/asc.gif HTTP/1.1" 200 67
190.101.9.119 - - [29/Feb/2016:14:06:18 -0300] "GET /cormun/static/Resources/desc.gif HTTP/1.1" 200 65
190.101.9.119 - - [29/Feb/2016:14:06:18 -0300] "GET /cormun/static/Shared/ext/resources/themes/images/default/panel/bg-headersPanel.png HTTP/1.1" 200 255
190.101.9.119 - - [29/Feb/2016:14:06:18 -0300] "GET /cormun/static/Shared/ext/resources/themes/images/default/tools/tool-sprites.gif HTTP/1.1" 200 5434
186.103.159.44 - - [29/Feb/2016:14:06:20 -0300] "POST /cormun/servlet/solicitudotadjuntos?bf12fed8003220947363addfe114fc79,INS,2016,249,,1, HTTP/1.1" 200 116
186.103.159.44 - - [29/Feb/2016:14:06:20 -0300] "GET /cormun/servlet/hpexe_return? HTTP/1.1" 200 1025
186.103.159.44 - - [29/Feb/2016:14:06:20 -0300] "GET /cormun/servlet/trsolicitudadjuntos?2016,249, HTTP/1.1" 200 7412
190.101.9.119 - - [29/Feb/2016:14:06:21 -0300] "GET /cormun/static/menuarrow.gif HTTP/1.1" 404 1015
200.83.57.24 - - [29/Feb/2016:14:06:21 -0300] "POST /cormun/servlet/solicitudot?2ff0751351031a975bc32db8ab4c65dd,INS,0,0,,gx-no-cache=1456765570367 HTTP/1.1" 200 93
200.83.57.24 - - [29/Feb/2016:14:06:21 -0300] "GET /cormun/servlet/hpexe_return? HTTP/1.1" 200 1005
200.83.57.24 - - [29/Feb/2016:14:06:21 -0300] "GET /cormun/static/Resources/Spanish/PXTools.css?12112540 HTTP/1.1" 304 -
200.83.57.24 - - [29/Feb/2016:14:06:22 -0300] "GET /cormun/static/gxcfg.js?2015111312145050 HTTP/1.1" 304 -
200.83.57.24 - - [29/Feb/2016:14:06:22 -0300] "GET /cormun/static/hpexe_return.js?2015111312145056 HTTP/1.1" 304 -
200.83.57.24 - - [29/Feb/2016:14:06:22 -0300] "GET /cormun/servlet/trsolicitudot HTTP/1.1" 200 7540
200.83.57.24 - - [29/Feb/2016:14:06:22 -0300] "GET /cormun/servlet/trsolicitudot HTTP/1.1" 200 7536
186.103.159.44 - - [29/Feb/2016:14:06:23 -0300] "GET /cormun/servlet/solicitudotadjuntos?INS,2016,249,,1, HTTP/1.1" 200 5411
186.103.159.44 - - [29/Feb/2016:14:06:23 -0300] "HEAD /cormun/static/about:blank HTTP/1.1" 404 -
186.103.159.44 - - [29/Feb/2016:14:06:24 -0300] "GET /cormun/servlet/solicitudotadjuntos?ea00247db7c1df82e1491e50141ebc0f2b0bdcbe39169a892f3880622af4b44c8ab886432771b7c89890db63fd52725b,gx-no-cache=1456765612516 HTTP/1.1" 200 30
186.103.159.44 - - [29/Feb/2016:14:06:24 -0300] "POST /cormun/servlet/solicitudotadjuntos?bf12fed8003220947363addfe114fc79,INS,2016,249,,1,,gx-no-cache=1456765612545 HTTP/1.1" 200 3321
186.103.159.44 - - [29/Feb/2016:14:06:26 -0300] "POST /cormun/servlet/solicitudotadjuntos?gx-no-cache=1456765614865 HTTP/1.1" 200 26
200.83.57.24 - - [29/Feb/2016:14:06:27 -0300] "GET /cormun/servlet/solicitudot?INS,0,0, HTTP/1.1" 200 12204
200.83.57.24 - - [29/Feb/2016:14:06:27 -0300] "GET /cormun/servlet/solicitudot?INS,0,0, HTTP/1.1" 200 12209
190.101.9.119 - - [29/Feb/2016:14:06:29 -0300] "POST /cormun/servlet/trsolicitudot?1e8a262f4985bdda5a0e843c9ebbb195,,gx-no-cache=1456765659391 HTTP/1.1" 200 3741
190.101.9.119 - - [29/Feb/2016:14:06:29 -0300] "POST /cormun/servlet/trsolicitudot?1e8a262f4985bdda5a0e843c9ebbb195,,gx-no-cache=1456765659687 HTTP/1.1" 200 3739
186.103.159.44 - - [29/Feb/2016:14:06:31 -0300] "GET /cormun/servlet/solicitudotadjuntos?ea00247db7c1df82e1491e50141ebc0f536a1ad20fc569cb3cc01ce3ca2f1be2,gx-no-cache=1456765619833 HTTP/1.1" 200 30
186.103.159.44 - - [29/Feb/2016:14:06:31 -0300] "GET /cormun/servlet/solicitudotadjuntos?ea00247db7c1df82e1491e50141ebc0f536a1ad20fc569cb3cc01ce3ca2f1be2,gx-no-cache=1456765619851 HTTP/1.1" 200 30
186.103.159.44 - - [29/Feb/2016:14:06:31 -0300] "POST /cormun/servlet/solicitudotadjuntos?bf12fed8003220947363addfe114fc79,INS,2016,249,,1, HTTP/1.1" 200 116
186.103.159.44 - - [29/Feb/2016:14:06:31 -0300] "GET /cormun/servlet/hpexe_return? HTTP/1.1" 200 1025
186.103.159.44 - - [29/Feb/2016:14:06:31 -0300] "GET /cormun/servlet/trsolicitudadjuntos?2016,249, HTTP/1.1" 200 7573
186.103.159.44 - - [29/Feb/2016:14:06:35 -0300] "GET /cormun/servlet/solicitudotadjuntos?INS,2016,249,,1, HTTP/1.1" 200 5411
186.103.159.44 - - [29/Feb/2016:14:06:35 -0300] "HEAD /cormun/static/about:blank HTTP/1.1" 404 -
186.103.159.44 - - [29/Feb/2016:14:06:35 -0300] "GET /cormun/servlet/solicitudotadjuntos?ea00247db7c1df82e1491e50141ebc0f2b0bdcbe39169a892f3880622af4b44c8ab886432771b7c89890db63fd52725b,gx-no-cache=1456765624402 HTTP/1.1" 200 30
186.103.159.44 - - [29/Feb/2016:14:06:36 -0300] "POST /cormun/servlet/solicitudotadjuntos?bf12fed8003220947363addfe114fc79,INS,2016,249,,1,,gx-no-cache=1456765624488 HTTP/1.1" 200 3321
186.103.159.44 - - [29/Feb/2016:14:06:39 -0300] "POST /cormun/servlet/solicitudotadjuntos?gx-no-cache=1456765627536 HTTP/1.1" 200 26
200.83.57.24 - - [29/Feb/2016:14:06:40 -0300] "POST /cormun/servlet/solicitudot?gx-no-cache=1456765589361 HTTP/1.1" 200 2744
200.83.57.24 - - [29/Feb/2016:14:06:41 -0300] "POST /cormun/servlet/solicitudot?2ff0751351031a975bc32db8ab4c65dd,INS,0,0,,gx-no-cache=1456765589593 HTTP/1.1" 200 9527
186.103.159.44 - - [29/Feb/2016:14:06:44 -0300] "GET /cormun/servlet/solicitudotadjuntos?ea00247db7c1df82e1491e50141ebc0f536a1ad20fc569cb3cc01ce3ca2f1be2,gx-no-cache=1456765633376 HTTP/1.1" 200 30
186.103.159.44 - - [29/Feb/2016:14:06:44 -0300] "GET /cormun/servlet/solicitudotadjuntos?ea00247db7c1df82e1491e50141ebc0f536a1ad20fc569cb3cc01ce3ca2f1be2,gx-no-cache=1456765633414 HTTP/1.1" 200 30
186.103.159.44 - - [29/Feb/2016:14:06:45 -0300] "POST /cormun/servlet/solicitudotadjuntos?bf12fed8003220947363addfe114fc79,INS,2016,249,,1, HTTP/1.1" 200 116
186.103.159.44 - - [29/Feb/2016:14:06:45 -0300] "GET /cormun/servlet/hpexe_return? HTTP/1.1" 200 1025
186.103.159.44 - - [29/Feb/2016:14:06:45 -0300] "GET /cormun/servlet/trsolicitudadjuntos?2016,249, HTTP/1.1" 200 7692
200.83.57.24 - - [29/Feb/2016:14:06:46 -0300] "GET /cormun/servlet/solicitudot?5c6674129ec76f5b290d575b99e0d24ef8d034f31e317ba525ece40d03e3848106f6e82d21f42e4b6c44d70071e32fd4,gx-no-cache=1456765594980 HTTP/1.1" 200 30
190.101.9.119 - - [29/Feb/2016:14:06:46 -0300] "POST /cormun/servlet/trsolicitudot?1e8a262f4985bdda5a0e843c9ebbb195,,gx-no-cache=1456765676511 HTTP/1.1" 200 3737
190.101.9.119 - - [29/Feb/2016:14:06:47 -0300] "POST /cormun/servlet/trsolicitudot?1e8a262f4985bdda5a0e843c9ebbb195,,gx-no-cache=1456765676827 HTTP/1.1" 200 3738
190.101.9.119 - - [29/Feb/2016:14:06:47 -0300] "POST /cormun/servlet/trsolicitudot?1e8a262f4985bdda5a0e843c9ebbb195,,gx-no-cache=1456765677143 HTTP/1.1" 200 3739
186.103.159.44 - - [29/Feb/2016:14:06:49 -0300] "GET /cormun/servlet/solicitudotadjuntos?INS,2016,249,,1, HTTP/1.1" 200 5411
186.103.159.44 - - [29/Feb/2016:14:06:49 -0300] "HEAD /cormun/static/about:blank HTTP/1.1" 404 -
186.103.159.44 - - [29/Feb/2016:14:06:50 -0300] "GET /cormun/servlet/solicitudotadjuntos?ea00247db7c1df82e1491e50141ebc0f2b0bdcbe39169a892f3880622af4b44c8ab886432771b7c89890db63fd52725b,gx-no-cache=1456765638660 HTTP/1.1" 200 30
186.103.159.44 - - [29/Feb/2016:14:06:50 -0300] "POST /cormun/servlet/solicitudotadjuntos?bf12fed8003220947363addfe114fc79,INS,2016,249,,1,,gx-no-cache=1456765638740 HTTP/1.1" 200 3321
186.103.159.44 - - [29/Feb/2016:14:06:54 -0300] "POST /cormun/servlet/solicitudotadjuntos?gx-no-cache=1456765642913 HTTP/1.1" 200 26
190.101.9.119 - - [29/Feb/2016:14:06:56 -0300] "GET /cormun/servlet/trsolicitudot?a905fa4ef5b40b7b5177161e2589b6d65a254df6188dfe7dfbd8766cbff5d53f975e8e5d3229d402f44e1526fa8712b68595cbbb4cd19c4c603a17214ed850220c0aea33d7bf81732d14ff51d381f61a,gx-no-cache=1456765685852 HTTP/1.1" 200 720
186.103.159.44 - - [29/Feb/2016:14:07:01 -0300] "GET /cormun/servlet/solicitudotadjuntos?ea00247db7c1df82e1491e50141ebc0f536a1ad20fc569cb3cc01ce3ca2f1be2,gx-no-cache=1456765649569 HTTP/1.1" 200 30
186.103.159.44 - - [29/Feb/2016:14:07:01 -0300] "GET /cormun/servlet/solicitudotadjuntos?ea00247db7c1df82e1491e50141ebc0f536a1ad20fc569cb3cc01ce3ca2f1be2,gx-no-cache=1456765649591 HTTP/1.1" 200 30
186.103.159.44 - - [29/Feb/2016:14:07:01 -0300] "POST /cormun/servlet/solicitudotadjuntos?bf12fed8003220947363addfe114fc79,INS,2016,249,,1, HTTP/1.1" 200 116
186.103.159.44 - - [29/Feb/2016:14:07:01 -0300] "GET /cormun/servlet/hpexe_return? HTTP/1.1" 200 1025
186.103.159.44 - - [29/Feb/2016:14:07:01 -0300] "GET /cormun/servlet/trsolicitudadjuntos?2016,249, HTTP/1.1" 200 7818
186.103.159.44 - - [29/Feb/2016:14:07:06 -0300] "GET /cormun/servlet/solicitudotadjuntos?INS,2016,249,,1, HTTP/1.1" 200 5411
186.103.159.44 - - [29/Feb/2016:14:07:06 -0300] "HEAD /cormun/static/about:blank HTTP/1.1" 404 -
186.103.159.44 - - [29/Feb/2016:14:07:07 -0300] "GET /cormun/servlet/solicitudotadjuntos?ea00247db7c1df82e1491e50141ebc0f2b0bdcbe39169a892f3880622af4b44c8ab886432771b7c89890db63fd52725b,gx-no-cache=1456765655693 HTTP/1.1" 200 30
186.103.159.44 - - [29/Feb/2016:14:07:07 -0300] "POST /cormun/servlet/solicitudotadjuntos?bf12fed8003220947363addfe114fc79,INS,2016,249,,1,,gx-no-cache=1456765655729 HTTP/1.1" 200 3322
186.103.159.44 - - [29/Feb/2016:14:07:09 -0300] "POST /cormun/servlet/solicitudotadjuntos?gx-no-cache=1456765658273 HTTP/1.1" 200 26
186.103.159.44 - - [29/Feb/2016:14:07:14 -0300] "GET /cormun/servlet/solicitudotadjuntos?ea00247db7c1df82e1491e50141ebc0f536a1ad20fc569cb3cc01ce3ca2f1be2,gx-no-cache=1456765662873 HTTP/1.1" 200 30
186.103.159.44 - - [29/Feb/2016:14:07:14 -0300] "GET /cormun/servlet/solicitudotadjuntos?ea00247db7c1df82e1491e50141ebc0f536a1ad20fc569cb3cc01ce3ca2f1be2,gx-no-cache=1456765662898 HTTP/1.1" 200 30
186.103.159.44 - - [29/Feb/2016:14:07:16 -0300] "POST /cormun/servlet/solicitudotadjuntos?bf12fed8003220947363addfe114fc79,INS,2016,249,,1, HTTP/1.1" 200 116
186.103.159.44 - - [29/Feb/2016:14:07:16 -0300] "GET /cormun/servlet/hpexe_return? HTTP/1.1" 200 1025
186.103.159.44 - - [29/Feb/2016:14:07:16 -0300] "GET /cormun/servlet/trsolicitudadjuntos?2016,249, HTTP/1.1" 200 7930
200.83.57.24 - - [29/Feb/2016:14:07:17 -0300] "POST /cormun/servlet/solicitudot?gx-no-cache=1456765626407 HTTP/1.1" 200 30
186.103.159.44 - - [29/Feb/2016:14:07:19 -0300] "GET /cormun/servlet/solicitudotadjuntos?INS,2016,249,,2, HTTP/1.1" 200 5410
186.103.159.44 - - [29/Feb/2016:14:07:19 -0300] "HEAD /cormun/static/about:blank HTTP/1.1" 404 -
186.103.159.44 - - [29/Feb/2016:14:07:20 -0300] "GET /cormun/servlet/solicitudotadjuntos?ea00247db7c1df82e1491e50141ebc0f2b0bdcbe39169a892f3880622af4b44c8ab886432771b7c89890db63fd52725b,gx-no-cache=1456765669184 HTTP/1.1" 200 30
186.103.159.44 - - [29/Feb/2016:14:07:20 -0300] "POST /cormun/servlet/solicitudotadjuntos?bf12fed8003220947363addfe114fc79,INS,2016,249,,2,,gx-no-cache=1456765669218 HTTP/1.1" 200 3466
186.103.159.44 - - [29/Feb/2016:14:07:22 -0300] "POST /cormun/servlet/solicitudotadjuntos?gx-no-cache=1456765671417 HTTP/1.1" 200 26
186.103.159.44 - - [29/Feb/2016:14:07:29 -0300] "GET /cormun/servlet/solicitudotadjuntos?ea00247db7c1df82e1491e50141ebc0f536a1ad20fc569cb3cc01ce3ca2f1be2,gx-no-cache=1456765678321 HTTP/1.1" 200 30
186.103.159.44 - - [29/Feb/2016:14:07:29 -0300] "GET /cormun/servlet/solicitudotadjuntos?ea00247db7c1df82e1491e50141ebc0f536a1ad20fc569cb3cc01ce3ca2f1be2,gx-no-cache=1456765678340 HTTP/1.1" 200 30
186.103.159.44 - - [29/Feb/2016:14:07:29 -0300] "POST /cormun/servlet/solicitudotadjuntos?bf12fed8003220947363addfe114fc79,INS,2016,249,,2, HTTP/1.1" 200 116
186.103.159.44 - - [29/Feb/2016:14:07:30 -0300] "GET /cormun/servlet/hpexe_return? HTTP/1.1" 200 1025
186.103.159.44 - - [29/Feb/2016:14:07:30 -0300] "GET /cormun/servlet/trsolicitudadjuntos?2016,249, HTTP/1.1" 200 8154
200.83.57.24 - - [29/Feb/2016:14:07:31 -0300] "POST /cormun/servlet/solicitudot?gx-no-cache=1456765639896 HTTP/1.1" 200 30
190.101.9.119 - - [29/Feb/2016:14:07:38 -0300] "GET /cormun/servlet/trsolicitudot?a905fa4ef5b40b7b5177161e2589b6d653552fb988a3bcd408b32fb3f0f072999e2d121ba976b2965c8651ea071314339dc8cbe92fd391255de8792fd7c52e43c802e20aa1fb0872e6a5c3e4f6170309d7c473e787d3a6c823d5b01fd05a0d10,gx-no-cache=1456765728321 HTTP/1.1" 200 720
186.103.159.44 - - [29/Feb/2016:14:07:42 -0300] "GET /cormun/servlet/trsolicitudot? HTTP/1.1" 200 8011
186.103.159.44 - - [29/Feb/2016:14:07:47 -0300] "POST /cormun/servlet/trsolicitudot?bf12fed8003220947363addfe114fc79,,gx-no-cache=1456765696160 HTTP/1.1" 200 5476
186.103.159.44 - - [29/Feb/2016:14:07:48 -0300] "POST /cormun/servlet/trsolicitudot?bf12fed8003220947363addfe114fc79,,gx-no-cache=1456765697161 HTTP/1.1" 200 5476
186.103.159.44 - - [29/Feb/2016:14:07:49 -0300] "POST /cormun/servlet/trsolicitudot?bf12fed8003220947363addfe114fc79,,gx-no-cache=1456765697464 HTTP/1.1" 200 5477
186.103.159.44 - - [29/Feb/2016:14:07:50 -0300] "POST /cormun/servlet/trsolicitudot?bf12fed8003220947363addfe114fc79,,gx-no-cache=1456765698463 HTTP/1.1" 200 5477
186.103.159.44 - - [29/Feb/2016:14:07:50 -0300] "POST /cormun/servlet/trsolicitudot?bf12fed8003220947363addfe114fc79,,gx-no-cache=1456765698865 HTTP/1.1" 200 5476
186.103.159.44 - - [29/Feb/2016:14:07:50 -0300] "POST /cormun/servlet/trsolicitudot?bf12fed8003220947363addfe114fc79,,gx-no-cache=1456765699334 HTTP/1.1" 200 5476
186.103.159.44 - - [29/Feb/2016:14:07:51 -0300] "POST /cormun/servlet/trsolicitudot?bf12fed8003220947363addfe114fc79,,gx-no-cache=1456765700074 HTTP/1.1" 200 5475
186.103.159.44 - - [29/Feb/2016:14:07:52 -0300] "POST /cormun/servlet/trsolicitudot?bf12fed8003220947363addfe114fc79,,gx-no-cache=1456765700602 HTTP/1.1" 200 5183
186.103.159.44 - - [29/Feb/2016:14:07:56 -0300] "POST /cormun/servlet/trsolicitudot?bf12fed8003220947363addfe114fc79,,gx-no-cache=1456765704461 HTTP/1.1" 200 5124
186.103.159.44 - - [29/Feb/2016:14:07:56 -0300] "GET /cormun/static/Shared/jqueryui/images/ui-bg_highlight-soft_100_c6c2c8_1x100.png HTTP/1.1" 404 1117
186.103.159.44 - - [29/Feb/2016:14:07:56 -0300] "GET /cormun/static/Shared/jqueryui/images/ui-bg_flat_55_fafafa_40x100.png HTTP/1.1" 404 1097
186.103.159.44 - - [29/Feb/2016:14:07:56 -0300] "GET /cormun/static/Shared/jqueryui/images/ui-icons_82798d_256x240.png HTTP/1.1" 404 1089
186.103.159.44 - - [29/Feb/2016:14:07:56 -0300] "GET /cormun/static/Shared/jqueryui/images/ui-icons_8d78a5_256x240.png HTTP/1.1" 404 1089
