186.78.49.227 - - [29/Feb/2016:15:59:53 -0300] "GET /cormun/servlet/trvisualizadoreventos HTTP/1.1" 200 5739
186.78.49.227 - - [29/Feb/2016:15:59:53 -0300] "GET /cormun/servlet/trvisualizadoreventos HTTP/1.1" 200 5737
186.78.49.227 - - [29/Feb/2016:15:59:56 -0300] "GET /cormun/servlet/trsolicitudot? HTTP/1.1" 200 9615
186.78.49.227 - - [29/Feb/2016:15:59:57 -0300] "GET /cormun/servlet/trsolicitudot? HTTP/1.1" 200 9615
186.78.49.227 - - [29/Feb/2016:15:59:57 -0300] "GET /cormun//static/Resources/PXToolsActionView.png HTTP/1.1" 200 2995
186.78.49.227 - - [29/Feb/2016:15:59:57 -0300] "GET /cormun//static/Resources/PXToolsGridUpdate.png HTTP/1.1" 200 2984
186.78.49.227 - - [29/Feb/2016:15:59:57 -0300] "GET /cormun//static/Resources/PXToolsGridDelete.png HTTP/1.1" 200 357
186.78.49.227 - - [29/Feb/2016:15:59:57 -0300] "GET /cormun//static/Resources/PXTools/ActionInsert.png HTTP/1.1" 200 1482
186.78.49.227 - - [29/Feb/2016:15:59:57 -0300] "GET /cormun//static/Resources/PXToolsRemoveAllAction.png HTTP/1.1" 200 3558
186.103.159.189 - - [29/Feb/2016:16:00:11 -0300] "-" 400 -
186.103.159.189 - - [29/Feb/2016:16:00:11 -0300] "-" 400 -
186.103.159.189 - - [29/Feb/2016:16:00:12 -0300] "-" 400 -
186.103.159.189 - - [29/Feb/2016:16:00:12 -0300] "-" 400 -
186.103.159.189 - - [29/Feb/2016:16:00:12 -0300] "-" 400 -
186.78.49.227 - - [29/Feb/2016:16:00:37 -0300] "POST /cormun/servlet/trsolicitudot?ce16569cceb3c9573d7f461610871905,,gx-no-cache=1456772606134 HTTP/1.1" 200 7170
186.78.49.227 - - [29/Feb/2016:16:00:39 -0300] "POST /cormun/servlet/trsolicitudot?ce16569cceb3c9573d7f461610871905,,gx-no-cache=1456772606888 HTTP/1.1" 200 7170
186.78.49.227 - - [29/Feb/2016:16:00:40 -0300] "POST /cormun/servlet/trsolicitudot?ce16569cceb3c9573d7f461610871905,,gx-no-cache=1456772608730 HTTP/1.1" 200 7170
186.78.49.227 - - [29/Feb/2016:16:00:41 -0300] "POST /cormun/servlet/trsolicitudot?ce16569cceb3c9573d7f461610871905,,gx-no-cache=1456772610441 HTTP/1.1" 200 7170
186.78.49.227 - - [29/Feb/2016:16:00:42 -0300] "POST /cormun/servlet/trsolicitudot?ce16569cceb3c9573d7f461610871905,,gx-no-cache=1456772611169 HTTP/1.1" 200 7171
186.78.49.227 - - [29/Feb/2016:16:00:42 -0300] "POST /cormun/servlet/trsolicitudot?ce16569cceb3c9573d7f461610871905,,gx-no-cache=1456772611910 HTTP/1.1" 200 7170
186.78.49.227 - - [29/Feb/2016:16:00:43 -0300] "POST /cormun/servlet/trsolicitudot?ce16569cceb3c9573d7f461610871905,,gx-no-cache=1456772612669 HTTP/1.1" 200 7171
186.78.49.227 - - [29/Feb/2016:16:00:44 -0300] "POST /cormun/servlet/trsolicitudot?ce16569cceb3c9573d7f461610871905,,gx-no-cache=1456772613456 HTTP/1.1" 200 104
191.112.79.133 - - [29/Feb/2016:16:00:44 -0300] "GET /cormun/servlet/solicitudot?af9daaa6798fa9f8f304df4d380415d01f350dad886c87fa1271c40901445d25d1bd8e2a4583006d526ca3d35f4766bbe5876e73be8bac5badc2902c739479a7f10f006b56bff82649a76110d6d85e8bc19c9502b622dbdec2d38a11eb72813c171c192389ed0347e3bdc0c67c62db70f49577a7c5f7bec7d7711c46fff46f322abe94917a527460492b6e2704bf9bb1711cd398c0c27f5376aef96e5f9a5bc0,gx-no-cache=1456772473057 HTTP/1.1" 200 29
186.78.49.227 - - [29/Feb/2016:16:00:44 -0300] "GET /cormun/servlet/solicitudot?UPD,2016,267, HTTP/1.1" 200 12612
191.112.79.133 - - [29/Feb/2016:16:00:44 -0300] "POST /cormun/servlet/solicitudot?gx-no-cache=1456772473362 HTTP/1.1" 200 1116
186.78.49.227 - - [29/Feb/2016:16:00:45 -0300] "GET /cormun/servlet/solicitudot?UPD,2016,267, HTTP/1.1" 200 12621
186.78.49.227 - - [29/Feb/2016:16:00:46 -0300] "POST /cormun/servlet/solicitudot?gx-no-cache=1456772615417 HTTP/1.1" 200 2777
186.78.49.227 - - [29/Feb/2016:16:00:46 -0300] "POST /cormun/servlet/solicitudot?ce16569cceb3c9573d7f461610871905,UPD,2016,267,,gx-no-cache=1456772615766 HTTP/1.1" 200 9594
186.78.49.227 - - [29/Feb/2016:16:00:46 -0300] "GET /cormun/servlet/solicitudot?4fe1e4e637bfbbf9e7fda887f5e664e9ff94c705da5cda468a9809576a3afc23efab51228667b640f4ae33879ae3e8ad,gx-no-cache=1456772616186 HTTP/1.1" 200 30
186.78.49.227 - - [29/Feb/2016:16:00:47 -0300] "POST /cormun/servlet/solicitudot?gx-no-cache=1456772616304 HTTP/1.1" 200 30
186.78.49.227 - - [29/Feb/2016:16:00:47 -0300] "POST /cormun/servlet/solicitudot?gx-no-cache=1456772616542 HTTP/1.1" 200 33
186.78.49.227 - - [29/Feb/2016:16:00:47 -0300] "POST /cormun/servlet/solicitudot?gx-no-cache=1456772616645 HTTP/1.1" 200 452
186.78.49.227 - - [29/Feb/2016:16:00:47 -0300] "GET /cormun/servlet/solicitudot?4fe1e4e637bfbbf9e7fda887f5e664e9d46810350ff17e8f02ee4cb032c0f284c5de520ca9271b0812f9912293c13aeb5b407316fe0713999c0a53c078014b2b206857f68405b0547e0899082061a4b3a8b04b13be78cfd44f6e7ded374fd541c3201c66630fd64ba922cdab630f74d395c96840f7d5668200d04ed4020410e8f1a0a9a24e0a8f4cc7fb35f97f61124503567bcc6776ab49d42e4194abe17f16,gx-no-cache=1456772616787 HTTP/1.1" 200 41
191.112.79.133 - - [29/Feb/2016:16:01:27 -0300] "GET /cormun/servlet/solicitudot?af9daaa6798fa9f8f304df4d380415d05be0f9774b78989ffcdb70cbe98364bfd88984a67afbe1163e7bbc2176b7aa7cd95814de98b430f19304aaeee9459ff7e03e1dcc53bc7d67f15c7a1f35aca0ce5645965dfaf75ef035b87c3294d835270d62edf02dd42ec8c25401bf9efe1ae824c239b1465319963b9c32b4e93496d6e7a874fa5436ce9bd644e7d8cb81946a72c65910bc706f27703d60e3aa584d9f,gx-no-cache=1456772515615 HTTP/1.1" 200 30
191.112.79.133 - - [29/Feb/2016:16:01:27 -0300] "POST /cormun/servlet/solicitudot?ac0ea24c6d31169ef50fe391dee66b51,INS,0,0,,gx-no-cache=1456772515797 HTTP/1.1" 200 93
191.112.79.133 - - [29/Feb/2016:16:01:27 -0300] "GET /cormun/servlet/hpexe_return? HTTP/1.1" 200 1008
191.112.79.133 - - [29/Feb/2016:16:01:28 -0300] "GET /cormun/servlet/trsolicitudot HTTP/1.1" 200 7736
191.112.79.133 - - [29/Feb/2016:16:01:30 -0300] "GET /cormun/servlet/trsolicitudot HTTP/1.1" 200 7732
186.78.49.227 - - [29/Feb/2016:16:01:32 -0300] "POST /cormun/servlet/solicitudot?gx-no-cache=1456772668127 HTTP/1.1" 200 122
186.78.49.227 - - [29/Feb/2016:16:01:33 -0300] "GET /cormun/static/Shared/jqueryui/images/ui-bg_highlight-soft_100_c6c2c8_1x100.png HTTP/1.1" 404 1117
186.78.49.227 - - [29/Feb/2016:16:01:33 -0300] "GET /cormun/static/Shared/jqueryui/images/ui-icons_82798d_256x240.png HTTP/1.1" 404 1089
186.78.49.227 - - [29/Feb/2016:16:01:33 -0300] "GET /cormun/static/Shared/jqueryui/images/ui-icons_ebccce_256x240.png HTTP/1.1" 404 1089
186.78.49.227 - - [29/Feb/2016:16:01:33 -0300] "GET /cormun/static/Shared/jqueryui/images/ui-bg_flat_55_994d53_40x100.png HTTP/1.1" 404 1097
191.112.79.133 - - [29/Feb/2016:16:01:46 -0300] "POST /cormun/servlet/trsolicitudot?ac0ea24c6d31169ef50fe391dee66b51,gx-no-cache=1456772535270 HTTP/1.1" 200 5216
186.103.159.189 - - [29/Feb/2016:16:01:47 -0300] "POST /cormun/servlet/solicitudot?b3d289350b947d296275350e1f65b242,INS,0,0,,gx-no-cache=1456772532158 HTTP/1.1" 200 10446
191.112.79.133 - - [29/Feb/2016:16:01:47 -0300] "POST /cormun/servlet/trsolicitudot?ac0ea24c6d31169ef50fe391dee66b51,gx-no-cache=1456772535805 HTTP/1.1" 200 5215
191.112.79.133 - - [29/Feb/2016:16:01:48 -0300] "POST /cormun/servlet/trsolicitudot?ac0ea24c6d31169ef50fe391dee66b51,gx-no-cache=1456772536386 HTTP/1.1" 200 5216
191.112.79.133 - - [29/Feb/2016:16:01:48 -0300] "POST /cormun/servlet/trsolicitudot?ac0ea24c6d31169ef50fe391dee66b51,gx-no-cache=1456772536998 HTTP/1.1" 200 5216
191.112.79.133 - - [29/Feb/2016:16:01:49 -0300] "POST /cormun/servlet/trsolicitudot?ac0ea24c6d31169ef50fe391dee66b51,gx-no-cache=1456772537572 HTTP/1.1" 200 5217
191.112.79.133 - - [29/Feb/2016:16:01:49 -0300] "POST /cormun/servlet/trsolicitudot?ac0ea24c6d31169ef50fe391dee66b51,gx-no-cache=1456772538249 HTTP/1.1" 200 5216
191.112.79.133 - - [29/Feb/2016:16:01:50 -0300] "POST /cormun/servlet/trsolicitudot?ac0ea24c6d31169ef50fe391dee66b51,gx-no-cache=1456772538809 HTTP/1.1" 200 5216
191.112.79.133 - - [29/Feb/2016:16:01:50 -0300] "POST /cormun/servlet/trsolicitudot?ac0ea24c6d31169ef50fe391dee66b51,gx-no-cache=1456772539387 HTTP/1.1" 200 104
191.112.79.133 - - [29/Feb/2016:16:01:51 -0300] "GET /cormun/servlet/solicitudot?UPD,2016,271, HTTP/1.1" 200 13242
191.112.79.133 - - [29/Feb/2016:16:01:53 -0300] "GET /cormun/servlet/solicitudot?UPD,2016,271, HTTP/1.1" 200 13251
191.112.79.133 - - [29/Feb/2016:16:01:53 -0300] "POST /cormun/servlet/solicitudot?gx-no-cache=1456772542313 HTTP/1.1" 200 2736
191.112.79.133 - - [29/Feb/2016:16:01:54 -0300] "POST /cormun/servlet/solicitudot?ac0ea24c6d31169ef50fe391dee66b51,UPD,2016,271,,gx-no-cache=1456772542695 HTTP/1.1" 200 10157
191.112.79.133 - - [29/Feb/2016:16:01:54 -0300] "GET /cormun/servlet/solicitudot?af9daaa6798fa9f8f304df4d380415d0dbf5ef181893187f4ed5891d82c59d18821880abc6369b61346a9e313f67319d,gx-no-cache=1456772543204 HTTP/1.1" 200 30
191.112.79.133 - - [29/Feb/2016:16:01:54 -0300] "POST /cormun/servlet/solicitudot?gx-no-cache=1456772543391 HTTP/1.1" 200 30
191.112.79.133 - - [29/Feb/2016:16:01:54 -0300] "POST /cormun/servlet/solicitudot?gx-no-cache=1456772543495 HTTP/1.1" 200 30
191.112.79.133 - - [29/Feb/2016:16:01:55 -0300] "POST /cormun/servlet/solicitudot?gx-no-cache=1456772543617 HTTP/1.1" 200 1154
191.112.79.133 - - [29/Feb/2016:16:01:55 -0300] "GET /cormun/servlet/solicitudot?af9daaa6798fa9f8f304df4d380415d03eaa8ceb67c057e28266c3dc7a2505e66820676e6e0be993ca9febafb42ac24faaf977efe6524ae0d61cff09a30e8bd8e7cd309e3d690f91772c970240f5a93adfc436c43935358c97353b00bd4e1b0bb8f9c7f07e01f681090df033679657322f1393757fc28ab99c6d756ef11fc227801ca12c06a1ebdc0389a2c62b82bbab,gx-no-cache=1456772543874 HTTP/1.1" 200 38
191.112.79.133 - - [29/Feb/2016:16:01:59 -0300] "GET /cormun/servlet/solicitudot?af9daaa6798fa9f8f304df4d380415d0efec6c6927a350fa9047c3a33a79bf26598141745955da3bdff16966d5179e1bd96896b1f8d664b4144b72d6fd185ee25dcf8f9d52ea9b59acb2f2a86330000a4a7337e1e260aaf77e95a8528b8663cd620dcb86fbbcebafbb7ea9f188ad4b8965a671fd5299ce17ec0c7b7694c544a622a9ddcbb4b93229672e0065b65d18c1e6911360a82adf7199c59fda30f57a8f,gx-no-cache=1456772548203 HTTP/1.1" 200 30
186.78.49.227 - - [29/Feb/2016:16:01:59 -0300] "POST /cormun/servlet/solicitudot?gx-no-cache=1456772698160 HTTP/1.1" 200 122
191.112.79.133 - - [29/Feb/2016:16:02:01 -0300] "POST /cormun/servlet/solicitudot?gx-no-cache=1456772549913 HTTP/1.1" 200 1116
191.112.79.133 - - [29/Feb/2016:16:02:01 -0300] "GET /cormun/servlet/solicitudot?af9daaa6798fa9f8f304df4d380415d00a6fac9e9c9aedc298b6881c344986becc124761830d926284d5898675bc51acd95814de98b430f19304aaeee9459ff7e03e1dcc53bc7d67f15c7a1f35aca0ce5645965dfaf75ef035b87c3294d835270d62edf02dd42ec8c25401bf9efe1ae824c239b1465319963b9c32b4e93496d6e7a874fa5436ce9bd644e7d8cb81946a72c65910bc706f27703d60e3aa584d9f,gx-no-cache=1456772550111 HTTP/1.1" 200 30
191.112.79.133 - - [29/Feb/2016:16:02:01 -0300] "POST /cormun/servlet/solicitudot?ac0ea24c6d31169ef50fe391dee66b51,UPD,2016,271,,gx-no-cache=1456772550204 HTTP/1.1" 200 93
191.112.79.133 - - [29/Feb/2016:16:02:01 -0300] "GET /cormun/servlet/hpexe_return? HTTP/1.1" 200 1034
191.112.79.133 - - [29/Feb/2016:16:02:02 -0300] "GET /cormun/servlet/trsolicitudot?gx-no-cache=1456772538809 HTTP/1.1" 200 7727
191.112.79.133 - - [29/Feb/2016:16:02:04 -0300] "GET /cormun/servlet/trsolicitudot?gx-no-cache=1456772538809 HTTP/1.1" 200 7743
186.103.159.189 - - [29/Feb/2016:16:02:16 -0300] "POST /cormun/servlet/solicitudot?gx-no-cache=1456772561573 HTTP/1.1" 200 120
186.103.159.189 - - [29/Feb/2016:16:02:27 -0300] "POST /cormun/servlet/solicitudot?gx-no-cache=1456772572442 HTTP/1.1" 200 30
186.103.159.189 - - [29/Feb/2016:16:02:27 -0300] "POST /cormun/servlet/solicitudot?gx-no-cache=1456772572588 HTTP/1.1" 200 1152
186.103.159.189 - - [29/Feb/2016:16:02:27 -0300] "GET /cormun/servlet/solicitudot?32a694be9a781c72ea208c44c6c39856f408c750a1c3af211b14b559cb2bd0db4b89e2ee45060dadd28316e84ad932c483b872f8e38535d42d5405f6d83dffdf74aa4aa6422af875a6cee95e92025dbe79a74fb464c7edbdb29a9dd8bdc8b4c774d92e27a0576fb77306ed0c47f3b76ccba1b3fcf30b5561d5fc4d3e4cdaeaa1e80f7e4a8cf25d3c3a0b45aa822847c81dd4de7c2cd27cb515df97295460003c,gx-no-cache=1456772572706 HTTP/1.1" 200 41
186.103.159.189 - - [29/Feb/2016:16:02:36 -0300] "POST /cormun/servlet/solicitudot?gx-no-cache=1456772581321 HTTP/1.1" 200 1115
186.78.49.227 - - [29/Feb/2016:16:02:47 -0300] "POST /cormun/servlet/solicitudot?gx-no-cache=1456772752468 HTTP/1.1" 200 122
186.103.159.189 - - [29/Feb/2016:16:02:53 -0300] "POST /cormun/servlet/solicitudot?gx-no-cache=1456772598278 HTTP/1.1" 200 120
191.112.79.133 - - [29/Feb/2016:16:02:55 -0300] "GET /cormun/servlet/solicitudot?INS,0,0, HTTP/1.1" 200 12083
186.103.159.189 - - [29/Feb/2016:16:02:56 -0300] "POST /cormun/servlet/solicitudot?gx-no-cache=1456772601300 HTTP/1.1" 200 120
186.103.159.189 - - [29/Feb/2016:16:02:56 -0300] "POST /cormun/servlet/solicitudot?gx-no-cache=1456772601389 HTTP/1.1" 200 30
186.103.159.189 - - [29/Feb/2016:16:02:56 -0300] "POST /cormun/servlet/solicitudot?gx-no-cache=1456772601534 HTTP/1.1" 200 1152
186.103.159.189 - - [29/Feb/2016:16:02:56 -0300] "GET /cormun/servlet/solicitudot?32a694be9a781c72ea208c44c6c39856f408c750a1c3af211b14b559cb2bd0db4b89e2ee45060dadd28316e84ad932c483b872f8e38535d42d5405f6d83dffdf74aa4aa6422af875a6cee95e92025dbe79a74fb464c7edbdb29a9dd8bdc8b4c774d92e27a0576fb77306ed0c47f3b76ccba1b3fcf30b5561d5fc4d3e4cdaeaa1e80f7e4a8cf25d3c3a0b45aa822847c81dd4de7c2cd27cb515df97295460003c,gx-no-cache=1456772601633 HTTP/1.1" 200 41
186.103.159.189 - - [29/Feb/2016:16:02:56 -0300] "POST /cormun/servlet/solicitudot?gx-no-cache=1456772601696 HTTP/1.1" 200 1115
186.103.159.189 - - [29/Feb/2016:16:02:56 -0300] "GET /cormun/servlet/solicitudot?32a694be9a781c72ea208c44c6c3985699e172404d02ccca0ee890221686d6c4435f08e05775eae1ed7b8fa7a7d5cfce6b695662cef7d541defe878a1de286b7a43e0d4ee758abe663cb1c6f16c1cf5a7a52a20bcd35d4280c37906168fa2d05de201dc80fa2007abd83ae81671f0eb89efd8f6f65e467fe15a47a510a3ad996e87aa1c65ca7336cf58137538a8111b3a766f8894466de9b5cb5ff0ba6464f3f0c93a1ad3f5fdf1c11e74bbb59580419,gx-no-cache=1456772601776 HTTP/1.1" 200 30
186.103.159.189 - - [29/Feb/2016:16:02:56 -0300] "POST /cormun/servlet/solicitudot?b3d289350b947d296275350e1f65b242,INS,0,0,,gx-no-cache=1456772601846 HTTP/1.1" 200 10486
191.112.79.133 - - [29/Feb/2016:16:02:57 -0300] "GET /cormun/servlet/solicitudot?INS,0,0, HTTP/1.1" 200 12066
186.78.49.227 - - [29/Feb/2016:16:02:57 -0300] "POST /cormun/servlet/solicitudot?gx-no-cache=1456772762887 HTTP/1.1" 200 122
115.231.222.40 - - [29/Feb/2016:16:03:07 -0300] "GET /cgi-bin/common/attr?id=260714&r=0.6882601679430022 HTTP/1.1" 404 999
186.78.49.227 - - [29/Feb/2016:16:03:08 -0300] "POST /cormun/servlet/solicitudot?gx-no-cache=1456772776001 HTTP/1.1" 200 33
186.103.159.189 - - [29/Feb/2016:16:03:12 -0300] "POST /cormun/servlet/solicitudot?gx-no-cache=1456772617505 HTTP/1.1" 200 120
186.103.159.189 - - [29/Feb/2016:16:03:12 -0300] "POST /cormun/servlet/solicitudot?gx-no-cache=1456772617672 HTTP/1.1" 200 30
186.103.159.189 - - [29/Feb/2016:16:03:12 -0300] "POST /cormun/servlet/solicitudot?gx-no-cache=1456772617775 HTTP/1.1" 200 1152
186.103.159.189 - - [29/Feb/2016:16:03:12 -0300] "GET /cormun/servlet/solicitudot?32a694be9a781c72ea208c44c6c39856f408c750a1c3af211b14b559cb2bd0db4b89e2ee45060dadd28316e84ad932c483b872f8e38535d42d5405f6d83dffdf74aa4aa6422af875a6cee95e92025dbe79a74fb464c7edbdb29a9dd8bdc8b4c774d92e27a0576fb77306ed0c47f3b76ccba1b3fcf30b5561d5fc4d3e4cdaeaa1e80f7e4a8cf25d3c3a0b45aa822847c81dd4de7c2cd27cb515df97295460003c,gx-no-cache=1456772617877 HTTP/1.1" 200 41
186.103.159.189 - - [29/Feb/2016:16:03:12 -0300] "POST /cormun/servlet/solicitudot?gx-no-cache=1456772617943 HTTP/1.1" 200 1115
186.103.159.189 - - [29/Feb/2016:16:03:13 -0300] "GET /cormun/servlet/solicitudot?32a694be9a781c72ea208c44c6c3985699e172404d02ccca0ee890221686d6c4435f08e05775eae1ed7b8fa7a7d5cfce6b695662cef7d541defe878a1de286b7a43e0d4ee758abe663cb1c6f16c1cf5a7a52a20bcd35d4280c37906168fa2d05de201dc80fa2007abd83ae81671f0eb89efd8f6f65e467fe15a47a510a3ad996e87aa1c65ca7336cf58137538a8111b3a766f8894466de9b5cb5ff0ba6464f3f0c93a1ad3f5fdf1c11e74bbb59580419,gx-no-cache=1456772618045 HTTP/1.1" 200 30
186.103.159.189 - - [29/Feb/2016:16:03:13 -0300] "POST /cormun/servlet/solicitudot?b3d289350b947d296275350e1f65b242,INS,0,0,,gx-no-cache=1456772618128 HTTP/1.1" 200 10516
186.103.159.189 - - [29/Feb/2016:16:03:21 -0300] "POST /cormun/servlet/solicitudot?gx-no-cache=1456772626402 HTTP/1.1" 200 120
186.78.49.227 - - [29/Feb/2016:16:03:33 -0300] "GET /cormun/servlet/trsolicitudot? HTTP/1.1" 200 9615
186.78.49.227 - - [29/Feb/2016:16:03:34 -0300] "GET /cormun/servlet/trsolicitudot? HTTP/1.1" 200 9615
186.103.159.189 - - [29/Feb/2016:16:03:37 -0300] "POST /cormun/servlet/solicitudot?gx-no-cache=1456772642230 HTTP/1.1" 200 120
186.103.159.189 - - [29/Feb/2016:16:03:37 -0300] "POST /cormun/servlet/solicitudot?gx-no-cache=1456772642319 HTTP/1.1" 200 30
186.103.159.189 - - [29/Feb/2016:16:03:37 -0300] "POST /cormun/servlet/solicitudot?gx-no-cache=1456772642419 HTTP/1.1" 200 1152
186.103.159.189 - - [29/Feb/2016:16:03:37 -0300] "GET /cormun/servlet/solicitudot?32a694be9a781c72ea208c44c6c39856f408c750a1c3af211b14b559cb2bd0db4b89e2ee45060dadd28316e84ad932c483b872f8e38535d42d5405f6d83dffdf74aa4aa6422af875a6cee95e92025dbe79a74fb464c7edbdb29a9dd8bdc8b4c774d92e27a0576fb77306ed0c47f3b76ccba1b3fcf30b5561d5fc4d3e4cdaeaa1e80f7e4a8cf25d3c3a0b45aa822847c81dd4de7c2cd27cb515df97295460003c,gx-no-cache=1456772642513 HTTP/1.1" 200 41
186.103.159.189 - - [29/Feb/2016:16:03:37 -0300] "POST /cormun/servlet/solicitudot?gx-no-cache=1456772642841 HTTP/1.1" 200 1115
186.103.159.189 - - [29/Feb/2016:16:03:37 -0300] "GET /cormun/servlet/solicitudot?32a694be9a781c72ea208c44c6c3985699e172404d02ccca0ee890221686d6c4435f08e05775eae1ed7b8fa7a7d5cfce6b695662cef7d541defe878a1de286b7a43e0d4ee758abe663cb1c6f16c1cf5a7a52a20bcd35d4280c37906168fa2d05de201dc80fa2007abd83ae81671f0eb89efd8f6f65e467fe15a47a510a3ad996e87aa1c65ca7336cf58137538a8111b3a766f8894466de9b5cb5ff0ba6464f3f0c93a1ad3f5fdf1c11e74bbb59580419,gx-no-cache=1456772642915 HTTP/1.1" 200 30
186.103.159.189 - - [29/Feb/2016:16:03:38 -0300] "POST /cormun/servlet/solicitudot?b3d289350b947d296275350e1f65b242,INS,0,0,,gx-no-cache=1456772642990 HTTP/1.1" 200 10554
186.103.159.189 - - [29/Feb/2016:16:03:44 -0300] "POST /cormun/servlet/solicitudot?gx-no-cache=1456772649440 HTTP/1.1" 200 120
186.78.49.227 - - [29/Feb/2016:16:03:45 -0300] "POST /cormun/servlet/trsolicitudot?ce16569cceb3c9573d7f461610871905,,gx-no-cache=1456772816650 HTTP/1.1" 200 7169
186.103.159.189 - - [29/Feb/2016:16:03:45 -0300] "POST /cormun/servlet/solicitudot?gx-no-cache=1456772650901 HTTP/1.1" 200 120
186.103.159.189 - - [29/Feb/2016:16:03:45 -0300] "POST /cormun/servlet/solicitudot?gx-no-cache=1456772650961 HTTP/1.1" 200 30
186.103.159.189 - - [29/Feb/2016:16:03:46 -0300] "POST /cormun/servlet/solicitudot?gx-no-cache=1456772651062 HTTP/1.1" 200 1152
186.103.159.189 - - [29/Feb/2016:16:03:46 -0300] "GET /cormun/servlet/solicitudot?32a694be9a781c72ea208c44c6c39856f408c750a1c3af211b14b559cb2bd0db4b89e2ee45060dadd28316e84ad932c483b872f8e38535d42d5405f6d83dffdf74aa4aa6422af875a6cee95e92025dbe79a74fb464c7edbdb29a9dd8bdc8b4c774d92e27a0576fb77306ed0c47f3b76ccba1b3fcf30b5561d5fc4d3e4cdaeaa1e80f7e4a8cf25d3c3a0b45aa822847c81dd4de7c2cd27cb515df97295460003c,gx-no-cache=1456772651175 HTTP/1.1" 200 41
186.103.159.189 - - [29/Feb/2016:16:03:46 -0300] "POST /cormun/servlet/solicitudot?gx-no-cache=1456772651232 HTTP/1.1" 200 1115
186.103.159.189 - - [29/Feb/2016:16:03:46 -0300] "GET /cormun/servlet/solicitudot?32a694be9a781c72ea208c44c6c3985699e172404d02ccca0ee890221686d6c4435f08e05775eae1ed7b8fa7a7d5cfce6b695662cef7d541defe878a1de286b7a43e0d4ee758abe663cb1c6f16c1cf5a7a52a20bcd35d4280c37906168fa2d05de201dc80fa2007abd83ae81671f0eb89efd8f6f65e467fe15a47a510a3ad996e87aa1c65ca7336cf58137538a8111b3a766f8894466de9b5cb5ff0ba6464f3f0c93a1ad3f5fdf1c11e74bbb59580419,gx-no-cache=1456772651311 HTTP/1.1" 200 30
186.103.159.189 - - [29/Feb/2016:16:03:46 -0300] "POST /cormun/servlet/solicitudot?b3d289350b947d296275350e1f65b242,INS,0,0,,gx-no-cache=1456772651395 HTTP/1.1" 200 10584
186.78.49.227 - - [29/Feb/2016:16:03:47 -0300] "POST /cormun/servlet/trsolicitudot?ce16569cceb3c9573d7f461610871905,,gx-no-cache=1456772817356 HTTP/1.1" 200 7170
186.78.49.227 - - [29/Feb/2016:16:03:48 -0300] "POST /cormun/servlet/trsolicitudot?ce16569cceb3c9573d7f461610871905,,gx-no-cache=1456772819073 HTTP/1.1" 200 7170
186.78.49.227 - - [29/Feb/2016:16:03:49 -0300] "POST /cormun/servlet/trsolicitudot?ce16569cceb3c9573d7f461610871905,,gx-no-cache=1456772819807 HTTP/1.1" 200 7170
186.78.49.227 - - [29/Feb/2016:16:03:50 -0300] "POST /cormun/servlet/trsolicitudot?ce16569cceb3c9573d7f461610871905,,gx-no-cache=1456772821696 HTTP/1.1" 200 7170
186.78.49.227 - - [29/Feb/2016:16:03:51 -0300] "POST /cormun/servlet/trsolicitudot?ce16569cceb3c9573d7f461610871905,,gx-no-cache=1456772822498 HTTP/1.1" 200 7170
186.78.49.227 - - [29/Feb/2016:16:03:52 -0300] "POST /cormun/servlet/trsolicitudot?ce16569cceb3c9573d7f461610871905,,gx-no-cache=1456772823302 HTTP/1.1" 200 7170
186.78.49.227 - - [29/Feb/2016:16:03:53 -0300] "POST /cormun/servlet/trsolicitudot?ce16569cceb3c9573d7f461610871905,,gx-no-cache=1456772824073 HTTP/1.1" 200 104
186.78.49.227 - - [29/Feb/2016:16:03:53 -0300] "GET /cormun/servlet/solicitudot?UPD,2016,264, HTTP/1.1" 200 13239
186.78.49.227 - - [29/Feb/2016:16:03:54 -0300] "GET /cormun/servlet/solicitudot?UPD,2016,264, HTTP/1.1" 200 13248
186.78.49.227 - - [29/Feb/2016:16:03:55 -0300] "POST /cormun/servlet/solicitudot?gx-no-cache=1456772826821 HTTP/1.1" 200 2762
186.78.49.227 - - [29/Feb/2016:16:03:55 -0300] "POST /cormun/servlet/solicitudot?ce16569cceb3c9573d7f461610871905,UPD,2016,264,,gx-no-cache=1456772827185 HTTP/1.1" 200 10194
186.78.49.227 - - [29/Feb/2016:16:03:56 -0300] "GET /cormun/servlet/solicitudot?4fe1e4e637bfbbf9e7fda887f5e664e9594cbef179a0a5de485c58788c5cfdae7e2057d06f6c2bb06010eef1fe3559e0,gx-no-cache=1456772827598 HTTP/1.1" 200 30
186.78.49.227 - - [29/Feb/2016:16:03:56 -0300] "POST /cormun/servlet/solicitudot?gx-no-cache=1456772827673 HTTP/1.1" 200 30
186.78.49.227 - - [29/Feb/2016:16:03:56 -0300] "POST /cormun/servlet/solicitudot?gx-no-cache=1456772827820 HTTP/1.1" 200 33
186.78.49.227 - - [29/Feb/2016:16:03:56 -0300] "POST /cormun/servlet/solicitudot?gx-no-cache=1456772827915 HTTP/1.1" 200 1157
186.78.49.227 - - [29/Feb/2016:16:03:56 -0300] "GET /cormun/servlet/solicitudot?4fe1e4e637bfbbf9e7fda887f5e664e9d46810350ff17e8f02ee4cb032c0f284c5de520ca9271b0812f9912293c13aeb5b407316fe0713999c0a53c078014b2b206857f68405b0547e0899082061a4b3a8b04b13be78cfd44f6e7ded374fd541c3201c66630fd64ba922cdab630f74d395c96840f7d5668200d04ed4020410e8f1a0a9a24e0a8f4cc7fb35f97f61124503567bcc6776ab49d42e4194abe17f16,gx-no-cache=1456772828101 HTTP/1.1" 200 41
191.112.79.133 - - [29/Feb/2016:16:03:58 -0300] "POST /cormun/servlet/solicitudot?gx-no-cache=1456772666868 HTTP/1.1" 200 2766
191.112.79.133 - - [29/Feb/2016:16:03:59 -0300] "POST /cormun/servlet/solicitudot?ac0ea24c6d31169ef50fe391dee66b51,INS,0,0,,gx-no-cache=1456772667568 HTTP/1.1" 200 9564
186.78.49.227 - - [29/Feb/2016:16:04:11 -0300] "POST /cormun/servlet/solicitudot?gx-no-cache=1456772844432 HTTP/1.1" 200 30
191.112.79.133 - - [29/Feb/2016:16:04:27 -0300] "GET /cormun/servlet/solicitudot?af9daaa6798fa9f8f304df4d380415d0e62f519a9f742f137fbbaa93b1c280207484e7bcb86767028c3e6686af50f474,gx-no-cache=1456772695811 HTTP/1.1" 200 30
191.112.79.133 - - [29/Feb/2016:16:04:27 -0300] "POST /cormun/servlet/solicitudot?gx-no-cache=1456772696190 HTTP/1.1" 200 30
191.112.79.133 - - [29/Feb/2016:16:04:27 -0300] "POST /cormun/servlet/solicitudot?gx-no-cache=1456772696380 HTTP/1.1" 200 33
191.112.79.133 - - [29/Feb/2016:16:04:28 -0300] "POST /cormun/servlet/solicitudot?gx-no-cache=1456772696587 HTTP/1.1" 200 452
191.112.79.133 - - [29/Feb/2016:16:04:28 -0300] "GET /cormun/servlet/solicitudot?af9daaa6798fa9f8f304df4d380415d03eaa8ceb67c057e28266c3dc7a2505e66820676e6e0be993ca9febafb42ac24faaf977efe6524ae0d61cff09a30e8bd8e7cd309e3d690f91772c970240f5a93adfc436c43935358c97353b00bd4e1b0bb8f9c7f07e01f681090df033679657322f1393757fc28ab99c6d756ef11fc227801ca12c06a1ebdc0389a2c62b82bbab,gx-no-cache=1456772696826 HTTP/1.1" 200 38
186.78.49.227 - - [29/Feb/2016:16:04:31 -0300] "POST /cormun/servlet/solicitudot?gx-no-cache=1456772867399 HTTP/1.1" 200 1157
186.78.49.227 - - [29/Feb/2016:16:04:31 -0300] "GET /cormun/servlet/solicitudot?4fe1e4e637bfbbf9e7fda887f5e664e9d46810350ff17e8f02ee4cb032c0f284c5de520ca9271b0812f9912293c13aeb5b407316fe0713999c0a53c078014b2b206857f68405b0547e0899082061a4b3a8b04b13be78cfd44f6e7ded374fd541c3201c66630fd64ba922cdab630f74d395c96840f7d5668200d04ed4020410e8f1a0a9a24e0a8f4cc7fb35f97f61124503567bcc6776ab49d42e4194abe17f16,gx-no-cache=1456772867656 HTTP/1.1" 200 41
186.78.49.227 - - [29/Feb/2016:16:04:31 -0300] "GET /cormun/servlet/solicitudot?4fe1e4e637bfbbf9e7fda887f5e664e96ce006d02e43c9d444a0210533276e1c1feaa6b06ab1fef212773c2b6e382213d00fe3b0a84beebfaefef81ca7d727ae64e8e339d370ec2ebd5696c6f9f41b2a0a89c470fa1658b74017f430401410f5f74e7dd8eb95a283261a7e4005b6153bec67d8b023254a8dd1ab36e446d2f950f40f64c830f2b0ac6b87d9df4c7558f9c65b67db8cdc0ab9717771f506311540,gx-no-cache=1456772867727 HTTP/1.1" 200 29
186.78.49.227 - - [29/Feb/2016:16:04:31 -0300] "POST /cormun/servlet/solicitudot?gx-no-cache=1456772867794 HTTP/1.1" 200 1117
186.78.49.227 - - [29/Feb/2016:16:04:31 -0300] "GET /cormun/servlet/solicitudot?4fe1e4e637bfbbf9e7fda887f5e664e910bdd1a5fd09b0a99991f5569ec27912fcd5d2a7d9445572c98eb2167b08e514746813dc14f205cfdd218d3d9fa86f91ee310220039833dc0509209995c5eeae0dffbab7e07f94947d2450b253447e7681cec5e199ff5d2015487248db17ddb1bc2a60eb12358060b696a31f82ed6c70e5d3995c5b5ad88f7d0bbf55d58512dba0c766d1e116fa4ff6a116c2c3bfff9128c3a350dd98c60c0bcc426d84ec6737,gx-no-cache=1456772867950 HTTP/1.1" 200 30
186.78.49.227 - - [29/Feb/2016:16:04:32 -0300] "POST /cormun/servlet/solicitudot?ce16569cceb3c9573d7f461610871905,UPD,2016,264,,gx-no-cache=1456772868023 HTTP/1.1" 200 93
186.78.49.227 - - [29/Feb/2016:16:04:32 -0300] "GET /cormun/servlet/hpexe_return? HTTP/1.1" 200 1004
186.78.49.227 - - [29/Feb/2016:16:04:32 -0300] "GET /cormun/servlet/trsolicitudot? HTTP/1.1" 200 9621
186.78.49.227 - - [29/Feb/2016:16:04:33 -0300] "GET /cormun/servlet/trsolicitudot? HTTP/1.1" 200 9616
186.78.49.227 - - [29/Feb/2016:16:04:42 -0300] "POST /cormun/servlet/trsolicitudot?ce16569cceb3c9573d7f461610871905,,gx-no-cache=1456772878377 HTTP/1.1" 200 7171
186.78.49.227 - - [29/Feb/2016:16:04:43 -0300] "POST /cormun/servlet/trsolicitudot?ce16569cceb3c9573d7f461610871905,,gx-no-cache=1456772879811 HTTP/1.1" 200 7170
186.78.49.227 - - [29/Feb/2016:16:04:44 -0300] "POST /cormun/servlet/trsolicitudot?ce16569cceb3c9573d7f461610871905,,gx-no-cache=1456772880502 HTTP/1.1" 200 7171
186.78.49.227 - - [29/Feb/2016:16:04:45 -0300] "POST /cormun/servlet/trsolicitudot?ce16569cceb3c9573d7f461610871905,,gx-no-cache=1456772881804 HTTP/1.1" 200 7170
186.78.49.227 - - [29/Feb/2016:16:04:46 -0300] "POST /cormun/servlet/trsolicitudot?ce16569cceb3c9573d7f461610871905,,gx-no-cache=1456772882533 HTTP/1.1" 200 7170
186.78.49.227 - - [29/Feb/2016:16:04:46 -0300] "POST /cormun/servlet/trsolicitudot?ce16569cceb3c9573d7f461610871905,,gx-no-cache=1456772883272 HTTP/1.1" 200 7171
186.78.49.227 - - [29/Feb/2016:16:04:47 -0300] "POST /cormun/servlet/trsolicitudot?ce16569cceb3c9573d7f461610871905,,gx-no-cache=1456772884011 HTTP/1.1" 200 7170
186.78.49.227 - - [29/Feb/2016:16:04:48 -0300] "POST /cormun/servlet/trsolicitudot?ce16569cceb3c9573d7f461610871905,,gx-no-cache=1456772884781 HTTP/1.1" 200 104
186.78.49.227 - - [29/Feb/2016:16:04:48 -0300] "GET /cormun/servlet/solicitudot?UPD,2016,265, HTTP/1.1" 200 13274
186.78.49.227 - - [29/Feb/2016:16:04:49 -0300] "GET /cormun/servlet/solicitudot?UPD,2016,265, HTTP/1.1" 200 13283
186.78.49.227 - - [29/Feb/2016:16:04:50 -0300] "POST /cormun/servlet/solicitudot?gx-no-cache=1456772886859 HTTP/1.1" 200 2781
186.78.49.227 - - [29/Feb/2016:16:04:50 -0300] "POST /cormun/servlet/solicitudot?ce16569cceb3c9573d7f461610871905,UPD,2016,265,,gx-no-cache=1456772887207 HTTP/1.1" 200 10202
186.78.49.227 - - [29/Feb/2016:16:04:50 -0300] "GET /cormun/servlet/solicitudot?4fe1e4e637bfbbf9e7fda887f5e664e93c162b3ee8cbd38a5f5e6804a63e6c2d7e2057d06f6c2bb06010eef1fe3559e0,gx-no-cache=1456772887601 HTTP/1.1" 200 30
186.78.49.227 - - [29/Feb/2016:16:04:50 -0300] "POST /cormun/servlet/solicitudot?gx-no-cache=1456772887675 HTTP/1.1" 200 30
186.78.49.227 - - [29/Feb/2016:16:04:50 -0300] "POST /cormun/servlet/solicitudot?gx-no-cache=1456772887872 HTTP/1.1" 200 33
186.78.49.227 - - [29/Feb/2016:16:04:51 -0300] "POST /cormun/servlet/solicitudot?gx-no-cache=1456772887964 HTTP/1.1" 200 1159
186.78.49.227 - - [29/Feb/2016:16:04:51 -0300] "GET /cormun/servlet/solicitudot?4fe1e4e637bfbbf9e7fda887f5e664e9d46810350ff17e8f02ee4cb032c0f284c5de520ca9271b0812f9912293c13aeb5b407316fe0713999c0a53c078014b2b206857f68405b0547e0899082061a4b3a8b04b13be78cfd44f6e7ded374fd541c3201c66630fd64ba922cdab630f74d395c96840f7d5668200d04ed4020410e8f1a0a9a24e0a8f4cc7fb35f97f61124503567bcc6776ab49d42e4194abe17f16,gx-no-cache=1456772888141 HTTP/1.1" 200 41
186.78.49.227 - - [29/Feb/2016:16:05:03 -0300] "POST /cormun/servlet/solicitudot?gx-no-cache=1456772901620 HTTP/1.1" 200 30
186.78.49.227 - - [29/Feb/2016:16:05:10 -0300] "POST /cormun/servlet/solicitudot?gx-no-cache=1456772909752 HTTP/1.1" 200 1159
186.78.49.227 - - [29/Feb/2016:16:05:10 -0300] "GET /cormun/servlet/solicitudot?4fe1e4e637bfbbf9e7fda887f5e664e9d46810350ff17e8f02ee4cb032c0f284c5de520ca9271b0812f9912293c13aeb5b407316fe0713999c0a53c078014b2b206857f68405b0547e0899082061a4b3a8b04b13be78cfd44f6e7ded374fd541c3201c66630fd64ba922cdab630f74d395c96840f7d5668200d04ed4020410e8f1a0a9a24e0a8f4cc7fb35f97f61124503567bcc6776ab49d42e4194abe17f16,gx-no-cache=1456772909929 HTTP/1.1" 200 41
186.78.49.227 - - [29/Feb/2016:16:05:10 -0300] "GET /cormun/servlet/solicitudot?4fe1e4e637bfbbf9e7fda887f5e664e96ce006d02e43c9d444a0210533276e1c1feaa6b06ab1fef212773c2b6e382213d00fe3b0a84beebfaefef81ca7d727ae64e8e339d370ec2ebd5696c6f9f41b2a0a89c470fa1658b74017f430401410f5f74e7dd8eb95a283261a7e4005b6153bec67d8b023254a8dd1ab36e446d2f950f40f64c830f2b0ac6b87d9df4c7558f9c65b67db8cdc0ab9717771f506311540,gx-no-cache=1456772909999 HTTP/1.1" 200 29
186.78.49.227 - - [29/Feb/2016:16:05:10 -0300] "POST /cormun/servlet/solicitudot?gx-no-cache=1456772910068 HTTP/1.1" 200 1116
186.78.49.227 - - [29/Feb/2016:16:05:10 -0300] "GET /cormun/servlet/solicitudot?4fe1e4e637bfbbf9e7fda887f5e664e9d100b9a6e46c9e9953eca19c36123bcdfcd5d2a7d9445572c98eb2167b08e514746813dc14f205cfdd218d3d9fa86f91ee310220039833dc0509209995c5eeae0dffbab7e07f94947d2450b253447e7681cec5e199ff5d2015487248db17ddb1bc2a60eb12358060b696a31f82ed6c70e5d3995c5b5ad88f7d0bbf55d58512dba0c766d1e116fa4ff6a116c2c3bfff9128c3a350dd98c60c0bcc426d84ec6737,gx-no-cache=1456772910225 HTTP/1.1" 200 30
186.78.49.227 - - [29/Feb/2016:16:05:11 -0300] "POST /cormun/servlet/solicitudot?ce16569cceb3c9573d7f461610871905,UPD,2016,265,,gx-no-cache=1456772910298 HTTP/1.1" 200 10481
186.103.159.189 - - [29/Feb/2016:16:05:15 -0300] "POST /cormun/servlet/solicitudot?b3d289350b947d296275350e1f65b242,INS,0,0,,gx-no-cache=1456772740539 HTTP/1.1" 200 10618
186.103.159.189 - - [29/Feb/2016:16:05:30 -0300] "POST /cormun/servlet/solicitudot?gx-no-cache=1456772755289 HTTP/1.1" 200 120
186.103.159.189 - - [29/Feb/2016:16:05:31 -0300] "POST /cormun/servlet/solicitudot?gx-no-cache=1456772756529 HTTP/1.1" 200 120
186.103.159.189 - - [29/Feb/2016:16:05:31 -0300] "POST /cormun/servlet/solicitudot?gx-no-cache=1456772756634 HTTP/1.1" 200 30
186.103.159.189 - - [29/Feb/2016:16:05:31 -0300] "POST /cormun/servlet/solicitudot?gx-no-cache=1456772756746 HTTP/1.1" 200 1152
186.103.159.189 - - [29/Feb/2016:16:05:31 -0300] "GET /cormun/servlet/solicitudot?32a694be9a781c72ea208c44c6c39856f408c750a1c3af211b14b559cb2bd0db4b89e2ee45060dadd28316e84ad932c483b872f8e38535d42d5405f6d83dffdf74aa4aa6422af875a6cee95e92025dbe79a74fb464c7edbdb29a9dd8bdc8b4c774d92e27a0576fb77306ed0c47f3b76ccba1b3fcf30b5561d5fc4d3e4cdaeaa1e80f7e4a8cf25d3c3a0b45aa822847c81dd4de7c2cd27cb515df97295460003c,gx-no-cache=1456772756842 HTTP/1.1" 200 41
186.103.159.189 - - [29/Feb/2016:16:05:31 -0300] "POST /cormun/servlet/solicitudot?gx-no-cache=1456772756921 HTTP/1.1" 200 1115
186.103.159.189 - - [29/Feb/2016:16:05:31 -0300] "GET /cormun/servlet/solicitudot?32a694be9a781c72ea208c44c6c3985699e172404d02ccca0ee890221686d6c4435f08e05775eae1ed7b8fa7a7d5cfce6b695662cef7d541defe878a1de286b7a43e0d4ee758abe663cb1c6f16c1cf5a7a52a20bcd35d4280c37906168fa2d05de201dc80fa2007abd83ae81671f0eb89efd8f6f65e467fe15a47a510a3ad996e87aa1c65ca7336cf58137538a8111b3a766f8894466de9b5cb5ff0ba6464f3f0c93a1ad3f5fdf1c11e74bbb59580419,gx-no-cache=1456772756996 HTTP/1.1" 200 30
186.103.159.189 - - [29/Feb/2016:16:05:32 -0300] "POST /cormun/servlet/solicitudot?b3d289350b947d296275350e1f65b242,INS,0,0,,gx-no-cache=1456772757056 HTTP/1.1" 200 10652
186.78.49.227 - - [29/Feb/2016:16:05:37 -0300] "POST /cormun/servlet/solicitudot?gx-no-cache=1456772939509 HTTP/1.1" 200 2781
186.78.49.227 - - [29/Feb/2016:16:05:37 -0300] "POST /cormun/servlet/solicitudot?ce16569cceb3c9573d7f461610871905,UPD,2016,265,,gx-no-cache=1456772939906 HTTP/1.1" 200 10284
186.78.49.227 - - [29/Feb/2016:16:05:38 -0300] "GET /cormun/servlet/solicitudot?4fe1e4e637bfbbf9e7fda887f5e664e93c162b3ee8cbd38a5f5e6804a63e6c2d7e2057d06f6c2bb06010eef1fe3559e0,gx-no-cache=1456772940448 HTTP/1.1" 200 30
186.78.49.227 - - [29/Feb/2016:16:05:38 -0300] "POST /cormun/servlet/solicitudot?gx-no-cache=1456772940523 HTTP/1.1" 200 30
186.78.49.227 - - [29/Feb/2016:16:05:43 -0300] "POST /cormun/servlet/solicitudot?gx-no-cache=1456772946071 HTTP/1.1" 200 30
186.78.49.227 - - [29/Feb/2016:16:05:46 -0300] "POST /cormun/servlet/solicitudot?gx-no-cache=1456772949585 HTTP/1.1" 200 1159
186.78.49.227 - - [29/Feb/2016:16:05:46 -0300] "GET /cormun/servlet/solicitudot?4fe1e4e637bfbbf9e7fda887f5e664e9d46810350ff17e8f02ee4cb032c0f284c5de520ca9271b0812f9912293c13aeb5b407316fe0713999c0a53c078014b2b206857f68405b0547e0899082061a4b3a8b04b13be78cfd44f6e7ded374fd541c3201c66630fd64ba922cdab630f74d395c96840f7d5668200d04ed4020410e8f1a0a9a24e0a8f4cc7fb35f97f61124503567bcc6776ab49d42e4194abe17f16,gx-no-cache=1456772949790 HTTP/1.1" 200 41
186.78.49.227 - - [29/Feb/2016:16:05:46 -0300] "POST /cormun/servlet/solicitudot?gx-no-cache=1456772949860 HTTP/1.1" 200 1116
186.78.49.227 - - [29/Feb/2016:16:05:46 -0300] "GET /cormun/servlet/solicitudot?4fe1e4e637bfbbf9e7fda887f5e664e9d100b9a6e46c9e9953eca19c36123bcdfcd5d2a7d9445572c98eb2167b08e514746813dc14f205cfdd218d3d9fa86f91ee310220039833dc0509209995c5eeae0dffbab7e07f94947d2450b253447e7681cec5e199ff5d2015487248db17ddb1bc2a60eb12358060b696a31f82ed6c70e5d3995c5b5ad88f7d0bbf55d58512dba0c766d1e116fa4ff6a116c2c3bfff9128c3a350dd98c60c0bcc426d84ec6737,gx-no-cache=1456772950017 HTTP/1.1" 200 30
186.78.49.227 - - [29/Feb/2016:16:05:47 -0300] "POST /cormun/servlet/solicitudot?ce16569cceb3c9573d7f461610871905,UPD,2016,265,,gx-no-cache=1456772950088 HTTP/1.1" 200 93
186.78.49.227 - - [29/Feb/2016:16:05:47 -0300] "GET /cormun/servlet/hpexe_return? HTTP/1.1" 200 1004
186.78.49.227 - - [29/Feb/2016:16:05:47 -0300] "GET /cormun/servlet/trsolicitudot? HTTP/1.1" 200 9624
186.103.159.189 - - [29/Feb/2016:16:05:47 -0300] "POST /cormun/servlet/solicitudot?gx-no-cache=1456772772555 HTTP/1.1" 200 30
186.78.49.227 - - [29/Feb/2016:16:05:48 -0300] "GET /cormun/servlet/trsolicitudot? HTTP/1.1" 200 9619
186.103.159.189 - - [29/Feb/2016:16:05:49 -0300] "POST /cormun/servlet/solicitudot?gx-no-cache=1456772774443 HTTP/1.1" 200 30
186.103.159.189 - - [29/Feb/2016:16:05:49 -0300] "POST /cormun/servlet/solicitudot?gx-no-cache=1456772774558 HTTP/1.1" 200 1152
186.103.159.189 - - [29/Feb/2016:16:05:49 -0300] "GET /cormun/servlet/solicitudot?32a694be9a781c72ea208c44c6c39856f408c750a1c3af211b14b559cb2bd0db4b89e2ee45060dadd28316e84ad932c483b872f8e38535d42d5405f6d83dffdf74aa4aa6422af875a6cee95e92025dbe79a74fb464c7edbdb29a9dd8bdc8b4c774d92e27a0576fb77306ed0c47f3b76ccba1b3fcf30b5561d5fc4d3e4cdaeaa1e80f7e4a8cf25d3c3a0b45aa822847c81dd4de7c2cd27cb515df97295460003c,gx-no-cache=1456772774664 HTTP/1.1" 200 41
186.103.159.189 - - [29/Feb/2016:16:05:49 -0300] "POST /cormun/servlet/solicitudot?gx-no-cache=1456772774721 HTTP/1.1" 200 1115
186.103.159.189 - - [29/Feb/2016:16:05:49 -0300] "GET /cormun/servlet/solicitudot?32a694be9a781c72ea208c44c6c3985699e172404d02ccca0ee890221686d6c4435f08e05775eae1ed7b8fa7a7d5cfce6b695662cef7d541defe878a1de286b7a43e0d4ee758abe663cb1c6f16c1cf5a7a52a20bcd35d4280c37906168fa2d05de201dc80fa2007abd83ae81671f0eb89efd8f6f65e467fe15a47a510a3ad996e87aa1c65ca7336cf58137538a8111b3a766f8894466de9b5cb5ff0ba6464f3f0c93a1ad3f5fdf1c11e74bbb59580419,gx-no-cache=1456772774794 HTTP/1.1" 200 30
186.103.159.189 - - [29/Feb/2016:16:05:49 -0300] "POST /cormun/servlet/solicitudot?b3d289350b947d296275350e1f65b242,INS,0,0,,gx-no-cache=1456772774858 HTTP/1.1" 200 10640
186.78.49.227 - - [29/Feb/2016:16:05:57 -0300] "POST /cormun/servlet/trsolicitudot?ce16569cceb3c9573d7f461610871905,,gx-no-cache=1456772961058 HTTP/1.1" 200 7172
186.78.49.227 - - [29/Feb/2016:16:05:57 -0300] "POST /cormun/servlet/trsolicitudot?ce16569cceb3c9573d7f461610871905,,gx-no-cache=1456772961715 HTTP/1.1" 200 7172
186.78.49.227 - - [29/Feb/2016:16:05:58 -0300] "POST /cormun/servlet/trsolicitudot?ce16569cceb3c9573d7f461610871905,,gx-no-cache=1456772962392 HTTP/1.1" 200 7171
186.103.159.189 - - [29/Feb/2016:16:05:58 -0300] "POST /cormun/servlet/solicitudot?gx-no-cache=1456772783812 HTTP/1.1" 200 120
186.78.49.227 - - [29/Feb/2016:16:05:59 -0300] "POST /cormun/servlet/trsolicitudot?ce16569cceb3c9573d7f461610871905,,gx-no-cache=1456772963106 HTTP/1.1" 200 7172
186.78.49.227 - - [29/Feb/2016:16:06:00 -0300] "POST /cormun/servlet/trsolicitudot?ce16569cceb3c9573d7f461610871905,,gx-no-cache=1456772963877 HTTP/1.1" 200 7172
186.78.49.227 - - [29/Feb/2016:16:06:00 -0300] "POST /cormun/servlet/trsolicitudot?ce16569cceb3c9573d7f461610871905,,gx-no-cache=1456772964611 HTTP/1.1" 200 7171
186.78.49.227 - - [29/Feb/2016:16:06:01 -0300] "POST /cormun/servlet/trsolicitudot?ce16569cceb3c9573d7f461610871905,,gx-no-cache=1456772965356 HTTP/1.1" 200 7172
186.78.49.227 - - [29/Feb/2016:16:06:02 -0300] "POST /cormun/servlet/trsolicitudot?ce16569cceb3c9573d7f461610871905,,gx-no-cache=1456772966121 HTTP/1.1" 200 104
186.78.49.227 - - [29/Feb/2016:16:06:02 -0300] "GET /cormun/servlet/solicitudot?UPD,2016,262, HTTP/1.1" 200 13289
186.103.159.189 - - [29/Feb/2016:16:06:02 -0300] "POST /cormun/servlet/solicitudot?gx-no-cache=1456772787543 HTTP/1.1" 200 120
186.103.159.189 - - [29/Feb/2016:16:06:02 -0300] "POST /cormun/servlet/solicitudot?gx-no-cache=1456772787612 HTTP/1.1" 200 30
186.103.159.189 - - [29/Feb/2016:16:06:02 -0300] "POST /cormun/servlet/solicitudot?gx-no-cache=1456772787718 HTTP/1.1" 200 1152
186.103.159.189 - - [29/Feb/2016:16:06:02 -0300] "GET /cormun/servlet/solicitudot?32a694be9a781c72ea208c44c6c39856f408c750a1c3af211b14b559cb2bd0db4b89e2ee45060dadd28316e84ad932c483b872f8e38535d42d5405f6d83dffdf74aa4aa6422af875a6cee95e92025dbe79a74fb464c7edbdb29a9dd8bdc8b4c774d92e27a0576fb77306ed0c47f3b76ccba1b3fcf30b5561d5fc4d3e4cdaeaa1e80f7e4a8cf25d3c3a0b45aa822847c81dd4de7c2cd27cb515df97295460003c,gx-no-cache=1456772787813 HTTP/1.1" 200 41
186.103.159.189 - - [29/Feb/2016:16:06:02 -0300] "POST /cormun/servlet/solicitudot?gx-no-cache=1456772787869 HTTP/1.1" 200 1115
186.103.159.189 - - [29/Feb/2016:16:06:02 -0300] "GET /cormun/servlet/solicitudot?32a694be9a781c72ea208c44c6c3985699e172404d02ccca0ee890221686d6c4435f08e05775eae1ed7b8fa7a7d5cfce6b695662cef7d541defe878a1de286b7a43e0d4ee758abe663cb1c6f16c1cf5a7a52a20bcd35d4280c37906168fa2d05de201dc80fa2007abd83ae81671f0eb89efd8f6f65e467fe15a47a510a3ad996e87aa1c65ca7336cf58137538a8111b3a766f8894466de9b5cb5ff0ba6464f3f0c93a1ad3f5fdf1c11e74bbb59580419,gx-no-cache=1456772787946 HTTP/1.1" 200 30
186.103.159.189 - - [29/Feb/2016:16:06:03 -0300] "POST /cormun/servlet/solicitudot?b3d289350b947d296275350e1f65b242,INS,0,0,,gx-no-cache=1456772788009 HTTP/1.1" 200 10725
186.78.49.227 - - [29/Feb/2016:16:06:03 -0300] "GET /cormun/servlet/solicitudot?UPD,2016,262, HTTP/1.1" 200 13297
186.78.49.227 - - [29/Feb/2016:16:06:03 -0300] "POST /cormun/servlet/solicitudot?gx-no-cache=1456772967992 HTTP/1.1" 200 2787
186.78.49.227 - - [29/Feb/2016:16:06:04 -0300] "POST /cormun/servlet/solicitudot?ce16569cceb3c9573d7f461610871905,UPD,2016,262,,gx-no-cache=1456772968344 HTTP/1.1" 200 10218
186.78.49.227 - - [29/Feb/2016:16:06:04 -0300] "GET /cormun/servlet/solicitudot?4fe1e4e637bfbbf9e7fda887f5e664e94048b92291025186cf227cc7aa498ce4efab51228667b640f4ae33879ae3e8ad,gx-no-cache=1456772968732 HTTP/1.1" 200 30
186.78.49.227 - - [29/Feb/2016:16:06:04 -0300] "POST /cormun/servlet/solicitudot?gx-no-cache=1456772968827 HTTP/1.1" 200 30
186.78.49.227 - - [29/Feb/2016:16:06:04 -0300] "POST /cormun/servlet/solicitudot?gx-no-cache=1456772968978 HTTP/1.1" 200 33
186.78.49.227 - - [29/Feb/2016:16:06:04 -0300] "POST /cormun/servlet/solicitudot?gx-no-cache=1456772969070 HTTP/1.1" 200 1159
186.78.49.227 - - [29/Feb/2016:16:06:04 -0300] "GET /cormun/servlet/solicitudot?4fe1e4e637bfbbf9e7fda887f5e664e9d46810350ff17e8f02ee4cb032c0f284c5de520ca9271b0812f9912293c13aeb5b407316fe0713999c0a53c078014b2b206857f68405b0547e0899082061a4b3a8b04b13be78cfd44f6e7ded374fd541c3201c66630fd64ba922cdab630f74d395c96840f7d5668200d04ed4020410e8f1a0a9a24e0a8f4cc7fb35f97f61124503567bcc6776ab49d42e4194abe17f16,gx-no-cache=1456772969247 HTTP/1.1" 200 41
186.78.49.227 - - [29/Feb/2016:16:06:16 -0300] "POST /cormun/servlet/solicitudot?gx-no-cache=1456772982371 HTTP/1.1" 200 30
186.103.159.189 - - [29/Feb/2016:16:06:16 -0300] "GET /cormun/servlet/hlogin HTTP/1.1" 200 1717
186.103.159.189 - - [29/Feb/2016:16:06:16 -0300] "GET /cormun/static/messages.spa.js?85251 HTTP/1.1" 304 -
186.103.159.189 - - [29/Feb/2016:16:06:16 -0300] "GET /cormun/static/gxcfg.js?20151120045111 HTTP/1.1" 200 953
186.103.159.189 - - [29/Feb/2016:16:06:16 -0300] "GET /cormun/static/Resources/ComunLogin.png HTTP/1.1" 200 17326
186.103.159.189 - - [29/Feb/2016:16:06:16 -0300] "GET /cormun/static/hlogin.js?20151120045126 HTTP/1.1" 304 -
186.103.159.189 - - [29/Feb/2016:16:06:16 -0300] "GET /cormun/static/Resources/Spanish/PXTools.css?005343 HTTP/1.1" 200 89042
186.103.159.189 - - [29/Feb/2016:16:06:16 -0300] "GET /cormun/static/Resources/PXToolsLoginTop.png HTTP/1.1" 200 1337
186.103.159.189 - - [29/Feb/2016:16:06:16 -0300] "GET /cormun/static/Resources/PXToolsLoginBackground.png HTTP/1.1" 200 1164
186.103.159.189 - - [29/Feb/2016:16:06:16 -0300] "GET /cormun/static/Resources/PXToolsButtonLeft21.png HTTP/1.1" 200 1287
186.103.159.189 - - [29/Feb/2016:16:06:16 -0300] "GET /cormun/static/Resources/PXToolsButtonRight21.png HTTP/1.1" 200 1283
186.103.159.189 - - [29/Feb/2016:16:06:16 -0300] "GET /cormun/static/Resources/PXToolsButtonBackground2.png HTTP/1.1" 200 1181
186.103.159.189 - - [29/Feb/2016:16:06:16 -0300] "GET /cormun/static/Resources/PXToolsLoginBottom.png HTTP/1.1" 200 1389
186.103.159.189 - - [29/Feb/2016:16:06:16 -0300] "GET /cormun/static/Resources/indicator.gif HTTP/1.1" 200 1553
186.103.159.189 - - [29/Feb/2016:16:06:16 -0300] "GET /cormun/servlet/hlogin HTTP/1.1" 200 1725
186.78.49.227 - - [29/Feb/2016:16:06:22 -0300] "POST /cormun/servlet/solicitudot?gx-no-cache=1456772989102 HTTP/1.1" 200 1159
186.78.49.227 - - [29/Feb/2016:16:06:22 -0300] "GET /cormun/servlet/solicitudot?4fe1e4e637bfbbf9e7fda887f5e664e9d46810350ff17e8f02ee4cb032c0f284c5de520ca9271b0812f9912293c13aeb5b407316fe0713999c0a53c078014b2b206857f68405b0547e0899082061a4b3a8b04b13be78cfd44f6e7ded374fd541c3201c66630fd64ba922cdab630f74d395c96840f7d5668200d04ed4020410e8f1a0a9a24e0a8f4cc7fb35f97f61124503567bcc6776ab49d42e4194abe17f16,gx-no-cache=1456772989297 HTTP/1.1" 200 41
186.78.49.227 - - [29/Feb/2016:16:06:22 -0300] "GET /cormun/servlet/solicitudot?4fe1e4e637bfbbf9e7fda887f5e664e96ce006d02e43c9d444a0210533276e1c1feaa6b06ab1fef212773c2b6e382213d00fe3b0a84beebfaefef81ca7d727ae64e8e339d370ec2ebd5696c6f9f41b2a0a89c470fa1658b74017f430401410f5f74e7dd8eb95a283261a7e4005b6153bec67d8b023254a8dd1ab36e446d2f950f40f64c830f2b0ac6b87d9df4c7558f9c65b67db8cdc0ab9717771f506311540,gx-no-cache=1456772989366 HTTP/1.1" 200 29
186.78.49.227 - - [29/Feb/2016:16:06:22 -0300] "POST /cormun/servlet/solicitudot?gx-no-cache=1456772989436 HTTP/1.1" 200 1116
186.78.49.227 - - [29/Feb/2016:16:06:22 -0300] "GET /cormun/servlet/solicitudot?4fe1e4e637bfbbf9e7fda887f5e664e9e70ed0d6adf79a033452cd2cb70e692e74fa81f3255939dd4719c444b4a4077c845dab9ba40d1444a1a73a48ff6e2dd832fa8a37fbcdc22bbfd72c3da22f39ac06183adbe65b97a9a4e11a6ed5c469b221b98e00a469a2caa7f57cf3f91acae602e3643e8c16f277b14290d3f42a585ba0cade063c7aff5ce406b521dda34cf1f35de9efdae2c9d79092492da6c1d9d820e2d88625dea7e550398e34a6a8a3e6,gx-no-cache=1456772989593 HTTP/1.1" 200 30
186.78.49.227 - - [29/Feb/2016:16:06:23 -0300] "POST /cormun/servlet/solicitudot?ce16569cceb3c9573d7f461610871905,UPD,2016,262,,gx-no-cache=1456772989668 HTTP/1.1" 200 93
186.78.49.227 - - [29/Feb/2016:16:06:23 -0300] "GET /cormun/servlet/hpexe_return? HTTP/1.1" 200 1004
186.78.49.227 - - [29/Feb/2016:16:06:23 -0300] "GET /cormun/servlet/trsolicitudot? HTTP/1.1" 200 9621
186.78.49.227 - - [29/Feb/2016:16:06:24 -0300] "GET /cormun/servlet/trsolicitudot? HTTP/1.1" 200 9616
186.78.49.227 - - [29/Feb/2016:16:06:36 -0300] "POST /cormun/servlet/trsolicitudot?ce16569cceb3c9573d7f461610871905,,gx-no-cache=1456773003079 HTTP/1.1" 200 7170
186.78.49.227 - - [29/Feb/2016:16:06:36 -0300] "POST /cormun/servlet/trsolicitudot?ce16569cceb3c9573d7f461610871905,,gx-no-cache=1456773004308 HTTP/1.1" 200 7171
186.78.49.227 - - [29/Feb/2016:16:06:37 -0300] "POST /cormun/servlet/trsolicitudot?ce16569cceb3c9573d7f461610871905,,gx-no-cache=1456773004991 HTTP/1.1" 200 7170
186.78.49.227 - - [29/Feb/2016:16:06:38 -0300] "POST /cormun/servlet/trsolicitudot?ce16569cceb3c9573d7f461610871905,,gx-no-cache=1456773005793 HTTP/1.1" 200 7171
186.103.159.189 - - [29/Feb/2016:16:06:38 -0300] "POST /cormun/servlet/solicitudot?gx-no-cache=1456772823861 HTTP/1.1" 200 30
186.103.159.189 - - [29/Feb/2016:16:06:39 -0300] "POST /cormun/servlet/solicitudot?gx-no-cache=1456772824007 HTTP/1.1" 200 30
186.78.49.227 - - [29/Feb/2016:16:06:39 -0300] "POST /cormun/servlet/trsolicitudot?ce16569cceb3c9573d7f461610871905,,gx-no-cache=1456773006538 HTTP/1.1" 200 7171
186.103.159.189 - - [29/Feb/2016:16:06:39 -0300] "POST /cormun/servlet/solicitudot?gx-no-cache=1456772824182 HTTP/1.1" 200 1152
186.103.159.189 - - [29/Feb/2016:16:06:39 -0300] "GET /cormun/servlet/solicitudot?32a694be9a781c72ea208c44c6c39856f408c750a1c3af211b14b559cb2bd0db4b89e2ee45060dadd28316e84ad932c483b872f8e38535d42d5405f6d83dffdf74aa4aa6422af875a6cee95e92025dbe79a74fb464c7edbdb29a9dd8bdc8b4c774d92e27a0576fb77306ed0c47f3b76ccba1b3fcf30b5561d5fc4d3e4cdaeaa1e80f7e4a8cf25d3c3a0b45aa822847c81dd4de7c2cd27cb515df97295460003c,gx-no-cache=1456772824329 HTTP/1.1" 200 41
186.103.159.189 - - [29/Feb/2016:16:06:39 -0300] "POST /cormun/servlet/solicitudot?gx-no-cache=1456772824420 HTTP/1.1" 200 1115
186.103.159.189 - - [29/Feb/2016:16:06:39 -0300] "GET /cormun/servlet/solicitudot?32a694be9a781c72ea208c44c6c3985699e172404d02ccca0ee890221686d6c4435f08e05775eae1ed7b8fa7a7d5cfce6b695662cef7d541defe878a1de286b7a43e0d4ee758abe663cb1c6f16c1cf5a7a52a20bcd35d4280c37906168fa2d05de201dc80fa2007abd83ae81671f0eb89efd8f6f65e467fe15a47a510a3ad996e87aa1c65ca7336cf58137538a8111b3a766f8894466de9b5cb5ff0ba6464f3f0c93a1ad3f5fdf1c11e74bbb59580419,gx-no-cache=1456772824531 HTTP/1.1" 200 30
186.103.159.189 - - [29/Feb/2016:16:06:39 -0300] "POST /cormun/servlet/solicitudot?b3d289350b947d296275350e1f65b242,INS,0,0,,gx-no-cache=1456772824650 HTTP/1.1" 200 10721
186.78.49.227 - - [29/Feb/2016:16:06:39 -0300] "POST /cormun/servlet/trsolicitudot?ce16569cceb3c9573d7f461610871905,,gx-no-cache=1456773007389 HTTP/1.1" 200 7170
186.78.49.227 - - [29/Feb/2016:16:06:40 -0300] "POST /cormun/servlet/trsolicitudot?ce16569cceb3c9573d7f461610871905,,gx-no-cache=1456773008156 HTTP/1.1" 200 7171
186.78.49.227 - - [29/Feb/2016:16:06:41 -0300] "POST /cormun/servlet/trsolicitudot?ce16569cceb3c9573d7f461610871905,,gx-no-cache=1456773008925 HTTP/1.1" 200 104
186.78.49.227 - - [29/Feb/2016:16:06:41 -0300] "GET /cormun/servlet/solicitudot?UPD,2016,260, HTTP/1.1" 200 13258
186.78.49.227 - - [29/Feb/2016:16:06:42 -0300] "GET /cormun/servlet/solicitudot?UPD,2016,260, HTTP/1.1" 200 13267
186.78.49.227 - - [29/Feb/2016:16:06:43 -0300] "POST /cormun/servlet/solicitudot?gx-no-cache=1456773010826 HTTP/1.1" 200 2787
186.78.49.227 - - [29/Feb/2016:16:06:43 -0300] "POST /cormun/servlet/solicitudot?ce16569cceb3c9573d7f461610871905,UPD,2016,260,,gx-no-cache=1456773011170 HTTP/1.1" 200 10201
186.78.49.227 - - [29/Feb/2016:16:06:43 -0300] "GET /cormun/servlet/solicitudot?4fe1e4e637bfbbf9e7fda887f5e664e94048b92291025186cf227cc7aa498ce4efab51228667b640f4ae33879ae3e8ad,gx-no-cache=1456773011571 HTTP/1.1" 200 30
186.78.49.227 - - [29/Feb/2016:16:06:43 -0300] "POST /cormun/servlet/solicitudot?gx-no-cache=1456773011646 HTTP/1.1" 200 30
186.78.49.227 - - [29/Feb/2016:16:06:43 -0300] "POST /cormun/servlet/solicitudot?gx-no-cache=1456773011798 HTTP/1.1" 200 33
186.78.49.227 - - [29/Feb/2016:16:06:43 -0300] "POST /cormun/servlet/solicitudot?gx-no-cache=1456773011891 HTTP/1.1" 200 1159
186.78.49.227 - - [29/Feb/2016:16:06:44 -0300] "GET /cormun/servlet/solicitudot?4fe1e4e637bfbbf9e7fda887f5e664e9d46810350ff17e8f02ee4cb032c0f284c5de520ca9271b0812f9912293c13aeb5b407316fe0713999c0a53c078014b2b206857f68405b0547e0899082061a4b3a8b04b13be78cfd44f6e7ded374fd541c3201c66630fd64ba922cdab630f74d395c96840f7d5668200d04ed4020410e8b8cd4416f6ea946c43f6786c616a4a56,gx-no-cache=1456773012068 HTTP/1.1" 200 38
186.103.159.189 - - [29/Feb/2016:16:06:59 -0300] "POST /cormun/servlet/hlogin?194e7b41046c76b415cc4cf356412a45,gx-no-cache=1456776598202 HTTP/1.1" 200 90
186.103.159.189 - - [29/Feb/2016:16:06:59 -0300] "GET /cormun/servlet/hpexe_link HTTP/1.1" 200 947
