200.83.57.24 - - [29/Feb/2016:14:07:57 -0300] "POST /cormun/servlet/solicitudot?2ff0751351031a975bc32db8ab4c65dd,INS,0,0,,gx-no-cache=1456765665905 HTTP/1.1" 200 93
200.83.57.24 - - [29/Feb/2016:14:07:57 -0300] "GET /cormun/servlet/hpexe_return? HTTP/1.1" 200 1005
200.83.57.24 - - [29/Feb/2016:14:07:57 -0300] "GET /cormun/servlet/trsolicitudot HTTP/1.1" 200 7540
200.83.57.24 - - [29/Feb/2016:14:07:58 -0300] "GET /cormun/servlet/trsolicitudot HTTP/1.1" 200 7536
186.103.159.44 - - [29/Feb/2016:14:08:01 -0300] "GET /cormun/servlet/solicitudot?INS,0,0, HTTP/1.1" 200 12053
200.83.57.24 - - [29/Feb/2016:14:08:04 -0300] "GET /cormun/servlet/solicitudot?INS,0,0, HTTP/1.1" 200 12204
200.83.57.24 - - [29/Feb/2016:14:08:04 -0300] "GET /cormun/servlet/solicitudot?INS,0,0, HTTP/1.1" 200 12209
190.101.9.119 - - [29/Feb/2016:14:08:13 -0300] "GET /cormun/servlet/trsolicitudot?a905fa4ef5b40b7b5177161e2589b6d6051bb5eab346592616f03c345dbec727bb7320da2d6310257bcd9f09df90b4fbfded958f77ff7b8fd27831b1e8edbfee1954a228f00886893321a6b94587660a,gx-no-cache=1456765763149 HTTP/1.1" 200 720
200.83.57.24 - - [29/Feb/2016:14:08:13 -0300] "POST /cormun/servlet/solicitudot?gx-no-cache=1456765682251 HTTP/1.1" 200 2744
200.83.57.24 - - [29/Feb/2016:14:08:13 -0300] "POST /cormun/servlet/solicitudot?2ff0751351031a975bc32db8ab4c65dd,INS,0,0,,gx-no-cache=1456765682513 HTTP/1.1" 200 9527
200.83.57.24 - - [29/Feb/2016:14:08:14 -0300] "GET /cormun/servlet/solicitudot?5c6674129ec76f5b290d575b99e0d24ef8d034f31e317ba525ece40d03e3848106f6e82d21f42e4b6c44d70071e32fd4,gx-no-cache=1456765682781 HTTP/1.1" 200 30
186.103.159.44 - - [29/Feb/2016:14:08:16 -0300] "POST /cormun/servlet/solicitudot?gx-no-cache=1456765724971 HTTP/1.1" 200 2669
186.103.159.44 - - [29/Feb/2016:14:08:16 -0300] "POST /cormun/servlet/solicitudot?bf12fed8003220947363addfe114fc79,INS,0,0,,gx-no-cache=1456765725123 HTTP/1.1" 200 9389
186.103.159.44 - - [29/Feb/2016:14:08:18 -0300] "GET /cormun/servlet/solicitudot?ea00247db7c1df82e1491e50141ebc0f49c649cbdb1f66e2bf819818ccb7f8ce9b09a4960cca2853a5cd7ecd4763fa78,gx-no-cache=1456765726500 HTTP/1.1" 200 30
190.101.9.119 - - [29/Feb/2016:14:08:24 -0300] "GET /cormun/servlet/trsolicitudot?a905fa4ef5b40b7b5177161e2589b6d6a22cdfe2982260d552b9c397497ac9b5bb7320da2d6310257bcd9f09df90b4fbfded958f77ff7b8fd27831b1e8edbfee1954a228f00886893321a6b94587660a,gx-no-cache=1456765774582 HTTP/1.1" 200 720
190.101.9.119 - - [29/Feb/2016:14:08:36 -0300] "GET /cormun/servlet/trsolicitudot?a905fa4ef5b40b7b5177161e2589b6d6051bb5eab346592616f03c345dbec727bb7320da2d6310257bcd9f09df90b4fbfded958f77ff7b8fd27831b1e8edbfee1954a228f00886893321a6b94587660a,gx-no-cache=1456765786319 HTTP/1.1" 200 720
200.83.57.24 - - [29/Feb/2016:14:08:47 -0300] "POST /cormun/servlet/solicitudot?2ff0751351031a975bc32db8ab4c65dd,INS,0,0,,gx-no-cache=1456765715558 HTTP/1.1" 200 93
200.83.57.24 - - [29/Feb/2016:14:08:47 -0300] "GET /cormun/servlet/hpexe_return? HTTP/1.1" 200 1005
200.83.57.24 - - [29/Feb/2016:14:08:47 -0300] "GET /cormun/servlet/trsolicitudot HTTP/1.1" 200 7540
200.83.57.24 - - [29/Feb/2016:14:08:47 -0300] "GET /cormun/servlet/trsolicitudot HTTP/1.1" 200 7536
200.83.57.24 - - [29/Feb/2016:14:08:51 -0300] "POST /cormun/servlet/trsolicitudot?2ff0751351031a975bc32db8ab4c65dd,gx-no-cache=1456765720167 HTTP/1.1" 200 104
200.83.57.24 - - [29/Feb/2016:14:08:51 -0300] "GET /cormun/servlet/solicitudot?UPD,2016,250, HTTP/1.1" 200 13396
200.83.57.24 - - [29/Feb/2016:14:08:52 -0300] "GET /cormun/servlet/solicitudot?UPD,2016,250, HTTP/1.1" 200 13405
200.83.57.24 - - [29/Feb/2016:14:08:52 -0300] "POST /cormun/servlet/solicitudot?gx-no-cache=1456765721282 HTTP/1.1" 200 2744
200.83.57.24 - - [29/Feb/2016:14:08:52 -0300] "POST /cormun/servlet/solicitudot?2ff0751351031a975bc32db8ab4c65dd,UPD,2016,250,,gx-no-cache=1456765721526 HTTP/1.1" 200 10193
200.83.57.24 - - [29/Feb/2016:14:08:53 -0300] "GET /cormun/servlet/solicitudot?5c6674129ec76f5b290d575b99e0d24ef8d034f31e317ba525ece40d03e3848105d6240fdc7cd9c726156d674885c00d,gx-no-cache=1456765721752 HTTP/1.1" 200 30
200.83.57.24 - - [29/Feb/2016:14:08:53 -0300] "POST /cormun/servlet/solicitudot?gx-no-cache=1456765721834 HTTP/1.1" 200 30
200.83.57.24 - - [29/Feb/2016:14:08:53 -0300] "POST /cormun/servlet/solicitudot?gx-no-cache=1456765721899 HTTP/1.1" 200 30
200.83.57.24 - - [29/Feb/2016:14:08:53 -0300] "POST /cormun/servlet/solicitudot?gx-no-cache=1456765721972 HTTP/1.1" 200 1154
200.83.57.24 - - [29/Feb/2016:14:08:53 -0300] "GET /cormun/servlet/solicitudot?5c6674129ec76f5b290d575b99e0d24e7b95edf534281118ddeb1bf8bda244a75cb11b61ef78cf32a38e6b5f8c68c80e7ae129630fc14a001e04c2b9303b36c607778d78749080904a83231a7eb0f69a022ab146f79bb1e6a495768df40c639dd544dfb91cbdc19eab666cc39a30713a65362893dc08c2a45d6696df17529fbc404b80cd945e010f365559d059c9797665aae9542e1de71424e2d2dcc14951dd,gx-no-cache=1456765722078 HTTP/1.1" 200 41
200.83.57.24 - - [29/Feb/2016:14:09:06 -0300] "GET /cormun/servlet/solicitudot?5c6674129ec76f5b290d575b99e0d24e4a4944cdacc97d55f996c1913094b7a51ba2df3c95b3942e5873e13aef78902bb85b30471043a9d1744d1685b29fb2f5156a75b0dcb361b04c99117559550fd9d379da2a5c100e0b9ad0b09eed65237925427f61b3e9d2f13ffb7456587a4329143a767f3a8415bd0c9dcf9672020e4b193442f0033aa2ca8e9c4acd2d6105973cac977e0495aebfacfb83e09c74aefb,gx-no-cache=1456765735014 HTTP/1.1" 200 29
200.83.57.24 - - [29/Feb/2016:14:09:06 -0300] "POST /cormun/servlet/solicitudot?gx-no-cache=1456765735050 HTTP/1.1" 200 1116
200.83.57.24 - - [29/Feb/2016:14:09:06 -0300] "GET /cormun/servlet/solicitudot?5c6674129ec76f5b290d575b99e0d24ed7496ab7e72ad497cd17a6ad9a110f63f667b86d9ecf18c02cc97044c60558ccd350ebd895e34ae33076dccba476462d167a61fc834abeb360bb2757bdaa642008a7c6719ba0b666167e473f40d1b74f02fd7f23d4080f8b2d19953f400b3d99fbf0dd9902a0e26236981d0d5b50092c61142e54dc04b761d7a51fc32be80a3e7885884830f1e7b19743eb0d86806a06c60c6ebf9eb44263262d6019ea4bb18f,gx-no-cache=1456765735107 HTTP/1.1" 200 30
200.83.57.24 - - [29/Feb/2016:14:09:06 -0300] "POST /cormun/servlet/solicitudot?2ff0751351031a975bc32db8ab4c65dd,UPD,2016,250,,gx-no-cache=1456765735143 HTTP/1.1" 200 93
200.83.57.24 - - [29/Feb/2016:14:09:06 -0300] "GET /cormun/servlet/hpexe_return? HTTP/1.1" 200 1011
200.83.57.24 - - [29/Feb/2016:14:09:06 -0300] "GET /cormun/servlet/trsolicitudot HTTP/1.1" 200 7540
200.83.57.24 - - [29/Feb/2016:14:09:07 -0300] "GET /cormun/servlet/trsolicitudot HTTP/1.1" 200 7536
200.83.57.24 - - [29/Feb/2016:14:09:11 -0300] "GET /cormun/servlet/solicitudot?INS,0,0, HTTP/1.1" 200 12204
200.83.57.24 - - [29/Feb/2016:14:09:11 -0300] "GET /cormun/servlet/solicitudot?INS,0,0, HTTP/1.1" 200 12209
200.83.57.24 - - [29/Feb/2016:14:09:19 -0300] "POST /cormun/servlet/solicitudot?gx-no-cache=1456765748220 HTTP/1.1" 200 2744
200.83.57.24 - - [29/Feb/2016:14:09:19 -0300] "POST /cormun/servlet/solicitudot?2ff0751351031a975bc32db8ab4c65dd,INS,0,0,,gx-no-cache=1456765748436 HTTP/1.1" 200 9527
200.83.57.24 - - [29/Feb/2016:14:09:20 -0300] "GET /cormun/servlet/solicitudot?5c6674129ec76f5b290d575b99e0d24ef8d034f31e317ba525ece40d03e3848106f6e82d21f42e4b6c44d70071e32fd4,gx-no-cache=1456765748673 HTTP/1.1" 200 30
186.103.159.44 - - [29/Feb/2016:14:09:56 -0300] "POST /cormun/servlet/solicitudot?gx-no-cache=1456765825153 HTTP/1.1" 200 30
200.83.57.24 - - [29/Feb/2016:14:10:03 -0300] "POST /cormun/servlet/solicitudot?gx-no-cache=1456765791352 HTTP/1.1" 200 30
200.83.57.24 - - [29/Feb/2016:14:10:05 -0300] "POST /cormun/servlet/solicitudot?gx-no-cache=1456765794056 HTTP/1.1" 200 30
186.103.159.44 - - [29/Feb/2016:14:10:08 -0300] "POST /cormun/servlet/solicitudot?gx-no-cache=1456765836680 HTTP/1.1" 200 30
186.103.159.44 - - [29/Feb/2016:14:10:10 -0300] "POST /cormun/servlet/solicitudot?gx-no-cache=1456765838496 HTTP/1.1" 200 452
186.103.159.44 - - [29/Feb/2016:14:10:10 -0300] "GET /cormun/servlet/solicitudot?ea00247db7c1df82e1491e50141ebc0ff6df09323db21607c87f33bccd3f4494430fcb381e29c0769d8153a26cf6f8fd15aff7f70e553ff41cba6dfb63424efa7b2d8139c2002ad6325fce04e77232de34c3f41d649a7668fcbf86a8d49853509b048264ae2f617248f558bf2498f29fe97c5d3680e7b0f56a25293a19acb3957e2bcb5b7df735a3be7f71aaeea165e0,gx-no-cache=1456765838540 HTTP/1.1" 200 38
200.83.57.24 - - [29/Feb/2016:14:10:15 -0300] "POST /cormun/servlet/solicitudot?gx-no-cache=1456765803923 HTTP/1.1" 200 452
200.83.57.24 - - [29/Feb/2016:14:10:15 -0300] "GET /cormun/servlet/solicitudot?5c6674129ec76f5b290d575b99e0d24e7b95edf534281118ddeb1bf8bda244a75cb11b61ef78cf32a38e6b5f8c68c80e7ae129630fc14a001e04c2b9303b36c607778d78749080904a83231a7eb0f69a022ab146f79bb1e6a495768df40c639dd544dfb91cbdc19eab666cc39a30713a65362893dc08c2a45d6696df17529fbc96512cbfe03a774ca3d3d198ee06051d,gx-no-cache=1456765804006 HTTP/1.1" 200 38
186.103.159.44 - - [29/Feb/2016:14:10:44 -0300] "GET /cormun/servlet/solicitudot?ea00247db7c1df82e1491e50141ebc0f755f77732d6d6c7c8bd60fb6d94b3192b872d735a44bfe24de7f81e9e3f546538c3ac297820bdcbaf9d0903437654a9accf51748cd4fb2513d5e5adeeac03a310299bdcdc1fa1482713ff15b52300b8730359528b419ca0d4954ebcdc43d651e,gx-no-cache=1456765873353 HTTP/1.1" 200 29
186.103.159.44 - - [29/Feb/2016:14:10:48 -0300] "POST /cormun/servlet/solicitudot?gx-no-cache=1456765876568 HTTP/1.1" 200 1116
200.83.57.24 - - [29/Feb/2016:14:10:49 -0300] "GET /cormun/servlet/solicitudot?5c6674129ec76f5b290d575b99e0d24e0d62cff2fbbe2796ebe1ba5e48cfdfd1494d4a6dcf9147b178f139797a60330ce1e0247df1fef4da4859c0a4902ec0d0b2a193e2e01ce65df5cb1f5d0bfef3cf0201c37092737a3b23792b342163c468a2631305176da0a09dd44c9dd088f6d394eb3dafbec2332d00e255a0b45f8399da327e36a8b6132d8a6d3df675afc1d6025b05e371b8b52dc8b41bbf5419fe9c,gx-no-cache=1456765838084 HTTP/1.1" 200 29
200.83.57.24 - - [29/Feb/2016:14:10:51 -0300] "POST /cormun/servlet/solicitudot?gx-no-cache=1456765839695 HTTP/1.1" 200 1116
200.83.57.24 - - [29/Feb/2016:14:11:08 -0300] "GET /cormun/static/menuarrow.gif HTTP/1.1" 404 1015
191.112.16.10 - - [29/Feb/2016:14:11:10 -0300] "GET /cormun/servlet/hlogin HTTP/1.1" 200 1718
191.112.16.10 - - [29/Feb/2016:14:11:12 -0300] "POST /cormun/servlet/hlogin?27617f951aefbaebafb766f0cd9e3161,gx-no-cache=1456765933954 HTTP/1.1" 200 90
191.112.16.10 - - [29/Feb/2016:14:11:12 -0300] "GET /cormun/servlet/hpexe_link HTTP/1.1" 200 951
191.112.16.10 - - [29/Feb/2016:14:11:12 -0300] "GET /cormun/servlet/hhome HTTP/1.1" 200 3416
191.112.16.10 - - [29/Feb/2016:14:11:13 -0300] "GET /cormun/servlet/hhome HTTP/1.1" 200 3414
186.103.159.44 - - [29/Feb/2016:14:11:14 -0300] "GET /cormun/servlet/solicitudot?ea00247db7c1df82e1491e50141ebc0fdcb6ce4116cec2fd17d8bfaa2b323934ebb7a46e18adf950f713cc7675c7c0df79b185e40f2f1526b351af0bc9fc64df114c4d7fd0ff3ed757e1b83035bef059033bac5a091ad021ac6610433f8a84484b4982c60557ac75d3fc1aa0ce55432fbefa5599d6c125a4496639998ce876127f6bf8e418d60aa8045c03dda69036a22816abdc0aa3453124952be7c2f598cb86fa90bf91af99d94a006e5796c039f8,gx-no-cache=1456765902949 HTTP/1.1" 200 30
191.112.16.10 - - [29/Feb/2016:14:11:16 -0300] "GET /cormun/servlet/trsolicitudot? HTTP/1.1" 200 6129
191.112.16.10 - - [29/Feb/2016:14:11:17 -0300] "GET /cormun/servlet/trsolicitudot? HTTP/1.1" 200 6129
191.112.16.10 - - [29/Feb/2016:14:11:21 -0300] "GET /cormun/servlet/trautorizarsolicitud? HTTP/1.1" 200 6074
191.112.16.10 - - [29/Feb/2016:14:11:22 -0300] "GET /cormun/servlet/trautorizarsolicitud? HTTP/1.1" 200 6074
200.83.57.24 - - [29/Feb/2016:14:11:28 -0300] "GET /cormun/servlet/solicitudot?5c6674129ec76f5b290d575b99e0d24ed7496ab7e72ad497cd17a6ad9a110f635d32f5d038ead8039f1799227a78c632a5ca990d28a4a842cec66b31e937553c38890c534f831a5feecc18ebe471074f704475ffe42cddc27ddb68597bef119de6bca14c571cff80b774ae734ddb7edd143a767f3a8415bd0c9dcf9672020e4b2d0313dab9071037cd390858010ac1c8ce4ed382016e27a2b91524d6cad5634f1d55096a2bda49f6fed4ca3c4dd1d669,gx-no-cache=1456765876972 HTTP/1.1" 200 30
190.101.9.119 - - [29/Feb/2016:14:11:40 -0300] "GET /cormun/servlet/trsolicitudot? HTTP/1.1" 200 6385
191.112.16.10 - - [29/Feb/2016:14:11:42 -0300] "GET /cormun/servlet/trsolicitudot? HTTP/1.1" 200 6129
191.112.16.10 - - [29/Feb/2016:14:11:42 -0300] "GET /cormun/servlet/trsolicitudot? HTTP/1.1" 200 6129
186.78.34.36 - - [29/Feb/2016:14:11:45 -0300] "GET /cormun/static/menuarrow.gif HTTP/1.1" 404 1015
200.83.57.24 - - [29/Feb/2016:14:11:51 -0300] "POST /cormun/servlet/solicitudot?2ff0751351031a975bc32db8ab4c65dd,INS,0,0,,gx-no-cache=1456765899442 HTTP/1.1" 200 93
186.78.34.36 - - [29/Feb/2016:14:11:51 -0300] "POST /cormun/servlet/trsolicitudot?903c12355ac2a364f04c457db22458a2,,gx-no-cache=1456765936184 HTTP/1.1" 200 3450
200.83.57.24 - - [29/Feb/2016:14:11:51 -0300] "GET /cormun/servlet/hpexe_return? HTTP/1.1" 200 1005
200.83.57.24 - - [29/Feb/2016:14:11:51 -0300] "GET /cormun/servlet/trsolicitudot HTTP/1.1" 200 7805
200.83.57.24 - - [29/Feb/2016:14:11:51 -0300] "GET /cormun/servlet/trsolicitudot HTTP/1.1" 200 7801
200.83.57.24 - - [29/Feb/2016:14:11:54 -0300] "POST /cormun/servlet/trsolicitudot?2ff0751351031a975bc32db8ab4c65dd,gx-no-cache=1456765903598 HTTP/1.1" 200 104
200.83.57.24 - - [29/Feb/2016:14:11:55 -0300] "GET /cormun/servlet/solicitudot?UPD,2016,251, HTTP/1.1" 200 13410
200.83.57.24 - - [29/Feb/2016:14:11:55 -0300] "GET /cormun/servlet/solicitudot?UPD,2016,251, HTTP/1.1" 200 13419
200.83.57.24 - - [29/Feb/2016:14:11:56 -0300] "POST /cormun/servlet/solicitudot?gx-no-cache=1456765904716 HTTP/1.1" 200 2744
191.112.16.10 - - [29/Feb/2016:14:11:56 -0300] "POST /cormun/servlet/trsolicitudot?27617f951aefbaebafb766f0cd9e3161,,gx-no-cache=1456765977801 HTTP/1.1" 200 3458
200.83.57.24 - - [29/Feb/2016:14:11:56 -0300] "POST /cormun/servlet/solicitudot?2ff0751351031a975bc32db8ab4c65dd,UPD,2016,251,,gx-no-cache=1456765904925 HTTP/1.1" 200 10204
200.83.57.24 - - [29/Feb/2016:14:11:56 -0300] "GET /cormun/servlet/solicitudot?5c6674129ec76f5b290d575b99e0d24ef8d034f31e317ba525ece40d03e3848105d6240fdc7cd9c726156d674885c00d,gx-no-cache=1456765905135 HTTP/1.1" 200 30
200.83.57.24 - - [29/Feb/2016:14:11:56 -0300] "POST /cormun/servlet/solicitudot?gx-no-cache=1456765905183 HTTP/1.1" 200 30
200.83.57.24 - - [29/Feb/2016:14:11:56 -0300] "POST /cormun/servlet/solicitudot?gx-no-cache=1456765905230 HTTP/1.1" 200 30
191.112.16.10 - - [29/Feb/2016:14:11:56 -0300] "POST /cormun/servlet/trsolicitudot?27617f951aefbaebafb766f0cd9e3161,,gx-no-cache=1456765978109 HTTP/1.1" 200 3458
200.83.57.24 - - [29/Feb/2016:14:11:56 -0300] "POST /cormun/servlet/solicitudot?gx-no-cache=1456765905299 HTTP/1.1" 200 1154
200.83.57.24 - - [29/Feb/2016:14:11:56 -0300] "GET /cormun/servlet/solicitudot?5c6674129ec76f5b290d575b99e0d24e7b95edf534281118ddeb1bf8bda244a75cb11b61ef78cf32a38e6b5f8c68c80e7ae129630fc14a001e04c2b9303b36c607778d78749080904a83231a7eb0f69a022ab146f79bb1e6a495768df40c639dd544dfb91cbdc19eab666cc39a30713a65362893dc08c2a45d6696df17529fbc404b80cd945e010f365559d059c9797665aae9542e1de71424e2d2dcc14951dd,gx-no-cache=1456765905394 HTTP/1.1" 200 41
191.112.16.10 - - [29/Feb/2016:14:11:56 -0300] "POST /cormun/servlet/trsolicitudot?27617f951aefbaebafb766f0cd9e3161,,gx-no-cache=1456765978435 HTTP/1.1" 200 3459
191.112.16.10 - - [29/Feb/2016:14:11:57 -0300] "POST /cormun/servlet/trsolicitudot?27617f951aefbaebafb766f0cd9e3161,,gx-no-cache=1456765978756 HTTP/1.1" 200 3458
190.101.9.119 - - [29/Feb/2016:14:11:59 -0300] "POST /cormun/servlet/trsolicitudot?1e8a262f4985bdda5a0e843c9ebbb195,,gx-no-cache=1456765989388 HTTP/1.1" 200 3741
190.101.9.119 - - [29/Feb/2016:14:11:59 -0300] "POST /cormun/servlet/trsolicitudot?1e8a262f4985bdda5a0e843c9ebbb195,,gx-no-cache=1456765989775 HTTP/1.1" 200 3741
190.101.9.119 - - [29/Feb/2016:14:12:00 -0300] "POST /cormun/servlet/trsolicitudot?1e8a262f4985bdda5a0e843c9ebbb195,,gx-no-cache=1456765990439 HTTP/1.1" 200 3743
190.101.9.119 - - [29/Feb/2016:14:12:01 -0300] "POST /cormun/servlet/trsolicitudot?1e8a262f4985bdda5a0e843c9ebbb195,,gx-no-cache=1456765990851 HTTP/1.1" 200 3740
200.83.57.24 - - [29/Feb/2016:14:12:01 -0300] "GET /cormun/servlet/solicitudot?5c6674129ec76f5b290d575b99e0d24e4a4944cdacc97d55f996c1913094b7a51ba2df3c95b3942e5873e13aef78902bb85b30471043a9d1744d1685b29fb2f5156a75b0dcb361b04c99117559550fd9d379da2a5c100e0b9ad0b09eed65237925427f61b3e9d2f13ffb7456587a4329143a767f3a8415bd0c9dcf9672020e4b193442f0033aa2ca8e9c4acd2d6105973cac977e0495aebfacfb83e09c74aefb,gx-no-cache=1456765910547 HTTP/1.1" 200 29
200.83.57.24 - - [29/Feb/2016:14:12:01 -0300] "POST /cormun/servlet/solicitudot?gx-no-cache=1456765910590 HTTP/1.1" 200 1116
186.103.159.44 - - [29/Feb/2016:14:12:01 -0300] "POST /cormun/servlet/solicitudot?gx-no-cache=1456765950123 HTTP/1.1" 200 30
200.83.57.24 - - [29/Feb/2016:14:12:02 -0300] "GET /cormun/servlet/solicitudot?5c6674129ec76f5b290d575b99e0d24ed7496ab7e72ad497cd17a6ad9a110f635d32f5d038ead8039f1799227a78c632a5ca990d28a4a842cec66b31e937553c38890c534f831a5feecc18ebe471074f704475ffe42cddc27ddb68597bef119de6bca14c571cff80b774ae734ddb7edd143a767f3a8415bd0c9dcf9672020e4b2d0313dab9071037cd390858010ac1c8ce4ed382016e27a2b91524d6cad5634f548af62dac130b7543c78833dee9bc9c,gx-no-cache=1456765910671 HTTP/1.1" 200 32
186.103.159.44 - - [29/Feb/2016:14:12:02 -0300] "POST /cormun/servlet/solicitudot?gx-no-cache=1456765950555 HTTP/1.1" 200 1152
186.103.159.44 - - [29/Feb/2016:14:12:02 -0300] "GET /cormun/servlet/solicitudot?ea00247db7c1df82e1491e50141ebc0ff6df09323db21607c87f33bccd3f4494430fcb381e29c0769d8153a26cf6f8fd15aff7f70e553ff41cba6dfb63424efa7b2d8139c2002ad6325fce04e77232de34c3f41d649a7668fcbf86a8d49853509b048264ae2f617248f558bf2498f29fe97c5d3680e7b0f56a25293a19acb3955e435dd7ce1b6ddc3e83af071eaa025b8ab886432771b7c89890db63fd52725b,gx-no-cache=1456765950629 HTTP/1.1" 200 41
200.83.57.24 - - [29/Feb/2016:14:12:02 -0300] "POST /cormun/servlet/solicitudot?2ff0751351031a975bc32db8ab4c65dd,UPD,2016,251,,gx-no-cache=1456765910729 HTTP/1.1" 200 93
186.103.159.44 - - [29/Feb/2016:14:12:02 -0300] "POST /cormun/servlet/solicitudot?gx-no-cache=1456765950688 HTTP/1.1" 200 1115
200.83.57.24 - - [29/Feb/2016:14:12:02 -0300] "GET /cormun/servlet/hpexe_return? HTTP/1.1" 200 1011
186.103.159.44 - - [29/Feb/2016:14:12:02 -0300] "GET /cormun/servlet/solicitudot?ea00247db7c1df82e1491e50141ebc0fdcb6ce4116cec2fd17d8bfaa2b323934ebb7a46e18adf950f713cc7675c7c0df79b185e40f2f1526b351af0bc9fc64df114c4d7fd0ff3ed757e1b83035bef059033bac5a091ad021ac6610433f8a84484b4982c60557ac75d3fc1aa0ce55432fbefa5599d6c125a4496639998ce876127f6bf8e418d60aa8045c03dda69036a22816abdc0aa3453124952be7c2f598cb86fa90bf91af99d94a006e5796c039f8,gx-no-cache=1456765950764 HTTP/1.1" 200 30
200.83.57.24 - - [29/Feb/2016:14:12:02 -0300] "GET /cormun/servlet/trsolicitudot HTTP/1.1" 200 7805
186.103.159.44 - - [29/Feb/2016:14:12:02 -0300] "POST /cormun/servlet/solicitudot?bf12fed8003220947363addfe114fc79,INS,0,0,,gx-no-cache=1456765950805 HTTP/1.1" 200 93
186.103.159.44 - - [29/Feb/2016:14:12:02 -0300] "GET /cormun/servlet/hpexe_return? HTTP/1.1" 200 1008
186.103.159.44 - - [29/Feb/2016:14:12:02 -0300] "GET /cormun/servlet/trsolicitudot? HTTP/1.1" 200 8006
200.83.57.24 - - [29/Feb/2016:14:12:02 -0300] "GET /cormun/servlet/trsolicitudot HTTP/1.1" 200 7801
200.83.57.24 - - [29/Feb/2016:14:12:06 -0300] "POST /cormun/servlet/trsolicitudot?2ff0751351031a975bc32db8ab4c65dd,gx-no-cache=1456765914634 HTTP/1.1" 200 104
200.83.57.24 - - [29/Feb/2016:14:12:06 -0300] "GET /cormun/servlet/solicitudot?UPD,2016,250, HTTP/1.1" 200 13396
186.103.159.44 - - [29/Feb/2016:14:12:06 -0300] "POST /cormun/servlet/trsolicitudot?bf12fed8003220947363addfe114fc79,,gx-no-cache=1456765954792 HTTP/1.1" 200 5472
200.83.57.24 - - [29/Feb/2016:14:12:06 -0300] "GET /cormun/servlet/solicitudot?UPD,2016,250, HTTP/1.1" 200 13405
186.103.159.44 - - [29/Feb/2016:14:12:06 -0300] "POST /cormun/servlet/trsolicitudot?bf12fed8003220947363addfe114fc79,,gx-no-cache=1456765955095 HTTP/1.1" 200 5473
186.103.159.44 - - [29/Feb/2016:14:12:07 -0300] "POST /cormun/servlet/trsolicitudot?bf12fed8003220947363addfe114fc79,,gx-no-cache=1456765955441 HTTP/1.1" 200 5473
200.83.57.24 - - [29/Feb/2016:14:12:07 -0300] "POST /cormun/servlet/solicitudot?gx-no-cache=1456765915662 HTTP/1.1" 200 2744
200.83.57.24 - - [29/Feb/2016:14:12:07 -0300] "POST /cormun/servlet/solicitudot?2ff0751351031a975bc32db8ab4c65dd,UPD,2016,250,,gx-no-cache=1456765915864 HTTP/1.1" 200 10193
186.103.159.44 - - [29/Feb/2016:14:12:07 -0300] "POST /cormun/servlet/trsolicitudot?bf12fed8003220947363addfe114fc79,,gx-no-cache=1456765955788 HTTP/1.1" 200 5472
200.83.57.24 - - [29/Feb/2016:14:12:07 -0300] "GET /cormun/servlet/solicitudot?5c6674129ec76f5b290d575b99e0d24ef8d034f31e317ba525ece40d03e3848105d6240fdc7cd9c726156d674885c00d,gx-no-cache=1456765916079 HTTP/1.1" 200 30
200.83.57.24 - - [29/Feb/2016:14:12:07 -0300] "POST /cormun/servlet/solicitudot?gx-no-cache=1456765916125 HTTP/1.1" 200 30
200.83.57.24 - - [29/Feb/2016:14:12:07 -0300] "POST /cormun/servlet/solicitudot?gx-no-cache=1456765916175 HTTP/1.1" 200 30
200.83.57.24 - - [29/Feb/2016:14:12:07 -0300] "POST /cormun/servlet/solicitudot?gx-no-cache=1456765916226 HTTP/1.1" 200 1154
200.83.57.24 - - [29/Feb/2016:14:12:07 -0300] "GET /cormun/servlet/solicitudot?5c6674129ec76f5b290d575b99e0d24e7b95edf534281118ddeb1bf8bda244a75cb11b61ef78cf32a38e6b5f8c68c80e7ae129630fc14a001e04c2b9303b36c607778d78749080904a83231a7eb0f69a022ab146f79bb1e6a495768df40c639dd544dfb91cbdc19eab666cc39a30713a65362893dc08c2a45d6696df17529fbc404b80cd945e010f365559d059c9797665aae9542e1de71424e2d2dcc14951dd,gx-no-cache=1456765916317 HTTP/1.1" 200 41
186.103.159.44 - - [29/Feb/2016:14:12:07 -0300] "POST /cormun/servlet/trsolicitudot?bf12fed8003220947363addfe114fc79,,gx-no-cache=1456765956161 HTTP/1.1" 200 5473
186.103.159.44 - - [29/Feb/2016:14:12:08 -0300] "POST /cormun/servlet/trsolicitudot?bf12fed8003220947363addfe114fc79,,gx-no-cache=1456765956577 HTTP/1.1" 200 5470
186.103.159.44 - - [29/Feb/2016:14:12:08 -0300] "POST /cormun/servlet/trsolicitudot?bf12fed8003220947363addfe114fc79,,gx-no-cache=1456765957009 HTTP/1.1" 200 5472
200.83.57.24 - - [29/Feb/2016:14:12:08 -0300] "POST /cormun/servlet/solicitudot?2ff0751351031a975bc32db8ab4c65dd,UPD,2016,250,,gx-no-cache=1456765917544 HTTP/1.1" 200 93
200.83.57.24 - - [29/Feb/2016:14:12:09 -0300] "GET /cormun/servlet/hpexe_return? HTTP/1.1" 200 1011
186.103.159.44 - - [29/Feb/2016:14:12:09 -0300] "POST /cormun/servlet/trsolicitudot?bf12fed8003220947363addfe114fc79,,gx-no-cache=1456765957487 HTTP/1.1" 200 104
200.83.57.24 - - [29/Feb/2016:14:12:09 -0300] "GET /cormun/servlet/trsolicitudot HTTP/1.1" 200 7805
200.83.57.24 - - [29/Feb/2016:14:12:09 -0300] "GET /cormun/servlet/trsolicitudot HTTP/1.1" 200 7801
186.103.159.44 - - [29/Feb/2016:14:12:12 -0300] "GET /cormun/servlet/solicitudot?UPD,2016,252, HTTP/1.1" 200 13297
190.101.9.119 - - [29/Feb/2016:14:12:12 -0300] "POST /cormun/servlet/trsolicitudot?1e8a262f4985bdda5a0e843c9ebbb195,,gx-no-cache=1456766002477 HTTP/1.1" 200 3740
186.103.159.44 - - [29/Feb/2016:14:12:14 -0300] "POST /cormun/servlet/solicitudot?gx-no-cache=1456765962492 HTTP/1.1" 200 2750
186.103.159.44 - - [29/Feb/2016:14:12:14 -0300] "POST /cormun/servlet/solicitudot?bf12fed8003220947363addfe114fc79,UPD,2016,252,,gx-no-cache=1456765962683 HTTP/1.1" 200 10150
186.103.159.44 - - [29/Feb/2016:14:12:14 -0300] "GET /cormun/servlet/solicitudot?ea00247db7c1df82e1491e50141ebc0f49c649cbdb1f66e2bf819818ccb7f8ce31ed27cc0b395868ffee71bedba762dc,gx-no-cache=1456765962905 HTTP/1.1" 200 30
186.103.159.44 - - [29/Feb/2016:14:12:14 -0300] "POST /cormun/servlet/solicitudot?gx-no-cache=1456765962966 HTTP/1.1" 200 30
186.103.159.44 - - [29/Feb/2016:14:12:14 -0300] "POST /cormun/servlet/solicitudot?gx-no-cache=1456765962994 HTTP/1.1" 200 30
186.103.159.44 - - [29/Feb/2016:14:12:14 -0300] "POST /cormun/servlet/solicitudot?gx-no-cache=1456765963052 HTTP/1.1" 200 1152
186.103.159.44 - - [29/Feb/2016:14:12:14 -0300] "GET /cormun/servlet/solicitudot?ea00247db7c1df82e1491e50141ebc0ff6df09323db21607c87f33bccd3f4494430fcb381e29c0769d8153a26cf6f8fd15aff7f70e553ff41cba6dfb63424efa7b2d8139c2002ad6325fce04e77232de34c3f41d649a7668fcbf86a8d49853509b048264ae2f617248f558bf2498f29fe97c5d3680e7b0f56a25293a19acb3955e435dd7ce1b6ddc3e83af071eaa025b8ab886432771b7c89890db63fd52725b,gx-no-cache=1456765963089 HTTP/1.1" 200 41
191.112.16.10 - - [29/Feb/2016:14:12:18 -0300] "POST /cormun/servlet/trsolicitudot?27617f951aefbaebafb766f0cd9e3161,,gx-no-cache=1456766000431 HTTP/1.1" 200 3457
191.112.16.10 - - [29/Feb/2016:14:12:19 -0300] "POST /cormun/servlet/trsolicitudot?27617f951aefbaebafb766f0cd9e3161,,gx-no-cache=1456766000806 HTTP/1.1" 200 3458
191.112.16.10 - - [29/Feb/2016:14:12:19 -0300] "POST /cormun/servlet/trsolicitudot?27617f951aefbaebafb766f0cd9e3161,,gx-no-cache=1456766001151 HTTP/1.1" 200 3458
191.112.16.10 - - [29/Feb/2016:14:12:19 -0300] "POST /cormun/servlet/trsolicitudot?27617f951aefbaebafb766f0cd9e3161,,gx-no-cache=1456766001477 HTTP/1.1" 200 3458
186.78.34.36 - - [29/Feb/2016:14:12:21 -0300] "GET /cormun/servlet/trsolicitudot? HTTP/1.1" 200 6102
186.78.34.36 - - [29/Feb/2016:14:12:22 -0300] "GET /cormun/servlet/trsolicitudot? HTTP/1.1" 200 6102
190.101.9.119 - - [29/Feb/2016:14:12:23 -0300] "GET /cormun/servlet/trsolicitudot?a905fa4ef5b40b7b5177161e2589b6d65a254df6188dfe7dfbd8766cbff5d53f975e8e5d3229d402f44e1526fa8712b68595cbbb4cd19c4c603a17214ed850220c0aea33d7bf81732d14ff51d381f61a,gx-no-cache=1456766013059 HTTP/1.1" 200 720
186.103.159.44 - - [29/Feb/2016:14:12:28 -0300] "POST /cormun/servlet/solicitudot?bf12fed8003220947363addfe114fc79,UPD,2016,252,,gx-no-cache=1456765976523 HTTP/1.1" 200 93
186.103.159.44 - - [29/Feb/2016:14:12:28 -0300] "GET /cormun/servlet/hpexe_return? HTTP/1.1" 200 1012
186.103.159.44 - - [29/Feb/2016:14:12:28 -0300] "GET /cormun/servlet/trsolicitudot? HTTP/1.1" 200 8006
186.78.34.36 - - [29/Feb/2016:14:12:29 -0300] "POST /cormun/servlet/trsolicitudot?903c12355ac2a364f04c457db22458a2,,gx-no-cache=1456765974954 HTTP/1.1" 200 3450
186.78.34.36 - - [29/Feb/2016:14:12:30 -0300] "POST /cormun/servlet/trsolicitudot?903c12355ac2a364f04c457db22458a2,,gx-no-cache=1456765975341 HTTP/1.1" 200 3449
186.78.34.36 - - [29/Feb/2016:14:12:30 -0300] "POST /cormun/servlet/trsolicitudot?903c12355ac2a364f04c457db22458a2,,gx-no-cache=1456765975667 HTTP/1.1" 200 3450
200.83.57.24 - - [29/Feb/2016:14:12:30 -0300] "POST /cormun/servlet/trsolicitudot?2ff0751351031a975bc32db8ab4c65dd,gx-no-cache=1456765939057 HTTP/1.1" 200 105
200.83.57.24 - - [29/Feb/2016:14:12:30 -0300] "GET /cormun/servlet/trsolicitudadjuntos?2016,250, HTTP/1.1" 200 5477
200.83.57.24 - - [29/Feb/2016:14:12:30 -0300] "GET /cormun/static/gxcfg.js?201511221058652 HTTP/1.1" 304 -
200.83.57.24 - - [29/Feb/2016:14:12:30 -0300] "GET /cormun/static/trsolicitudadjuntos.js?201511221058899 HTTP/1.1" 304 -
186.78.34.36 - - [29/Feb/2016:14:12:30 -0300] "POST /cormun/servlet/trsolicitudot?903c12355ac2a364f04c457db22458a2,,gx-no-cache=1456765975998 HTTP/1.1" 200 3450
200.83.57.24 - - [29/Feb/2016:14:12:31 -0300] "GET /cormun/servlet/trsolicitudadjuntos?2016,250, HTTP/1.1" 200 5477
186.78.34.36 - - [29/Feb/2016:14:12:31 -0300] "POST /cormun/servlet/trsolicitudot?903c12355ac2a364f04c457db22458a2,,gx-no-cache=1456765976326 HTTP/1.1" 200 3450
186.78.34.36 - - [29/Feb/2016:14:12:31 -0300] "POST /cormun/servlet/trsolicitudot?903c12355ac2a364f04c457db22458a2,,gx-no-cache=1456765976686 HTTP/1.1" 200 3450
186.78.34.36 - - [29/Feb/2016:14:12:31 -0300] "POST /cormun/servlet/trsolicitudot?903c12355ac2a364f04c457db22458a2,,gx-no-cache=1456765977019 HTTP/1.1" 200 3449
186.78.34.36 - - [29/Feb/2016:14:12:32 -0300] "POST /cormun/servlet/trsolicitudot?903c12355ac2a364f04c457db22458a2,,gx-no-cache=1456765977354 HTTP/1.1" 200 103
186.78.34.36 - - [29/Feb/2016:14:12:32 -0300] "GET /cormun/SolicitudOT-7025.xls HTTP/1.1" 200 4608
186.103.159.44 - - [29/Feb/2016:14:12:34 -0300] "POST /cormun/servlet/trsolicitudot?bf12fed8003220947363addfe114fc79,,gx-no-cache=1456765982446 HTTP/1.1" 200 5472
186.103.159.44 - - [29/Feb/2016:14:12:34 -0300] "POST /cormun/servlet/trsolicitudot?bf12fed8003220947363addfe114fc79,,gx-no-cache=1456765982729 HTTP/1.1" 200 5473
186.103.159.44 - - [29/Feb/2016:14:12:34 -0300] "POST /cormun/servlet/trsolicitudot?bf12fed8003220947363addfe114fc79,,gx-no-cache=1456765983017 HTTP/1.1" 200 5472
186.103.159.44 - - [29/Feb/2016:14:12:34 -0300] "POST /cormun/servlet/trsolicitudot?bf12fed8003220947363addfe114fc79,,gx-no-cache=1456765983351 HTTP/1.1" 200 5472
186.103.159.44 - - [29/Feb/2016:14:12:35 -0300] "POST /cormun/servlet/trsolicitudot?bf12fed8003220947363addfe114fc79,,gx-no-cache=1456765983707 HTTP/1.1" 200 5472
186.103.159.44 - - [29/Feb/2016:14:12:36 -0300] "POST /cormun/servlet/trsolicitudot?bf12fed8003220947363addfe114fc79,,gx-no-cache=1456765984146 HTTP/1.1" 200 5473
186.103.159.44 - - [29/Feb/2016:14:12:36 -0300] "POST /cormun/servlet/trsolicitudot?bf12fed8003220947363addfe114fc79,,gx-no-cache=1456765984959 HTTP/1.1" 200 5473
186.103.159.44 - - [29/Feb/2016:14:12:36 -0300] "POST /cormun/servlet/trsolicitudot?bf12fed8003220947363addfe114fc79,,gx-no-cache=1456765985443 HTTP/1.1" 200 105
186.103.159.44 - - [29/Feb/2016:14:12:40 -0300] "GET /cormun/servlet/trsolicitudadjuntos?2016,252, HTTP/1.1" 200 5352
186.103.159.44 - - [29/Feb/2016:14:12:42 -0300] "GET /cormun/servlet/solicitudotadjuntos?INS,2016,252,,1, HTTP/1.1" 200 5412
186.103.159.44 - - [29/Feb/2016:14:12:42 -0300] "HEAD /cormun/static/about:blank HTTP/1.1" 404 -
186.103.159.44 - - [29/Feb/2016:14:12:43 -0300] "GET /cormun/servlet/solicitudotadjuntos?ea00247db7c1df82e1491e50141ebc0f87f990471e38f3dcc6cc4652c53db2a48ab886432771b7c89890db63fd52725b,gx-no-cache=1456765992250 HTTP/1.1" 200 30
186.103.159.44 - - [29/Feb/2016:14:12:44 -0300] "POST /cormun/servlet/solicitudotadjuntos?bf12fed8003220947363addfe114fc79,INS,2016,252,,1,,gx-no-cache=1456765992519 HTTP/1.1" 200 3290
186.103.159.44 - - [29/Feb/2016:14:12:46 -0300] "POST /cormun/servlet/solicitudotadjuntos?gx-no-cache=1456765995331 HTTP/1.1" 200 26
186.78.34.36 - - [29/Feb/2016:14:12:49 -0300] "GET /cormun/servlet/solicitudot?INS,0,0, HTTP/1.1" 200 12024
186.78.34.36 - - [29/Feb/2016:14:12:49 -0300] "GET /cormun/servlet/solicitudot?INS,0,0, HTTP/1.1" 200 12028
200.83.57.24 - - [29/Feb/2016:14:12:53 -0300] "GET /cormun/servlet/solicitudotadjuntos?INS,2016,250,,2, HTTP/1.1" 200 5533
200.83.57.24 - - [29/Feb/2016:14:12:53 -0300] "GET /cormun/static/gxcfg.js?201614180754 HTTP/1.1" 304 -
200.83.57.24 - - [29/Feb/2016:14:12:53 -0300] "GET /cormun/static/solicitudotadjuntos.js?201614180772 HTTP/1.1" 304 -
200.83.57.24 - - [29/Feb/2016:14:12:54 -0300] "GET /cormun/static/about:blank HTTP/1.1" 404 1011
200.83.57.24 - - [29/Feb/2016:14:12:54 -0300] "GET /cormun/servlet/solicitudotadjuntos?INS,2016,250,,2, HTTP/1.1" 200 5527
200.83.57.24 - - [29/Feb/2016:14:12:54 -0300] "GET /cormun/servlet/solicitudotadjuntos?5c6674129ec76f5b290d575b99e0d24e0ef3ee12c2b743fd346b3819fc79d9a765aae9542e1de71424e2d2dcc14951dd,gx-no-cache=1456765963369 HTTP/1.1" 200 30
200.83.57.24 - - [29/Feb/2016:14:12:54 -0300] "POST /cormun/servlet/solicitudotadjuntos?2ff0751351031a975bc32db8ab4c65dd,INS,2016,250,,2,,gx-no-cache=1456765963443 HTTP/1.1" 200 3495
190.101.9.119 - - [29/Feb/2016:14:12:56 -0300] "GET /cormun/servlet/trautorizarsolicitud? HTTP/1.1" 200 6326
190.101.9.119 - - [29/Feb/2016:14:12:56 -0300] "GET /cormun/static/gxcfg.js?2016224124647 HTTP/1.1" 200 953
190.101.9.119 - - [29/Feb/2016:14:12:56 -0300] "GET /cormun/static/Resources/Spanish/PXTools.css?12395978 HTTP/1.1" 200 89042
190.101.9.119 - - [29/Feb/2016:14:12:56 -0300] "GET /cormun/static/trautorizarsolicitud.js?20162241246932 HTTP/1.1" 200 45302
190.101.9.119 - - [29/Feb/2016:14:12:58 -0300] "POST /cormun/servlet/acontrolpreferencessavestate?None,MAGUERREBERE,true HTTP/1.1" 200 35
186.103.159.44 - - [29/Feb/2016:14:12:59 -0300] "GET /cormun/servlet/solicitudotadjuntos?ea00247db7c1df82e1491e50141ebc0f536a1ad20fc569cb3cc01ce3ca2f1be2,gx-no-cache=1456766007599 HTTP/1.1" 200 30
186.103.159.44 - - [29/Feb/2016:14:12:59 -0300] "GET /cormun/servlet/solicitudotadjuntos?ea00247db7c1df82e1491e50141ebc0f536a1ad20fc569cb3cc01ce3ca2f1be2,gx-no-cache=1456766007617 HTTP/1.1" 200 30
186.103.159.44 - - [29/Feb/2016:14:12:59 -0300] "POST /cormun/servlet/solicitudotadjuntos?bf12fed8003220947363addfe114fc79,INS,2016,252,,1, HTTP/1.1" 200 116
186.103.159.44 - - [29/Feb/2016:14:12:59 -0300] "GET /cormun/servlet/hpexe_return? HTTP/1.1" 200 1024
186.103.159.44 - - [29/Feb/2016:14:12:59 -0300] "GET /cormun/servlet/trsolicitudadjuntos?2016,252, HTTP/1.1" 200 7234
191.112.16.10 - - [29/Feb/2016:14:13:02 -0300] "GET /cormun/servlet/hlogin HTTP/1.1" 200 1736
186.103.159.44 - - [29/Feb/2016:14:13:03 -0300] "GET /cormun/servlet/solicitudotadjuntos?INS,2016,252,,1, HTTP/1.1" 200 5412
186.103.159.44 - - [29/Feb/2016:14:13:03 -0300] "HEAD /cormun/static/about:blank HTTP/1.1" 404 -
191.112.16.10 - - [29/Feb/2016:14:13:04 -0300] "POST /cormun/servlet/hlogin?27617f951aefbaebafb766f0cd9e3161,gx-no-cache=1456766046011 HTTP/1.1" 200 90
186.103.159.44 - - [29/Feb/2016:14:13:04 -0300] "GET /cormun/servlet/solicitudotadjuntos?ea00247db7c1df82e1491e50141ebc0f87f990471e38f3dcc6cc4652c53db2a48ab886432771b7c89890db63fd52725b,gx-no-cache=1456766012866 HTTP/1.1" 200 30
191.112.16.10 - - [29/Feb/2016:14:13:04 -0300] "GET /cormun/servlet/hpexe_link HTTP/1.1" 200 958
186.103.159.44 - - [29/Feb/2016:14:13:04 -0300] "POST /cormun/servlet/solicitudotadjuntos?bf12fed8003220947363addfe114fc79,INS,2016,252,,1,,gx-no-cache=1456766012909 HTTP/1.1" 200 3290
191.112.16.10 - - [29/Feb/2016:14:13:04 -0300] "GET /cormun/servlet/trsolicitudot? HTTP/1.1" 200 6130
191.112.16.10 - - [29/Feb/2016:14:13:05 -0300] "GET /cormun/servlet/trsolicitudot? HTTP/1.1" 200 6129
191.112.16.10 - - [29/Feb/2016:14:13:07 -0300] "GET /cormun/servlet/wbsecusr01? HTTP/1.1" 200 5080
191.112.16.10 - - [29/Feb/2016:14:13:07 -0300] "GET /cormun/static/scaMessage/css/jquery-ui.css?104140 HTTP/1.1" 404 1045
186.103.159.44 - - [29/Feb/2016:14:13:08 -0300] "POST /cormun/servlet/solicitudotadjuntos?gx-no-cache=1456766016519 HTTP/1.1" 200 26
186.78.34.36 - - [29/Feb/2016:14:13:10 -0300] "GET /cormun/servlet/trsolicitudot? HTTP/1.1" 200 6102
186.78.34.36 - - [29/Feb/2016:14:13:11 -0300] "GET /cormun/servlet/trsolicitudot? HTTP/1.1" 200 6102
186.103.159.44 - - [29/Feb/2016:14:13:13 -0300] "GET /cormun/servlet/solicitudotadjuntos?ea00247db7c1df82e1491e50141ebc0f536a1ad20fc569cb3cc01ce3ca2f1be2,gx-no-cache=1456766022127 HTTP/1.1" 200 30
186.78.34.36 - - [29/Feb/2016:14:13:13 -0300] "GET /cormun/servlet/trsolicitudot? HTTP/1.1" 200 6102
186.103.159.44 - - [29/Feb/2016:14:13:13 -0300] "GET /cormun/servlet/solicitudotadjuntos?ea00247db7c1df82e1491e50141ebc0f536a1ad20fc569cb3cc01ce3ca2f1be2,gx-no-cache=1456766022155 HTTP/1.1" 200 30
186.103.159.44 - - [29/Feb/2016:14:13:13 -0300] "POST /cormun/servlet/solicitudotadjuntos?bf12fed8003220947363addfe114fc79,INS,2016,252,,1, HTTP/1.1" 200 116
186.103.159.44 - - [29/Feb/2016:14:13:13 -0300] "GET /cormun/servlet/hpexe_return? HTTP/1.1" 200 1024
186.103.159.44 - - [29/Feb/2016:14:13:14 -0300] "GET /cormun/servlet/trsolicitudadjuntos?2016,252, HTTP/1.1" 200 7416
186.78.34.36 - - [29/Feb/2016:14:13:14 -0300] "GET /cormun/servlet/trsolicitudot? HTTP/1.1" 200 6102
191.112.16.10 - - [29/Feb/2016:14:13:15 -0300] "GET /cormun/servlet/hhome HTTP/1.1" 200 3415
191.112.16.10 - - [29/Feb/2016:14:13:15 -0300] "GET /cormun/servlet/hhome HTTP/1.1" 200 3414
186.103.159.44 - - [29/Feb/2016:14:13:16 -0300] "GET /cormun/servlet/solicitudotadjuntos?INS,2016,252,,1, HTTP/1.1" 200 5412
186.103.159.44 - - [29/Feb/2016:14:13:16 -0300] "HEAD /cormun/static/about:blank HTTP/1.1" 404 -
186.103.159.44 - - [29/Feb/2016:14:13:17 -0300] "GET /cormun/servlet/solicitudotadjuntos?ea00247db7c1df82e1491e50141ebc0f87f990471e38f3dcc6cc4652c53db2a48ab886432771b7c89890db63fd52725b,gx-no-cache=1456766025977 HTTP/1.1" 200 30
186.103.159.44 - - [29/Feb/2016:14:13:17 -0300] "POST /cormun/servlet/solicitudotadjuntos?bf12fed8003220947363addfe114fc79,INS,2016,252,,1,,gx-no-cache=1456766026041 HTTP/1.1" 200 3290
186.78.34.36 - - [29/Feb/2016:14:13:19 -0300] "GET /cormun/Manuales/manual.pdf HTTP/1.1" 206 32768
191.112.16.10 - - [29/Feb/2016:14:13:20 -0300] "GET /cormun/servlet/trvisualizadoreventos? HTTP/1.1" 200 5926
191.112.16.10 - - [29/Feb/2016:14:13:20 -0300] "GET /cormun/servlet/trvisualizadoreventos? HTTP/1.1" 200 5926
186.103.159.44 - - [29/Feb/2016:14:13:20 -0300] "POST /cormun/servlet/solicitudotadjuntos?gx-no-cache=1456766029431 HTTP/1.1" 200 26
190.101.9.119 - - [29/Feb/2016:14:13:20 -0300] "GET /cormun/static/menuarrow.gif HTTP/1.1" 404 1015
186.78.34.36 - - [29/Feb/2016:14:13:21 -0300] "GET /cormun/Manuales/manual.pdf HTTP/1.1" 206 817527
186.103.159.44 - - [29/Feb/2016:14:13:30 -0300] "GET /cormun/servlet/solicitudotadjuntos?ea00247db7c1df82e1491e50141ebc0f536a1ad20fc569cb3cc01ce3ca2f1be2,gx-no-cache=1456766038911 HTTP/1.1" 200 30
186.103.159.44 - - [29/Feb/2016:14:13:30 -0300] "GET /cormun/servlet/solicitudotadjuntos?ea00247db7c1df82e1491e50141ebc0f536a1ad20fc569cb3cc01ce3ca2f1be2,gx-no-cache=1456766038928 HTTP/1.1" 200 30
186.103.159.44 - - [29/Feb/2016:14:13:30 -0300] "POST /cormun/servlet/solicitudotadjuntos?bf12fed8003220947363addfe114fc79,INS,2016,252,,1, HTTP/1.1" 200 116
186.103.159.44 - - [29/Feb/2016:14:13:31 -0300] "GET /cormun/servlet/hpexe_return? HTTP/1.1" 200 1024
186.103.159.44 - - [29/Feb/2016:14:13:31 -0300] "GET /cormun/servlet/trsolicitudadjuntos?2016,252, HTTP/1.1" 200 7568
190.101.9.119 - - [29/Feb/2016:14:13:32 -0300] "POST /cormun/servlet/trautorizarsolicitud?1e8a262f4985bdda5a0e843c9ebbb195,,gx-no-cache=1456766082147 HTTP/1.1" 200 3716
190.101.9.119 - - [29/Feb/2016:14:13:32 -0300] "POST /cormun/servlet/trautorizarsolicitud?1e8a262f4985bdda5a0e843c9ebbb195,,gx-no-cache=1456766082468 HTTP/1.1" 200 3716
186.103.159.44 - - [29/Feb/2016:14:13:34 -0300] "GET /cormun/servlet/solicitudotadjuntos?INS,2016,252,,1, HTTP/1.1" 200 5412
186.103.159.44 - - [29/Feb/2016:14:13:34 -0300] "HEAD /cormun/static/about:blank HTTP/1.1" 404 -
186.103.159.44 - - [29/Feb/2016:14:13:35 -0300] "GET /cormun/servlet/solicitudotadjuntos?ea00247db7c1df82e1491e50141ebc0f87f990471e38f3dcc6cc4652c53db2a48ab886432771b7c89890db63fd52725b,gx-no-cache=1456766043681 HTTP/1.1" 200 30
186.103.159.44 - - [29/Feb/2016:14:13:35 -0300] "POST /cormun/servlet/solicitudotadjuntos?bf12fed8003220947363addfe114fc79,INS,2016,252,,1,,gx-no-cache=1456766043708 HTTP/1.1" 200 3290
186.103.159.44 - - [29/Feb/2016:14:13:38 -0300] "POST /cormun/servlet/solicitudotadjuntos?gx-no-cache=1456766046911 HTTP/1.1" 200 26
186.103.159.44 - - [29/Feb/2016:14:13:44 -0300] "GET /cormun/servlet/solicitudotadjuntos?ea00247db7c1df82e1491e50141ebc0f536a1ad20fc569cb3cc01ce3ca2f1be2,gx-no-cache=1456766053278 HTTP/1.1" 200 30
186.103.159.44 - - [29/Feb/2016:14:13:45 -0300] "GET /cormun/servlet/solicitudotadjuntos?ea00247db7c1df82e1491e50141ebc0f536a1ad20fc569cb3cc01ce3ca2f1be2,gx-no-cache=1456766053516 HTTP/1.1" 200 30
186.103.159.44 - - [29/Feb/2016:14:13:45 -0300] "POST /cormun/servlet/solicitudotadjuntos?bf12fed8003220947363addfe114fc79,INS,2016,252,,1, HTTP/1.1" 200 116
186.103.159.44 - - [29/Feb/2016:14:13:45 -0300] "GET /cormun/servlet/hpexe_return? HTTP/1.1" 200 1024
186.103.159.44 - - [29/Feb/2016:14:13:45 -0300] "GET /cormun/servlet/trsolicitudadjuntos?2016,252, HTTP/1.1" 200 7682
200.83.57.24 - - [29/Feb/2016:14:13:47 -0300] "GET /cormun/servlet/trsolicitudot? HTTP/1.1" 200 7811
200.83.57.24 - - [29/Feb/2016:14:13:48 -0300] "GET /cormun/servlet/trsolicitudot? HTTP/1.1" 200 7801
186.103.159.44 - - [29/Feb/2016:14:13:48 -0300] "GET /cormun/servlet/solicitudotadjuntos?INS,2016,252,,1, HTTP/1.1" 200 5412
186.103.159.44 - - [29/Feb/2016:14:13:49 -0300] "HEAD /cormun/static/about:blank HTTP/1.1" 404 -
186.103.159.44 - - [29/Feb/2016:14:13:49 -0300] "GET /cormun/servlet/solicitudotadjuntos?ea00247db7c1df82e1491e50141ebc0f87f990471e38f3dcc6cc4652c53db2a48ab886432771b7c89890db63fd52725b,gx-no-cache=1456766058325 HTTP/1.1" 200 30
186.103.159.44 - - [29/Feb/2016:14:13:49 -0300] "POST /cormun/servlet/solicitudotadjuntos?bf12fed8003220947363addfe114fc79,INS,2016,252,,1,,gx-no-cache=1456766058391 HTTP/1.1" 200 3290
186.103.159.44 - - [29/Feb/2016:14:13:53 -0300] "POST /cormun/servlet/solicitudotadjuntos?gx-no-cache=1456766061703 HTTP/1.1" 200 26
190.101.9.119 - - [29/Feb/2016:14:13:56 -0300] "POST /cormun/servlet/trautorizarsolicitud?1e8a262f4985bdda5a0e843c9ebbb195,,gx-no-cache=1456766106119 HTTP/1.1" 200 3718
190.101.9.119 - - [29/Feb/2016:14:13:56 -0300] "POST /cormun/servlet/trautorizarsolicitud?1e8a262f4985bdda5a0e843c9ebbb195,,gx-no-cache=1456766106456 HTTP/1.1" 200 3717
190.101.9.119 - - [29/Feb/2016:14:13:56 -0300] "POST /cormun/servlet/trautorizarsolicitud?1e8a262f4985bdda5a0e843c9ebbb195,,gx-no-cache=1456766106764 HTTP/1.1" 200 3717
186.103.159.44 - - [29/Feb/2016:14:13:58 -0300] "GET /cormun/servlet/solicitudotadjuntos?ea00247db7c1df82e1491e50141ebc0f536a1ad20fc569cb3cc01ce3ca2f1be2,gx-no-cache=1456766066895 HTTP/1.1" 200 30
186.103.159.44 - - [29/Feb/2016:14:13:58 -0300] "GET /cormun/servlet/solicitudotadjuntos?ea00247db7c1df82e1491e50141ebc0f536a1ad20fc569cb3cc01ce3ca2f1be2,gx-no-cache=1456766066921 HTTP/1.1" 200 30
186.103.159.44 - - [29/Feb/2016:14:13:58 -0300] "POST /cormun/servlet/solicitudotadjuntos?bf12fed8003220947363addfe114fc79,INS,2016,252,,1, HTTP/1.1" 200 116
186.103.159.44 - - [29/Feb/2016:14:13:58 -0300] "GET /cormun/servlet/hpexe_return? HTTP/1.1" 200 1024
186.103.159.44 - - [29/Feb/2016:14:13:58 -0300] "GET /cormun/servlet/trsolicitudadjuntos?2016,252, HTTP/1.1" 200 7809
186.103.159.44 - - [29/Feb/2016:14:14:01 -0300] "GET /cormun/servlet/solicitudotadjuntos?INS,2016,252,,1, HTTP/1.1" 200 5412
186.103.159.44 - - [29/Feb/2016:14:14:01 -0300] "HEAD /cormun/static/about:blank HTTP/1.1" 404 -
186.103.159.44 - - [29/Feb/2016:14:14:02 -0300] "GET /cormun/servlet/solicitudotadjuntos?ea00247db7c1df82e1491e50141ebc0f87f990471e38f3dcc6cc4652c53db2a48ab886432771b7c89890db63fd52725b,gx-no-cache=1456766070823 HTTP/1.1" 200 30
186.103.159.44 - - [29/Feb/2016:14:14:02 -0300] "POST /cormun/servlet/solicitudotadjuntos?bf12fed8003220947363addfe114fc79,INS,2016,252,,1,,gx-no-cache=1456766071101 HTTP/1.1" 200 3290
190.101.9.119 - - [29/Feb/2016:14:14:05 -0300] "GET /cormun/servlet/trautorizarsolicitud?a905fa4ef5b40b7b5177161e2589b6d6a22cdfe2982260d552b9c397497ac9b5975e8e5d3229d402f44e1526fa8712b69b98ae7148115a0643f49fcf57485eee4a824ee546666cdc95c57b7db0771bdcb8f61ea1ced4a0ff190723e8a1f493c1,gx-no-cache=1456766115262 HTTP/1.1" 200 713
186.103.159.44 - - [29/Feb/2016:14:14:06 -0300] "POST /cormun/servlet/solicitudotadjuntos?gx-no-cache=1456766075479 HTTP/1.1" 200 26
186.103.159.44 - - [29/Feb/2016:14:14:14 -0300] "GET /cormun/servlet/solicitudotadjuntos?ea00247db7c1df82e1491e50141ebc0f536a1ad20fc569cb3cc01ce3ca2f1be2,gx-no-cache=1456766083239 HTTP/1.1" 200 30
186.103.159.44 - - [29/Feb/2016:14:14:14 -0300] "GET /cormun/servlet/solicitudotadjuntos?ea00247db7c1df82e1491e50141ebc0f536a1ad20fc569cb3cc01ce3ca2f1be2,gx-no-cache=1456766083265 HTTP/1.1" 200 30
186.103.159.44 - - [29/Feb/2016:14:14:15 -0300] "POST /cormun/servlet/solicitudotadjuntos?bf12fed8003220947363addfe114fc79,INS,2016,252,,1, HTTP/1.1" 200 116
186.103.159.44 - - [29/Feb/2016:14:14:15 -0300] "GET /cormun/servlet/hpexe_return? HTTP/1.1" 200 1024
186.103.159.44 - - [29/Feb/2016:14:14:15 -0300] "GET /cormun/servlet/trsolicitudadjuntos?2016,252, HTTP/1.1" 200 7922
186.103.159.44 - - [29/Feb/2016:14:14:19 -0300] "GET /cormun/servlet/solicitudotadjuntos?INS,2016,252,,2, HTTP/1.1" 200 5412
186.103.159.44 - - [29/Feb/2016:14:14:19 -0300] "HEAD /cormun/static/about:blank HTTP/1.1" 404 -
186.103.159.44 - - [29/Feb/2016:14:14:20 -0300] "GET /cormun/servlet/solicitudotadjuntos?ea00247db7c1df82e1491e50141ebc0f87f990471e38f3dcc6cc4652c53db2a48ab886432771b7c89890db63fd52725b,gx-no-cache=1456766088811 HTTP/1.1" 200 30
186.103.159.44 - - [29/Feb/2016:14:14:20 -0300] "POST /cormun/servlet/solicitudotadjuntos?bf12fed8003220947363addfe114fc79,INS,2016,252,,2,,gx-no-cache=1456766088848 HTTP/1.1" 200 3503
186.103.159.44 - - [29/Feb/2016:14:14:21 -0300] "POST /cormun/servlet/solicitudotadjuntos?gx-no-cache=1456766089834 HTTP/1.1" 200 26
186.103.159.44 - - [29/Feb/2016:14:14:27 -0300] "GET /cormun/servlet/solicitudotadjuntos?ea00247db7c1df82e1491e50141ebc0f536a1ad20fc569cb3cc01ce3ca2f1be2,gx-no-cache=1456766096310 HTTP/1.1" 200 30
186.103.159.44 - - [29/Feb/2016:14:14:27 -0300] "GET /cormun/servlet/solicitudotadjuntos?ea00247db7c1df82e1491e50141ebc0f536a1ad20fc569cb3cc01ce3ca2f1be2,gx-no-cache=1456766096352 HTTP/1.1" 200 30
186.103.159.44 - - [29/Feb/2016:14:14:27 -0300] "POST /cormun/servlet/solicitudotadjuntos?bf12fed8003220947363addfe114fc79,INS,2016,252,,2, HTTP/1.1" 200 116
186.103.159.44 - - [29/Feb/2016:14:14:28 -0300] "GET /cormun/servlet/hpexe_return? HTTP/1.1" 200 1025
186.103.159.44 - - [29/Feb/2016:14:14:28 -0300] "GET /cormun/servlet/trsolicitudadjuntos?2016,252, HTTP/1.1" 200 8132
200.83.57.24 - - [29/Feb/2016:14:14:28 -0300] "POST /cormun/servlet/trsolicitudot?2ff0751351031a975bc32db8ab4c65dd,,gx-no-cache=1456766056866 HTTP/1.1" 200 105
200.83.57.24 - - [29/Feb/2016:14:14:28 -0300] "GET /cormun/servlet/trsolicitudadjuntos?2016,250, HTTP/1.1" 200 5477
200.83.57.24 - - [29/Feb/2016:14:14:28 -0300] "GET /cormun/servlet/trsolicitudadjuntos?2016,250, HTTP/1.1" 200 5477
200.83.57.24 - - [29/Feb/2016:14:14:31 -0300] "GET /cormun/servlet/solicitudotadjuntos?INS,2016,250,,1, HTTP/1.1" 200 5534
200.83.57.24 - - [29/Feb/2016:14:14:31 -0300] "GET /cormun/static/about:blank HTTP/1.1" 404 1011
200.83.57.24 - - [29/Feb/2016:14:14:31 -0300] "GET /cormun/servlet/solicitudotadjuntos?INS,2016,250,,1, HTTP/1.1" 200 5528
200.83.57.24 - - [29/Feb/2016:14:14:32 -0300] "GET /cormun/servlet/solicitudotadjuntos?5c6674129ec76f5b290d575b99e0d24e0ef3ee12c2b743fd346b3819fc79d9a765aae9542e1de71424e2d2dcc14951dd,gx-no-cache=1456766061056 HTTP/1.1" 200 30
200.83.57.24 - - [29/Feb/2016:14:14:32 -0300] "POST /cormun/servlet/solicitudotadjuntos?2ff0751351031a975bc32db8ab4c65dd,INS,2016,250,,1,,gx-no-cache=1456766061146 HTTP/1.1" 200 3350
186.103.159.44 - - [29/Feb/2016:14:14:39 -0300] "GET /cormun/servlet/trsolicitudot? HTTP/1.1" 200 8008
200.83.57.24 - - [29/Feb/2016:14:14:42 -0300] "POST /cormun/servlet/solicitudotadjuntos?gx-no-cache=1456766071001 HTTP/1.1" 200 26
186.103.159.44 - - [29/Feb/2016:14:14:45 -0300] "POST /cormun/servlet/trsolicitudot?bf12fed8003220947363addfe114fc79,,gx-no-cache=1456766114407 HTTP/1.1" 200 5479
186.103.159.44 - - [29/Feb/2016:14:14:46 -0300] "POST /cormun/servlet/trsolicitudot?bf12fed8003220947363addfe114fc79,,gx-no-cache=1456766114699 HTTP/1.1" 200 5477
186.103.159.44 - - [29/Feb/2016:14:14:46 -0300] "POST /cormun/servlet/trsolicitudot?bf12fed8003220947363addfe114fc79,,gx-no-cache=1456766115004 HTTP/1.1" 200 5478
186.103.159.44 - - [29/Feb/2016:14:14:46 -0300] "POST /cormun/servlet/trsolicitudot?bf12fed8003220947363addfe114fc79,,gx-no-cache=1456766115341 HTTP/1.1" 200 5478
186.103.159.44 - - [29/Feb/2016:14:14:47 -0300] "POST /cormun/servlet/trsolicitudot?bf12fed8003220947363addfe114fc79,,gx-no-cache=1456766115699 HTTP/1.1" 200 5479
186.103.159.44 - - [29/Feb/2016:14:14:47 -0300] "POST /cormun/servlet/trsolicitudot?bf12fed8003220947363addfe114fc79,,gx-no-cache=1456766116101 HTTP/1.1" 200 5478
186.103.159.44 - - [29/Feb/2016:14:14:48 -0300] "POST /cormun/servlet/trsolicitudot?bf12fed8003220947363addfe114fc79,,gx-no-cache=1456766116524 HTTP/1.1" 200 5479
186.103.159.44 - - [29/Feb/2016:14:14:52 -0300] "POST /cormun/servlet/trsolicitudot?bf12fed8003220947363addfe114fc79,,gx-no-cache=1456766117003 HTTP/1.1" 200 5182
186.103.159.44 - - [29/Feb/2016:14:14:52 -0300] "POST /cormun/servlet/trsolicitudot?bf12fed8003220947363addfe114fc79,,gx-no-cache=1456766121278 HTTP/1.1" 200 5125
186.103.159.44 - - [29/Feb/2016:14:14:53 -0300] "GET /cormun/static/Shared/jqueryui/images/ui-bg_highlight-soft_100_c6c2c8_1x100.png HTTP/1.1" 404 1117
186.103.159.44 - - [29/Feb/2016:14:14:53 -0300] "GET /cormun/static/Shared/jqueryui/images/ui-icons_82798d_256x240.png HTTP/1.1" 404 1089
186.103.159.44 - - [29/Feb/2016:14:14:53 -0300] "GET /cormun/static/Shared/jqueryui/images/ui-icons_8d78a5_256x240.png HTTP/1.1" 404 1089
186.103.159.44 - - [29/Feb/2016:14:14:53 -0300] "GET /cormun/static/Shared/jqueryui/images/ui-bg_flat_55_fafafa_40x100.png HTTP/1.1" 404 1097
190.101.9.119 - - [29/Feb/2016:14:15:06 -0300] "GET /cormun/servlet/trautorizarsolicitud?a905fa4ef5b40b7b5177161e2589b6d653552fb988a3bcd408b32fb3f0f07299c26d15433388bed6b18f95f5f6154ca4437af70d746d5478a5d7fe437c3cf0b6a598f2094f0f53bc7091f2e851689987b796b2020388832b66ab8d88db4b4b10,gx-no-cache=1456766175990 HTTP/1.1" 200 713
200.83.57.24 - - [29/Feb/2016:14:15:32 -0300] "GET /cormun/servlet/solicitudotadjuntos?5c6674129ec76f5b290d575b99e0d24e0058db49d33906ca6f6d1e6ed0b03ec7,gx-no-cache=1456766120962 HTTP/1.1" 200 30
200.83.57.24 - - [29/Feb/2016:14:15:32 -0300] "GET /cormun/servlet/solicitudotadjuntos?5c6674129ec76f5b290d575b99e0d24e0058db49d33906ca6f6d1e6ed0b03ec7,gx-no-cache=1456766121223 HTTP/1.1" 200 30
200.83.57.24 - - [29/Feb/2016:14:15:33 -0300] "POST /cormun/servlet/solicitudotadjuntos?2ff0751351031a975bc32db8ab4c65dd,INS,2016,250,,1, HTTP/1.1" 200 116
200.83.57.24 - - [29/Feb/2016:14:15:33 -0300] "GET /cormun/servlet/hpexe_return? HTTP/1.1" 200 1024
200.83.57.24 - - [29/Feb/2016:14:15:33 -0300] "GET /cormun/servlet/trsolicitudadjuntos?2016,250, HTTP/1.1" 200 7378
200.83.57.24 - - [29/Feb/2016:14:15:34 -0300] "GET /cormun/servlet/trsolicitudadjuntos?2016,250, HTTP/1.1" 200 7374
190.101.9.119 - - [29/Feb/2016:14:15:38 -0300] "GET /cormun/servlet/hlogin HTTP/1.1" 200 1739
200.83.57.24 - - [29/Feb/2016:14:15:42 -0300] "GET /cormun/servlet/solicitudotadjuntos?INS,2016,250,,1, HTTP/1.1" 200 5535
200.83.57.24 - - [29/Feb/2016:14:15:43 -0300] "GET /cormun/static/about:blank HTTP/1.1" 404 1011
200.83.57.24 - - [29/Feb/2016:14:15:43 -0300] "GET /cormun/servlet/solicitudotadjuntos?INS,2016,250,,1, HTTP/1.1" 200 5529
