186.103.157.246 - - [29/Feb/2016:14:54:17 -0300] "GET /cormun/static/cmcontrolpreferences.js?20151120014525 HTTP/1.1" 200 1375
186.103.157.246 - - [29/Feb/2016:14:54:17 -0300] "GET /cormun/static/Shared/ext/locale/ext-lang-en.js HTTP/1.1" 200 10940
186.103.157.246 - - [29/Feb/2016:14:54:17 -0300] "GET /cormun/static/hhome.js?2015112210564255 HTTP/1.1" 200 777
186.103.157.246 - - [29/Feb/2016:14:54:17 -0300] "GET /cormun/static/hwchdr01.js?20162241650484 HTTP/1.1" 200 1002
186.103.157.246 - - [29/Feb/2016:14:54:17 -0300] "GET /cormun/static/hpexe_scripts.js?20151120014546 HTTP/1.1" 200 1544
186.103.157.246 - - [29/Feb/2016:14:54:17 -0300] "GET /cormun/static/Shared/jquery/jquery-1.4.2.min.js HTTP/1.1" 200 72174
186.103.157.246 - - [29/Feb/2016:14:54:17 -0300] "GET /cormun/static/Shared/jqueryui/jquery-ui.min.js HTTP/1.1" 200 240427
186.103.157.246 - - [29/Feb/2016:14:54:17 -0300] "GET /cormun/static/SmoothNavMenu/resources/ddsmoothmenu.js HTTP/1.1" 200 12712
186.103.157.246 - - [29/Feb/2016:14:54:17 -0300] "GET /cormun/static/gxui/gxui-all.js HTTP/1.1" 200 107772
186.103.157.246 - - [29/Feb/2016:14:54:17 -0300] "GET /cormun/static/SmoothNavMenu/resources/SmoothNavMenuRender.js HTTP/1.1" 200 5951
186.103.157.246 - - [29/Feb/2016:14:54:17 -0300] "GET /cormun/static/scaMessage/js/jquery.pnotify.min.js HTTP/1.1" 200 13038
186.103.157.246 - - [29/Feb/2016:14:54:17 -0300] "GET /cormun/static/scaMessage/scaMessageRender.js HTTP/1.1" 200 11977
186.103.157.246 - - [29/Feb/2016:14:54:17 -0300] "GET /cormun/static/hmpwkw03.js?201622421393366 HTTP/1.1" 200 3845
186.103.157.246 - - [29/Feb/2016:14:54:17 -0300] "GET /cormun/static/PXToolsJavascripts/pexe_griddivfix.js HTTP/1.1" 200 6644
186.103.157.246 - - [29/Feb/2016:14:54:17 -0300] "GET /cormun/static/PXToolsJavascripts/pexe_link.js HTTP/1.1" 200 5671
186.103.157.246 - - [29/Feb/2016:14:54:17 -0300] "GET /cormun/static/hpexe_recentlink.js?2015111312121342 HTTP/1.1" 200 2144
186.103.157.246 - - [29/Feb/2016:14:54:17 -0300] "GET /cormun/static/RunJS/RunJS.js HTTP/1.1" 200 288
186.103.157.246 - - [29/Feb/2016:14:54:17 -0300] "GET /cormun/static/PXToolsJavascripts/pexe_grid.js HTTP/1.1" 200 7559
186.103.157.246 - - [29/Feb/2016:14:54:17 -0300] "GET /cormun/static/Resources/PXToolsHeaderBackground2.png HTTP/1.1" 200 1174
186.103.157.246 - - [29/Feb/2016:14:54:17 -0300] "GET /cormun/static/Resources/logo4.png HTTP/1.1" 200 6582
186.103.157.246 - - [29/Feb/2016:14:54:17 -0300] "GET /cormun/static/Resources/PXToolsHeaderActionsLeft.png HTTP/1.1" 200 1118
186.103.157.246 - - [29/Feb/2016:14:54:17 -0300] "GET /cormun/static/hpexe_messagecontroller.js?2015112210524422 HTTP/1.1" 200 870
186.103.157.246 - - [29/Feb/2016:14:54:17 -0300] "GET /cormun/static/Resources/PXToolsFooterBackground2.png HTTP/1.1" 200 1172
186.103.157.246 - - [29/Feb/2016:14:54:17 -0300] "GET /cormun/static/Resources/PXToolsHeaderHome.png HTTP/1.1" 200 4147
186.103.157.246 - - [29/Feb/2016:14:54:17 -0300] "GET /cormun/static/Resources/PXToolsHeaderLogin.png HTTP/1.1" 200 4279
186.103.157.246 - - [29/Feb/2016:14:54:17 -0300] "GET /cormun/static/Resources/PXToolsHeaderPreferences.png HTTP/1.1" 200 4189
186.103.157.246 - - [29/Feb/2016:14:54:17 -0300] "GET /cormun/static/Shared/jquery/jquery-1.10.2.min.js HTTP/1.1" 200 273199
186.103.157.246 - - [29/Feb/2016:14:54:18 -0300] "GET /cormun/static/Resources/PXToolsHeaderActionsRight.png HTTP/1.1" 200 1201
186.103.157.246 - - [29/Feb/2016:14:54:18 -0300] "GET /cormun/static/Resources/PXToolsHeaderActionsBackground.png HTTP/1.1" 200 484
186.103.157.246 - - [29/Feb/2016:14:54:18 -0300] "GET /cormun/static/Resources/PXToolsDataTitle.png HTTP/1.1" 200 1173
186.103.157.246 - - [29/Feb/2016:14:54:18 -0300] "GET /cormun/static/Shared/ext/ext-all.js HTTP/1.1" 200 1289687
186.103.157.246 - - [29/Feb/2016:14:54:18 -0300] "GET /cormun/static/Resources/PXToolsHeaderSecurity.png HTTP/1.1" 200 4166
186.103.157.246 - - [29/Feb/2016:14:54:19 -0300] "GET /cormun/static/SmoothNavMenu/resources/images/down.gif HTTP/1.1" 200 854
200.83.57.24 - - [29/Feb/2016:14:54:19 -0300] "POST /cormun/servlet/solicitudot?gx-no-cache=1456768448015 HTTP/1.1" 200 30
186.103.157.246 - - [29/Feb/2016:14:54:25 -0300] "GET /cormun/servlet/trsolicitudot? HTTP/1.1" 200 7374
186.103.157.246 - - [29/Feb/2016:14:54:25 -0300] "GET /cormun/static/gxui/gxui-all.css?120300 HTTP/1.1" 200 2179
186.103.157.246 - - [29/Feb/2016:14:54:25 -0300] "GET /cormun/static/calendar-system.css?85620 HTTP/1.1" 200 5572
186.103.157.246 - - [29/Feb/2016:14:54:25 -0300] "GET /cormun/static/gxcfg.js?20161623482752 HTTP/1.1" 200 953
186.103.157.246 - - [29/Feb/2016:14:54:25 -0300] "GET /cormun/static/calendar-setup.js?85251 HTTP/1.1" 200 2588
186.103.157.246 - - [29/Feb/2016:14:54:25 -0300] "GET /cormun/static/calendar.js?85251 HTTP/1.1" 200 26246
186.103.157.246 - - [29/Feb/2016:14:54:25 -0300] "GET /cormun/static/calendar-es.js?85251 HTTP/1.1" 200 1901
186.103.157.246 - - [29/Feb/2016:14:54:25 -0300] "GET /cormun/static/Resources/Spanish/PXTools.css?17554516 HTTP/1.1" 200 89042
186.103.157.246 - - [29/Feb/2016:14:54:25 -0300] "GET /cormun/static/Shared/ext/resources/css/ext-all.css?215870 HTTP/1.1" 200 416045
186.103.157.246 - - [29/Feb/2016:14:54:25 -0300] "GET /cormun/static/Resources/PXTools/calendar.png HTTP/1.1" 200 1306
186.103.157.246 - - [29/Feb/2016:14:54:25 -0300] "GET /cormun/static/Resources/PXToolsDataSearch.png HTTP/1.1" 200 419
186.103.157.246 - - [29/Feb/2016:14:54:25 -0300] "GET /cormun/static/Resources/PXToolsGridFirst.gif HTTP/1.1" 200 379
186.103.157.246 - - [29/Feb/2016:14:54:25 -0300] "GET /cormun/static/Resources/PXToolsGridNext.gif HTTP/1.1" 200 369
186.103.157.246 - - [29/Feb/2016:14:54:25 -0300] "GET /cormun/static/Resources/PXToolsGridLast.gif HTTP/1.1" 200 370
186.103.157.246 - - [29/Feb/2016:14:54:25 -0300] "GET /cormun/static/Resources/PXToolsGridPrevious.gif HTTP/1.1" 200 369
186.103.157.246 - - [29/Feb/2016:14:54:26 -0300] "GET /cormun/static/Resources/PXToolsActionExcel.png HTTP/1.1" 200 3187
186.103.157.246 - - [29/Feb/2016:14:54:26 -0300] "GET /cormun/static/Resources/PXToolsGridNew.png HTTP/1.1" 200 2949
186.103.157.246 - - [29/Feb/2016:14:54:26 -0300] "GET /cormun/static/trsolicitudot.js?20161623483284 HTTP/1.1" 200 45324
186.103.157.246 - - [29/Feb/2016:14:54:26 -0300] "GET /cormun/static/gxdec.js?85251 HTTP/1.1" 200 19579
186.103.157.246 - - [29/Feb/2016:14:54:26 -0300] "GET /cormun/static/Resources/desc.gif HTTP/1.1" 200 65
186.103.157.246 - - [29/Feb/2016:14:54:26 -0300] "GET /cormun/static/Resources/asc.gif HTTP/1.1" 200 67
186.103.157.246 - - [29/Feb/2016:14:54:26 -0300] "GET /cormun//static/Resources/PXToolsGridUpdate.png HTTP/1.1" 200 2984
186.103.157.246 - - [29/Feb/2016:14:54:26 -0300] "GET /cormun//static/Resources/PXToolsRemoveAllAction.png HTTP/1.1" 200 3558
186.103.157.246 - - [29/Feb/2016:14:54:26 -0300] "GET /cormun//static/Resources/PXToolsGridDelete.png HTTP/1.1" 200 357
186.103.157.246 - - [29/Feb/2016:14:54:26 -0300] "GET /cormun//static/Resources/PXTools/ActionInsert.png HTTP/1.1" 200 1482
186.103.157.246 - - [29/Feb/2016:14:54:26 -0300] "GET /cormun//static/Resources/PXToolsActionView.png HTTP/1.1" 200 2995
186.103.157.246 - - [29/Feb/2016:14:54:26 -0300] "GET /cormun/static/Shared/ext/resources/themes/images/default/panel/bg-headersPanel.png HTTP/1.1" 200 255
186.103.157.246 - - [29/Feb/2016:14:54:26 -0300] "GET /cormun/static/Shared/ext/resources/themes/images/default/tools/tool-sprites.gif HTTP/1.1" 200 5434
186.103.157.246 - - [29/Feb/2016:14:54:26 -0300] "GET /cormun/static/Shared/ext/resources/themes/images/default/tip/tip-corners.gif HTTP/1.1" 200 1621
186.103.157.246 - - [29/Feb/2016:14:54:26 -0300] "GET /cormun/static/Shared/ext/resources/themes/images/default/tip/tip-sides.gif HTTP/1.1" 200 1623
200.83.57.24 - - [29/Feb/2016:14:54:30 -0300] "POST /cormun/servlet/solicitudot?gx-no-cache=1456768459064 HTTP/1.1" 200 30
200.83.57.24 - - [29/Feb/2016:14:54:45 -0300] "POST /cormun/servlet/solicitudot?gx-no-cache=1456768473735 HTTP/1.1" 200 452
200.83.57.24 - - [29/Feb/2016:14:54:45 -0300] "GET /cormun/servlet/solicitudot?5c6674129ec76f5b290d575b99e0d24e7b95edf534281118ddeb1bf8bda244a75cb11b61ef78cf32a38e6b5f8c68c80e7ae129630fc14a001e04c2b9303b36c607778d78749080904a83231a7eb0f69a022ab146f79bb1e6a495768df40c639dd544dfb91cbdc19eab666cc39a30713a65362893dc08c2a45d6696df17529fbc96512cbfe03a774ca3d3d198ee06051d,gx-no-cache=1456768473850 HTTP/1.1" 200 38
186.78.49.227 - - [29/Feb/2016:14:54:50 -0300] "POST /cormun/servlet/trsolicitudot?d5cad176bf81a14d5e01f8e1510f3934,,gx-no-cache=1456768681674 HTTP/1.1" 200 3481
186.78.49.227 - - [29/Feb/2016:14:54:51 -0300] "POST /cormun/servlet/trsolicitudot?d5cad176bf81a14d5e01f8e1510f3934,,gx-no-cache=1456768682054 HTTP/1.1" 200 3481
186.78.49.227 - - [29/Feb/2016:14:54:51 -0300] "POST /cormun/servlet/trsolicitudot?d5cad176bf81a14d5e01f8e1510f3934,,gx-no-cache=1456768682380 HTTP/1.1" 200 3481
186.78.49.227 - - [29/Feb/2016:14:54:53 -0300] "GET /cormun/servlet/trsolicitudot?508182e5ad13d70d8d554aab1f6c5b0fcee8661d0a0cb80fabbaf25da1a32ff95b7e47fe56ce4e5d4fbc5a95fed4751660f520320e63e49079cd9386961e0585b734cbdf5f374c99c2fb6ad88121fc20,gx-no-cache=1456768684476 HTTP/1.1" 200 728
186.78.49.227 - - [29/Feb/2016:14:54:54 -0300] "GET /cormun/servlet/trsolicitudot?508182e5ad13d70d8d554aab1f6c5b0fd909a2278b20dc7ff60291ab7610edd3e7d5310247039f47382a199dfb863eb302783aaff7c883fd02805bd82bae5cfe8f5d4c62843dff2764bbc07681528f59,gx-no-cache=1456768685710 HTTP/1.1" 200 728
186.78.49.227 - - [29/Feb/2016:14:54:55 -0300] "GET /cormun/servlet/trsolicitudot?508182e5ad13d70d8d554aab1f6c5b0fa9a501cb7f7f82aebf19513fd9740db04299922d18483830cc41d33b4a5da7592369ed7f6d4bb53c3627a3265d16e3dccf06e3099b781b06676066b6cf35238043f18e4d4ab44acca52490b7d41f11f2,gx-no-cache=1456768687192 HTTP/1.1" 200 728
186.78.49.227 - - [29/Feb/2016:14:54:58 -0300] "POST /cormun/servlet/trsolicitudot?d5cad176bf81a14d5e01f8e1510f3934,,gx-no-cache=1456768689377 HTTP/1.1" 200 3476
186.78.49.227 - - [29/Feb/2016:14:55:00 -0300] "GET /cormun/servlet/trsolicitudot?508182e5ad13d70d8d554aab1f6c5b0f589599d864dfbb3cead58e9782b394cc28de599793ff7085178a4c09b01815e08c4db1b9022cf0958cbc3084426fca3a92256dc823f00c8562d7a2180be6b32329b0db38dfc658cb264b309acac09723,gx-no-cache=1456768692175 HTTP/1.1" 200 723
186.78.49.227 - - [29/Feb/2016:14:55:01 -0300] "GET /cormun/servlet/trsolicitudot?508182e5ad13d70d8d554aab1f6c5b0f589599d864dfbb3cead58e9782b394cc3faeee43a4e4a5b517796d633b9cc32b7f086732a2ac652751d366b9f25cc17d4bdad764d858f0b44957a0ef701e0ed108e485388116fa38b38a0cf194fef36b,gx-no-cache=1456768693525 HTTP/1.1" 200 723
186.78.49.227 - - [29/Feb/2016:14:55:02 -0300] "GET /cormun/servlet/trsolicitudot?508182e5ad13d70d8d554aab1f6c5b0f589599d864dfbb3cead58e9782b394ccbe4509979473fd4fd9cbde1aceab84f3d7e32f6d1037f52e9b3e1b275d9a00f1cb22504f65d4684b13907adbd2bbaf2fabf2fae1c511c910ccd37596c513a6f0,gx-no-cache=1456768694743 HTTP/1.1" 200 723
186.78.49.227 - - [29/Feb/2016:14:55:10 -0300] "GET /cormun/servlet/solicitudot?INS,0,0, HTTP/1.1" 200 12054
186.78.49.227 - - [29/Feb/2016:14:55:11 -0300] "GET /cormun/servlet/solicitudot?INS,0,0, HTTP/1.1" 200 12058
200.83.57.24 - - [29/Feb/2016:14:55:22 -0300] "GET /cormun/servlet/solicitudot?5c6674129ec76f5b290d575b99e0d24e0d62cff2fbbe2796ebe1ba5e48cfdfd1494d4a6dcf9147b178f139797a60330c29f161b2d11ffaecb96a193f662bae4d44fca8ae868cf95151316e25607ad1c57f15f289e764be1b8bdfed0683eac9f33c89eb99661eff05b001e894c3a981d3,gx-no-cache=1456768510163 HTTP/1.1" 200 29
200.83.57.24 - - [29/Feb/2016:14:55:23 -0300] "POST /cormun/servlet/solicitudot?gx-no-cache=1456768512025 HTTP/1.1" 200 1116
186.78.49.227 - - [29/Feb/2016:14:55:28 -0300] "POST /cormun/servlet/solicitudot?d5cad176bf81a14d5e01f8e1510f3934,INS,0,0,,gx-no-cache=1456768723208 HTTP/1.1" 200 93
186.78.49.227 - - [29/Feb/2016:14:55:28 -0300] "GET /cormun/servlet/hpexe_return? HTTP/1.1" 200 1003
186.78.49.227 - - [29/Feb/2016:14:55:28 -0300] "GET /cormun/servlet/trsolicitudot? HTTP/1.1" 200 6134
186.78.49.227 - - [29/Feb/2016:14:55:29 -0300] "GET /cormun/servlet/trsolicitudot? HTTP/1.1" 200 6130
186.78.49.227 - - [29/Feb/2016:14:55:34 -0300] "POST /cormun/servlet/trsolicitudot?d5cad176bf81a14d5e01f8e1510f3934,,gx-no-cache=1456768729766 HTTP/1.1" 200 3476
186.78.49.227 - - [29/Feb/2016:14:55:34 -0300] "POST /cormun/servlet/trsolicitudot?d5cad176bf81a14d5e01f8e1510f3934,,gx-no-cache=1456768730095 HTTP/1.1" 200 3477
186.78.49.227 - - [29/Feb/2016:14:55:34 -0300] "POST /cormun/servlet/trsolicitudot?d5cad176bf81a14d5e01f8e1510f3934,,gx-no-cache=1456768730457 HTTP/1.1" 200 3475
186.78.49.227 - - [29/Feb/2016:14:55:35 -0300] "POST /cormun/servlet/trsolicitudot?d5cad176bf81a14d5e01f8e1510f3934,,gx-no-cache=1456768730789 HTTP/1.1" 200 3476
186.78.49.227 - - [29/Feb/2016:14:55:38 -0300] "GET /cormun/servlet/trsolicitudot?508182e5ad13d70d8d554aab1f6c5b0f589599d864dfbb3cead58e9782b394ccbc8e674eed4f32c6cdf92b429c89daeb2369ed7f6d4bb53c3627a3265d16e3dccf06e3099b781b06676066b6cf35238043f18e4d4ab44acca52490b7d41f11f2,gx-no-cache=1456768734691 HTTP/1.1" 200 723
186.78.49.227 - - [29/Feb/2016:14:55:39 -0300] "GET /cormun/servlet/trsolicitudot?508182e5ad13d70d8d554aab1f6c5b0f589599d864dfbb3cead58e9782b394cc3faeee43a4e4a5b517796d633b9cc32b7f086732a2ac652751d366b9f25cc17d4bdad764d858f0b44957a0ef701e0ed108e485388116fa38b38a0cf194fef36b,gx-no-cache=1456768735356 HTTP/1.1" 200 723
186.78.49.227 - - [29/Feb/2016:14:55:39 -0300] "GET /cormun/servlet/trsolicitudot?508182e5ad13d70d8d554aab1f6c5b0f589599d864dfbb3cead58e9782b394cc38e967559ff881fda72eb1572d8c13b39a4fa0054d712b43700245f1cf715263df13bdda37fe10d6d6e0535d17f81462a03fdcef7891f994dbadbaa46a977092,gx-no-cache=1456768735877 HTTP/1.1" 200 723
186.78.49.227 - - [29/Feb/2016:14:55:40 -0300] "GET /cormun/servlet/trsolicitudot?508182e5ad13d70d8d554aab1f6c5b0f589599d864dfbb3cead58e9782b394ccbe4509979473fd4fd9cbde1aceab84f3d7e32f6d1037f52e9b3e1b275d9a00f1cb22504f65d4684b13907adbd2bbaf2fabf2fae1c511c910ccd37596c513a6f0,gx-no-cache=1456768736476 HTTP/1.1" 200 723
186.78.49.227 - - [29/Feb/2016:14:55:44 -0300] "GET /cormun/servlet/solicitudot?INS,0,0, HTTP/1.1" 200 12054
186.78.49.227 - - [29/Feb/2016:14:55:45 -0300] "GET /cormun/servlet/solicitudot?INS,0,0, HTTP/1.1" 200 12058
200.83.57.24 - - [29/Feb/2016:14:55:59 -0300] "GET /cormun/servlet/solicitudot?5c6674129ec76f5b290d575b99e0d24e9398a556e670e6a329687aa69bfaa6d257d382c65ce8f1dbe57347f0e4ddcbb5a5ca990d28a4a842cec66b31e937553c38890c534f831a5feecc18ebe471074f704475ffe42cddc27ddb68597bef119de6bca14c571cff80b774ae734ddb7edd143a767f3a8415bd0c9dcf9672020e4b2d0313dab9071037cd390858010ac1c8ce4ed382016e27a2b91524d6cad5634f1d55096a2bda49f6fed4ca3c4dd1d669,gx-no-cache=1456768547701 HTTP/1.1" 200 30
186.78.49.227 - - [29/Feb/2016:14:56:00 -0300] "POST /cormun/servlet/solicitudot?gx-no-cache=1456768759342 HTTP/1.1" 200 2787
186.78.49.227 - - [29/Feb/2016:14:56:01 -0300] "POST /cormun/servlet/solicitudot?d5cad176bf81a14d5e01f8e1510f3934,INS,0,0,,gx-no-cache=1456768759684 HTTP/1.1" 200 9562
186.78.49.227 - - [29/Feb/2016:14:56:17 -0300] "GET /cormun/servlet/solicitudot?8f8a1be19c0f293bb5954a73d01988b54a63958a5565a6ae96a1a6d5e78c89504ebc3914ecdb177c04742a067ac5b06c,gx-no-cache=1456768778623 HTTP/1.1" 200 30
186.78.49.227 - - [29/Feb/2016:14:56:17 -0300] "POST /cormun/servlet/solicitudot?gx-no-cache=1456768778717 HTTP/1.1" 200 30
186.78.49.227 - - [29/Feb/2016:14:56:17 -0300] "POST /cormun/servlet/solicitudot?gx-no-cache=1456768778866 HTTP/1.1" 200 33
186.78.49.227 - - [29/Feb/2016:14:56:18 -0300] "POST /cormun/servlet/solicitudot?gx-no-cache=1456768778962 HTTP/1.1" 200 1159
186.78.49.227 - - [29/Feb/2016:14:56:18 -0300] "GET /cormun/servlet/solicitudot?8f8a1be19c0f293bb5954a73d01988b52ca8a51f98219f11725fe3fcab8e65f196188e0c5337c8705101f84d1012fbbb3c55286ae4a51c569a080bb3753fae66f80508ee35ba63734c5cde401d1c02aceafcb95e1fdd321b7ef8eabc9f85bead23f3fab53686701e5c709e844abacb0f237d1d6264e0c27578514dd45dd468a19d1101c13630e9e09703ce302db5aed0,gx-no-cache=1456768779087 HTTP/1.1" 200 38
200.83.57.24 - - [29/Feb/2016:14:56:26 -0300] "POST /cormun/servlet/solicitudot?2ff0751351031a975bc32db8ab4c65dd,INS,0,0,,gx-no-cache=1456768574739 HTTP/1.1" 200 93
200.83.57.24 - - [29/Feb/2016:14:56:26 -0300] "GET /cormun/servlet/hpexe_return? HTTP/1.1" 200 1005
200.83.57.24 - - [29/Feb/2016:14:56:27 -0300] "GET /cormun/servlet/trsolicitudot HTTP/1.1" 200 7827
200.83.57.24 - - [29/Feb/2016:14:56:27 -0300] "GET /cormun/servlet/trsolicitudot HTTP/1.1" 200 7824
200.83.57.24 - - [29/Feb/2016:14:56:30 -0300] "POST /cormun/servlet/trsolicitudot?2ff0751351031a975bc32db8ab4c65dd,gx-no-cache=1456768579408 HTTP/1.1" 200 105
200.83.57.24 - - [29/Feb/2016:14:56:30 -0300] "GET /cormun/servlet/solicitudot?UPD,2016,259, HTTP/1.1" 200 13433
200.83.57.24 - - [29/Feb/2016:14:56:31 -0300] "GET /cormun/servlet/solicitudot?UPD,2016,259, HTTP/1.1" 200 13442
200.83.57.24 - - [29/Feb/2016:14:56:31 -0300] "POST /cormun/servlet/solicitudot?gx-no-cache=1456768580529 HTTP/1.1" 200 2738
200.83.57.24 - - [29/Feb/2016:14:56:32 -0300] "POST /cormun/servlet/solicitudot?2ff0751351031a975bc32db8ab4c65dd,UPD,2016,259,,gx-no-cache=1456768580729 HTTP/1.1" 200 10189
200.83.57.24 - - [29/Feb/2016:14:56:32 -0300] "GET /cormun/servlet/solicitudot?5c6674129ec76f5b290d575b99e0d24eb13f880a96975b43f9bf09d12c11116f05d6240fdc7cd9c726156d674885c00d,gx-no-cache=1456768580944 HTTP/1.1" 200 30
200.83.57.24 - - [29/Feb/2016:14:56:32 -0300] "POST /cormun/servlet/solicitudot?gx-no-cache=1456768581006 HTTP/1.1" 200 30
200.83.57.24 - - [29/Feb/2016:14:56:32 -0300] "POST /cormun/servlet/solicitudot?gx-no-cache=1456768581053 HTTP/1.1" 200 30
200.83.57.24 - - [29/Feb/2016:14:56:32 -0300] "POST /cormun/servlet/solicitudot?gx-no-cache=1456768581110 HTTP/1.1" 200 1154
200.83.57.24 - - [29/Feb/2016:14:56:32 -0300] "GET /cormun/servlet/solicitudot?5c6674129ec76f5b290d575b99e0d24e7b95edf534281118ddeb1bf8bda244a75cb11b61ef78cf32a38e6b5f8c68c80e7ae129630fc14a001e04c2b9303b36c607778d78749080904a83231a7eb0f69a022ab146f79bb1e6a495768df40c639dd544dfb91cbdc19eab666cc39a30713a65362893dc08c2a45d6696df17529fbc404b80cd945e010f365559d059c9797665aae9542e1de71424e2d2dcc14951dd,gx-no-cache=1456768581197 HTTP/1.1" 200 41
200.83.57.24 - - [29/Feb/2016:14:56:42 -0300] "GET /cormun/servlet/solicitudot?5c6674129ec76f5b290d575b99e0d24e4a4944cdacc97d55f996c1913094b7a51ba2df3c95b3942e5873e13aef78902bb85b30471043a9d1744d1685b29fb2f5156a75b0dcb361b04c99117559550fd9d379da2a5c100e0b9ad0b09eed65237925427f61b3e9d2f13ffb7456587a4329143a767f3a8415bd0c9dcf9672020e4b193442f0033aa2ca8e9c4acd2d6105973cac977e0495aebfacfb83e09c74aefb,gx-no-cache=1456768591060 HTTP/1.1" 200 29
200.83.57.24 - - [29/Feb/2016:14:56:42 -0300] "POST /cormun/servlet/solicitudot?gx-no-cache=1456768591128 HTTP/1.1" 200 1116
200.83.57.24 - - [29/Feb/2016:14:56:42 -0300] "GET /cormun/servlet/solicitudot?5c6674129ec76f5b290d575b99e0d24e9398a556e670e6a329687aa69bfaa6d2383e8ae48cf679be085c3bd295d412ced350ebd895e34ae33076dccba476462d167a61fc834abeb360bb2757bdaa642008a7c6719ba0b666167e473f40d1b74f02fd7f23d4080f8b2d19953f400b3d99fbf0dd9902a0e26236981d0d5b50092c61142e54dc04b761d7a51fc32be80a3e7885884830f1e7b19743eb0d86806a06c60c6ebf9eb44263262d6019ea4bb18f,gx-no-cache=1456768591228 HTTP/1.1" 200 30
200.83.57.24 - - [29/Feb/2016:14:56:42 -0300] "POST /cormun/servlet/solicitudot?2ff0751351031a975bc32db8ab4c65dd,UPD,2016,259,,gx-no-cache=1456768591298 HTTP/1.1" 200 93
200.83.57.24 - - [29/Feb/2016:14:56:42 -0300] "GET /cormun/servlet/hpexe_return? HTTP/1.1" 200 1012
200.83.57.24 - - [29/Feb/2016:14:56:42 -0300] "GET /cormun/servlet/trsolicitudot HTTP/1.1" 200 7827
200.83.57.24 - - [29/Feb/2016:14:56:43 -0300] "GET /cormun/servlet/trsolicitudot HTTP/1.1" 200 7824
200.83.57.24 - - [29/Feb/2016:14:56:45 -0300] "POST /cormun/servlet/trsolicitudot?2ff0751351031a975bc32db8ab4c65dd,gx-no-cache=1456768594414 HTTP/1.1" 200 104
200.83.57.24 - - [29/Feb/2016:14:56:45 -0300] "GET /cormun/servlet/solicitudot?UPD,2016,261, HTTP/1.1" 200 13435
200.83.57.24 - - [29/Feb/2016:14:56:46 -0300] "GET /cormun/servlet/solicitudot?UPD,2016,261, HTTP/1.1" 200 13445
200.83.57.24 - - [29/Feb/2016:14:56:46 -0300] "POST /cormun/servlet/solicitudot?gx-no-cache=1456768595455 HTTP/1.1" 200 2739
200.83.57.24 - - [29/Feb/2016:14:56:47 -0300] "POST /cormun/servlet/solicitudot?2ff0751351031a975bc32db8ab4c65dd,UPD,2016,261,,gx-no-cache=1456768595621 HTTP/1.1" 200 10189
200.83.57.24 - - [29/Feb/2016:14:56:47 -0300] "GET /cormun/servlet/solicitudot?5c6674129ec76f5b290d575b99e0d24eb13f880a96975b43f9bf09d12c11116f05d6240fdc7cd9c726156d674885c00d,gx-no-cache=1456768595810 HTTP/1.1" 200 30
200.83.57.24 - - [29/Feb/2016:14:56:47 -0300] "POST /cormun/servlet/solicitudot?gx-no-cache=1456768595849 HTTP/1.1" 200 30
200.83.57.24 - - [29/Feb/2016:14:56:47 -0300] "POST /cormun/servlet/solicitudot?gx-no-cache=1456768595904 HTTP/1.1" 200 30
186.103.157.246 - - [29/Feb/2016:14:56:47 -0300] "GET /cormun/servlet/solicitudot?INS,0,0, HTTP/1.1" 200 12015
200.83.57.24 - - [29/Feb/2016:14:56:47 -0300] "POST /cormun/servlet/solicitudot?gx-no-cache=1456768595972 HTTP/1.1" 200 1154
186.103.157.246 - - [29/Feb/2016:14:56:47 -0300] "GET /cormun/static/gxcfg.js?201617004230 HTTP/1.1" 200 953
200.83.57.24 - - [29/Feb/2016:14:56:47 -0300] "GET /cormun/servlet/solicitudot?5c6674129ec76f5b290d575b99e0d24e7b95edf534281118ddeb1bf8bda244a75cb11b61ef78cf32a38e6b5f8c68c80e7ae129630fc14a001e04c2b9303b36c607778d78749080904a83231a7eb0f69a022ab146f79bb1e6a495768df40c639dd544dfb91cbdc19eab666cc39a30713a65362893dc08c2a45d6696df17529fbc404b80cd945e010f365559d059c9797665aae9542e1de71424e2d2dcc14951dd,gx-no-cache=1456768596064 HTTP/1.1" 200 41
186.103.157.246 - - [29/Feb/2016:14:56:47 -0300] "GET /cormun/static/Resources/prompt.gif HTTP/1.1" 200 902
186.103.157.246 - - [29/Feb/2016:14:56:47 -0300] "GET /cormun/static/solicitudot.js?201617004281 HTTP/1.1" 200 44291
200.83.57.24 - - [29/Feb/2016:14:56:50 -0300] "GET /cormun/servlet/solicitudot?5c6674129ec76f5b290d575b99e0d24eaea4be19272c8de573ed66d29fc04dd01ba2df3c95b3942e5873e13aef78902bb85b30471043a9d1744d1685b29fb2f5156a75b0dcb361b04c99117559550fd9d379da2a5c100e0b9ad0b09eed65237925427f61b3e9d2f13ffb7456587a4329143a767f3a8415bd0c9dcf9672020e4b193442f0033aa2ca8e9c4acd2d6105973cac977e0495aebfacfb83e09c74aefb,gx-no-cache=1456768598985 HTTP/1.1" 200 30
200.83.57.24 - - [29/Feb/2016:14:56:51 -0300] "POST /cormun/servlet/solicitudot?gx-no-cache=1456768600427 HTTP/1.1" 200 1116
200.83.57.24 - - [29/Feb/2016:14:56:51 -0300] "GET /cormun/servlet/solicitudot?5c6674129ec76f5b290d575b99e0d24e9398a556e670e6a329687aa69bfaa6d257d382c65ce8f1dbe57347f0e4ddcbb5a5ca990d28a4a842cec66b31e937553c38890c534f831a5feecc18ebe471074f704475ffe42cddc27ddb68597bef119de6bca14c571cff80b774ae734ddb7edd143a767f3a8415bd0c9dcf9672020e4b2d0313dab9071037cd390858010ac1c8ce4ed382016e27a2b91524d6cad5634f548af62dac130b7543c78833dee9bc9c,gx-no-cache=1456768600506 HTTP/1.1" 200 32
200.83.57.24 - - [29/Feb/2016:14:56:52 -0300] "POST /cormun/servlet/solicitudot?2ff0751351031a975bc32db8ab4c65dd,UPD,2016,261,,gx-no-cache=1456768600560 HTTP/1.1" 200 93
200.83.57.24 - - [29/Feb/2016:14:56:52 -0300] "GET /cormun/servlet/hpexe_return? HTTP/1.1" 200 1012
200.83.57.24 - - [29/Feb/2016:14:56:52 -0300] "GET /cormun/servlet/trsolicitudot HTTP/1.1" 200 7817
200.83.57.24 - - [29/Feb/2016:14:56:52 -0300] "GET /cormun/servlet/trsolicitudot HTTP/1.1" 200 7813
200.83.57.24 - - [29/Feb/2016:14:56:56 -0300] "GET /cormun/servlet/solicitudot?INS,0,0, HTTP/1.1" 200 12204
200.83.57.24 - - [29/Feb/2016:14:56:56 -0300] "GET /cormun/servlet/solicitudot?INS,0,0, HTTP/1.1" 200 12209
200.83.57.24 - - [29/Feb/2016:14:57:04 -0300] "POST /cormun/servlet/solicitudot?gx-no-cache=1456768613293 HTTP/1.1" 200 2669
200.83.57.24 - - [29/Feb/2016:14:57:04 -0300] "POST /cormun/servlet/solicitudot?2ff0751351031a975bc32db8ab4c65dd,INS,0,0,,gx-no-cache=1456768613479 HTTP/1.1" 200 9418
200.83.57.24 - - [29/Feb/2016:14:57:04 -0300] "GET /cormun/servlet/solicitudot?5c6674129ec76f5b290d575b99e0d24e073ae159469fcdaee1a8b680812deb31bdbdaa3f5744737e7cdd332d33d49def,gx-no-cache=1456768613677 HTTP/1.1" 200 111
200.83.57.24 - - [29/Feb/2016:14:57:09 -0300] "GET /cormun/servlet/solicitudot?5c6674129ec76f5b290d575b99e0d24eb13f880a96975b43f9bf09d12c11116f06f6e82d21f42e4b6c44d70071e32fd4,gx-no-cache=1456768618340 HTTP/1.1" 200 30
186.103.157.246 - - [29/Feb/2016:14:57:09 -0300] "POST /cormun/servlet/solicitudot?gx-no-cache=1456768657918 HTTP/1.1" 200 2776
186.103.157.246 - - [29/Feb/2016:14:57:09 -0300] "POST /cormun/servlet/solicitudot?d8a86d12990324a5f26eb2e0c799b83c,INS,0,0,,gx-no-cache=1456768658195 HTTP/1.1" 200 9497
186.78.49.227 - - [29/Feb/2016:14:57:19 -0300] "GET /cormun/servlet/solicitudot?8f8a1be19c0f293bb5954a73d01988b592e79e82c32743a5299c2cd6698a545e72b4710435182cd26e6ce94ad41d5a4d64b5490fcb12c763ccb0a2079db9fe54a0b2cba25a5ef811bc600b6e5ac0637dddc790b9573365a9f40094db8968ba521708f7c9ece9b4531288640c25bdb6eccf479169e8a8a202401804d18954ad1779710b0353a70dffbb0cf4e925a560381de8813e8e5323625b0f24f30badef08,gx-no-cache=1456768848223 HTTP/1.1" 200 29
186.78.49.227 - - [29/Feb/2016:14:57:19 -0300] "POST /cormun/servlet/solicitudot?gx-no-cache=1456768848348 HTTP/1.1" 200 1116
186.78.49.227 - - [29/Feb/2016:14:57:19 -0300] "GET /cormun/static/menuarrow.gif HTTP/1.1" 404 1015
186.103.157.246 - - [29/Feb/2016:14:57:22 -0300] "GET /cormun/servlet/solicitudot?2518369a0556a72de1b22dbd5c6f47cf489fc8d851f52ecfc15ff8a94dd8dff321535040db827d075149c02f2ef09a5c,gx-no-cache=1456768670812 HTTP/1.1" 200 30
186.103.157.246 - - [29/Feb/2016:14:57:22 -0300] "POST /cormun/servlet/solicitudot?gx-no-cache=1456768670912 HTTP/1.1" 200 30
186.103.157.246 - - [29/Feb/2016:14:57:27 -0300] "POST /cormun/servlet/solicitudot?gx-no-cache=1456768675433 HTTP/1.1" 200 30
186.103.157.246 - - [29/Feb/2016:14:57:34 -0300] "POST /cormun/servlet/solicitudot?gx-no-cache=1456768682483 HTTP/1.1" 200 1159
186.103.157.246 - - [29/Feb/2016:14:57:34 -0300] "GET /cormun/servlet/solicitudot?2518369a0556a72de1b22dbd5c6f47cf73879e2c1f4c9ca5e5c6c411ff4ba43a80afa30f4d660c33353c675774efd51bda9d426bd28178213d29d066a02e9b45e6683a79e5ba43542ebc496958d4a4e90d1b8268c6c145866a669e59991f515fd6de3743869ba6c2602d670201e75d6328a9858deae1cdd33a0d5f00bd0ac390253dab511aae0b9495c3eb738bfed775,gx-no-cache=1456768682603 HTTP/1.1" 200 38
186.78.49.227 - - [29/Feb/2016:14:58:10 -0300] "GET /cormun/servlet/solicitudot?8f8a1be19c0f293bb5954a73d01988b5224a119fc4ede4f116f9f83dd37254b1ddcc01d2f6c01812b77568e46a339ca7400f9fc2ae3505e81441d9997df92da0e05a7c026a4ddc3fb82d953171d06b7c66c33fad28be8df21f8c20a31e542284a751ad0893368f9f53ae49e4c80a242e862c26bdb931a085659cae11f8c7c9feb0d45a59860241ccaceae157256b321f97d491a8bfa1dc804748bbe65d1a8eb72af6c6c18196d53b7e261b9dcbe4ebbd,gx-no-cache=1456768906184 HTTP/1.1" 200 30
200.83.57.24 - - [29/Feb/2016:14:58:10 -0300] "POST /cormun/servlet/solicitudot?gx-no-cache=1456768679335 HTTP/1.1" 200 30
186.78.49.227 - - [29/Feb/2016:14:58:12 -0300] "POST /cormun/servlet/solicitudot?d5cad176bf81a14d5e01f8e1510f3934,INS,0,0,,gx-no-cache=1456768906331 HTTP/1.1" 200 93
186.78.49.227 - - [29/Feb/2016:14:58:12 -0300] "GET /cormun/servlet/hpexe_return? HTTP/1.1" 200 1003
186.78.49.227 - - [29/Feb/2016:14:58:12 -0300] "GET /cormun/servlet/trsolicitudot? HTTP/1.1" 200 6134
186.78.49.227 - - [29/Feb/2016:14:58:13 -0300] "GET /cormun/servlet/trsolicitudot? HTTP/1.1" 200 6130
200.83.57.24 - - [29/Feb/2016:14:58:20 -0300] "POST /cormun/servlet/solicitudot?gx-no-cache=1456768689352 HTTP/1.1" 200 30
200.83.57.24 - - [29/Feb/2016:14:58:32 -0300] "POST /cormun/servlet/solicitudot?gx-no-cache=1456768701422 HTTP/1.1" 200 452
200.83.57.24 - - [29/Feb/2016:14:58:32 -0300] "GET /cormun/servlet/solicitudot?5c6674129ec76f5b290d575b99e0d24e7b95edf534281118ddeb1bf8bda244a75cb11b61ef78cf32a38e6b5f8c68c80e7ae129630fc14a001e04c2b9303b36c607778d78749080904a83231a7eb0f69a022ab146f79bb1e6a495768df40c639dd544dfb91cbdc19eab666cc39a30713a65362893dc08c2a45d6696df17529fbc96512cbfe03a774ca3d3d198ee06051d,gx-no-cache=1456768701556 HTTP/1.1" 200 38
200.83.57.24 - - [29/Feb/2016:14:58:53 -0300] "GET /cormun/servlet/solicitudot?5c6674129ec76f5b290d575b99e0d24e0d62cff2fbbe2796ebe1ba5e48cfdfd1494d4a6dcf9147b178f139797a60330c29f161b2d11ffaecb96a193f662bae4d44fca8ae868cf95151316e25607ad1c57f15f289e764be1b8bdfed0683eac9f33c89eb99661eff05b001e894c3a981d3,gx-no-cache=1456768721656 HTTP/1.1" 200 29
200.83.57.24 - - [29/Feb/2016:14:58:54 -0300] "POST /cormun/servlet/solicitudot?gx-no-cache=1456768722868 HTTP/1.1" 200 1116
200.83.57.24 - - [29/Feb/2016:14:59:25 -0300] "GET /cormun/servlet/solicitudot?5c6674129ec76f5b290d575b99e0d24e9398a556e670e6a329687aa69bfaa6d257d382c65ce8f1dbe57347f0e4ddcbb5a5ca990d28a4a842cec66b31e937553c38890c534f831a5feecc18ebe471074f704475ffe42cddc27ddb68597bef119de6bca14c571cff80b774ae734ddb7edd143a767f3a8415bd0c9dcf9672020e4b2d0313dab9071037cd390858010ac1c8ce4ed382016e27a2b91524d6cad5634f1d55096a2bda49f6fed4ca3c4dd1d669,gx-no-cache=1456768753730 HTTP/1.1" 200 30
186.103.157.246 - - [29/Feb/2016:14:59:25 -0300] "POST /cormun/servlet/solicitudot?gx-no-cache=1456768793913 HTTP/1.1" 200 30
186.103.157.246 - - [29/Feb/2016:14:59:55 -0300] "GET /cormun/servlet/trsolicitudot? HTTP/1.1" 200 7374
186.103.157.246 - - [29/Feb/2016:14:59:59 -0300] "POST /cormun/servlet/trsolicitudot?d8a86d12990324a5f26eb2e0c799b83c,,gx-no-cache=1456768827643 HTTP/1.1" 200 4814
186.103.157.246 - - [29/Feb/2016:14:59:59 -0300] "POST /cormun/servlet/trsolicitudot?d8a86d12990324a5f26eb2e0c799b83c,,gx-no-cache=1456768827943 HTTP/1.1" 200 4814
186.103.157.246 - - [29/Feb/2016:14:59:59 -0300] "POST /cormun/servlet/trsolicitudot?d8a86d12990324a5f26eb2e0c799b83c,,gx-no-cache=1456768828221 HTTP/1.1" 200 4814
186.103.157.246 - - [29/Feb/2016:15:00:00 -0300] "POST /cormun/servlet/trsolicitudot?d8a86d12990324a5f26eb2e0c799b83c,,gx-no-cache=1456768828501 HTTP/1.1" 200 4813
186.103.157.246 - - [29/Feb/2016:15:00:00 -0300] "POST /cormun/servlet/trsolicitudot?d8a86d12990324a5f26eb2e0c799b83c,,gx-no-cache=1456768828809 HTTP/1.1" 200 4814
186.103.157.246 - - [29/Feb/2016:15:00:01 -0300] "POST /cormun/servlet/trsolicitudot?d8a86d12990324a5f26eb2e0c799b83c,,gx-no-cache=1456768829142 HTTP/1.1" 200 4815
186.103.157.246 - - [29/Feb/2016:15:00:01 -0300] "POST /cormun/servlet/trsolicitudot?d8a86d12990324a5f26eb2e0c799b83c,,gx-no-cache=1456768829868 HTTP/1.1" 200 4814
186.103.157.246 - - [29/Feb/2016:15:00:02 -0300] "POST /cormun/servlet/trsolicitudot?d8a86d12990324a5f26eb2e0c799b83c,,gx-no-cache=1456768830249 HTTP/1.1" 200 106
186.103.157.246 - - [29/Feb/2016:15:00:02 -0300] "GET /cormun/servlet/trsolicitudadjuntos?2016,258, HTTP/1.1" 200 5332
186.103.157.246 - - [29/Feb/2016:15:00:02 -0300] "GET /cormun/static/gxui/gxui-all.css?1917420 HTTP/1.1" 200 2179
186.103.157.246 - - [29/Feb/2016:15:00:02 -0300] "GET /cormun/static/gxcfg.js?201511221058652 HTTP/1.1" 200 953
186.103.157.246 - - [29/Feb/2016:15:00:02 -0300] "GET /cormun/static/trsolicitudadjuntos.js?201511221058899 HTTP/1.1" 200 17275
186.103.157.246 - - [29/Feb/2016:15:00:07 -0300] "GET /cormun/servlet/solicitudotadjuntos?INS,2016,258,,1, HTTP/1.1" 200 5389
186.103.157.246 - - [29/Feb/2016:15:00:07 -0300] "GET /cormun/static/gxcfg.js?201614180754 HTTP/1.1" 200 953
186.103.157.246 - - [29/Feb/2016:15:00:07 -0300] "GET /cormun/static/about:blank HTTP/1.1" 404 1011
186.103.157.246 - - [29/Feb/2016:15:00:07 -0300] "GET /cormun/static/about:blank HTTP/1.1" 404 1011
186.103.157.246 - - [29/Feb/2016:15:00:07 -0300] "GET /cormun/static/solicitudotadjuntos.js?201614180772 HTTP/1.1" 200 11762
186.103.157.246 - - [29/Feb/2016:15:00:08 -0300] "GET /cormun/servlet/solicitudotadjuntos?2518369a0556a72de1b22dbd5c6f47cf5bf95b518b054fce1784328f5e23048b0ca85171bedf7bd0385f627e7c7fa764,gx-no-cache=1456768837005 HTTP/1.1" 200 30
200.83.57.24 - - [29/Feb/2016:15:00:08 -0300] "POST /cormun/servlet/solicitudot?2ff0751351031a975bc32db8ab4c65dd,INS,0,0,,gx-no-cache=1456768797209 HTTP/1.1" 200 93
186.103.157.246 - - [29/Feb/2016:15:00:08 -0300] "POST /cormun/servlet/solicitudotadjuntos?d8a86d12990324a5f26eb2e0c799b83c,INS,2016,258,,1,,gx-no-cache=1456768837085 HTTP/1.1" 200 3313
200.83.57.24 - - [29/Feb/2016:15:00:08 -0300] "GET /cormun/servlet/hpexe_return? HTTP/1.1" 200 1005
200.83.57.24 - - [29/Feb/2016:15:00:09 -0300] "GET /cormun/servlet/trsolicitudot HTTP/1.1" 200 8076
200.83.57.24 - - [29/Feb/2016:15:00:09 -0300] "GET /cormun/servlet/trsolicitudot HTTP/1.1" 200 8072
186.78.49.227 - - [29/Feb/2016:15:00:13 -0300] "POST /cormun/servlet/trsolicitudot?d5cad176bf81a14d5e01f8e1510f3934,,gx-no-cache=1456769043982 HTTP/1.1" 200 3476
200.83.57.24 - - [29/Feb/2016:15:00:13 -0300] "POST /cormun/servlet/trsolicitudot?2ff0751351031a975bc32db8ab4c65dd,gx-no-cache=1456768802380 HTTP/1.1" 200 104
186.78.49.227 - - [29/Feb/2016:15:00:13 -0300] "POST /cormun/servlet/trsolicitudot?d5cad176bf81a14d5e01f8e1510f3934,,gx-no-cache=1456769044345 HTTP/1.1" 200 3477
200.83.57.24 - - [29/Feb/2016:15:00:13 -0300] "GET /cormun/servlet/solicitudot?UPD,2016,263, HTTP/1.1" 200 13448
186.78.49.227 - - [29/Feb/2016:15:00:14 -0300] "POST /cormun/servlet/trsolicitudot?d5cad176bf81a14d5e01f8e1510f3934,,gx-no-cache=1456769044676 HTTP/1.1" 200 3475
200.83.57.24 - - [29/Feb/2016:15:00:14 -0300] "GET /cormun/servlet/solicitudot?UPD,2016,263, HTTP/1.1" 200 13457
186.78.49.227 - - [29/Feb/2016:15:00:14 -0300] "GET /cormun/servlet/trsolicitudot?508182e5ad13d70d8d554aab1f6c5b0fcee8661d0a0cb80fabbaf25da1a32ff95b7e47fe56ce4e5d4fbc5a95fed4751660f520320e63e49079cd9386961e0585b734cbdf5f374c99c2fb6ad88121fc20,gx-no-cache=1456769045634 HTTP/1.1" 200 723
200.83.57.24 - - [29/Feb/2016:15:00:14 -0300] "POST /cormun/servlet/solicitudot?gx-no-cache=1456768803522 HTTP/1.1" 200 2737
200.83.57.24 - - [29/Feb/2016:15:00:15 -0300] "POST /cormun/servlet/solicitudot?2ff0751351031a975bc32db8ab4c65dd,UPD,2016,263,,gx-no-cache=1456768803718 HTTP/1.1" 200 10197
200.83.57.24 - - [29/Feb/2016:15:00:15 -0300] "GET /cormun/servlet/solicitudot?5c6674129ec76f5b290d575b99e0d24eb13f880a96975b43f9bf09d12c11116f05d6240fdc7cd9c726156d674885c00d,gx-no-cache=1456768803929 HTTP/1.1" 200 30
200.83.57.24 - - [29/Feb/2016:15:00:15 -0300] "POST /cormun/servlet/solicitudot?gx-no-cache=1456768803994 HTTP/1.1" 200 30
200.83.57.24 - - [29/Feb/2016:15:00:15 -0300] "POST /cormun/servlet/solicitudot?gx-no-cache=1456768804066 HTTP/1.1" 200 30
200.83.57.24 - - [29/Feb/2016:15:00:15 -0300] "POST /cormun/servlet/solicitudot?gx-no-cache=1456768804124 HTTP/1.1" 200 1154
200.83.57.24 - - [29/Feb/2016:15:00:15 -0300] "GET /cormun/servlet/solicitudot?5c6674129ec76f5b290d575b99e0d24e7b95edf534281118ddeb1bf8bda244a75cb11b61ef78cf32a38e6b5f8c68c80e7ae129630fc14a001e04c2b9303b36c607778d78749080904a83231a7eb0f69a022ab146f79bb1e6a495768df40c639dd544dfb91cbdc19eab666cc39a30713a65362893dc08c2a45d6696df17529fbc404b80cd945e010f365559d059c9797665aae9542e1de71424e2d2dcc14951dd,gx-no-cache=1456768804242 HTTP/1.1" 200 41
186.103.157.246 - - [29/Feb/2016:15:00:16 -0300] "POST /cormun/servlet/solicitudotadjuntos?gx-no-cache=1456768844660 HTTP/1.1" 200 26
186.78.49.227 - - [29/Feb/2016:15:00:16 -0300] "GET /cormun/servlet/trsolicitudot?508182e5ad13d70d8d554aab1f6c5b0fac424d1926429901ce97b8a9e3dd1ed8d3b0e1545449efc98a79ef6138289f893890b48042f2cb37a590c3ff0081697cd62be0379db4a1618b3b8d956af3794a79f924a880275e81a1b24ee437d21d4d,gx-no-cache=1456769047421 HTTP/1.1" 200 723
186.78.49.227 - - [29/Feb/2016:15:00:17 -0300] "GET /cormun/servlet/trsolicitudot?508182e5ad13d70d8d554aab1f6c5b0f9e70241368e402d72c6f56d3cb360885e468fab5405e40807237d1964c9304cfcf110ead0559f59cebaba38bf27af7f33db1e3ed5bab9eb7997174788e5f5961528a0df2278a4076a26fa2de994708fe,gx-no-cache=1456769048201 HTTP/1.1" 200 723
200.83.57.24 - - [29/Feb/2016:15:00:17 -0300] "GET /cormun/servlet/solicitudot?5c6674129ec76f5b290d575b99e0d24eaea4be19272c8de573ed66d29fc04dd01ba2df3c95b3942e5873e13aef78902bb85b30471043a9d1744d1685b29fb2f5156a75b0dcb361b04c99117559550fd9d379da2a5c100e0b9ad0b09eed65237925427f61b3e9d2f13ffb7456587a4329143a767f3a8415bd0c9dcf9672020e4b193442f0033aa2ca8e9c4acd2d6105973cac977e0495aebfacfb83e09c74aefb,gx-no-cache=1456768806554 HTTP/1.1" 200 30
186.78.49.227 - - [29/Feb/2016:15:00:18 -0300] "POST /cormun/servlet/trsolicitudot?d5cad176bf81a14d5e01f8e1510f3934,,gx-no-cache=1456769049522 HTTP/1.1" 200 3475
200.83.57.24 - - [29/Feb/2016:15:00:19 -0300] "POST /cormun/servlet/solicitudot?gx-no-cache=1456768807666 HTTP/1.1" 200 1116
200.83.57.24 - - [29/Feb/2016:15:00:19 -0300] "GET /cormun/servlet/solicitudot?5c6674129ec76f5b290d575b99e0d24e9398a556e670e6a329687aa69bfaa6d257d382c65ce8f1dbe57347f0e4ddcbb5a5ca990d28a4a842cec66b31e937553c38890c534f831a5feecc18ebe471074f704475ffe42cddc27ddb68597bef119de6bca14c571cff80b774ae734ddb7edd143a767f3a8415bd0c9dcf9672020e4b2d0313dab9071037cd390858010ac1c8ce4ed382016e27a2b91524d6cad5634f548af62dac130b7543c78833dee9bc9c,gx-no-cache=1456768807748 HTTP/1.1" 200 32
200.83.57.24 - - [29/Feb/2016:15:00:19 -0300] "POST /cormun/servlet/solicitudot?2ff0751351031a975bc32db8ab4c65dd,UPD,2016,263,,gx-no-cache=1456768807799 HTTP/1.1" 200 93
200.83.57.24 - - [29/Feb/2016:15:00:19 -0300] "GET /cormun/servlet/hpexe_return? HTTP/1.1" 200 1012
200.83.57.24 - - [29/Feb/2016:15:00:19 -0300] "GET /cormun/servlet/trsolicitudot HTTP/1.1" 200 8073
200.83.57.24 - - [29/Feb/2016:15:00:19 -0300] "GET /cormun/servlet/trsolicitudot HTTP/1.1" 200 8069
186.78.49.227 - - [29/Feb/2016:15:00:20 -0300] "GET /cormun/servlet/trsolicitudot?508182e5ad13d70d8d554aab1f6c5b0f9e70241368e402d72c6f56d3cb360885384e3ca4cb42f4e73dbf1656ae89d0e3025467b1e0bd4960a3a85ea4341abc8cfc7ca2285a6ed3311080660c5d3d3c314ebc3914ecdb177c04742a067ac5b06c,gx-no-cache=1456769051822 HTTP/1.1" 200 722
186.78.49.227 - - [29/Feb/2016:15:00:21 -0300] "GET /cormun/servlet/trsolicitudot?508182e5ad13d70d8d554aab1f6c5b0f9e70241368e402d72c6f56d3cb360885007ca7ebe4f436f87a57e7484a088ce88c4db1b9022cf0958cbc3084426fca3a92256dc823f00c8562d7a2180be6b32329b0db38dfc658cb264b309acac09723,gx-no-cache=1456769052664 HTTP/1.1" 200 722
186.78.49.227 - - [29/Feb/2016:15:00:21 -0300] "GET /cormun/servlet/trsolicitudot?508182e5ad13d70d8d554aab1f6c5b0f9e70241368e402d72c6f56d3cb36088576cb1f11608f513bf0f643c9b79a83b86c133bed6a3ef98b7aee1b78cbe66f23f004f7531becf480189143eba13e9ebe54f2b709088ef87658ce6ae3952ed821,gx-no-cache=1456769053355 HTTP/1.1" 200 722
186.78.49.227 - - [29/Feb/2016:15:00:22 -0300] "GET /cormun/servlet/trsolicitudot?508182e5ad13d70d8d554aab1f6c5b0f9e70241368e402d72c6f56d3cb360885c50783b1ccf44a83594afd2a6afd7cec7f086732a2ac652751d366b9f25cc17d4bdad764d858f0b44957a0ef701e0ed108e485388116fa38b38a0cf194fef36b,gx-no-cache=1456769053923 HTTP/1.1" 200 722
186.78.49.227 - - [29/Feb/2016:15:00:22 -0300] "GET /cormun/servlet/trsolicitudot?508182e5ad13d70d8d554aab1f6c5b0f9e70241368e402d72c6f56d3cb360885086c5c7a650cc04ddb2e23a7c183c0be9a4fa0054d712b43700245f1cf715263df13bdda37fe10d6d6e0535d17f81462a03fdcef7891f994dbadbaa46a977092,gx-no-cache=1456769054475 HTTP/1.1" 200 722
186.78.49.227 - - [29/Feb/2016:15:00:23 -0300] "GET /cormun/servlet/trsolicitudot?508182e5ad13d70d8d554aab1f6c5b0f9e70241368e402d72c6f56d3cb360885be1cb80ae199b8151ff83685e48f47c69a4fa0054d712b43700245f1cf715263df13bdda37fe10d6d6e0535d17f81462a03fdcef7891f994dbadbaa46a977092,gx-no-cache=1456769055654 HTTP/1.1" 200 722
186.78.49.227 - - [29/Feb/2016:15:00:27 -0300] "GET /cormun/servlet/solicitudot?INS,0,0, HTTP/1.1" 200 12053
186.78.49.227 - - [29/Feb/2016:15:00:28 -0300] "GET /cormun/servlet/solicitudot?INS,0,0, HTTP/1.1" 200 12057
186.103.157.246 - - [29/Feb/2016:15:00:33 -0300] "GET /cormun/servlet/solicitudotadjuntos?2518369a0556a72de1b22dbd5c6f47cfbab799dd502f565b6699996ddfc89b67,gx-no-cache=1456768862102 HTTP/1.1" 200 30
186.103.157.246 - - [29/Feb/2016:15:00:33 -0300] "GET /cormun/servlet/solicitudotadjuntos?2518369a0556a72de1b22dbd5c6f47cfbab799dd502f565b6699996ddfc89b67,gx-no-cache=1456768862138 HTTP/1.1" 200 30
186.103.157.246 - - [29/Feb/2016:15:00:34 -0300] "POST /cormun/servlet/solicitudotadjuntos?d8a86d12990324a5f26eb2e0c799b83c,INS,2016,258,,1, HTTP/1.1" 200 116
186.103.157.246 - - [29/Feb/2016:15:00:34 -0300] "GET /cormun/servlet/hpexe_return? HTTP/1.1" 200 1017
186.103.157.246 - - [29/Feb/2016:15:00:34 -0300] "GET /cormun/static/hpexe_return.js?2015111312145056 HTTP/1.1" 200 1633
186.103.157.246 - - [29/Feb/2016:15:00:34 -0300] "GET /cormun/static/Resources/Spanish/PXTools.css?12112540 HTTP/1.1" 200 89042
186.103.157.246 - - [29/Feb/2016:15:00:34 -0300] "GET /cormun/static/gxcfg.js?2015111312145050 HTTP/1.1" 200 953
186.103.157.246 - - [29/Feb/2016:15:00:34 -0300] "GET /cormun/servlet/trsolicitudadjuntos?2016,258, HTTP/1.1" 200 7213
200.83.57.24 - - [29/Feb/2016:15:00:36 -0300] "POST /cormun/servlet/trsolicitudot?2ff0751351031a975bc32db8ab4c65dd,gx-no-cache=1456768825182 HTTP/1.1" 200 106
200.83.57.24 - - [29/Feb/2016:15:00:36 -0300] "GET /cormun/servlet/trsolicitudadjuntos?2016,259, HTTP/1.1" 200 5478
200.83.57.24 - - [29/Feb/2016:15:00:37 -0300] "GET /cormun/servlet/trsolicitudadjuntos?2016,259, HTTP/1.1" 200 5478
186.78.49.227 - - [29/Feb/2016:15:00:39 -0300] "POST /cormun/servlet/solicitudot?gx-no-cache=1456769072566 HTTP/1.1" 200 2762
186.78.49.227 - - [29/Feb/2016:15:00:39 -0300] "POST /cormun/servlet/solicitudot?d5cad176bf81a14d5e01f8e1510f3934,INS,0,0,,gx-no-cache=1456769072911 HTTP/1.1" 200 9543
186.103.157.246 - - [29/Feb/2016:15:00:40 -0300] "GET /cormun/servlet/solicitudotadjuntos?INS,2016,258,,1, HTTP/1.1" 200 5389
186.103.157.246 - - [29/Feb/2016:15:00:40 -0300] "GET /cormun/static/about:blank HTTP/1.1" 404 1011
200.83.57.24 - - [29/Feb/2016:15:00:40 -0300] "GET /cormun/servlet/solicitudotadjuntos?INS,2016,259,,1, HTTP/1.1" 200 5535
186.103.157.246 - - [29/Feb/2016:15:00:40 -0300] "GET /cormun/static/about:blank HTTP/1.1" 404 1011
200.83.57.24 - - [29/Feb/2016:15:00:40 -0300] "GET /cormun/static/about:blank HTTP/1.1" 404 1011
200.83.57.24 - - [29/Feb/2016:15:00:40 -0300] "GET /cormun/servlet/solicitudotadjuntos?INS,2016,259,,1, HTTP/1.1" 200 5529
200.83.57.24 - - [29/Feb/2016:15:00:41 -0300] "GET /cormun/servlet/solicitudotadjuntos?5c6674129ec76f5b290d575b99e0d24e30b4c237334e7defecd15da16572f29a65aae9542e1de71424e2d2dcc14951dd,gx-no-cache=1456768829849 HTTP/1.1" 200 30
200.83.57.24 - - [29/Feb/2016:15:00:41 -0300] "POST /cormun/servlet/solicitudotadjuntos?2ff0751351031a975bc32db8ab4c65dd,INS,2016,259,,1,,gx-no-cache=1456768829914 HTTP/1.1" 200 3350
186.103.157.246 - - [29/Feb/2016:15:00:41 -0300] "GET /cormun/servlet/solicitudotadjuntos?2518369a0556a72de1b22dbd5c6f47cf5bf95b518b054fce1784328f5e23048b0ca85171bedf7bd0385f627e7c7fa764,gx-no-cache=1456768869757 HTTP/1.1" 200 30
186.103.157.246 - - [29/Feb/2016:15:00:41 -0300] "POST /cormun/servlet/solicitudotadjuntos?d8a86d12990324a5f26eb2e0c799b83c,INS,2016,258,,1,,gx-no-cache=1456768869797 HTTP/1.1" 200 3313
186.103.157.246 - - [29/Feb/2016:15:00:46 -0300] "POST /cormun/servlet/solicitudotadjuntos?gx-no-cache=1456768874806 HTTP/1.1" 200 26
200.83.57.24 - - [29/Feb/2016:15:00:48 -0300] "POST /cormun/servlet/solicitudotadjuntos?gx-no-cache=1456768836734 HTTP/1.1" 200 26
186.78.49.227 - - [29/Feb/2016:15:00:52 -0300] "GET /cormun/servlet/solicitudot?8f8a1be19c0f293bb5954a73d01988b561632cddd56c544b294119b7890d9c8d528a0df2278a4076a26fa2de994708fe,gx-no-cache=1456769087170 HTTP/1.1" 200 30
186.78.49.227 - - [29/Feb/2016:15:00:52 -0300] "POST /cormun/servlet/solicitudot?gx-no-cache=1456769087267 HTTP/1.1" 200 30
186.78.49.227 - - [29/Feb/2016:15:00:52 -0300] "POST /cormun/servlet/solicitudot?gx-no-cache=1456769087435 HTTP/1.1" 200 33
186.78.49.227 - - [29/Feb/2016:15:00:52 -0300] "POST /cormun/servlet/solicitudot?gx-no-cache=1456769087529 HTTP/1.1" 200 1159
186.78.49.227 - - [29/Feb/2016:15:00:52 -0300] "GET /cormun/servlet/solicitudot?8f8a1be19c0f293bb5954a73d01988b52ca8a51f98219f11725fe3fcab8e65f196188e0c5337c8705101f84d1012fbbb3c55286ae4a51c569a080bb3753fae66f80508ee35ba63734c5cde401d1c02aceafcb95e1fdd321b7ef8eabc9f85bead23f3fab53686701e5c709e844abacb0f237d1d6264e0c27578514dd45dd468a19d1101c13630e9e09703ce302db5aed0,gx-no-cache=1456769087652 HTTP/1.1" 200 38
186.103.157.246 - - [29/Feb/2016:15:00:57 -0300] "GET /cormun/servlet/solicitudotadjuntos?2518369a0556a72de1b22dbd5c6f47cfbab799dd502f565b6699996ddfc89b67,gx-no-cache=1456768885424 HTTP/1.1" 200 30
186.103.157.246 - - [29/Feb/2016:15:00:57 -0300] "GET /cormun/servlet/solicitudotadjuntos?2518369a0556a72de1b22dbd5c6f47cfbab799dd502f565b6699996ddfc89b67,gx-no-cache=1456768885454 HTTP/1.1" 200 30
186.103.157.246 - - [29/Feb/2016:15:00:57 -0300] "POST /cormun/servlet/solicitudotadjuntos?d8a86d12990324a5f26eb2e0c799b83c,INS,2016,258,,1, HTTP/1.1" 200 116
186.103.157.246 - - [29/Feb/2016:15:00:57 -0300] "GET /cormun/servlet/hpexe_return? HTTP/1.1" 200 1017
186.103.157.246 - - [29/Feb/2016:15:00:57 -0300] "GET /cormun/servlet/trsolicitudadjuntos?2016,258, HTTP/1.1" 200 7383
186.103.157.246 - - [29/Feb/2016:15:01:03 -0300] "GET /cormun/servlet/solicitudotadjuntos?INS,2016,258,,1, HTTP/1.1" 200 5389
186.103.157.246 - - [29/Feb/2016:15:01:04 -0300] "GET /cormun/static/about:blank HTTP/1.1" 404 1011
186.103.157.246 - - [29/Feb/2016:15:01:04 -0300] "GET /cormun/static/about:blank HTTP/1.1" 404 1011
186.103.157.246 - - [29/Feb/2016:15:01:05 -0300] "GET /cormun/servlet/solicitudotadjuntos?2518369a0556a72de1b22dbd5c6f47cf5bf95b518b054fce1784328f5e23048b0ca85171bedf7bd0385f627e7c7fa764,gx-no-cache=1456768893630 HTTP/1.1" 200 30
186.103.157.246 - - [29/Feb/2016:15:01:05 -0300] "POST /cormun/servlet/solicitudotadjuntos?d8a86d12990324a5f26eb2e0c799b83c,INS,2016,258,,1,,gx-no-cache=1456768893670 HTTP/1.1" 200 3313
186.103.157.246 - - [29/Feb/2016:15:01:12 -0300] "POST /cormun/servlet/solicitudotadjuntos?gx-no-cache=1456768900559 HTTP/1.1" 200 26
200.83.57.24 - - [29/Feb/2016:15:01:19 -0300] "GET /cormun/servlet/solicitudotadjuntos?5c6674129ec76f5b290d575b99e0d24e0058db49d33906ca6f6d1e6ed0b03ec7,gx-no-cache=1456768868139 HTTP/1.1" 200 30
200.83.57.24 - - [29/Feb/2016:15:01:19 -0300] "GET /cormun/servlet/solicitudotadjuntos?5c6674129ec76f5b290d575b99e0d24e0058db49d33906ca6f6d1e6ed0b03ec7,gx-no-cache=1456768868236 HTTP/1.1" 200 30
200.83.57.24 - - [29/Feb/2016:15:01:20 -0300] "POST /cormun/servlet/solicitudotadjuntos?2ff0751351031a975bc32db8ab4c65dd,INS,2016,259,,1, HTTP/1.1" 200 116
200.83.57.24 - - [29/Feb/2016:15:01:20 -0300] "GET /cormun/servlet/hpexe_return? HTTP/1.1" 200 1024
200.83.57.24 - - [29/Feb/2016:15:01:20 -0300] "GET /cormun/servlet/trsolicitudadjuntos?2016,259, HTTP/1.1" 200 7376
200.83.57.24 - - [29/Feb/2016:15:01:21 -0300] "GET /cormun/servlet/trsolicitudadjuntos?2016,259, HTTP/1.1" 200 7372
186.103.157.246 - - [29/Feb/2016:15:01:24 -0300] "GET /cormun/servlet/solicitudotadjuntos?2518369a0556a72de1b22dbd5c6f47cfbab799dd502f565b6699996ddfc89b67,gx-no-cache=1456768912680 HTTP/1.1" 200 30
186.103.157.246 - - [29/Feb/2016:15:01:24 -0300] "GET /cormun/servlet/solicitudotadjuntos?2518369a0556a72de1b22dbd5c6f47cfbab799dd502f565b6699996ddfc89b67,gx-no-cache=1456768912710 HTTP/1.1" 200 30
186.103.157.246 - - [29/Feb/2016:15:01:24 -0300] "POST /cormun/servlet/solicitudotadjuntos?d8a86d12990324a5f26eb2e0c799b83c,INS,2016,258,,1, HTTP/1.1" 200 116
186.103.157.246 - - [29/Feb/2016:15:01:24 -0300] "GET /cormun/servlet/hpexe_return? HTTP/1.1" 200 1017
200.83.57.24 - - [29/Feb/2016:15:01:25 -0300] "GET /cormun/servlet/solicitudotadjuntos?INS,2016,259,,1, HTTP/1.1" 200 5534
186.103.157.246 - - [29/Feb/2016:15:01:25 -0300] "GET /cormun/servlet/trsolicitudadjuntos?2016,258, HTTP/1.1" 200 7557
200.83.57.24 - - [29/Feb/2016:15:01:25 -0300] "GET /cormun/static/about:blank HTTP/1.1" 404 1011
200.83.57.24 - - [29/Feb/2016:15:01:25 -0300] "GET /cormun/servlet/solicitudotadjuntos?INS,2016,259,,1, HTTP/1.1" 200 5528
200.83.57.24 - - [29/Feb/2016:15:01:26 -0300] "GET /cormun/servlet/solicitudotadjuntos?5c6674129ec76f5b290d575b99e0d24e30b4c237334e7defecd15da16572f29a65aae9542e1de71424e2d2dcc14951dd,gx-no-cache=1456768874709 HTTP/1.1" 200 30
200.83.57.24 - - [29/Feb/2016:15:01:26 -0300] "POST /cormun/servlet/solicitudotadjuntos?2ff0751351031a975bc32db8ab4c65dd,INS,2016,259,,1,,gx-no-cache=1456768874763 HTTP/1.1" 200 3350
186.103.157.246 - - [29/Feb/2016:15:01:29 -0300] "GET /cormun/servlet/solicitudotadjuntos?INS,2016,258,,1, HTTP/1.1" 200 5390
186.103.157.246 - - [29/Feb/2016:15:01:29 -0300] "GET /cormun/static/about:blank HTTP/1.1" 404 1011
186.103.157.246 - - [29/Feb/2016:15:01:29 -0300] "GET /cormun/static/about:blank HTTP/1.1" 404 1011
200.83.57.24 - - [29/Feb/2016:15:01:30 -0300] "POST /cormun/servlet/solicitudotadjuntos?gx-no-cache=1456768879035 HTTP/1.1" 200 26
186.103.157.246 - - [29/Feb/2016:15:01:30 -0300] "GET /cormun/servlet/solicitudotadjuntos?2518369a0556a72de1b22dbd5c6f47cf5bf95b518b054fce1784328f5e23048b0ca85171bedf7bd0385f627e7c7fa764,gx-no-cache=1456768919061 HTTP/1.1" 200 30
186.103.157.246 - - [29/Feb/2016:15:01:30 -0300] "POST /cormun/servlet/solicitudotadjuntos?d8a86d12990324a5f26eb2e0c799b83c,INS,2016,258,,1,,gx-no-cache=1456768919151 HTTP/1.1" 200 3314
186.103.157.246 - - [29/Feb/2016:15:01:37 -0300] "POST /cormun/servlet/solicitudotadjuntos?gx-no-cache=1456768925362 HTTP/1.1" 200 26
200.83.57.24 - - [29/Feb/2016:15:01:46 -0300] "GET /cormun/servlet/solicitudotadjuntos?5c6674129ec76f5b290d575b99e0d24e0058db49d33906ca6f6d1e6ed0b03ec7,gx-no-cache=1456768895464 HTTP/1.1" 200 30
200.83.57.24 - - [29/Feb/2016:15:01:46 -0300] "GET /cormun/servlet/solicitudotadjuntos?5c6674129ec76f5b290d575b99e0d24e0058db49d33906ca6f6d1e6ed0b03ec7,gx-no-cache=1456768895516 HTTP/1.1" 200 30
186.103.157.246 - - [29/Feb/2016:15:01:46 -0300] "GET /cormun/servlet/solicitudotadjuntos?2518369a0556a72de1b22dbd5c6f47cfbab799dd502f565b6699996ddfc89b67,gx-no-cache=1456768935155 HTTP/1.1" 200 30
186.103.157.246 - - [29/Feb/2016:15:01:46 -0300] "GET /cormun/servlet/solicitudotadjuntos?2518369a0556a72de1b22dbd5c6f47cfbab799dd502f565b6699996ddfc89b67,gx-no-cache=1456768935205 HTTP/1.1" 200 30
