186.67.172.234 - - [29/Feb/2016:10:40:36 -0300] "POST /cormun/servlet/trsolicitudot?111e6965fdf24fe6e1ac64f0f2314e27,,gx-no-cache=1456753288000 HTTP/1.1" 200 4891
186.67.172.234 - - [29/Feb/2016:10:40:36 -0300] "POST /cormun/servlet/trsolicitudot?111e6965fdf24fe6e1ac64f0f2314e27,,gx-no-cache=1456753288185 HTTP/1.1" 200 4892
191.112.100.131 - - [29/Feb/2016:10:40:36 -0300] "POST /cormun/servlet/trautorizarsolicitud?bd3ebd64ad865acf54b6bfa342039938,,gx-no-cache=1456753297255 HTTP/1.1" 200 3420
186.67.172.234 - - [29/Feb/2016:10:40:36 -0300] "POST /cormun/servlet/trsolicitudot?111e6965fdf24fe6e1ac64f0f2314e27,,gx-no-cache=1456753288344 HTTP/1.1" 200 4892
186.67.172.234 - - [29/Feb/2016:10:40:36 -0300] "POST /cormun/servlet/trsolicitudot?111e6965fdf24fe6e1ac64f0f2314e27,,gx-no-cache=1456753288591 HTTP/1.1" 200 3587
186.67.172.234 - - [29/Feb/2016:10:40:36 -0300] "GET /cormun/static/Shared/jqueryui/images/ui-bg_highlight-soft_100_c6c2c8_1x100.png HTTP/1.1" 404 1117
186.67.172.234 - - [29/Feb/2016:10:40:36 -0300] "GET /cormun/static/Shared/jqueryui/images/ui-icons_82798d_256x240.png HTTP/1.1" 404 1089
186.67.172.234 - - [29/Feb/2016:10:40:36 -0300] "GET /cormun/static/Shared/jqueryui/images/ui-bg_flat_55_fafafa_40x100.png HTTP/1.1" 404 1097
186.67.172.234 - - [29/Feb/2016:10:40:36 -0300] "GET /cormun/static/Shared/jqueryui/images/ui-icons_8d78a5_256x240.png HTTP/1.1" 404 1089
186.67.172.234 - - [29/Feb/2016:10:40:37 -0300] "POST /cormun/servlet/trsolicitudot?111e6965fdf24fe6e1ac64f0f2314e27,,gx-no-cache=1456753288772 HTTP/1.1" 200 3437
191.112.100.131 - - [29/Feb/2016:10:40:37 -0300] "POST /cormun/servlet/trautorizarsolicitud?bd3ebd64ad865acf54b6bfa342039938,,gx-no-cache=1456753298353 HTTP/1.1" 200 3420
191.112.100.131 - - [29/Feb/2016:10:40:39 -0300] "POST /cormun/servlet/trautorizarsolicitud?bd3ebd64ad865acf54b6bfa342039938,,gx-no-cache=1456753300484 HTTP/1.1" 200 3419
186.67.172.234 - - [29/Feb/2016:10:40:55 -0300] "GET /cormun/servlet/trautorizarsolicitud? HTTP/1.1" 200 7366
186.67.172.234 - - [29/Feb/2016:10:40:56 -0300] "GET /cormun/servlet/trautorizarsolicitud? HTTP/1.1" 200 7366
191.112.100.131 - - [29/Feb/2016:10:41:02 -0300] "POST /cormun/servlet/trautorizarsolicitud?bd3ebd64ad865acf54b6bfa342039938,,gx-no-cache=1456753322699 HTTP/1.1" 200 3427
191.112.100.131 - - [29/Feb/2016:10:41:02 -0300] "POST /cormun/servlet/trautorizarsolicitud?bd3ebd64ad865acf54b6bfa342039938,,gx-no-cache=1456753323168 HTTP/1.1" 200 3427
191.112.100.131 - - [29/Feb/2016:10:41:02 -0300] "POST /cormun/servlet/trautorizarsolicitud?bd3ebd64ad865acf54b6bfa342039938,,gx-no-cache=1456753323561 HTTP/1.1" 200 3427
191.112.100.131 - - [29/Feb/2016:10:41:03 -0300] "POST /cormun/servlet/trautorizarsolicitud?bd3ebd64ad865acf54b6bfa342039938,,gx-no-cache=1456753323946 HTTP/1.1" 200 3427
191.112.100.131 - - [29/Feb/2016:10:41:03 -0300] "POST /cormun/servlet/trautorizarsolicitud?bd3ebd64ad865acf54b6bfa342039938,,gx-no-cache=1456753324288 HTTP/1.1" 200 3427
191.112.100.131 - - [29/Feb/2016:10:41:03 -0300] "POST /cormun/servlet/trautorizarsolicitud?bd3ebd64ad865acf54b6bfa342039938,,gx-no-cache=1456753324641 HTTP/1.1" 200 3427
191.112.100.131 - - [29/Feb/2016:10:41:04 -0300] "POST /cormun/servlet/trautorizarsolicitud?bd3ebd64ad865acf54b6bfa342039938,,gx-no-cache=1456753325031 HTTP/1.1" 200 3426
191.112.100.131 - - [29/Feb/2016:10:41:04 -0300] "POST /cormun/servlet/trautorizarsolicitud?bd3ebd64ad865acf54b6bfa342039938,,gx-no-cache=1456753325433 HTTP/1.1" 200 3427
186.67.172.234 - - [29/Feb/2016:10:41:05 -0300] "POST /cormun/servlet/trautorizarsolicitud?111e6965fdf24fe6e1ac64f0f2314e27,,gx-no-cache=1456753317650 HTTP/1.1" 200 4856
186.67.172.234 - - [29/Feb/2016:10:41:06 -0300] "POST /cormun/servlet/trautorizarsolicitud?111e6965fdf24fe6e1ac64f0f2314e27,,gx-no-cache=1456753317820 HTTP/1.1" 200 4857
186.67.172.234 - - [29/Feb/2016:10:41:06 -0300] "POST /cormun/servlet/trautorizarsolicitud?111e6965fdf24fe6e1ac64f0f2314e27,,gx-no-cache=1456753318320 HTTP/1.1" 200 4857
186.67.172.234 - - [29/Feb/2016:10:41:07 -0300] "POST /cormun/servlet/trautorizarsolicitud?111e6965fdf24fe6e1ac64f0f2314e27,,gx-no-cache=1456753318548 HTTP/1.1" 200 4856
186.67.172.234 - - [29/Feb/2016:10:41:07 -0300] "POST /cormun/servlet/trautorizarsolicitud?111e6965fdf24fe6e1ac64f0f2314e27,,gx-no-cache=1456753319012 HTTP/1.1" 200 4856
186.67.172.234 - - [29/Feb/2016:10:41:07 -0300] "POST /cormun/servlet/trautorizarsolicitud?111e6965fdf24fe6e1ac64f0f2314e27,,gx-no-cache=1456753319195 HTTP/1.1" 200 4857
186.67.172.234 - - [29/Feb/2016:10:41:07 -0300] "POST /cormun/servlet/trautorizarsolicitud?111e6965fdf24fe6e1ac64f0f2314e27,,gx-no-cache=1456753319355 HTTP/1.1" 200 4857
186.67.172.234 - - [29/Feb/2016:10:41:07 -0300] "POST /cormun/servlet/trautorizarsolicitud?111e6965fdf24fe6e1ac64f0f2314e27,,gx-no-cache=1456753319529 HTTP/1.1" 200 3549
186.67.172.234 - - [29/Feb/2016:10:41:07 -0300] "POST /cormun/servlet/trautorizarsolicitud?111e6965fdf24fe6e1ac64f0f2314e27,,gx-no-cache=1456753319719 HTTP/1.1" 200 3405
191.112.100.131 - - [29/Feb/2016:10:41:33 -0300] "POST /cormun/servlet/trautorizarsolicitud?bd3ebd64ad865acf54b6bfa342039938,,gx-no-cache=1456753353525 HTTP/1.1" 200 3427
191.112.100.131 - - [29/Feb/2016:10:41:33 -0300] "POST /cormun/servlet/trautorizarsolicitud?bd3ebd64ad865acf54b6bfa342039938,,gx-no-cache=1456753354239 HTTP/1.1" 200 3427
191.112.100.131 - - [29/Feb/2016:10:41:33 -0300] "POST /cormun/servlet/trautorizarsolicitud?bd3ebd64ad865acf54b6bfa342039938,,gx-no-cache=1456753354660 HTTP/1.1" 200 3427
191.112.100.131 - - [29/Feb/2016:10:41:34 -0300] "POST /cormun/servlet/trautorizarsolicitud?bd3ebd64ad865acf54b6bfa342039938,,gx-no-cache=1456753355028 HTTP/1.1" 200 3427
186.67.172.234 - - [29/Feb/2016:10:41:34 -0300] "GET /cormun/servlet/hlogin HTTP/1.1" 200 1721
191.112.100.131 - - [29/Feb/2016:10:41:34 -0300] "POST /cormun/servlet/trautorizarsolicitud?bd3ebd64ad865acf54b6bfa342039938,,gx-no-cache=1456753355458 HTTP/1.1" 200 3427
191.112.100.131 - - [29/Feb/2016:10:41:35 -0300] "POST /cormun/servlet/trautorizarsolicitud?bd3ebd64ad865acf54b6bfa342039938,,gx-no-cache=1456753355865 HTTP/1.1" 200 3427
191.112.100.131 - - [29/Feb/2016:10:41:35 -0300] "POST /cormun/servlet/trautorizarsolicitud?bd3ebd64ad865acf54b6bfa342039938,,gx-no-cache=1456753356232 HTTP/1.1" 200 3427
191.112.100.131 - - [29/Feb/2016:10:41:36 -0300] "POST /cormun/servlet/trautorizarsolicitud?bd3ebd64ad865acf54b6bfa342039938,,gx-no-cache=1456753357044 HTTP/1.1" 200 3428
191.112.100.131 - - [29/Feb/2016:10:41:47 -0300] "GET /cormun/servlet/trautorizarsolicitud?6e9d4c1eb2f20ee399b8f9a9ab6bc12c82ff27cb955cd2eaa40a796ee2161086a184c22e5c1290fad94647da7732c5abcb6d4dac51700719488674251540f0ea2d1ed2e89960fffcfef91c68c2d34bc819d2b367d99d6095a73d4ace42c983e0,gx-no-cache=1456753368001 HTTP/1.1" 200 710
191.112.100.131 - - [29/Feb/2016:10:41:56 -0300] "GET /cormun/servlet/hhome HTTP/1.1" 200 3394
191.112.100.131 - - [29/Feb/2016:10:41:56 -0300] "GET /cormun/servlet/hhome HTTP/1.1" 200 3392
186.67.172.234 - - [29/Feb/2016:10:41:57 -0300] "POST /cormun/servlet/hlogin?111e6965fdf24fe6e1ac64f0f2314e27,gx-no-cache=1456753369192 HTTP/1.1" 200 432
191.112.100.131 - - [29/Feb/2016:10:42:01 -0300] "GET /cormun/servlet/hlogin HTTP/1.1" 200 1731
186.67.172.234 - - [29/Feb/2016:10:42:09 -0300] "POST /cormun/servlet/hlogin?111e6965fdf24fe6e1ac64f0f2314e27,gx-no-cache=1456753381019 HTTP/1.1" 200 90
186.67.172.234 - - [29/Feb/2016:10:42:09 -0300] "GET /cormun/servlet/hpexe_link HTTP/1.1" 200 950
186.67.172.234 - - [29/Feb/2016:10:42:09 -0300] "GET /cormun/servlet/hhome HTTP/1.1" 200 3397
186.67.172.234 - - [29/Feb/2016:10:42:09 -0300] "GET /cormun/servlet/hhome HTTP/1.1" 200 3393
186.67.172.234 - - [29/Feb/2016:10:42:14 -0300] "GET /cormun/servlet/trsolicitudot? HTTP/1.1" 200 6113
186.67.172.234 - - [29/Feb/2016:10:42:15 -0300] "GET /cormun/servlet/trsolicitudot? HTTP/1.1" 200 6113
186.67.172.234 - - [29/Feb/2016:10:42:19 -0300] "GET /cormun/servlet/solicitudot?INS,0,0, HTTP/1.1" 200 12040
186.67.172.234 - - [29/Feb/2016:10:42:19 -0300] "GET /cormun/servlet/solicitudot?INS,0,0, HTTP/1.1" 200 12045
191.112.100.131 - - [29/Feb/2016:10:42:42 -0300] "POST /cormun/servlet/hlogin?bd3ebd64ad865acf54b6bfa342039938,gx-no-cache=1456753422827 HTTP/1.1" 200 90
191.112.100.131 - - [29/Feb/2016:10:42:42 -0300] "GET /cormun/servlet/hpexe_link HTTP/1.1" 200 951
191.112.100.131 - - [29/Feb/2016:10:42:42 -0300] "GET /cormun/servlet/hhome HTTP/1.1" 200 3319
186.67.172.234 - - [29/Feb/2016:10:42:42 -0300] "POST /cormun/servlet/solicitudot?gx-no-cache=1456753414474 HTTP/1.1" 200 2669
191.112.100.131 - - [29/Feb/2016:10:42:42 -0300] "GET /cormun/servlet/hhome HTTP/1.1" 200 3314
186.67.172.234 - - [29/Feb/2016:10:42:45 -0300] "POST /cormun/servlet/solicitudot?111e6965fdf24fe6e1ac64f0f2314e27,INS,0,0,,gx-no-cache=1456753414628 HTTP/1.1" 200 9389
186.67.172.234 - - [29/Feb/2016:10:42:46 -0300] "GET /cormun/servlet/solicitudot?4d7a9bd26ca78c73baecbfac06e95b0f2a79d6c2acd34484075094e21600ab37bfab3c5b71f0ba357633b0bedeb783e1,gx-no-cache=1456753418458 HTTP/1.1" 200 30
191.112.100.131 - - [29/Feb/2016:10:42:51 -0300] "GET /cormun/servlet/trsolicitudot? HTTP/1.1" 200 6037
191.112.100.131 - - [29/Feb/2016:10:42:51 -0300] "GET /cormun/static/gxcfg.js?20161623482752 HTTP/1.1" 200 953
191.112.100.131 - - [29/Feb/2016:10:42:51 -0300] "GET /cormun/static/Resources/PXToolsGridNew.png HTTP/1.1" 200 2949
191.112.100.131 - - [29/Feb/2016:10:42:51 -0300] "GET /cormun/static/trsolicitudot.js?20161623483284 HTTP/1.1" 200 45324
191.112.100.131 - - [29/Feb/2016:10:42:52 -0300] "GET /cormun/servlet/trsolicitudot? HTTP/1.1" 200 6037
191.112.100.131 - - [29/Feb/2016:10:42:52 -0300] "POST /cormun/servlet/acontrolpreferencessavestate?None,CA-36,true HTTP/1.1" 200 35
191.112.100.131 - - [29/Feb/2016:10:43:10 -0300] "POST /cormun/servlet/trsolicitudot?bd3ebd64ad865acf54b6bfa342039938,,gx-no-cache=1456753451506 HTTP/1.1" 200 3434
191.112.100.131 - - [29/Feb/2016:10:43:11 -0300] "POST /cormun/servlet/trsolicitudot?bd3ebd64ad865acf54b6bfa342039938,,gx-no-cache=1456753451855 HTTP/1.1" 200 3434
191.112.100.131 - - [29/Feb/2016:10:43:11 -0300] "POST /cormun/servlet/trsolicitudot?bd3ebd64ad865acf54b6bfa342039938,,gx-no-cache=1456753452212 HTTP/1.1" 200 3434
191.112.100.131 - - [29/Feb/2016:10:43:12 -0300] "POST /cormun/servlet/trsolicitudot?bd3ebd64ad865acf54b6bfa342039938,,gx-no-cache=1456753452592 HTTP/1.1" 200 3434
191.112.100.131 - - [29/Feb/2016:10:43:12 -0300] "POST /cormun/servlet/trsolicitudot?bd3ebd64ad865acf54b6bfa342039938,,gx-no-cache=1456753453403 HTTP/1.1" 200 3434
191.112.100.131 - - [29/Feb/2016:10:43:13 -0300] "POST /cormun/servlet/trsolicitudot?bd3ebd64ad865acf54b6bfa342039938,,gx-no-cache=1456753453792 HTTP/1.1" 200 3434
191.112.100.131 - - [29/Feb/2016:10:43:14 -0300] "POST /cormun/servlet/trsolicitudot?bd3ebd64ad865acf54b6bfa342039938,,gx-no-cache=1456753454499 HTTP/1.1" 200 3434
191.112.100.131 - - [29/Feb/2016:10:43:15 -0300] "POST /cormun/servlet/trsolicitudot?bd3ebd64ad865acf54b6bfa342039938,,gx-no-cache=1456753455312 HTTP/1.1" 200 103
191.112.100.131 - - [29/Feb/2016:10:43:15 -0300] "GET /cormun/SolicitudOT-6188.xls HTTP/1.1" 200 4608
191.112.100.131 - - [29/Feb/2016:10:43:49 -0300] "GET /cormun/servlet/solicitudot?INS,0,0, HTTP/1.1" 200 11995
191.112.100.131 - - [29/Feb/2016:10:43:49 -0300] "GET /cormun/static/gxcfg.js?201617004230 HTTP/1.1" 200 953
191.112.100.131 - - [29/Feb/2016:10:43:49 -0300] "GET /cormun/static/Resources/prompt.gif HTTP/1.1" 200 902
191.112.100.131 - - [29/Feb/2016:10:43:49 -0300] "GET /cormun/static/solicitudot.js?201617004281 HTTP/1.1" 200 44291
191.112.100.131 - - [29/Feb/2016:10:43:49 -0300] "GET /cormun/servlet/solicitudot?INS,0,0, HTTP/1.1" 200 11999
200.111.191.210 - - [29/Feb/2016:10:44:06 -0300] "GET /cormun/servlet/solicitudot?f692309da42a43f51440b2fc960310a1cb3253fcd4174fee922f067d6b6d87db7317c73ba066de0f65a5eea6794e8eafadda9e092e40e4816d4b2c4c7a8763f4a6bb2bf4973af1aa81264d93fd40d8294c37218f02b7df8cdcc0d390b6938f01567615575362507e543d9b333f01e328411f5dd416c2e9c5819fad7f89723e3c11e69f3bd5cfc4e1485b233e6318b169f250b34f74bda0844d7cb6065c518f4f1cea9e7177e141f60e737a0bb36084b2,gx-no-cache=1456753456106 HTTP/1.1" 200 30
191.112.100.131 - - [29/Feb/2016:10:44:12 -0300] "GET /cormun/servlet/trvisualizadoreventos? HTTP/1.1" 200 5881
191.112.100.131 - - [29/Feb/2016:10:44:12 -0300] "GET /cormun/servlet/trvisualizadoreventos? HTTP/1.1" 200 5876
191.112.100.131 - - [29/Feb/2016:10:44:13 -0300] "POST /cormun/servlet/acontrolpreferencessavestate?None,CA-36,true HTTP/1.1" 200 35
200.111.191.210 - - [29/Feb/2016:10:44:14 -0300] "POST /cormun/servlet/solicitudot?d1dcd7145cf5b779b75a24545df73357,INS,0,0,,gx-no-cache=1456753463602 HTTP/1.1" 200 93
200.111.191.210 - - [29/Feb/2016:10:44:14 -0300] "GET /cormun/servlet/hpexe_return? HTTP/1.1" 200 1031
200.111.191.210 - - [29/Feb/2016:10:44:14 -0300] "GET /cormun/servlet/trsolicitudot?gx-no-cache=1456753038490 HTTP/1.1" 200 7699
200.111.191.210 - - [29/Feb/2016:10:44:14 -0300] "GET /cormun/servlet/trsolicitudot?gx-no-cache=1456753038490 HTTP/1.1" 200 7716
191.112.100.131 - - [29/Feb/2016:10:44:20 -0300] "POST /cormun/servlet/trvisualizadoreventos?bd3ebd64ad865acf54b6bfa342039938,,gx-no-cache=1456753520215 HTTP/1.1" 200 3253
191.112.100.131 - - [29/Feb/2016:10:44:21 -0300] "POST /cormun/servlet/trvisualizadoreventos?bd3ebd64ad865acf54b6bfa342039938,,gx-no-cache=1456753521277 HTTP/1.1" 200 3253
191.112.100.131 - - [29/Feb/2016:10:44:21 -0300] "POST /cormun/servlet/trvisualizadoreventos?bd3ebd64ad865acf54b6bfa342039938,,gx-no-cache=1456753522408 HTTP/1.1" 200 3253
191.112.100.131 - - [29/Feb/2016:10:44:22 -0300] "POST /cormun/servlet/trvisualizadoreventos?bd3ebd64ad865acf54b6bfa342039938,,gx-no-cache=1456753523036 HTTP/1.1" 200 3253
191.112.100.131 - - [29/Feb/2016:10:44:40 -0300] "GET /cormun/servlet/trvisualizadoreventos?6e9d4c1eb2f20ee399b8f9a9ab6bc12ca255104c95e80be3330f4b84ee21926b25a7cc6fd3089fafecbcc7b60320e87bee9e94bad76d5b351d0d14a289287b24a0613fb0b1ed4e8ce80489ec400096db29cce07058e854569a71dbb721c8ec2e7f8cddaf473472ca2e4bfac98452bc25aad89aed3c2892e7f7a05765e0daccb07fe07b7277895d47059506f6d4a9dc3c8cd2f737183480ba6e4c48506d816dbaa575d0f0bdc99ba31f5dce719b7b979e745a466f0eb22b615a9f495b2ea732fc,gx-no-cache=1456753541134 HTTP/1.1" 200 570
186.67.172.234 - - [29/Feb/2016:10:44:42 -0300] "POST /cormun/servlet/solicitudot?gx-no-cache=1456753533508 HTTP/1.1" 200 30
186.78.61.101 - - [29/Feb/2016:10:44:43 -0300] "GET /cormun/servlet/solicitudotadjuntos?INS,2016,223,,1, HTTP/1.1" 200 5452
191.112.100.131 - - [29/Feb/2016:10:44:43 -0300] "GET /cormun/servlet/trvisualizadoreventos?6e9d4c1eb2f20ee399b8f9a9ab6bc12ca255104c95e80be3330f4b84ee21926b25a7cc6fd3089fafecbcc7b60320e87bee9e94bad76d5b351d0d14a289287b24a0613fb0b1ed4e8ce80489ec400096db29cce07058e854569a71dbb721c8ec2e7f8cddaf473472ca2e4bfac98452bc25aad89aed3c2892e7f7a05765e0daccb07fe07b7277895d47059506f6d4a9dc3c8cd2f737183480ba6e4c48506d816dbaa575d0f0bdc99ba31f5dce719b7b979e37038fed4024fceb0a96a77c30c8f30e,gx-no-cache=1456753544651 HTTP/1.1" 200 568
186.78.61.101 - - [29/Feb/2016:10:44:45 -0300] "GET /cormun/static/calendar-system.css?85620 HTTP/1.1" 304 -
186.78.61.101 - - [29/Feb/2016:10:44:45 -0300] "GET /cormun/static/Resources/Spanish/PXTools.css?17554516 HTTP/1.1" 304 -
186.78.61.101 - - [29/Feb/2016:10:44:45 -0300] "GET /cormun/static/Shared/jqueryui/jquery-ui.min.css?1345370 HTTP/1.1" 304 -
186.78.61.101 - - [29/Feb/2016:10:44:45 -0300] "GET /cormun/static/SmoothNavMenu/resources/ddsmoothmenu-v.css?1112540 HTTP/1.1" 304 -
186.78.61.101 - - [29/Feb/2016:10:44:45 -0300] "GET /cormun/static/scaMessage/css/jquery.pnotify.default.css?1816380 HTTP/1.1" 304 -
186.67.172.234 - - [29/Feb/2016:10:44:47 -0300] "POST /cormun/servlet/solicitudot?gx-no-cache=1456753538620 HTTP/1.1" 200 30
191.112.100.131 - - [29/Feb/2016:10:44:47 -0300] "GET /cormun/servlet/trvisualizadoreventos?6e9d4c1eb2f20ee399b8f9a9ab6bc12ca255104c95e80be3330f4b84ee21926b25a7cc6fd3089fafecbcc7b60320e87bee9e94bad76d5b351d0d14a289287b24a0613fb0b1ed4e8ce80489ec400096db29cce07058e854569a71dbb721c8ec2e7f8cddaf473472ca2e4bfac98452bc25aad89aed3c2892e7f7a05765e0daccb07fe07b7277895d47059506f6d4a9dc3c8cd2f737183480ba6e4c48506d816dbaa575d0f0bdc99ba31f5dce719b7b979eaf70b664519501ff2e569529a40a1101,gx-no-cache=1456753548235 HTTP/1.1" 200 568
186.78.61.101 - - [29/Feb/2016:10:44:48 -0300] "GET /cormun/static/gxtimezone.js?85251 HTTP/1.1" 304 -
186.78.61.101 - - [29/Feb/2016:10:44:48 -0300] "GET /cormun/static/gxgral.js?85251 HTTP/1.1" 304 -
186.78.61.101 - - [29/Feb/2016:10:44:48 -0300] "GET /cormun/static/gxcfg.js?201614180754 HTTP/1.1" 304 -
186.78.61.101 - - [29/Feb/2016:10:44:48 -0300] "GET /cormun/static/calendar.js?85251 HTTP/1.1" 304 -
186.78.61.101 - - [29/Feb/2016:10:44:48 -0300] "GET /cormun/static/calendar-setup.js?85251 HTTP/1.1" 304 -
186.78.61.101 - - [29/Feb/2016:10:44:50 -0300] "GET /cormun/static/calendar-es.js?85251 HTTP/1.1" 304 -
186.78.61.101 - - [29/Feb/2016:10:44:50 -0300] "GET /cormun/static/PXToolsJavascripts/pexe_autoreload.js HTTP/1.1" 304 -
186.78.61.101 - - [29/Feb/2016:10:44:50 -0300] "GET /cormun/static/PXToolsJavascripts/pexe_cookies.js HTTP/1.1" 304 -
186.78.61.101 - - [29/Feb/2016:10:44:50 -0300] "GET /cormun/static/PXToolsJavascripts/pexe_windows.js HTTP/1.1" 304 -
191.112.100.131 - - [29/Feb/2016:10:44:51 -0300] "GET /cormun/servlet/trvisualizadoreventos?6e9d4c1eb2f20ee399b8f9a9ab6bc12ca255104c95e80be3330f4b84ee21926b25a7cc6fd3089fafecbcc7b60320e87bee9e94bad76d5b351d0d14a289287b24a0613fb0b1ed4e8ce80489ec400096db29cce07058e854569a71dbb721c8ec2e7f8cddaf473472ca2e4bfac98452bc25aad89aed3c2892e7f7a05765e0daccb07fe07b7277895d47059506f6d4a9dc3c8cd2f737183480ba6e4c48506d816dbaa575d0f0bdc99ba31f5dce719b7b979e37038fed4024fceb0a96a77c30c8f30e,gx-no-cache=1456753552188 HTTP/1.1" 200 568
186.78.61.101 - - [29/Feb/2016:10:44:51 -0300] "GET /cormun/static/PXToolsJavascripts/pexe_grid.js HTTP/1.1" 304 -
186.78.61.101 - - [29/Feb/2016:10:44:51 -0300] "GET /cormun/static/PXToolsJavascripts/pexe_griddivfix.js HTTP/1.1" 304 -
186.78.61.101 - - [29/Feb/2016:10:44:51 -0300] "GET /cormun/static/PXToolsJavascripts/pexe_link.js HTTP/1.1" 304 -
186.78.61.101 - - [29/Feb/2016:10:44:51 -0300] "GET /cormun/static/PXToolsJavascripts/pexe_menudivfix.js HTTP/1.1" 304 -
186.67.172.234 - - [29/Feb/2016:10:44:52 -0300] "POST /cormun/servlet/solicitudot?gx-no-cache=1456753544055 HTTP/1.1" 200 452
186.67.172.234 - - [29/Feb/2016:10:44:52 -0300] "GET /cormun/servlet/solicitudot?4d7a9bd26ca78c73baecbfac06e95b0f2f8f0f9fc445d4b5e70da686071d3d989821ba6ba584506395286ea0a832512ca0a5f41d4c7665eab849e3c36fbf295acf5b0d5c1deb682765858060b2431e4a991e5dc19ddc58376afe218e58c439d6928418a7998bcd4f11c8454e396bfb75ee8be966adacda3f535be3687b3a03ac337354e91e9836e15cd0c6501348ab85,gx-no-cache=1456753544156 HTTP/1.1" 200 38
186.78.61.101 - - [29/Feb/2016:10:44:53 -0300] "GET /cormun/static/PXToolsJavascripts/pexe_menus.js HTTP/1.1" 304 -
186.78.61.101 - - [29/Feb/2016:10:44:53 -0300] "GET /cormun/static/PXToolsJavascripts/pexe_layers.js HTTP/1.1" 304 -
186.78.61.101 - - [29/Feb/2016:10:44:53 -0300] "GET /cormun/static/PXToolsJavascripts/pexe_oav.js HTTP/1.1" 304 -
186.78.61.101 - - [29/Feb/2016:10:44:54 -0300] "GET /cormun/static/SmoothNavMenu/resources/ddsmoothmenu.css?1112540 HTTP/1.1" 304 -
191.112.100.131 - - [29/Feb/2016:10:44:54 -0300] "GET /cormun/servlet/trvisualizadoreventos?6e9d4c1eb2f20ee399b8f9a9ab6bc12ca255104c95e80be3330f4b84ee21926b25a7cc6fd3089fafecbcc7b60320e87bee9e94bad76d5b351d0d14a289287b24a0613fb0b1ed4e8ce80489ec400096db29cce07058e854569a71dbb721c8ec2e7f8cddaf473472ca2e4bfac98452bc25aad89aed3c2892e7f7a05765e0daccb07fe07b7277895d47059506f6d4a9dc3c8cd2f737183480ba6e4c48506d816dbaa575d0f0bdc99ba31f5dce719b7b979e33d046c9edbb65fe19fea8d388e10116,gx-no-cache=1456753555611 HTTP/1.1" 200 568
186.78.61.101 - - [29/Feb/2016:10:44:55 -0300] "GET /cormun/static/PXToolsJavascripts/pexe_picture.js HTTP/1.1" 304 -
186.78.61.101 - - [29/Feb/2016:10:44:55 -0300] "GET /cormun/static/PXToolsJavascripts/pexe_popup.js HTTP/1.1" 304 -
186.78.61.101 - - [29/Feb/2016:10:44:55 -0300] "GET /cormun/static/PXToolsJavascripts/pexe_scrolldiv.js HTTP/1.1" 304 -
191.112.100.131 - - [29/Feb/2016:10:44:55 -0300] "GET /cormun/servlet/trvisualizadoreventos?6e9d4c1eb2f20ee399b8f9a9ab6bc12ca255104c95e80be3330f4b84ee21926b25a7cc6fd3089fafecbcc7b60320e87bee9e94bad76d5b351d0d14a289287b24a0613fb0b1ed4e8ce80489ec400096db29cce07058e854569a71dbb721c8ec2e7f8cddaf473472ca2e4bfac98452bc25aad89aed3c2892e7f7a05765e0daccb07fe07b7277895d47059506f6d4a9dc3c8cd2f737183480ba6e4c48506d816dbaa575d0f0bdc99ba31f5dce719b7b979eaf70b664519501ff2e569529a40a1101,gx-no-cache=1456753556409 HTTP/1.1" 200 568
186.78.61.101 - - [29/Feb/2016:10:44:56 -0300] "GET /cormun/static/PXToolsJavascripts/pexe_tabdivfix.js HTTP/1.1" 304 -
186.78.61.101 - - [29/Feb/2016:10:44:56 -0300] "GET /cormun/static/PXToolsJavascripts/pexe_tabs.js HTTP/1.1" 304 -
186.78.61.101 - - [29/Feb/2016:10:44:57 -0300] "GET /cormun/static/PXToolsJavascripts/PXToolsJavascriptsRender.js HTTP/1.1" 304 -
186.78.61.101 - - [29/Feb/2016:10:44:57 -0300] "GET /cormun/static/PXToolsJavascripts/pexe_oavdivfix.js HTTP/1.1" 304 -
186.78.61.101 - - [29/Feb/2016:10:44:58 -0300] "GET /cormun/static/Shared/ext/ext-all.js HTTP/1.1" 304 -
186.78.61.101 - - [29/Feb/2016:10:44:58 -0300] "GET /cormun/static/Shared/ext/locale/ext-lang-en.js HTTP/1.1" 304 -
186.78.61.101 - - [29/Feb/2016:10:44:59 -0300] "GET /cormun/static/messages.spa.js?85251 HTTP/1.1" 304 -
186.78.61.101 - - [29/Feb/2016:10:44:59 -0300] "GET /cormun/static/gxdec.js?85251 HTTP/1.1" 304 -
186.78.61.101 - - [29/Feb/2016:10:45:00 -0300] "GET /cormun/static/solicitudotadjuntos.js?201614180772 HTTP/1.1" 304 -
186.78.61.101 - - [29/Feb/2016:10:45:00 -0300] "GET /cormun/static/hwchdr01.js?20162241650484 HTTP/1.1" 304 -
186.78.61.101 - - [29/Feb/2016:10:45:01 -0300] "GET /cormun/static/gxui/gxui-all.js HTTP/1.1" 304 -
186.78.61.101 - - [29/Feb/2016:10:45:02 -0300] "GET /cormun/static/hpexe_messagecontroller.js?2015112210524422 HTTP/1.1" 304 -
186.78.61.101 - - [29/Feb/2016:10:45:02 -0300] "GET /cormun/static/hpexe_messagepopupcomponent.js?201622412404545 HTTP/1.1" 304 -
191.112.100.131 - - [29/Feb/2016:10:45:02 -0300] "POST /cormun/servlet/trvisualizadoreventos?bd3ebd64ad865acf54b6bfa342039938,,gx-no-cache=1456753562809 HTTP/1.1" 200 3264
186.78.61.101 - - [29/Feb/2016:10:45:04 -0300] "GET /cormun/static/cmcontrolpreferences.js?20151120014525 HTTP/1.1" 304 -
186.78.61.101 - - [29/Feb/2016:10:45:05 -0300] "GET /cormun/static/hpexe_scripts.js?20151120014546 HTTP/1.1" 304 -
186.78.61.101 - - [29/Feb/2016:10:45:07 -0300] "GET /cormun/static/RunJS/RunJS.js HTTP/1.1" 304 -
186.78.61.101 - - [29/Feb/2016:10:45:07 -0300] "GET /cormun/static/Shared/jquery/jquery-1.10.2.min.js HTTP/1.1" 304 -
186.78.61.101 - - [29/Feb/2016:10:45:07 -0300] "GET /cormun/static/hpexe_messagegenexuscomponent.js?20151120014314 HTTP/1.1" 304 -
186.78.61.101 - - [29/Feb/2016:10:45:08 -0300] "GET /cormun/static/PXToolsJavascripts/pexe_upload.js HTTP/1.1" 304 -
186.78.61.101 - - [29/Feb/2016:10:45:08 -0300] "GET /cormun/static/Shared/jquery/jquery-1.4.2.min.js HTTP/1.1" 304 -
186.78.61.101 - - [29/Feb/2016:10:45:08 -0300] "GET /cormun/static/Shared/jqueryui/jquery-ui.min.js HTTP/1.1" 304 -
186.78.61.101 - - [29/Feb/2016:10:45:08 -0300] "GET /cormun/static/SmoothNavMenu/resources/ddsmoothmenu.js HTTP/1.1" 304 -
191.112.100.131 - - [29/Feb/2016:10:45:09 -0300] "GET /cormun/servlet/trvisualizadoreventos?6e9d4c1eb2f20ee399b8f9a9ab6bc12c2158c01c95e02823e8c573a8cc10218b25a7cc6fd3089fafecbcc7b60320e87bee9e94bad76d5b351d0d14a289287b24a0613fb0b1ed4e8ce80489ec400096db29cce07058e854569a71dbb721c8ec2e7f8cddaf473472ca2e4bfac98452bc25aad89aed3c2892e7f7a05765e0daccb07fe07b7277895d47059506f6d4a9dc3c8cd2f737183480ba6e4c48506d816dbaa575d0f0bdc99ba31f5dce719b7b979eaf70b664519501ff2e569529a40a1101,gx-no-cache=1456753569623 HTTP/1.1" 200 575
186.78.61.101 - - [29/Feb/2016:10:45:09 -0300] "GET /cormun/static/SmoothNavMenu/resources/SmoothNavMenuRender.js HTTP/1.1" 304 -
191.112.100.131 - - [29/Feb/2016:10:45:09 -0300] "POST /cormun/servlet/trvisualizadoreventos?bd3ebd64ad865acf54b6bfa342039938,,gx-no-cache=1456753569217 HTTP/1.1" 200 3266
186.78.61.101 - - [29/Feb/2016:10:45:09 -0300] "GET /cormun/static/scaMessage/js/jquery.pnotify.min.js HTTP/1.1" 304 -
186.78.61.101 - - [29/Feb/2016:10:45:10 -0300] "GET /cormun/static/about:blank HTTP/1.1" 404 1011
186.78.61.101 - - [29/Feb/2016:10:45:10 -0300] "GET /cormun/static/scaMessage/scaMessageRender.js HTTP/1.1" 304 -
186.78.61.101 - - [29/Feb/2016:10:45:10 -0300] "GET /cormun/static/hmpwkw03.js?201622421393366 HTTP/1.1" 304 -
186.78.61.101 - - [29/Feb/2016:10:45:10 -0300] "GET /cormun/static/Resources/PXToolsFooterBackground2.png HTTP/1.1" 304 -
186.78.61.101 - - [29/Feb/2016:10:45:11 -0300] "GET /cormun/static/Resources/PXTools/calendar.png HTTP/1.1" 304 -
186.78.61.101 - - [29/Feb/2016:10:45:11 -0300] "GET /cormun/static/Resources/PXToolsHeaderActionsLeft.png HTTP/1.1" 304 -
186.78.61.101 - - [29/Feb/2016:10:45:11 -0300] "GET /cormun/static/Resources/PXToolsHeaderActionsRight.png HTTP/1.1" 304 -
186.78.61.101 - - [29/Feb/2016:10:45:12 -0300] "GET /cormun/static/Resources/PXToolsHeaderSecurity.png HTTP/1.1" 304 -
186.78.61.101 - - [29/Feb/2016:10:45:13 -0300] "GET /cormun/static/Resources/PXToolsHeaderLogin.png HTTP/1.1" 304 -
186.78.61.101 - - [29/Feb/2016:10:45:13 -0300] "GET /cormun/static/Resources/PXToolsHeaderHome.png HTTP/1.1" 304 -
186.78.61.101 - - [29/Feb/2016:10:45:13 -0300] "GET /cormun/static/Resources/logo4.png HTTP/1.1" 304 -
191.112.100.131 - - [29/Feb/2016:10:45:13 -0300] "POST /cormun/servlet/trvisualizadoreventos?bd3ebd64ad865acf54b6bfa342039938,,gx-no-cache=1456753574376 HTTP/1.1" 200 111
186.78.61.101 - - [29/Feb/2016:10:45:13 -0300] "GET /cormun/static/hpexe_recentlink.js?2015111312121342 HTTP/1.1" 304 -
186.78.61.101 - - [29/Feb/2016:10:45:14 -0300] "GET /cormun/static/Resources/PXToolsHeaderActionsBackground.png HTTP/1.1" 304 -
191.112.100.131 - - [29/Feb/2016:10:45:14 -0300] "GET /cormun/VisualizadorEventos-1459.xls HTTP/1.1" 200 4096
186.78.61.101 - - [29/Feb/2016:10:45:15 -0300] "GET /cormun/static/Resources/indicator.gif HTTP/1.1" 304 -
186.78.61.101 - - [29/Feb/2016:10:45:15 -0300] "GET /cormun/servlet/solicitudotadjuntos?INS,2016,223,,1, HTTP/1.1" 200 5444
186.78.61.101 - - [29/Feb/2016:10:45:15 -0300] "GET /cormun/static/SmoothNavMenu/resources/images/down.gif HTTP/1.1" 304 -
186.78.61.101 - - [29/Feb/2016:10:45:16 -0300] "GET /cormun/servlet/solicitudotadjuntos?36deaa0f220f26589cb22794876c8fa563e466f336038b9f39b64b9c31ede6c62b4b888b94e60e08a644d75611f3df73,gx-no-cache=1456753491685 HTTP/1.1" 200 30
186.78.61.101 - - [29/Feb/2016:10:45:17 -0300] "GET /cormun/static/Resources/PXToolsHeaderPreferences.png HTTP/1.1" 304 -
186.67.172.234 - - [29/Feb/2016:10:45:21 -0300] "GET /cormun/servlet/solicitudot?4d7a9bd26ca78c73baecbfac06e95b0fc84aac8cbd82bcfdd8be4d2cef37c3582a70d5dc9e9f0ff5ba3446cc3b3be0eb442ac4dab87a27b7cb0bd50af01edf1ab8b625038b2548f18ef3117f6cef3c6a2ae5014fbc749d946fa446cc802e1b21c503456241b273e09a2bf1634e85b940,gx-no-cache=1456753570392 HTTP/1.1" 200 29
186.67.172.234 - - [29/Feb/2016:10:45:23 -0300] "POST /cormun/servlet/solicitudot?gx-no-cache=1456753575110 HTTP/1.1" 200 1116
186.78.61.101 - - [29/Feb/2016:10:45:23 -0300] "POST /cormun/servlet/solicitudotadjuntos?0f83685a32763021bfb424f5e159288e,INS,2016,223,,1,,gx-no-cache=1456753493149 HTTP/1.1" 200 3350
186.78.61.101 - - [29/Feb/2016:10:45:28 -0300] "GET /favicon.ico HTTP/1.1" 200 21630
186.78.61.101 - - [29/Feb/2016:10:45:35 -0300] "POST /cormun/servlet/solicitudotadjuntos?gx-no-cache=1456753510094 HTTP/1.1" 200 26
191.112.100.131 - - [29/Feb/2016:10:45:42 -0300] "GET /cormun/servlet/trvisualizadoreventos?6e9d4c1eb2f20ee399b8f9a9ab6bc12c2873a2e874794d9b8eb15bad585765453ce2c59df70f04f3b592c51df92bbe9e624f20457acab98f3cc03ae44a395bddf565c989f4af4d82b6c2c00a56f90861a836c6c2aa817c5e894a3e6d5a0b9955a5e8c76a15ad058fba1a35a3057d7441a59ad5259f94542ad4d27d02a81dfdecaa702423faa8e8d93d5a3801dab53f675353b77b4e77e198da51f257a291b066efbc81dc66eb6e0fa8b21c8c8e41500d99dc0f3c60379a6376fd7a31787cdb38,gx-no-cache=1456753603336 HTTP/1.1" 200 579
191.112.100.131 - - [29/Feb/2016:10:45:43 -0300] "POST /cormun/servlet/trvisualizadoreventos?bd3ebd64ad865acf54b6bfa342039938,,gx-no-cache=1456753603602 HTTP/1.1" 200 3273
191.112.100.131 - - [29/Feb/2016:10:45:48 -0300] "GET /cormun/servlet/trvisualizadoreventos?6e9d4c1eb2f20ee399b8f9a9ab6bc12ca4a63b2508852b57286716e3eb97d6bf3ce2c59df70f04f3b592c51df92bbe9e624f20457acab98f3cc03ae44a395bddf565c989f4af4d82b6c2c00a56f90861a836c6c2aa817c5e894a3e6d5a0b9955a5e8c76a15ad058fba1a35a3057d7441a59ad5259f94542ad4d27d02a81dfdecaa702423faa8e8d93d5a3801dab53f675353b77b4e77e198da51f257a291b066efbc81dc66eb6e0fa8b21c8c8e41500d99dc0f3c60379a6376fd7a31787cdb38,gx-no-cache=1456753609636 HTTP/1.1" 200 581
191.112.100.131 - - [29/Feb/2016:10:45:49 -0300] "POST /cormun/servlet/trvisualizadoreventos?bd3ebd64ad865acf54b6bfa342039938,,gx-no-cache=1456753609809 HTTP/1.1" 200 3277
191.112.100.131 - - [29/Feb/2016:10:45:57 -0300] "POST /cormun/servlet/trvisualizadoreventos?bd3ebd64ad865acf54b6bfa342039938,,gx-no-cache=1456753617665 HTTP/1.1" 200 3277
191.112.100.131 - - [29/Feb/2016:10:45:57 -0300] "GET /cormun/servlet/trvisualizadoreventos?6e9d4c1eb2f20ee399b8f9a9ab6bc12c981d198c46d09e5d5c5e8b9fb18f95e03a77032394eb199068ab9940e1d3a014624f20457acab98f3cc03ae44a395bddf565c989f4af4d82b6c2c00a56f90861a836c6c2aa817c5e894a3e6d5a0b9955a5e8c76a15ad058fba1a35a3057d7441a59ad5259f94542ad4d27d02a81dfdecaa702423faa8e8d93d5a3801dab53f675353b77b4e77e198da51f257a291b066efbc81dc66eb6e0fa8b21c8c8e41500d99dc0f3c60379a6376fd7a31787cdb38,gx-no-cache=1456753618073 HTTP/1.1" 200 583
186.78.61.101 - - [29/Feb/2016:10:46:00 -0300] "GET /cormun/servlet/solicitudotadjuntos?36deaa0f220f26589cb22794876c8fa5bb9453f7ad37e06a984d068373b87a49,gx-no-cache=1456753529415 HTTP/1.1" 200 30
191.112.100.131 - - [29/Feb/2016:10:46:02 -0300] "GET /cormun/servlet/trvisualizadoreventos?6e9d4c1eb2f20ee399b8f9a9ab6bc12c8b453c31f86d0da9ad34666990f6b6c242ec6cda6f17235931ee39bfdf4ae14e624f20457acab98f3cc03ae44a395bddf565c989f4af4d82b6c2c00a56f90861a836c6c2aa817c5e894a3e6d5a0b9955a5e8c76a15ad058fba1a35a3057d7441a59ad5259f94542ad4d27d02a81dfdecaa702423faa8e8d93d5a3801dab53f675353b77b4e77e198da51f257a291b066efbc81dc66eb6e0fa8b21c8c8e41500d99dc0f3c60379a6376fd7a31787cdb38,gx-no-cache=1456753623059 HTTP/1.1" 200 583
191.112.100.131 - - [29/Feb/2016:10:46:02 -0300] "POST /cormun/servlet/trvisualizadoreventos?bd3ebd64ad865acf54b6bfa342039938,,gx-no-cache=1456753622652 HTTP/1.1" 200 3276
186.78.61.101 - - [29/Feb/2016:10:46:02 -0300] "GET /cormun/servlet/solicitudotadjuntos?36deaa0f220f26589cb22794876c8fa5bb9453f7ad37e06a984d068373b87a49,gx-no-cache=1456753537342 HTTP/1.1" 200 30
191.112.100.131 - - [29/Feb/2016:10:46:04 -0300] "POST /cormun/servlet/trvisualizadoreventos?bd3ebd64ad865acf54b6bfa342039938,,gx-no-cache=1456753624803 HTTP/1.1" 200 3274
191.112.100.131 - - [29/Feb/2016:10:46:04 -0300] "GET /cormun/servlet/trvisualizadoreventos?6e9d4c1eb2f20ee399b8f9a9ab6bc12c1127df63f8af577d0efd94d57c222755d8ebc73f349c5273428697e279b5a499624f20457acab98f3cc03ae44a395bddf565c989f4af4d82b6c2c00a56f90861a836c6c2aa817c5e894a3e6d5a0b9955a5e8c76a15ad058fba1a35a3057d7441a59ad5259f94542ad4d27d02a81dfdecaa702423faa8e8d93d5a3801dab53f675353b77b4e77e198da51f257a291b066efbc81dc66eb6e0fa8b21c8c8e41500d99dc0f3c60379a6376fd7a31787cdb38,gx-no-cache=1456753625208 HTTP/1.1" 200 580
191.112.100.131 - - [29/Feb/2016:10:46:06 -0300] "GET /cormun/servlet/trvisualizadoreventos?6e9d4c1eb2f20ee399b8f9a9ab6bc12c44f0bce310c781dcc380a2326a5e608582eb915a325c1f189eccf2aeff733116624f20457acab98f3cc03ae44a395bddf565c989f4af4d82b6c2c00a56f90861a836c6c2aa817c5e894a3e6d5a0b9955a5e8c76a15ad058fba1a35a3057d7441a59ad5259f94542ad4d27d02a81dfdecaa702423faa8e8d93d5a3801dab53f675353b77b4e77e198da51f257a291b066efbc81dc66eb6e0fa8b21c8c8e41500d99dc0f3c60379a6376fd7a31787cdb38,gx-no-cache=1456753627724 HTTP/1.1" 200 581
191.112.100.131 - - [29/Feb/2016:10:46:07 -0300] "POST /cormun/servlet/trvisualizadoreventos?bd3ebd64ad865acf54b6bfa342039938,,gx-no-cache=1456753627315 HTTP/1.1" 200 3277
191.112.100.131 - - [29/Feb/2016:10:46:10 -0300] "GET /cormun/servlet/trvisualizadoreventos?6e9d4c1eb2f20ee399b8f9a9ab6bc12ca4a63b2508852b57286716e3eb97d6bf3ce2c59df70f04f3b592c51df92bbe9e624f20457acab98f3cc03ae44a395bddf565c989f4af4d82b6c2c00a56f90861a836c6c2aa817c5e894a3e6d5a0b9955a5e8c76a15ad058fba1a35a3057d7441a59ad5259f94542ad4d27d02a81dfdecaa702423faa8e8d93d5a3801dab53f675353b77b4e77e198da51f257a291b066efbc81dc66eb6e0fa8b21c8c8e41500d99dc0f3c60379a6376fd7a31787cdb38,gx-no-cache=1456753631038 HTTP/1.1" 200 583
191.112.100.131 - - [29/Feb/2016:10:46:10 -0300] "POST /cormun/servlet/trvisualizadoreventos?bd3ebd64ad865acf54b6bfa342039938,,gx-no-cache=1456753630636 HTTP/1.1" 200 3277
191.112.100.131 - - [29/Feb/2016:10:46:12 -0300] "POST /cormun/servlet/trvisualizadoreventos?bd3ebd64ad865acf54b6bfa342039938,,gx-no-cache=1456753632946 HTTP/1.1" 200 3277
191.112.100.131 - - [29/Feb/2016:10:46:12 -0300] "GET /cormun/servlet/trvisualizadoreventos?6e9d4c1eb2f20ee399b8f9a9ab6bc12c8b453c31f86d0da9ad34666990f6b6c2477f26590ada819b42acbef92f2c737a624f20457acab98f3cc03ae44a395bddf565c989f4af4d82b6c2c00a56f90861a836c6c2aa817c5e894a3e6d5a0b9955a5e8c76a15ad058fba1a35a3057d7441a59ad5259f94542ad4d27d02a81dfdecaa702423faa8e8d93d5a3801dab53f675353b77b4e77e198da51f257a291b066efbc81dc66eb6e0fa8b21c8c8e41500d99dc0f3c60379a6376fd7a31787cdb38,gx-no-cache=1456753633349 HTTP/1.1" 200 584
191.112.100.131 - - [29/Feb/2016:10:46:15 -0300] "GET /cormun/servlet/trvisualizadoreventos?6e9d4c1eb2f20ee399b8f9a9ab6bc12c981d198c46d09e5d5c5e8b9fb18f95e03a77032394eb199068ab9940e1d3a014624f20457acab98f3cc03ae44a395bddf565c989f4af4d82b6c2c00a56f90861a836c6c2aa817c5e894a3e6d5a0b9955a5e8c76a15ad058fba1a35a3057d7441a59ad5259f94542ad4d27d02a81dfdecaa702423faa8e8d93d5a3801dab53f675353b77b4e77e198da51f257a291b066efbc81dc66eb6e0fa8b21c8c8e41500d99dc0f3c60379a6376fd7a31787cdb38,gx-no-cache=1456753635964 HTTP/1.1" 200 584
191.112.100.131 - - [29/Feb/2016:10:46:15 -0300] "POST /cormun/servlet/trvisualizadoreventos?bd3ebd64ad865acf54b6bfa342039938,,gx-no-cache=1456753635559 HTTP/1.1" 200 3277
191.112.100.131 - - [29/Feb/2016:10:46:22 -0300] "POST /cormun/servlet/trvisualizadoreventos?bd3ebd64ad865acf54b6bfa342039938,,gx-no-cache=1456753642330 HTTP/1.1" 200 3277
191.112.100.131 - - [29/Feb/2016:10:46:23 -0300] "POST /cormun/servlet/trvisualizadoreventos?bd3ebd64ad865acf54b6bfa342039938,,gx-no-cache=1456753644076 HTTP/1.1" 200 3277
191.112.100.131 - - [29/Feb/2016:10:46:26 -0300] "POST /cormun/servlet/trvisualizadoreventos?bd3ebd64ad865acf54b6bfa342039938,,gx-no-cache=1456753646551 HTTP/1.1" 200 3277
191.112.100.131 - - [29/Feb/2016:10:46:31 -0300] "GET /cormun/servlet/trvisualizadoreventos?6e9d4c1eb2f20ee399b8f9a9ab6bc12c981d198c46d09e5d5c5e8b9fb18f95e03a77032394eb199068ab9940e1d3a014624f20457acab98f3cc03ae44a395bddf565c989f4af4d82b6c2c00a56f90861a836c6c2aa817c5e894a3e6d5a0b9955a5e8c76a15ad058fba1a35a3057d7441a59ad5259f94542ad4d27d02a81dfdecaa702423faa8e8d93d5a3801dab53f675353b77b4e77e198da51f257a291b066efbc81dc66eb6e0fa8b21c8c8e41500d1ec329a0dc863b18764c8d75b514f5c8,gx-no-cache=1456753651989 HTTP/1.1" 200 585
191.112.100.131 - - [29/Feb/2016:10:46:33 -0300] "GET /cormun/servlet/trvisualizadoreventos?6e9d4c1eb2f20ee399b8f9a9ab6bc12c981d198c46d09e5d5c5e8b9fb18f95e03a77032394eb199068ab9940e1d3a014624f20457acab98f3cc03ae44a395bddf565c989f4af4d82b6c2c00a56f90861a836c6c2aa817c5e894a3e6d5a0b9955a5e8c76a15ad058fba1a35a3057d7441a59ad5259f94542ad4d27d02a81dfdecaa702423faa8e8d93d5a3801dab53f675353b77b4e77e198da51f257a291b066efbc81dc66eb6e0fa8b21c8c8e41500d1bbfddfe062b48ff43ecad976eaee6cc,gx-no-cache=1456753654742 HTTP/1.1" 200 579
191.112.100.131 - - [29/Feb/2016:10:46:38 -0300] "GET /cormun/servlet/trvisualizadoreventos?6e9d4c1eb2f20ee399b8f9a9ab6bc12c981d198c46d09e5d5c5e8b9fb18f95e03a77032394eb199068ab9940e1d3a014624f20457acab98f3cc03ae44a395bddf565c989f4af4d82b6c2c00a56f90861a836c6c2aa817c5e894a3e6d5a0b9955a5e8c76a15ad058fba1a35a3057d7441a59ad5259f94542ad4d27d02a81dfdecaa702423faa8e8d93d5a3801dab53f675353b77b4e77e198da51f257a291b066efbc81dc66eb6e0fa8b21c8c8e41500d5aec3a69823726d0ccdf754032aa3803,gx-no-cache=1456753658806 HTTP/1.1" 200 581
191.112.100.131 - - [29/Feb/2016:10:46:40 -0300] "GET /cormun/servlet/trvisualizadoreventos?6e9d4c1eb2f20ee399b8f9a9ab6bc12c981d198c46d09e5d5c5e8b9fb18f95e03a77032394eb199068ab9940e1d3a014624f20457acab98f3cc03ae44a395bddf565c989f4af4d82b6c2c00a56f90861a836c6c2aa817c5e894a3e6d5a0b9955a5e8c76a15ad058fba1a35a3057d7441a59ad5259f94542ad4d27d02a81dfdecaa702423faa8e8d93d5a3801dab53f675353b77b4e77e198da51f257a291b066efbc81dc66eb6e0fa8b21c8c8e41500d1bbfddfe062b48ff43ecad976eaee6cc,gx-no-cache=1456753661102 HTTP/1.1" 200 579
186.78.61.101 - - [29/Feb/2016:10:46:40 -0300] "POST /cormun/servlet/solicitudotadjuntos?0f83685a32763021bfb424f5e159288e,INS,2016,223,,1, HTTP/1.1" 200 5689
191.112.100.131 - - [29/Feb/2016:10:46:41 -0300] "GET /cormun/servlet/trvisualizadoreventos?6e9d4c1eb2f20ee399b8f9a9ab6bc12c981d198c46d09e5d5c5e8b9fb18f95e03a77032394eb199068ab9940e1d3a014624f20457acab98f3cc03ae44a395bddf565c989f4af4d82b6c2c00a56f90861a836c6c2aa817c5e894a3e6d5a0b9955a5e8c76a15ad058fba1a35a3057d7441a59ad5259f94542ad4d27d02a81dfdecaa702423faa8e8d93d5a3801dab53f675353b77b4e77e198da51f257a291b066efbc81dc66eb6e0fa8b21c8c8e41500d1e4ee133ed0b4f842d6c390316d7e136,gx-no-cache=1456753662206 HTTP/1.1" 200 583
191.112.100.131 - - [29/Feb/2016:10:46:42 -0300] "GET /cormun/servlet/trvisualizadoreventos?6e9d4c1eb2f20ee399b8f9a9ab6bc12c981d198c46d09e5d5c5e8b9fb18f95e03a77032394eb199068ab9940e1d3a014624f20457acab98f3cc03ae44a395bddf565c989f4af4d82b6c2c00a56f90861a836c6c2aa817c5e894a3e6d5a0b9955a5e8c76a15ad058fba1a35a3057d7441a59ad5259f94542ad4d27d02a81dfdecaa702423faa8e8d93d5a3801dab53f675353b77b4e77e198da51f257a291b066efbc81dc66eb6e0fa8b21c8c8e41500df0b61646a45e6c93344bfa72772aad4a,gx-no-cache=1456753663253 HTTP/1.1" 200 581
191.112.100.131 - - [29/Feb/2016:10:46:46 -0300] "POST /cormun/servlet/trvisualizadoreventos?bd3ebd64ad865acf54b6bfa342039938,,gx-no-cache=1456753666485 HTTP/1.1" 200 3274
191.112.100.131 - - [29/Feb/2016:10:46:46 -0300] "POST /cormun/servlet/trvisualizadoreventos?bd3ebd64ad865acf54b6bfa342039938,,gx-no-cache=1456753667253 HTTP/1.1" 200 3274
191.112.100.131 - - [29/Feb/2016:10:46:47 -0300] "POST /cormun/servlet/trvisualizadoreventos?bd3ebd64ad865acf54b6bfa342039938,,gx-no-cache=1456753667786 HTTP/1.1" 200 3274
191.112.100.131 - - [29/Feb/2016:10:46:47 -0300] "POST /cormun/servlet/trvisualizadoreventos?bd3ebd64ad865acf54b6bfa342039938,,gx-no-cache=1456753668326 HTTP/1.1" 200 3274
191.112.100.131 - - [29/Feb/2016:10:46:55 -0300] "GET /cormun/servlet/trvisualizadoreventos?6e9d4c1eb2f20ee399b8f9a9ab6bc12c7ca225cf0b27dea8666f3f6af106d3793a77032394eb199068ab9940e1d3a014624f20457acab98f3cc03ae44a395bddf565c989f4af4d82b6c2c00a56f90861a836c6c2aa817c5e894a3e6d5a0b9955a5e8c76a15ad058fba1a35a3057d7441a59ad5259f94542ad4d27d02a81dfdecaa702423faa8e8d93d5a3801dab53f675353b77b4e77e198da51f257a291b066efbc81dc66eb6e0fa8b21c8c8e41500df0b61646a45e6c93344bfa72772aad4a,gx-no-cache=1456753676438 HTTP/1.1" 200 581
191.112.100.131 - - [29/Feb/2016:10:46:56 -0300] "POST /cormun/servlet/trvisualizadoreventos?bd3ebd64ad865acf54b6bfa342039938,,gx-no-cache=1456753676650 HTTP/1.1" 200 3275
191.112.100.131 - - [29/Feb/2016:10:47:12 -0300] "GET /cormun/servlet/trvisualizadoreventos?6e9d4c1eb2f20ee399b8f9a9ab6bc12c5290f676a7e64d23a6558bf468271b7b3a77032394eb199068ab9940e1d3a014624f20457acab98f3cc03ae44a395bddf565c989f4af4d82b6c2c00a56f90861a836c6c2aa817c5e894a3e6d5a0b9955a5e8c76a15ad058fba1a35a3057d7441a59ad5259f94542ad4d27d02a81dfdecaa702423faa8e8d93d5a3801dab53f675353b77b4e77e198da51f257a291b066efbc81dc66eb6e0fa8b21c8c8e41500df0b61646a45e6c93344bfa72772aad4a,gx-no-cache=1456753693758 HTTP/1.1" 200 580
191.112.100.131 - - [29/Feb/2016:10:47:13 -0300] "POST /cormun/servlet/trvisualizadoreventos?bd3ebd64ad865acf54b6bfa342039938,,gx-no-cache=1456753693979 HTTP/1.1" 200 3274
191.112.100.131 - - [29/Feb/2016:10:47:19 -0300] "POST /cormun/servlet/trvisualizadoreventos?bd3ebd64ad865acf54b6bfa342039938,,gx-no-cache=1456753700494 HTTP/1.1" 200 3271
191.112.100.131 - - [29/Feb/2016:10:47:20 -0300] "GET /cormun/servlet/trvisualizadoreventos?6e9d4c1eb2f20ee399b8f9a9ab6bc12c311eea6f0b7220db30f67c4226b0473ad8ebc73f349c5273428697e279b5a499624f20457acab98f3cc03ae44a395bddf565c989f4af4d82b6c2c00a56f90861a836c6c2aa817c5e894a3e6d5a0b9955a5e8c76a15ad058fba1a35a3057d7441a59ad5259f94542ad4d27d02a81dfdecaa702423faa8e8d93d5a3801dab53f675353b77b4e77e198da51f257a291b066efbc81dc66eb6e0fa8b21c8c8e41500df0b61646a45e6c93344bfa72772aad4a,gx-no-cache=1456753700902 HTTP/1.1" 200 579
191.112.100.131 - - [29/Feb/2016:10:47:22 -0300] "POST /cormun/servlet/trvisualizadoreventos?bd3ebd64ad865acf54b6bfa342039938,,gx-no-cache=1456753703134 HTTP/1.1" 200 3273
191.112.100.131 - - [29/Feb/2016:10:47:22 -0300] "GET /cormun/servlet/trvisualizadoreventos?6e9d4c1eb2f20ee399b8f9a9ab6bc12c98a25bf8c7d161af06b7f82ad3d9113c42ec6cda6f17235931ee39bfdf4ae14e624f20457acab98f3cc03ae44a395bddf565c989f4af4d82b6c2c00a56f90861a836c6c2aa817c5e894a3e6d5a0b9955a5e8c76a15ad058fba1a35a3057d7441a59ad5259f94542ad4d27d02a81dfdecaa702423faa8e8d93d5a3801dab53f675353b77b4e77e198da51f257a291b066efbc81dc66eb6e0fa8b21c8c8e41500df0b61646a45e6c93344bfa72772aad4a,gx-no-cache=1456753703538 HTTP/1.1" 200 581
191.112.100.131 - - [29/Feb/2016:10:47:34 -0300] "POST /cormun/servlet/acontrolpreferencessavestate?None,CA-36,true HTTP/1.1" 200 35
191.112.100.131 - - [29/Feb/2016:10:47:36 -0300] "POST /cormun/servlet/acontrolpreferencessavestate?None,CA-36,true HTTP/1.1" 200 35
191.112.100.131 - - [29/Feb/2016:10:47:37 -0300] "POST /cormun/servlet/acontrolpreferencessavestate?None,CA-36,true HTTP/1.1" 200 35
191.112.100.131 - - [29/Feb/2016:10:47:38 -0300] "POST /cormun/servlet/trvisualizadoreventos?bd3ebd64ad865acf54b6bfa342039938,,gx-no-cache=1456753718658 HTTP/1.1" 200 3271
191.112.100.131 - - [29/Feb/2016:10:47:39 -0300] "POST /cormun/servlet/trvisualizadoreventos?bd3ebd64ad865acf54b6bfa342039938,,gx-no-cache=1456753720055 HTTP/1.1" 200 3271
191.112.100.131 - - [29/Feb/2016:10:47:40 -0300] "POST /cormun/servlet/trvisualizadoreventos?bd3ebd64ad865acf54b6bfa342039938,,gx-no-cache=1456753721055 HTTP/1.1" 200 3271
191.112.100.131 - - [29/Feb/2016:10:47:41 -0300] "POST /cormun/servlet/trvisualizadoreventos?bd3ebd64ad865acf54b6bfa342039938,,gx-no-cache=1456753722213 HTTP/1.1" 200 3271
191.112.100.131 - - [29/Feb/2016:10:47:42 -0300] "POST /cormun/servlet/trvisualizadoreventos?bd3ebd64ad865acf54b6bfa342039938,,gx-no-cache=1456753723454 HTTP/1.1" 200 3271
191.112.100.131 - - [29/Feb/2016:10:47:44 -0300] "POST /cormun/servlet/trvisualizadoreventos?bd3ebd64ad865acf54b6bfa342039938,,gx-no-cache=1456753724310 HTTP/1.1" 200 3271
191.112.100.131 - - [29/Feb/2016:10:47:45 -0300] "POST /cormun/servlet/trvisualizadoreventos?bd3ebd64ad865acf54b6bfa342039938,,gx-no-cache=1456753725778 HTTP/1.1" 200 3271
191.112.100.131 - - [29/Feb/2016:10:47:46 -0300] "POST /cormun/servlet/trvisualizadoreventos?bd3ebd64ad865acf54b6bfa342039938,,gx-no-cache=1456753727388 HTTP/1.1" 200 3271
191.112.100.131 - - [29/Feb/2016:10:47:47 -0300] "POST /cormun/servlet/trvisualizadoreventos?bd3ebd64ad865acf54b6bfa342039938,,gx-no-cache=1456753728212 HTTP/1.1" 200 3271
191.112.100.131 - - [29/Feb/2016:10:47:51 -0300] "POST /cormun/servlet/trvisualizadoreventos?bd3ebd64ad865acf54b6bfa342039938,,gx-no-cache=1456753732509 HTTP/1.1" 200 3273
186.67.172.234 - - [29/Feb/2016:10:47:52 -0300] "GET /cormun/servlet/solicitudot?4d7a9bd26ca78c73baecbfac06e95b0f82d0c5891964c20ee21638e6d6346e1514e51981c17869af3504ccb80c4d0f1a9da5e58825530ed3c4fa3633b37e177b9176a5fa76d2d3175fec39c2a588360fa81d3c638ce9027a7ccff74f3f5bab329233317593c103a455e2ebe0b0c0e7b983df5194614f7446db925dba7bebdf79e3c19b7e01cab9fbdb4b2ef030236d9f9675df55655a9180de3f545dba1aaed1bb27d373fb096b4e0c6ea9c42dc4c634,gx-no-cache=1456753724646 HTTP/1.1" 200 30
191.112.100.131 - - [29/Feb/2016:10:47:55 -0300] "GET /cormun/servlet/hlogin HTTP/1.1" 200 1739
191.112.100.131 - - [29/Feb/2016:10:48:09 -0300] "POST /cormun/servlet/hlogin?bd3ebd64ad865acf54b6bfa342039938,gx-no-cache=1456753750353 HTTP/1.1" 200 90
191.112.100.131 - - [29/Feb/2016:10:48:09 -0300] "GET /cormun/servlet/hpexe_link HTTP/1.1" 200 951
191.112.100.131 - - [29/Feb/2016:10:48:09 -0300] "GET /cormun/servlet/hhome HTTP/1.1" 200 3395
191.112.100.131 - - [29/Feb/2016:10:48:10 -0300] "GET /cormun/servlet/hhome HTTP/1.1" 200 3392
186.67.172.234 - - [29/Feb/2016:10:48:12 -0300] "POST /cormun/servlet/solicitudot?111e6965fdf24fe6e1ac64f0f2314e27,INS,0,0,,gx-no-cache=1456753743951 HTTP/1.1" 200 93
186.67.172.234 - - [29/Feb/2016:10:48:12 -0300] "GET /cormun/servlet/hpexe_return? HTTP/1.1" 200 1007
186.67.172.234 - - [29/Feb/2016:10:48:12 -0300] "GET /cormun/servlet/trsolicitudot HTTP/1.1" 200 7410
186.67.172.234 - - [29/Feb/2016:10:48:13 -0300] "GET /cormun/servlet/trsolicitudot HTTP/1.1" 200 7406
191.112.100.131 - - [29/Feb/2016:10:48:15 -0300] "GET /cormun/servlet/trvisualizadoreventos? HTTP/1.1" 200 5923
191.112.100.131 - - [29/Feb/2016:10:48:16 -0300] "GET /cormun/servlet/trvisualizadoreventos? HTTP/1.1" 200 5923
186.67.172.234 - - [29/Feb/2016:10:48:16 -0300] "GET /cormun/servlet/solicitudot?INS,0,0, HTTP/1.1" 200 12040
186.67.172.234 - - [29/Feb/2016:10:48:16 -0300] "GET /cormun/servlet/solicitudot?INS,0,0, HTTP/1.1" 200 12045
186.67.172.234 - - [29/Feb/2016:10:48:20 -0300] "GET /cormun/servlet/trsolicitudot HTTP/1.1" 200 7410
191.112.100.131 - - [29/Feb/2016:10:48:21 -0300] "POST /cormun/servlet/trvisualizadoreventos?bd3ebd64ad865acf54b6bfa342039938,,gx-no-cache=1456753762001 HTTP/1.1" 200 3287
186.67.172.234 - - [29/Feb/2016:10:48:22 -0300] "GET /cormun/servlet/trsolicitudot HTTP/1.1" 200 7406
191.112.100.131 - - [29/Feb/2016:10:48:22 -0300] "POST /cormun/servlet/trvisualizadoreventos?bd3ebd64ad865acf54b6bfa342039938,,gx-no-cache=1456753762814 HTTP/1.1" 200 3287
191.112.100.131 - - [29/Feb/2016:10:48:22 -0300] "POST /cormun/servlet/trvisualizadoreventos?bd3ebd64ad865acf54b6bfa342039938,,gx-no-cache=1456753763284 HTTP/1.1" 200 3287
191.112.100.131 - - [29/Feb/2016:10:48:23 -0300] "POST /cormun/servlet/trvisualizadoreventos?bd3ebd64ad865acf54b6bfa342039938,,gx-no-cache=1456753763789 HTTP/1.1" 200 3287
191.112.100.131 - - [29/Feb/2016:10:48:24 -0300] "POST /cormun/servlet/trvisualizadoreventos?bd3ebd64ad865acf54b6bfa342039938,,gx-no-cache=1456753765470 HTTP/1.1" 200 3285
191.112.100.131 - - [29/Feb/2016:10:48:25 -0300] "GET /cormun/servlet/trvisualizadoreventos?6e9d4c1eb2f20ee399b8f9a9ab6bc12c311eea6f0b7220db30f67c4226b0473ad8ebc73f349c5273428697e279b5a499624f20457acab98f3cc03ae44a395bddf565c989f4af4d82b6c2c00a56f90861a836c6c2aa817c5e894a3e6d5a0b9955a5e8c76a15ad058fba1a35a3057d7441a59ad5259f94542ad4d27d02a81dfdecaa702423faa8e8d93d5a3801dab53f675353b77b4e77e198da51f257a291b066efbc81dc66eb6e0fa8b21c8c8e41500df0b61646a45e6c93344bfa72772aad4a,gx-no-cache=1456753765911 HTTP/1.1" 200 579
186.67.172.234 - - [29/Feb/2016:10:48:25 -0300] "POST /cormun/servlet/trsolicitudot?111e6965fdf24fe6e1ac64f0f2314e27,gx-no-cache=1456753757032 HTTP/1.1" 200 4855
186.67.172.234 - - [29/Feb/2016:10:48:25 -0300] "POST /cormun/servlet/trsolicitudot?111e6965fdf24fe6e1ac64f0f2314e27,gx-no-cache=1456753757336 HTTP/1.1" 200 4854
186.67.172.234 - - [29/Feb/2016:10:48:25 -0300] "POST /cormun/servlet/trsolicitudot?111e6965fdf24fe6e1ac64f0f2314e27,gx-no-cache=1456753757595 HTTP/1.1" 200 4855
186.67.172.234 - - [29/Feb/2016:10:48:26 -0300] "POST /cormun/servlet/trsolicitudot?111e6965fdf24fe6e1ac64f0f2314e27,gx-no-cache=1456753757839 HTTP/1.1" 200 4855
186.67.172.234 - - [29/Feb/2016:10:48:26 -0300] "POST /cormun/servlet/trsolicitudot?111e6965fdf24fe6e1ac64f0f2314e27,gx-no-cache=1456753758086 HTTP/1.1" 200 4854
186.67.172.234 - - [29/Feb/2016:10:48:27 -0300] "POST /cormun/servlet/trsolicitudot?111e6965fdf24fe6e1ac64f0f2314e27,gx-no-cache=1456753758713 HTTP/1.1" 200 4855
186.67.172.234 - - [29/Feb/2016:10:48:27 -0300] "POST /cormun/servlet/trsolicitudot?111e6965fdf24fe6e1ac64f0f2314e27,gx-no-cache=1456753758962 HTTP/1.1" 200 4855
186.67.172.234 - - [29/Feb/2016:10:48:27 -0300] "POST /cormun/servlet/trsolicitudot?111e6965fdf24fe6e1ac64f0f2314e27,gx-no-cache=1456753759553 HTTP/1.1" 200 105
186.67.172.234 - - [29/Feb/2016:10:48:28 -0300] "GET /cormun/servlet/trsolicitudadjuntos?2016,227, HTTP/1.1" 200 5341
186.67.172.234 - - [29/Feb/2016:10:48:28 -0300] "GET /cormun/servlet/trsolicitudadjuntos?2016,227, HTTP/1.1" 200 5341
186.67.172.234 - - [29/Feb/2016:10:48:32 -0300] "GET /cormun/servlet/solicitudotadjuntos?INS,2016,227,,1, HTTP/1.1" 200 5401
186.67.172.234 - - [29/Feb/2016:10:48:32 -0300] "GET /cormun/static/about:blank HTTP/1.1" 404 1011
186.67.172.234 - - [29/Feb/2016:10:48:32 -0300] "GET /cormun/servlet/solicitudotadjuntos?INS,2016,227,,1, HTTP/1.1" 200 5395
191.112.100.131 - - [29/Feb/2016:10:48:33 -0300] "GET /cormun/servlet/trautorizarsolicitud? HTTP/1.1" 200 6053
186.67.172.234 - - [29/Feb/2016:10:48:33 -0300] "GET /cormun/servlet/solicitudotadjuntos?4d7a9bd26ca78c73baecbfac06e95b0fc1a9aec9dec49d908038dd6bfe5e333383df56281d8fafbf1a5940eee3538b2b,gx-no-cache=1456753765118 HTTP/1.1" 200 30
186.67.172.234 - - [29/Feb/2016:10:48:33 -0300] "POST /cormun/servlet/solicitudotadjuntos?111e6965fdf24fe6e1ac64f0f2314e27,INS,2016,227,,1,,gx-no-cache=1456753765169 HTTP/1.1" 200 3312
191.112.100.131 - - [29/Feb/2016:10:48:33 -0300] "GET /cormun/servlet/trautorizarsolicitud? HTTP/1.1" 200 6052
186.67.172.234 - - [29/Feb/2016:10:48:38 -0300] "POST /cormun/servlet/solicitudotadjuntos?gx-no-cache=1456753769997 HTTP/1.1" 200 26
