186.103.159.44 - - [26/Feb/2016:11:51:28 -0300] "POST /cormun/servlet/trsolicitudot?9a36c4fad9ef3fe2882d9b7e774b8365,gx-no-cache=1456497286679,gx-no-cache=1456498313769 HTTP/1.1" 200 6939
186.103.159.44 - - [26/Feb/2016:11:51:29 -0300] "POST /cormun/servlet/trsolicitudot?9a36c4fad9ef3fe2882d9b7e774b8365,gx-no-cache=1456497286679,gx-no-cache=1456498314429 HTTP/1.1" 200 6939
186.103.159.44 - - [26/Feb/2016:11:51:30 -0300] "POST /cormun/servlet/trsolicitudot?9a36c4fad9ef3fe2882d9b7e774b8365,gx-no-cache=1456497286679,gx-no-cache=1456498315482 HTTP/1.1" 200 104
186.103.158.250 - - [26/Feb/2016:11:51:34 -0300] "POST /cormun/servlet/solicitudotlog?67ac8b2018ae2840ce2e79dfdc31fc86,INS,2016,152,0,REC,,gx-no-cache=1456498318282 HTTP/1.1" 200 93
186.103.158.250 - - [26/Feb/2016:11:51:34 -0300] "GET /cormun/servlet/hpexe_return? HTTP/1.1" 200 1045
186.103.158.250 - - [26/Feb/2016:11:51:34 -0300] "GET /cormun/servlet/trautorizarsolicitud?gx-no-cache=1456498249045 HTTP/1.1" 200 7550
186.103.159.44 - - [26/Feb/2016:11:51:36 -0300] "GET /cormun/servlet/solicitudot?UPD,2016,171, HTTP/1.1" 200 13288
186.103.158.250 - - [26/Feb/2016:11:51:36 -0300] "GET /cormun/servlet/trautorizarsolicitud?gx-no-cache=1456498249045 HTTP/1.1" 200 7568
186.103.159.44 - - [26/Feb/2016:11:51:37 -0300] "POST /cormun/servlet/solicitudot?gx-no-cache=1456498323235 HTTP/1.1" 200 2744
186.103.159.44 - - [26/Feb/2016:11:51:37 -0300] "POST /cormun/servlet/solicitudot?9a36c4fad9ef3fe2882d9b7e774b8365,UPD,2016,171,,gx-no-cache=1456498323350 HTTP/1.1" 200 10188
186.103.159.44 - - [26/Feb/2016:11:51:38 -0300] "GET /cormun/servlet/solicitudot?d1b8feeebe4a91a3c0325cf850d68d5c09cc90401c466adf5c332724c0167f28fa7b6fe9e7927a7ff6acf28b4217a45c,gx-no-cache=1456498323584 HTTP/1.1" 200 30
186.103.159.44 - - [26/Feb/2016:11:51:38 -0300] "POST /cormun/servlet/solicitudot?gx-no-cache=1456498323697 HTTP/1.1" 200 30
186.103.159.44 - - [26/Feb/2016:11:51:38 -0300] "POST /cormun/servlet/solicitudot?gx-no-cache=1456498323771 HTTP/1.1" 200 30
186.103.159.44 - - [26/Feb/2016:11:51:38 -0300] "POST /cormun/servlet/solicitudot?gx-no-cache=1456498324207 HTTP/1.1" 200 1154
186.103.159.44 - - [26/Feb/2016:11:51:38 -0300] "GET /cormun/servlet/solicitudot?d1b8feeebe4a91a3c0325cf850d68d5c0019a135af09bfb8d8cea8ac0b123732785a5d3e1470645853cafa1d631fbd4fccbf21d83e385bcaf73cba998c731b577c065823e98846590cf26b6b91623ecebb711756ffd842ede0623415f41c87bae0a4db821d3efef2fadfad5b5af45a309ec2e4da8c5fd7fd82394d3471241737292614d2f2af50a693b88998cb722f83e21de3270244b2aeeaa0ea540b753ea5,gx-no-cache=1456498324360 HTTP/1.1" 200 41
186.103.159.44 - - [26/Feb/2016:11:51:54 -0300] "POST /cormun/servlet/solicitudot?9a36c4fad9ef3fe2882d9b7e774b8365,UPD,2016,171,,gx-no-cache=1456498340200 HTTP/1.1" 200 93
186.103.159.44 - - [26/Feb/2016:11:51:54 -0300] "GET /cormun/servlet/hpexe_return? HTTP/1.1" 200 1036
186.103.159.44 - - [26/Feb/2016:11:51:54 -0300] "GET /cormun/servlet/trsolicitudot?gx-no-cache=1456497286679 HTTP/1.1" 200 9377
186.103.158.250 - - [26/Feb/2016:11:51:57 -0300] "GET /cormun/servlet/veautorizarsolicitud?2016,161,, HTTP/1.1" 200 7557
186.103.158.250 - - [26/Feb/2016:11:51:57 -0300] "GET /cormun/static/gxcfg.js?2015112118275677 HTTP/1.1" 200 953
186.103.158.250 - - [26/Feb/2016:11:51:57 -0300] "GET /cormun/pexe_scrolldiv.js HTTP/1.1" 404 1009
186.103.158.250 - - [26/Feb/2016:11:51:57 -0300] "GET /cormun/static/veautorizarsolicitud.js?2015112118275734 HTTP/1.1" 200 6140
186.103.158.250 - - [26/Feb/2016:11:51:57 -0300] "GET /cormun/static/hwcviewtabs.js?20151120014372 HTTP/1.1" 200 1074
186.103.158.250 - - [26/Feb/2016:11:51:57 -0300] "GET /cormun/static/hpexe_tabsview.js?20151120014350 HTTP/1.1" 200 1661
186.103.158.250 - - [26/Feb/2016:11:51:57 -0300] "GET /cormun/static/tbautorizarsolicitud01.js?2015112210521396 HTTP/1.1" 200 27022
186.103.158.250 - - [26/Feb/2016:11:51:57 -0300] "GET /cormun/static/Resources/Spanish/PXTools.css?18201296 HTTP/1.1" 200 89042
186.103.158.250 - - [26/Feb/2016:11:51:57 -0300] "GET /cormun/static/Resources/PXToolsTabFirstSelected.png HTTP/1.1" 200 1259
186.103.158.250 - - [26/Feb/2016:11:51:57 -0300] "GET /cormun/static/Resources/PXToolsTabLastUnselected.png HTTP/1.1" 200 1291
186.103.158.250 - - [26/Feb/2016:11:51:57 -0300] "GET /cormun/static/Resources/PXToolsTabPrevious.gif HTTP/1.1" 200 172
186.103.158.250 - - [26/Feb/2016:11:51:57 -0300] "GET /cormun/static/Resources/PXToolsTabNext.gif HTTP/1.1" 200 168
186.103.158.250 - - [26/Feb/2016:11:51:58 -0300] "GET /cormun/static/calendar-system.css HTTP/1.1" 200 5572
186.103.158.250 - - [26/Feb/2016:11:51:59 -0300] "GET /cormun/static/Resources/PXToolsTabBackSelected.png HTTP/1.1" 200 1157
186.103.158.250 - - [26/Feb/2016:11:51:59 -0300] "GET /cormun/static/Resources/PXToolsTabBackUnselected.png HTTP/1.1" 200 1175
186.103.158.250 - - [26/Feb/2016:11:51:59 -0300] "GET /cormun/static/Resources/PXToolsTabUnselectedUnselected.png HTTP/1.1" 200 1459
186.103.158.250 - - [26/Feb/2016:11:51:59 -0300] "GET /cormun/static/Resources/PXToolsTabSelectedUnselected.png HTTP/1.1" 200 1428
186.103.158.250 - - [26/Feb/2016:11:51:59 -0300] "GET /cormun/servlet/veautorizarsolicitud?2016,161,, HTTP/1.1" 200 7536
186.103.159.44 - - [26/Feb/2016:11:52:00 -0300] "POST /cormun/servlet/trsolicitudot?9a36c4fad9ef3fe2882d9b7e774b8365,gx-no-cache=1456497286679,gx-no-cache=1456498345474 HTTP/1.1" 200 6939
186.103.159.44 - - [26/Feb/2016:11:52:00 -0300] "POST /cormun/servlet/trsolicitudot?9a36c4fad9ef3fe2882d9b7e774b8365,gx-no-cache=1456497286679,gx-no-cache=1456498345937 HTTP/1.1" 200 6939
186.103.159.44 - - [26/Feb/2016:11:52:00 -0300] "POST /cormun/servlet/trsolicitudot?9a36c4fad9ef3fe2882d9b7e774b8365,gx-no-cache=1456497286679,gx-no-cache=1456498346350 HTTP/1.1" 200 6939
186.103.159.44 - - [26/Feb/2016:11:52:01 -0300] "POST /cormun/servlet/trsolicitudot?9a36c4fad9ef3fe2882d9b7e774b8365,gx-no-cache=1456497286679,gx-no-cache=1456498346829 HTTP/1.1" 200 6939
186.103.158.250 - - [26/Feb/2016:11:52:01 -0300] "GET /cormun/servlet/veautorizarsolicitud?2016,161,,SolicitudOTAdjuntos HTTP/1.1" 200 8933
186.103.158.250 - - [26/Feb/2016:11:52:01 -0300] "GET /cormun/pexe_scrolldiv.js HTTP/1.1" 404 1009
186.103.158.250 - - [26/Feb/2016:11:52:01 -0300] "GET /cormun/static/tbautorizarsolicitud02.js?20151122105299 HTTP/1.1" 200 13822
186.103.159.44 - - [26/Feb/2016:11:52:02 -0300] "POST /cormun/servlet/trsolicitudot?9a36c4fad9ef3fe2882d9b7e774b8365,gx-no-cache=1456497286679,gx-no-cache=1456498347510 HTTP/1.1" 200 6939
186.103.159.44 - - [26/Feb/2016:11:52:02 -0300] "POST /cormun/servlet/trsolicitudot?9a36c4fad9ef3fe2882d9b7e774b8365,gx-no-cache=1456497286679,gx-no-cache=1456498348067 HTTP/1.1" 200 6939
186.103.158.250 - - [26/Feb/2016:11:52:02 -0300] "GET /cormun/static/gxui/gxui-all.css HTTP/1.1" 200 2179
186.103.158.250 - - [26/Feb/2016:11:52:03 -0300] "GET /cormun/static/Resources/PXToolsTabFirstUnselected.png HTTP/1.1" 200 1264
186.103.158.250 - - [26/Feb/2016:11:52:03 -0300] "GET /cormun/static/Resources/PXToolsTabUnselectedSelected.png HTTP/1.1" 200 1444
186.103.158.250 - - [26/Feb/2016:11:52:03 -0300] "GET /cormun/static/Shared/ext/resources/css/ext-all.css HTTP/1.1" 200 416045
186.103.159.44 - - [26/Feb/2016:11:52:03 -0300] "POST /cormun/servlet/trsolicitudot?9a36c4fad9ef3fe2882d9b7e774b8365,gx-no-cache=1456497286679,gx-no-cache=1456498348720 HTTP/1.1" 200 6939
186.103.158.250 - - [26/Feb/2016:11:52:03 -0300] "GET /cormun/servlet/veautorizarsolicitud?2016,161,,SolicitudOTAdjuntos HTTP/1.1" 200 8935
186.103.159.44 - - [26/Feb/2016:11:52:04 -0300] "POST /cormun/servlet/trsolicitudot?9a36c4fad9ef3fe2882d9b7e774b8365,gx-no-cache=1456497286679,gx-no-cache=1456498349703 HTTP/1.1" 200 104
186.103.158.250 - - [26/Feb/2016:11:52:04 -0300] "POST /cormun/servlet/acontrolpreferencessavestate?None,CERIKAKS,true HTTP/1.1" 200 35
186.103.248.189 - - [26/Feb/2016:11:52:04 -0300] "POST /cormun/servlet/solicitudot?gx-no-cache=1456498401780 HTTP/1.1" 200 30
186.103.159.44 - - [26/Feb/2016:11:52:10 -0300] "GET /cormun/servlet/solicitudot?UPD,2016,173, HTTP/1.1" 200 13302
186.103.159.44 - - [26/Feb/2016:11:52:11 -0300] "POST /cormun/servlet/solicitudot?gx-no-cache=1456498357491 HTTP/1.1" 200 2756
186.103.159.44 - - [26/Feb/2016:11:52:12 -0300] "POST /cormun/servlet/solicitudot?9a36c4fad9ef3fe2882d9b7e774b8365,UPD,2016,173,,gx-no-cache=1456498357601 HTTP/1.1" 200 10199
186.103.159.44 - - [26/Feb/2016:11:52:12 -0300] "GET /cormun/servlet/solicitudot?d1b8feeebe4a91a3c0325cf850d68d5c4787e5fdd96f0257cf5eacf748ae2e71fa7b6fe9e7927a7ff6acf28b4217a45c,gx-no-cache=1456498357808 HTTP/1.1" 200 30
186.103.159.44 - - [26/Feb/2016:11:52:12 -0300] "POST /cormun/servlet/solicitudot?gx-no-cache=1456498357882 HTTP/1.1" 200 30
186.103.159.44 - - [26/Feb/2016:11:52:12 -0300] "POST /cormun/servlet/solicitudot?gx-no-cache=1456498357903 HTTP/1.1" 200 30
186.103.159.44 - - [26/Feb/2016:11:52:12 -0300] "POST /cormun/servlet/solicitudot?gx-no-cache=1456498357944 HTTP/1.1" 200 1154
186.103.159.44 - - [26/Feb/2016:11:52:12 -0300] "GET /cormun/servlet/solicitudot?d1b8feeebe4a91a3c0325cf850d68d5c0019a135af09bfb8d8cea8ac0b123732785a5d3e1470645853cafa1d631fbd4fccbf21d83e385bcaf73cba998c731b577c065823e98846590cf26b6b91623ecebb711756ffd842ede0623415f41c87bae0a4db821d3efef2fadfad5b5af45a309ec2e4da8c5fd7fd82394d347124173718829ca61e26fb6ecea2e7a5f60ff472e21de3270244b2aeeaa0ea540b753ea5,gx-no-cache=1456498357982 HTTP/1.1" 200 41
186.103.158.250 - - [26/Feb/2016:11:52:12 -0300] "POST /cormun/servlet/veautorizarsolicitud?67ac8b2018ae2840ce2e79dfdc31fc86,2016,161,,SolicitudOTAdjuntos,gx-no-cache=1456498356330 HTTP/1.1" 200 90
186.103.158.250 - - [26/Feb/2016:11:52:12 -0300] "GET /cormun/servlet/hpexe_link HTTP/1.1" 200 999
186.103.158.250 - - [26/Feb/2016:11:52:12 -0300] "GET /cormun/servlet/trautorizarsolicitud?gx-no-cache=1456498249045 HTTP/1.1" 200 7548
186.103.158.250 - - [26/Feb/2016:11:52:14 -0300] "GET /cormun/servlet/trautorizarsolicitud?gx-no-cache=1456498249045 HTTP/1.1" 200 7568
186.103.159.44 - - [26/Feb/2016:11:52:18 -0300] "GET /cormun/servlet/solicitudot?d1b8feeebe4a91a3c0325cf850d68d5c293db852dd39e4cdfeff6bf41101170f0a3bff0f96920faf3921c140a667c9d9c82ff79c997e8756f0519cb8474789d88ad2b8b5b1e684b1912489375d73bee2a3cd85b790d5713ed8c35588dd864526f339e59317f5a2538cebe5acc2c1612e9899060f264cfb7bac3848ca117015c748229275b84fb79f124ea2ad464df17dee142370b28395b356c80bd17d8a5728,gx-no-cache=1456498364507 HTTP/1.1" 200 30
186.103.158.250 - - [26/Feb/2016:11:52:34 -0300] "POST /cormun/servlet/vesolicitudot?04ef37874c43d423c0ed1deabbac6a47,2016,150,,SolicitudOTAdjuntos,gx-no-cache=1456498312845 HTTP/1.1" 200 121
186.103.158.250 - - [26/Feb/2016:11:52:39 -0300] "GET /cormun/servlet/solicitudotadjuntos?DLT,2016,150,CERTIF4, HTTP/1.1" 200 5400
186.103.158.250 - - [26/Feb/2016:11:52:46 -0300] "GET /cormun/servlet/solicitudotadjuntos?DLT,2016,150,CERTIF4, HTTP/1.1" 200 5391
186.103.158.250 - - [26/Feb/2016:11:52:48 -0300] "POST /cormun/servlet/solicitudotadjuntos?04ef37874c43d423c0ed1deabbac6a47,DLT,2016,150,CERTIF4,,gx-no-cache=1456498325934 HTTP/1.1" 200 93
186.103.158.250 - - [26/Feb/2016:11:52:48 -0300] "GET /cormun/servlet/hpexe_return? HTTP/1.1" 200 1037
186.103.158.250 - - [26/Feb/2016:11:52:51 -0300] "GET /cormun/servlet/vesolicitudot?2016,150,,SolicitudOTAdjuntos HTTP/1.1" 200 9140
186.103.158.250 - - [26/Feb/2016:11:52:51 -0300] "GET /cormun/pexe_scrolldiv.js HTTP/1.1" 404 1009
186.103.159.44 - - [26/Feb/2016:11:52:52 -0300] "POST /cormun/servlet/solicitudot?gx-no-cache=1456498397550 HTTP/1.1" 200 1116
186.103.159.44 - - [26/Feb/2016:11:52:52 -0300] "GET /cormun/servlet/solicitudot?d1b8feeebe4a91a3c0325cf850d68d5c474dc80dd37f1d3a1db077e739a0b97afde4b6238b1aac9f36bb120847b1a8ae39b946f6e57f80b175db35cfa81a67617ba3837b0550b5b2610ecb98540f47e184c4b4bc4cdce4127ed02ce6822b7ab17284a5ca836e6017af8f51669b243e18052696de4171418ddd5131efd950d600aa9cfc849318f13a4b96bdb3718b73691315fb179f26894d32d992dbc8f47cfcd753c14d49dbf1b289f4d01d734514c2,gx-no-cache=1456498397648 HTTP/1.1" 200 30
186.103.159.44 - - [26/Feb/2016:11:52:52 -0300] "POST /cormun/servlet/solicitudot?9a36c4fad9ef3fe2882d9b7e774b8365,UPD,2016,173,,gx-no-cache=1456498397676 HTTP/1.1" 200 93
186.103.159.44 - - [26/Feb/2016:11:52:52 -0300] "GET /cormun/servlet/hpexe_return? HTTP/1.1" 200 1036
186.103.159.44 - - [26/Feb/2016:11:52:52 -0300] "GET /cormun/servlet/trsolicitudot?gx-no-cache=1456497286679 HTTP/1.1" 200 9376
186.103.158.250 - - [26/Feb/2016:11:52:55 -0300] "POST /cormun/servlet/acontrolpreferencessavestate?None,CE-4,true HTTP/1.1" 200 35
186.103.159.44 - - [26/Feb/2016:11:52:56 -0300] "POST /cormun/servlet/trsolicitudot?9a36c4fad9ef3fe2882d9b7e774b8365,gx-no-cache=1456497286679,gx-no-cache=1456498402069 HTTP/1.1" 200 6941
186.103.158.250 - - [26/Feb/2016:11:52:57 -0300] "GET /cormun/servlet/vesolicitudot?2016,150,,SolicitudOTAdjuntos HTTP/1.1" 200 9137
186.103.159.44 - - [26/Feb/2016:11:52:57 -0300] "POST /cormun/servlet/trsolicitudot?9a36c4fad9ef3fe2882d9b7e774b8365,gx-no-cache=1456497286679,gx-no-cache=1456498402510 HTTP/1.1" 200 6941
186.103.159.44 - - [26/Feb/2016:11:52:57 -0300] "POST /cormun/servlet/trsolicitudot?9a36c4fad9ef3fe2882d9b7e774b8365,gx-no-cache=1456497286679,gx-no-cache=1456498402940 HTTP/1.1" 200 6941
186.103.159.44 - - [26/Feb/2016:11:52:58 -0300] "POST /cormun/servlet/trsolicitudot?9a36c4fad9ef3fe2882d9b7e774b8365,gx-no-cache=1456497286679,gx-no-cache=1456498403424 HTTP/1.1" 200 6941
186.103.158.250 - - [26/Feb/2016:11:52:58 -0300] "POST /cormun/servlet/vesolicitudot?04ef37874c43d423c0ed1deabbac6a47,2016,150,,SolicitudOTAdjuntos,gx-no-cache=1456498338105 HTTP/1.1" 200 120
186.103.159.44 - - [26/Feb/2016:11:52:58 -0300] "POST /cormun/servlet/trsolicitudot?9a36c4fad9ef3fe2882d9b7e774b8365,gx-no-cache=1456497286679,gx-no-cache=1456498404151 HTTP/1.1" 200 6941
186.103.159.44 - - [26/Feb/2016:11:53:00 -0300] "POST /cormun/servlet/trsolicitudot?9a36c4fad9ef3fe2882d9b7e774b8365,gx-no-cache=1456497286679,gx-no-cache=1456498404755 HTTP/1.1" 200 6941
186.103.159.44 - - [26/Feb/2016:11:53:03 -0300] "POST /cormun/servlet/trsolicitudot?9a36c4fad9ef3fe2882d9b7e774b8365,gx-no-cache=1456497286679,gx-no-cache=1456498407031 HTTP/1.1" 200 6941
186.103.158.250 - - [26/Feb/2016:11:53:03 -0300] "GET /cormun/servlet/solicitudotadjuntos?DLT,2016,150,CARNET, HTTP/1.1" 200 5415
186.103.158.250 - - [26/Feb/2016:11:53:09 -0300] "GET /cormun/servlet/solicitudotadjuntos?DLT,2016,150,CARNET, HTTP/1.1" 200 5407
186.103.159.44 - - [26/Feb/2016:11:53:10 -0300] "POST /cormun/servlet/trsolicitudot?9a36c4fad9ef3fe2882d9b7e774b8365,gx-no-cache=1456497286679,gx-no-cache=1456498409395 HTTP/1.1" 200 104
186.103.159.44 - - [26/Feb/2016:11:53:10 -0300] "GET /cormun/servlet/solicitudot?UPD,2016,172, HTTP/1.1" 200 13294
186.103.159.44 - - [26/Feb/2016:11:53:12 -0300] "POST /cormun/servlet/solicitudot?gx-no-cache=1456498417268 HTTP/1.1" 200 2745
186.103.158.250 - - [26/Feb/2016:11:53:13 -0300] "POST /cormun/servlet/solicitudotadjuntos?04ef37874c43d423c0ed1deabbac6a47,DLT,2016,150,CARNET,,gx-no-cache=1456498350311 HTTP/1.1" 200 93
186.103.159.44 - - [26/Feb/2016:11:53:13 -0300] "POST /cormun/servlet/solicitudot?9a36c4fad9ef3fe2882d9b7e774b8365,UPD,2016,172,,gx-no-cache=1456498418664 HTTP/1.1" 200 10175
186.103.158.250 - - [26/Feb/2016:11:53:13 -0300] "GET /cormun/servlet/hpexe_return? HTTP/1.1" 200 1036
186.103.159.44 - - [26/Feb/2016:11:53:13 -0300] "GET /cormun/servlet/solicitudot?d1b8feeebe4a91a3c0325cf850d68d5c3ec3568e7387c6888bec8814d3d3cfc9fa7b6fe9e7927a7ff6acf28b4217a45c,gx-no-cache=1456498418982 HTTP/1.1" 200 30
186.103.159.44 - - [26/Feb/2016:11:53:13 -0300] "POST /cormun/servlet/solicitudot?gx-no-cache=1456498419038 HTTP/1.1" 200 30
186.103.159.44 - - [26/Feb/2016:11:53:13 -0300] "POST /cormun/servlet/solicitudot?gx-no-cache=1456498419059 HTTP/1.1" 200 30
186.103.159.44 - - [26/Feb/2016:11:53:13 -0300] "POST /cormun/servlet/solicitudot?gx-no-cache=1456498419115 HTTP/1.1" 200 1152
186.103.159.44 - - [26/Feb/2016:11:53:13 -0300] "GET /cormun/servlet/solicitudot?d1b8feeebe4a91a3c0325cf850d68d5c0019a135af09bfb8d8cea8ac0b123732785a5d3e1470645853cafa1d631fbd4fccbf21d83e385bcaf73cba998c731b577c065823e98846590cf26b6b91623ecebb711756ffd842ede0623415f41c87bae0a4db821d3efef2fadfad5b5af45a309ec2e4da8c5fd7fd82394d3471241737292614d2f2af50a693b88998cb722f83e21de3270244b2aeeaa0ea540b753ea5,gx-no-cache=1456498419152 HTTP/1.1" 200 41
186.103.158.250 - - [26/Feb/2016:11:53:13 -0300] "GET /cormun/servlet/vesolicitudot?2016,150,,SolicitudOTAdjuntos HTTP/1.1" 200 8988
186.103.158.250 - - [26/Feb/2016:11:53:13 -0300] "GET /cormun/pexe_scrolldiv.js HTTP/1.1" 404 1009
186.103.158.250 - - [26/Feb/2016:11:53:15 -0300] "GET /cormun/servlet/vesolicitudot?2016,150,,SolicitudOTAdjuntos HTTP/1.1" 200 8984
186.103.158.250 - - [26/Feb/2016:11:53:16 -0300] "POST /cormun/servlet/acontrolpreferencessavestate?None,CE-4,true HTTP/1.1" 200 35
186.103.159.44 - - [26/Feb/2016:11:53:24 -0300] "POST /cormun/servlet/solicitudot?9a36c4fad9ef3fe2882d9b7e774b8365,UPD,2016,172,,gx-no-cache=1456498429862 HTTP/1.1" 200 93
186.103.159.44 - - [26/Feb/2016:11:53:24 -0300] "GET /cormun/servlet/hpexe_return? HTTP/1.1" 200 1037
186.103.159.44 - - [26/Feb/2016:11:53:24 -0300] "GET /cormun/servlet/trsolicitudot?gx-no-cache=1456497286679 HTTP/1.1" 200 9376
186.103.158.250 - - [26/Feb/2016:11:53:27 -0300] "GET /cormun/servlet/solicitudotadjuntos?INS,2016,150,,1, HTTP/1.1" 200 5437
186.103.158.250 - - [26/Feb/2016:11:53:27 -0300] "GET /cormun/static/about:blank HTTP/1.1" 404 1011
186.103.158.250 - - [26/Feb/2016:11:53:28 -0300] "GET /cormun/servlet/solicitudotadjuntos?INS,2016,150,,1, HTTP/1.1" 200 5429
186.103.158.250 - - [26/Feb/2016:11:53:29 -0300] "GET /cormun/servlet/solicitudotadjuntos?75c145f1c9b2849fc9a1acde6866bc98b209a3813924801867485632264b3c5d4f99e29b6534526e5e35f57483a9fe06,gx-no-cache=1456498369024 HTTP/1.1" 200 30
186.103.158.250 - - [26/Feb/2016:11:53:29 -0300] "POST /cormun/servlet/solicitudotadjuntos?04ef37874c43d423c0ed1deabbac6a47,INS,2016,150,,1,,gx-no-cache=1456498369078 HTTP/1.1" 200 3330
186.103.158.250 - - [26/Feb/2016:11:53:32 -0300] "POST /cormun/servlet/solicitudotadjuntos?gx-no-cache=1456498371851 HTTP/1.1" 200 26
186.103.158.250 - - [26/Feb/2016:11:53:33 -0300] "POST /cormun/servlet/trautorizarsolicitud?67ac8b2018ae2840ce2e79dfdc31fc86,gx-no-cache=1456498249045,gx-no-cache=1456498437449 HTTP/1.1" 200 4952
186.103.158.250 - - [26/Feb/2016:11:53:33 -0300] "POST /cormun/servlet/trautorizarsolicitud?67ac8b2018ae2840ce2e79dfdc31fc86,gx-no-cache=1456498249045,gx-no-cache=1456498437840 HTTP/1.1" 200 4952
186.103.158.250 - - [26/Feb/2016:11:53:34 -0300] "POST /cormun/servlet/trautorizarsolicitud?67ac8b2018ae2840ce2e79dfdc31fc86,gx-no-cache=1456498249045,gx-no-cache=1456498438128 HTTP/1.1" 200 4952
186.103.158.250 - - [26/Feb/2016:11:53:34 -0300] "POST /cormun/servlet/trautorizarsolicitud?67ac8b2018ae2840ce2e79dfdc31fc86,gx-no-cache=1456498249045,gx-no-cache=1456498438433 HTTP/1.1" 200 4952
186.103.159.44 - - [26/Feb/2016:11:53:34 -0300] "POST /cormun/servlet/trsolicitudot?9a36c4fad9ef3fe2882d9b7e774b8365,gx-no-cache=1456497286679,gx-no-cache=1456498440170 HTTP/1.1" 200 6941
186.103.158.250 - - [26/Feb/2016:11:53:34 -0300] "POST /cormun/servlet/trautorizarsolicitud?67ac8b2018ae2840ce2e79dfdc31fc86,gx-no-cache=1456498249045,gx-no-cache=1456498438748 HTTP/1.1" 200 4952
186.103.158.250 - - [26/Feb/2016:11:53:35 -0300] "POST /cormun/servlet/trautorizarsolicitud?67ac8b2018ae2840ce2e79dfdc31fc86,gx-no-cache=1456498249045,gx-no-cache=1456498439048 HTTP/1.1" 200 4952
186.103.159.44 - - [26/Feb/2016:11:53:35 -0300] "POST /cormun/servlet/trsolicitudot?9a36c4fad9ef3fe2882d9b7e774b8365,gx-no-cache=1456497286679,gx-no-cache=1456498440554 HTTP/1.1" 200 6941
186.103.158.250 - - [26/Feb/2016:11:53:35 -0300] "POST /cormun/servlet/trautorizarsolicitud?67ac8b2018ae2840ce2e79dfdc31fc86,gx-no-cache=1456498249045,gx-no-cache=1456498439488 HTTP/1.1" 200 4952
186.103.159.44 - - [26/Feb/2016:11:53:35 -0300] "POST /cormun/servlet/trsolicitudot?9a36c4fad9ef3fe2882d9b7e774b8365,gx-no-cache=1456497286679,gx-no-cache=1456498441211 HTTP/1.1" 200 6941
186.103.158.250 - - [26/Feb/2016:11:53:35 -0300] "POST /cormun/servlet/trautorizarsolicitud?67ac8b2018ae2840ce2e79dfdc31fc86,gx-no-cache=1456498249045,gx-no-cache=1456498439807 HTTP/1.1" 200 4628
186.103.159.44 - - [26/Feb/2016:11:53:36 -0300] "POST /cormun/servlet/trsolicitudot?9a36c4fad9ef3fe2882d9b7e774b8365,gx-no-cache=1456497286679,gx-no-cache=1456498441689 HTTP/1.1" 200 6941
186.103.158.250 - - [26/Feb/2016:11:53:36 -0300] "POST /cormun/servlet/trautorizarsolicitud?67ac8b2018ae2840ce2e79dfdc31fc86,gx-no-cache=1456498249045,gx-no-cache=1456498440286 HTTP/1.1" 200 4572
186.103.159.44 - - [26/Feb/2016:11:53:36 -0300] "POST /cormun/servlet/trsolicitudot?9a36c4fad9ef3fe2882d9b7e774b8365,gx-no-cache=1456497286679,gx-no-cache=1456498442212 HTTP/1.1" 200 6941
186.103.159.44 - - [26/Feb/2016:11:53:37 -0300] "POST /cormun/servlet/trsolicitudot?9a36c4fad9ef3fe2882d9b7e774b8365,gx-no-cache=1456497286679,gx-no-cache=1456498442778 HTTP/1.1" 200 6941
186.103.159.44 - - [26/Feb/2016:11:53:37 -0300] "POST /cormun/servlet/trsolicitudot?9a36c4fad9ef3fe2882d9b7e774b8365,gx-no-cache=1456497286679,gx-no-cache=1456498443390 HTTP/1.1" 200 6941
186.103.159.44 - - [26/Feb/2016:11:53:38 -0300] "POST /cormun/servlet/trsolicitudot?9a36c4fad9ef3fe2882d9b7e774b8365,gx-no-cache=1456497286679,gx-no-cache=1456498444055 HTTP/1.1" 200 104
186.103.158.250 - - [26/Feb/2016:11:53:40 -0300] "POST /cormun/servlet/trautorizarsolicitud?67ac8b2018ae2840ce2e79dfdc31fc86,gx-no-cache=1456498249045,gx-no-cache=1456498444612 HTTP/1.1" 200 3298
186.103.158.250 - - [26/Feb/2016:11:53:40 -0300] "GET /cormun/servlet/solicitudotadjuntos?75c145f1c9b2849fc9a1acde6866bc984286d528c7e61ca5bb5a549cf6be6298,gx-no-cache=1456498380321 HTTP/1.1" 200 30
186.103.158.250 - - [26/Feb/2016:11:53:40 -0300] "GET /cormun/servlet/solicitudotadjuntos?75c145f1c9b2849fc9a1acde6866bc984286d528c7e61ca5bb5a549cf6be6298,gx-no-cache=1456498380361 HTTP/1.1" 200 30
186.103.158.250 - - [26/Feb/2016:11:53:41 -0300] "POST /cormun/servlet/trautorizarsolicitud?67ac8b2018ae2840ce2e79dfdc31fc86,gx-no-cache=1456498249045,gx-no-cache=1456498444910 HTTP/1.1" 200 3134
186.103.158.250 - - [26/Feb/2016:11:53:42 -0300] "POST /cormun/servlet/solicitudotadjuntos?04ef37874c43d423c0ed1deabbac6a47,INS,2016,150,,1, HTTP/1.1" 200 5233
186.103.158.250 - - [26/Feb/2016:11:53:42 -0300] "GET /cormun/static/Shared/jqueryui/images/ui-icons_ebccce_256x240.png HTTP/1.1" 404 1089
186.103.158.250 - - [26/Feb/2016:11:53:42 -0300] "GET /cormun/static/Shared/jqueryui/images/ui-bg_flat_55_994d53_40x100.png HTTP/1.1" 404 1097
186.103.158.250 - - [26/Feb/2016:11:53:43 -0300] "GET /cormun/PrivateTempStorage/upload_00001582.png HTTP/1.1" 200 975814
186.103.159.44 - - [26/Feb/2016:11:53:45 -0300] "GET /cormun/servlet/solicitudot?UPD,2016,170, HTTP/1.1" 200 13284
186.103.248.189 - - [26/Feb/2016:11:53:46 -0300] "POST /cormun/servlet/solicitudot?gx-no-cache=1456498503051 HTTP/1.1" 200 1260
186.103.248.189 - - [26/Feb/2016:11:53:46 -0300] "GET /cormun/servlet/solicitudot?084e1bed89c403bc0eb1648693767811966f257988ce2a6af288094bc9967ad0373590a67ca111e74156314ec7b8c7f3df86a02373c7c22ecb748aa7d99017373664cda7ea1f12701ca883458241addf9d33ee9955b9edeb01b70b26a6425aeb677f99afdefd481a1713070d905c8205ef804614b759f52a4d06a1f7466ea7df718beeca24995beb2ceb52552dac1ac27eb32f72813ec18d064c5fa8a67521a2,gx-no-cache=1456498503348 HTTP/1.1" 200 41
186.103.159.44 - - [26/Feb/2016:11:53:46 -0300] "POST /cormun/servlet/solicitudot?gx-no-cache=1456498451775 HTTP/1.1" 200 2741
186.103.248.189 - - [26/Feb/2016:11:53:46 -0300] "GET /cormun/servlet/solicitudot?084e1bed89c403bc0eb1648693767811545f1e1217a6255c153234a5456db68d2a8375582c63909783e2c2fb12edb05e79e52fbd99e32e0323cd178bd2d6f484d9ed8cbb32d62aa12f2d848c586025e9f40ffc6d0e73979cc4a38ddaf3466ed4213d107ceebbe9ea03cc1119d3d22d9ca4bbd7ff63a34d21cb3d8ea0bd205fb3a439cae3a0ef2cad998d441ba8712d0c9aca4df42ef5180ced02395a06fb4b4811eafe5b8164ddc9ef3d59704413caddf5c81a5990faca0f328a471002fd1c5f,gx-no-cache=1456498503436 HTTP/1.1" 200 32
186.103.159.44 - - [26/Feb/2016:11:53:46 -0300] "POST /cormun/servlet/solicitudot?9a36c4fad9ef3fe2882d9b7e774b8365,UPD,2016,170,,gx-no-cache=1456498451885 HTTP/1.1" 200 10182
186.103.159.44 - - [26/Feb/2016:11:53:46 -0300] "GET /cormun/servlet/solicitudot?d1b8feeebe4a91a3c0325cf850d68d5c2ca2e1d3aeec0f535a693e227eb308a0fa7b6fe9e7927a7ff6acf28b4217a45c,gx-no-cache=1456498452085 HTTP/1.1" 200 30
186.103.159.44 - - [26/Feb/2016:11:53:46 -0300] "POST /cormun/servlet/solicitudot?gx-no-cache=1456498452141 HTTP/1.1" 200 30
186.103.159.44 - - [26/Feb/2016:11:53:46 -0300] "POST /cormun/servlet/solicitudot?gx-no-cache=1456498452162 HTTP/1.1" 200 30
186.103.159.44 - - [26/Feb/2016:11:53:46 -0300] "POST /cormun/servlet/solicitudot?gx-no-cache=1456498452202 HTTP/1.1" 200 1154
186.103.159.44 - - [26/Feb/2016:11:53:46 -0300] "GET /cormun/servlet/solicitudot?d1b8feeebe4a91a3c0325cf850d68d5c0019a135af09bfb8d8cea8ac0b123732785a5d3e1470645853cafa1d631fbd4fccbf21d83e385bcaf73cba998c731b577c065823e98846590cf26b6b91623ecebb711756ffd842ede0623415f41c87bae0a4db821d3efef2fadfad5b5af45a309ec2e4da8c5fd7fd82394d3471241737292614d2f2af50a693b88998cb722f83e21de3270244b2aeeaa0ea540b753ea5,gx-no-cache=1456498452238 HTTP/1.1" 200 41
186.103.248.189 - - [26/Feb/2016:11:53:46 -0300] "POST /cormun/servlet/solicitudot?9b10347e9cf526b35f747c5dd61fb106,INS,0,0,,gx-no-cache=1456498503541 HTTP/1.1" 200 10524
186.103.159.44 - - [26/Feb/2016:11:53:50 -0300] "GET /cormun/servlet/solicitudot?d1b8feeebe4a91a3c0325cf850d68d5c293db852dd39e4cdfeff6bf41101170f0a3bff0f96920faf3921c140a667c9d9c82ff79c997e8756f0519cb8474789d88ad2b8b5b1e684b1912489375d73bee2a3cd85b790d5713ed8c35588dd864526f339e59317f5a2538cebe5acc2c1612e9899060f264cfb7bac3848ca117015c748229275b84fb79f124ea2ad464df17dee142370b28395b356c80bd17d8a5728,gx-no-cache=1456498455818 HTTP/1.1" 200 30
186.103.159.44 - - [26/Feb/2016:11:53:52 -0300] "POST /cormun/servlet/solicitudot?gx-no-cache=1456498457749 HTTP/1.1" 200 1116
186.103.159.44 - - [26/Feb/2016:11:53:52 -0300] "GET /cormun/servlet/solicitudot?d1b8feeebe4a91a3c0325cf850d68d5cb9260a6d695aa9e8b516d53e5db3858808a57027b85f5548465484ddbfca4ae839b946f6e57f80b175db35cfa81a67617ba3837b0550b5b2610ecb98540f47e184c4b4bc4cdce4127ed02ce6822b7ab17284a5ca836e6017af8f51669b243e18052696de4171418ddd5131efd950d600aa9cfc849318f13a4b96bdb3718b7369242de77cb646429edfccabdee536e555d753c14d49dbf1b289f4d01d734514c2,gx-no-cache=1456498457854 HTTP/1.1" 200 30
186.103.159.44 - - [26/Feb/2016:11:53:52 -0300] "POST /cormun/servlet/solicitudot?9a36c4fad9ef3fe2882d9b7e774b8365,UPD,2016,170,,gx-no-cache=1456498457902 HTTP/1.1" 200 93
186.103.159.44 - - [26/Feb/2016:11:53:52 -0300] "GET /cormun/servlet/hpexe_return? HTTP/1.1" 200 1036
186.103.159.44 - - [26/Feb/2016:11:53:52 -0300] "GET /cormun/servlet/trsolicitudot?gx-no-cache=1456497286679 HTTP/1.1" 200 9369
186.103.159.44 - - [26/Feb/2016:11:53:56 -0300] "POST /cormun/servlet/trsolicitudot?9a36c4fad9ef3fe2882d9b7e774b8365,gx-no-cache=1456497286679,gx-no-cache=1456498462450 HTTP/1.1" 200 6938
186.103.159.44 - - [26/Feb/2016:11:53:57 -0300] "POST /cormun/servlet/trsolicitudot?9a36c4fad9ef3fe2882d9b7e774b8365,gx-no-cache=1456497286679,gx-no-cache=1456498462848 HTTP/1.1" 200 6938
186.103.159.44 - - [26/Feb/2016:11:53:57 -0300] "POST /cormun/servlet/trsolicitudot?9a36c4fad9ef3fe2882d9b7e774b8365,gx-no-cache=1456497286679,gx-no-cache=1456498463264 HTTP/1.1" 200 6938
186.103.159.44 - - [26/Feb/2016:11:53:58 -0300] "POST /cormun/servlet/trsolicitudot?9a36c4fad9ef3fe2882d9b7e774b8365,gx-no-cache=1456497286679,gx-no-cache=1456498463774 HTTP/1.1" 200 6938
186.103.158.250 - - [26/Feb/2016:11:53:58 -0300] "POST /cormun/servlet/trautorizarsolicitud?67ac8b2018ae2840ce2e79dfdc31fc86,gx-no-cache=1456498249045,gx-no-cache=1456498462403 HTTP/1.1" 200 3155
186.103.158.250 - - [26/Feb/2016:11:53:58 -0300] "POST /cormun/servlet/trautorizarsolicitud?67ac8b2018ae2840ce2e79dfdc31fc86,gx-no-cache=1456498249045,gx-no-cache=1456498462674 HTTP/1.1" 200 3155
186.103.159.44 - - [26/Feb/2016:11:53:58 -0300] "POST /cormun/servlet/trsolicitudot?9a36c4fad9ef3fe2882d9b7e774b8365,gx-no-cache=1456497286679,gx-no-cache=1456498464296 HTTP/1.1" 200 6938
186.103.158.250 - - [26/Feb/2016:11:53:59 -0300] "POST /cormun/servlet/trautorizarsolicitud?67ac8b2018ae2840ce2e79dfdc31fc86,gx-no-cache=1456498249045,gx-no-cache=1456498462959 HTTP/1.1" 200 3155
186.103.158.250 - - [26/Feb/2016:11:53:59 -0300] "POST /cormun/servlet/trautorizarsolicitud?67ac8b2018ae2840ce2e79dfdc31fc86,gx-no-cache=1456498249045,gx-no-cache=1456498463223 HTTP/1.1" 200 3155
186.103.159.44 - - [26/Feb/2016:11:53:59 -0300] "POST /cormun/servlet/trsolicitudot?9a36c4fad9ef3fe2882d9b7e774b8365,gx-no-cache=1456497286679,gx-no-cache=1456498464874 HTTP/1.1" 200 6938
186.103.158.250 - - [26/Feb/2016:11:53:59 -0300] "POST /cormun/servlet/trautorizarsolicitud?67ac8b2018ae2840ce2e79dfdc31fc86,gx-no-cache=1456498249045,gx-no-cache=1456498463518 HTTP/1.1" 200 3155
186.103.248.189 - - [26/Feb/2016:11:53:59 -0300] "POST /cormun/servlet/solicitudot?9b10347e9cf526b35f747c5dd61fb106,INS,0,0,,gx-no-cache=1456498516308 HTTP/1.1" 200 10553
186.103.158.250 - - [26/Feb/2016:11:53:59 -0300] "POST /cormun/servlet/trautorizarsolicitud?67ac8b2018ae2840ce2e79dfdc31fc86,gx-no-cache=1456498249045,gx-no-cache=1456498463807 HTTP/1.1" 200 3155
186.103.159.44 - - [26/Feb/2016:11:54:00 -0300] "POST /cormun/servlet/trsolicitudot?9a36c4fad9ef3fe2882d9b7e774b8365,gx-no-cache=1456497286679,gx-no-cache=1456498465533 HTTP/1.1" 200 6938
186.103.158.250 - - [26/Feb/2016:11:54:00 -0300] "POST /cormun/servlet/trautorizarsolicitud?67ac8b2018ae2840ce2e79dfdc31fc86,gx-no-cache=1456498249045,gx-no-cache=1456498464107 HTTP/1.1" 200 3155
186.103.158.250 - - [26/Feb/2016:11:54:00 -0300] "POST /cormun/servlet/trautorizarsolicitud?67ac8b2018ae2840ce2e79dfdc31fc86,gx-no-cache=1456498249045,gx-no-cache=1456498464422 HTTP/1.1" 200 3155
186.103.159.44 - - [26/Feb/2016:11:54:07 -0300] "POST /cormun/servlet/trsolicitudot?9a36c4fad9ef3fe2882d9b7e774b8365,gx-no-cache=1456497286679,gx-no-cache=1456498466189 HTTP/1.1" 200 104
186.103.159.44 - - [26/Feb/2016:11:54:07 -0300] "GET /cormun/servlet/solicitudot?UPD,2016,169, HTTP/1.1" 200 13310
186.103.159.44 - - [26/Feb/2016:11:54:08 -0300] "POST /cormun/servlet/solicitudot?gx-no-cache=1456498474028 HTTP/1.1" 200 2750
186.103.159.44 - - [26/Feb/2016:11:54:08 -0300] "POST /cormun/servlet/solicitudot?9a36c4fad9ef3fe2882d9b7e774b8365,UPD,2016,169,,gx-no-cache=1456498474179 HTTP/1.1" 200 10196
186.103.159.44 - - [26/Feb/2016:11:54:08 -0300] "GET /cormun/servlet/solicitudot?d1b8feeebe4a91a3c0325cf850d68d5c51c9726414cc9783eeb713c7c6160aa3fa7b6fe9e7927a7ff6acf28b4217a45c,gx-no-cache=1456498474390 HTTP/1.1" 200 30
186.103.159.44 - - [26/Feb/2016:11:54:08 -0300] "POST /cormun/servlet/solicitudot?gx-no-cache=1456498474451 HTTP/1.1" 200 30
186.103.159.44 - - [26/Feb/2016:11:54:08 -0300] "POST /cormun/servlet/solicitudot?gx-no-cache=1456498474473 HTTP/1.1" 200 30
186.103.159.44 - - [26/Feb/2016:11:54:08 -0300] "POST /cormun/servlet/solicitudot?gx-no-cache=1456498474522 HTTP/1.1" 200 1153
186.103.159.44 - - [26/Feb/2016:11:54:08 -0300] "GET /cormun/servlet/solicitudot?d1b8feeebe4a91a3c0325cf850d68d5c0019a135af09bfb8d8cea8ac0b123732785a5d3e1470645853cafa1d631fbd4fccbf21d83e385bcaf73cba998c731b577c065823e98846590cf26b6b91623ecebb711756ffd842ede0623415f41c87bae0a4db821d3efef2fadfad5b5af45a309ec2e4da8c5fd7fd82394d3471241737292614d2f2af50a693b88998cb722f83e21de3270244b2aeeaa0ea540b753ea5,gx-no-cache=1456498474565 HTTP/1.1" 200 41
186.103.159.44 - - [26/Feb/2016:11:54:11 -0300] "GET /cormun/servlet/solicitudot?d1b8feeebe4a91a3c0325cf850d68d5c293db852dd39e4cdfeff6bf41101170f0a3bff0f96920faf3921c140a667c9d9c82ff79c997e8756f0519cb8474789d88ad2b8b5b1e684b1912489375d73bee2a3cd85b790d5713ed8c35588dd864526f339e59317f5a2538cebe5acc2c1612e9899060f264cfb7bac3848ca117015c748229275b84fb79f124ea2ad464df17dee142370b28395b356c80bd17d8a5728,gx-no-cache=1456498477202 HTTP/1.1" 200 30
186.103.158.250 - - [26/Feb/2016:11:54:12 -0300] "POST /cormun/servlet/trautorizarsolicitud?67ac8b2018ae2840ce2e79dfdc31fc86,gx-no-cache=1456498249045,gx-no-cache=1456498476091 HTTP/1.1" 200 4952
186.103.158.250 - - [26/Feb/2016:11:54:12 -0300] "GET /cormun/servlet/trautorizarsolicitud?bbfe955eeb2d5d425c5cb1b7fcb0d6e35a704692c262a6c626c502e1ec727757180af3bab340638aeaeed3960080e2894bcca05fcd678e38d5575b19aac19434372f42784fd47952e7da30c958baa723ba031f3a84ae1d1d3d068947b21eafca,gx-no-cache=1456498476611 HTTP/1.1" 200 2543
186.103.159.44 - - [26/Feb/2016:11:54:12 -0300] "POST /cormun/servlet/solicitudot?gx-no-cache=1456498478254 HTTP/1.1" 200 1116
186.103.159.44 - - [26/Feb/2016:11:54:12 -0300] "GET /cormun/servlet/solicitudot?d1b8feeebe4a91a3c0325cf850d68d5c4ca5fcf608e9c1ab30a4e0e021efdd0e1592759b725ce96a8a72b5aabe2ce04139b946f6e57f80b175db35cfa81a67617ba3837b0550b5b2610ecb98540f47e184c4b4bc4cdce4127ed02ce6822b7ab17284a5ca836e6017af8f51669b243e18052696de4171418ddd5131efd950d600aa9cfc849318f13a4b96bdb3718b7369242de77cb646429edfccabdee536e555d753c14d49dbf1b289f4d01d734514c2,gx-no-cache=1456498478306 HTTP/1.1" 200 30
186.103.159.44 - - [26/Feb/2016:11:54:12 -0300] "POST /cormun/servlet/solicitudot?9a36c4fad9ef3fe2882d9b7e774b8365,UPD,2016,169,,gx-no-cache=1456498478335 HTTP/1.1" 200 93
186.103.159.44 - - [26/Feb/2016:11:54:12 -0300] "GET /cormun/servlet/hpexe_return? HTTP/1.1" 200 1036
186.103.159.44 - - [26/Feb/2016:11:54:13 -0300] "GET /cormun/servlet/trsolicitudot?gx-no-cache=1456497286679 HTTP/1.1" 200 9374
186.103.159.44 - - [26/Feb/2016:11:54:16 -0300] "POST /cormun/servlet/trsolicitudot?9a36c4fad9ef3fe2882d9b7e774b8365,gx-no-cache=1456497286679,gx-no-cache=1456498482099 HTTP/1.1" 200 6943
186.103.159.44 - - [26/Feb/2016:11:54:17 -0300] "POST /cormun/servlet/trsolicitudot?9a36c4fad9ef3fe2882d9b7e774b8365,gx-no-cache=1456497286679,gx-no-cache=1456498482486 HTTP/1.1" 200 6943
186.103.159.44 - - [26/Feb/2016:11:54:17 -0300] "POST /cormun/servlet/trsolicitudot?9a36c4fad9ef3fe2882d9b7e774b8365,gx-no-cache=1456497286679,gx-no-cache=1456498482913 HTTP/1.1" 200 6943
186.103.159.44 - - [26/Feb/2016:11:54:17 -0300] "POST /cormun/servlet/trsolicitudot?9a36c4fad9ef3fe2882d9b7e774b8365,gx-no-cache=1456497286679,gx-no-cache=1456498483395 HTTP/1.1" 200 6943
186.103.159.44 - - [26/Feb/2016:11:54:18 -0300] "POST /cormun/servlet/trsolicitudot?9a36c4fad9ef3fe2882d9b7e774b8365,gx-no-cache=1456497286679,gx-no-cache=1456498483914 HTTP/1.1" 200 6943
186.103.159.44 - - [26/Feb/2016:11:54:19 -0300] "POST /cormun/servlet/trsolicitudot?9a36c4fad9ef3fe2882d9b7e774b8365,gx-no-cache=1456497286679,gx-no-cache=1456498484924 HTTP/1.1" 200 6943
186.103.159.44 - - [26/Feb/2016:11:54:20 -0300] "POST /cormun/servlet/trsolicitudot?9a36c4fad9ef3fe2882d9b7e774b8365,gx-no-cache=1456497286679,gx-no-cache=1456498485574 HTTP/1.1" 200 6943
186.103.159.44 - - [26/Feb/2016:11:54:20 -0300] "POST /cormun/servlet/trsolicitudot?9a36c4fad9ef3fe2882d9b7e774b8365,gx-no-cache=1456497286679,gx-no-cache=1456498486226 HTTP/1.1" 200 104
186.103.159.44 - - [26/Feb/2016:11:54:27 -0300] "GET /cormun/servlet/solicitudot?UPD,2016,168, HTTP/1.1" 200 13296
186.103.159.44 - - [26/Feb/2016:11:54:28 -0300] "POST /cormun/servlet/solicitudot?gx-no-cache=1456498493976 HTTP/1.1" 200 2746
186.103.159.44 - - [26/Feb/2016:11:54:28 -0300] "POST /cormun/servlet/solicitudot?9a36c4fad9ef3fe2882d9b7e774b8365,UPD,2016,168,,gx-no-cache=1456498494083 HTTP/1.1" 200 10199
186.103.159.44 - - [26/Feb/2016:11:54:28 -0300] "GET /cormun/servlet/solicitudot?d1b8feeebe4a91a3c0325cf850d68d5c2e7318c61428f4174a2b6977fb8fac43fa7b6fe9e7927a7ff6acf28b4217a45c,gx-no-cache=1456498494289 HTTP/1.1" 200 30
186.103.159.44 - - [26/Feb/2016:11:54:28 -0300] "POST /cormun/servlet/solicitudot?gx-no-cache=1456498494345 HTTP/1.1" 200 30
186.103.159.44 - - [26/Feb/2016:11:54:28 -0300] "POST /cormun/servlet/solicitudot?gx-no-cache=1456498494366 HTTP/1.1" 200 30
186.103.159.44 - - [26/Feb/2016:11:54:28 -0300] "POST /cormun/servlet/solicitudot?gx-no-cache=1456498494406 HTTP/1.1" 200 1154
186.103.159.44 - - [26/Feb/2016:11:54:28 -0300] "GET /cormun/servlet/solicitudot?d1b8feeebe4a91a3c0325cf850d68d5c0019a135af09bfb8d8cea8ac0b123732785a5d3e1470645853cafa1d631fbd4fccbf21d83e385bcaf73cba998c731b577c065823e98846590cf26b6b91623ecebb711756ffd842ede0623415f41c87bae0a4db821d3efef2fadfad5b5af45a309ec2e4da8c5fd7fd82394d3471241737292614d2f2af50a693b88998cb722f83e21de3270244b2aeeaa0ea540b753ea5,gx-no-cache=1456498494442 HTTP/1.1" 200 41
186.103.159.44 - - [26/Feb/2016:11:54:31 -0300] "GET /cormun/servlet/solicitudot?d1b8feeebe4a91a3c0325cf850d68d5c293db852dd39e4cdfeff6bf41101170f0a3bff0f96920faf3921c140a667c9d9c82ff79c997e8756f0519cb8474789d88ad2b8b5b1e684b1912489375d73bee2a3cd85b790d5713ed8c35588dd864526f339e59317f5a2538cebe5acc2c1612e9899060f264cfb7bac3848ca117015c748229275b84fb79f124ea2ad464df17dee142370b28395b356c80bd17d8a5728,gx-no-cache=1456498496930 HTTP/1.1" 200 30
186.103.159.44 - - [26/Feb/2016:11:54:32 -0300] "POST /cormun/servlet/solicitudot?gx-no-cache=1456498498076 HTTP/1.1" 200 1116
186.103.159.44 - - [26/Feb/2016:11:54:32 -0300] "GET /cormun/servlet/solicitudot?d1b8feeebe4a91a3c0325cf850d68d5c30bcfd4707ee476326cca6124022b5d0db9b7e5932bf340b58f65cc58fb437f339b946f6e57f80b175db35cfa81a67617ba3837b0550b5b2610ecb98540f47e184c4b4bc4cdce4127ed02ce6822b7ab17284a5ca836e6017af8f51669b243e18052696de4171418ddd5131efd950d600aa9cfc849318f13a4b96bdb3718b7369242de77cb646429edfccabdee536e555d753c14d49dbf1b289f4d01d734514c2,gx-no-cache=1456498498177 HTTP/1.1" 200 30
186.103.159.44 - - [26/Feb/2016:11:54:32 -0300] "POST /cormun/servlet/solicitudot?9a36c4fad9ef3fe2882d9b7e774b8365,UPD,2016,168,,gx-no-cache=1456498498241 HTTP/1.1" 200 93
186.103.159.44 - - [26/Feb/2016:11:54:32 -0300] "GET /cormun/servlet/hpexe_return? HTTP/1.1" 200 1037
186.103.159.44 - - [26/Feb/2016:11:54:33 -0300] "GET /cormun/servlet/trsolicitudot?gx-no-cache=1456497286679 HTTP/1.1" 200 9373
186.103.158.250 - - [26/Feb/2016:11:54:34 -0300] "GET /cormun/servlet/vesolicitudot?2016,150,,SolicitudOTAdjuntos HTTP/1.1" 200 8988
186.103.158.250 - - [26/Feb/2016:11:54:36 -0300] "GET /cormun/servlet/vesolicitudot?2016,150,,SolicitudOTAdjuntos HTTP/1.1" 200 8984
186.103.158.250 - - [26/Feb/2016:11:54:37 -0300] "POST /cormun/servlet/acontrolpreferencessavestate?None,CE-4,true HTTP/1.1" 200 35
186.103.159.44 - - [26/Feb/2016:11:54:39 -0300] "POST /cormun/servlet/trsolicitudot?9a36c4fad9ef3fe2882d9b7e774b8365,gx-no-cache=1456497286679,gx-no-cache=1456498504468 HTTP/1.1" 200 6941
186.103.159.44 - - [26/Feb/2016:11:54:39 -0300] "POST /cormun/servlet/trsolicitudot?9a36c4fad9ef3fe2882d9b7e774b8365,gx-no-cache=1456497286679,gx-no-cache=1456498504837 HTTP/1.1" 200 6941
186.103.159.44 - - [26/Feb/2016:11:54:39 -0300] "POST /cormun/servlet/trsolicitudot?9a36c4fad9ef3fe2882d9b7e774b8365,gx-no-cache=1456497286679,gx-no-cache=1456498505304 HTTP/1.1" 200 6941
186.103.159.44 - - [26/Feb/2016:11:54:40 -0300] "POST /cormun/servlet/trsolicitudot?9a36c4fad9ef3fe2882d9b7e774b8365,gx-no-cache=1456497286679,gx-no-cache=1456498505765 HTTP/1.1" 200 6941
186.103.159.44 - - [26/Feb/2016:11:54:40 -0300] "POST /cormun/servlet/trsolicitudot?9a36c4fad9ef3fe2882d9b7e774b8365,gx-no-cache=1456497286679,gx-no-cache=1456498506280 HTTP/1.1" 200 6941
186.103.158.250 - - [26/Feb/2016:11:54:40 -0300] "POST /cormun/servlet/trautorizarsolicitud?67ac8b2018ae2840ce2e79dfdc31fc86,gx-no-cache=1456498249045,gx-no-cache=1456498504774 HTTP/1.1" 200 3155
186.103.158.250 - - [26/Feb/2016:11:54:41 -0300] "GET /cormun/servlet/trautorizarsolicitud?bbfe955eeb2d5d425c5cb1b7fcb0d6e31ce99590e7f61f9f7dc56952300da92eeaecdeb2ab3036c65ade754df68df6874bcca05fcd678e38d5575b19aac194348fa8f30421e8cd571b993d410bb6b10d6a860888187f8ec7a655984c4ecc0454bbad95ed25fb9a978afa49b4e12c4e5b,gx-no-cache=1456498505277 HTTP/1.1" 200 718
186.103.159.44 - - [26/Feb/2016:11:54:41 -0300] "POST /cormun/servlet/trsolicitudot?9a36c4fad9ef3fe2882d9b7e774b8365,gx-no-cache=1456497286679,gx-no-cache=1456498506861 HTTP/1.1" 200 6941
186.103.159.44 - - [26/Feb/2016:11:54:42 -0300] "POST /cormun/servlet/trsolicitudot?9a36c4fad9ef3fe2882d9b7e774b8365,gx-no-cache=1456497286679,gx-no-cache=1456498507477 HTTP/1.1" 200 6941
186.103.158.250 - - [26/Feb/2016:11:54:42 -0300] "GET /cormun/servlet/solicitudotadjuntos?INS,2016,150,,1, HTTP/1.1" 200 5435
186.103.158.250 - - [26/Feb/2016:11:54:43 -0300] "POST /cormun/servlet/trautorizarsolicitud?67ac8b2018ae2840ce2e79dfdc31fc86,gx-no-cache=1456498249045,gx-no-cache=1456498507171 HTTP/1.1" 200 5206
186.103.158.250 - - [26/Feb/2016:11:54:43 -0300] "GET /cormun/static/about:blank HTTP/1.1" 404 1011
186.103.158.250 - - [26/Feb/2016:11:54:43 -0300] "GET /cormun/servlet/trautorizarsolicitud?bbfe955eeb2d5d425c5cb1b7fcb0d6e354e71e5f23ae004f0ec1294ee900eef4180af3bab340638aeaeed3960080e2894bcca05fcd678e38d5575b19aac194348fa8f30421e8cd571b993d410bb6b10d6a860888187f8ec7a655984c4ecc0454bbad95ed25fb9a978afa49b4e12c4e5b,gx-no-cache=1456498507875 HTTP/1.1" 200 2846
186.103.158.250 - - [26/Feb/2016:11:54:44 -0300] "GET /cormun/servlet/solicitudotadjuntos?INS,2016,150,,1, HTTP/1.1" 200 5428
186.103.158.250 - - [26/Feb/2016:11:54:44 -0300] "GET /cormun/servlet/solicitudotadjuntos?75c145f1c9b2849fc9a1acde6866bc98b209a3813924801867485632264b3c5d4f99e29b6534526e5e35f57483a9fe06,gx-no-cache=1456498444150 HTTP/1.1" 200 30
186.103.158.250 - - [26/Feb/2016:11:54:44 -0300] "POST /cormun/servlet/solicitudotadjuntos?04ef37874c43d423c0ed1deabbac6a47,INS,2016,150,,1,,gx-no-cache=1456498444254 HTTP/1.1" 200 3328
186.103.158.250 - - [26/Feb/2016:11:54:47 -0300] "POST /cormun/servlet/solicitudotadjuntos?gx-no-cache=1456498447047 HTTP/1.1" 200 26
186.103.159.44 - - [26/Feb/2016:11:54:48 -0300] "POST /cormun/servlet/trsolicitudot?9a36c4fad9ef3fe2882d9b7e774b8365,gx-no-cache=1456497286679,gx-no-cache=1456498508144 HTTP/1.1" 200 104
186.103.159.44 - - [26/Feb/2016:11:54:49 -0300] "GET /cormun/servlet/solicitudot?UPD,2016,167, HTTP/1.1" 200 13278
186.103.159.44 - - [26/Feb/2016:11:54:50 -0300] "POST /cormun/servlet/solicitudot?gx-no-cache=1456498515997 HTTP/1.1" 200 2746
186.103.159.44 - - [26/Feb/2016:11:54:50 -0300] "POST /cormun/servlet/solicitudot?9a36c4fad9ef3fe2882d9b7e774b8365,UPD,2016,167,,gx-no-cache=1456498516156 HTTP/1.1" 200 10185
186.103.159.44 - - [26/Feb/2016:11:54:50 -0300] "GET /cormun/servlet/solicitudot?d1b8feeebe4a91a3c0325cf850d68d5cf7910431c5afa59e80dce0e99e4ed866fa7b6fe9e7927a7ff6acf28b4217a45c,gx-no-cache=1456498516358 HTTP/1.1" 200 30
186.103.159.44 - - [26/Feb/2016:11:54:50 -0300] "POST /cormun/servlet/solicitudot?gx-no-cache=1456498516461 HTTP/1.1" 200 30
186.103.159.44 - - [26/Feb/2016:11:54:50 -0300] "POST /cormun/servlet/solicitudot?gx-no-cache=1456498516501 HTTP/1.1" 200 30
186.103.159.44 - - [26/Feb/2016:11:54:51 -0300] "POST /cormun/servlet/solicitudot?gx-no-cache=1456498516591 HTTP/1.1" 200 1152
186.103.159.44 - - [26/Feb/2016:11:54:51 -0300] "GET /cormun/servlet/solicitudot?d1b8feeebe4a91a3c0325cf850d68d5c0019a135af09bfb8d8cea8ac0b123732785a5d3e1470645853cafa1d631fbd4fccbf21d83e385bcaf73cba998c731b577c065823e98846590cf26b6b91623ecebb711756ffd842ede0623415f41c87bae0a4db821d3efef2fadfad5b5af45a309ec2e4da8c5fd7fd82394d3471241737292614d2f2af50a693b88998cb722f83e21de3270244b2aeeaa0ea540b753ea5,gx-no-cache=1456498516626 HTTP/1.1" 200 41
186.103.159.44 - - [26/Feb/2016:11:54:54 -0300] "GET /cormun/servlet/solicitudot?d1b8feeebe4a91a3c0325cf850d68d5c293db852dd39e4cdfeff6bf41101170f0a3bff0f96920faf3921c140a667c9d9c82ff79c997e8756f0519cb8474789d88ad2b8b5b1e684b1912489375d73bee2a3cd85b790d5713ed8c35588dd864526f339e59317f5a2538cebe5acc2c1612e9899060f264cfb7bac3848ca117015c748229275b84fb79f124ea2ad464df17dee142370b28395b356c80bd17d8a5728,gx-no-cache=1456498519859 HTTP/1.1" 200 30
186.103.158.250 - - [26/Feb/2016:11:54:55 -0300] "GET /cormun/servlet/solicitudotadjuntos?75c145f1c9b2849fc9a1acde6866bc984286d528c7e61ca5bb5a549cf6be6298,gx-no-cache=1456498454972 HTTP/1.1" 200 30
186.103.158.250 - - [26/Feb/2016:11:54:55 -0300] "GET /cormun/servlet/solicitudotadjuntos?75c145f1c9b2849fc9a1acde6866bc984286d528c7e61ca5bb5a549cf6be6298,gx-no-cache=1456498454999 HTTP/1.1" 200 30
186.103.158.250 - - [26/Feb/2016:11:54:56 -0300] "POST /cormun/servlet/solicitudotadjuntos?04ef37874c43d423c0ed1deabbac6a47,INS,2016,150,,1, HTTP/1.1" 200 5232
186.103.159.44 - - [26/Feb/2016:11:54:58 -0300] "POST /cormun/servlet/solicitudot?gx-no-cache=1456498523941 HTTP/1.1" 200 1116
186.103.159.44 - - [26/Feb/2016:11:54:58 -0300] "GET /cormun/servlet/solicitudot?d1b8feeebe4a91a3c0325cf850d68d5cf3d63ea8ea6e3ebfb9f264d2f555120bdb9b7e5932bf340b58f65cc58fb437f339b946f6e57f80b175db35cfa81a67617ba3837b0550b5b2610ecb98540f47e184c4b4bc4cdce4127ed02ce6822b7ab17284a5ca836e6017af8f51669b243e18052696de4171418ddd5131efd950d600aa9cfc849318f13a4b96bdb3718b7369242de77cb646429edfccabdee536e555d753c14d49dbf1b289f4d01d734514c2,gx-no-cache=1456498523991 HTTP/1.1" 200 30
186.103.159.44 - - [26/Feb/2016:11:54:58 -0300] "POST /cormun/servlet/solicitudot?9a36c4fad9ef3fe2882d9b7e774b8365,UPD,2016,167,,gx-no-cache=1456498524027 HTTP/1.1" 200 93
186.103.159.44 - - [26/Feb/2016:11:54:58 -0300] "GET /cormun/servlet/hpexe_return? HTTP/1.1" 200 1037
186.103.159.44 - - [26/Feb/2016:11:54:58 -0300] "GET /cormun/servlet/trsolicitudot?gx-no-cache=1456497286679 HTTP/1.1" 200 9372
186.103.158.250 - - [26/Feb/2016:11:55:00 -0300] "GET /cormun/PrivateTempStorage/upload_00001594.png HTTP/1.1" 200 975814
186.103.158.250 - - [26/Feb/2016:11:55:03 -0300] "POST /cormun/servlet/trautorizarsolicitud?67ac8b2018ae2840ce2e79dfdc31fc86,gx-no-cache=1456498249045,gx-no-cache=1456498527472 HTTP/1.1" 200 5206
186.103.158.250 - - [26/Feb/2016:11:55:04 -0300] "POST /cormun/servlet/trautorizarsolicitud?67ac8b2018ae2840ce2e79dfdc31fc86,gx-no-cache=1456498249045,gx-no-cache=1456498528204 HTTP/1.1" 200 5206
186.103.159.44 - - [26/Feb/2016:11:55:04 -0300] "POST /cormun/servlet/trsolicitudot?9a36c4fad9ef3fe2882d9b7e774b8365,gx-no-cache=1456497286679,gx-no-cache=1456498529942 HTTP/1.1" 200 6940
186.103.159.44 - - [26/Feb/2016:11:55:04 -0300] "POST /cormun/servlet/trsolicitudot?9a36c4fad9ef3fe2882d9b7e774b8365,gx-no-cache=1456497286679,gx-no-cache=1456498530332 HTTP/1.1" 200 6940
186.103.158.250 - - [26/Feb/2016:11:55:05 -0300] "POST /cormun/servlet/trautorizarsolicitud?67ac8b2018ae2840ce2e79dfdc31fc86,gx-no-cache=1456498249045,gx-no-cache=1456498528893 HTTP/1.1" 200 5206
186.103.159.44 - - [26/Feb/2016:11:55:05 -0300] "POST /cormun/servlet/trsolicitudot?9a36c4fad9ef3fe2882d9b7e774b8365,gx-no-cache=1456497286679,gx-no-cache=1456498530840 HTTP/1.1" 200 6940
186.103.158.250 - - [26/Feb/2016:11:55:05 -0300] "POST /cormun/servlet/trautorizarsolicitud?67ac8b2018ae2840ce2e79dfdc31fc86,gx-no-cache=1456498249045,gx-no-cache=1456498529622 HTTP/1.1" 200 5222
186.103.159.44 - - [26/Feb/2016:11:55:05 -0300] "POST /cormun/servlet/trsolicitudot?9a36c4fad9ef3fe2882d9b7e774b8365,gx-no-cache=1456497286679,gx-no-cache=1456498531317 HTTP/1.1" 200 6940
186.103.159.44 - - [26/Feb/2016:11:55:06 -0300] "POST /cormun/servlet/trsolicitudot?9a36c4fad9ef3fe2882d9b7e774b8365,gx-no-cache=1456497286679,gx-no-cache=1456498531836 HTTP/1.1" 200 6940
186.103.159.44 - - [26/Feb/2016:11:55:06 -0300] "POST /cormun/servlet/trsolicitudot?9a36c4fad9ef3fe2882d9b7e774b8365,gx-no-cache=1456497286679,gx-no-cache=1456498532412 HTTP/1.1" 200 6940
186.103.159.44 - - [26/Feb/2016:11:55:07 -0300] "POST /cormun/servlet/trsolicitudot?9a36c4fad9ef3fe2882d9b7e774b8365,gx-no-cache=1456497286679,gx-no-cache=1456498533040 HTTP/1.1" 200 6940
186.103.158.250 - - [26/Feb/2016:11:55:08 -0300] "POST /cormun/servlet/trautorizarsolicitud?67ac8b2018ae2840ce2e79dfdc31fc86,gx-no-cache=1456498249045,gx-no-cache=1456498532857 HTTP/1.1" 200 5206
186.103.158.250 - - [26/Feb/2016:11:55:09 -0300] "POST /cormun/servlet/trautorizarsolicitud?67ac8b2018ae2840ce2e79dfdc31fc86,gx-no-cache=1456498249045,gx-no-cache=1456498533605 HTTP/1.1" 200 5206
186.103.158.250 - - [26/Feb/2016:11:55:10 -0300] "POST /cormun/servlet/trautorizarsolicitud?67ac8b2018ae2840ce2e79dfdc31fc86,gx-no-cache=1456498249045,gx-no-cache=1456498534350 HTTP/1.1" 200 5206
186.103.158.250 - - [26/Feb/2016:11:55:11 -0300] "POST /cormun/servlet/trautorizarsolicitud?67ac8b2018ae2840ce2e79dfdc31fc86,gx-no-cache=1456498249045,gx-no-cache=1456498535143 HTTP/1.1" 200 5222
186.103.159.44 - - [26/Feb/2016:11:55:14 -0300] "POST /cormun/servlet/trsolicitudot?9a36c4fad9ef3fe2882d9b7e774b8365,gx-no-cache=1456497286679,gx-no-cache=1456498533725 HTTP/1.1" 200 104
186.103.159.44 - - [26/Feb/2016:11:55:14 -0300] "GET /cormun/servlet/solicitudot?UPD,2016,166, HTTP/1.1" 200 13303
186.103.159.44 - - [26/Feb/2016:11:55:16 -0300] "POST /cormun/servlet/solicitudot?gx-no-cache=1456498541537 HTTP/1.1" 200 2753
186.103.159.44 - - [26/Feb/2016:11:55:16 -0300] "POST /cormun/servlet/solicitudot?9a36c4fad9ef3fe2882d9b7e774b8365,UPD,2016,166,,gx-no-cache=1456498541746 HTTP/1.1" 200 10200
186.103.159.44 - - [26/Feb/2016:11:55:16 -0300] "GET /cormun/servlet/solicitudot?d1b8feeebe4a91a3c0325cf850d68d5c4787e5fdd96f0257cf5eacf748ae2e71fa7b6fe9e7927a7ff6acf28b4217a45c,gx-no-cache=1456498541948 HTTP/1.1" 200 30
186.103.159.44 - - [26/Feb/2016:11:55:16 -0300] "POST /cormun/servlet/solicitudot?gx-no-cache=1456498542003 HTTP/1.1" 200 30
186.103.159.44 - - [26/Feb/2016:11:55:16 -0300] "POST /cormun/servlet/solicitudot?gx-no-cache=1456498542026 HTTP/1.1" 200 30
186.103.159.44 - - [26/Feb/2016:11:55:16 -0300] "POST /cormun/servlet/solicitudot?gx-no-cache=1456498542079 HTTP/1.1" 200 1154
