186.103.159.44 - - [26/Feb/2016:11:55:16 -0300] "GET /cormun/servlet/solicitudot?d1b8feeebe4a91a3c0325cf850d68d5c0019a135af09bfb8d8cea8ac0b123732785a5d3e1470645853cafa1d631fbd4fccbf21d83e385bcaf73cba998c731b577c065823e98846590cf26b6b91623ecebb711756ffd842ede0623415f41c87bae0a4db821d3efef2fadfad5b5af45a309ec2e4da8c5fd7fd82394d3471241737292614d2f2af50a693b88998cb722f83e21de3270244b2aeeaa0ea540b753ea5,gx-no-cache=1456498542117 HTTP/1.1" 200 41
186.103.159.44 - - [26/Feb/2016:11:55:19 -0300] "GET /cormun/servlet/solicitudot?d1b8feeebe4a91a3c0325cf850d68d5c293db852dd39e4cdfeff6bf41101170f0a3bff0f96920faf3921c140a667c9d9c82ff79c997e8756f0519cb8474789d88ad2b8b5b1e684b1912489375d73bee2a3cd85b790d5713ed8c35588dd864526f339e59317f5a2538cebe5acc2c1612e9899060f264cfb7bac3848ca117015c748229275b84fb79f124ea2ad464df17dee142370b28395b356c80bd17d8a5728,gx-no-cache=1456498545042 HTTP/1.1" 200 30
186.103.159.44 - - [26/Feb/2016:11:55:21 -0300] "POST /cormun/servlet/solicitudot?gx-no-cache=1456498546973 HTTP/1.1" 200 1116
186.103.159.44 - - [26/Feb/2016:11:55:21 -0300] "GET /cormun/servlet/solicitudot?d1b8feeebe4a91a3c0325cf850d68d5c474dc80dd37f1d3a1db077e739a0b97afde4b6238b1aac9f36bb120847b1a8ae39b946f6e57f80b175db35cfa81a67617ba3837b0550b5b2610ecb98540f47e184c4b4bc4cdce4127ed02ce6822b7ab17284a5ca836e6017af8f51669b243e18052696de4171418ddd5131efd950d600aa9cfc849318f13a4b96bdb3718b7369242de77cb646429edfccabdee536e555d753c14d49dbf1b289f4d01d734514c2,gx-no-cache=1456498547016 HTTP/1.1" 200 30
186.103.159.44 - - [26/Feb/2016:11:55:21 -0300] "POST /cormun/servlet/solicitudot?9a36c4fad9ef3fe2882d9b7e774b8365,UPD,2016,166,,gx-no-cache=1456498547050 HTTP/1.1" 200 93
186.103.159.44 - - [26/Feb/2016:11:55:21 -0300] "GET /cormun/servlet/hpexe_return? HTTP/1.1" 200 1037
186.103.159.44 - - [26/Feb/2016:11:55:21 -0300] "GET /cormun/servlet/trsolicitudot?gx-no-cache=1456497286679 HTTP/1.1" 200 9366
186.103.159.44 - - [26/Feb/2016:11:55:35 -0300] "GET /cormun/servlet/trsolicitudot? HTTP/1.1" 200 9383
186.103.159.187 - - [26/Feb/2016:11:55:39 -0300] "GET /cormun/servelt/hhorr HTTP/1.1" 404 1001
186.103.248.189 - - [26/Feb/2016:11:55:50 -0300] "POST /cormun/servlet/solicitudot?9b10347e9cf526b35f747c5dd61fb106,INS,0,0,,gx-no-cache=1456498627695 HTTP/1.1" 200 93
186.103.248.189 - - [26/Feb/2016:11:55:51 -0300] "GET /cormun/servlet/hpexe_return? HTTP/1.1" 200 998
186.103.248.189 - - [26/Feb/2016:11:55:51 -0300] "GET /cormun/static/Resources/Spanish/PXTools.css?12112540 HTTP/1.1" 304 -
186.103.248.189 - - [26/Feb/2016:11:55:51 -0300] "GET /cormun/static/gxcfg.js?2015111312145050 HTTP/1.1" 304 -
186.103.248.189 - - [26/Feb/2016:11:55:51 -0300] "GET /cormun/static/hpexe_return.js?2015111312145056 HTTP/1.1" 304 -
186.103.248.189 - - [26/Feb/2016:11:55:51 -0300] "GET /cormun/servlet/trsolicitudot HTTP/1.1" 200 6125
186.103.248.189 - - [26/Feb/2016:11:55:53 -0300] "GET /cormun/servlet/trsolicitudot HTTP/1.1" 200 6122
186.103.158.250 - - [26/Feb/2016:11:55:56 -0300] "GET /cormun/servlet/solicitudotadjuntos?75c145f1c9b2849fc9a1acde6866bc986c142e338a7f1b53b2f7cb49b2d7b1894f99e29b6534526e5e35f57483a9fe06,gx-no-cache=1456498516335 HTTP/1.1" 200 30
186.103.158.250 - - [26/Feb/2016:11:55:56 -0300] "GET /cormun/servlet/solicitudotadjuntos?75c145f1c9b2849fc9a1acde6866bc986c142e338a7f1b53b2f7cb49b2d7b1894f99e29b6534526e5e35f57483a9fe06,gx-no-cache=1456498516385 HTTP/1.1" 200 30
186.103.158.250 - - [26/Feb/2016:11:55:58 -0300] "POST /cormun/servlet/solicitudotadjuntos?04ef37874c43d423c0ed1deabbac6a47,INS,2016,150,,1, HTTP/1.1" 200 116
186.103.158.250 - - [26/Feb/2016:11:55:58 -0300] "GET /cormun/servlet/hpexe_return? HTTP/1.1" 200 1031
186.103.158.250 - - [26/Feb/2016:11:55:59 -0300] "GET /cormun/servlet/vesolicitudot?2016,150,,SolicitudOTAdjuntos HTTP/1.1" 200 9132
186.103.158.250 - - [26/Feb/2016:11:55:59 -0300] "GET /cormun/pexe_scrolldiv.js HTTP/1.1" 404 1009
186.103.158.250 - - [26/Feb/2016:11:56:01 -0300] "GET /cormun/servlet/vesolicitudot?2016,150,,SolicitudOTAdjuntos HTTP/1.1" 200 9128
186.103.248.189 - - [26/Feb/2016:11:56:02 -0300] "GET /cormun/servlet/trvisualizadoreventos? HTTP/1.1" 200 5924
186.103.248.189 - - [26/Feb/2016:11:56:02 -0300] "GET /cormun/static/gxcfg.js?2016251828014 HTTP/1.1" 304 -
186.103.248.189 - - [26/Feb/2016:11:56:02 -0300] "GET /cormun/static/trvisualizadoreventos.js?2016251828276 HTTP/1.1" 304 -
186.103.158.250 - - [26/Feb/2016:11:56:02 -0300] "POST /cormun/servlet/acontrolpreferencessavestate?None,CE-4,true HTTP/1.1" 200 35
186.103.248.189 - - [26/Feb/2016:11:56:03 -0300] "GET /cormun/servlet/trvisualizadoreventos? HTTP/1.1" 200 5923
186.103.158.250 - - [26/Feb/2016:11:56:08 -0300] "GET /cormun/servlet/solicitudotadjuntos?INS,2016,150,,1, HTTP/1.1" 200 5437
186.103.158.250 - - [26/Feb/2016:11:56:08 -0300] "GET /cormun/static/about:blank HTTP/1.1" 404 1011
186.103.158.250 - - [26/Feb/2016:11:56:10 -0300] "GET /cormun/servlet/solicitudotadjuntos?INS,2016,150,,1, HTTP/1.1" 200 5429
186.103.158.250 - - [26/Feb/2016:11:56:10 -0300] "GET /cormun/servlet/solicitudotadjuntos?75c145f1c9b2849fc9a1acde6866bc98b209a3813924801867485632264b3c5d4f99e29b6534526e5e35f57483a9fe06,gx-no-cache=1456498530302 HTTP/1.1" 200 30
186.103.158.250 - - [26/Feb/2016:11:56:10 -0300] "POST /cormun/servlet/solicitudotadjuntos?04ef37874c43d423c0ed1deabbac6a47,INS,2016,150,,1,,gx-no-cache=1456498530385 HTTP/1.1" 200 3329
186.103.248.189 - - [26/Feb/2016:11:56:16 -0300] "GET /cormun/servlet/trsolicitudot? HTTP/1.1" 200 6122
186.103.158.250 - - [26/Feb/2016:11:56:17 -0300] "POST /cormun/servlet/solicitudotadjuntos?gx-no-cache=1456498536806 HTTP/1.1" 200 26
186.103.248.189 - - [26/Feb/2016:11:56:17 -0300] "GET /cormun/servlet/trsolicitudot? HTTP/1.1" 200 6122
186.103.248.189 - - [26/Feb/2016:11:56:20 -0300] "GET /cormun/servlet/solicitudot?INS,0,0, HTTP/1.1" 200 12046
186.103.248.189 - - [26/Feb/2016:11:56:22 -0300] "GET /cormun/servlet/solicitudot?INS,0,0, HTTP/1.1" 200 12051
186.103.159.44 - - [26/Feb/2016:11:56:25 -0300] "GET /cormun/servlet/trsolicitudot? HTTP/1.1" 200 9362
186.103.158.250 - - [26/Feb/2016:11:56:27 -0300] "GET /cormun/servlet/solicitudotadjuntos?75c145f1c9b2849fc9a1acde6866bc984286d528c7e61ca5bb5a549cf6be6298,gx-no-cache=1456498547201 HTTP/1.1" 200 30
186.103.158.250 - - [26/Feb/2016:11:56:27 -0300] "GET /cormun/servlet/solicitudotadjuntos?75c145f1c9b2849fc9a1acde6866bc984286d528c7e61ca5bb5a549cf6be6298,gx-no-cache=1456498547245 HTTP/1.1" 200 30
186.103.158.250 - - [26/Feb/2016:11:56:30 -0300] "POST /cormun/servlet/solicitudotadjuntos?04ef37874c43d423c0ed1deabbac6a47,INS,2016,150,,1, HTTP/1.1" 200 116
186.103.158.250 - - [26/Feb/2016:11:56:30 -0300] "GET /cormun/servlet/hpexe_return? HTTP/1.1" 200 1031
186.103.158.250 - - [26/Feb/2016:11:56:31 -0300] "GET /cormun/servlet/vesolicitudot?2016,150,,SolicitudOTAdjuntos HTTP/1.1" 200 9363
186.103.158.250 - - [26/Feb/2016:11:56:31 -0300] "GET /cormun/pexe_scrolldiv.js HTTP/1.1" 404 1009
186.103.159.44 - - [26/Feb/2016:11:56:32 -0300] "GET /cormun/servlet/solicitudot?INS,0,0, HTTP/1.1" 200 12038
186.103.158.250 - - [26/Feb/2016:11:56:33 -0300] "GET /cormun/servlet/vesolicitudot?2016,150,,SolicitudOTAdjuntos HTTP/1.1" 200 9356
186.103.158.250 - - [26/Feb/2016:11:56:33 -0300] "POST /cormun/servlet/acontrolpreferencessavestate?None,CE-4,true HTTP/1.1" 200 35
186.103.248.189 - - [26/Feb/2016:11:56:39 -0300] "POST /cormun/servlet/solicitudot?gx-no-cache=1456498676010 HTTP/1.1" 200 2783
186.103.248.189 - - [26/Feb/2016:11:56:39 -0300] "POST /cormun/servlet/solicitudot?9b10347e9cf526b35f747c5dd61fb106,INS,0,0,,gx-no-cache=1456498676430 HTTP/1.1" 200 9527
186.103.248.189 - - [26/Feb/2016:11:56:39 -0300] "GET /cormun/servlet/solicitudot?084e1bed89c403bc0eb16486937678114223cb8c785c0b640ee2dbe5267465a9c5201523df2bb55126434ae7d03902b6,gx-no-cache=1456498676977 HTTP/1.1" 200 30
186.103.248.189 - - [26/Feb/2016:11:56:44 -0300] "POST /cormun/servlet/solicitudot?gx-no-cache=1456498681616 HTTP/1.1" 200 30
186.103.248.189 - - [26/Feb/2016:11:56:46 -0300] "POST /cormun/servlet/solicitudot?gx-no-cache=1456498683324 HTTP/1.1" 200 30
186.103.158.250 - - [26/Feb/2016:11:56:50 -0300] "GET /cormun/servlet/trsolicitudot? HTTP/1.1" 200 8021
186.103.158.250 - - [26/Feb/2016:11:56:51 -0300] "GET /cormun/servlet/trsolicitudot? HTTP/1.1" 200 8015
186.103.159.44 - - [26/Feb/2016:11:56:52 -0300] "GET /cormun/servlet/prfichaempleado?,MD,,gxPopupLevel%3D0%3B HTTP/1.1" 200 7863
186.103.159.44 - - [26/Feb/2016:11:56:52 -0300] "GET /cormun/static/scaMessage/css/jquery-ui.css?104140 HTTP/1.1" 404 1045
200.30.225.234 - - [26/Feb/2016:11:56:54 -0300] "POST /cormun/servlet/solicitudot?gx-no-cache=1456498604893 HTTP/1.1" 200 2669
186.103.248.189 - - [26/Feb/2016:11:56:54 -0300] "POST /cormun/servlet/solicitudot?gx-no-cache=1456498691812 HTTP/1.1" 200 1157
200.30.225.234 - - [26/Feb/2016:11:56:54 -0300] "POST /cormun/servlet/solicitudot?517f216796a569a903d3fabafe40020d,INS,0,0,,gx-no-cache=1456498605405 HTTP/1.1" 200 9418
186.103.248.189 - - [26/Feb/2016:11:56:54 -0300] "GET /cormun/servlet/solicitudot?084e1bed89c403bc0eb1648693767811966f257988ce2a6af288094bc9967ad0373590a67ca111e74156314ec7b8c7f3df86a02373c7c22ecb748aa7d99017373664cda7ea1f12701ca883458241addf9d33ee9955b9edeb01b70b26a6425aeb677f99afdefd481a1713070d905c8205ef804614b759f52a4d06a1f7466ea7dfb01b5a1ebef14a5a07650b099d85caef,gx-no-cache=1456498691982 HTTP/1.1" 200 38
186.103.248.189 - - [26/Feb/2016:11:56:54 -0300] "GET /cormun/servlet/solicitudot?084e1bed89c403bc0eb1648693767811864ce3d1fb77cee4082fa5bc3881196bb5db901f4f2e45929ffa6282f4fe6b368ea19ffa24de59cab41f4322efa7b87ca269f0ae52362d0dab0ad3a54232247735a15bd56a31c416a534f1c5b44c945eeb1c27e41e214a14c031957a01a54aa0ce05e7d4224b4cf383b1db6cbaa498803074c20310e7e1a03b9ce81329f627bdc44d2aba5b5f65cf6d625e147838a3d3,gx-no-cache=1456498692060 HTTP/1.1" 200 29
200.30.225.234 - - [26/Feb/2016:11:56:55 -0300] "GET /cormun/servlet/solicitudot?551c0df08eedcb9528a17a602fb5cd4ca55a2c1f039bcfcfb35bff3ff78d10f60b0476c58edd8cba6ee49e9f89e437df,gx-no-cache=1456498605770 HTTP/1.1" 200 111
200.30.225.234 - - [26/Feb/2016:11:56:55 -0300] "GET /cormun/static/Shared/jqueryui/images/ui-bg_highlight-soft_100_c6c2c8_1x100.png HTTP/1.1" 404 1117
200.30.225.234 - - [26/Feb/2016:11:56:55 -0300] "GET /cormun/static/Shared/jqueryui/images/ui-icons_82798d_256x240.png HTTP/1.1" 404 1089
186.103.248.189 - - [26/Feb/2016:11:56:55 -0300] "POST /cormun/servlet/solicitudot?gx-no-cache=1456498692133 HTTP/1.1" 200 1116
200.30.225.234 - - [26/Feb/2016:11:56:55 -0300] "GET /cormun/static/Shared/jqueryui/images/ui-bg_flat_55_994d53_40x100.png HTTP/1.1" 404 1097
200.30.225.234 - - [26/Feb/2016:11:56:55 -0300] "GET /cormun/static/Shared/jqueryui/images/ui-icons_ebccce_256x240.png HTTP/1.1" 404 1089
186.103.248.189 - - [26/Feb/2016:11:56:55 -0300] "GET /cormun/static/menuarrow.gif HTTP/1.1" 404 1015
186.103.248.189 - - [26/Feb/2016:11:56:56 -0300] "POST /cormun/servlet/solicitudot?gx-no-cache=1456498693931 HTTP/1.1" 200 30
186.103.158.250 - - [26/Feb/2016:11:56:57 -0300] "POST /cormun/servlet/trsolicitudot?04ef37874c43d423c0ed1deabbac6a47,,gx-no-cache=1456498576483 HTTP/1.1" 200 5463
186.103.248.189 - - [26/Feb/2016:11:56:57 -0300] "POST /cormun/servlet/solicitudot?gx-no-cache=1456498694088 HTTP/1.1" 200 1157
186.103.248.189 - - [26/Feb/2016:11:56:57 -0300] "GET /cormun/servlet/solicitudot?084e1bed89c403bc0eb1648693767811966f257988ce2a6af288094bc9967ad0373590a67ca111e74156314ec7b8c7f3df86a02373c7c22ecb748aa7d99017373664cda7ea1f12701ca883458241addf9d33ee9955b9edeb01b70b26a6425aeb677f99afdefd481a1713070d905c8205ef804614b759f52a4d06a1f7466ea7dfb01b5a1ebef14a5a07650b099d85caef,gx-no-cache=1456498694295 HTTP/1.1" 200 38
186.103.248.189 - - [26/Feb/2016:11:56:57 -0300] "POST /cormun/servlet/solicitudot?gx-no-cache=1456498694386 HTTP/1.1" 200 1116
186.103.158.250 - - [26/Feb/2016:11:56:57 -0300] "POST /cormun/servlet/trsolicitudot?04ef37874c43d423c0ed1deabbac6a47,,gx-no-cache=1456498576865 HTTP/1.1" 200 5464
186.103.158.250 - - [26/Feb/2016:11:56:57 -0300] "POST /cormun/servlet/trsolicitudot?04ef37874c43d423c0ed1deabbac6a47,,gx-no-cache=1456498577212 HTTP/1.1" 200 5463
186.103.158.250 - - [26/Feb/2016:11:56:58 -0300] "POST /cormun/servlet/trsolicitudot?04ef37874c43d423c0ed1deabbac6a47,,gx-no-cache=1456498577569 HTTP/1.1" 200 5463
186.103.158.250 - - [26/Feb/2016:11:56:58 -0300] "POST /cormun/servlet/trsolicitudot?04ef37874c43d423c0ed1deabbac6a47,,gx-no-cache=1456498577942 HTTP/1.1" 200 5463
186.103.158.250 - - [26/Feb/2016:11:56:58 -0300] "POST /cormun/servlet/trsolicitudot?04ef37874c43d423c0ed1deabbac6a47,,gx-no-cache=1456498578293 HTTP/1.1" 200 5463
186.103.158.250 - - [26/Feb/2016:11:56:59 -0300] "POST /cormun/servlet/trsolicitudot?04ef37874c43d423c0ed1deabbac6a47,,gx-no-cache=1456498578652 HTTP/1.1" 200 5464
186.103.158.250 - - [26/Feb/2016:11:56:59 -0300] "POST /cormun/servlet/trsolicitudot?04ef37874c43d423c0ed1deabbac6a47,,gx-no-cache=1456498579045 HTTP/1.1" 200 5215
186.103.158.250 - - [26/Feb/2016:11:57:00 -0300] "POST /cormun/servlet/trsolicitudot?04ef37874c43d423c0ed1deabbac6a47,,gx-no-cache=1456498579659 HTTP/1.1" 200 5156
186.103.158.250 - - [26/Feb/2016:11:57:05 -0300] "GET /cormun/servlet/veautorizarsolicitud?2016,161,,SolicitudOTAdjuntos HTTP/1.1" 200 8934
186.103.248.189 - - [26/Feb/2016:11:57:07 -0300] "GET /cormun/servlet/solicitudot?084e1bed89c403bc0eb1648693767811c9bfe8f1235ad39292a05b01a827263f2a1b2c0c87da6707b19d6cffe667c8b1bee06eac5e9941d64a95b97307450c38fec89732c03b224a0d01c808503378037f28d79b979d2b153c99b05472b5b815dfa90e9ff07ba442887aeba8876ade31f9e03b3a5851f8b933907b027c917528e2aae22d969f3763bceb816e4203f3e1284ae58e3239fc2438428ec3e39af234ff54072d9b20d319f91ed618040a7bd8,gx-no-cache=1456498704082 HTTP/1.1" 200 30
186.103.158.250 - - [26/Feb/2016:11:57:07 -0300] "GET /cormun/servlet/veautorizarsolicitud?2016,161,,SolicitudOTAdjuntos HTTP/1.1" 200 8932
186.103.158.250 - - [26/Feb/2016:11:57:08 -0300] "POST /cormun/servlet/acontrolpreferencessavestate?None,CERIKAKS,true HTTP/1.1" 200 35
200.30.225.234 - - [26/Feb/2016:11:57:08 -0300] "GET /cormun/servlet/prfichaempleado?,MD,,gxPopupLevel%3D0%3B HTTP/1.1" 200 7983
200.30.225.234 - - [26/Feb/2016:11:57:08 -0300] "GET /cormun/static/Resources/Spanish/PXTools.css?16184758 HTTP/1.1" 304 -
200.30.225.234 - - [26/Feb/2016:11:57:09 -0300] "GET /cormun/static/scaMessage/css/jquery-ui.css?104140 HTTP/1.1" 404 1045
200.30.225.234 - - [26/Feb/2016:11:57:09 -0300] "GET /cormun/static/gxcfg.js?201511151625694 HTTP/1.1" 304 -
200.30.225.234 - - [26/Feb/2016:11:57:09 -0300] "GET /cormun/static/hmpwkw01.js?201511211495945 HTTP/1.1" 304 -
200.30.225.234 - - [26/Feb/2016:11:57:09 -0300] "GET /cormun/static/prfichaempleado.js?201511151625857 HTTP/1.1" 304 -
200.30.225.234 - - [26/Feb/2016:11:57:09 -0300] "GET /cormun/static/menusearch.js?201622412404863 HTTP/1.1" 304 -
186.103.248.189 - - [26/Feb/2016:11:57:14 -0300] "POST /cormun/servlet/solicitudot?9b10347e9cf526b35f747c5dd61fb106,INS,0,0,,gx-no-cache=1456498711177 HTTP/1.1" 200 93
186.103.248.189 - - [26/Feb/2016:11:57:14 -0300] "GET /cormun/servlet/hpexe_return? HTTP/1.1" 200 998
186.103.248.189 - - [26/Feb/2016:11:57:15 -0300] "GET /cormun/servlet/trsolicitudot HTTP/1.1" 200 7410
186.103.158.250 - - [26/Feb/2016:11:57:16 -0300] "GET /cormun/servlet/trautorizarsolicitud? HTTP/1.1" 200 7532
186.103.159.44 - - [26/Feb/2016:11:57:16 -0300] "GET /cormun/servlet/prfichaempleado?04f466a2e48931caa82e7292985624e7df31bc4de93343b8119c0d88b203ace56bf77a45bffc9c832cb25817f1dd0f332cfc8e6520d706c0d29c007c60c38008,gx-no-cache=1456498661835 HTTP/1.1" 200 462
186.103.248.189 - - [26/Feb/2016:11:57:16 -0300] "GET /cormun/servlet/trsolicitudot HTTP/1.1" 200 7406
186.103.159.187 - - [26/Feb/2016:11:57:17 -0300] "GET /cormun/servlet/hhorr HTTP/1.1" 404 1001
186.103.159.44 - - [26/Feb/2016:11:57:17 -0300] "GET /cormun/servlet/prfichaempleado?04f466a2e48931caa82e7292985624e71bff117b01d5d2cb326c5d196361bf51fc35022a4125c9a59321b4848603176e6d4eae5045a96ea54db75874340e95b7882221a0146241d7dbd93b4dd7d9c2d7,gx-no-cache=1456498663045 HTTP/1.1" 200 463
186.103.159.187 - - [26/Feb/2016:11:57:17 -0300] "GET /favicon.ico HTTP/1.1" 200 21630
186.103.158.250 - - [26/Feb/2016:11:57:18 -0300] "GET /cormun/servlet/trautorizarsolicitud? HTTP/1.1" 200 7522
186.103.248.189 - - [26/Feb/2016:11:57:20 -0300] "GET /cormun/servlet/vesolicitudot?2016,174,, HTTP/1.1" 200 7544
186.103.248.189 - - [26/Feb/2016:11:57:20 -0300] "GET /cormun/static/Resources/Spanish/PXTools.css?18201296 HTTP/1.1" 304 -
186.103.248.189 - - [26/Feb/2016:11:57:20 -0300] "GET /cormun/pexe_scrolldiv.js HTTP/1.1" 404 1009
186.103.248.189 - - [26/Feb/2016:11:57:20 -0300] "GET /cormun/static/gxcfg.js?2015112118275590 HTTP/1.1" 200 953
186.103.248.189 - - [26/Feb/2016:11:57:20 -0300] "GET /cormun/static/vesolicitudot.js?2015112118275649 HTTP/1.1" 304 -
186.103.248.189 - - [26/Feb/2016:11:57:20 -0300] "GET /cormun/static/hwcviewtabs.js?20151120014372 HTTP/1.1" 304 -
186.103.248.189 - - [26/Feb/2016:11:57:20 -0300] "GET /cormun/static/tbsolicitudot01.js?201511211821030 HTTP/1.1" 304 -
186.103.248.189 - - [26/Feb/2016:11:57:20 -0300] "GET /cormun/static/hpexe_tabsview.js?20151120014350 HTTP/1.1" 304 -
186.103.159.44 - - [26/Feb/2016:11:57:21 -0300] "GET /cormun/servlet/prfichaempleado?04f466a2e48931caa82e7292985624e71bff117b01d5d2cb326c5d196361bf5156edfb59de49d158ee59f4d62cb1a8a7bfca978b54a58d1347ab4a04411c9fa441a99a704683ba1012b1787e604dd8f0,gx-no-cache=1456498666730 HTTP/1.1" 200 442
186.103.248.189 - - [26/Feb/2016:11:57:22 -0300] "GET /cormun/servlet/vesolicitudot?2016,174,, HTTP/1.1" 200 7544
200.30.225.234 - - [26/Feb/2016:11:57:23 -0300] "GET /cormun/servlet/solicitudot?551c0df08eedcb9528a17a602fb5cd4c74345474fde9e999420a0703c94e4a78e8a11d2ef97016d978dcde54675b1166,gx-no-cache=1456498634245 HTTP/1.1" 200 30
186.103.158.250 - - [26/Feb/2016:11:57:24 -0300] "POST /cormun/servlet/trautorizarsolicitud?67ac8b2018ae2840ce2e79dfdc31fc86,,gx-no-cache=1456498667974 HTTP/1.1" 200 4933
186.103.248.189 - - [26/Feb/2016:11:57:24 -0300] "GET /cormun/servlet/vesolicitudot?2016,174,,SolicitudOTLog HTTP/1.1" 200 6406
186.103.248.189 - - [26/Feb/2016:11:57:24 -0300] "GET /cormun/pexe_scrolldiv.js HTTP/1.1" 404 1009
186.103.248.189 - - [26/Feb/2016:11:57:24 -0300] "GET /cormun/static/Resources/PXToolsTabLastSelected.png HTTP/1.1" 200 1262
186.103.248.189 - - [26/Feb/2016:11:57:24 -0300] "GET /cormun/static/tbsolicitudot03.js?2015112118205488 HTTP/1.1" 200 12365
186.103.158.250 - - [26/Feb/2016:11:57:24 -0300] "POST /cormun/servlet/trautorizarsolicitud?67ac8b2018ae2840ce2e79dfdc31fc86,,gx-no-cache=1456498668453 HTTP/1.1" 200 4932
186.103.158.250 - - [26/Feb/2016:11:57:25 -0300] "POST /cormun/servlet/trautorizarsolicitud?67ac8b2018ae2840ce2e79dfdc31fc86,,gx-no-cache=1456498668928 HTTP/1.1" 200 4932
186.103.158.250 - - [26/Feb/2016:11:57:25 -0300] "POST /cormun/servlet/trautorizarsolicitud?67ac8b2018ae2840ce2e79dfdc31fc86,,gx-no-cache=1456498669249 HTTP/1.1" 200 4932
186.103.248.189 - - [26/Feb/2016:11:57:25 -0300] "GET /cormun/static/gxui/gxui-all.css HTTP/1.1" 200 2179
186.103.248.189 - - [26/Feb/2016:11:57:25 -0300] "GET /cormun/static/Resources/PXToolsTabFirstUnselected.png HTTP/1.1" 200 1264
186.103.248.189 - - [26/Feb/2016:11:57:25 -0300] "GET /cormun/static/Resources/PXToolsTabUnselectedSelected.png HTTP/1.1" 200 1444
186.103.248.189 - - [26/Feb/2016:11:57:25 -0300] "GET /cormun/servlet/vesolicitudot?2016,174,,SolicitudOTLog HTTP/1.1" 200 6406
186.103.248.189 - - [26/Feb/2016:11:57:25 -0300] "GET /cormun/static/Shared/ext/resources/css/ext-all.css HTTP/1.1" 200 416045
186.103.159.44 - - [26/Feb/2016:11:57:26 -0300] "GET /cormun/servlet/prfichaempleado?04f466a2e48931caa82e7292985624e71bff117b01d5d2cb326c5d196361bf51f331f1b3a560e8f377d774ae2ca57c5dd284d556fea5102e0e7aab62c94e768d,gx-no-cache=1456498671712 HTTP/1.1" 200 458
186.103.248.189 - - [26/Feb/2016:11:57:27 -0300] "POST /cormun/servlet/acontrolpreferencessavestate?None,CF-19,true HTTP/1.1" 200 35
186.103.158.250 - - [26/Feb/2016:11:57:28 -0300] "POST /cormun/servlet/trautorizarsolicitud?67ac8b2018ae2840ce2e79dfdc31fc86,,gx-no-cache=1456498672350 HTTP/1.1" 200 4588
186.103.158.250 - - [26/Feb/2016:11:57:28 -0300] "GET /cormun/servlet/trautorizarsolicitud?bbfe955eeb2d5d425c5cb1b7fcb0d6e31ce99590e7f61f9f7dc56952300da92eeaecdeb2ab3036c65ade754df68df6874bcca05fcd678e38d5575b19aac19434c5cea8bdaaef62ee27932caaff386d4e6a860888187f8ec7a655984c4ecc0454bbad95ed25fb9a978afa49b4e12c4e5b,gx-no-cache=1456498672765 HTTP/1.1" 200 2105
186.103.159.44 - - [26/Feb/2016:11:57:29 -0300] "GET /cormun/servlet/prfichaempleado?04f466a2e48931caa82e7292985624e71bff117b01d5d2cb326c5d196361bf51e75cd77610a651f67afcbb8fb8c59f648d6db3e296df69a35a0c9b8b2c0b99a5efd14a832ffc41ab5d7b6447c0362be2,gx-no-cache=1456498674930 HTTP/1.1" 200 468
186.103.248.189 - - [26/Feb/2016:11:57:29 -0300] "GET /cormun/servlet/vesolicitudot?2016,174,,SolicitudOTAdjuntos HTTP/1.1" 200 6584
186.103.248.189 - - [26/Feb/2016:11:57:29 -0300] "GET /cormun/pexe_scrolldiv.js HTTP/1.1" 404 1009
186.103.248.189 - - [26/Feb/2016:11:57:29 -0300] "GET /cormun/static/tbsolicitudot02.js?2015112118245263 HTTP/1.1" 200 14861
186.103.159.44 - - [26/Feb/2016:11:57:30 -0300] "GET /cormun/servlet/prfichaempleado?04f466a2e48931caa82e7292985624e71bff117b01d5d2cb326c5d196361bf51dac75c7e5f46708d430a24b14107d5aabfca978b54a58d1347ab4a04411c9fa4367b3d1981787e11856cc9d10a593191,gx-no-cache=1456498676247 HTTP/1.1" 200 469
186.103.248.189 - - [26/Feb/2016:11:57:31 -0300] "GET /cormun/servlet/vesolicitudot?2016,174,,SolicitudOTAdjuntos HTTP/1.1" 200 6585
186.103.248.189 - - [26/Feb/2016:11:57:32 -0300] "POST /cormun/servlet/acontrolpreferencessavestate?None,CF-19,true HTTP/1.1" 200 35
186.103.159.44 - - [26/Feb/2016:11:57:32 -0300] "POST /cormun/servlet/prfichaempleado?9a36c4fad9ef3fe2882d9b7e774b8365,,MD,,gxPopupLevel%3D0%3B,gx-no-cache=1456498678028 HTTP/1.1" 200 2829
186.103.248.189 - - [26/Feb/2016:11:57:33 -0300] "GET /cormun/servlet/vesolicitudot?2016,174,,General HTTP/1.1" 200 7562
186.103.248.189 - - [26/Feb/2016:11:57:33 -0300] "GET /cormun/pexe_scrolldiv.js HTTP/1.1" 404 1009
186.103.158.250 - - [26/Feb/2016:11:57:33 -0300] "POST /cormun/servlet/trautorizarsolicitud?67ac8b2018ae2840ce2e79dfdc31fc86,,gx-no-cache=1456498677765 HTTP/1.1" 200 4590
186.103.248.189 - - [26/Feb/2016:11:57:34 -0300] "GET /cormun/servlet/vesolicitudot?2016,174,,General HTTP/1.1" 200 7562
186.103.158.250 - - [26/Feb/2016:11:57:34 -0300] "POST /cormun/servlet/trautorizarsolicitud?67ac8b2018ae2840ce2e79dfdc31fc86,,gx-no-cache=1456498678130 HTTP/1.1" 200 4588
186.103.158.250 - - [26/Feb/2016:11:57:35 -0300] "POST /cormun/servlet/trautorizarsolicitud?67ac8b2018ae2840ce2e79dfdc31fc86,,gx-no-cache=1456498678837 HTTP/1.1" 200 4589
186.103.158.250 - - [26/Feb/2016:11:57:35 -0300] "POST /cormun/servlet/trautorizarsolicitud?67ac8b2018ae2840ce2e79dfdc31fc86,,gx-no-cache=1456498679207 HTTP/1.1" 200 3294
186.103.158.250 - - [26/Feb/2016:11:57:35 -0300] "POST /cormun/servlet/trautorizarsolicitud?67ac8b2018ae2840ce2e79dfdc31fc86,,gx-no-cache=1456498679546 HTTP/1.1" 200 3153
186.103.248.189 - - [26/Feb/2016:11:57:47 -0300] "POST /cormun/servlet/vesolicitudot?9b10347e9cf526b35f747c5dd61fb106,2016,174,,General,gx-no-cache=1456498743944 HTTP/1.1" 200 93
186.103.248.189 - - [26/Feb/2016:11:57:47 -0300] "GET /cormun/servlet/hpexe_return? HTTP/1.1" 200 1006
186.103.248.189 - - [26/Feb/2016:11:57:47 -0300] "GET /cormun/servlet/trsolicitudot HTTP/1.1" 200 7424
186.103.248.189 - - [26/Feb/2016:11:57:48 -0300] "GET /cormun/servlet/trsolicitudot HTTP/1.1" 200 7421
186.103.158.250 - - [26/Feb/2016:11:57:51 -0300] "POST /cormun/servlet/trautorizarsolicitud?67ac8b2018ae2840ce2e79dfdc31fc86,,gx-no-cache=1456498695837 HTTP/1.1" 200 4932
186.103.158.250 - - [26/Feb/2016:11:57:52 -0300] "GET /cormun/servlet/trautorizarsolicitud?bbfe955eeb2d5d425c5cb1b7fcb0d6e354e71e5f23ae004f0ec1294ee900eef4180af3bab340638aeaeed3960080e2894bcca05fcd678e38d5575b19aac19434372f42784fd47952e7da30c958baa723ba031f3a84ae1d1d3d068947b21eafca,gx-no-cache=1456498696281 HTTP/1.1" 200 2513
186.103.248.189 - - [26/Feb/2016:11:57:53 -0300] "POST /cormun/servlet/trsolicitudot?9b10347e9cf526b35f747c5dd61fb106,gx-no-cache=1456498750117 HTTP/1.1" 200 4847
186.103.248.189 - - [26/Feb/2016:11:57:53 -0300] "POST /cormun/servlet/trsolicitudot?9b10347e9cf526b35f747c5dd61fb106,gx-no-cache=1456498750550 HTTP/1.1" 200 4846
186.103.248.189 - - [26/Feb/2016:11:57:54 -0300] "POST /cormun/servlet/trsolicitudot?9b10347e9cf526b35f747c5dd61fb106,gx-no-cache=1456498750984 HTTP/1.1" 200 4847
186.103.248.189 - - [26/Feb/2016:11:57:54 -0300] "POST /cormun/servlet/trsolicitudot?9b10347e9cf526b35f747c5dd61fb106,gx-no-cache=1456498751455 HTTP/1.1" 200 4846
186.103.248.189 - - [26/Feb/2016:11:57:55 -0300] "POST /cormun/servlet/trsolicitudot?9b10347e9cf526b35f747c5dd61fb106,gx-no-cache=1456498751924 HTTP/1.1" 200 4847
186.103.248.189 - - [26/Feb/2016:11:57:55 -0300] "POST /cormun/servlet/trsolicitudot?9b10347e9cf526b35f747c5dd61fb106,gx-no-cache=1456498752390 HTTP/1.1" 200 4847
186.103.248.189 - - [26/Feb/2016:11:57:56 -0300] "POST /cormun/servlet/trsolicitudot?9b10347e9cf526b35f747c5dd61fb106,gx-no-cache=1456498752892 HTTP/1.1" 200 4847
186.103.248.189 - - [26/Feb/2016:11:57:56 -0300] "POST /cormun/servlet/trsolicitudot?9b10347e9cf526b35f747c5dd61fb106,gx-no-cache=1456498753361 HTTP/1.1" 200 104
186.103.248.189 - - [26/Feb/2016:11:57:56 -0300] "GET /cormun/servlet/solicitudot?UPD,2016,174, HTTP/1.1" 200 13302
186.103.248.189 - - [26/Feb/2016:11:57:58 -0300] "GET /cormun/servlet/solicitudot?UPD,2016,174, HTTP/1.1" 200 13311
186.103.248.189 - - [26/Feb/2016:11:57:58 -0300] "POST /cormun/servlet/solicitudot?gx-no-cache=1456498755821 HTTP/1.1" 200 2783
186.103.248.189 - - [26/Feb/2016:11:57:59 -0300] "POST /cormun/servlet/solicitudot?9b10347e9cf526b35f747c5dd61fb106,UPD,2016,174,,gx-no-cache=1456498756242 HTTP/1.1" 200 10189
186.103.248.189 - - [26/Feb/2016:11:57:59 -0300] "GET /cormun/servlet/solicitudot?084e1bed89c403bc0eb16486937678114223cb8c785c0b640ee2dbe5267465a98423084c1deb1e5d0a665f0aa7992f32,gx-no-cache=1456498756711 HTTP/1.1" 200 30
186.103.248.189 - - [26/Feb/2016:11:57:59 -0300] "POST /cormun/servlet/solicitudot?gx-no-cache=1456498756809 HTTP/1.1" 200 30
186.103.248.189 - - [26/Feb/2016:11:57:59 -0300] "POST /cormun/servlet/solicitudot?gx-no-cache=1456498756890 HTTP/1.1" 200 30
186.103.248.189 - - [26/Feb/2016:11:57:59 -0300] "POST /cormun/servlet/solicitudot?gx-no-cache=1456498757020 HTTP/1.1" 200 1157
186.103.248.189 - - [26/Feb/2016:11:58:00 -0300] "GET /cormun/servlet/solicitudot?084e1bed89c403bc0eb1648693767811966f257988ce2a6af288094bc9967ad0373590a67ca111e74156314ec7b8c7f3df86a02373c7c22ecb748aa7d99017373664cda7ea1f12701ca883458241addf9d33ee9955b9edeb01b70b26a6425aeb677f99afdefd481a1713070d905c8205ef804614b759f52a4d06a1f7466ea7df3779a1e3264f835754bbcd120cf086ebe926b1c32676e9cb41c04eb5e8f11e6a,gx-no-cache=1456498757229 HTTP/1.1" 200 41
186.103.158.250 - - [26/Feb/2016:11:58:11 -0300] "GET /cormun/servlet/veautorizarsolicitud?2016,152,, HTTP/1.1" 200 7585
186.103.158.250 - - [26/Feb/2016:11:58:12 -0300] "GET /cormun/pexe_scrolldiv.js HTTP/1.1" 404 1009
186.103.248.189 - - [26/Feb/2016:11:58:12 -0300] "GET /cormun/servlet/solicitudot?084e1bed89c403bc0eb1648693767811f242067b43e6b8d60fc0da7dbbeefb90ef2cfeb6d7bb6fb1e75014dc72939511ce6c9af8920f7fb4c504efb121394cb0206f91c050e60b2c31a83578a0007887aeeae81fe78509000211a27fd44e0ef8d9c556668e4cbacba2277ad1a2c8f43bf917ed888c5a983faed8a22478f6955dccccf86036e756e5da25bed0c917d1b21e55ae6cf90bb40415060cc5d61170bc,gx-no-cache=1456498769394 HTTP/1.1" 200 29
186.103.248.189 - - [26/Feb/2016:11:58:12 -0300] "POST /cormun/servlet/solicitudot?gx-no-cache=1456498769504 HTTP/1.1" 200 1116
186.103.248.189 - - [26/Feb/2016:11:58:12 -0300] "GET /cormun/servlet/solicitudot?084e1bed89c403bc0eb1648693767811c9bfe8f1235ad39292a05b01a827263f2a1b2c0c87da6707b19d6cffe667c8b1bee06eac5e9941d64a95b97307450c38fec89732c03b224a0d01c808503378037f28d79b979d2b153c99b05472b5b815dfa90e9ff07ba442887aeba8876ade31f9e03b3a5851f8b933907b027c917528e2aae22d969f3763bceb816e4203f3e1284ae58e3239fc2438428ec3e39af234ff54072d9b20d319f91ed618040a7bd8,gx-no-cache=1456498769704 HTTP/1.1" 200 30
186.103.248.189 - - [26/Feb/2016:11:58:13 -0300] "POST /cormun/servlet/solicitudot?9b10347e9cf526b35f747c5dd61fb106,UPD,2016,174,,gx-no-cache=1456498769830 HTTP/1.1" 200 93
186.103.248.189 - - [26/Feb/2016:11:58:13 -0300] "GET /cormun/servlet/hpexe_return? HTTP/1.1" 200 1025
186.103.248.189 - - [26/Feb/2016:11:58:13 -0300] "GET /cormun/servlet/trsolicitudot?gx-no-cache=1456498752892 HTTP/1.1" 200 7425
186.103.158.250 - - [26/Feb/2016:11:58:13 -0300] "GET /cormun/servlet/veautorizarsolicitud?2016,152,, HTTP/1.1" 200 7585
186.103.248.189 - - [26/Feb/2016:11:58:15 -0300] "GET /cormun/servlet/trsolicitudot?gx-no-cache=1456498752892 HTTP/1.1" 200 7441
186.103.159.44 - - [26/Feb/2016:11:58:15 -0300] "POST /cormun/servlet/solicitudot?gx-no-cache=1456498721013 HTTP/1.1" 200 2669
186.103.159.44 - - [26/Feb/2016:11:58:15 -0300] "POST /cormun/servlet/solicitudot?9a36c4fad9ef3fe2882d9b7e774b8365,INS,0,0,,gx-no-cache=1456498721178 HTTP/1.1" 200 9396
186.103.158.250 - - [26/Feb/2016:11:58:18 -0300] "GET /cormun/servlet/veautorizarsolicitud?2016,152,,SolicitudOTLog HTTP/1.1" 200 7856
186.103.158.250 - - [26/Feb/2016:11:58:18 -0300] "GET /cormun/pexe_scrolldiv.js HTTP/1.1" 404 1009
186.103.158.250 - - [26/Feb/2016:11:58:18 -0300] "GET /cormun/static/Resources/PXToolsTabLastSelected.png HTTP/1.1" 200 1262
186.103.158.250 - - [26/Feb/2016:11:58:18 -0300] "GET /cormun/static/tbautorizarsolicitud03.js?2015112118375381 HTTP/1.1" 200 12400
186.103.158.250 - - [26/Feb/2016:11:58:20 -0300] "GET /cormun/servlet/veautorizarsolicitud?2016,152,,SolicitudOTLog HTTP/1.1" 200 7857
186.103.158.250 - - [26/Feb/2016:11:58:21 -0300] "POST /cormun/servlet/acontrolpreferencessavestate?None,CERIKAKS,true HTTP/1.1" 200 35
186.103.159.44 - - [26/Feb/2016:11:58:21 -0300] "GET /cormun/servlet/solicitudot?d1b8feeebe4a91a3c0325cf850d68d5c4787e5fdd96f0257cf5eacf748ae2e71882221a0146241d7dbd93b4dd7d9c2d7,gx-no-cache=1456498727565 HTTP/1.1" 200 30
186.103.248.189 - - [26/Feb/2016:11:58:24 -0300] "GET /cormun/servlet/treventos?2016,174, HTTP/1.1" 200 5188
186.103.248.189 - - [26/Feb/2016:11:58:24 -0300] "GET /cormun/static/gxcfg.js?2015112118274652 HTTP/1.1" 200 953
186.103.248.189 - - [26/Feb/2016:11:58:24 -0300] "GET /cormun/static/treventos.js?2015112118274856 HTTP/1.1" 304 -
186.103.248.189 - - [26/Feb/2016:11:58:25 -0300] "GET /cormun/servlet/treventos?2016,174, HTTP/1.1" 200 5168
186.103.248.189 - - [26/Feb/2016:11:58:33 -0300] "GET /cormun/servlet/trsolicitudot? HTTP/1.1" 200 7421
186.103.248.189 - - [26/Feb/2016:11:58:34 -0300] "GET /cormun/servlet/trsolicitudot? HTTP/1.1" 200 7421
186.103.248.189 - - [26/Feb/2016:11:58:38 -0300] "GET /cormun/servlet/solicitudot?INS,0,0, HTTP/1.1" 200 12061
186.103.248.189 - - [26/Feb/2016:11:58:40 -0300] "GET /cormun/servlet/solicitudot?INS,0,0, HTTP/1.1" 200 12066
186.103.248.189 - - [26/Feb/2016:11:59:00 -0300] "POST /cormun/servlet/solicitudot?gx-no-cache=1456498816974 HTTP/1.1" 200 2778
186.103.248.189 - - [26/Feb/2016:11:59:00 -0300] "POST /cormun/servlet/solicitudot?9b10347e9cf526b35f747c5dd61fb106,INS,0,0,,gx-no-cache=1456498817736 HTTP/1.1" 200 9504
186.103.248.189 - - [26/Feb/2016:11:59:01 -0300] "GET /cormun/servlet/solicitudot?084e1bed89c403bc0eb1648693767811c0370f107fba9d6ab40ff201e8be12e3c5201523df2bb55126434ae7d03902b6,gx-no-cache=1456498818267 HTTP/1.1" 200 30
186.103.248.189 - - [26/Feb/2016:11:59:21 -0300] "POST /cormun/servlet/solicitudot?gx-no-cache=1456498838114 HTTP/1.1" 200 120
186.103.248.189 - - [26/Feb/2016:11:59:21 -0300] "GET /cormun/static/Shared/jqueryui/images/ui-bg_highlight-soft_100_c6c2c8_1x100.png HTTP/1.1" 404 1117
186.103.248.189 - - [26/Feb/2016:11:59:21 -0300] "POST /cormun/servlet/solicitudot?gx-no-cache=1456498838274 HTTP/1.1" 200 33
186.103.248.189 - - [26/Feb/2016:11:59:21 -0300] "GET /cormun/static/Shared/jqueryui/images/ui-icons_82798d_256x240.png HTTP/1.1" 404 1089
186.103.248.189 - - [26/Feb/2016:11:59:21 -0300] "GET /cormun/static/Shared/jqueryui/images/ui-bg_flat_55_994d53_40x100.png HTTP/1.1" 404 1097
186.103.248.189 - - [26/Feb/2016:11:59:21 -0300] "GET /cormun/static/Shared/jqueryui/images/ui-icons_ebccce_256x240.png HTTP/1.1" 404 1089
186.103.248.189 - - [26/Feb/2016:11:59:21 -0300] "POST /cormun/servlet/solicitudot?gx-no-cache=1456498838420 HTTP/1.1" 200 452
186.103.248.189 - - [26/Feb/2016:11:59:21 -0300] "GET /cormun/servlet/solicitudot?084e1bed89c403bc0eb1648693767811966f257988ce2a6af288094bc9967ad0373590a67ca111e74156314ec7b8c7f3df86a02373c7c22ecb748aa7d99017373664cda7ea1f12701ca883458241addf9d33ee9955b9edeb01b70b26a6425aeb677f99afdefd481a1713070d905c8205ef804614b759f52a4d06a1f7466ea7dfb01b5a1ebef14a5a07650b099d85caef,gx-no-cache=1456498838574 HTTP/1.1" 200 38
186.103.248.189 - - [26/Feb/2016:11:59:49 -0300] "GET /cormun/servlet/solicitudot?084e1bed89c403bc0eb1648693767811864ce3d1fb77cee4082fa5bc3881196bb5db901f4f2e45929ffa6282f4fe6b36fbdff8538f7aa836b8302a9410fcc2a1c34b2e0c34ac9f64f10dcd10d19544f58feec24f3e4c41cb7ce0a527eeb9cd25c745edc269a064fbc78bd61662aac2ce,gx-no-cache=1456498866435 HTTP/1.1" 200 29
186.103.248.189 - - [26/Feb/2016:11:59:50 -0300] "POST /cormun/servlet/solicitudot?gx-no-cache=1456498867995 HTTP/1.1" 200 1116
186.103.158.250 - - [26/Feb/2016:11:59:54 -0300] "POST /cormun/servlet/veautorizarsolicitud?67ac8b2018ae2840ce2e79dfdc31fc86,2016,152,,SolicitudOTLog,gx-no-cache=1456498818003 HTTP/1.1" 200 90
186.103.158.250 - - [26/Feb/2016:11:59:54 -0300] "GET /cormun/servlet/hpexe_link HTTP/1.1" 200 975
186.103.158.250 - - [26/Feb/2016:11:59:54 -0300] "GET /cormun/servlet/trautorizarsolicitud? HTTP/1.1" 200 7526
186.103.158.250 - - [26/Feb/2016:11:59:56 -0300] "GET /cormun/servlet/trautorizarsolicitud? HTTP/1.1" 200 7525
186.103.248.189 - - [26/Feb/2016:11:59:57 -0300] "GET /cormun/servlet/solicitudot?084e1bed89c403bc0eb16486937678117e07bdf5f3240ce4819e12758712a9b33e8c797e8462d0e793701d602abbf1d8d9ed8cbb32d62aa12f2d848c586025e9f40ffc6d0e73979cc4a38ddaf3466ed4213d107ceebbe9ea03cc1119d3d22d9ca4bbd7ff63a34d21cb3d8ea0bd205fb3a439cae3a0ef2cad998d441ba8712d0c9aca4df42ef5180ced02395a06fb4b48d0d8218e0b3d2a1e60f1975e87723ee1,gx-no-cache=1456498874144 HTTP/1.1" 200 30
186.103.248.189 - - [26/Feb/2016:12:00:05 -0300] "POST /cormun/servlet/solicitudot?9b10347e9cf526b35f747c5dd61fb106,INS,0,0,,gx-no-cache=1456498882170 HTTP/1.1" 200 10427
200.30.225.234 - - [26/Feb/2016:12:00:17 -0300] "POST /cormun/servlet/solicitudot?gx-no-cache=1456498808386 HTTP/1.1" 200 30
186.103.248.189 - - [26/Feb/2016:12:00:19 -0300] "POST /cormun/servlet/solicitudot?9b10347e9cf526b35f747c5dd61fb106,INS,0,0,,gx-no-cache=1456498895799 HTTP/1.1" 200 10464
200.30.225.234 - - [26/Feb/2016:12:00:25 -0300] "POST /cormun/servlet/solicitudot?gx-no-cache=1456498816529 HTTP/1.1" 200 30
200.30.225.234 - - [26/Feb/2016:12:00:29 -0300] "POST /cormun/servlet/solicitudot?gx-no-cache=1456498820496 HTTP/1.1" 200 452
200.30.225.234 - - [26/Feb/2016:12:00:29 -0300] "GET /cormun/servlet/solicitudot?551c0df08eedcb9528a17a602fb5cd4c0a2d81b73cb8220e1ceb214b511bbbf2c17a9fbecef63f629a2c7c685bd5ea899c8f097125d76c78a5c63326fb0586ee126c389378bcc587c851c6c357adcfd48b6e753da3553a6cdcd7a053273b61d3ea0534393ba6d1ce0c9cc53616163aeb8116c4e707777e542e4bfa10fdf29a4669a35683cd7cc4785ae8fdca5dcca1da,gx-no-cache=1456498820602 HTTP/1.1" 200 38
186.103.159.44 - - [26/Feb/2016:12:01:25 -0300] "POST /cormun/servlet/solicitudot?gx-no-cache=1456498910736 HTTP/1.1" 200 30
186.103.159.44 - - [26/Feb/2016:12:01:27 -0300] "POST /cormun/servlet/solicitudot?gx-no-cache=1456498913345 HTTP/1.1" 200 30
186.103.159.44 - - [26/Feb/2016:12:01:33 -0300] "POST /cormun/servlet/solicitudot?gx-no-cache=1456498919049 HTTP/1.1" 200 30
186.103.159.44 - - [26/Feb/2016:12:01:35 -0300] "POST /cormun/servlet/solicitudot?gx-no-cache=1456498920617 HTTP/1.1" 200 452
186.103.159.44 - - [26/Feb/2016:12:01:35 -0300] "GET /cormun/servlet/solicitudot?d1b8feeebe4a91a3c0325cf850d68d5c0019a135af09bfb8d8cea8ac0b123732785a5d3e1470645853cafa1d631fbd4fccbf21d83e385bcaf73cba998c731b577c065823e98846590cf26b6b91623ecebb711756ffd842ede0623415f41c87bae0a4db821d3efef2fadfad5b5af45a309ec2e4da8c5fd7fd82394d34712417379322a9cb3e9d15c273db952fe2d4bca5,gx-no-cache=1456498920650 HTTP/1.1" 200 38
186.103.159.44 - - [26/Feb/2016:12:03:11 -0300] "GET /cormun/servlet/solicitudot?d1b8feeebe4a91a3c0325cf850d68d5cf7821cb26c1cbeba02bb6cad1f35523a906dbefe45c0905cccfc254ea052332588d9bea9201576d9ae37315aedb9bafb785db172d179ac3815ba9203f416f4624a4474f533448554b6da059726de6bdc3c12d5ccff1ff67b56f30ae493709414,gx-no-cache=1456499017022 HTTP/1.1" 200 29
186.103.159.44 - - [26/Feb/2016:12:03:12 -0300] "POST /cormun/servlet/solicitudot?gx-no-cache=1456499018336 HTTP/1.1" 200 1116
186.103.159.183 - - [26/Feb/2016:12:05:16 -0300] "POST /cormun/servlet/solicitudot?6dd01a7bb0140816ffd9801ce6e8f827,INS,0,0,,gx-no-cache=1456502944528 HTTP/1.1" 200 93
186.103.159.183 - - [26/Feb/2016:12:05:16 -0300] "GET /cormun/servlet/hpexe_return? HTTP/1.1" 200 1003
186.103.159.183 - - [26/Feb/2016:12:05:16 -0300] "GET /cormun/static/hpexe_return.js?2015111312145056 HTTP/1.1" 200 1633
186.103.159.183 - - [26/Feb/2016:12:05:16 -0300] "GET /cormun/static/gxcfg.js?2015111312145050 HTTP/1.1" 200 953
186.103.159.183 - - [26/Feb/2016:12:05:16 -0300] "GET /cormun/static/Resources/Spanish/PXTools.css?12112540 HTTP/1.1" 200 89042
186.103.159.183 - - [26/Feb/2016:12:05:16 -0300] "GET /cormun/servlet/trsolicitudot HTTP/1.1" 200 6086
186.103.159.183 - - [26/Feb/2016:12:05:17 -0300] "GET /cormun/servlet/trsolicitudot HTTP/1.1" 200 6082
186.103.159.183 - - [26/Feb/2016:12:05:20 -0300] "GET /cormun/servlet/solicitudot?INS,0,0, HTTP/1.1" 200 12015
186.103.159.183 - - [26/Feb/2016:12:05:20 -0300] "GET /cormun/servlet/solicitudot?INS,0,0, HTTP/1.1" 200 12019
200.30.225.234 - - [26/Feb/2016:12:05:39 -0300] "GET /cormun/static/Shared/jqueryui/images/ui-bg_highlight-soft_100_eae6ea_1x100.png HTTP/1.1" 404 1117
186.103.248.189 - - [26/Feb/2016:12:05:51 -0300] "POST /cormun/servlet/solicitudot?9b10347e9cf526b35f747c5dd61fb106,INS,0,0,,gx-no-cache=1456499227916 HTTP/1.1" 200 10497
200.30.225.234 - - [26/Feb/2016:12:05:51 -0300] "GET /cormun/servlet/solicitudot?551c0df08eedcb9528a17a602fb5cd4cccec5bb1b4d3d0eef522703829bafc22a54ff5a92a4c6d253ee1aa173026b9e04adfb58e4b4332a949b226e4daf35413fc0d4f2f9edc21abbf35068e58e647826c1158b2197dff58c35df5760e64c38f03800e67ffb254297b711da1746a9bb2,gx-no-cache=1456499142614 HTTP/1.1" 200 29
200.30.225.234 - - [26/Feb/2016:12:05:53 -0300] "POST /cormun/servlet/solicitudot?gx-no-cache=1456499144638 HTTP/1.1" 200 1116
186.103.159.44 - - [26/Feb/2016:12:06:05 -0300] "GET /cormun/servlet/solicitudot?d1b8feeebe4a91a3c0325cf850d68d5c474dc80dd37f1d3a1db077e739a0b97afde4b6238b1aac9f36bb120847b1a8ae39b946f6e57f80b175db35cfa81a67617ba3837b0550b5b2610ecb98540f47e184c4b4bc4cdce4127ed02ce6822b7ab17284a5ca836e6017af8f51669b243e18052696de4171418ddd5131efd950d600aa9cfc849318f13a4b96bdb3718b7369242de77cb646429edfccabdee536e555d753c14d49dbf1b289f4d01d734514c2,gx-no-cache=1456499190792 HTTP/1.1" 200 30
186.103.159.44 - - [26/Feb/2016:12:06:14 -0300] "POST /cormun/servlet/solicitudot?9a36c4fad9ef3fe2882d9b7e774b8365,INS,0,0,,gx-no-cache=1456499199882 HTTP/1.1" 200 93
186.103.159.44 - - [26/Feb/2016:12:06:14 -0300] "GET /cormun/servlet/hpexe_return? HTTP/1.1" 200 1012
186.103.159.44 - - [26/Feb/2016:12:06:14 -0300] "GET /cormun/servlet/trsolicitudot HTTP/1.1" 200 9662
186.103.159.44 - - [26/Feb/2016:12:06:51 -0300] "POST /cormun/servlet/trsolicitudot?9a36c4fad9ef3fe2882d9b7e774b8365,gx-no-cache=1456499237278 HTTP/1.1" 200 7211
186.103.159.44 - - [26/Feb/2016:12:06:52 -0300] "POST /cormun/servlet/trsolicitudot?9a36c4fad9ef3fe2882d9b7e774b8365,gx-no-cache=1456499237695 HTTP/1.1" 200 7212
186.103.159.44 - - [26/Feb/2016:12:06:52 -0300] "POST /cormun/servlet/trsolicitudot?9a36c4fad9ef3fe2882d9b7e774b8365,gx-no-cache=1456499238175 HTTP/1.1" 200 7212
186.103.159.44 - - [26/Feb/2016:12:06:53 -0300] "POST /cormun/servlet/trsolicitudot?9a36c4fad9ef3fe2882d9b7e774b8365,gx-no-cache=1456499238661 HTTP/1.1" 200 7212
186.103.159.44 - - [26/Feb/2016:12:06:53 -0300] "POST /cormun/servlet/trsolicitudot?9a36c4fad9ef3fe2882d9b7e774b8365,gx-no-cache=1456499239194 HTTP/1.1" 200 7211
186.103.159.44 - - [26/Feb/2016:12:06:54 -0300] "POST /cormun/servlet/trsolicitudot?9a36c4fad9ef3fe2882d9b7e774b8365,gx-no-cache=1456499239794 HTTP/1.1" 200 7211
186.103.159.44 - - [26/Feb/2016:12:06:55 -0300] "POST /cormun/servlet/trsolicitudot?9a36c4fad9ef3fe2882d9b7e774b8365,gx-no-cache=1456499240505 HTTP/1.1" 200 7211
115.231.222.40 - - [26/Feb/2016:12:07:01 -0300] "GET /cgi-bin/common/attr?id=260714&r=0.5530584006848194 HTTP/1.1" 404 999
186.103.159.44 - - [26/Feb/2016:12:07:02 -0300] "POST /cormun/servlet/trsolicitudot?9a36c4fad9ef3fe2882d9b7e774b8365,gx-no-cache=1456499241241 HTTP/1.1" 200 104
186.103.159.44 - - [26/Feb/2016:12:07:02 -0300] "GET /cormun/servlet/solicitudot?UPD,2016,175, HTTP/1.1" 200 13283
186.103.159.44 - - [26/Feb/2016:12:07:04 -0300] "POST /cormun/servlet/solicitudot?gx-no-cache=1456499249719 HTTP/1.1" 200 2756
186.103.159.44 - - [26/Feb/2016:12:07:04 -0300] "POST /cormun/servlet/solicitudot?9a36c4fad9ef3fe2882d9b7e774b8365,UPD,2016,175,,gx-no-cache=1456499249895 HTTP/1.1" 200 10176
186.103.159.44 - - [26/Feb/2016:12:07:04 -0300] "GET /cormun/servlet/solicitudot?d1b8feeebe4a91a3c0325cf850d68d5c4787e5fdd96f0257cf5eacf748ae2e71fa7b6fe9e7927a7ff6acf28b4217a45c,gx-no-cache=1456499250093 HTTP/1.1" 200 30
186.103.159.44 - - [26/Feb/2016:12:07:04 -0300] "POST /cormun/servlet/solicitudot?gx-no-cache=1456499250150 HTTP/1.1" 200 30
186.103.159.44 - - [26/Feb/2016:12:07:04 -0300] "POST /cormun/servlet/solicitudot?gx-no-cache=1456499250172 HTTP/1.1" 200 30
186.103.159.44 - - [26/Feb/2016:12:07:04 -0300] "POST /cormun/servlet/solicitudot?gx-no-cache=1456499250530 HTTP/1.1" 200 1154
186.103.159.44 - - [26/Feb/2016:12:07:05 -0300] "GET /cormun/servlet/solicitudot?d1b8feeebe4a91a3c0325cf850d68d5c0019a135af09bfb8d8cea8ac0b123732785a5d3e1470645853cafa1d631fbd4fccbf21d83e385bcaf73cba998c731b577c065823e98846590cf26b6b91623ecebb711756ffd842ede0623415f41c87bae0a4db821d3efef2fadfad5b5af45a309ec2e4da8c5fd7fd82394d3471241737292614d2f2af50a693b88998cb722f83e21de3270244b2aeeaa0ea540b753ea5,gx-no-cache=1456499250661 HTTP/1.1" 200 41
186.103.159.44 - - [26/Feb/2016:12:07:17 -0300] "GET /cormun/servlet/solicitudot?d1b8feeebe4a91a3c0325cf850d68d5c293db852dd39e4cdfeff6bf41101170f0a3bff0f96920faf3921c140a667c9d9c82ff79c997e8756f0519cb8474789d88ad2b8b5b1e684b1912489375d73bee2a3cd85b790d5713ed8c35588dd864526f339e59317f5a2538cebe5acc2c1612e9899060f264cfb7bac3848ca117015c748229275b84fb79f124ea2ad464df17dee142370b28395b356c80bd17d8a5728,gx-no-cache=1456499262966 HTTP/1.1" 200 30
186.103.159.44 - - [26/Feb/2016:12:07:20 -0300] "POST /cormun/servlet/solicitudot?gx-no-cache=1456499265697 HTTP/1.1" 200 1116
186.103.159.44 - - [26/Feb/2016:12:07:20 -0300] "GET /cormun/servlet/solicitudot?d1b8feeebe4a91a3c0325cf850d68d5c474dc80dd37f1d3a1db077e739a0b97afde4b6238b1aac9f36bb120847b1a8ae39b946f6e57f80b175db35cfa81a67617ba3837b0550b5b2610ecb98540f47e184c4b4bc4cdce4127ed02ce6822b7ab17284a5ca836e6017af8f51669b243e18052696de4171418ddd5131efd950d600aa9cfc849318f13a4b96bdb3718b7369242de77cb646429edfccabdee536e555d753c14d49dbf1b289f4d01d734514c2,gx-no-cache=1456499265790 HTTP/1.1" 200 30
186.103.159.44 - - [26/Feb/2016:12:07:20 -0300] "POST /cormun/servlet/solicitudot?9a36c4fad9ef3fe2882d9b7e774b8365,UPD,2016,175,,gx-no-cache=1456499265884 HTTP/1.1" 200 93
186.103.159.44 - - [26/Feb/2016:12:07:20 -0300] "GET /cormun/servlet/hpexe_return? HTTP/1.1" 200 1036
186.103.159.44 - - [26/Feb/2016:12:07:20 -0300] "GET /cormun/servlet/trsolicitudot?gx-no-cache=1456499240505 HTTP/1.1" 200 9677
186.103.159.44 - - [26/Feb/2016:12:07:27 -0300] "POST /cormun/servlet/trsolicitudot?9a36c4fad9ef3fe2882d9b7e774b8365,gx-no-cache=1456499240505,gx-no-cache=1456499272463 HTTP/1.1" 200 7227
186.103.159.44 - - [26/Feb/2016:12:07:27 -0300] "POST /cormun/servlet/trsolicitudot?9a36c4fad9ef3fe2882d9b7e774b8365,gx-no-cache=1456499240505,gx-no-cache=1456499272970 HTTP/1.1" 200 7227
186.103.159.44 - - [26/Feb/2016:12:07:28 -0300] "POST /cormun/servlet/trsolicitudot?9a36c4fad9ef3fe2882d9b7e774b8365,gx-no-cache=1456499240505,gx-no-cache=1456499273492 HTTP/1.1" 200 7227
186.103.159.44 - - [26/Feb/2016:12:07:28 -0300] "POST /cormun/servlet/trsolicitudot?9a36c4fad9ef3fe2882d9b7e774b8365,gx-no-cache=1456499240505,gx-no-cache=1456499273992 HTTP/1.1" 200 7227
186.103.159.183 - - [26/Feb/2016:12:07:28 -0300] "POST /cormun/servlet/solicitudot?gx-no-cache=1456503076959 HTTP/1.1" 200 2813
186.103.159.183 - - [26/Feb/2016:12:07:28 -0300] "GET /cormun/static/Shared/jqueryui/images/ui-bg_highlight-soft_100_c6c2c8_1x100.png HTTP/1.1" 404 1117
186.103.159.183 - - [26/Feb/2016:12:07:28 -0300] "GET /cormun/static/Shared/jqueryui/images/ui-icons_82798d_256x240.png HTTP/1.1" 404 1089
186.103.159.183 - - [26/Feb/2016:12:07:28 -0300] "GET /cormun/static/Shared/jqueryui/images/ui-bg_flat_55_994d53_40x100.png HTTP/1.1" 404 1097
186.103.159.183 - - [26/Feb/2016:12:07:28 -0300] "GET /cormun/static/Shared/jqueryui/images/ui-icons_ebccce_256x240.png HTTP/1.1" 404 1089
186.103.159.44 - - [26/Feb/2016:12:07:29 -0300] "POST /cormun/servlet/trsolicitudot?9a36c4fad9ef3fe2882d9b7e774b8365,gx-no-cache=1456499240505,gx-no-cache=1456499274590 HTTP/1.1" 200 7227
186.103.159.44 - - [26/Feb/2016:12:07:29 -0300] "POST /cormun/servlet/trsolicitudot?9a36c4fad9ef3fe2882d9b7e774b8365,gx-no-cache=1456499240505,gx-no-cache=1456499275276 HTTP/1.1" 200 7227
186.103.159.44 - - [26/Feb/2016:12:07:30 -0300] "POST /cormun/servlet/trsolicitudot?9a36c4fad9ef3fe2882d9b7e774b8365,gx-no-cache=1456499240505,gx-no-cache=1456499275987 HTTP/1.1" 200 7227
186.103.159.44 - - [26/Feb/2016:12:07:31 -0300] "POST /cormun/servlet/trsolicitudot?9a36c4fad9ef3fe2882d9b7e774b8365,gx-no-cache=1456499240505,gx-no-cache=1456499276698 HTTP/1.1" 200 104
186.103.159.183 - - [26/Feb/2016:12:07:37 -0300] "GET /cormun/servlet/solicitudot?6ce2657453f6c05debc6c260f895ce746c8a10219ac91ff4a6757556199b95ea9bd674f0c5bfa4769d2a8032fe151a16,gx-no-cache=1456503086118 HTTP/1.1" 200 111
186.103.159.44 - - [26/Feb/2016:12:07:38 -0300] "GET /cormun/servlet/solicitudot?UPD,2016,166, HTTP/1.1" 200 13301
186.103.159.183 - - [26/Feb/2016:12:07:39 -0300] "POST /cormun/servlet/solicitudot?gx-no-cache=1456503087616 HTTP/1.1" 200 120
186.103.159.44 - - [26/Feb/2016:12:07:39 -0300] "POST /cormun/servlet/solicitudot?gx-no-cache=1456499285160 HTTP/1.1" 200 2753
186.103.159.44 - - [26/Feb/2016:12:07:39 -0300] "POST /cormun/servlet/solicitudot?9a36c4fad9ef3fe2882d9b7e774b8365,UPD,2016,166,,gx-no-cache=1456499285285 HTTP/1.1" 200 10198
186.103.159.44 - - [26/Feb/2016:12:07:39 -0300] "GET /cormun/servlet/solicitudot?d1b8feeebe4a91a3c0325cf850d68d5c4787e5fdd96f0257cf5eacf748ae2e71fa7b6fe9e7927a7ff6acf28b4217a45c,gx-no-cache=1456499285493 HTTP/1.1" 200 30
186.103.159.44 - - [26/Feb/2016:12:07:39 -0300] "POST /cormun/servlet/solicitudot?gx-no-cache=1456499285549 HTTP/1.1" 200 30
186.103.159.44 - - [26/Feb/2016:12:07:39 -0300] "POST /cormun/servlet/solicitudot?gx-no-cache=1456499285570 HTTP/1.1" 200 30
186.103.159.44 - - [26/Feb/2016:12:07:40 -0300] "POST /cormun/servlet/solicitudot?gx-no-cache=1456499285627 HTTP/1.1" 200 1154
186.103.159.44 - - [26/Feb/2016:12:07:40 -0300] "GET /cormun/servlet/solicitudot?d1b8feeebe4a91a3c0325cf850d68d5c0019a135af09bfb8d8cea8ac0b123732785a5d3e1470645853cafa1d631fbd4fccbf21d83e385bcaf73cba998c731b577c065823e98846590cf26b6b91623ecebb711756ffd842ede0623415f41c87bae0a4db821d3efef2fadfad5b5af45a309ec2e4da8c5fd7fd82394d3471241737292614d2f2af50a693b88998cb722f83e21de3270244b2aeeaa0ea540b753ea5,gx-no-cache=1456499285663 HTTP/1.1" 200 41
186.103.159.183 - - [26/Feb/2016:12:07:40 -0300] "POST /cormun/servlet/solicitudot?gx-no-cache=1456503088913 HTTP/1.1" 200 120
186.103.159.183 - - [26/Feb/2016:12:07:48 -0300] "POST /cormun/servlet/solicitudot?gx-no-cache=1456503096379 HTTP/1.1" 200 30
186.103.159.183 - - [26/Feb/2016:12:08:05 -0300] "GET /cormun/servlet/solicitudot?6ce2657453f6c05debc6c260f895ce7475d5ded1093eb44fee86fd26a6ea18e9cbd3b526011e3216e539fe5097f3164e,gx-no-cache=1456503114094 HTTP/1.1" 200 30
200.30.225.234 - - [26/Feb/2016:12:08:20 -0300] "GET /cormun/static/menuarrow.gif HTTP/1.1" 404 1015
186.103.159.44 - - [26/Feb/2016:12:08:43 -0300] "GET /cormun/servlet/solicitudot?d1b8feeebe4a91a3c0325cf850d68d5c2cb109be623771bac4ccdf2d2b912f170a3bff0f96920faf3921c140a667c9d9c82ff79c997e8756f0519cb8474789d88ad2b8b5b1e684b1912489375d73bee2a3cd85b790d5713ed8c35588dd864526f339e59317f5a2538cebe5acc2c1612e9899060f264cfb7bac3848ca117015c748229275b84fb79f124ea2ad464df17dee142370b28395b356c80bd17d8a5728,gx-no-cache=1456499348776 HTTP/1.1" 200 29
186.103.159.44 - - [26/Feb/2016:12:08:43 -0300] "POST /cormun/servlet/solicitudot?gx-no-cache=1456499348816 HTTP/1.1" 200 1116
186.103.159.44 - - [26/Feb/2016:12:08:43 -0300] "GET /cormun/servlet/solicitudot?d1b8feeebe4a91a3c0325cf850d68d5c474dc80dd37f1d3a1db077e739a0b97afde4b6238b1aac9f36bb120847b1a8ae39b946f6e57f80b175db35cfa81a67617ba3837b0550b5b2610ecb98540f47e184c4b4bc4cdce4127ed02ce6822b7ab17284a5ca836e6017af8f51669b243e18052696de4171418ddd5131efd950d600aa9cfc849318f13a4b96bdb3718b7369242de77cb646429edfccabdee536e555d753c14d49dbf1b289f4d01d734514c2,gx-no-cache=1456499348852 HTTP/1.1" 200 30
186.103.159.44 - - [26/Feb/2016:12:08:43 -0300] "POST /cormun/servlet/solicitudot?9a36c4fad9ef3fe2882d9b7e774b8365,UPD,2016,166,,gx-no-cache=1456499348877 HTTP/1.1" 200 93
186.103.159.44 - - [26/Feb/2016:12:08:43 -0300] "GET /cormun/servlet/hpexe_return? HTTP/1.1" 200 1036
186.103.159.44 - - [26/Feb/2016:12:08:43 -0300] "GET /cormun/servlet/trsolicitudot?gx-no-cache=1456499240505 HTTP/1.1" 200 9674
