186.103.157.235 - - [26/Feb/2016:13:43:11 -0300] "GET /cormun/servlet/solicitudot?e259c36da36ad9829073a4c211d75c19240a3382b7fb44173dea73e8229f408170c90751ecebe15b20f8d62bd46330912f4ffe8c4d96eaa9b2b8c50ae353db2d709ceadc983c56ad1c50a96a6b901e7c,gx-no-cache=1456505044887 HTTP/1.1" 200 29
186.103.158.250 - - [26/Feb/2016:13:43:12 -0300] "POST /cormun/servlet/trsolicitudot?fa684e60245401dbed50912efe1cfaba,gx-no-cache=1456502536032,gx-no-cache=1456504951621 HTTP/1.1" 200 5166
186.103.158.250 - - [26/Feb/2016:13:43:12 -0300] "POST /cormun/servlet/trsolicitudot?fa684e60245401dbed50912efe1cfaba,gx-no-cache=1456502536032,gx-no-cache=1456504952343 HTTP/1.1" 200 5166
186.103.159.44 - - [26/Feb/2016:13:43:13 -0300] "POST /cormun/servlet/trsolicitudot?bac2467c6d92ea7ea4eca557fe430509,,gx-no-cache=1456505013384 HTTP/1.1" 200 8988
186.103.158.250 - - [26/Feb/2016:13:43:13 -0300] "POST /cormun/servlet/trsolicitudot?fa684e60245401dbed50912efe1cfaba,gx-no-cache=1456502536032,gx-no-cache=1456504953325 HTTP/1.1" 200 5166
186.103.157.235 - - [26/Feb/2016:13:43:14 -0300] "POST /cormun/servlet/solicitudot?gx-no-cache=1456505047493 HTTP/1.1" 200 1116
186.103.158.250 - - [26/Feb/2016:13:43:14 -0300] "POST /cormun/servlet/trsolicitudot?fa684e60245401dbed50912efe1cfaba,gx-no-cache=1456502536032,gx-no-cache=1456504954385 HTTP/1.1" 200 5166
192.168.10.89 - - [26/Feb/2016:13:43:15 -0300] "POST /cormun/servlet/hlogin?f4f7698cb60a320b38006e5998670818,gx-no-cache=1456504749949 HTTP/1.1" 200 90
192.168.10.89 - - [26/Feb/2016:13:43:15 -0300] "GET /cormun/servlet/hpexe_link HTTP/1.1" 200 949
192.168.10.89 - - [26/Feb/2016:13:43:15 -0300] "GET /cormun/servlet/hhome HTTP/1.1" 200 3369
186.103.158.250 - - [26/Feb/2016:13:43:16 -0300] "POST /cormun/servlet/trsolicitudot?fa684e60245401dbed50912efe1cfaba,gx-no-cache=1456502536032,gx-no-cache=1456504955778 HTTP/1.1" 200 5166
186.103.159.44 - - [26/Feb/2016:13:43:17 -0300] "POST /cormun/servlet/trsolicitudot?bac2467c6d92ea7ea4eca557fe430509,,gx-no-cache=1456505017238 HTTP/1.1" 200 8987
186.103.158.250 - - [26/Feb/2016:13:43:17 -0300] "POST /cormun/servlet/trsolicitudot?fa684e60245401dbed50912efe1cfaba,gx-no-cache=1456502536032,gx-no-cache=1456504957280 HTTP/1.1" 200 5166
186.103.158.250 - - [26/Feb/2016:13:43:19 -0300] "POST /cormun/servlet/trsolicitudot?fa684e60245401dbed50912efe1cfaba,gx-no-cache=1456502536032,gx-no-cache=1456504959010 HTTP/1.1" 200 5166
186.103.159.44 - - [26/Feb/2016:13:43:21 -0300] "POST /cormun/servlet/trsolicitudot?bac2467c6d92ea7ea4eca557fe430509,,gx-no-cache=1456505021410 HTTP/1.1" 200 8988
186.103.159.44 - - [26/Feb/2016:13:43:25 -0300] "POST /cormun/servlet/trsolicitudot?bac2467c6d92ea7ea4eca557fe430509,,gx-no-cache=1456505025849 HTTP/1.1" 200 8988
192.168.10.89 - - [26/Feb/2016:13:43:27 -0300] "GET /cormun/servlet/hlogin HTTP/1.1" 200 1726
186.103.158.250 - - [26/Feb/2016:13:43:31 -0300] "POST /cormun/servlet/trsolicitudot?fa684e60245401dbed50912efe1cfaba,gx-no-cache=1456502536032,gx-no-cache=1456504960939 HTTP/1.1" 200 4845
186.103.158.250 - - [26/Feb/2016:13:43:33 -0300] "POST /cormun/servlet/trsolicitudot?fa684e60245401dbed50912efe1cfaba,gx-no-cache=1456502536032,gx-no-cache=1456504973152 HTTP/1.1" 200 4787
186.103.158.250 - - [26/Feb/2016:13:43:35 -0300] "GET /cormun/static/Shared/jqueryui/images/ui-icons_8d78a5_256x240.png HTTP/1.1" 404 1089
186.103.158.250 - - [26/Feb/2016:13:43:35 -0300] "GET /cormun/static/Shared/jqueryui/images/ui-bg_highlight-soft_100_c6c2c8_1x100.png HTTP/1.1" 404 1117
186.103.158.250 - - [26/Feb/2016:13:43:35 -0300] "GET /cormun/static/Shared/jqueryui/images/ui-icons_82798d_256x240.png HTTP/1.1" 404 1089
186.103.158.250 - - [26/Feb/2016:13:43:35 -0300] "GET /cormun/static/Shared/jqueryui/images/ui-bg_flat_55_fafafa_40x100.png HTTP/1.1" 404 1097
192.168.10.89 - - [26/Feb/2016:13:43:38 -0300] "POST /cormun/servlet/hlogin?f4f7698cb60a320b38006e5998670818,gx-no-cache=1456504772950 HTTP/1.1" 200 90
192.168.10.89 - - [26/Feb/2016:13:43:38 -0300] "GET /cormun/servlet/hpexe_link HTTP/1.1" 200 949
192.168.10.89 - - [26/Feb/2016:13:43:38 -0300] "GET /cormun/servlet/hhome HTTP/1.1" 200 3369
186.103.158.250 - - [26/Feb/2016:13:43:39 -0300] "POST /cormun/servlet/trsolicitudot?fa684e60245401dbed50912efe1cfaba,gx-no-cache=1456502536032,gx-no-cache=1456504979149 HTTP/1.1" 200 4810
192.168.10.89 - - [26/Feb/2016:13:43:40 -0300] "GET /cormun/servlet/hlogin HTTP/1.1" 200 1726
186.103.158.250 - - [26/Feb/2016:13:43:42 -0300] "POST /cormun/servlet/trsolicitudot?fa684e60245401dbed50912efe1cfaba,gx-no-cache=1456502536032,gx-no-cache=1456504981493 HTTP/1.1" 200 4810
186.103.158.250 - - [26/Feb/2016:13:43:44 -0300] "POST /cormun/servlet/trsolicitudot?fa684e60245401dbed50912efe1cfaba,gx-no-cache=1456502536032,gx-no-cache=1456504983820 HTTP/1.1" 200 4810
186.103.158.250 - - [26/Feb/2016:13:43:46 -0300] "POST /cormun/servlet/trsolicitudot?fa684e60245401dbed50912efe1cfaba,gx-no-cache=1456502536032,gx-no-cache=1456504986425 HTTP/1.1" 200 4810
186.103.158.250 - - [26/Feb/2016:13:43:49 -0300] "POST /cormun/servlet/trsolicitudot?fa684e60245401dbed50912efe1cfaba,gx-no-cache=1456502536032,gx-no-cache=1456504989052 HTTP/1.1" 200 4810
186.103.159.44 - - [26/Feb/2016:13:43:50 -0300] "POST /cormun/servlet/trsolicitudot?bac2467c6d92ea7ea4eca557fe430509,,gx-no-cache=1456505030545 HTTP/1.1" 500 10
186.103.158.250 - - [26/Feb/2016:13:43:52 -0300] "POST /cormun/servlet/trsolicitudot?fa684e60245401dbed50912efe1cfaba,gx-no-cache=1456502536032,gx-no-cache=1456504991860 HTTP/1.1" 200 4810
186.103.158.250 - - [26/Feb/2016:13:43:55 -0300] "POST /cormun/servlet/trsolicitudot?fa684e60245401dbed50912efe1cfaba,gx-no-cache=1456502536032,gx-no-cache=1456504994891 HTTP/1.1" 200 4810
192.168.10.89 - - [26/Feb/2016:13:44:23 -0300] "POST /cormun/servlet/hlogin?f4f7698cb60a320b38006e5998670818,gx-no-cache=1456504818103 HTTP/1.1" 200 443
186.103.158.250 - - [26/Feb/2016:13:44:26 -0300] "GET /cormun/servlet/trsolicitudot? HTTP/1.1" 200 7404
186.103.158.250 - - [26/Feb/2016:13:44:26 -0300] "GET /cormun/servlet/trsolicitudot?gx-no-cache=1456502536032 HTTP/1.1" 200 7404
192.168.10.89 - - [26/Feb/2016:13:44:29 -0300] "POST /cormun/servlet/hlogin?f4f7698cb60a320b38006e5998670818,gx-no-cache=1456504824155 HTTP/1.1" 200 443
186.103.158.250 - - [26/Feb/2016:13:45:02 -0300] "GET /cormun/servlet/vesolicitudot?2016,163,,SolicitudOTAdjuntos HTTP/1.1" 200 9040
186.103.158.250 - - [26/Feb/2016:13:45:04 -0300] "GET /cormun/servlet/hlogin HTTP/1.1" 200 1761
186.103.158.250 - - [26/Feb/2016:13:45:04 -0300] "GET /cormun/servlet/vesolicitudot?2016,163,,SolicitudOTAdjuntos HTTP/1.1" 200 9036
186.67.172.234 - - [26/Feb/2016:13:45:16 -0300] "GET /cormun/servlet/solicitudot?431d08edd07ea7d616b33faa7e480c76c0e0c670232a6d06d9c7b7ddf508228013c86358096244e1f34c669f34105f08124e4473dec5fa16ad5f1de8fcdb03d4efebd0e9287a3e694e2477077e0e2fd7a5fd3613d676251cec8adad0c529ca6b193572b33e4d1099bf2b96d4910db43c932daac12ad2a9601f4cb1fa999836a46a31e9bdaaad25e40cfa8e18411e46f59255d89590c0188b6fca3b268d384d22964c0b28330f2d292c0339b6d188116a,gx-no-cache=1456505167135 HTTP/1.1" 200 30
186.103.158.250 - - [26/Feb/2016:13:45:33 -0300] "POST /cormun/servlet/hlogin?838fdc9a26517ffd0abced2bb9eb8a3b,gx-no-cache=1456505157442 HTTP/1.1" 200 90
186.103.158.250 - - [26/Feb/2016:13:45:33 -0300] "GET /cormun/servlet/hpexe_link HTTP/1.1" 200 954
186.103.156.24 - - [26/Feb/2016:13:45:33 -0300] "GET /cormun/servlet/solicitudot?ce7a9b60bef21b405fdc6c7e7f4f9fac1d10b8047f7e51a469f8bb12282fa474db5e6f7fa73b02737f6a19c13e30f1cfe92bfea29fae5746adb5b6a38aa557b7a99a664b855bfb919df7b25df3b48e69e6d46ac714a50870e16564f65dfa36ce284b0b9030402c08c6e07a807eb976e8,gx-no-cache=1456505267447 HTTP/1.1" 200 29
186.103.158.250 - - [26/Feb/2016:13:45:33 -0300] "GET /cormun/servlet/hhome HTTP/1.1" 200 3425
186.103.158.250 - - [26/Feb/2016:13:45:35 -0300] "GET /cormun/servlet/hhome HTTP/1.1" 200 3421
186.103.156.24 - - [26/Feb/2016:13:45:35 -0300] "POST /cormun/servlet/solicitudot?gx-no-cache=1456505269634 HTTP/1.1" 200 1116
186.103.158.250 - - [26/Feb/2016:13:45:43 -0300] "GET /cormun/servlet/trautorizarsolicitud? HTTP/1.1" 200 6077
186.103.158.250 - - [26/Feb/2016:13:45:43 -0300] "GET /cormun/static/gxcfg.js?2016224124647 HTTP/1.1" 200 953
186.103.158.250 - - [26/Feb/2016:13:45:44 -0300] "GET /cormun/static/trautorizarsolicitud.js?20162241246932 HTTP/1.1" 200 45302
186.103.158.250 - - [26/Feb/2016:13:45:44 -0300] "GET /cormun/static/Resources/Spanish/PXTools.css?12395978 HTTP/1.1" 200 89042
186.103.158.250 - - [26/Feb/2016:13:45:45 -0300] "GET /cormun/servlet/trautorizarsolicitud? HTTP/1.1" 200 6076
186.103.157.235 - - [26/Feb/2016:13:45:45 -0300] "GET /cormun/servlet/solicitudot?e259c36da36ad9829073a4c211d75c190c94374d36c06fd13ec361464650ebf65689320f30228eae5e2b57a57a8e6d897dd6c57b2683c4825822700bd3eb45162f4ffe8c4d96eaa9b2b8c50ae353db2d9b60697daf3c3d5909c669b99158e7abd7115f03e06e4121d392b81203ec190de6f2ba23a3f4d40fe4808ea89042b4b27fe429bba8ef283b97475a69133387501672c9c0dd45a9be1bf69307c6c08730f407ec3b3f74d04fb537207dc482036c,gx-no-cache=1456505198624 HTTP/1.1" 200 30
186.103.158.250 - - [26/Feb/2016:13:45:58 -0300] "POST /cormun/servlet/trautorizarsolicitud?838fdc9a26517ffd0abced2bb9eb8a3b,,gx-no-cache=1456505182637 HTTP/1.1" 200 4799
186.103.158.250 - - [26/Feb/2016:13:45:59 -0300] "POST /cormun/servlet/trautorizarsolicitud?838fdc9a26517ffd0abced2bb9eb8a3b,,gx-no-cache=1456505183035 HTTP/1.1" 200 4801
186.103.158.250 - - [26/Feb/2016:13:45:59 -0300] "POST /cormun/servlet/trautorizarsolicitud?838fdc9a26517ffd0abced2bb9eb8a3b,,gx-no-cache=1456505183308 HTTP/1.1" 200 4801
186.103.158.250 - - [26/Feb/2016:13:45:59 -0300] "POST /cormun/servlet/trautorizarsolicitud?838fdc9a26517ffd0abced2bb9eb8a3b,,gx-no-cache=1456505183578 HTTP/1.1" 200 4801
186.103.158.250 - - [26/Feb/2016:13:46:00 -0300] "POST /cormun/servlet/trautorizarsolicitud?838fdc9a26517ffd0abced2bb9eb8a3b,,gx-no-cache=1456505183855 HTTP/1.1" 200 4801
186.103.158.250 - - [26/Feb/2016:13:46:00 -0300] "POST /cormun/servlet/trautorizarsolicitud?838fdc9a26517ffd0abced2bb9eb8a3b,,gx-no-cache=1456505184140 HTTP/1.1" 200 4799
186.103.158.250 - - [26/Feb/2016:13:46:00 -0300] "POST /cormun/servlet/trautorizarsolicitud?838fdc9a26517ffd0abced2bb9eb8a3b,,gx-no-cache=1456505184421 HTTP/1.1" 200 4799
186.103.158.250 - - [26/Feb/2016:13:46:05 -0300] "POST /cormun/servlet/trautorizarsolicitud?838fdc9a26517ffd0abced2bb9eb8a3b,,gx-no-cache=1456505188813 HTTP/1.1" 200 3554
186.103.158.250 - - [26/Feb/2016:13:46:05 -0300] "POST /cormun/servlet/trautorizarsolicitud?838fdc9a26517ffd0abced2bb9eb8a3b,,gx-no-cache=1456505189196 HTTP/1.1" 200 3404
186.103.157.235 - - [26/Feb/2016:13:46:52 -0300] "POST /cormun/servlet/solicitudot?27023489a3eea36d83c209c0e33b26d1,INS,0,0,,gx-no-cache=1456505265215 HTTP/1.1" 200 10483
186.103.157.235 - - [26/Feb/2016:13:47:11 -0300] "POST /cormun/servlet/solicitudot?gx-no-cache=1456505284809 HTTP/1.1" 200 30
186.103.157.235 - - [26/Feb/2016:13:47:14 -0300] "POST /cormun/servlet/solicitudot?gx-no-cache=1456505287476 HTTP/1.1" 200 1154
186.103.157.235 - - [26/Feb/2016:13:47:14 -0300] "GET /cormun/servlet/solicitudot?e259c36da36ad9829073a4c211d75c1977c29bb39355c10fc1b3ca42b7d1c958c1e325d8b08e1ebf64d57af74c56e060a51ab6e518e5719a8a314962b2ba77128366956ac4576fedc97803677322d5b7af1d77d91301fe6f813bd9f3497932b5ac9ae13773f9609a2aa1cbc90cb62924c59283f5d6cd82210aca87812c73f6b232675769562223b34815e54c56f5d3fc244053553c75c0fd927a50096c6ad3e4,gx-no-cache=1456505287617 HTTP/1.1" 200 41
186.103.157.235 - - [26/Feb/2016:13:47:14 -0300] "POST /cormun/servlet/solicitudot?gx-no-cache=1456505287710 HTTP/1.1" 200 1116
186.103.157.235 - - [26/Feb/2016:13:47:14 -0300] "GET /cormun/servlet/solicitudot?e259c36da36ad9829073a4c211d75c190c94374d36c06fd13ec361464650ebf65689320f30228eae5e2b57a57a8e6d897dd6c57b2683c4825822700bd3eb45162f4ffe8c4d96eaa9b2b8c50ae353db2d9b60697daf3c3d5909c669b99158e7abd7115f03e06e4121d392b81203ec190de6f2ba23a3f4d40fe4808ea89042b4b27fe429bba8ef283b97475a69133387501672c9c0dd45a9be1bf69307c6c08730f407ec3b3f74d04fb537207dc482036c,gx-no-cache=1456505287820 HTTP/1.1" 200 30
186.103.157.235 - - [26/Feb/2016:13:47:15 -0300] "POST /cormun/servlet/solicitudot?27023489a3eea36d83c209c0e33b26d1,INS,0,0,,gx-no-cache=1456505287898 HTTP/1.1" 200 10518
186.78.37.98 - - [26/Feb/2016:13:47:17 -0300] "GET /cormun/servlet/trsolicitudot? HTTP/1.1" 200 6086
186.78.37.98 - - [26/Feb/2016:13:47:18 -0300] "GET /cormun/servlet/trsolicitudot? HTTP/1.1" 200 6085
186.78.37.98 - - [26/Feb/2016:13:47:20 -0300] "GET /cormun/servlet/solicitudot?INS,0,0, HTTP/1.1" 200 12002
186.78.37.98 - - [26/Feb/2016:13:47:21 -0300] "GET /cormun/servlet/solicitudot?INS,0,0, HTTP/1.1" 200 12007
186.103.157.235 - - [26/Feb/2016:13:47:34 -0300] "POST /cormun/servlet/solicitudot?gx-no-cache=1456505307661 HTTP/1.1" 200 30
186.103.157.235 - - [26/Feb/2016:13:47:46 -0300] "GET /cormun/static/Resources/resize.gif HTTP/1.1" 200 77
186.103.157.235 - - [26/Feb/2016:13:47:47 -0300] "GET /cormun/servlet/prfichaempleado?,MD,,gxPopupLevel%3D0%3B HTTP/1.1" 200 7878
186.103.157.235 - - [26/Feb/2016:13:47:47 -0300] "GET /cormun/static/gxui/gxui-all.css?1917420 HTTP/1.1" 200 2179
186.103.157.235 - - [26/Feb/2016:13:47:47 -0300] "GET /cormun/static/scaMessage/css/jquery-ui.css?104140 HTTP/1.1" 404 1045
186.103.157.235 - - [26/Feb/2016:13:47:47 -0300] "GET /cormun/static/gxcfg.js?201511151625694 HTTP/1.1" 200 953
186.103.157.235 - - [26/Feb/2016:13:47:47 -0300] "GET /cormun/static/Resources/Spanish/PXTools.css?16184758 HTTP/1.1" 200 89042
186.103.157.235 - - [26/Feb/2016:13:47:49 -0300] "GET /cormun/static/Resources/PXToolsMenuSearch.png HTTP/1.1" 200 2914
186.103.157.235 - - [26/Feb/2016:13:47:49 -0300] "GET /cormun/static/Resources/PXToolsMenuSearchCancel.png HTTP/1.1" 200 2972
186.103.157.235 - - [26/Feb/2016:13:47:49 -0300] "GET /cormun/static/prfichaempleado.js?201511151625857 HTTP/1.1" 200 14240
186.103.157.235 - - [26/Feb/2016:13:47:49 -0300] "GET /cormun/static/menusearch.js?201622412404863 HTTP/1.1" 200 1424
186.103.157.235 - - [26/Feb/2016:13:47:49 -0300] "GET /cormun/static/Shared/jqueryui/jquery-ui.min-1.8.js HTTP/1.1" 200 213511
186.103.157.235 - - [26/Feb/2016:13:47:49 -0300] "GET /cormun/static/hmpwkw01.js?201511211495945 HTTP/1.1" 200 2037
186.78.37.98 - - [26/Feb/2016:13:47:50 -0300] "POST /cormun/servlet/solicitudot?gx-no-cache=1456505298037 HTTP/1.1" 200 2669
186.78.37.98 - - [26/Feb/2016:13:47:50 -0300] "POST /cormun/servlet/solicitudot?c625cffd78fbb7880c1338272d509c46,INS,0,0,,gx-no-cache=1456505298838 HTTP/1.1" 200 9391
186.78.37.98 - - [26/Feb/2016:13:47:51 -0300] "GET /cormun/servlet/solicitudot?b93d9c96e6dc7b8ad5f0181edf590c2e5e798bc0900f94c7d6f5ecdd19757cde1faaeb51e4063519fd421fd2458cb401,gx-no-cache=1456505299262 HTTP/1.1" 200 111
186.78.37.98 - - [26/Feb/2016:13:47:51 -0300] "GET /cormun/static/Shared/jqueryui/images/ui-bg_highlight-soft_100_c6c2c8_1x100.png HTTP/1.1" 404 1117
186.78.37.98 - - [26/Feb/2016:13:47:51 -0300] "GET /cormun/static/Shared/jqueryui/images/ui-icons_82798d_256x240.png HTTP/1.1" 404 1089
186.78.37.98 - - [26/Feb/2016:13:47:51 -0300] "GET /cormun/static/Shared/jqueryui/images/ui-bg_flat_55_994d53_40x100.png HTTP/1.1" 404 1097
186.78.37.98 - - [26/Feb/2016:13:47:51 -0300] "GET /cormun/static/Shared/jqueryui/images/ui-icons_ebccce_256x240.png HTTP/1.1" 404 1089
192.168.10.98 - - [26/Feb/2016:13:47:55 -0300] "POST /cormun/servlet/hlogin?e9778a4dd656c33023613e12257c7516,gx-no-cache=1456505030981 HTTP/1.1" 440 972
186.78.37.98 - - [26/Feb/2016:13:47:56 -0300] "GET /cormun/servlet/solicitudot?b93d9c96e6dc7b8ad5f0181edf590c2e421710ebda55e0f514154daa328537f5c8e37736073bf6489f6804c6d9267fd5,gx-no-cache=1456505304483 HTTP/1.1" 200 30
186.103.156.24 - - [26/Feb/2016:13:47:59 -0300] "GET /cormun/static/menuarrow.gif HTTP/1.1" 404 1015
192.168.10.98 - - [26/Feb/2016:13:47:59 -0300] "GET /cormun/servlet/hlogin HTTP/1.1" 200 1731
186.103.157.235 - - [26/Feb/2016:13:48:03 -0300] "POST /cormun/servlet/prfichaempleado?27023489a3eea36d83c209c0e33b26d1,,MD,,gxPopupLevel%3D0%3B,gx-no-cache=1456505336553 HTTP/1.1" 200 5060
186.103.157.235 - - [26/Feb/2016:13:48:06 -0300] "POST /cormun/servlet/prfichaempleado?27023489a3eea36d83c209c0e33b26d1,,MD,,gxPopupLevel%3D0%3B,gx-no-cache=1456505339189 HTTP/1.1" 200 5153
186.103.157.235 - - [26/Feb/2016:13:48:08 -0300] "POST /cormun/servlet/prfichaempleado?27023489a3eea36d83c209c0e33b26d1,,MD,,gxPopupLevel%3D0%3B,gx-no-cache=1456505340968 HTTP/1.1" 200 5096
186.103.157.235 - - [26/Feb/2016:13:48:10 -0300] "POST /cormun/servlet/prfichaempleado?27023489a3eea36d83c209c0e33b26d1,,MD,,gxPopupLevel%3D0%3B,gx-no-cache=1456505342949 HTTP/1.1" 200 5095
192.168.10.98 - - [26/Feb/2016:13:48:10 -0300] "POST /cormun/servlet/hlogin?0680554b5aef9c46075b707691845105,gx-no-cache=1456505045847 HTTP/1.1" 200 90
192.168.10.98 - - [26/Feb/2016:13:48:10 -0300] "GET /cormun/servlet/hpexe_link HTTP/1.1" 200 954
192.168.10.98 - - [26/Feb/2016:13:48:10 -0300] "GET /cormun/static/gxcfg.js?20151120044395 HTTP/1.1" 200 953
192.168.10.98 - - [26/Feb/2016:13:48:10 -0300] "GET /cormun/static/hpexe_link.js?20151120044398 HTTP/1.1" 200 625
192.168.10.98 - - [26/Feb/2016:13:48:10 -0300] "GET /cormun/servlet/hhome HTTP/1.1" 200 3762
192.168.10.98 - - [26/Feb/2016:13:48:10 -0300] "GET /cormun/static/SmoothNavMenu/resources/ddsmoothmenu-v.css?1112540 HTTP/1.1" 200 1188
192.168.10.98 - - [26/Feb/2016:13:48:10 -0300] "GET /cormun/static/Shared/jqueryui/jquery-ui.min.css?1345370 HTTP/1.1" 200 30288
192.168.10.98 - - [26/Feb/2016:13:48:10 -0300] "GET /cormun/static/SmoothNavMenu/resources/ddsmoothmenu.css?1112540 HTTP/1.1" 200 2223
192.168.10.98 - - [26/Feb/2016:13:48:10 -0300] "GET /cormun/static/scaMessage/css/jquery.pnotify.default.css?1816380 HTTP/1.1" 200 1707
192.168.10.98 - - [26/Feb/2016:13:48:10 -0300] "GET /cormun/static/Resources/Spanish/PXTools.css?10515224 HTTP/1.1" 200 89042
192.168.10.98 - - [26/Feb/2016:13:48:10 -0300] "GET /cormun/static/gxcfg.js?2015112210564248 HTTP/1.1" 200 953
192.168.10.98 - - [26/Feb/2016:13:48:10 -0300] "GET /cormun/static/PXToolsJavascripts/pexe_cookies.js HTTP/1.1" 200 792
192.168.10.98 - - [26/Feb/2016:13:48:10 -0300] "GET /cormun/static/PXToolsJavascripts/pexe_windows.js HTTP/1.1" 200 15207
192.168.10.98 - - [26/Feb/2016:13:48:10 -0300] "GET /cormun/static/PXToolsJavascripts/pexe_grid.js HTTP/1.1" 200 7559
192.168.10.98 - - [26/Feb/2016:13:48:10 -0300] "GET /cormun/static/PXToolsJavascripts/pexe_autoreload.js HTTP/1.1" 200 1762
192.168.10.98 - - [26/Feb/2016:13:48:10 -0300] "GET /cormun/static/PXToolsJavascripts/pexe_link.js HTTP/1.1" 200 5671
192.168.10.98 - - [26/Feb/2016:13:48:10 -0300] "GET /cormun/static/PXToolsJavascripts/pexe_menudivfix.js HTTP/1.1" 200 333
192.168.10.98 - - [26/Feb/2016:13:48:10 -0300] "GET /cormun/static/PXToolsJavascripts/pexe_menus.js HTTP/1.1" 200 1286
192.168.10.98 - - [26/Feb/2016:13:48:10 -0300] "GET /cormun/static/PXToolsJavascripts/pexe_layers.js HTTP/1.1" 200 4114
192.168.10.98 - - [26/Feb/2016:13:48:10 -0300] "GET /cormun/static/PXToolsJavascripts/pexe_oav.js HTTP/1.1" 200 645
192.168.10.98 - - [26/Feb/2016:13:48:10 -0300] "GET /cormun/static/PXToolsJavascripts/pexe_oavdivfix.js HTTP/1.1" 200 639
192.168.10.98 - - [26/Feb/2016:13:48:10 -0300] "GET /cormun/static/PXToolsJavascripts/pexe_picture.js HTTP/1.1" 200 689
192.168.10.98 - - [26/Feb/2016:13:48:10 -0300] "GET /cormun/static/PXToolsJavascripts/pexe_scrolldiv.js HTTP/1.1" 200 4138
192.168.10.98 - - [26/Feb/2016:13:48:10 -0300] "GET /cormun/static/PXToolsJavascripts/pexe_tabdivfix.js HTTP/1.1" 200 876
192.168.10.98 - - [26/Feb/2016:13:48:10 -0300] "GET /cormun/static/PXToolsJavascripts/pexe_tabs.js HTTP/1.1" 200 3748
192.168.10.98 - - [26/Feb/2016:13:48:10 -0300] "GET /cormun/static/PXToolsJavascripts/pexe_popup.js HTTP/1.1" 200 13458
192.168.10.98 - - [26/Feb/2016:13:48:10 -0300] "GET /cormun/static/PXToolsJavascripts/pexe_upload.js HTTP/1.1" 200 1423
192.168.10.98 - - [26/Feb/2016:13:48:10 -0300] "GET /cormun/static/PXToolsJavascripts/PXToolsJavascriptsRender.js HTTP/1.1" 200 367
192.168.10.98 - - [26/Feb/2016:13:48:10 -0300] "GET /cormun/static/Resources/logo4.png HTTP/1.1" 200 6582
192.168.10.98 - - [26/Feb/2016:13:48:10 -0300] "GET /cormun/static/Resources/PXToolsHeaderActionsLeft.png HTTP/1.1" 200 1118
192.168.10.98 - - [26/Feb/2016:13:48:10 -0300] "GET /cormun/static/Resources/PXToolsHeaderHome.png HTTP/1.1" 200 4147
192.168.10.98 - - [26/Feb/2016:13:48:10 -0300] "GET /cormun/static/Resources/PXToolsHeaderSecurity.png HTTP/1.1" 200 4166
192.168.10.98 - - [26/Feb/2016:13:48:10 -0300] "GET /cormun/static/Resources/PXToolsHeaderPreferences.png HTTP/1.1" 200 4189
192.168.10.98 - - [26/Feb/2016:13:48:11 -0300] "GET /cormun/static/Resources/PXToolsHeaderActionsRight.png HTTP/1.1" 200 1201
192.168.10.98 - - [26/Feb/2016:13:48:11 -0300] "GET /cormun/static/RunJS/RunJS.js HTTP/1.1" 200 288
192.168.10.98 - - [26/Feb/2016:13:48:11 -0300] "GET /cormun/static/hhome.js?2015112210564255 HTTP/1.1" 200 777
192.168.10.98 - - [26/Feb/2016:13:48:11 -0300] "GET /cormun/static/hwchdr01.js?20162241650484 HTTP/1.1" 200 1002
192.168.10.98 - - [26/Feb/2016:13:48:11 -0300] "GET /cormun/static/Resources/PXToolsHeaderLogin.png HTTP/1.1" 200 4279
192.168.10.98 - - [26/Feb/2016:13:48:11 -0300] "GET /cormun/static/Shared/ext/locale/ext-lang-en.js HTTP/1.1" 200 10940
192.168.10.98 - - [26/Feb/2016:13:48:11 -0300] "GET /cormun/static/PXToolsJavascripts/pexe_griddivfix.js HTTP/1.1" 200 6644
192.168.10.98 - - [26/Feb/2016:13:48:11 -0300] "GET /cormun/static/hpexe_recentlink.js?2015111312121342 HTTP/1.1" 200 2144
192.168.10.98 - - [26/Feb/2016:13:48:11 -0300] "GET /cormun/static/gxui/gxui-all.js HTTP/1.1" 200 107772
192.168.10.98 - - [26/Feb/2016:13:48:11 -0300] "GET /cormun/static/hpexe_messagecontroller.js?2015112210524422 HTTP/1.1" 200 870
192.168.10.98 - - [26/Feb/2016:13:48:11 -0300] "GET /cormun/static/hpexe_messagepopupcomponent.js?201622412404545 HTTP/1.1" 200 605
192.168.10.98 - - [26/Feb/2016:13:48:11 -0300] "GET /cormun/static/hpexe_scripts.js?20151120014546 HTTP/1.1" 200 1544
192.168.10.98 - - [26/Feb/2016:13:48:11 -0300] "GET /cormun/static/cmcontrolpreferences.js?20151120014525 HTTP/1.1" 200 1375
192.168.10.98 - - [26/Feb/2016:13:48:11 -0300] "GET /cormun/static/Shared/jqueryui/jquery-ui.min.js HTTP/1.1" 200 240427
192.168.10.98 - - [26/Feb/2016:13:48:11 -0300] "GET /cormun/static/Shared/ext/ext-all.js HTTP/1.1" 200 1289687
192.168.10.98 - - [26/Feb/2016:13:48:11 -0300] "GET /cormun/static/SmoothNavMenu/resources/ddsmoothmenu.js HTTP/1.1" 200 12712
192.168.10.98 - - [26/Feb/2016:13:48:11 -0300] "GET /cormun/static/SmoothNavMenu/resources/SmoothNavMenuRender.js HTTP/1.1" 200 5951
192.168.10.98 - - [26/Feb/2016:13:48:11 -0300] "GET /cormun/static/hpexe_messagegenexuscomponent.js?20151120014314 HTTP/1.1" 200 587
192.168.10.98 - - [26/Feb/2016:13:48:11 -0300] "GET /cormun/static/scaMessage/js/jquery.pnotify.min.js HTTP/1.1" 200 13038
192.168.10.98 - - [26/Feb/2016:13:48:11 -0300] "GET /cormun/static/Shared/jquery/jquery-1.4.2.min.js HTTP/1.1" 200 72174
192.168.10.98 - - [26/Feb/2016:13:48:11 -0300] "GET /cormun/static/scaMessage/scaMessageRender.js HTTP/1.1" 200 11977
192.168.10.98 - - [26/Feb/2016:13:48:11 -0300] "GET /cormun/static/hmpwkw03.js?201622421393366 HTTP/1.1" 200 3845
192.168.10.98 - - [26/Feb/2016:13:48:11 -0300] "GET /cormun/static/Shared/jquery/jquery-1.10.2.min.js HTTP/1.1" 200 273199
192.168.10.98 - - [26/Feb/2016:13:48:11 -0300] "GET /cormun/static/Resources/PXToolsHeaderActionsBackground.png HTTP/1.1" 200 484
192.168.10.98 - - [26/Feb/2016:13:48:11 -0300] "GET /cormun/static/Resources/PXToolsDataTitle.png HTTP/1.1" 200 1173
192.168.10.98 - - [26/Feb/2016:13:48:11 -0300] "GET /cormun/static/Resources/PXToolsFooterBackground2.png HTTP/1.1" 200 1172
192.168.10.98 - - [26/Feb/2016:13:48:11 -0300] "GET /cormun/static/Resources/PXToolsHeaderBackground2.png HTTP/1.1" 200 1174
192.168.10.98 - - [26/Feb/2016:13:48:11 -0300] "GET /cormun/static/SmoothNavMenu/resources/images/down.gif HTTP/1.1" 200 854
192.168.10.98 - - [26/Feb/2016:13:48:11 -0300] "GET /cormun/static/SmoothNavMenu/resources/images/right.gif HTTP/1.1" 200 860
186.103.157.235 - - [26/Feb/2016:13:48:12 -0300] "POST /cormun/servlet/prfichaempleado?27023489a3eea36d83c209c0e33b26d1,,MD,,gxPopupLevel%3D0%3B,gx-no-cache=1456505345180 HTTP/1.1" 200 5087
186.103.157.235 - - [26/Feb/2016:13:48:15 -0300] "POST /cormun/servlet/prfichaempleado?27023489a3eea36d83c209c0e33b26d1,,MD,,gxPopupLevel%3D0%3B,gx-no-cache=1456505347660 HTTP/1.1" 200 5104
186.103.156.24 - - [26/Feb/2016:13:48:15 -0300] "GET /cormun/servlet/solicitudot?ce7a9b60bef21b405fdc6c7e7f4f9facb68b3c0eba46987d89c8487df192d373e80ffae785dcdc3c0e82d1e2dfc09ead42947cdd4b3dfb27a75138784077c0b448cf20e6b389f3656e40baf9f61613882aa6a7a688369298ca34fe27e9af44f40a9a775a210a50267fb120fb27165d0dcb521c09e051def4b9b722f6e0cbfb8cd00b8cb123b2f632d503a82beeb00da56987e9f9e6924faf3e1f5dd778703f4ee9c048b5e5dc235505dc8932fe621cd1,gx-no-cache=1456505450692 HTTP/1.1" 200 30
186.103.157.235 - - [26/Feb/2016:13:48:17 -0300] "POST /cormun/servlet/prfichaempleado?27023489a3eea36d83c209c0e33b26d1,,MD,,gxPopupLevel%3D0%3B,gx-no-cache=1456505350359 HTTP/1.1" 200 5103
186.103.157.235 - - [26/Feb/2016:13:48:20 -0300] "POST /cormun/servlet/prfichaempleado?27023489a3eea36d83c209c0e33b26d1,,MD,,gxPopupLevel%3D0%3B,gx-no-cache=1456505353370 HTTP/1.1" 200 5165
186.103.157.235 - - [26/Feb/2016:13:48:25 -0300] "POST /cormun/servlet/prfichaempleado?27023489a3eea36d83c209c0e33b26d1,,MD,,gxPopupLevel%3D0%3B,gx-no-cache=1456505358518 HTTP/1.1" 200 5082
186.103.157.235 - - [26/Feb/2016:13:48:27 -0300] "POST /cormun/servlet/prfichaempleado?27023489a3eea36d83c209c0e33b26d1,,MD,,gxPopupLevel%3D0%3B,gx-no-cache=1456505359703 HTTP/1.1" 200 5037
186.103.157.235 - - [26/Feb/2016:13:48:32 -0300] "POST /cormun/servlet/prfichaempleado?27023489a3eea36d83c209c0e33b26d1,,MD,,gxPopupLevel%3D0%3B,gx-no-cache=1456505365117 HTTP/1.1" 200 5125
186.103.156.24 - - [26/Feb/2016:13:48:34 -0300] "POST /cormun/servlet/solicitudot?ff279fb7925b38f0833832256426fa6a,INS,0,0,,gx-no-cache=1456505472019 HTTP/1.1" 200 93
186.103.156.24 - - [26/Feb/2016:13:48:35 -0300] "GET /cormun/servlet/hpexe_return? HTTP/1.1" 200 999
186.103.156.24 - - [26/Feb/2016:13:48:36 -0300] "GET /cormun/servlet/trsolicitudot HTTP/1.1" 200 6102
186.103.156.24 - - [26/Feb/2016:13:48:37 -0300] "GET /cormun/servlet/trsolicitudot HTTP/1.1" 200 6098
186.103.157.235 - - [26/Feb/2016:13:48:38 -0300] "POST /cormun/servlet/prfichaempleado?27023489a3eea36d83c209c0e33b26d1,,MD,,gxPopupLevel%3D0%3B,gx-no-cache=1456505371028 HTTP/1.1" 200 5053
186.103.156.24 - - [26/Feb/2016:13:48:39 -0300] "POST /cormun/servlet/trsolicitudot?ff279fb7925b38f0833832256426fa6a,gx-no-cache=1456505477413 HTTP/1.1" 200 3458
192.168.10.98 - - [26/Feb/2016:13:48:44 -0300] "GET /cormun/servlet/trsystemparameterspreferences? HTTP/1.1" 200 7279
192.168.10.98 - - [26/Feb/2016:13:48:44 -0300] "GET /cormun/static/gxui/gxui-all.css?120300 HTTP/1.1" 200 2179
192.168.10.98 - - [26/Feb/2016:13:48:44 -0300] "GET /cormun/static/Resources/Spanish/PXTools.css?17554516 HTTP/1.1" 200 89042
192.168.10.98 - - [26/Feb/2016:13:48:44 -0300] "GET /cormun/static/gxcfg.js?2016231205287 HTTP/1.1" 200 953
192.168.10.98 - - [26/Feb/2016:13:48:44 -0300] "GET /cormun/static/Shared/ext/resources/css/ext-all.css?215870 HTTP/1.1" 200 416045
192.168.10.98 - - [26/Feb/2016:13:48:44 -0300] "GET /cormun/static/Resources/PXToolsGridNext.gif HTTP/1.1" 200 369
192.168.10.98 - - [26/Feb/2016:13:48:44 -0300] "GET /cormun/static/Resources/PXToolsDataSearch.png HTTP/1.1" 200 419
192.168.10.98 - - [26/Feb/2016:13:48:44 -0300] "GET /cormun/static/Resources/PXToolsGridPrevious.gif HTTP/1.1" 200 369
192.168.10.98 - - [26/Feb/2016:13:48:44 -0300] "GET /cormun/static/Resources/PXToolsGridLast.gif HTTP/1.1" 200 370
192.168.10.98 - - [26/Feb/2016:13:48:44 -0300] "GET /cormun/static/Resources/PXToolsGridFirst.gif HTTP/1.1" 200 379
192.168.10.98 - - [26/Feb/2016:13:48:44 -0300] "GET /cormun/static/trsystemparameterspreferences.js?2016231205541 HTTP/1.1" 200 16155
192.168.10.98 - - [26/Feb/2016:13:48:44 -0300] "GET /cormun/static/Resources/asc.gif HTTP/1.1" 200 67
192.168.10.98 - - [26/Feb/2016:13:48:44 -0300] "GET /cormun/static/Resources/desc.gif HTTP/1.1" 200 65
192.168.10.98 - - [26/Feb/2016:13:48:44 -0300] "GET /cormun//static/Resources/PXToolsGridUpdate.png HTTP/1.1" 200 2984
186.103.157.235 - - [26/Feb/2016:13:48:44 -0300] "POST /cormun/servlet/prfichaempleado?27023489a3eea36d83c209c0e33b26d1,,MD,,gxPopupLevel%3D0%3B,gx-no-cache=1456505377346 HTTP/1.1" 200 5123
192.168.10.98 - - [26/Feb/2016:13:48:44 -0300] "GET /cormun/static/Shared/ext/resources/themes/images/default/tools/tool-sprites.gif HTTP/1.1" 200 5434
192.168.10.98 - - [26/Feb/2016:13:48:44 -0300] "GET /cormun/static/Shared/ext/resources/themes/images/default/panel/bg-headersPanel.png HTTP/1.1" 200 255
192.168.10.98 - - [26/Feb/2016:13:48:53 -0300] "GET /cormun/servlet/hhome HTTP/1.1" 200 3762
192.168.10.98 - - [26/Feb/2016:13:48:57 -0300] "GET /cormun/servlet/trsystemobject01? HTTP/1.1" 200 6138
192.168.10.98 - - [26/Feb/2016:13:48:57 -0300] "GET /cormun/static/gxui/gxui-all.css?1917420 HTTP/1.1" 200 2179
192.168.10.98 - - [26/Feb/2016:13:48:57 -0300] "GET /cormun/static/gxcfg.js?201511211975591 HTTP/1.1" 200 953
192.168.10.98 - - [26/Feb/2016:13:48:57 -0300] "GET /cormun/static/Resources/Spanish/PXTools.css?1915039 HTTP/1.1" 200 89042
192.168.10.98 - - [26/Feb/2016:13:48:57 -0300] "GET /cormun/static/Resources/PXToolsGridNew.png HTTP/1.1" 200 2949
192.168.10.98 - - [26/Feb/2016:13:48:57 -0300] "GET /cormun/static/trsystemobject01.js?201511211975772 HTTP/1.1" 200 13240
192.168.10.98 - - [26/Feb/2016:13:48:58 -0300] "GET /cormun//static/Resources/PXToolsGridDelete.png HTTP/1.1" 200 357
186.103.157.235 - - [26/Feb/2016:13:49:00 -0300] "GET /cormun/servlet/prfichaempleado?abc929566490917294c3c51a1a9890fcd16296f17c8848d4293a64e2c81de6646c511d59d70e8de25c65cc9a5eb02a15e9a8d57de3ff5cae13ee11c71ebfd783,gx-no-cache=1456505393648 HTTP/1.1" 200 463
186.103.157.235 - - [26/Feb/2016:13:49:02 -0300] "GET /cormun/servlet/prfichaempleado?abc929566490917294c3c51a1a9890fc0a499c57a74f15d6fac6664f4eff61bce33c3b024f42aaf7aaa7624306389f08b225cc0acd992a80c74d09cf388fe71a7df5725c0bb13b97b57369614c8aa403,gx-no-cache=1456505395895 HTTP/1.1" 200 462
186.103.157.235 - - [26/Feb/2016:13:49:07 -0300] "GET /cormun/servlet/prfichaempleado?abc929566490917294c3c51a1a9890fc0a499c57a74f15d6fac6664f4eff61bc625d61e4fc31e45bc4913ad9f8e61bb1d34a0072506cc624997af6a5be30a380e99decb35fa9ecb265920267bce1e47b,gx-no-cache=1456505400777 HTTP/1.1" 200 475
186.103.157.235 - - [26/Feb/2016:13:49:09 -0300] "GET /cormun/servlet/prfichaempleado?abc929566490917294c3c51a1a9890fc0a499c57a74f15d6fac6664f4eff61bc64f59efcf5930cb3cc65c85977c3497de70100a5ecb4301d2ac8296825f43cdda9c21fac70e5f29da6b10945035f4013,gx-no-cache=1456505402525 HTTP/1.1" 200 479
186.103.157.235 - - [26/Feb/2016:13:49:12 -0300] "POST /cormun/servlet/prfichaempleado?27023489a3eea36d83c209c0e33b26d1,,MD,,gxPopupLevel%3D0%3B,gx-no-cache=1456505404974 HTTP/1.1" 200 2614
192.168.10.98 - - [26/Feb/2016:13:49:12 -0300] "GET /cormun/servlet/hhome HTTP/1.1" 200 3762
192.168.10.98 - - [26/Feb/2016:13:49:15 -0300] "GET /cormun/servlet/trsolicitudot? HTTP/1.1" 200 6473
192.168.10.98 - - [26/Feb/2016:13:49:15 -0300] "GET /cormun/static/gxcfg.js?20161623482752 HTTP/1.1" 200 953
192.168.10.98 - - [26/Feb/2016:13:49:15 -0300] "GET /cormun/static/calendar-system.css?85620 HTTP/1.1" 200 5572
192.168.10.98 - - [26/Feb/2016:13:49:15 -0300] "GET /cormun/static/calendar-es.js?85251 HTTP/1.1" 200 1901
192.168.10.98 - - [26/Feb/2016:13:49:15 -0300] "GET /cormun/static/calendar.js?85251 HTTP/1.1" 200 26246
192.168.10.98 - - [26/Feb/2016:13:49:15 -0300] "GET /cormun/static/calendar-setup.js?85251 HTTP/1.1" 200 2588
192.168.10.98 - - [26/Feb/2016:13:49:16 -0300] "GET /cormun/static/Resources/PXTools/calendar.png HTTP/1.1" 200 1306
192.168.10.98 - - [26/Feb/2016:13:49:16 -0300] "GET /cormun/static/Resources/PXToolsActionExcel.png HTTP/1.1" 200 3187
192.168.10.98 - - [26/Feb/2016:13:49:16 -0300] "GET /cormun/static/trsolicitudot.js?20161623483284 HTTP/1.1" 200 45324
192.168.10.98 - - [26/Feb/2016:13:49:16 -0300] "GET /cormun/static/gxdec.js?85251 HTTP/1.1" 200 19579
192.168.10.98 - - [26/Feb/2016:13:49:20 -0300] "GET /cormun/servlet/hhome HTTP/1.1" 200 3762
186.103.157.235 - - [26/Feb/2016:13:49:22 -0300] "POST /cormun/servlet/prfichaempleado?27023489a3eea36d83c209c0e33b26d1,,MD,,gxPopupLevel%3D0%3B,gx-no-cache=1456505415410 HTTP/1.1" 200 2786
186.103.156.24 - - [26/Feb/2016:13:49:26 -0300] "GET /cormun/servlet/trsolicitudot?adfa36fd353ed4c006ce2af81957c3c5854d729ddad57d99772644b6a9496dbbbff18bf76c2636b8ce4b68cc87e87edf434d50d4cbd78143c7338dd6fc2f32c80f5f364fd2de702086402886771f5d61e8998b64b22566dcde39dcdbd069a604,gx-no-cache=1456505529730 HTTP/1.1" 200 720
186.103.156.24 - - [26/Feb/2016:13:49:26 -0300] "POST /cormun/servlet/trsolicitudot?ff279fb7925b38f0833832256426fa6a,gx-no-cache=1456505529910 HTTP/1.1" 200 3458
186.103.156.24 - - [26/Feb/2016:13:49:32 -0300] "GET /cormun/servlet/solicitudot?INS,0,0, HTTP/1.1" 200 12031
186.103.156.24 - - [26/Feb/2016:13:49:33 -0300] "GET /cormun/servlet/solicitudot?INS,0,0, HTTP/1.1" 200 12036
186.78.37.98 - - [26/Feb/2016:13:49:42 -0300] "POST /cormun/servlet/solicitudot?gx-no-cache=1456505408646 HTTP/1.1" 200 120
186.78.37.98 - - [26/Feb/2016:13:49:45 -0300] "POST /cormun/servlet/solicitudot?gx-no-cache=1456505412952 HTTP/1.1" 200 30
186.103.156.24 - - [26/Feb/2016:13:49:45 -0300] "POST /cormun/servlet/solicitudot?gx-no-cache=1456505551094 HTTP/1.1" 200 2769
186.103.156.24 - - [26/Feb/2016:13:49:45 -0300] "POST /cormun/servlet/solicitudot?ff279fb7925b38f0833832256426fa6a,INS,0,0,,gx-no-cache=1456505551232 HTTP/1.1" 200 9551
186.103.157.235 - - [26/Feb/2016:13:49:46 -0300] "POST /cormun/servlet/solicitudot?gx-no-cache=1456505439625 HTTP/1.1" 200 1260
186.103.156.24 - - [26/Feb/2016:13:49:53 -0300] "GET /cormun/servlet/solicitudot?ce7a9b60bef21b405fdc6c7e7f4f9facb211d867c07e0fe5cb420ed8b571fc295a5d225f7307a0b145990d042e5b0b8b,gx-no-cache=1456505559915 HTTP/1.1" 200 30
186.103.156.24 - - [26/Feb/2016:13:49:53 -0300] "POST /cormun/servlet/solicitudot?gx-no-cache=1456505560009 HTTP/1.1" 200 30
186.103.156.24 - - [26/Feb/2016:13:49:53 -0300] "POST /cormun/servlet/solicitudot?gx-no-cache=1456505560074 HTTP/1.1" 200 33
186.103.156.24 - - [26/Feb/2016:13:49:53 -0300] "POST /cormun/servlet/solicitudot?gx-no-cache=1456505560139 HTTP/1.1" 200 1159
186.103.156.24 - - [26/Feb/2016:13:49:53 -0300] "GET /cormun/servlet/solicitudot?ce7a9b60bef21b405fdc6c7e7f4f9facd70e307a4a9c7ef17a50f2f4576dc3e9d632c022c8cfd969d69299f01a392748403ad0209ebccac0bdb0046be6e552fa5defe6a0ef2618c7903ecce1743b38c718ed2b54ff35630806115b03b1ddbe8fb6eefc4636083a55fb4b7dfc909c720c7d0b9db183c3a1335fddaa0255e518e9fea45307d4de3a13cce652fcb6997962,gx-no-cache=1456505560230 HTTP/1.1" 200 38
186.103.157.235 - - [26/Feb/2016:13:49:55 -0300] "GET /cormun/servlet/prlicenciaspermisos?16726919,L,,MD,,gxPopupLevel%3D0%3B HTTP/1.1" 200 5298
186.103.157.235 - - [26/Feb/2016:13:49:55 -0300] "GET /cormun/static/gxcfg.js?201616231591 HTTP/1.1" 200 953
186.103.157.235 - - [26/Feb/2016:13:49:56 -0300] "GET /cormun/static/prlicenciaspermisos.js?201616231727 HTTP/1.1" 200 12559
186.103.157.235 - - [26/Feb/2016:13:49:56 -0300] "GET /cormun/static/hmpwkw011.js?2016141804389 HTTP/1.1" 200 1968
186.103.157.235 - - [26/Feb/2016:13:49:58 -0300] "POST /cormun/servlet/acontrolpreferencessavestate?None,MANTILLANCA,true HTTP/1.1" 200 35
186.103.156.24 - - [26/Feb/2016:13:50:02 -0300] "GET /cormun/servlet/solicitudot?ce7a9b60bef21b405fdc6c7e7f4f9fac1d10b8047f7e51a469f8bb12282fa474db5e6f7fa73b02737f6a19c13e30f1cfb3bff07e3ad4725da91a234a9c94ebe86a66175838ea0f985f25343cac736b0c642c443adf0a55267389b7d1cb17f8887c8bd14c0aa20016ba47813eda822c5555cdb44178726977abd5837682b3e576b29e8d9f1e9925718d31ca263cf1da460f99ac8f7d790fdcb2b65473d84d20c470be0b97bdaa3b4abd78137b8bb30ed51ac3a3e294ce01806cf6e8c4828f4c0038a343df53df710cccc365c9548b3f5b,gx-no-cache=1456505569814 HTTP/1.1" 200 29
186.103.156.24 - - [26/Feb/2016:13:50:02 -0300] "POST /cormun/servlet/solicitudot?gx-no-cache=1456505569846 HTTP/1.1" 200 1116
186.103.156.24 - - [26/Feb/2016:13:50:02 -0300] "GET /cormun/static/menuarrow.gif HTTP/1.1" 404 1015
192.168.10.98 - - [26/Feb/2016:13:50:07 -0300] "GET /cormun/servlet/trsecurityrole? HTTP/1.1" 200 8606
192.168.10.98 - - [26/Feb/2016:13:50:07 -0300] "GET /cormun/static/gxcfg.js?201622411592932 HTTP/1.1" 200 953
192.168.10.98 - - [26/Feb/2016:13:50:07 -0300] "GET /cormun/static/trsecurityrole.js?201622411593186 HTTP/1.1" 200 15362
192.168.10.98 - - [26/Feb/2016:13:50:07 -0300] "GET /cormun//static/Resources/PXToolsHeaderPreferences.png HTTP/1.1" 200 4189
192.168.10.98 - - [26/Feb/2016:13:50:07 -0300] "GET /cormun//static/Resources/PXToolsGridDisplay.png HTTP/1.1" 200 362
186.78.37.98 - - [26/Feb/2016:13:50:12 -0300] "POST /cormun/servlet/solicitudot?gx-no-cache=1456505436770 HTTP/1.1" 200 30
186.103.156.24 - - [26/Feb/2016:13:50:15 -0300] "GET /cormun/servlet/solicitudot?ce7a9b60bef21b405fdc6c7e7f4f9facc5dd0b99844a8fd18959392fb94ac202eca6745ca27c89845112797e7c1aaa4042947cdd4b3dfb27a75138784077c0b448cf20e6b389f3656e40baf9f61613882aa6a7a688369298ca34fe27e9af44f40a9a775a210a50267fb120fb27165d0dcb521c09e051def4b9b722f6e0cbfb8cd00b8cb123b2f632d503a82beeb00da56987e9f9e6924faf3e1f5dd778703f4ee9c048b5e5dc235505dc8932fe621cd1,gx-no-cache=1456505584911 HTTP/1.1" 200 30
186.78.37.98 - - [26/Feb/2016:13:50:15 -0300] "POST /cormun/servlet/solicitudot?gx-no-cache=1456505443675 HTTP/1.1" 200 452
186.78.37.98 - - [26/Feb/2016:13:50:15 -0300] "GET /cormun/servlet/solicitudot?b93d9c96e6dc7b8ad5f0181edf590c2e9422039597ed3c8267e58e3247632759ad6ea0399631c910be7342dfc7e287c00162825a66335bf72bbc17cf2244339d9e38399257f821867e19aa3843422313e738be1ce5c8a97deaa67d59e7fca8074d8ea34490a4e7011e9af8d2a5ef0038a8be3e165336145eaccc9b2403ef116047e9f59a493b4ac9da7eb30b1240e0b2,gx-no-cache=1456505443829 HTTP/1.1" 200 38
192.168.10.98 - - [26/Feb/2016:13:50:29 -0300] "GET /cormun/servlet/securityroles?DSP,3804, HTTP/1.1" 200 5262
192.168.10.98 - - [26/Feb/2016:13:50:29 -0300] "GET /cormun/static/gxcfg.js?20162241375884 HTTP/1.1" 200 953
192.168.10.98 - - [26/Feb/2016:13:50:29 -0300] "GET /cormun/static/Resources/Spanish/PXTools.css?12395978 HTTP/1.1" 200 89042
192.168.10.98 - - [26/Feb/2016:13:50:29 -0300] "GET /cormun/static/securityroles.js?2016224137592 HTTP/1.1" 200 11674
186.103.156.24 - - [26/Feb/2016:13:50:30 -0300] "POST /cormun/servlet/solicitudot?ff279fb7925b38f0833832256426fa6a,INS,0,0,,gx-no-cache=1456505602006 HTTP/1.1" 200 93
186.103.156.24 - - [26/Feb/2016:13:50:30 -0300] "GET /cormun/servlet/hpexe_return? HTTP/1.1" 200 1019
186.103.156.24 - - [26/Feb/2016:13:50:31 -0300] "GET /cormun/servlet/trsolicitudot?gx-no-cache=1456505529910 HTTP/1.1" 200 6102
186.103.156.24 - - [26/Feb/2016:13:50:32 -0300] "GET /cormun/servlet/trsolicitudot?gx-no-cache=1456505529910 HTTP/1.1" 200 6118
186.103.157.235 - - [26/Feb/2016:13:50:32 -0300] "GET /cormun/servlet/prfichaempleado?,MD,,gxPopupLevel%3D0%3B HTTP/1.1" 200 7891
186.103.157.235 - - [26/Feb/2016:13:50:32 -0300] "GET /cormun/static/scaMessage/css/jquery-ui.css?104140 HTTP/1.1" 404 1045
186.103.156.24 - - [26/Feb/2016:13:50:35 -0300] "GET /cormun/servlet/solicitudot?INS,0,0, HTTP/1.1" 200 12051
186.103.156.24 - - [26/Feb/2016:13:50:36 -0300] "GET /cormun/servlet/solicitudot?INS,0,0, HTTP/1.1" 200 12034
192.168.10.98 - - [26/Feb/2016:13:50:41 -0300] "GET /cormun/servlet/trsecurityrole? HTTP/1.1" 200 8606
192.168.10.98 - - [26/Feb/2016:13:50:48 -0300] "GET /cormun/servlet/securityroles?UPD,3804, HTTP/1.1" 200 5405
186.103.157.235 - - [26/Feb/2016:13:50:49 -0300] "POST /cormun/servlet/solicitudot?gx-no-cache=1456505502073 HTTP/1.1" 200 1260
186.103.157.235 - - [26/Feb/2016:13:50:49 -0300] "GET /cormun/servlet/solicitudot?e259c36da36ad9829073a4c211d75c1977c29bb39355c10fc1b3ca42b7d1c958c1e325d8b08e1ebf64d57af74c56e060a51ab6e518e5719a8a314962b2ba77128366956ac4576fedc97803677322d5b7af1d77d91301fe6f813bd9f3497932b5ac9ae13773f9609a2aa1cbc90cb62924c59283f5d6cd82210aca87812c73f6b20ff142c7bddaa0820fe78c8c1ddfe4b44aa615f6c93eb739888cf4630930f3eb,gx-no-cache=1456505502214 HTTP/1.1" 200 41
186.103.157.235 - - [26/Feb/2016:13:50:49 -0300] "GET /cormun/servlet/solicitudot?e259c36da36ad9829073a4c211d75c190c94374d36c06fd13ec361464650ebf65689320f30228eae5e2b57a57a8e6d897dd6c57b2683c4825822700bd3eb45162f4ffe8c4d96eaa9b2b8c50ae353db2d9b60697daf3c3d5909c669b99158e7abd7115f03e06e4121d392b81203ec190de6f2ba23a3f4d40fe4808ea89042b4b27fe429bba8ef283b97475a6913338750a97751188c5365db064cf13f7d94e80753366302f68670a40bd71bbe1bbc4a1c,gx-no-cache=1456505502276 HTTP/1.1" 200 30
186.103.157.235 - - [26/Feb/2016:13:50:49 -0300] "POST /cormun/servlet/solicitudot?27023489a3eea36d83c209c0e33b26d1,INS,0,0,,gx-no-cache=1456505502323 HTTP/1.1" 200 10661
192.168.10.98 - - [26/Feb/2016:13:50:55 -0300] "GET /cormun/servlet/trsecurityrole? HTTP/1.1" 200 8606
192.168.10.98 - - [26/Feb/2016:13:51:04 -0300] "GET /cormun/servlet/trsecurityuser01? HTTP/1.1" 200 9843
192.168.10.98 - - [26/Feb/2016:13:51:04 -0300] "GET /cormun/static/gxcfg.js?20162241763181 HTTP/1.1" 200 953
192.168.10.98 - - [26/Feb/2016:13:51:04 -0300] "GET /cormun/static/trsecurityuser01.js?20162241763410 HTTP/1.1" 200 16079
192.168.10.98 - - [26/Feb/2016:13:51:06 -0300] "POST /cormun/servlet/acontrolpreferencessavestate?None,OVALDIVIA,true HTTP/1.1" 200 35
186.67.172.234 - - [26/Feb/2016:13:51:51 -0300] "POST /cormun/servlet/solicitudot?gx-no-cache=1456505562427 HTTP/1.1" 200 2777
186.67.172.234 - - [26/Feb/2016:13:51:52 -0300] "POST /cormun/servlet/solicitudot?974ef71ca7a5bc441549e624289e476d,INS,0,0,,gx-no-cache=1456505562620 HTTP/1.1" 200 10292
186.103.157.235 - - [26/Feb/2016:13:51:56 -0300] "GET /cormun/servlet/solicitudot?e259c36da36ad9829073a4c211d75c1977c29bb39355c10fc1b3ca42b7d1c958c1e325d8b08e1ebf64d57af74c56e060a51ab6e518e5719a8a314962b2ba77128366956ac4576fedc97803677322d5b7af1d77d91301fe6f813bd9f3497932b5ac9ae13773f9609a2aa1cbc90cb62924c59283f5d6cd82210aca87812c73f6b2fdd2d01ed8ac52f0f97d94c9a7e3c30d7533f547db283cf95c9153705a1f8698,gx-no-cache=1456505569576 HTTP/1.1" 200 41
186.103.157.235 - - [26/Feb/2016:13:51:56 -0300] "GET /cormun/servlet/solicitudot?e259c36da36ad9829073a4c211d75c190c94374d36c06fd13ec361464650ebf6c4678e71e4d234f73118e70eb853613d1806ddcca6aad5af951ca4cebc95cb1ca49685a75e579a83984c1aa12a72e64772639ce7d9ac86eef1316a8757f4d80b482b7c3640dc6a988dc8fbeb2a2976d78cacd02ecd71053c45d3d41a15d7b26f51b198a58b5466bb5dc51be136505d70a853faa74f8282b76316ddf62799d1cbe75125a1b8683e45b4f9f5c5312f9dd9546a21fb3663a62c29c7d13331c790f9,gx-no-cache=1456505569701 HTTP/1.1" 200 30
186.103.157.235 - - [26/Feb/2016:13:51:57 -0300] "POST /cormun/servlet/solicitudot?27023489a3eea36d83c209c0e33b26d1,INS,0,0,,gx-no-cache=1456505569794 HTTP/1.1" 200 10709
186.78.37.98 - - [26/Feb/2016:13:52:15 -0300] "POST /cormun/servlet/solicitudot?gx-no-cache=1456505563584 HTTP/1.1" 200 30
186.78.37.98 - - [26/Feb/2016:13:52:15 -0300] "POST /cormun/servlet/solicitudot?gx-no-cache=1456505563776 HTTP/1.1" 200 452
186.78.37.98 - - [26/Feb/2016:13:52:15 -0300] "GET /cormun/servlet/solicitudot?b93d9c96e6dc7b8ad5f0181edf590c2e9422039597ed3c8267e58e3247632759ad6ea0399631c910be7342dfc7e287c00162825a66335bf72bbc17cf2244339d9e38399257f821867e19aa3843422313e738be1ce5c8a97deaa67d59e7fca8074d8ea34490a4e7011e9af8d2a5ef0038a8be3e165336145eaccc9b2403ef116047e9f59a493b4ac9da7eb30b1240e0b2,gx-no-cache=1456505563934 HTTP/1.1" 200 38
186.103.157.235 - - [26/Feb/2016:13:52:20 -0300] "POST /cormun/servlet/solicitudot?27023489a3eea36d83c209c0e33b26d1,INS,0,0,,gx-no-cache=1456505593195 HTTP/1.1" 200 93
186.103.157.235 - - [26/Feb/2016:13:52:20 -0300] "GET /cormun/servlet/hpexe_return? HTTP/1.1" 200 1011
186.103.157.235 - - [26/Feb/2016:13:52:20 -0300] "GET /cormun/static/gxcfg.js?2015111312145050 HTTP/1.1" 200 953
186.103.157.235 - - [26/Feb/2016:13:52:20 -0300] "GET /cormun/static/hpexe_return.js?2015111312145056 HTTP/1.1" 200 1633
186.103.157.235 - - [26/Feb/2016:13:52:21 -0300] "GET /cormun/static/Resources/Spanish/PXTools.css?12112540 HTTP/1.1" 200 89042
186.103.157.235 - - [26/Feb/2016:13:52:21 -0300] "GET /cormun/servlet/trsolicitudot HTTP/1.1" 200 6141
192.168.10.98 - - [26/Feb/2016:13:52:23 -0300] "GET /cormun/servlet/trsecurityuserroles2?3812, HTTP/1.1" 200 6559
192.168.10.98 - - [26/Feb/2016:13:52:23 -0300] "GET /cormun/static/gxcfg.js?2015112210585249 HTTP/1.1" 200 953
186.103.157.235 - - [26/Feb/2016:13:52:23 -0300] "GET /cormun/servlet/trsolicitudot HTTP/1.1" 200 6138
192.168.10.98 - - [26/Feb/2016:13:52:23 -0300] "GET /cormun/static/trsecurityuserroles2.js?2015112210585458 HTTP/1.1" 200 14493
192.168.10.98 - - [26/Feb/2016:13:52:24 -0300] "POST /cormun/servlet/acontrolpreferencessavestate?None,OVALDIVIA,true HTTP/1.1" 200 35
186.103.156.24 - - [26/Feb/2016:13:52:29 -0300] "POST /cormun/servlet/solicitudot?gx-no-cache=1456505735658 HTTP/1.1" 200 2771
186.103.156.24 - - [26/Feb/2016:13:52:29 -0300] "POST /cormun/servlet/solicitudot?ff279fb7925b38f0833832256426fa6a,INS,0,0,,gx-no-cache=1456505735923 HTTP/1.1" 200 9571
186.78.37.98 - - [26/Feb/2016:13:52:30 -0300] "GET /cormun/servlet/solicitudot?b93d9c96e6dc7b8ad5f0181edf590c2e1eaf1fa8dae5297189b3a6b8029c458b4339d0fcdc17034838e514c4ba8972bcc0f7b75e1297a719a47f522621e51b75fd3e67d3e12f729c695de1128f5079a717cf99985261dc8171e027db9c98b9773d50e33ed3d9517caf864186bf9ca1ed,gx-no-cache=1456505578238 HTTP/1.1" 200 29
186.67.172.234 - - [26/Feb/2016:13:52:30 -0300] "GET /cormun/servlet/solicitudot?431d08edd07ea7d616b33faa7e480c76c5991e0265fbcf478a88a9e22c9bea2fc51fbc33abc5575a5c7dc2688915ea95,gx-no-cache=1456505601597 HTTP/1.1" 200 30
192.168.10.98 - - [26/Feb/2016:13:52:35 -0300] "GET /cormun/servlet/trsecurityuser01? HTTP/1.1" 200 9855
192.168.10.98 - - [26/Feb/2016:13:52:46 -0300] "GET /cormun/servlet/securityusers?UPD,3812, HTTP/1.1" 200 6451
192.168.10.98 - - [26/Feb/2016:13:52:46 -0300] "GET /cormun/static/gxcfg.js?20162241762939 HTTP/1.1" 200 953
192.168.10.98 - - [26/Feb/2016:13:52:46 -0300] "GET /cormun/static/securityusers.js?20162241762968 HTTP/1.1" 200 18059
186.78.37.98 - - [26/Feb/2016:13:52:46 -0300] "POST /cormun/servlet/solicitudot?gx-no-cache=1456505594888 HTTP/1.1" 200 404
186.103.156.24 - - [26/Feb/2016:13:52:50 -0300] "GET /cormun/servlet/solicitudot?ce7a9b60bef21b405fdc6c7e7f4f9fac08ce485374587aafa4adc33ea70b7db55a5d225f7307a0b145990d042e5b0b8b,gx-no-cache=1456505759712 HTTP/1.1" 200 30
186.103.156.24 - - [26/Feb/2016:13:52:50 -0300] "POST /cormun/servlet/solicitudot?gx-no-cache=1456505759817 HTTP/1.1" 200 30
186.103.156.24 - - [26/Feb/2016:13:52:50 -0300] "POST /cormun/servlet/solicitudot?gx-no-cache=1456505759844 HTTP/1.1" 200 33
186.103.156.24 - - [26/Feb/2016:13:52:50 -0300] "POST /cormun/servlet/solicitudot?gx-no-cache=1456505759882 HTTP/1.1" 200 1159
186.103.156.24 - - [26/Feb/2016:13:52:50 -0300] "GET /cormun/servlet/solicitudot?ce7a9b60bef21b405fdc6c7e7f4f9facd70e307a4a9c7ef17a50f2f4576dc3e9d632c022c8cfd969d69299f01a392748403ad0209ebccac0bdb0046be6e552fa5defe6a0ef2618c7903ecce1743b38c718ed2b54ff35630806115b03b1ddbe8fb6eefc4636083a55fb4b7dfc909c720c7d0b9db183c3a1335fddaa0255e518e9fea45307d4de3a13cce652fcb6997962,gx-no-cache=1456505759931 HTTP/1.1" 200 38
186.103.156.24 - - [26/Feb/2016:13:52:51 -0300] "GET /cormun/servlet/solicitudot?ce7a9b60bef21b405fdc6c7e7f4f9fac1d10b8047f7e51a469f8bb12282fa474db5e6f7fa73b02737f6a19c13e30f1cfb3bff07e3ad4725da91a234a9c94ebe86a66175838ea0f985f25343cac736b0c642c443adf0a55267389b7d1cb17f8887c8bd14c0aa20016ba47813eda822c5555cdb44178726977abd5837682b3e576b29e8d9f1e9925718d31ca263cf1da460f99ac8f7d790fdcb2b65473d84d20c470be0b97bdaa3b4abd78137b8bb30ed51ac3a3e294ce01806cf6e8c4828f4c0038a343df53df710cccc365c9548b3f5b,gx-no-cache=1456505759961 HTTP/1.1" 200 29
186.103.156.24 - - [26/Feb/2016:13:52:51 -0300] "POST /cormun/servlet/solicitudot?gx-no-cache=1456505759988 HTTP/1.1" 200 1116
186.103.156.24 - - [26/Feb/2016:13:52:51 -0300] "GET /cormun/static/menuarrow.gif HTTP/1.1" 404 1015
192.168.10.98 - - [26/Feb/2016:13:52:58 -0300] "GET /cormun/servlet/trsecurityuser01? HTTP/1.1" 200 9855
186.103.156.24 - - [26/Feb/2016:13:52:58 -0300] "POST /cormun/servlet/solicitudot?gx-no-cache=1456505768653 HTTP/1.1" 200 30
186.103.156.24 - - [26/Feb/2016:13:52:58 -0300] "POST /cormun/servlet/solicitudot?gx-no-cache=1456505768703 HTTP/1.1" 200 33
186.103.156.24 - - [26/Feb/2016:13:52:58 -0300] "POST /cormun/servlet/solicitudot?gx-no-cache=1456505768741 HTTP/1.1" 200 1159
186.103.156.24 - - [26/Feb/2016:13:52:58 -0300] "GET /cormun/servlet/solicitudot?ce7a9b60bef21b405fdc6c7e7f4f9facd70e307a4a9c7ef17a50f2f4576dc3e9d632c022c8cfd969d69299f01a392748403ad0209ebccac0bdb0046be6e552fa5defe6a0ef2618c7903ecce1743b38c718ed2b54ff35630806115b03b1ddbe8fb6eefc4636083a55fb4b7dfc909c720c7d0b9db183c3a1335fddaa0255e518e9fea45307d4de3a13cce652fcb6997962,gx-no-cache=1456505768784 HTTP/1.1" 200 38
186.103.156.24 - - [26/Feb/2016:13:52:58 -0300] "POST /cormun/servlet/solicitudot?gx-no-cache=1456505768814 HTTP/1.1" 200 1116
186.67.172.234 - - [26/Feb/2016:13:52:59 -0300] "POST /cormun/servlet/solicitudot?gx-no-cache=1456505630270 HTTP/1.1" 200 30
186.67.172.234 - - [26/Feb/2016:13:52:59 -0300] "POST /cormun/servlet/solicitudot?gx-no-cache=1456505630653 HTTP/1.1" 200 30
186.67.172.234 - - [26/Feb/2016:13:52:59 -0300] "POST /cormun/servlet/solicitudot?gx-no-cache=1456505630737 HTTP/1.1" 200 1159
