186.78.57.78 - - [26/Feb/2016:09:36:11 -0300] "GET /cormun/static/gxdec.js?85251 HTTP/1.1" 200 19579
186.78.57.78 - - [26/Feb/2016:09:36:11 -0300] "GET /cormun/static/Resources/Spanish/PXTools.css?17554516 HTTP/1.1" 200 89042
186.78.57.78 - - [26/Feb/2016:09:36:11 -0300] "GET /cormun/static/trsolicitudot.js?20161623483284 HTTP/1.1" 200 45324
186.78.57.78 - - [26/Feb/2016:09:36:11 -0300] "GET /cormun/static/Resources/PXToolsDataSearch.png HTTP/1.1" 200 419
186.78.57.78 - - [26/Feb/2016:09:36:11 -0300] "GET /cormun/static/Resources/PXToolsGridFirst.gif HTTP/1.1" 200 379
186.78.57.78 - - [26/Feb/2016:09:36:12 -0300] "GET /cormun/static/Resources/PXToolsGridPrevious.gif HTTP/1.1" 200 369
186.78.57.78 - - [26/Feb/2016:09:36:12 -0300] "GET /cormun/static/Resources/PXToolsGridNext.gif HTTP/1.1" 200 369
186.78.57.78 - - [26/Feb/2016:09:36:12 -0300] "GET /cormun/static/Resources/PXToolsGridLast.gif HTTP/1.1" 200 370
186.78.57.78 - - [26/Feb/2016:09:36:12 -0300] "GET /cormun/static/Shared/ext/resources/css/ext-all.css?215870 HTTP/1.1" 200 416045
186.78.57.78 - - [26/Feb/2016:09:36:12 -0300] "GET /cormun/static/Resources/PXToolsActionExcel.png HTTP/1.1" 200 3187
186.78.57.78 - - [26/Feb/2016:09:36:12 -0300] "GET /cormun/static/Resources/PXToolsGridNew.png HTTP/1.1" 200 2949
186.78.57.78 - - [26/Feb/2016:09:36:13 -0300] "GET /cormun/static/Resources/asc.gif HTTP/1.1" 200 67
186.78.57.78 - - [26/Feb/2016:09:36:13 -0300] "GET /cormun/static/Resources/desc.gif HTTP/1.1" 200 65
186.78.57.78 - - [26/Feb/2016:09:36:13 -0300] "GET /cormun/servlet/trsolicitudot? HTTP/1.1" 200 6040
186.78.57.78 - - [26/Feb/2016:09:36:13 -0300] "GET /cormun/static/Shared/ext/resources/themes/images/default/panel/bg-headersPanel.png HTTP/1.1" 200 255
186.78.57.78 - - [26/Feb/2016:09:36:13 -0300] "GET /cormun/static/Shared/ext/resources/themes/images/default/tools/tool-sprites.gif HTTP/1.1" 200 5434
186.78.57.78 - - [26/Feb/2016:09:36:14 -0300] "POST /cormun/servlet/acontrolpreferencessavestate?None,CD-29,true HTTP/1.1" 200 35
186.78.57.78 - - [26/Feb/2016:09:36:26 -0300] "GET /cormun/static/menuarrow.gif HTTP/1.1" 404 1015
186.78.57.78 - - [26/Feb/2016:09:37:15 -0300] "POST /cormun/servlet/trsolicitudot?05accc45606acdb22085ad58d5a934fa,,gx-no-cache=1456493973881 HTTP/1.1" 200 3440
186.78.57.78 - - [26/Feb/2016:09:37:15 -0300] "POST /cormun/servlet/trsolicitudot?05accc45606acdb22085ad58d5a934fa,,gx-no-cache=1456493974279 HTTP/1.1" 200 3440
186.78.57.78 - - [26/Feb/2016:09:37:33 -0300] "POST /cormun/servlet/trsolicitudot?05accc45606acdb22085ad58d5a934fa,,gx-no-cache=1456493994158 HTTP/1.1" 200 3442
186.78.57.78 - - [26/Feb/2016:09:37:34 -0300] "POST /cormun/servlet/trsolicitudot?05accc45606acdb22085ad58d5a934fa,,gx-no-cache=1456493994589 HTTP/1.1" 200 3442
186.78.57.78 - - [26/Feb/2016:09:37:42 -0300] "POST /cormun/servlet/trsolicitudot?05accc45606acdb22085ad58d5a934fa,,gx-no-cache=1456494003585 HTTP/1.1" 200 3442
186.103.159.182 - - [26/Feb/2016:09:37:43 -0300] "GET /cormun/servlet/hlogin HTTP/1.1" 200 1730
186.78.57.78 - - [26/Feb/2016:09:38:07 -0300] "GET /cormun/servlet/trsolicitudot?f943aac1a0723cdd8a993ea7e29a2bedc38b13feb1e33fafc634b89aec680ad986c7e1cf7dbdb666d1d3c6461a851fa96001a1f15121081555e66de21a575a6624faa9e83ced78b1874b8ac89df07593eac4c8cf764644adfd37b5b28704c6f0,gx-no-cache=1456494031578 HTTP/1.1" 200 720
186.78.57.78 - - [26/Feb/2016:09:38:55 -0300] "GET /cormun/servlet/trsolicitudot?f943aac1a0723cdd8a993ea7e29a2bedeb2b848d6e1a51b8e2245e8f29f5f47a58e8f95436fdae1a72707f24fca6309ba7dce78bf4d3e203f1ec7cd4fa5b09bfcaf08b2b3c0ec4473681b369178e73de69ca49faaf5aac9fbeb2d08aa4a1f31d,gx-no-cache=1456494083941 HTTP/1.1" 200 720
186.103.157.42 - - [26/Feb/2016:09:38:55 -0300] "GET /cormun/servlet/trsolicitudot? HTTP/1.1" 200 6041
186.103.157.42 - - [26/Feb/2016:09:38:55 -0300] "GET /cormun/static/gxui/gxui-all.css?120300 HTTP/1.1" 200 2179
186.103.157.42 - - [26/Feb/2016:09:38:55 -0300] "GET /cormun/static/calendar-system.css?85620 HTTP/1.1" 200 5572
186.103.157.42 - - [26/Feb/2016:09:38:55 -0300] "GET /cormun/static/gxcfg.js?20161623482752 HTTP/1.1" 200 953
186.103.157.42 - - [26/Feb/2016:09:38:55 -0300] "GET /cormun/static/Resources/Spanish/PXTools.css?17554516 HTTP/1.1" 200 89042
186.103.157.42 - - [26/Feb/2016:09:38:55 -0300] "GET /cormun/static/calendar.js?85251 HTTP/1.1" 200 26246
186.103.157.42 - - [26/Feb/2016:09:38:55 -0300] "GET /cormun/static/calendar-setup.js?85251 HTTP/1.1" 200 2588
186.103.157.42 - - [26/Feb/2016:09:38:55 -0300] "GET /cormun/static/Resources/PXTools/calendar.png HTTP/1.1" 200 1306
186.103.157.42 - - [26/Feb/2016:09:38:56 -0300] "GET /cormun/static/Resources/PXToolsDataSearch.png HTTP/1.1" 200 419
186.103.157.42 - - [26/Feb/2016:09:38:56 -0300] "GET /cormun/static/gxdec.js?85251 HTTP/1.1" 200 19579
186.103.157.42 - - [26/Feb/2016:09:38:56 -0300] "GET /cormun/static/calendar-es.js?85251 HTTP/1.1" 200 1901
186.103.157.42 - - [26/Feb/2016:09:38:56 -0300] "GET /cormun/static/Resources/PXToolsGridNext.gif HTTP/1.1" 200 369
186.103.157.42 - - [26/Feb/2016:09:38:56 -0300] "GET /cormun/static/Resources/PXToolsGridLast.gif HTTP/1.1" 200 370
186.103.157.42 - - [26/Feb/2016:09:38:56 -0300] "GET /cormun/static/Resources/PXToolsActionExcel.png HTTP/1.1" 200 3187
186.103.157.42 - - [26/Feb/2016:09:38:56 -0300] "GET /cormun/static/Resources/PXToolsGridNew.png HTTP/1.1" 200 2949
186.103.157.42 - - [26/Feb/2016:09:38:56 -0300] "GET /cormun/static/Resources/PXToolsGridPrevious.gif HTTP/1.1" 200 369
186.103.157.42 - - [26/Feb/2016:09:38:56 -0300] "GET /cormun/static/Resources/PXToolsGridFirst.gif HTTP/1.1" 200 379
186.103.157.42 - - [26/Feb/2016:09:38:56 -0300] "GET /cormun/static/trsolicitudot.js?20161623483284 HTTP/1.1" 200 45324
186.103.157.42 - - [26/Feb/2016:09:38:56 -0300] "GET /cormun/static/Shared/ext/resources/css/ext-all.css?215870 HTTP/1.1" 200 416045
186.103.157.42 - - [26/Feb/2016:09:38:57 -0300] "GET /cormun/static/Resources/asc.gif HTTP/1.1" 200 67
186.103.157.42 - - [26/Feb/2016:09:38:57 -0300] "GET /cormun/static/Resources/desc.gif HTTP/1.1" 200 65
186.103.157.42 - - [26/Feb/2016:09:38:57 -0300] "GET /cormun/static/Shared/ext/resources/themes/images/default/tools/tool-sprites.gif HTTP/1.1" 200 5434
186.103.157.42 - - [26/Feb/2016:09:38:57 -0300] "GET /cormun/static/Shared/ext/resources/themes/images/default/panel/bg-headersPanel.png HTTP/1.1" 200 255
186.103.157.42 - - [26/Feb/2016:09:38:58 -0300] "POST /cormun/servlet/acontrolpreferencessavestate?None,CE-10,true HTTP/1.1" 200 35
186.103.157.42 - - [26/Feb/2016:09:39:03 -0300] "GET /cormun/static/menuarrow.gif HTTP/1.1" 404 1015
186.78.57.78 - - [26/Feb/2016:09:39:06 -0300] "GET /cormun/servlet/trsolicitudot?f943aac1a0723cdd8a993ea7e29a2bedeb2b848d6e1a51b8e2245e8f29f5f47ad78e39564fc2b2163b729c0893449a71051489760ede064f0b9534176bb8b1e4b858e12c438a1d869f1100232521bfd76e79a45a5c73023cd0e4bfa50518c244,gx-no-cache=1456494096765 HTTP/1.1" 200 720
186.78.57.78 - - [26/Feb/2016:09:39:07 -0300] "POST /cormun/servlet/trsolicitudot?05accc45606acdb22085ad58d5a934fa,,gx-no-cache=1456494096905 HTTP/1.1" 200 3441
186.103.157.42 - - [26/Feb/2016:09:39:11 -0300] "POST /cormun/servlet/trsolicitudot?6e7af70d24c2ced5507340a691ad072c,,gx-no-cache=1456489691315 HTTP/1.1" 200 3438
186.103.157.42 - - [26/Feb/2016:09:39:11 -0300] "POST /cormun/servlet/trsolicitudot?6e7af70d24c2ced5507340a691ad072c,,gx-no-cache=1456489691753 HTTP/1.1" 200 3438
186.78.57.78 - - [26/Feb/2016:09:39:22 -0300] "GET /cormun/servlet/trsolicitudot?f943aac1a0723cdd8a993ea7e29a2bedeb2b848d6e1a51b8e2245e8f29f5f47a58e8f95436fdae1a72707f24fca6309ba7dce78bf4d3e203f1ec7cd4fa5b09bfcaf08b2b3c0ec4473681b369178e73de69ca49faaf5aac9fbeb2d08aa4a1f31d,gx-no-cache=1456494113548 HTTP/1.1" 200 720
186.103.157.42 - - [26/Feb/2016:09:39:26 -0300] "POST /cormun/servlet/trsolicitudot?6e7af70d24c2ced5507340a691ad072c,,gx-no-cache=1456489706884 HTTP/1.1" 200 3441
186.103.157.42 - - [26/Feb/2016:09:39:27 -0300] "POST /cormun/servlet/trsolicitudot?6e7af70d24c2ced5507340a691ad072c,,gx-no-cache=1456489707451 HTTP/1.1" 200 3440
186.103.157.42 - - [26/Feb/2016:09:39:37 -0300] "POST /cormun/servlet/trsolicitudot?6e7af70d24c2ced5507340a691ad072c,,gx-no-cache=1456489717617 HTTP/1.1" 200 3440
186.78.57.78 - - [26/Feb/2016:09:39:37 -0300] "GET /cormun/servlet/trsolicitudot?f943aac1a0723cdd8a993ea7e29a2bedeb2b848d6e1a51b8e2245e8f29f5f47a58e8f95436fdae1a72707f24fca6309ba7dce78bf4d3e203f1ec7cd4fa5b09bfcaf08b2b3c0ec4473681b369178e73de69ca49faaf5aac9fbeb2d08aa4a1f31d,gx-no-cache=1456494130713 HTTP/1.1" 200 720
186.78.57.78 - - [26/Feb/2016:09:39:38 -0300] "POST /cormun/servlet/trsolicitudot?05accc45606acdb22085ad58d5a934fa,,gx-no-cache=1456494130850 HTTP/1.1" 200 3442
186.103.157.42 - - [26/Feb/2016:09:39:45 -0300] "GET /cormun/servlet/trsolicitudot?fa9a5d5188adf101e005a5ceb575e3950d0edb4be0df4089730b3b744312fe26e3fd9837ee9e5b585ec00e8cb7407580c867b869db30b3951425ef64fd838e015a19b69c5bc078e9bbb88ea5451da9ca80c96a0e47f5bf259293c304d7634907,gx-no-cache=1456489725706 HTTP/1.1" 200 720
186.103.157.42 - - [26/Feb/2016:09:40:24 -0300] "GET /cormun/servlet/trsolicitudot?fa9a5d5188adf101e005a5ceb575e395cd9573cc2c2974882adeb34b66d26eea6b65c01928586ddf226abba72e94754c94e99f9052569b051d8744c65f604ad14fa97d02372404a3ab2eb4aa5b97693443dd0cb444aa8d3e53915dad7c75bf63,gx-no-cache=1456489765104 HTTP/1.1" 200 720
186.78.57.78 - - [26/Feb/2016:09:40:36 -0300] "GET /cormun/servlet/trsolicitudot?f943aac1a0723cdd8a993ea7e29a2bedb49fe1884e7f074767863a3c49f040c5bdad2b1498ee48d300fb6b57cab24e9b6001a1f15121081555e66de21a575a6624faa9e83ced78b1874b8ac89df07593eac4c8cf764644adfd37b5b28704c6f0,gx-no-cache=1456494195625 HTTP/1.1" 200 720
186.78.57.78 - - [26/Feb/2016:09:40:37 -0300] "GET /cormun/servlet/trsolicitudot?f943aac1a0723cdd8a993ea7e29a2bedba8f71ba4e7c5ce89fba2b6f7e41b5075ec463e011259a903a1213956097940d41344b7d9fe3254980039627a5b60fd1d500318c808402e56c777a43c5b8c55e5a71587015925a090f9cca64ca4a3d94,gx-no-cache=1456494196374 HTTP/1.1" 200 720
186.78.57.78 - - [26/Feb/2016:09:40:39 -0300] "POST /cormun/servlet/trsolicitudot?05accc45606acdb22085ad58d5a934fa,,gx-no-cache=1456494198127 HTTP/1.1" 200 3449
186.103.157.42 - - [26/Feb/2016:09:40:55 -0300] "GET /cormun/servlet/trsolicitudot?fa9a5d5188adf101e005a5ceb575e395c5a7d3356cd35b2f27fbcb012cbe6d4a748a6f9e77fb9cdb4578c26d2e13d03f7ea48f46dfcb675484fea575223ddbff0d7a8422c6e455dfb3d3e921862cef20d4a81de7027d8d40ba4ac05e5e4e0073,gx-no-cache=1456489795465 HTTP/1.1" 200 720
186.103.159.186 - - [26/Feb/2016:09:41:13 -0300] "GET /cormun/servlet/hlogin HTTP/1.1" 200 1721
186.103.159.186 - - [26/Feb/2016:09:41:13 -0300] "GET /cormun/static/gxtimezone.js?85251 HTTP/1.1" 200 5781
186.103.159.186 - - [26/Feb/2016:09:41:13 -0300] "GET /cormun/static/gxcfg.js?20151120045111 HTTP/1.1" 200 953
186.103.159.186 - - [26/Feb/2016:09:41:13 -0300] "GET /cormun/static/hlogin.js?20151120045126 HTTP/1.1" 200 2136
186.103.159.186 - - [26/Feb/2016:09:41:13 -0300] "GET /cormun/static/messages.spa.js?85251 HTTP/1.1" 200 30736
186.103.159.186 - - [26/Feb/2016:09:41:13 -0300] "GET /cormun/static/Resources/Spanish/PXTools.css?005343 HTTP/1.1" 200 89042
186.103.159.186 - - [26/Feb/2016:09:41:13 -0300] "GET /cormun/static/Resources/ComunLogin.png HTTP/1.1" 200 17326
186.103.159.186 - - [26/Feb/2016:09:41:13 -0300] "GET /cormun/static/gxgral.js?85251 HTTP/1.1" 200 384558
186.103.159.186 - - [26/Feb/2016:09:41:14 -0300] "GET /cormun/static/Resources/PXToolsLoginTop.png HTTP/1.1" 200 1337
186.103.159.186 - - [26/Feb/2016:09:41:14 -0300] "GET /cormun/static/Resources/PXToolsLoginBackground.png HTTP/1.1" 200 1164
186.78.57.78 - - [26/Feb/2016:09:41:14 -0300] "GET /cormun/servlet/hhome HTTP/1.1" 200 3357
186.103.159.186 - - [26/Feb/2016:09:41:14 -0300] "GET /cormun/static/Resources/PXToolsButtonLeft21.png HTTP/1.1" 200 1287
186.103.159.186 - - [26/Feb/2016:09:41:14 -0300] "GET /cormun/static/Resources/PXToolsButtonBackground2.png HTTP/1.1" 200 1181
186.103.159.186 - - [26/Feb/2016:09:41:14 -0300] "GET /cormun/static/Resources/PXToolsLoginBottom.png HTTP/1.1" 200 1389
186.103.159.186 - - [26/Feb/2016:09:41:14 -0300] "GET /cormun/static/Resources/PXToolsButtonRight21.png HTTP/1.1" 200 1283
186.103.159.186 - - [26/Feb/2016:09:41:14 -0300] "GET /cormun/static/Resources/indicator.gif HTTP/1.1" 200 1553
186.103.159.186 - - [26/Feb/2016:09:41:14 -0300] "GET /cormun/servlet/hlogin HTTP/1.1" 200 1725
186.78.57.78 - - [26/Feb/2016:09:41:14 -0300] "GET /cormun/servlet/hhome HTTP/1.1" 200 3353
186.103.159.186 - - [26/Feb/2016:09:41:15 -0300] "GET /favicon.ico HTTP/1.1" 200 21630
186.103.159.186 - - [26/Feb/2016:09:41:19 -0300] "GET /cormun/servlet/hlogin HTTP/1.1" 200 1721
186.78.57.78 - - [26/Feb/2016:09:41:20 -0300] "GET /cormun/servlet/trsolicitudot? HTTP/1.1" 200 6091
186.78.57.78 - - [26/Feb/2016:09:41:21 -0300] "GET /cormun/servlet/trsolicitudot? HTTP/1.1" 200 6090
186.103.157.42 - - [26/Feb/2016:09:41:32 -0300] "GET /cormun/servlet/trsolicitudot?fa9a5d5188adf101e005a5ceb575e395c5a7d3356cd35b2f27fbcb012cbe6d4a19949852deaf2249ac035bd074528b180d285cc72f921a598891d5c526503768ec8de19f73d0afa84fee03dd4ae100ccd1b29cf4ad28210fabd3d1c7c0cfa320,gx-no-cache=1456489833075 HTTP/1.1" 200 720
186.103.157.42 - - [26/Feb/2016:09:41:35 -0300] "POST /cormun/servlet/trsolicitudot?6e7af70d24c2ced5507340a691ad072c,,gx-no-cache=1456489835577 HTTP/1.1" 200 3452
186.103.157.42 - - [26/Feb/2016:09:41:43 -0300] "GET /cormun/servlet/trsolicitudot?fa9a5d5188adf101e005a5ceb575e395c5a7d3356cd35b2f27fbcb012cbe6d4af2e7128c18905ec2833f917c29c9dff1ab86e32b676dfd25de512e303399ce685245f0c8f499a9ddbdcdef33cb2f0fc004024e975ed73b9f8dcc3a343b541dcc,gx-no-cache=1456489843494 HTTP/1.1" 200 728
186.103.157.42 - - [26/Feb/2016:09:41:46 -0300] "POST /cormun/servlet/trsolicitudot?6e7af70d24c2ced5507340a691ad072c,,gx-no-cache=1456489846442 HTTP/1.1" 200 3460
186.103.157.42 - - [26/Feb/2016:09:41:48 -0300] "GET /cormun/servlet/trsolicitudot?fa9a5d5188adf101e005a5ceb575e395c5a7d3356cd35b2f27fbcb012cbe6d4a3efb69470111cd52a63651ef4eaf05e0599039cade1befcc7401f0904664ad8d6522d20e6933e136f6e6eafab1f025e65e1e543742f3c33bb7742e9bd8fddad1,gx-no-cache=1456489849062 HTTP/1.1" 200 732
186.103.157.42 - - [26/Feb/2016:09:41:50 -0300] "GET /cormun/servlet/trsolicitudot?fa9a5d5188adf101e005a5ceb575e395c5a7d3356cd35b2f27fbcb012cbe6d4a8637a20a30f9a8f69d5b86b3e9c95934fa95b0237b09915123acd25159df7699c867b869db30b3951425ef64fd838e015a19b69c5bc078e9bbb88ea5451da9ca80c96a0e47f5bf259293c304d7634907,gx-no-cache=1456489850768 HTTP/1.1" 200 732
186.103.157.42 - - [26/Feb/2016:09:41:55 -0300] "GET /cormun/servlet/trsolicitudot?fa9a5d5188adf101e005a5ceb575e395c5a7d3356cd35b2f27fbcb012cbe6d4a8637a20a30f9a8f69d5b86b3e9c95934a648a1cb86b286c0c7b8d4f0dd024bae94e99f9052569b051d8744c65f604ad14fa97d02372404a3ab2eb4aa5b97693443dd0cb444aa8d3e53915dad7c75bf63,gx-no-cache=1456489855336 HTTP/1.1" 200 732
186.78.57.78 - - [26/Feb/2016:09:41:55 -0300] "POST /cormun/servlet/trsolicitudot?05accc45606acdb22085ad58d5a934fa,,gx-no-cache=1456494281118 HTTP/1.1" 200 3445
186.78.57.78 - - [26/Feb/2016:09:41:55 -0300] "POST /cormun/servlet/trsolicitudot?05accc45606acdb22085ad58d5a934fa,,gx-no-cache=1456494281568 HTTP/1.1" 200 3446
186.78.57.78 - - [26/Feb/2016:09:41:55 -0300] "POST /cormun/servlet/trsolicitudot?05accc45606acdb22085ad58d5a934fa,,gx-no-cache=1456494281915 HTTP/1.1" 200 3445
186.78.57.78 - - [26/Feb/2016:09:41:57 -0300] "GET /cormun/servlet/trsolicitudot?f943aac1a0723cdd8a993ea7e29a2bedc38b13feb1e33fafc634b89aec680ad9b716624fec4788d348f2244d1d111a94260af5af146e26e817e5b5c1a39111fe00e21dbf156998f1ef555bda05beefad,gx-no-cache=1456494284418 HTTP/1.1" 200 720
186.78.57.78 - - [26/Feb/2016:09:42:04 -0300] "GET /cormun/servlet/trsolicitudot?f943aac1a0723cdd8a993ea7e29a2beda3c8a89c086f624d5e3348da4468b664965431c474f63aaa0830ae86b467f56a66e585c93834cc4b268f65129d321fe2a80ee650c25099043c0b52e2abad0fd8,gx-no-cache=1456494291912 HTTP/1.1" 200 720
186.103.157.42 - - [26/Feb/2016:09:42:04 -0300] "POST /cormun/servlet/trsolicitudot?6e7af70d24c2ced5507340a691ad072c,,gx-no-cache=1456489865160 HTTP/1.1" 200 3466
186.78.57.78 - - [26/Feb/2016:09:42:05 -0300] "GET /cormun/servlet/trsolicitudot?f943aac1a0723cdd8a993ea7e29a2bedc1605682cd4a203733e6cc1ae630eada5ec463e011259a903a1213956097940d41344b7d9fe3254980039627a5b60fd1d500318c808402e56c777a43c5b8c55e5a71587015925a090f9cca64ca4a3d94,gx-no-cache=1456494292702 HTTP/1.1" 200 720
186.103.157.42 - - [26/Feb/2016:09:42:06 -0300] "POST /cormun/servlet/trsolicitudot?6e7af70d24c2ced5507340a691ad072c,,gx-no-cache=1456489866591 HTTP/1.1" 200 3466
186.78.57.78 - - [26/Feb/2016:09:42:09 -0300] "GET /cormun/servlet/trsolicitudot?f943aac1a0723cdd8a993ea7e29a2bedc38b13feb1e33fafc634b89aec680ad9b716624fec4788d348f2244d1d111a94260af5af146e26e817e5b5c1a39111fe00e21dbf156998f1ef555bda05beefad,gx-no-cache=1456494296602 HTTP/1.1" 200 720
186.78.57.78 - - [26/Feb/2016:09:42:10 -0300] "GET /cormun/servlet/trsolicitudot?f943aac1a0723cdd8a993ea7e29a2bedb49fe1884e7f074767863a3c49f040c5bdad2b1498ee48d300fb6b57cab24e9b6001a1f15121081555e66de21a575a6624faa9e83ced78b1874b8ac89df07593eac4c8cf764644adfd37b5b28704c6f0,gx-no-cache=1456494297742 HTTP/1.1" 200 720
186.78.57.78 - - [26/Feb/2016:09:42:10 -0300] "GET /cormun/servlet/trsolicitudot?f943aac1a0723cdd8a993ea7e29a2bedba8f71ba4e7c5ce89fba2b6f7e41b5075ec463e011259a903a1213956097940d41344b7d9fe3254980039627a5b60fd1d500318c808402e56c777a43c5b8c55e5a71587015925a090f9cca64ca4a3d94,gx-no-cache=1456494298312 HTTP/1.1" 200 720
186.78.57.78 - - [26/Feb/2016:09:42:11 -0300] "POST /cormun/servlet/trsolicitudot?05accc45606acdb22085ad58d5a934fa,,gx-no-cache=1456494299116 HTTP/1.1" 200 3446
186.78.57.78 - - [26/Feb/2016:09:42:14 -0300] "GET /cormun/servlet/trsolicitudot?f943aac1a0723cdd8a993ea7e29a2bedba8f71ba4e7c5ce89fba2b6f7e41b507648d8ef6a72cda4e6ebaadffb78e967e70c202c1b39d3aab82b1482379ec349db6cdc5bb2d15f14d0bf3bef177763b4f7d4ebc6475f3734fdb781ee56670bfad,gx-no-cache=1456494302259 HTTP/1.1" 200 720
186.103.157.42 - - [26/Feb/2016:09:42:15 -0300] "POST /cormun/servlet/trsolicitudot?6e7af70d24c2ced5507340a691ad072c,,gx-no-cache=1456489875411 HTTP/1.1" 200 3466
186.78.57.78 - - [26/Feb/2016:09:42:15 -0300] "GET /cormun/servlet/trsolicitudot?f943aac1a0723cdd8a993ea7e29a2bedba8f71ba4e7c5ce89fba2b6f7e41b50773064c7529ddd7584d522fb60cd0e7da051489760ede064f0b9534176bb8b1e4b858e12c438a1d869f1100232521bfd76e79a45a5c73023cd0e4bfa50518c244,gx-no-cache=1456494303360 HTTP/1.1" 200 720
186.78.57.78 - - [26/Feb/2016:09:42:16 -0300] "GET /cormun/servlet/trsolicitudot?f943aac1a0723cdd8a993ea7e29a2bedba8f71ba4e7c5ce89fba2b6f7e41b507891ff5639297d1707a55b8741397cf4b3d019d6c5212085c89672653fffc530fbb3945094b7d775b0616c354a8b0bdac21d0774dcccb62ed3be26c08b95f9894,gx-no-cache=1456494304460 HTTP/1.1" 200 720
186.103.157.42 - - [26/Feb/2016:09:42:18 -0300] "POST /cormun/servlet/trsolicitudot?6e7af70d24c2ced5507340a691ad072c,,gx-no-cache=1456489877033 HTTP/1.1" 200 3466
186.103.157.42 - - [26/Feb/2016:09:42:27 -0300] "GET /cormun/servlet/trsolicitudot?fa9a5d5188adf101e005a5ceb575e395c5a7d3356cd35b2f27fbcb012cbe6d4a8637a20a30f9a8f69d5b86b3e9c9593498e18735765a7f476b5d6d0f8fcc6b9a8208fba7565bd144d1360741c33470ecbd939c4c938879bd63306081864fc1ac06406ef08be63c80f1cc48f4e71d2a40,gx-no-cache=1456489888085 HTTP/1.1" 200 738
186.103.157.42 - - [26/Feb/2016:09:42:32 -0300] "POST /cormun/servlet/trsolicitudot?6e7af70d24c2ced5507340a691ad072c,,gx-no-cache=1456489892927 HTTP/1.1" 200 3467
186.78.57.78 - - [26/Feb/2016:09:42:43 -0300] "GET /cormun/servlet/solicitudot?INS,0,0, HTTP/1.1" 200 12009
186.78.57.78 - - [26/Feb/2016:09:42:43 -0300] "GET /cormun/static/gxcfg.js?201617004230 HTTP/1.1" 200 953
186.78.57.78 - - [26/Feb/2016:09:42:43 -0300] "GET /cormun/static/Resources/prompt.gif HTTP/1.1" 200 902
186.78.57.78 - - [26/Feb/2016:09:42:43 -0300] "GET /cormun/static/solicitudot.js?201617004281 HTTP/1.1" 200 44291
186.78.57.78 - - [26/Feb/2016:09:42:43 -0300] "GET /cormun/servlet/solicitudot?INS,0,0, HTTP/1.1" 200 12014
186.103.157.42 - - [26/Feb/2016:09:42:56 -0300] "GET /cormun/servlet/trsolicitudot?fa9a5d5188adf101e005a5ceb575e395c5a7d3356cd35b2f27fbcb012cbe6d4a8637a20a30f9a8f69d5b86b3e9c9593437a7ff8abbd62785ded007b1039c1d0c0d285cc72f921a598891d5c526503768ec8de19f73d0afa84fee03dd4ae100ccd1b29cf4ad28210fabd3d1c7c0cfa320,gx-no-cache=1456489916364 HTTP/1.1" 200 739
186.103.157.42 - - [26/Feb/2016:09:43:05 -0300] "GET /cormun/servlet/solicitudot?INS,0,0, HTTP/1.1" 200 12012
186.103.157.42 - - [26/Feb/2016:09:43:05 -0300] "GET /cormun/static/gxcfg.js?201617004230 HTTP/1.1" 200 953
186.103.157.42 - - [26/Feb/2016:09:43:05 -0300] "GET /cormun/static/Resources/prompt.gif HTTP/1.1" 200 902
186.103.157.42 - - [26/Feb/2016:09:43:05 -0300] "GET /cormun/static/solicitudot.js?201617004281 HTTP/1.1" 200 44291
186.78.57.78 - - [26/Feb/2016:09:43:21 -0300] "POST /cormun/servlet/solicitudot?gx-no-cache=1456494376132 HTTP/1.1" 200 2669
186.78.57.78 - - [26/Feb/2016:09:43:22 -0300] "POST /cormun/servlet/solicitudot?05accc45606acdb22085ad58d5a934fa,INS,0,0,,gx-no-cache=1456494376496 HTTP/1.1" 200 9383
186.78.57.78 - - [26/Feb/2016:09:43:22 -0300] "GET /cormun/servlet/solicitudot?f71f61ae29d886f968b202e6bcee8fb7218e7e7f141c81a680c4e8e26599091a,gx-no-cache=1456494376875 HTTP/1.1" 200 111
186.78.57.78 - - [26/Feb/2016:09:43:22 -0300] "GET /cormun/static/Shared/jqueryui/images/ui-bg_highlight-soft_100_c6c2c8_1x100.png HTTP/1.1" 404 1117
186.78.57.78 - - [26/Feb/2016:09:43:22 -0300] "GET /cormun/static/Shared/jqueryui/images/ui-icons_82798d_256x240.png HTTP/1.1" 404 1089
186.78.57.78 - - [26/Feb/2016:09:43:22 -0300] "GET /cormun/static/Shared/jqueryui/images/ui-bg_flat_55_994d53_40x100.png HTTP/1.1" 404 1097
186.78.57.78 - - [26/Feb/2016:09:43:22 -0300] "GET /cormun/static/Shared/jqueryui/images/ui-icons_ebccce_256x240.png HTTP/1.1" 404 1089
186.103.159.44 - - [26/Feb/2016:09:43:50 -0300] "POST /cormun/servlet/trsolicitudot?511b5093c8abd530d4de693ecd7cd582,,gx-no-cache=1456490650791 HTTP/1.1" 200 3437
186.103.159.44 - - [26/Feb/2016:09:43:50 -0300] "POST /cormun/servlet/trsolicitudot?511b5093c8abd530d4de693ecd7cd582,,gx-no-cache=1456490651024 HTTP/1.1" 200 3437
186.103.157.42 - - [26/Feb/2016:09:43:53 -0300] "POST /cormun/servlet/solicitudot?gx-no-cache=1456489973321 HTTP/1.1" 200 2669
186.103.157.42 - - [26/Feb/2016:09:43:53 -0300] "POST /cormun/servlet/solicitudot?6e7af70d24c2ced5507340a691ad072c,INS,0,0,,gx-no-cache=1456489973597 HTTP/1.1" 200 9387
186.78.57.78 - - [26/Feb/2016:09:43:57 -0300] "POST /cormun/servlet/solicitudot?gx-no-cache=1456494415192 HTTP/1.1" 200 120
186.103.159.44 - - [26/Feb/2016:09:44:00 -0300] "POST /cormun/servlet/trsolicitudot?511b5093c8abd530d4de693ecd7cd582,,gx-no-cache=1456490660323 HTTP/1.1" 200 3439
186.103.159.44 - - [26/Feb/2016:09:44:00 -0300] "POST /cormun/servlet/trsolicitudot?511b5093c8abd530d4de693ecd7cd582,,gx-no-cache=1456490660504 HTTP/1.1" 200 3439
186.103.157.42 - - [26/Feb/2016:09:44:00 -0300] "GET /cormun/servlet/solicitudot?acdbb28298b6c8472b33d5f330616874c364b25c4a811ca626c9679fb42f40a606406ef08be63c80f1cc48f4e71d2a40,gx-no-cache=1456489981039 HTTP/1.1" 200 30
186.103.159.44 - - [26/Feb/2016:09:44:21 -0300] "POST /cormun/servlet/trsolicitudot?511b5093c8abd530d4de693ecd7cd582,,gx-no-cache=1456490681651 HTTP/1.1" 200 3441
186.103.159.44 - - [26/Feb/2016:09:44:21 -0300] "GET /cormun/servlet/trsolicitudot?a949da3a610f4013c4094319cd5aafe24971a10f8b467df73033724315c3db6584f30d9411b1fb6a7fcba18bcd5dd6fb1c207c41723bbbe6541eb8541a5618e2d9f00a875e4767d88252a3883388eab1,gx-no-cache=1456490682051 HTTP/1.1" 200 722
186.103.159.44 - - [26/Feb/2016:09:45:10 -0300] "POST /cormun/servlet/trsolicitudot?511b5093c8abd530d4de693ecd7cd582,,gx-no-cache=1456490730185 HTTP/1.1" 200 3441
186.103.159.44 - - [26/Feb/2016:09:45:16 -0300] "GET /cormun/servlet/trsolicitudot?a949da3a610f4013c4094319cd5aafe24971a10f8b467df73033724315c3db65d2906e33d474b52dce9f0fe5b88404e098c927a538363a362c2293a177f4aa10a239be6eb25f2a4aa4c510bde8e051200f8cb06dda20a3a3da126feb3dcdcbb7,gx-no-cache=1456490736728 HTTP/1.1" 200 722
190.160.194.221 - - [26/Feb/2016:09:45:38 -0300] "GET /cormun/servlet/hlogin HTTP/1.1" 200 1722
186.103.159.44 - - [26/Feb/2016:09:45:38 -0300] "GET /cormun/servlet/trsolicitudot?a949da3a610f4013c4094319cd5aafe21a6799fe9c04b3b893688d394962da0a6ddd3843b9c4fa7e8ce9b20f8915663b1498b608da31fe3fa1c89cdd73c9c19f952db8ec069e79d1d961a4ed5a50f2ce3226f3ccbd9b5d0df815bee2b0611718,gx-no-cache=1456490758946 HTTP/1.1" 200 722
190.160.194.221 - - [26/Feb/2016:09:45:38 -0300] "GET /cormun/static/gxtimezone.js?85251 HTTP/1.1" 200 5781
190.160.194.221 - - [26/Feb/2016:09:45:38 -0300] "GET /cormun/static/gxcfg.js?20151120045111 HTTP/1.1" 200 953
190.160.194.221 - - [26/Feb/2016:09:45:38 -0300] "GET /cormun/static/hlogin.js?20151120045126 HTTP/1.1" 200 2136
190.160.194.221 - - [26/Feb/2016:09:45:38 -0300] "GET /cormun/static/Resources/Spanish/PXTools.css?005343 HTTP/1.1" 200 89042
190.160.194.221 - - [26/Feb/2016:09:45:38 -0300] "GET /cormun/static/messages.spa.js?85251 HTTP/1.1" 200 30736
190.160.194.221 - - [26/Feb/2016:09:45:38 -0300] "GET /cormun/static/Resources/ComunLogin.png HTTP/1.1" 200 17326
190.160.194.221 - - [26/Feb/2016:09:45:39 -0300] "GET /cormun/static/gxgral.js?85251 HTTP/1.1" 200 384558
190.160.194.221 - - [26/Feb/2016:09:45:39 -0300] "GET /cormun/static/Resources/PXToolsLoginTop.png HTTP/1.1" 200 1337
190.160.194.221 - - [26/Feb/2016:09:45:39 -0300] "GET /cormun/static/Resources/PXToolsLoginBackground.png HTTP/1.1" 200 1164
190.160.194.221 - - [26/Feb/2016:09:45:39 -0300] "GET /cormun/static/Resources/PXToolsButtonRight21.png HTTP/1.1" 200 1283
190.160.194.221 - - [26/Feb/2016:09:45:39 -0300] "GET /cormun/static/Resources/PXToolsButtonLeft21.png HTTP/1.1" 200 1287
190.160.194.221 - - [26/Feb/2016:09:45:39 -0300] "GET /cormun/static/Resources/PXToolsLoginBottom.png HTTP/1.1" 200 1389
190.160.194.221 - - [26/Feb/2016:09:45:39 -0300] "GET /cormun/static/Resources/PXToolsButtonBackground2.png HTTP/1.1" 200 1181
190.160.194.221 - - [26/Feb/2016:09:45:40 -0300] "GET /cormun/static/Resources/indicator.gif HTTP/1.1" 200 1553
190.160.194.221 - - [26/Feb/2016:09:45:40 -0300] "GET /cormun/servlet/hlogin HTTP/1.1" 200 1728
190.160.194.221 - - [26/Feb/2016:09:45:40 -0300] "GET /favicon.ico HTTP/1.1" 200 21630
186.103.159.44 - - [26/Feb/2016:09:46:06 -0300] "GET /cormun/servlet/trsolicitudot?a949da3a610f4013c4094319cd5aafe21a6799fe9c04b3b893688d394962da0a6ddd3843b9c4fa7e8ce9b20f8915663b1498b608da31fe3fa1c89cdd73c9c19f952db8ec069e79d1d961a4ed5a50f2ce3226f3ccbd9b5d0df815bee2b0611718,gx-no-cache=1456490786910 HTTP/1.1" 200 722
186.103.159.44 - - [26/Feb/2016:09:46:06 -0300] "POST /cormun/servlet/trsolicitudot?511b5093c8abd530d4de693ecd7cd582,,gx-no-cache=1456490787129 HTTP/1.1" 200 3441
186.103.159.44 - - [26/Feb/2016:09:46:09 -0300] "POST /cormun/servlet/trsolicitudot?511b5093c8abd530d4de693ecd7cd582,,gx-no-cache=1456490789880 HTTP/1.1" 200 3441
186.103.157.42 - - [26/Feb/2016:09:46:11 -0300] "POST /cormun/servlet/solicitudot?6e7af70d24c2ced5507340a691ad072c,INS,0,0,,gx-no-cache=1456490112076 HTTP/1.1" 200 9732
186.103.159.44 - - [26/Feb/2016:09:46:11 -0300] "POST /cormun/servlet/trsolicitudot?511b5093c8abd530d4de693ecd7cd582,,gx-no-cache=1456490792091 HTTP/1.1" 200 3440
186.103.157.42 - - [26/Feb/2016:09:46:12 -0300] "GET /cormun/static/Shared/jqueryui/images/ui-bg_highlight-soft_100_c6c2c8_1x100.png HTTP/1.1" 404 1117
186.103.157.42 - - [26/Feb/2016:09:46:12 -0300] "GET /cormun/static/Shared/jqueryui/images/ui-icons_82798d_256x240.png HTTP/1.1" 404 1089
186.103.157.42 - - [26/Feb/2016:09:46:12 -0300] "GET /cormun/static/Shared/jqueryui/images/ui-bg_flat_55_994d53_40x100.png HTTP/1.1" 404 1097
186.103.157.42 - - [26/Feb/2016:09:46:12 -0300] "GET /cormun/static/Shared/jqueryui/images/ui-icons_ebccce_256x240.png HTTP/1.1" 404 1089
186.103.159.44 - - [26/Feb/2016:09:46:21 -0300] "GET /cormun/servlet/solicitudot?INS,0,0, HTTP/1.1" 200 12006
186.103.159.44 - - [26/Feb/2016:09:46:21 -0300] "GET /cormun/static/gxcfg.js?201617004230 HTTP/1.1" 200 953
186.103.159.44 - - [26/Feb/2016:09:46:21 -0300] "GET /cormun/static/Resources/prompt.gif HTTP/1.1" 200 902
186.103.159.44 - - [26/Feb/2016:09:46:22 -0300] "GET /cormun/static/solicitudot.js?201617004281 HTTP/1.1" 200 44291
186.103.159.44 - - [26/Feb/2016:09:46:23 -0300] "GET /cormun/servlet/solicitudot?INS,0,0, HTTP/1.1" 200 12011
186.78.57.78 - - [26/Feb/2016:09:46:23 -0300] "POST /cormun/servlet/solicitudot?gx-no-cache=1456494575923 HTTP/1.1" 200 2741
186.78.57.78 - - [26/Feb/2016:09:46:23 -0300] "POST /cormun/servlet/solicitudot?05accc45606acdb22085ad58d5a934fa,INS,0,0,,gx-no-cache=1456494576419 HTTP/1.1" 200 9533
186.103.159.44 - - [26/Feb/2016:09:46:36 -0300] "POST /cormun/servlet/solicitudot?gx-no-cache=1456490816643 HTTP/1.1" 200 2669
186.103.159.44 - - [26/Feb/2016:09:46:36 -0300] "POST /cormun/servlet/solicitudot?511b5093c8abd530d4de693ecd7cd582,INS,0,0,,gx-no-cache=1456490816808 HTTP/1.1" 200 9389
186.103.159.44 - - [26/Feb/2016:09:46:37 -0300] "GET /cormun/servlet/solicitudot?3bc56ba43b68e20d8e05649e26dc98c6abc56022e773832b79a094fcb075ac3a38c151b546eb5d8cb35092cda0df2e0c,gx-no-cache=1456490817771 HTTP/1.1" 200 111
186.103.159.44 - - [26/Feb/2016:09:46:37 -0300] "GET /cormun/static/Shared/jqueryui/images/ui-bg_highlight-soft_100_c6c2c8_1x100.png HTTP/1.1" 404 1117
186.103.159.44 - - [26/Feb/2016:09:46:37 -0300] "GET /cormun/static/Shared/jqueryui/images/ui-icons_82798d_256x240.png HTTP/1.1" 404 1089
186.103.159.44 - - [26/Feb/2016:09:46:37 -0300] "GET /cormun/static/Shared/jqueryui/images/ui-icons_ebccce_256x240.png HTTP/1.1" 404 1089
186.103.159.44 - - [26/Feb/2016:09:46:37 -0300] "GET /cormun/static/Shared/jqueryui/images/ui-bg_flat_55_994d53_40x100.png HTTP/1.1" 404 1097
186.78.57.78 - - [26/Feb/2016:09:46:38 -0300] "GET /cormun/servlet/solicitudot?f71f61ae29d886f968b202e6bcee8fb7c8cb169a728c2b9b5a43f98bcf084b907d4ebc6475f3734fdb781ee56670bfad,gx-no-cache=1456494593392 HTTP/1.1" 200 30
186.103.159.44 - - [26/Feb/2016:09:46:55 -0300] "POST /cormun/servlet/solicitudot?gx-no-cache=1456490836168 HTTP/1.1" 200 2672
186.103.159.44 - - [26/Feb/2016:09:46:56 -0300] "POST /cormun/servlet/solicitudot?511b5093c8abd530d4de693ecd7cd582,INS,0,0,,gx-no-cache=1456490836297 HTTP/1.1" 200 9435
186.103.159.44 - - [26/Feb/2016:09:46:59 -0300] "GET /cormun/servlet/solicitudot?3bc56ba43b68e20d8e05649e26dc98c6055b0191f6aa9307b2983ca6af6195cc2e2070e93b028792c5bc3d5a30c6b975,gx-no-cache=1456490840037 HTTP/1.1" 200 30
186.103.157.42 - - [26/Feb/2016:09:47:42 -0300] "POST /cormun/servlet/solicitudot?gx-no-cache=1456490203175 HTTP/1.1" 200 30
186.103.157.42 - - [26/Feb/2016:09:47:57 -0300] "POST /cormun/servlet/solicitudot?gx-no-cache=1456490218203 HTTP/1.1" 200 33
186.103.157.42 - - [26/Feb/2016:09:47:57 -0300] "POST /cormun/servlet/solicitudot?gx-no-cache=1456490218316 HTTP/1.1" 200 452
186.103.157.42 - - [26/Feb/2016:09:47:58 -0300] "GET /cormun/servlet/solicitudot?acdbb28298b6c8472b33d5f330616874ac7993163c9bdcd19730d114b452dfe7443068ddda80bc7953b51a20b291a1df1d16852766ab5fe9b21573898b8d918bf1cd24145dc82fe99c4037307a18f0dc0620612754a771e7a772385629f1acef5eb69275e5b5269c7ba00954342ace46994f6fdd9a474f7a1ac5afada56b83c6a8f35275c8a5b2462321e473eeb3ce5f,gx-no-cache=1456490218397 HTTP/1.1" 200 38
186.103.159.44 - - [26/Feb/2016:09:49:24 -0300] "POST /cormun/servlet/solicitudot?gx-no-cache=1456490984722 HTTP/1.1" 200 30
186.103.159.44 - - [26/Feb/2016:09:49:31 -0300] "POST /cormun/servlet/solicitudot?gx-no-cache=1456490991552 HTTP/1.1" 200 30
186.103.159.44 - - [26/Feb/2016:09:49:33 -0300] "POST /cormun/servlet/solicitudot?gx-no-cache=1456490994122 HTTP/1.1" 200 452
186.103.159.44 - - [26/Feb/2016:09:49:33 -0300] "GET /cormun/servlet/solicitudot?3bc56ba43b68e20d8e05649e26dc98c63c0e4b170577801e18dbaf476095683edd35502a41efbecb4f48c6a325284284809db75cf1cd0390ef0022c500a0c26962023fd6ab74f0b7c18d82539b316031e8431551c6bb00aa4256bfe6e0fcf9a867c2d8870f24bfc8c150f12823cf218c29d8d3995bd95ed9362447d26764300fada61640d6f0df47fd76dabcfb8aef9b,gx-no-cache=1456490994219 HTTP/1.1" 200 38
186.78.57.78 - - [26/Feb/2016:09:50:18 -0300] "POST /cormun/servlet/solicitudot?gx-no-cache=1456494713187 HTTP/1.1" 200 30
186.103.159.44 - - [26/Feb/2016:09:50:53 -0300] "GET /cormun/servlet/solicitudot?3bc56ba43b68e20d8e05649e26dc98c6cc50af5ffcdbf0688622744796eaff7c03e859fea0db67518094cb5e4ceb63ce6a9e5d4bf6e95ee9e021d213684fa3e8fc8fb4afc7b86eb7602d0fbb6f039cd9b5a6cf3f01fc4965e0fc430ea7639b54b915b0a534966adaa9eefe6b44c4393f,gx-no-cache=1456491073505 HTTP/1.1" 200 29
186.103.159.44 - - [26/Feb/2016:09:50:55 -0300] "POST /cormun/servlet/solicitudot?gx-no-cache=1456491075371 HTTP/1.1" 200 1116
186.103.157.42 - - [26/Feb/2016:09:51:31 -0300] "GET /cormun/servlet/solicitudot?INS,0,0, HTTP/1.1" 200 12002
186.103.157.42 - - [26/Feb/2016:09:51:40 -0300] "POST /cormun/servlet/solicitudot?gx-no-cache=1456490440353 HTTP/1.1" 200 2669
186.103.157.42 - - [26/Feb/2016:09:51:40 -0300] "POST /cormun/servlet/solicitudot?6e7af70d24c2ced5507340a691ad072c,INS,0,0,,gx-no-cache=1456490440537 HTTP/1.1" 200 9364
186.103.157.42 - - [26/Feb/2016:09:51:40 -0300] "GET /cormun/servlet/solicitudot?acdbb28298b6c8472b33d5f330616874200f86898a8b8577f0ec914ef33b80d6,gx-no-cache=1456490440854 HTTP/1.1" 200 111
186.103.157.42 - - [26/Feb/2016:09:51:40 -0300] "POST /cormun/servlet/solicitudot?gx-no-cache=1456490441056 HTTP/1.1" 200 120
186.103.157.42 - - [26/Feb/2016:09:51:40 -0300] "POST /cormun/servlet/solicitudot?gx-no-cache=1456490441152 HTTP/1.1" 200 33
186.103.157.42 - - [26/Feb/2016:09:51:41 -0300] "POST /cormun/servlet/solicitudot?gx-no-cache=1456490441304 HTTP/1.1" 200 452
186.103.157.42 - - [26/Feb/2016:09:51:41 -0300] "GET /cormun/servlet/solicitudot?acdbb28298b6c8472b33d5f330616874ac7993163c9bdcd19730d114b452dfe7443068ddda80bc7953b51a20b291a1df1d16852766ab5fe9b21573898b8d918bf1cd24145dc82fe99c4037307a18f0dc0620612754a771e7a772385629f1acef5eb69275e5b5269c7ba00954342ace46994f6fdd9a474f7a1ac5afada56b83c6a8f35275c8a5b2462321e473eeb3ce5f,gx-no-cache=1456490441426 HTTP/1.1" 200 38
186.103.157.42 - - [26/Feb/2016:09:51:41 -0300] "GET /cormun/static/Shared/jqueryui/images/ui-icons_ebccce_256x240.png HTTP/1.1" 404 1089
186.103.157.42 - - [26/Feb/2016:09:51:41 -0300] "GET /cormun/static/Shared/jqueryui/images/ui-bg_flat_55_994d53_40x100.png HTTP/1.1" 404 1097
186.103.157.42 - - [26/Feb/2016:09:51:41 -0300] "GET /cormun/static/Shared/jqueryui/images/ui-icons_82798d_256x240.png HTTP/1.1" 404 1089
186.103.157.42 - - [26/Feb/2016:09:51:41 -0300] "GET /cormun/static/Shared/jqueryui/images/ui-bg_highlight-soft_100_c6c2c8_1x100.png HTTP/1.1" 404 1117
186.103.157.42 - - [26/Feb/2016:09:51:55 -0300] "POST /cormun/servlet/solicitudot?6e7af70d24c2ced5507340a691ad072c,INS,0,0,,gx-no-cache=1456490455816 HTTP/1.1" 200 9706
186.103.159.44 - - [26/Feb/2016:09:52:37 -0300] "GET /cormun/servlet/solicitudot?3bc56ba43b68e20d8e05649e26dc98c620c87e79604d309e72415b0ade4d9c5c14764e38d95b3fc684cb6e16d5b2f232b3a6335ad7d9a1bb598c336f90e8e753124db810d2ab77ea3756d48158ebea1a7aff52a828a54995a5a5272c80cd49c33d010c6da845b3b810a3fcae5e119108aa8e4d70a1874243bba8ca3c953ec1ebe11b09fcc62aefa77ec5d6328d76e0629c75f06ee97c049297393351eb3eae24115ff9e7a687fa37248538d0cca8f9b8,gx-no-cache=1456491177668 HTTP/1.1" 200 30
186.103.157.42 - - [26/Feb/2016:09:52:57 -0300] "POST /cormun/servlet/solicitudot?gx-no-cache=1456490517439 HTTP/1.1" 200 2672
186.103.157.42 - - [26/Feb/2016:09:52:57 -0300] "POST /cormun/servlet/solicitudot?6e7af70d24c2ced5507340a691ad072c,INS,0,0,,gx-no-cache=1456490517769 HTTP/1.1" 200 9454
186.103.159.44 - - [26/Feb/2016:09:52:57 -0300] "POST /cormun/servlet/solicitudot?511b5093c8abd530d4de693ecd7cd582,INS,0,0,,gx-no-cache=1456491197996 HTTP/1.1" 200 93
186.103.159.44 - - [26/Feb/2016:09:52:57 -0300] "GET /cormun/servlet/hpexe_return? HTTP/1.1" 200 1005
186.103.159.44 - - [26/Feb/2016:09:52:58 -0300] "GET /cormun/static/gxcfg.js?2015111312145050 HTTP/1.1" 200 953
186.103.159.44 - - [26/Feb/2016:09:52:58 -0300] "GET /cormun/static/hpexe_return.js?2015111312145056 HTTP/1.1" 200 1633
186.103.159.44 - - [26/Feb/2016:09:52:58 -0300] "GET /cormun/static/Resources/Spanish/PXTools.css?12112540 HTTP/1.1" 200 89042
186.103.159.44 - - [26/Feb/2016:09:52:58 -0300] "GET /cormun/servlet/trsolicitudot? HTTP/1.1" 200 6084
186.103.159.44 - - [26/Feb/2016:09:52:59 -0300] "GET /cormun/servlet/trsolicitudot? HTTP/1.1" 200 6080
186.103.157.42 - - [26/Feb/2016:09:53:49 -0300] "GET /cormun/servlet/solicitudot?acdbb28298b6c8472b33d5f330616874c364b25c4a811ca626c9679fb42f40a606406ef08be63c80f1cc48f4e71d2a40,gx-no-cache=1456490569639 HTTP/1.1" 200 30
186.103.159.44 - - [26/Feb/2016:09:53:54 -0300] "POST /cormun/servlet/trsolicitudot?511b5093c8abd530d4de693ecd7cd582,,gx-no-cache=1456491254315 HTTP/1.1" 200 3445
186.103.159.44 - - [26/Feb/2016:09:53:54 -0300] "POST /cormun/servlet/trsolicitudot?511b5093c8abd530d4de693ecd7cd582,,gx-no-cache=1456491254663 HTTP/1.1" 200 3444
186.103.159.44 - - [26/Feb/2016:09:53:54 -0300] "POST /cormun/servlet/trsolicitudot?511b5093c8abd530d4de693ecd7cd582,,gx-no-cache=1456491254866 HTTP/1.1" 200 3445
186.103.159.44 - - [26/Feb/2016:09:53:54 -0300] "POST /cormun/servlet/trsolicitudot?511b5093c8abd530d4de693ecd7cd582,,gx-no-cache=1456491255072 HTTP/1.1" 200 3444
186.103.159.44 - - [26/Feb/2016:09:53:55 -0300] "POST /cormun/servlet/trsolicitudot?511b5093c8abd530d4de693ecd7cd582,,gx-no-cache=1456491255275 HTTP/1.1" 200 3445
186.103.159.44 - - [26/Feb/2016:09:53:55 -0300] "POST /cormun/servlet/trsolicitudot?511b5093c8abd530d4de693ecd7cd582,,gx-no-cache=1456491255483 HTTP/1.1" 200 3445
186.103.159.44 - - [26/Feb/2016:09:53:55 -0300] "POST /cormun/servlet/trsolicitudot?511b5093c8abd530d4de693ecd7cd582,,gx-no-cache=1456491255658 HTTP/1.1" 200 3445
186.103.159.44 - - [26/Feb/2016:09:53:55 -0300] "POST /cormun/servlet/trsolicitudot?511b5093c8abd530d4de693ecd7cd582,,gx-no-cache=1456491255840 HTTP/1.1" 200 3444
186.103.159.44 - - [26/Feb/2016:09:53:56 -0300] "POST /cormun/servlet/trsolicitudot?511b5093c8abd530d4de693ecd7cd582,,gx-no-cache=1456491256381 HTTP/1.1" 200 3445
186.103.159.44 - - [26/Feb/2016:09:53:59 -0300] "POST /cormun/servlet/trsolicitudot?511b5093c8abd530d4de693ecd7cd582,,gx-no-cache=1456491260029 HTTP/1.1" 200 103
186.103.159.44 - - [26/Feb/2016:09:53:59 -0300] "GET /cormun/SolicitudOT-4639.xls HTTP/1.1" 200 4608
186.103.159.44 - - [26/Feb/2016:09:54:07 -0300] "GET /cormun/servlet/solicitudot?INS,0,0, HTTP/1.1" 200 12005
186.103.159.44 - - [26/Feb/2016:09:54:09 -0300] "GET /cormun/servlet/solicitudot?INS,0,0, HTTP/1.1" 200 12010
186.103.159.44 - - [26/Feb/2016:09:54:16 -0300] "GET /cormun/servlet/trsolicitudot? HTTP/1.1" 200 6084
186.103.159.44 - - [26/Feb/2016:09:54:17 -0300] "GET /cormun/servlet/trsolicitudot? HTTP/1.1" 200 6080
186.103.159.44 - - [26/Feb/2016:09:54:23 -0300] "POST /cormun/servlet/trsolicitudot?511b5093c8abd530d4de693ecd7cd582,,gx-no-cache=1456491284022 HTTP/1.1" 200 3444
186.103.159.44 - - [26/Feb/2016:09:54:36 -0300] "GET /cormun/servlet/trsolicitudot?a949da3a610f4013c4094319cd5aafe21a6799fe9c04b3b893688d394962da0a6ddd3843b9c4fa7e8ce9b20f8915663b1498b608da31fe3fa1c89cdd73c9c19f952db8ec069e79d1d961a4ed5a50f2ce3226f3ccbd9b5d0df815bee2b0611718,gx-no-cache=1456491297040 HTTP/1.1" 200 722
186.103.159.44 - - [26/Feb/2016:09:54:37 -0300] "POST /cormun/servlet/trsolicitudot?511b5093c8abd530d4de693ecd7cd582,,gx-no-cache=1456491297390 HTTP/1.1" 200 3455
186.103.159.44 - - [26/Feb/2016:09:54:37 -0300] "POST /cormun/servlet/trsolicitudot?511b5093c8abd530d4de693ecd7cd582,,gx-no-cache=1456491297566 HTTP/1.1" 200 3455
186.103.159.44 - - [26/Feb/2016:09:54:47 -0300] "GET /cormun/servlet/trsolicitudot?a949da3a610f4013c4094319cd5aafe21a6799fe9c04b3b893688d394962da0a85ae96ffe7746cc3bac05a41e6bccd7e563d3efed945a4e21c448ff10156cf2f47d21cc803cd4eba3d25825fa552c45e84849378d4d9e65d69273d8176d5426f,gx-no-cache=1456491308014 HTTP/1.1" 200 730
186.103.159.44 - - [26/Feb/2016:09:54:48 -0300] "GET /cormun/servlet/trsolicitudot?a949da3a610f4013c4094319cd5aafe21a6799fe9c04b3b893688d394962da0a05143adb426c4191311768e93e6820ad3f7287fc630a2792f4306acf79c7994bd1caf78d3aba8de6fae4b38b5883123b0b5924c693ca472f02c3f882d0aa2800,gx-no-cache=1456491308902 HTTP/1.1" 200 730
186.103.159.44 - - [26/Feb/2016:09:54:50 -0300] "GET /cormun/servlet/trsolicitudot?a949da3a610f4013c4094319cd5aafe21a6799fe9c04b3b893688d394962da0a50d825fd7f40eb23a8249b5c198e19ecef268bd9f17ac85ee0ac97dc10218ac0ec74bb7c39af18078f4bbe185884ee1a5c4a35cfbd770356503a637a51b7e298,gx-no-cache=1456491310570 HTTP/1.1" 200 730
186.103.159.44 - - [26/Feb/2016:09:54:50 -0300] "POST /cormun/servlet/trsolicitudot?511b5093c8abd530d4de693ecd7cd582,,gx-no-cache=1456491310705 HTTP/1.1" 200 3454
186.103.159.44 - - [26/Feb/2016:09:55:13 -0300] "POST /cormun/servlet/trsolicitudot?511b5093c8abd530d4de693ecd7cd582,,gx-no-cache=1456491333204 HTTP/1.1" 200 3454
186.103.159.44 - - [26/Feb/2016:09:55:20 -0300] "GET /cormun/servlet/trsolicitudot?a949da3a610f4013c4094319cd5aafe21a6799fe9c04b3b893688d394962da0af73b496361a99a64d7fb3ba006b976174a68222ceed3a67d2505f572afda0ce30273a122f040ff1a61159625916bf9c0e0b9bfad83563043412b51d6a01d195c,gx-no-cache=1456491340393 HTTP/1.1" 200 730
186.103.157.42 - - [26/Feb/2016:09:55:22 -0300] "POST /cormun/servlet/solicitudot?gx-no-cache=1456490663171 HTTP/1.1" 200 30
186.103.159.44 - - [26/Feb/2016:09:55:27 -0300] "GET /cormun/servlet/trsolicitudot?a949da3a610f4013c4094319cd5aafe21a6799fe9c04b3b893688d394962da0a85ae96ffe7746cc3bac05a41e6bccd7e563d3efed945a4e21c448ff10156cf2f47d21cc803cd4eba3d25825fa552c45e84849378d4d9e65d69273d8176d5426f,gx-no-cache=1456491347861 HTTP/1.1" 200 730
186.103.159.44 - - [26/Feb/2016:09:55:29 -0300] "GET /cormun/servlet/trsolicitudot?a949da3a610f4013c4094319cd5aafe21a6799fe9c04b3b893688d394962da0a50d825fd7f40eb23a8249b5c198e19ecef268bd9f17ac85ee0ac97dc10218ac0ec74bb7c39af18078f4bbe185884ee1a5c4a35cfbd770356503a637a51b7e298,gx-no-cache=1456491349588 HTTP/1.1" 200 730
186.103.159.44 - - [26/Feb/2016:09:55:29 -0300] "POST /cormun/servlet/trsolicitudot?511b5093c8abd530d4de693ecd7cd582,,gx-no-cache=1456491349773 HTTP/1.1" 200 3464
186.103.159.44 - - [26/Feb/2016:09:55:33 -0300] "GET /cormun/servlet/trsolicitudot?a949da3a610f4013c4094319cd5aafe21a6799fe9c04b3b893688d394962da0a07ccc798334b9c75b5ab37fdc1b8faab8aa5ec2d945add745c76df0fc3d8461da787320b44df97d3dd0f48722e4db9fda437508f18d50443d4e6c05a2af66778,gx-no-cache=1456491353470 HTTP/1.1" 200 735
186.103.159.44 - - [26/Feb/2016:09:55:34 -0300] "GET /cormun/servlet/trsolicitudot?a949da3a610f4013c4094319cd5aafe21a6799fe9c04b3b893688d394962da0a07ccc798334b9c75b5ab37fdc1b8faaba1220da17cd398da5871589b04ca14fc563d3efed945a4e21c448ff10156cf2f47d21cc803cd4eba3d25825fa552c45e84849378d4d9e65d69273d8176d5426f,gx-no-cache=1456491354538 HTTP/1.1" 200 735
186.103.159.44 - - [26/Feb/2016:09:55:35 -0300] "GET /cormun/servlet/trsolicitudot?a949da3a610f4013c4094319cd5aafe21a6799fe9c04b3b893688d394962da0a07ccc798334b9c75b5ab37fdc1b8faabceffe778ee67294d5c2c4ae6b172d430178c0c9a7bc0eeed4832997c0adf3237a6210a6c601acfcdb4976c8ada3cb4b95683ee53b2fb2f943ac3b18c37809e95,gx-no-cache=1456491355907 HTTP/1.1" 200 735
186.103.159.44 - - [26/Feb/2016:09:55:35 -0300] "POST /cormun/servlet/trsolicitudot?511b5093c8abd530d4de693ecd7cd582,,gx-no-cache=1456491356068 HTTP/1.1" 200 3475
186.103.157.42 - - [26/Feb/2016:09:55:40 -0300] "POST /cormun/servlet/solicitudot?gx-no-cache=1456490680988 HTTP/1.1" 200 30
186.103.159.44 - - [26/Feb/2016:09:55:43 -0300] "POST /cormun/servlet/trsolicitudot?511b5093c8abd530d4de693ecd7cd582,,gx-no-cache=1456491364021 HTTP/1.1" 200 3475
186.103.159.44 - - [26/Feb/2016:09:55:44 -0300] "POST /cormun/servlet/trsolicitudot?511b5093c8abd530d4de693ecd7cd582,,gx-no-cache=1456491364253 HTTP/1.1" 200 3475
186.103.159.44 - - [26/Feb/2016:09:55:44 -0300] "POST /cormun/servlet/trsolicitudot?511b5093c8abd530d4de693ecd7cd582,,gx-no-cache=1456491364477 HTTP/1.1" 200 3475
186.103.159.44 - - [26/Feb/2016:09:55:46 -0300] "POST /cormun/servlet/trsolicitudot?511b5093c8abd530d4de693ecd7cd582,,gx-no-cache=1456491366240 HTTP/1.1" 200 3475
186.103.159.44 - - [26/Feb/2016:09:55:48 -0300] "POST /cormun/servlet/trsolicitudot?511b5093c8abd530d4de693ecd7cd582,,gx-no-cache=1456491368760 HTTP/1.1" 200 3475
186.103.159.44 - - [26/Feb/2016:09:55:51 -0300] "POST /cormun/servlet/trsolicitudot?511b5093c8abd530d4de693ecd7cd582,,gx-no-cache=1456491371307 HTTP/1.1" 200 3475
186.103.157.42 - - [26/Feb/2016:09:55:57 -0300] "POST /cormun/servlet/solicitudot?gx-no-cache=1456490698271 HTTP/1.1" 200 452
186.103.157.42 - - [26/Feb/2016:09:55:58 -0300] "GET /cormun/servlet/solicitudot?acdbb28298b6c8472b33d5f330616874ac7993163c9bdcd19730d114b452dfe7443068ddda80bc7953b51a20b291a1df1d16852766ab5fe9b21573898b8d918bf1cd24145dc82fe99c4037307a18f0dc0620612754a771e7a772385629f1acef5eb69275e5b5269c7ba00954342ace46994f6fdd9a474f7a1ac5afada56b83c6a8f35275c8a5b2462321e473eeb3ce5f,gx-no-cache=1456490698353 HTTP/1.1" 200 38
186.103.159.44 - - [26/Feb/2016:09:55:59 -0300] "POST /cormun/servlet/trsolicitudot?511b5093c8abd530d4de693ecd7cd582,,gx-no-cache=1456491379678 HTTP/1.1" 200 3476
186.103.159.44 - - [26/Feb/2016:09:56:00 -0300] "POST /cormun/servlet/trsolicitudot?511b5093c8abd530d4de693ecd7cd582,,gx-no-cache=1456491381181 HTTP/1.1" 200 3474
186.103.159.44 - - [26/Feb/2016:09:56:04 -0300] "POST /cormun/servlet/acontrolpreferencessavestate?None,CE-28,true HTTP/1.1" 200 35
186.103.159.44 - - [26/Feb/2016:09:56:05 -0300] "POST /cormun/servlet/acontrolpreferencessavestate?None,CE-28,true HTTP/1.1" 200 35
186.103.157.42 - - [26/Feb/2016:09:56:31 -0300] "GET /cormun/servlet/solicitudot?acdbb28298b6c8472b33d5f330616874f08540c4f2ea5bedfff045376920bba08c91ec1e59f2a08527d6718d7801eafac42055ed95c3f07baa38ab1ae937884b9f6945ba41a67d7b77e94588188afa1946f67d47750576ca1de3f51605bceeb5f97111df58d65111c5ccc6a9aca6579a,gx-no-cache=1456490731831 HTTP/1.1" 200 29
186.103.157.42 - - [26/Feb/2016:09:56:35 -0300] "POST /cormun/servlet/solicitudot?gx-no-cache=1456490735741 HTTP/1.1" 200 1116
186.78.57.78 - - [26/Feb/2016:09:56:45 -0300] "POST /cormun/servlet/solicitudot?gx-no-cache=1456495139186 HTTP/1.1" 200 122
186.78.57.78 - - [26/Feb/2016:09:57:11 -0300] "POST /cormun/servlet/solicitudot?gx-no-cache=1456495167902 HTTP/1.1" 200 30
186.103.159.44 - - [26/Feb/2016:09:57:29 -0300] "GET /cormun/servlet/solicitudot?INS,0,0, HTTP/1.1" 200 12007
186.103.159.44 - - [26/Feb/2016:09:57:31 -0300] "GET /cormun/servlet/solicitudot?INS,0,0, HTTP/1.1" 200 12011
186.103.159.44 - - [26/Feb/2016:09:58:28 -0300] "POST /cormun/servlet/solicitudot?gx-no-cache=1456491528537 HTTP/1.1" 200 2669
186.103.159.44 - - [26/Feb/2016:09:58:28 -0300] "POST /cormun/servlet/solicitudot?511b5093c8abd530d4de693ecd7cd582,INS,0,0,,gx-no-cache=1456491528707 HTTP/1.1" 200 9389
186.103.159.44 - - [26/Feb/2016:09:58:36 -0300] "GET /cormun/servlet/solicitudot?3bc56ba43b68e20d8e05649e26dc98c6055b0191f6aa9307b2983ca6af6195cc2e2070e93b028792c5bc3d5a30c6b975,gx-no-cache=1456491536716 HTTP/1.1" 200 30
186.103.157.42 - - [26/Feb/2016:09:58:48 -0300] "GET /cormun/static/menuarrow.gif HTTP/1.1" 404 1015
186.103.157.42 - - [26/Feb/2016:09:59:07 -0300] "GET /cormun/servlet/solicitudot?acdbb28298b6c8472b33d5f330616874d5f1786cf423f0894ee2b22bb6eda9eb7d7f6dc5bd7c2560fea07653e594a083456d08dac7c124f16bb04995db9aaf4200ac76e112ee45039e1a8ad01d8e2e3ba83a23ebed072af0b8572804c76ee808b4855d65cd04f3a4cdc66a85bd2177fe00225a965a17c5f3a25f46721c6dd9ec2e6ac6249b4c66dcc1e1d99bddf644a8c30971ecadb21e54d0da1d196beba603c5e588886159f7a203f52c13d251368e,gx-no-cache=1456490888244 HTTP/1.1" 200 30
186.103.157.42 - - [26/Feb/2016:09:59:40 -0300] "POST /cormun/servlet/solicitudot?6e7af70d24c2ced5507340a691ad072c,INS,0,0,,gx-no-cache=1456490920152 HTTP/1.1" 200 10423
186.103.157.42 - - [26/Feb/2016:09:59:47 -0300] "POST /cormun/servlet/solicitudot?6e7af70d24c2ced5507340a691ad072c,INS,0,0,,gx-no-cache=1456490927618 HTTP/1.1" 200 10457
186.103.157.42 - - [26/Feb/2016:10:00:49 -0300] "POST /cormun/servlet/solicitudot?gx-no-cache=1456490990190 HTTP/1.1" 200 30
186.103.157.42 - - [26/Feb/2016:10:00:50 -0300] "POST /cormun/servlet/solicitudot?gx-no-cache=1456490990389 HTTP/1.1" 200 1152
186.103.157.42 - - [26/Feb/2016:10:00:50 -0300] "GET /cormun/servlet/solicitudot?acdbb28298b6c8472b33d5f330616874ac7993163c9bdcd19730d114b452dfe7443068ddda80bc7953b51a20b291a1df1d16852766ab5fe9b21573898b8d918bf1cd24145dc82fe99c4037307a18f0dc0620612754a771e7a772385629f1acef5eb69275e5b5269c7ba00954342ace46994f6fdd9a474f7a1ac5afada56b83c6264dcc50831aca74f0ea725042fdfa8580c96a0e47f5bf259293c304d7634907,gx-no-cache=1456490990490 HTTP/1.1" 200 41
186.103.157.42 - - [26/Feb/2016:10:00:50 -0300] "POST /cormun/servlet/solicitudot?gx-no-cache=1456490990572 HTTP/1.1" 200 1115
186.103.157.42 - - [26/Feb/2016:10:00:50 -0300] "GET /cormun/servlet/solicitudot?acdbb28298b6c8472b33d5f330616874d5f1786cf423f0894ee2b22bb6eda9eb7d7f6dc5bd7c2560fea07653e594a083456d08dac7c124f16bb04995db9aaf4200ac76e112ee45039e1a8ad01d8e2e3ba83a23ebed072af0b8572804c76ee808b4855d65cd04f3a4cdc66a85bd2177fe00225a965a17c5f3a25f46721c6dd9ec2e6ac6249b4c66dcc1e1d99bddf644a8c30971ecadb21e54d0da1d196beba603c5e588886159f7a203f52c13d251368e,gx-no-cache=1456490990661 HTTP/1.1" 200 30
186.103.157.42 - - [26/Feb/2016:10:00:50 -0300] "POST /cormun/servlet/solicitudot?6e7af70d24c2ced5507340a691ad072c,INS,0,0,,gx-no-cache=1456490990736 HTTP/1.1" 200 93
186.103.157.42 - - [26/Feb/2016:10:00:50 -0300] "GET /cormun/servlet/hpexe_return? HTTP/1.1" 200 1000
186.103.157.42 - - [26/Feb/2016:10:00:50 -0300] "GET /cormun/static/gxcfg.js?2015111312145050 HTTP/1.1" 200 953
186.103.157.42 - - [26/Feb/2016:10:00:50 -0300] "GET /cormun/static/hpexe_return.js?2015111312145056 HTTP/1.1" 200 1633
186.103.157.42 - - [26/Feb/2016:10:00:50 -0300] "GET /cormun/static/Resources/Spanish/PXTools.css?12112540 HTTP/1.1" 200 89042
186.103.157.42 - - [26/Feb/2016:10:00:51 -0300] "GET /cormun/servlet/trsolicitudot? HTTP/1.1" 200 6116
