186.67.172.234 - - [26/Feb/2016:13:53:00 -0300] "GET /cormun/servlet/solicitudot?431d08edd07ea7d616b33faa7e480c76095b955f8b5c73575b623b3c457ded2d0cc05d738061032232f209c160a75b25b187e5e3f395d83cdcc28211b96d1cc7f80b4d2a96d077a44e44622106be3bf66d0ac1eaa2a7a68b385437ee5c9914b8ce4a7159846f27be10266a62b6262f15370909646bf9e9932304f0d880e19232fc8572e9636c808f61bb8b9080e14a84f83376a5a142b58d715cfd9ec1ec68b5,gx-no-cache=1456505630801 HTTP/1.1" 200 41
186.78.37.98 - - [26/Feb/2016:13:53:14 -0300] "GET /cormun/servlet/solicitudot?b93d9c96e6dc7b8ad5f0181edf590c2e36da567f20b84938a7f99922c5d6ca6783c218f7f55654070af5e925d5927a83b7f7557b79daa71b8f74f8eb4ee164230e17d3147b056810c896f45d2eb05b2715cc12e2a5606a8c7651f5cb8212b7c089e42595cfda347e0c4ce6e10a9ab1aa5dfe46cde7e672755955961c03480efcb41d42b11aea0fd57b56f7fdd941966129fcefea588e04f710631bb00a82db5b0e001fae6324f1b69ed04ba6ad2e5ac9,gx-no-cache=1456505622828 HTTP/1.1" 200 30
186.67.172.234 - - [26/Feb/2016:13:53:25 -0300] "GET /cormun/servlet/solicitudot?431d08edd07ea7d616b33faa7e480c76cd22731f7714f54c43927fd2ed4b151b0113fb77328396697e9d6b03c17d7b2f8e0fc911696163ea4b4b4a9a82fc12b18e6f856ee8861bcd7c03da77dfb3f08583bc38886e78e4cff05212c1bd3c9258778de793513f57b41da43439f539bc297e191631673d8040d9869d97075ec7dc74f04f16d5e650e957992964802373e705e3d60e0ae4974d818b118e827d28bf701ae21465104e929f703f4ecbdb1290b0fc5ed6715979f644750e323aa03b3a5827e2f3b5c48f794b257a3c46b02745,gx-no-cache=1456505656254 HTTP/1.1" 200 29
192.168.10.98 - - [26/Feb/2016:13:53:50 -0300] "GET /cormun/servlet/securityusers?UPD,3811, HTTP/1.1" 200 6475
186.103.156.24 - - [26/Feb/2016:13:55:18 -0300] "GET /cormun/servlet/solicitudot?ce7a9b60bef21b405fdc6c7e7f4f9fac28c5d997bc0f13e7618a6d8a7d7f5e9b43628843701518ea0a6d8c3cb1ae7d4742947cdd4b3dfb27a75138784077c0b448cf20e6b389f3656e40baf9f61613882aa6a7a688369298ca34fe27e9af44f40a9a775a210a50267fb120fb27165d0dcb521c09e051def4b9b722f6e0cbfb8cd00b8cb123b2f632d503a82beeb00da56987e9f9e6924faf3e1f5dd778703f4ee9c048b5e5dc235505dc8932fe621cd1,gx-no-cache=1456505926635 HTTP/1.1" 200 30
192.168.10.89 - - [26/Feb/2016:13:55:22 -0300] "POST /cormun/servlet/hlogin?f4f7698cb60a320b38006e5998670818,gx-no-cache=1456505477788 HTTP/1.1" 200 443
192.168.10.89 - - [26/Feb/2016:13:55:34 -0300] "POST /cormun/servlet/hlogin?f4f7698cb60a320b38006e5998670818,gx-no-cache=1456505489360 HTTP/1.1" 200 443
192.168.10.89 - - [26/Feb/2016:13:55:39 -0300] "POST /cormun/servlet/hlogin?f4f7698cb60a320b38006e5998670818,gx-no-cache=1456505494761 HTTP/1.1" 200 443
186.67.172.234 - - [26/Feb/2016:13:56:01 -0300] "POST /cormun/servlet/solicitudot?gx-no-cache=1456505812455 HTTP/1.1" 200 1116
186.67.172.234 - - [26/Feb/2016:13:56:01 -0300] "GET /cormun/servlet/solicitudot?431d08edd07ea7d616b33faa7e480c7677e3feeccafb864ed1c953a37a13f6ffccdb0a5385fdeffbe9c6fb22757bf9fa124e4473dec5fa16ad5f1de8fcdb03d4efebd0e9287a3e694e2477077e0e2fd7a5fd3613d676251cec8adad0c529ca6b193572b33e4d1099bf2b96d4910db43c932daac12ad2a9601f4cb1fa999836a46a31e9bdaaad25e40cfa8e18411e46f59255d89590c0188b6fca3b268d384d22964c0b28330f2d292c0339b6d188116a,gx-no-cache=1456505812642 HTTP/1.1" 200 30
186.67.172.234 - - [26/Feb/2016:13:56:02 -0300] "POST /cormun/servlet/solicitudot?974ef71ca7a5bc441549e624289e476d,INS,0,0,,gx-no-cache=1456505812734 HTTP/1.1" 200 93
186.67.172.234 - - [26/Feb/2016:13:56:02 -0300] "GET /cormun/servlet/hpexe_return? HTTP/1.1" 200 1006
186.67.172.234 - - [26/Feb/2016:13:56:02 -0300] "GET /cormun/static/gxcfg.js?2015111312145050 HTTP/1.1" 200 953
186.67.172.234 - - [26/Feb/2016:13:56:02 -0300] "GET /cormun/static/hpexe_return.js?2015111312145056 HTTP/1.1" 200 1633
186.67.172.234 - - [26/Feb/2016:13:56:02 -0300] "GET /cormun/static/Resources/Spanish/PXTools.css?12112540 HTTP/1.1" 200 89042
186.67.172.234 - - [26/Feb/2016:13:56:02 -0300] "GET /cormun/servlet/trsolicitudot? HTTP/1.1" 200 7387
186.67.172.234 - - [26/Feb/2016:13:56:03 -0300] "GET /cormun//static/Resources/PXToolsActionView.png HTTP/1.1" 200 2995
186.67.172.234 - - [26/Feb/2016:13:56:03 -0300] "GET /cormun//static/Resources/PXToolsGridUpdate.png HTTP/1.1" 200 2984
186.67.172.234 - - [26/Feb/2016:13:56:03 -0300] "GET /cormun//static/Resources/PXToolsGridDelete.png HTTP/1.1" 200 357
186.67.172.234 - - [26/Feb/2016:13:56:03 -0300] "GET /cormun//static/Resources/PXToolsRemoveAllAction.png HTTP/1.1" 200 3558
186.67.172.234 - - [26/Feb/2016:13:56:03 -0300] "GET /cormun/servlet/trsolicitudot? HTTP/1.1" 200 7383
186.67.172.234 - - [26/Feb/2016:13:56:03 -0300] "GET /cormun//static/Resources/PXTools/ActionInsert.png HTTP/1.1" 200 1482
186.103.156.24 - - [26/Feb/2016:13:56:06 -0300] "POST /cormun/servlet/solicitudot?ff279fb7925b38f0833832256426fa6a,INS,0,0,,gx-no-cache=1456505979241 HTTP/1.1" 200 93
186.103.156.24 - - [26/Feb/2016:13:56:06 -0300] "GET /cormun/servlet/hpexe_return? HTTP/1.1" 200 1019
186.103.156.24 - - [26/Feb/2016:13:56:07 -0300] "GET /cormun/servlet/trsolicitudot?gx-no-cache=1456505529910 HTTP/1.1" 200 6102
186.103.156.24 - - [26/Feb/2016:13:56:08 -0300] "GET /cormun/servlet/trsolicitudot?gx-no-cache=1456505529910 HTTP/1.1" 200 6118
186.103.156.24 - - [26/Feb/2016:13:56:11 -0300] "GET /cormun/servlet/solicitudot?INS,0,0, HTTP/1.1" 200 12053
186.103.156.24 - - [26/Feb/2016:13:56:12 -0300] "GET /cormun/servlet/solicitudot?INS,0,0, HTTP/1.1" 200 12035
186.67.172.234 - - [26/Feb/2016:13:56:16 -0300] "GET /cormun/servlet/solicitudot?INS,0,0, HTTP/1.1" 200 12010
186.67.172.234 - - [26/Feb/2016:13:56:17 -0300] "GET /cormun/servlet/solicitudot?INS,0,0, HTTP/1.1" 200 12014
186.103.156.24 - - [26/Feb/2016:13:56:30 -0300] "POST /cormun/servlet/solicitudot?gx-no-cache=1456506007992 HTTP/1.1" 200 2750
186.103.156.24 - - [26/Feb/2016:13:56:31 -0300] "POST /cormun/servlet/solicitudot?ff279fb7925b38f0833832256426fa6a,INS,0,0,,gx-no-cache=1456506008264 HTTP/1.1" 200 9556
186.103.156.24 - - [26/Feb/2016:13:56:38 -0300] "GET /cormun/servlet/solicitudot?ce7a9b60bef21b405fdc6c7e7f4f9fac5e995efd8fb630aed3903e1e773d25ae46623f733b42a7986bfb70be1441eb23,gx-no-cache=1456506016968 HTTP/1.1" 200 30
186.103.156.24 - - [26/Feb/2016:13:56:38 -0300] "POST /cormun/servlet/solicitudot?gx-no-cache=1456506017071 HTTP/1.1" 200 30
186.67.172.234 - - [26/Feb/2016:13:56:52 -0300] "POST /cormun/servlet/solicitudot?gx-no-cache=1456505862907 HTTP/1.1" 200 2669
186.67.172.234 - - [26/Feb/2016:13:56:52 -0300] "POST /cormun/servlet/solicitudot?974ef71ca7a5bc441549e624289e476d,INS,0,0,,gx-no-cache=1456505863041 HTTP/1.1" 200 9386
186.103.156.24 - - [26/Feb/2016:13:56:54 -0300] "POST /cormun/servlet/solicitudot?gx-no-cache=1456506034091 HTTP/1.1" 200 122
186.103.156.24 - - [26/Feb/2016:13:56:54 -0300] "GET /cormun/static/Shared/jqueryui/images/ui-bg_highlight-soft_100_c6c2c8_1x100.png HTTP/1.1" 404 1117
186.103.156.24 - - [26/Feb/2016:13:56:54 -0300] "GET /cormun/static/Shared/jqueryui/images/ui-icons_82798d_256x240.png HTTP/1.1" 404 1089
186.103.156.24 - - [26/Feb/2016:13:56:54 -0300] "GET /cormun/static/Shared/jqueryui/images/ui-icons_ebccce_256x240.png HTTP/1.1" 404 1089
186.103.156.24 - - [26/Feb/2016:13:56:54 -0300] "GET /cormun/static/Shared/jqueryui/images/ui-bg_flat_55_994d53_40x100.png HTTP/1.1" 404 1097
186.67.172.234 - - [26/Feb/2016:13:56:59 -0300] "GET /cormun/servlet/solicitudot?431d08edd07ea7d616b33faa7e480c767038ca5cb26975e279250adaa985a85c3c715e0d9f99fa4a1c53743bf0658d03,gx-no-cache=1456505870591 HTTP/1.1" 200 30
186.103.156.24 - - [26/Feb/2016:13:57:02 -0300] "POST /cormun/servlet/solicitudot?gx-no-cache=1456506044097 HTTP/1.1" 200 33
186.103.156.24 - - [26/Feb/2016:13:57:14 -0300] "POST /cormun/servlet/solicitudot?gx-no-cache=1456506057451 HTTP/1.1" 200 1157
186.103.156.24 - - [26/Feb/2016:13:57:14 -0300] "GET /cormun/servlet/solicitudot?ce7a9b60bef21b405fdc6c7e7f4f9facd70e307a4a9c7ef17a50f2f4576dc3e9d632c022c8cfd969d69299f01a392748403ad0209ebccac0bdb0046be6e552fa5defe6a0ef2618c7903ecce1743b38c718ed2b54ff35630806115b03b1ddbe8fb6eefc4636083a55fb4b7dfc909c720c7d0b9db183c3a1335fddaa0255e518e9fea45307d4de3a13cce652fcb6997962,gx-no-cache=1456506057561 HTTP/1.1" 200 38
186.78.51.83 - - [26/Feb/2016:13:57:15 -0300] "GET /cormun/servlet/hlogin HTTP/1.1" 200 1720
186.78.37.98 - - [26/Feb/2016:13:57:52 -0300] "GET /cormun/servlet/solicitudot?b93d9c96e6dc7b8ad5f0181edf590c2e36da567f20b84938a7f99922c5d6ca6783c218f7f55654070af5e925d5927a83b7f7557b79daa71b8f74f8eb4ee164230e17d3147b056810c896f45d2eb05b2715cc12e2a5606a8c7651f5cb8212b7c089e42595cfda347e0c4ce6e10a9ab1aa5dfe46cde7e672755955961c03480efcb41d42b11aea0fd57b56f7fdd941966129fcefea588e04f710631bb00a82db5b0e001fae6324f1b69ed04ba6ad2e5ac9,gx-no-cache=1456505900852 HTTP/1.1" 200 30
186.78.37.98 - - [26/Feb/2016:13:57:53 -0300] "POST /cormun/servlet/solicitudot?c625cffd78fbb7880c1338272d509c46,INS,0,0,,gx-no-cache=1456505901147 HTTP/1.1" 200 93
186.78.37.98 - - [26/Feb/2016:13:57:53 -0300] "GET /cormun/servlet/hpexe_return? HTTP/1.1" 200 1005
186.78.37.98 - - [26/Feb/2016:13:57:54 -0300] "GET /cormun/static/gxcfg.js?2015111312145050 HTTP/1.1" 200 953
186.78.37.98 - - [26/Feb/2016:13:57:54 -0300] "GET /cormun/static/hpexe_return.js?2015111312145056 HTTP/1.1" 200 1633
186.78.37.98 - - [26/Feb/2016:13:57:54 -0300] "GET /cormun/static/Resources/Spanish/PXTools.css?12112540 HTTP/1.1" 200 89042
186.78.37.98 - - [26/Feb/2016:13:57:54 -0300] "GET /cormun/servlet/trsolicitudot HTTP/1.1" 200 6089
186.78.37.98 - - [26/Feb/2016:13:57:55 -0300] "GET /cormun/servlet/trsolicitudot HTTP/1.1" 200 6085
186.103.156.24 - - [26/Feb/2016:13:58:01 -0300] "GET /cormun/servlet/solicitudot?ce7a9b60bef21b405fdc6c7e7f4f9fac1d10b8047f7e51a469f8bb12282fa474db5e6f7fa73b02737f6a19c13e30f1cfb3bff07e3ad4725da91a234a9c94ebe86a66175838ea0f985f25343cac736b0c642c443adf0a55267389b7d1cb17f8887c8bd14c0aa20016ba47813eda822c5555cdb44178726977abd5837682b3e576b29e8d9f1e9925718d31ca263cf1da460f99ac8f7d790fdcb2b65473d84d20c470be0b97bdaa3b4abd78137b8bb30ed51ac3a3e294ce01806cf6e8c4828f4c0038a343df53df710cccc365c9548b3f5b,gx-no-cache=1456506110675 HTTP/1.1" 200 29
186.103.156.24 - - [26/Feb/2016:13:58:02 -0300] "POST /cormun/servlet/solicitudot?gx-no-cache=1456506110712 HTTP/1.1" 200 1117
186.78.51.83 - - [26/Feb/2016:13:58:23 -0300] "POST /cormun/servlet/hlogin?e6239a87c11b90f7937d80ea19acdaf7,gx-no-cache=1456505966130 HTTP/1.1" 200 90
186.78.51.83 - - [26/Feb/2016:13:58:23 -0300] "GET /cormun/servlet/hpexe_link HTTP/1.1" 200 948
186.78.51.83 - - [26/Feb/2016:13:58:23 -0300] "GET /cormun/static/gxcfg.js?20151120044395 HTTP/1.1" 200 953
186.78.51.83 - - [26/Feb/2016:13:58:23 -0300] "GET /cormun/static/hpexe_link.js?20151120044398 HTTP/1.1" 200 625
186.78.51.83 - - [26/Feb/2016:13:58:23 -0300] "GET /cormun/servlet/hhome HTTP/1.1" 200 3349
186.78.51.83 - - [26/Feb/2016:13:58:23 -0300] "GET /cormun/static/Shared/jqueryui/jquery-ui.min.css?1345370 HTTP/1.1" 200 30288
186.78.51.83 - - [26/Feb/2016:13:58:23 -0300] "GET /cormun/static/SmoothNavMenu/resources/ddsmoothmenu.css?1112540 HTTP/1.1" 200 2223
186.78.51.83 - - [26/Feb/2016:13:58:23 -0300] "GET /cormun/static/SmoothNavMenu/resources/ddsmoothmenu-v.css?1112540 HTTP/1.1" 200 1188
186.78.51.83 - - [26/Feb/2016:13:58:23 -0300] "GET /cormun/static/scaMessage/css/jquery.pnotify.default.css?1816380 HTTP/1.1" 200 1707
186.78.51.83 - - [26/Feb/2016:13:58:23 -0300] "GET /cormun/static/gxcfg.js?2015112210564248 HTTP/1.1" 200 953
186.78.51.83 - - [26/Feb/2016:13:58:23 -0300] "GET /cormun/static/Resources/Spanish/PXTools.css?10515224 HTTP/1.1" 200 89042
186.78.51.83 - - [26/Feb/2016:13:58:23 -0300] "GET /cormun/static/PXToolsJavascripts/pexe_autoreload.js HTTP/1.1" 200 1762
186.78.51.83 - - [26/Feb/2016:13:58:23 -0300] "GET /cormun/static/PXToolsJavascripts/pexe_cookies.js HTTP/1.1" 200 792
186.78.51.83 - - [26/Feb/2016:13:58:23 -0300] "GET /cormun/static/PXToolsJavascripts/pexe_windows.js HTTP/1.1" 200 15207
186.78.51.83 - - [26/Feb/2016:13:58:23 -0300] "GET /cormun/static/PXToolsJavascripts/pexe_grid.js HTTP/1.1" 200 7559
186.78.51.83 - - [26/Feb/2016:13:58:24 -0300] "GET /cormun/static/PXToolsJavascripts/pexe_griddivfix.js HTTP/1.1" 200 6644
186.78.51.83 - - [26/Feb/2016:13:58:24 -0300] "GET /cormun/static/PXToolsJavascripts/pexe_link.js HTTP/1.1" 200 5671
186.78.51.83 - - [26/Feb/2016:13:58:24 -0300] "GET /cormun/static/PXToolsJavascripts/pexe_menudivfix.js HTTP/1.1" 200 333
186.78.51.83 - - [26/Feb/2016:13:58:24 -0300] "GET /cormun/static/PXToolsJavascripts/pexe_menus.js HTTP/1.1" 200 1286
186.78.51.83 - - [26/Feb/2016:13:58:24 -0300] "GET /cormun/static/PXToolsJavascripts/pexe_layers.js HTTP/1.1" 200 4114
186.78.51.83 - - [26/Feb/2016:13:58:24 -0300] "GET /cormun/static/PXToolsJavascripts/pexe_oav.js HTTP/1.1" 200 645
186.78.51.83 - - [26/Feb/2016:13:58:24 -0300] "GET /cormun/static/PXToolsJavascripts/pexe_oavdivfix.js HTTP/1.1" 200 639
186.78.51.83 - - [26/Feb/2016:13:58:24 -0300] "GET /cormun/static/PXToolsJavascripts/pexe_popup.js HTTP/1.1" 200 13458
186.78.51.83 - - [26/Feb/2016:13:58:24 -0300] "GET /cormun/static/PXToolsJavascripts/pexe_picture.js HTTP/1.1" 200 689
186.78.51.83 - - [26/Feb/2016:13:58:24 -0300] "GET /cormun/static/PXToolsJavascripts/pexe_tabdivfix.js HTTP/1.1" 200 876
186.78.51.83 - - [26/Feb/2016:13:58:24 -0300] "GET /cormun/static/PXToolsJavascripts/pexe_tabs.js HTTP/1.1" 200 3748
186.78.51.83 - - [26/Feb/2016:13:58:24 -0300] "GET /cormun/static/PXToolsJavascripts/pexe_upload.js HTTP/1.1" 200 1423
186.78.51.83 - - [26/Feb/2016:13:58:24 -0300] "GET /cormun/static/PXToolsJavascripts/PXToolsJavascriptsRender.js HTTP/1.1" 200 367
186.78.51.83 - - [26/Feb/2016:13:58:24 -0300] "GET /cormun/static/RunJS/RunJS.js HTTP/1.1" 200 288
186.78.51.83 - - [26/Feb/2016:13:58:24 -0300] "GET /cormun/static/Shared/ext/locale/ext-lang-en.js HTTP/1.1" 200 10940
186.78.51.83 - - [26/Feb/2016:13:58:24 -0300] "GET /cormun/static/hhome.js?2015112210564255 HTTP/1.1" 200 777
186.78.51.83 - - [26/Feb/2016:13:58:24 -0300] "GET /cormun/static/hwchdr01.js?20162241650484 HTTP/1.1" 200 1002
186.78.51.83 - - [26/Feb/2016:13:58:24 -0300] "GET /cormun/static/PXToolsJavascripts/pexe_scrolldiv.js HTTP/1.1" 200 4138
186.78.51.83 - - [26/Feb/2016:13:58:24 -0300] "GET /cormun/static/hpexe_recentlink.js?2015111312121342 HTTP/1.1" 200 2144
186.78.51.83 - - [26/Feb/2016:13:58:24 -0300] "GET /cormun/static/hpexe_scripts.js?20151120014546 HTTP/1.1" 200 1544
186.78.51.83 - - [26/Feb/2016:13:58:24 -0300] "GET /cormun/static/hpexe_messagecontroller.js?2015112210524422 HTTP/1.1" 200 870
186.78.51.83 - - [26/Feb/2016:13:58:24 -0300] "GET /cormun/static/gxui/gxui-all.js HTTP/1.1" 200 107772
186.78.51.83 - - [26/Feb/2016:13:58:24 -0300] "GET /cormun/static/hpexe_messagepopupcomponent.js?201622412404545 HTTP/1.1" 200 605
186.78.51.83 - - [26/Feb/2016:13:58:24 -0300] "GET /cormun/static/hpexe_messagegenexuscomponent.js?20151120014314 HTTP/1.1" 200 587
186.78.51.83 - - [26/Feb/2016:13:58:24 -0300] "GET /cormun/static/cmcontrolpreferences.js?20151120014525 HTTP/1.1" 200 1375
186.78.51.83 - - [26/Feb/2016:13:58:24 -0300] "GET /cormun/static/SmoothNavMenu/resources/ddsmoothmenu.js HTTP/1.1" 200 12712
186.78.51.83 - - [26/Feb/2016:13:58:24 -0300] "GET /cormun/static/SmoothNavMenu/resources/SmoothNavMenuRender.js HTTP/1.1" 200 5951
186.78.51.83 - - [26/Feb/2016:13:58:25 -0300] "GET /cormun/static/Shared/jquery/jquery-1.4.2.min.js HTTP/1.1" 200 72174
186.78.51.83 - - [26/Feb/2016:13:58:25 -0300] "GET /cormun/static/scaMessage/js/jquery.pnotify.min.js HTTP/1.1" 200 13038
186.78.51.83 - - [26/Feb/2016:13:58:25 -0300] "GET /cormun/static/scaMessage/scaMessageRender.js HTTP/1.1" 200 11977
186.78.51.83 - - [26/Feb/2016:13:58:25 -0300] "GET /cormun/static/hmpwkw03.js?201622421393366 HTTP/1.1" 200 3845
192.168.10.98 - - [26/Feb/2016:13:58:25 -0300] "GET /cormun/servlet/hlogin HTTP/1.1" 200 1747
186.78.51.83 - - [26/Feb/2016:13:58:25 -0300] "GET /cormun/static/Resources/PXToolsFooterBackground2.png HTTP/1.1" 200 1172
186.78.51.83 - - [26/Feb/2016:13:58:25 -0300] "GET /cormun/static/Resources/PXToolsHeaderBackground2.png HTTP/1.1" 200 1174
186.78.51.83 - - [26/Feb/2016:13:58:25 -0300] "GET /cormun/static/Resources/PXToolsDataTitle.png HTTP/1.1" 200 1173
186.78.51.83 - - [26/Feb/2016:13:58:26 -0300] "GET /cormun/static/Resources/PXToolsHeaderActionsBackground.png HTTP/1.1" 200 484
186.78.51.83 - - [26/Feb/2016:13:58:26 -0300] "GET /cormun/static/Resources/PXToolsHeaderSecurity.png HTTP/1.1" 200 4166
186.78.51.83 - - [26/Feb/2016:13:58:26 -0300] "GET /cormun/static/Resources/PXToolsHeaderHome.png HTTP/1.1" 200 4147
186.78.51.83 - - [26/Feb/2016:13:58:26 -0300] "GET /cormun/static/Shared/jquery/jquery-1.10.2.min.js HTTP/1.1" 200 273199
186.78.51.83 - - [26/Feb/2016:13:58:26 -0300] "GET /cormun/static/Resources/PXToolsHeaderActionsLeft.png HTTP/1.1" 200 1118
186.78.51.83 - - [26/Feb/2016:13:58:26 -0300] "GET /cormun/static/Shared/jqueryui/jquery-ui.min.js HTTP/1.1" 200 240427
186.78.51.83 - - [26/Feb/2016:13:58:26 -0300] "GET /cormun/static/Resources/logo4.png HTTP/1.1" 200 6582
186.78.51.83 - - [26/Feb/2016:13:58:26 -0300] "GET /cormun/static/Resources/PXToolsHeaderPreferences.png HTTP/1.1" 200 4189
186.78.51.83 - - [26/Feb/2016:13:58:26 -0300] "GET /cormun/static/Resources/PXToolsHeaderActionsRight.png HTTP/1.1" 200 1201
186.78.51.83 - - [26/Feb/2016:13:58:26 -0300] "GET /cormun/static/Resources/PXToolsHeaderLogin.png HTTP/1.1" 200 4279
186.78.51.83 - - [26/Feb/2016:13:58:28 -0300] "GET /cormun/static/Shared/ext/ext-all.js HTTP/1.1" 200 1289687
186.78.51.83 - - [26/Feb/2016:13:58:29 -0300] "GET /cormun/servlet/hhome HTTP/1.1" 200 3346
186.78.51.83 - - [26/Feb/2016:13:58:29 -0300] "GET /cormun/static/SmoothNavMenu/resources/images/down.gif HTTP/1.1" 200 854
186.103.156.24 - - [26/Feb/2016:13:58:35 -0300] "GET /cormun/static/menuarrow.gif HTTP/1.1" 404 1015
186.103.156.24 - - [26/Feb/2016:13:58:48 -0300] "GET /cormun/servlet/solicitudot?ce7a9b60bef21b405fdc6c7e7f4f9fac30256e0b0b3e3b01fb432cd92fd4787776f31e5dc6384fdb53124d4d1f7d2fb209cc03d407c5540db717fd183d242d152f72c4df95d1f8fd8a4283a39225a42f4d3866d3d72157b8757435933de7eb20128b2d230a62d1996a58aad3766993597a2f1dae7b4835746384e7fa3466b5b2b6387f489fc2d11b6f544b4080f7c544680de6930a1ed85009b6db8dc8a45430b58f3ca3aa17b1da6c389378070d02d0,gx-no-cache=1456506162649 HTTP/1.1" 200 30
186.78.51.83 - - [26/Feb/2016:13:58:55 -0300] "GET /cormun/servlet/trvisualizadoreventos? HTTP/1.1" 200 5869
186.78.51.83 - - [26/Feb/2016:13:58:55 -0300] "GET /cormun/static/gxui/gxui-all.css?120300 HTTP/1.1" 200 2179
186.78.51.83 - - [26/Feb/2016:13:58:55 -0300] "GET /cormun/static/calendar-system.css?85620 HTTP/1.1" 200 5572
186.78.51.83 - - [26/Feb/2016:13:58:55 -0300] "GET /cormun/static/gxcfg.js?2016251828014 HTTP/1.1" 200 953
186.78.51.83 - - [26/Feb/2016:13:58:55 -0300] "GET /cormun/static/calendar-setup.js?85251 HTTP/1.1" 200 2588
186.78.51.83 - - [26/Feb/2016:13:58:55 -0300] "GET /cormun/static/calendar-es.js?85251 HTTP/1.1" 200 1901
186.78.51.83 - - [26/Feb/2016:13:58:55 -0300] "GET /cormun/static/calendar.js?85251 HTTP/1.1" 200 26246
186.78.51.83 - - [26/Feb/2016:13:58:56 -0300] "GET /cormun/static/Resources/PXTools/calendar.png HTTP/1.1" 200 1306
186.78.51.83 - - [26/Feb/2016:13:58:56 -0300] "GET /cormun/static/Resources/Spanish/PXTools.css?17554516 HTTP/1.1" 200 89042
186.78.51.83 - - [26/Feb/2016:13:58:56 -0300] "GET /cormun/static/gxdec.js?85251 HTTP/1.1" 200 19579
186.78.51.83 - - [26/Feb/2016:13:58:56 -0300] "GET /cormun/static/trvisualizadoreventos.js?2016251828276 HTTP/1.1" 200 19096
186.78.51.83 - - [26/Feb/2016:13:58:56 -0300] "GET /cormun/static/Resources/PXToolsDataSearch.png HTTP/1.1" 200 419
186.78.51.83 - - [26/Feb/2016:13:58:56 -0300] "GET /cormun/static/Resources/PXToolsGridFirst.gif HTTP/1.1" 200 379
186.78.51.83 - - [26/Feb/2016:13:58:56 -0300] "GET /cormun/static/Resources/PXToolsGridPrevious.gif HTTP/1.1" 200 369
186.78.51.83 - - [26/Feb/2016:13:58:56 -0300] "GET /cormun/static/Shared/ext/resources/css/ext-all.css?215870 HTTP/1.1" 200 416045
186.78.51.83 - - [26/Feb/2016:13:58:56 -0300] "GET /cormun/static/Resources/PXToolsGridNext.gif HTTP/1.1" 200 369
186.78.51.83 - - [26/Feb/2016:13:58:56 -0300] "GET /cormun/static/Resources/PXToolsGridLast.gif HTTP/1.1" 200 370
186.78.51.83 - - [26/Feb/2016:13:58:57 -0300] "GET /cormun/static/Resources/PXToolsActionPrint.png HTTP/1.1" 200 3317
186.78.51.83 - - [26/Feb/2016:13:58:57 -0300] "GET /cormun/static/Resources/PXToolsActionExcel.png HTTP/1.1" 200 3187
186.78.51.83 - - [26/Feb/2016:13:58:59 -0300] "GET /cormun/static/Resources/asc.gif HTTP/1.1" 200 67
186.78.51.83 - - [26/Feb/2016:13:58:59 -0300] "GET /cormun/static/Resources/desc.gif HTTP/1.1" 200 65
186.78.51.83 - - [26/Feb/2016:13:58:59 -0300] "GET /cormun/servlet/trvisualizadoreventos? HTTP/1.1" 200 5869
186.78.51.83 - - [26/Feb/2016:13:59:00 -0300] "GET /cormun/static/Shared/ext/resources/themes/images/default/panel/bg-headersPanel.png HTTP/1.1" 200 255
186.78.51.83 - - [26/Feb/2016:13:59:00 -0300] "GET /cormun/static/Shared/ext/resources/themes/images/default/tools/tool-sprites.gif HTTP/1.1" 200 5434
186.67.172.234 - - [26/Feb/2016:13:59:00 -0300] "POST /cormun/servlet/solicitudot?gx-no-cache=1456505991049 HTTP/1.1" 200 120
186.78.51.83 - - [26/Feb/2016:13:59:01 -0300] "POST /cormun/servlet/acontrolpreferencessavestate?None,ELOBOS,true HTTP/1.1" 200 35
192.168.10.98 - - [26/Feb/2016:13:59:01 -0300] "POST /cormun/servlet/hlogin?0680554b5aef9c46075b707691845105,gx-no-cache=1456505696761 HTTP/1.1" 200 462
186.67.172.234 - - [26/Feb/2016:13:59:03 -0300] "POST /cormun/servlet/solicitudot?gx-no-cache=1456505993997 HTTP/1.1" 200 30
186.78.51.83 - - [26/Feb/2016:13:59:05 -0300] "POST /cormun/servlet/trvisualizadoreventos?e6239a87c11b90f7937d80ea19acdaf7,,gx-no-cache=1456506009020 HTTP/1.1" 200 3266
186.78.51.83 - - [26/Feb/2016:13:59:06 -0300] "POST /cormun/servlet/trvisualizadoreventos?e6239a87c11b90f7937d80ea19acdaf7,,gx-no-cache=1456506009417 HTTP/1.1" 200 3266
186.78.51.83 - - [26/Feb/2016:13:59:06 -0300] "POST /cormun/servlet/trvisualizadoreventos?e6239a87c11b90f7937d80ea19acdaf7,,gx-no-cache=1456506009844 HTTP/1.1" 200 3266
186.78.51.83 - - [26/Feb/2016:13:59:07 -0300] "POST /cormun/servlet/trvisualizadoreventos?e6239a87c11b90f7937d80ea19acdaf7,,gx-no-cache=1456506010286 HTTP/1.1" 200 3266
192.168.10.98 - - [26/Feb/2016:13:59:09 -0300] "POST /cormun/servlet/hlogin?0680554b5aef9c46075b707691845105,gx-no-cache=1456505704048 HTTP/1.1" 200 90
192.168.10.98 - - [26/Feb/2016:13:59:09 -0300] "GET /cormun/servlet/hpexe_link HTTP/1.1" 200 954
192.168.10.98 - - [26/Feb/2016:13:59:09 -0300] "GET /cormun/servlet/hhome HTTP/1.1" 200 3357
186.78.51.83 - - [26/Feb/2016:13:59:10 -0300] "POST /cormun/servlet/trvisualizadoreventos?e6239a87c11b90f7937d80ea19acdaf7,,gx-no-cache=1456506013789 HTTP/1.1" 200 3267
186.78.51.83 - - [26/Feb/2016:13:59:10 -0300] "GET /cormun/servlet/trvisualizadoreventos?038a524c47707fd8a96da7388fbf36a48ee4757685ef1ff4dbcca19cfa644b1f6d8d8242ee2794c35b115c6768bff9f8bdc6f238db450228eae8e3d453f58c0a71e6e095af47fa09fc5032d09502237463a6879f6d6916c6646acb81128475e042e04923aeeea735ed5b7e43d8c1fbb8497b0cf5789278be2992321acd3d40b522b9f0ed797e112f75643d6fb13fb1d40249769ab3073caed505dacf6f94f3cb32bfbaebe0ade331a4d32cdd1b498b3415123987086feb7c0614a61aed328463,gx-no-cache=1456506014236 HTTP/1.1" 200 565
186.103.156.24 - - [26/Feb/2016:13:59:14 -0300] "POST /cormun/servlet/solicitudot?ff279fb7925b38f0833832256426fa6a,INS,0,0,,gx-no-cache=1456506192795 HTTP/1.1" 200 93
186.103.156.24 - - [26/Feb/2016:13:59:16 -0300] "GET /cormun/servlet/hpexe_return? HTTP/1.1" 200 1019
186.103.156.24 - - [26/Feb/2016:13:59:16 -0300] "GET /cormun/servlet/trsolicitudot?gx-no-cache=1456505529910 HTTP/1.1" 200 6102
186.103.156.24 - - [26/Feb/2016:13:59:17 -0300] "GET /cormun/servlet/trsolicitudot?gx-no-cache=1456505529910 HTTP/1.1" 200 6118
186.78.51.83 - - [26/Feb/2016:13:59:31 -0300] "GET /cormun/servlet/trvisualizadoreventos?038a524c47707fd8a96da7388fbf36a4add55f7abdf162637e08da8e7d58a2e129114e9cf9945cb468ed271e14e2accae02a5f08cbe29637b351111376fc7efffc32aa216bbf059ea64720a715ab40a752af44a49d56a077921a8374c47455c05616915b0a3379459a05ddbda3ea94db6073e8806fb61e9699cb64f23d655f5088d848a36bc54f650e3f4e69186dff58608f6a47a479a57cd8ca87678c420639d188bd0e0a133633d51dce514acad258008ff586de7366a79039bc2fce0515f5,gx-no-cache=1456506035015 HTTP/1.1" 200 566
186.78.51.83 - - [26/Feb/2016:13:59:34 -0300] "POST /cormun/servlet/trvisualizadoreventos?e6239a87c11b90f7937d80ea19acdaf7,,gx-no-cache=1456506037926 HTTP/1.1" 200 3272
186.78.51.83 - - [26/Feb/2016:13:59:35 -0300] "POST /cormun/servlet/trvisualizadoreventos?e6239a87c11b90f7937d80ea19acdaf7,,gx-no-cache=1456506038333 HTTP/1.1" 200 3272
186.78.51.83 - - [26/Feb/2016:13:59:35 -0300] "POST /cormun/servlet/trvisualizadoreventos?e6239a87c11b90f7937d80ea19acdaf7,,gx-no-cache=1456506038737 HTTP/1.1" 200 3272
186.67.172.234 - - [26/Feb/2016:13:59:35 -0300] "POST /cormun/servlet/solicitudot?gx-no-cache=1456506026602 HTTP/1.1" 200 30
186.78.51.83 - - [26/Feb/2016:13:59:36 -0300] "POST /cormun/servlet/trvisualizadoreventos?e6239a87c11b90f7937d80ea19acdaf7,,gx-no-cache=1456506039145 HTTP/1.1" 200 3273
186.103.156.24 - - [26/Feb/2016:13:59:39 -0300] "GET /cormun/servlet/trautorizarsolicitud? HTTP/1.1" 200 6058
186.103.156.24 - - [26/Feb/2016:13:59:40 -0300] "GET /cormun/static/gxcfg.js?2016224124647 HTTP/1.1" 200 953
186.103.156.24 - - [26/Feb/2016:13:59:40 -0300] "GET /cormun/static/Resources/Spanish/PXTools.css?12395978 HTTP/1.1" 200 89042
186.103.156.24 - - [26/Feb/2016:13:59:40 -0300] "GET /cormun/static/trautorizarsolicitud.js?20162241246932 HTTP/1.1" 200 45302
186.67.172.234 - - [26/Feb/2016:13:59:40 -0300] "POST /cormun/servlet/solicitudot?gx-no-cache=1456506031677 HTTP/1.1" 200 452
186.103.156.24 - - [26/Feb/2016:13:59:40 -0300] "GET /cormun/servlet/trautorizarsolicitud? HTTP/1.1" 200 6039
186.67.172.234 - - [26/Feb/2016:13:59:40 -0300] "GET /cormun/servlet/solicitudot?431d08edd07ea7d616b33faa7e480c76095b955f8b5c73575b623b3c457ded2d0cc05d738061032232f209c160a75b25b187e5e3f395d83cdcc28211b96d1cc7f80b4d2a96d077a44e44622106be3bf66d0ac1eaa2a7a68b385437ee5c9914b8ce4a7159846f27be10266a62b6262f15370909646bf9e9932304f0d880e1923240f961257f636c7040e6c6c449d12bb6,gx-no-cache=1456506031747 HTTP/1.1" 200 38
186.103.156.24 - - [26/Feb/2016:13:59:42 -0300] "POST /cormun/servlet/acontrolpreferencessavestate?None,GALVAREZ,true HTTP/1.1" 200 35
186.78.51.83 - - [26/Feb/2016:13:59:48 -0300] "POST /cormun/servlet/trvisualizadoreventos?e6239a87c11b90f7937d80ea19acdaf7,,gx-no-cache=1456506051632 HTTP/1.1" 200 3273
186.78.51.83 - - [26/Feb/2016:13:59:48 -0300] "GET /cormun/servlet/trvisualizadoreventos?038a524c47707fd8a96da7388fbf36a48294188116e220db0e6fb981d5a9b847a06c37b0838888ff8cd567b870d2fc17e02a5f08cbe29637b351111376fc7efffc32aa216bbf059ea64720a715ab40a752af44a49d56a077921a8374c47455c05616915b0a3379459a05ddbda3ea94db6073e8806fb61e9699cb64f23d655f5088d848a36bc54f650e3f4e69186dff58608f6a47a479a57cd8ca87678c420639d188bd0e0a133633d51dce514acad25897bf3317173a716906ccb545234bc12e,gx-no-cache=1456506052140 HTTP/1.1" 200 569
186.67.172.234 - - [26/Feb/2016:14:00:13 -0300] "GET /cormun/servlet/solicitudot?431d08edd07ea7d616b33faa7e480c76cd22731f7714f54c43927fd2ed4b151b0113fb77328396697e9d6b03c17d7b2f58b7f9350068eba31836176bc15f69f0cfb426bde57362eb8cb4a5576c2478ada6da9dbc08cdf943d3b8e50f9ebc2f941ad342c58d26608883f3d2ce65a555d0,gx-no-cache=1456506064569 HTTP/1.1" 200 29
186.67.172.234 - - [26/Feb/2016:14:00:16 -0300] "POST /cormun/servlet/solicitudot?gx-no-cache=1456506067184 HTTP/1.1" 200 1116
186.78.51.83 - - [26/Feb/2016:14:00:20 -0300] "GET /cormun/servlet/trvisualizadoreventos?038a524c47707fd8a96da7388fbf36a41a5ba8389bc497f655b3aed68487c95b6d8d8242ee2794c35b115c6768bff9f8bdc6f238db450228eae8e3d453f58c0a71e6e095af47fa09fc5032d09502237463a6879f6d6916c6646acb81128475e042e04923aeeea735ed5b7e43d8c1fbb8497b0cf5789278be2992321acd3d40b522b9f0ed797e112f75643d6fb13fb1d40249769ab3073caed505dacf6f94f3cb32bfbaebe0ade331a4d32cdd1b498b3415123987086feb7c0614a61aed328463,gx-no-cache=1456506083517 HTTP/1.1" 200 568
186.78.51.83 - - [26/Feb/2016:14:00:27 -0300] "GET /cormun/servlet/trvisualizadoreventos?038a524c47707fd8a96da7388fbf36a48294188116e220db0e6fb981d5a9b847a06c37b0838888ff8cd567b870d2fc17e02a5f08cbe29637b351111376fc7efffc32aa216bbf059ea64720a715ab40a752af44a49d56a077921a8374c47455c05616915b0a3379459a05ddbda3ea94db6073e8806fb61e9699cb64f23d655f5088d848a36bc54f650e3f4e69186dff58608f6a47a479a57cd8ca87678c420639d188bd0e0a133633d51dce514acad258b66b51599c4e86bccf0dbfa1045ad799,gx-no-cache=1456506091059 HTTP/1.1" 200 568
186.78.51.83 - - [26/Feb/2016:14:00:33 -0300] "GET /cormun/servlet/trvisualizadoreventos?038a524c47707fd8a96da7388fbf36a48294188116e220db0e6fb981d5a9b847a06c37b0838888ff8cd567b870d2fc17e02a5f08cbe29637b351111376fc7efffc32aa216bbf059ea64720a715ab40a752af44a49d56a077921a8374c47455c05616915b0a3379459a05ddbda3ea94db6073e8806fb61e9699cb64f23d655f5088d848a36bc54f650e3f4e69186dff58608f6a47a479a57cd8ca87678c420639d188bd0e0a133633d51dce514acad25839feed78bc5189fe738ab26250f86e2a,gx-no-cache=1456506096761 HTTP/1.1" 200 576
186.78.51.83 - - [26/Feb/2016:14:00:36 -0300] "GET /cormun/servlet/trvisualizadoreventos?038a524c47707fd8a96da7388fbf36a48294188116e220db0e6fb981d5a9b847a06c37b0838888ff8cd567b870d2fc17e02a5f08cbe29637b351111376fc7efffc32aa216bbf059ea64720a715ab40a752af44a49d56a077921a8374c47455c05616915b0a3379459a05ddbda3ea94db6073e8806fb61e9699cb64f23d655f5088d848a36bc54f650e3f4e69186dff58608f6a47a479a57cd8ca87678c420639d188bd0e0a133633d51dce514acad25841c963bfc55f678ebd2a1a34a336c7e3,gx-no-cache=1456506099979 HTTP/1.1" 200 573
186.78.51.83 - - [26/Feb/2016:14:00:38 -0300] "GET /cormun/servlet/trvisualizadoreventos?038a524c47707fd8a96da7388fbf36a48294188116e220db0e6fb981d5a9b847a06c37b0838888ff8cd567b870d2fc17e02a5f08cbe29637b351111376fc7efffc32aa216bbf059ea64720a715ab40a752af44a49d56a077921a8374c47455c05616915b0a3379459a05ddbda3ea94db6073e8806fb61e9699cb64f23d655f5088d848a36bc54f650e3f4e69186dff58608f6a47a479a57cd8ca87678c420639d188bd0e0a133633d51dce514acad258c4d133ac1246d2d3adf72b28c93e1f7a,gx-no-cache=1456506102203 HTTP/1.1" 200 573
186.78.51.83 - - [26/Feb/2016:14:00:39 -0300] "GET /cormun/servlet/trvisualizadoreventos?038a524c47707fd8a96da7388fbf36a48294188116e220db0e6fb981d5a9b847a06c37b0838888ff8cd567b870d2fc17e02a5f08cbe29637b351111376fc7efffc32aa216bbf059ea64720a715ab40a752af44a49d56a077921a8374c47455c05616915b0a3379459a05ddbda3ea94db6073e8806fb61e9699cb64f23d655f5088d848a36bc54f650e3f4e69186dff58608f6a47a479a57cd8ca87678c420639d188bd0e0a133633d51dce514acad25896e058ddf7223249ae45a2a7b3efa204,gx-no-cache=1456506103071 HTTP/1.1" 200 572
186.78.51.83 - - [26/Feb/2016:14:00:44 -0300] "POST /cormun/servlet/trvisualizadoreventos?e6239a87c11b90f7937d80ea19acdaf7,,gx-no-cache=1456506107155 HTTP/1.1" 200 3283
186.78.51.83 - - [26/Feb/2016:14:00:44 -0300] "POST /cormun/servlet/trvisualizadoreventos?e6239a87c11b90f7937d80ea19acdaf7,,gx-no-cache=1456506107630 HTTP/1.1" 200 3283
186.78.51.83 - - [26/Feb/2016:14:00:45 -0300] "POST /cormun/servlet/trvisualizadoreventos?e6239a87c11b90f7937d80ea19acdaf7,,gx-no-cache=1456506108113 HTTP/1.1" 200 3283
186.78.51.83 - - [26/Feb/2016:14:00:45 -0300] "POST /cormun/servlet/trvisualizadoreventos?e6239a87c11b90f7937d80ea19acdaf7,,gx-no-cache=1456506108580 HTTP/1.1" 200 3283
186.78.51.83 - - [26/Feb/2016:14:00:46 -0300] "POST /cormun/servlet/trvisualizadoreventos?e6239a87c11b90f7937d80ea19acdaf7,,gx-no-cache=1456506109073 HTTP/1.1" 200 111
186.78.51.83 - - [26/Feb/2016:14:00:46 -0300] "GET /cormun/VisualizadorEventos-6354.xls HTTP/1.1" 200 4096
186.78.51.83 - - [26/Feb/2016:14:01:08 -0300] "POST /cormun/servlet/trvisualizadoreventos?e6239a87c11b90f7937d80ea19acdaf7,,gx-no-cache=1456506131231 HTTP/1.1" 200 3280
186.78.51.83 - - [26/Feb/2016:14:01:08 -0300] "GET /cormun/servlet/trvisualizadoreventos?038a524c47707fd8a96da7388fbf36a413630314efe744cd5d8b89ee090f99f0158ab0746d25c45676d28fdbfd14f11de02a5f08cbe29637b351111376fc7efffc32aa216bbf059ea64720a715ab40a752af44a49d56a077921a8374c47455c05616915b0a3379459a05ddbda3ea94db6073e8806fb61e9699cb64f23d655f5088d848a36bc54f650e3f4e69186dff58608f6a47a479a57cd8ca87678c420639d188bd0e0a133633d51dce514acad25896e058ddf7223249ae45a2a7b3efa204,gx-no-cache=1456506131801 HTTP/1.1" 200 573
186.103.156.24 - - [26/Feb/2016:14:01:14 -0300] "GET /cormun/servlet/trautorizarsolicitud? HTTP/1.1" 200 6068
186.103.156.24 - - [26/Feb/2016:14:01:15 -0300] "GET /cormun/servlet/trautorizarsolicitud? HTTP/1.1" 200 6048
186.78.51.83 - - [26/Feb/2016:14:01:20 -0300] "GET /cormun/Manuales/manual.pdf HTTP/1.1" 200 850295
186.103.156.24 - - [26/Feb/2016:14:02:17 -0300] "GET /cormun/servlet/trautorizarsolicitud? HTTP/1.1" 200 6068
186.103.156.24 - - [26/Feb/2016:14:02:18 -0300] "GET /cormun/servlet/trautorizarsolicitud? HTTP/1.1" 200 6048
186.103.156.24 - - [26/Feb/2016:14:02:27 -0300] "GET /cormun/servlet/trvisualizadoreventos? HTTP/1.1" 200 5904
186.103.156.24 - - [26/Feb/2016:14:02:28 -0300] "GET /cormun/static/gxcfg.js?2016251828014 HTTP/1.1" 200 953
186.103.156.24 - - [26/Feb/2016:14:02:28 -0300] "GET /cormun/static/Resources/PXToolsActionPrint.png HTTP/1.1" 200 3317
186.103.156.24 - - [26/Feb/2016:14:02:28 -0300] "GET /cormun/static/trvisualizadoreventos.js?2016251828276 HTTP/1.1" 200 19096
186.103.156.24 - - [26/Feb/2016:14:02:28 -0300] "GET /cormun/servlet/trvisualizadoreventos? HTTP/1.1" 200 5903
186.103.156.24 - - [26/Feb/2016:14:02:30 -0300] "POST /cormun/servlet/acontrolpreferencessavestate?None,GALVAREZ,true HTTP/1.1" 200 35
186.103.156.24 - - [26/Feb/2016:14:02:32 -0300] "POST /cormun/servlet/trvisualizadoreventos?ff279fb7925b38f0833832256426fa6a,,gx-no-cache=1456506402104 HTTP/1.1" 200 3260
186.103.156.24 - - [26/Feb/2016:14:02:42 -0300] "GET /cormun/servlet/trvisualizadoreventos?adfa36fd353ed4c006ce2af81957c3c52b8f64d333d8bff6eae68cc1ab5a2c4a65a449ff803cc183cba237ad7cd7984708cfc8837b6e002a5323ffc609e8837b79e446d5b9cc9e5746532360c5c2d2a42131522bced2ea5860a76c0dbcb85aa7c6f03edca1ad8df2861af7dfc3a8c188037d913e707e6bf4a3b98b1492b3fe065a2242fc2752ffd1f64b5ed606d3308c85e04aee64c2d1a00269bcc6b804d857e8e833e03097a83a4f508c309cbf2fda72c725a10d03c4feb26bf41d10565454,gx-no-cache=1456506413181 HTTP/1.1" 200 563
186.103.156.24 - - [26/Feb/2016:14:02:42 -0300] "POST /cormun/servlet/trvisualizadoreventos?ff279fb7925b38f0833832256426fa6a,,gx-no-cache=1456506413308 HTTP/1.1" 200 3260
186.103.156.24 - - [26/Feb/2016:14:02:42 -0300] "POST /cormun/servlet/trvisualizadoreventos?ff279fb7925b38f0833832256426fa6a,,gx-no-cache=1456506413448 HTTP/1.1" 200 3260
186.103.156.24 - - [26/Feb/2016:14:02:42 -0300] "POST /cormun/servlet/trvisualizadoreventos?ff279fb7925b38f0833832256426fa6a,,gx-no-cache=1456506413586 HTTP/1.1" 200 3260
186.103.156.24 - - [26/Feb/2016:14:02:47 -0300] "GET /cormun/servlet/trautorizarsolicitud? HTTP/1.1" 200 6077
186.103.156.24 - - [26/Feb/2016:14:02:48 -0300] "GET /cormun/servlet/trautorizarsolicitud? HTTP/1.1" 200 6058
186.103.156.24 - - [26/Feb/2016:14:02:49 -0300] "GET /cormun/servlet/trsolicitudot? HTTP/1.1" 200 6123
186.103.156.24 - - [26/Feb/2016:14:02:50 -0300] "GET /cormun/servlet/trsolicitudot? HTTP/1.1" 200 6122
186.67.172.234 - - [26/Feb/2016:14:02:54 -0300] "GET /cormun/servlet/solicitudot?431d08edd07ea7d616b33faa7e480c76c0e0c670232a6d06d9c7b7ddf50822809463dab85f97e71264ac1f7165df4e08124e4473dec5fa16ad5f1de8fcdb03d4efebd0e9287a3e694e2477077e0e2fd7a5fd3613d676251cec8adad0c529ca6b193572b33e4d1099bf2b96d4910db43c932daac12ad2a9601f4cb1fa999836a46a31e9bdaaad25e40cfa8e18411e46f59255d89590c0188b6fca3b268d384d22964c0b28330f2d292c0339b6d188116a,gx-no-cache=1456506225348 HTTP/1.1" 200 30
186.103.156.24 - - [26/Feb/2016:14:03:06 -0300] "POST /cormun/servlet/trsolicitudot?ff279fb7925b38f0833832256426fa6a,,gx-no-cache=1456506440237 HTTP/1.1" 200 3462
186.103.156.24 - - [26/Feb/2016:14:03:06 -0300] "POST /cormun/servlet/trsolicitudot?ff279fb7925b38f0833832256426fa6a,,gx-no-cache=1456506440447 HTTP/1.1" 200 3461
186.103.156.24 - - [26/Feb/2016:14:03:07 -0300] "POST /cormun/servlet/trsolicitudot?ff279fb7925b38f0833832256426fa6a,,gx-no-cache=1456506440612 HTTP/1.1" 200 3462
186.103.156.24 - - [26/Feb/2016:14:03:07 -0300] "POST /cormun/servlet/trsolicitudot?ff279fb7925b38f0833832256426fa6a,,gx-no-cache=1456506440767 HTTP/1.1" 200 3462
186.103.156.24 - - [26/Feb/2016:14:03:07 -0300] "POST /cormun/servlet/trsolicitudot?ff279fb7925b38f0833832256426fa6a,,gx-no-cache=1456506440925 HTTP/1.1" 200 3462
186.103.156.24 - - [26/Feb/2016:14:03:07 -0300] "POST /cormun/servlet/trsolicitudot?ff279fb7925b38f0833832256426fa6a,,gx-no-cache=1456506441086 HTTP/1.1" 200 3461
186.103.156.24 - - [26/Feb/2016:14:03:07 -0300] "POST /cormun/servlet/trsolicitudot?ff279fb7925b38f0833832256426fa6a,,gx-no-cache=1456506441251 HTTP/1.1" 200 3461
186.103.156.24 - - [26/Feb/2016:14:03:07 -0300] "POST /cormun/servlet/trsolicitudot?ff279fb7925b38f0833832256426fa6a,,gx-no-cache=1456506441422 HTTP/1.1" 200 103
186.103.156.24 - - [26/Feb/2016:14:03:08 -0300] "POST /cormun/servlet/trsolicitudot?ff279fb7925b38f0833832256426fa6a,,gx-no-cache=1456506441569 HTTP/1.1" 200 3440
186.103.156.24 - - [26/Feb/2016:14:03:08 -0300] "GET /cormun/SolicitudOT-6502.xls HTTP/1.1" 200 4608
186.67.172.234 - - [26/Feb/2016:14:03:10 -0300] "POST /cormun/servlet/solicitudot?974ef71ca7a5bc441549e624289e476d,INS,0,0,,gx-no-cache=1456506241262 HTTP/1.1" 200 93
186.67.172.234 - - [26/Feb/2016:14:03:10 -0300] "GET /cormun/servlet/hpexe_return? HTTP/1.1" 200 1006
186.67.172.234 - - [26/Feb/2016:14:03:10 -0300] "GET /cormun/servlet/trsolicitudot HTTP/1.1" 200 7727
186.67.172.234 - - [26/Feb/2016:14:03:11 -0300] "GET /cormun/servlet/trsolicitudot HTTP/1.1" 200 7723
186.67.172.234 - - [26/Feb/2016:14:03:21 -0300] "GET /cormun/servlet/solicitudot?INS,0,0, HTTP/1.1" 200 12010
186.67.172.234 - - [26/Feb/2016:14:03:21 -0300] "GET /cormun/servlet/solicitudot?INS,0,0, HTTP/1.1" 200 12014
186.103.156.24 - - [26/Feb/2016:14:03:47 -0300] "GET /cormun/servlet/trsolicitudot?adfa36fd353ed4c006ce2af81957c3c504a02769d7078600f28066a6ffb3243046e7f4943a8e5b89cf1c4463811d14c58d92c6c9e83d1ee9469d44a901c52361122b51af4ed78b673a495e1c96baf7a3,gx-no-cache=1456506486229 HTTP/1.1" 200 720
186.103.156.24 - - [26/Feb/2016:14:03:48 -0300] "GET /cormun/servlet/trsolicitudot?adfa36fd353ed4c006ce2af81957c3c5202934a785800083837736e779688c7c95ae89a4f41bead37e53bf5fd9538afbdde434079209b51b5bf1ac71227267ed66946edd1d44b679b91aadfbe99c9181cd00ca2d53eec00972199d47e1af7b2c,gx-no-cache=1456506486887 HTTP/1.1" 200 720
186.67.172.234 - - [26/Feb/2016:14:03:49 -0300] "POST /cormun/servlet/solicitudot?gx-no-cache=1456506279714 HTTP/1.1" 200 2669
186.67.172.234 - - [26/Feb/2016:14:03:49 -0300] "POST /cormun/servlet/solicitudot?974ef71ca7a5bc441549e624289e476d,INS,0,0,,gx-no-cache=1456506279937 HTTP/1.1" 200 9387
186.103.156.24 - - [26/Feb/2016:14:03:51 -0300] "GET /cormun/servlet/trsolicitudot?adfa36fd353ed4c006ce2af81957c3c55df74b94d412f443abd1ebf9e79e21441081bd9e493343d2581207a0fda4504eb6acc8e0d66fae2b4cdb57ecb4235aab6ca4b568ab3e92dd03fa0d73d5ee7c76,gx-no-cache=1456506490788 HTTP/1.1" 200 720
186.67.172.234 - - [26/Feb/2016:14:03:52 -0300] "GET /cormun/servlet/solicitudot?431d08edd07ea7d616b33faa7e480c767038ca5cb26975e279250adaa985a85c3c715e0d9f99fa4a1c53743bf0658d03,gx-no-cache=1456506283642 HTTP/1.1" 200 30
186.103.156.24 - - [26/Feb/2016:14:03:53 -0300] "GET /cormun/servlet/trsolicitudot?adfa36fd353ed4c006ce2af81957c3c5202934a785800083837736e779688c7c95ae89a4f41bead37e53bf5fd9538afbdde434079209b51b5bf1ac71227267ed66946edd1d44b679b91aadfbe99c9181cd00ca2d53eec00972199d47e1af7b2c,gx-no-cache=1456506492392 HTTP/1.1" 200 720
186.103.156.24 - - [26/Feb/2016:14:03:53 -0300] "GET /cormun/servlet/trsolicitudot?adfa36fd353ed4c006ce2af81957c3c547100a21d904966611a2e23539d4439ad712680bf89a9a207d772972179e2993be6c028073315288ec95b06290463a288a7d503ba41bf01982af6e3e7725d27246623f733b42a7986bfb70be1441eb23,gx-no-cache=1456506493011 HTTP/1.1" 200 720
186.103.156.24 - - [26/Feb/2016:14:03:54 -0300] "GET /cormun/servlet/trsolicitudot?adfa36fd353ed4c006ce2af81957c3c5fc47438234474962cd8a84fb4325b9156d4699815b4b8ac85c3a6a31c1be8c9c9b43a8a2f7b4d43dae847cfba571cec9eca813d1e4d8cd802eb1bc190148cbeb5a5d225f7307a0b145990d042e5b0b8b,gx-no-cache=1456506493579 HTTP/1.1" 200 720
186.103.156.24 - - [26/Feb/2016:14:03:55 -0300] "POST /cormun/servlet/trsolicitudot?ff279fb7925b38f0833832256426fa6a,,gx-no-cache=1456506495294 HTTP/1.1" 200 3470
186.103.156.24 - - [26/Feb/2016:14:04:00 -0300] "GET /cormun/servlet/trsolicitudot?adfa36fd353ed4c006ce2af81957c3c5fc47438234474962cd8a84fb4325b915f0f33d1028a892a2647cfe072c560e14b8a8edd04a25664324c2f63a8eefbbab410fedbd751484a6fbb5a99c6511ec139b11b4f5884625264160aba47c9fc11e,gx-no-cache=1456506500451 HTTP/1.1" 200 723
186.103.156.24 - - [26/Feb/2016:14:04:01 -0300] "GET /cormun/servlet/trsolicitudot?adfa36fd353ed4c006ce2af81957c3c5fc47438234474962cd8a84fb4325b91561bce8d1d1d369128d9b24a86525e0e0250d4504492610d6be1508552d59809b8b8e9e1d8c00debad29c0ab96df4046da27c9a8fdf3c44259cfc0c54d86be98a,gx-no-cache=1456506501935 HTTP/1.1" 200 723
186.103.156.24 - - [26/Feb/2016:14:04:02 -0300] "GET /cormun/servlet/trsolicitudot?adfa36fd353ed4c006ce2af81957c3c5fc47438234474962cd8a84fb4325b915a01bfe2d4cf046b0e1b162eb096660c1419f0eafbe8aea56a8003fab1d0f788b79eb4a95496e935ab38cbff5bbfd5893d00b9ca82ace6905f6dc945fbe3babd8,gx-no-cache=1456506502489 HTTP/1.1" 200 723
186.103.156.24 - - [26/Feb/2016:14:04:05 -0300] "POST /cormun/servlet/trsolicitudot?ff279fb7925b38f0833832256426fa6a,,gx-no-cache=1456506505588 HTTP/1.1" 200 3475
186.103.156.24 - - [26/Feb/2016:14:04:05 -0300] "POST /cormun/servlet/trsolicitudot?ff279fb7925b38f0833832256426fa6a,,gx-no-cache=1456506505864 HTTP/1.1" 200 3474
186.103.156.24 - - [26/Feb/2016:14:04:06 -0300] "POST /cormun/servlet/trsolicitudot?ff279fb7925b38f0833832256426fa6a,,gx-no-cache=1456506506111 HTTP/1.1" 200 3472
186.103.156.24 - - [26/Feb/2016:14:04:06 -0300] "POST /cormun/servlet/trsolicitudot?ff279fb7925b38f0833832256426fa6a,,gx-no-cache=1456506506892 HTTP/1.1" 200 3473
186.103.156.24 - - [26/Feb/2016:14:04:12 -0300] "POST /cormun/servlet/trsolicitudot?ff279fb7925b38f0833832256426fa6a,,gx-no-cache=1456506513311 HTTP/1.1" 200 3475
186.103.156.24 - - [26/Feb/2016:14:04:56 -0300] "GET /cormun/servlet/trsolicitudot?adfa36fd353ed4c006ce2af81957c3c5a156d6a290eb880fa80c69f2c94b3c8f6083df6180923667ef75a81c4f9dfe88b16f196d066124f7b81d7b86bdff61c4b6acc8e0d66fae2b4cdb57ecb4235aab6ca4b568ab3e92dd03fa0d73d5ee7c76,gx-no-cache=1456506562884 HTTP/1.1" 200 730
186.67.172.234 - - [26/Feb/2016:14:05:55 -0300] "POST /cormun/servlet/solicitudot?gx-no-cache=1456506405793 HTTP/1.1" 200 30
186.67.172.234 - - [26/Feb/2016:14:06:02 -0300] "POST /cormun/servlet/solicitudot?gx-no-cache=1456506413076 HTTP/1.1" 200 30
186.103.156.24 - - [26/Feb/2016:14:06:03 -0300] "GET /cormun/servlet/trsolicitudot?adfa36fd353ed4c006ce2af81957c3c5fd8cd1c7dd00a8e165446289d2c319746083df6180923667ef75a81c4f9dfe88b16f196d066124f7b81d7b86bdff61c4b6acc8e0d66fae2b4cdb57ecb4235aab6ca4b568ab3e92dd03fa0d73d5ee7c76,gx-no-cache=1456506638964 HTTP/1.1" 200 730
186.67.172.234 - - [26/Feb/2016:14:06:05 -0300] "POST /cormun/servlet/solicitudot?gx-no-cache=1456506416606 HTTP/1.1" 200 452
186.67.172.234 - - [26/Feb/2016:14:06:05 -0300] "GET /cormun/servlet/solicitudot?431d08edd07ea7d616b33faa7e480c76095b955f8b5c73575b623b3c457ded2d0cc05d738061032232f209c160a75b25b187e5e3f395d83cdcc28211b96d1cc7f80b4d2a96d077a44e44622106be3bf66d0ac1eaa2a7a68b385437ee5c9914b8ce4a7159846f27be10266a62b6262f15370909646bf9e9932304f0d880e1923240f961257f636c7040e6c6c449d12bb6,gx-no-cache=1456506416651 HTTP/1.1" 200 38
186.103.159.183 - - [26/Feb/2016:14:06:10 -0300] "GET /cormun/servlet/vesolicitudot?2016,187,, HTTP/1.1" 200 7237
186.103.159.183 - - [26/Feb/2016:14:06:10 -0300] "GET /cormun/pexe_scrolldiv.js HTTP/1.1" 404 1009
186.103.159.183 - - [26/Feb/2016:14:06:11 -0300] "GET /cormun/servlet/hlogin HTTP/1.1" 200 1747
186.103.159.183 - - [26/Feb/2016:14:06:11 -0300] "GET /cormun/servlet/vesolicitudot?2016,187,, HTTP/1.1" 200 7236
186.103.156.24 - - [26/Feb/2016:14:06:18 -0300] "POST /cormun/servlet/trsolicitudot?ff279fb7925b38f0833832256426fa6a,,gx-no-cache=1456506655582 HTTP/1.1" 200 3485
186.103.156.24 - - [26/Feb/2016:14:06:18 -0300] "POST /cormun/servlet/trsolicitudot?ff279fb7925b38f0833832256426fa6a,,gx-no-cache=1456506655884 HTTP/1.1" 200 3485
186.103.156.24 - - [26/Feb/2016:14:06:19 -0300] "POST /cormun/servlet/trsolicitudot?ff279fb7925b38f0833832256426fa6a,,gx-no-cache=1456506656203 HTTP/1.1" 200 3485
186.103.156.24 - - [26/Feb/2016:14:06:19 -0300] "POST /cormun/servlet/trsolicitudot?ff279fb7925b38f0833832256426fa6a,,gx-no-cache=1456506656461 HTTP/1.1" 200 3485
186.103.156.24 - - [26/Feb/2016:14:06:19 -0300] "POST /cormun/servlet/trsolicitudot?ff279fb7925b38f0833832256426fa6a,,gx-no-cache=1456506656728 HTTP/1.1" 200 3485
186.103.156.24 - - [26/Feb/2016:14:06:19 -0300] "POST /cormun/servlet/trsolicitudot?ff279fb7925b38f0833832256426fa6a,,gx-no-cache=1456506656998 HTTP/1.1" 200 3485
186.103.156.24 - - [26/Feb/2016:14:06:20 -0300] "POST /cormun/servlet/trsolicitudot?ff279fb7925b38f0833832256426fa6a,,gx-no-cache=1456506657267 HTTP/1.1" 200 3485
186.103.156.24 - - [26/Feb/2016:14:06:20 -0300] "POST /cormun/servlet/trsolicitudot? HTTP/1.1" 200 6154
186.103.156.24 - - [26/Feb/2016:14:06:21 -0300] "GET /cormun/servlet/trsolicitudot? HTTP/1.1" 200 6154
186.103.159.183 - - [26/Feb/2016:14:06:22 -0300] "POST /cormun/servlet/hlogin?75d27d03aaebab930a7266ce03ca8996,gx-no-cache=1456510216260 HTTP/1.1" 200 90
186.103.159.183 - - [26/Feb/2016:14:06:22 -0300] "GET /cormun/servlet/hpexe_link HTTP/1.1" 200 968
186.103.159.183 - - [26/Feb/2016:14:06:22 -0300] "GET /cormun/servlet/vesolicitudot?2016,187,, HTTP/1.1" 200 7390
186.103.159.183 - - [26/Feb/2016:14:06:22 -0300] "GET /cormun/pexe_scrolldiv.js HTTP/1.1" 404 1009
186.103.159.183 - - [26/Feb/2016:14:06:23 -0300] "GET /cormun/servlet/vesolicitudot?2016,187,, HTTP/1.1" 200 7389
186.103.159.183 - - [26/Feb/2016:14:06:25 -0300] "GET /cormun/servlet/vesolicitudot?2016,187,,SolicitudOTAdjuntos HTTP/1.1" 200 8981
186.103.159.183 - - [26/Feb/2016:14:06:25 -0300] "GET /cormun/pexe_scrolldiv.js HTTP/1.1" 404 1009
186.103.159.183 - - [26/Feb/2016:14:06:26 -0300] "GET /cormun/servlet/vesolicitudot?2016,187,,SolicitudOTAdjuntos HTTP/1.1" 200 8983
186.103.159.183 - - [26/Feb/2016:14:06:27 -0300] "POST /cormun/servlet/acontrolpreferencessavestate?None,CE-34,true HTTP/1.1" 200 35
186.103.156.24 - - [26/Feb/2016:14:06:28 -0300] "POST /cormun/servlet/trsolicitudot?ff279fb7925b38f0833832256426fa6a,,gx-no-cache=1456506666281 HTTP/1.1" 200 3484
186.103.156.24 - - [26/Feb/2016:14:06:28 -0300] "POST /cormun/servlet/trsolicitudot?ff279fb7925b38f0833832256426fa6a,,gx-no-cache=1456506666443 HTTP/1.1" 200 3484
186.103.156.24 - - [26/Feb/2016:14:06:28 -0300] "POST /cormun/servlet/trsolicitudot?ff279fb7925b38f0833832256426fa6a,,gx-no-cache=1456506666610 HTTP/1.1" 200 3483
186.103.156.24 - - [26/Feb/2016:14:06:28 -0300] "POST /cormun/servlet/trsolicitudot?ff279fb7925b38f0833832256426fa6a,,gx-no-cache=1456506666764 HTTP/1.1" 200 3484
186.103.156.24 - - [26/Feb/2016:14:06:29 -0300] "POST /cormun/servlet/trsolicitudot?ff279fb7925b38f0833832256426fa6a,,gx-no-cache=1456506666937 HTTP/1.1" 200 3484
186.103.156.24 - - [26/Feb/2016:14:06:29 -0300] "POST /cormun/servlet/trsolicitudot?ff279fb7925b38f0833832256426fa6a,,gx-no-cache=1456506667098 HTTP/1.1" 200 3485
186.103.156.24 - - [26/Feb/2016:14:06:29 -0300] "POST /cormun/servlet/trsolicitudot?ff279fb7925b38f0833832256426fa6a,,gx-no-cache=1456506667274 HTTP/1.1" 200 3485
186.103.156.24 - - [26/Feb/2016:14:06:29 -0300] "POST /cormun/servlet/trsolicitudot?ff279fb7925b38f0833832256426fa6a,,gx-no-cache=1456506667448 HTTP/1.1" 200 3485
186.103.159.183 - - [26/Feb/2016:14:06:33 -0300] "GET /cormun/servlet/vesolicitudot?2016,187,,SolicitudOTLog HTTP/1.1" 200 6277
186.103.159.183 - - [26/Feb/2016:14:06:33 -0300] "GET /cormun/pexe_scrolldiv.js HTTP/1.1" 404 1009
186.103.159.183 - - [26/Feb/2016:14:06:34 -0300] "GET /cormun/servlet/vesolicitudot?2016,187,,SolicitudOTLog HTTP/1.1" 200 6279
186.103.159.183 - - [26/Feb/2016:14:06:35 -0300] "POST /cormun/servlet/acontrolpreferencessavestate?None,CE-34,true HTTP/1.1" 200 35
186.103.159.183 - - [26/Feb/2016:14:06:38 -0300] "GET /cormun/servlet/vesolicitudot?2016,187,,SolicitudOTAdjuntos HTTP/1.1" 200 8982
186.103.159.183 - - [26/Feb/2016:14:06:38 -0300] "GET /cormun/pexe_scrolldiv.js HTTP/1.1" 404 1009
186.103.159.183 - - [26/Feb/2016:14:06:39 -0300] "GET /cormun/servlet/vesolicitudot?2016,187,,SolicitudOTAdjuntos HTTP/1.1" 200 8981
186.103.159.183 - - [26/Feb/2016:14:06:40 -0300] "POST /cormun/servlet/acontrolpreferencessavestate?None,CE-34,true HTTP/1.1" 200 35
186.103.159.183 - - [26/Feb/2016:14:06:43 -0300] "POST /cormun/servlet/vesolicitudot?75d27d03aaebab930a7266ce03ca8996,2016,187,,SolicitudOTAdjuntos,gx-no-cache=1456510237833 HTTP/1.1" 200 8462
186.103.159.183 - - [26/Feb/2016:14:06:44 -0300] "GET /cormun//static/Resources/PXToolsTabLastUnselected.png HTTP/1.1" 200 1291
186.67.172.234 - - [26/Feb/2016:14:06:57 -0300] "GET /cormun/servlet/solicitudot?431d08edd07ea7d616b33faa7e480c76cd22731f7714f54c43927fd2ed4b151b0113fb77328396697e9d6b03c17d7b2f58b7f9350068eba31836176bc15f69f0cfb426bde57362eb8cb4a5576c2478ada6da9dbc08cdf943d3b8e50f9ebc2f941ad342c58d26608883f3d2ce65a555d0,gx-no-cache=1456506468137 HTTP/1.1" 200 29
186.67.172.234 - - [26/Feb/2016:14:06:59 -0300] "POST /cormun/servlet/solicitudot?gx-no-cache=1456506469781 HTTP/1.1" 200 1116
186.103.159.183 - - [26/Feb/2016:14:07:09 -0300] "GET /cormun/servlet/hlogin HTTP/1.1" 200 1758
200.30.225.234 - - [26/Feb/2016:14:09:56 -0300] "GET /cormun/servlet/trsolicitudot HTTP/1.1" 200 7454
200.30.225.234 - - [26/Feb/2016:14:09:57 -0300] "GET /cormun/servlet/hlogin HTTP/1.1" 200 1736
200.30.225.234 - - [26/Feb/2016:14:09:57 -0300] "GET /cormun/servlet/trsolicitudot HTTP/1.1" 200 7450
