201.214.54.176 - - [26/Feb/2016:12:28:10 -0300] "GET /cormun/static/Resources/ComunLogin.png HTTP/1.1" 200 17326
201.214.54.176 - - [26/Feb/2016:12:28:10 -0300] "GET /cormun/static/gxgral.js?85251 HTTP/1.1" 200 384558
201.214.54.176 - - [26/Feb/2016:12:28:10 -0300] "GET /cormun/static/Resources/PXToolsLoginTop.png HTTP/1.1" 200 1337
201.214.54.176 - - [26/Feb/2016:12:28:10 -0300] "GET /cormun/static/Resources/PXToolsButtonLeft21.png HTTP/1.1" 200 1287
201.214.54.176 - - [26/Feb/2016:12:28:10 -0300] "GET /cormun/static/Resources/PXToolsButtonRight21.png HTTP/1.1" 200 1283
201.214.54.176 - - [26/Feb/2016:12:28:10 -0300] "GET /cormun/static/Resources/PXToolsButtonBackground2.png HTTP/1.1" 200 1181
201.214.54.176 - - [26/Feb/2016:12:28:10 -0300] "GET /cormun/static/Resources/PXToolsLoginBackground.png HTTP/1.1" 200 1164
201.214.54.176 - - [26/Feb/2016:12:28:10 -0300] "GET /cormun/static/Resources/PXToolsLoginBottom.png HTTP/1.1" 200 1389
201.214.54.176 - - [26/Feb/2016:12:28:10 -0300] "GET /cormun/static/Resources/indicator.gif HTTP/1.1" 200 1553
201.214.54.176 - - [26/Feb/2016:12:28:10 -0300] "GET /cormun/servlet/hlogin HTTP/1.1" 200 1730
200.30.225.234 - - [26/Feb/2016:12:28:13 -0300] "GET /cormun/servlet/solicitudot?INS,0,0, HTTP/1.1" 200 12193
200.30.225.234 - - [26/Feb/2016:12:28:14 -0300] "GET /cormun/servlet/solicitudot?INS,0,0, HTTP/1.1" 200 12198
186.103.159.183 - - [26/Feb/2016:12:28:14 -0300] "GET /cormun/servlet/solicitudot?6ce2657453f6c05debc6c260f895ce746c8a10219ac91ff4a6757556199b95ea9bd674f0c5bfa4769d2a8032fe151a16,gx-no-cache=1456504323283 HTTP/1.1" 200 111
186.103.159.44 - - [26/Feb/2016:12:28:18 -0300] "POST /cormun/servlet/solicitudot?gx-no-cache=1456500523990 HTTP/1.1" 200 2669
186.103.159.44 - - [26/Feb/2016:12:28:18 -0300] "POST /cormun/servlet/solicitudot?9a36c4fad9ef3fe2882d9b7e774b8365,INS,0,0,,gx-no-cache=1456500524147 HTTP/1.1" 200 9420
186.103.159.44 - - [26/Feb/2016:12:28:20 -0300] "GET /cormun/servlet/solicitudot?d1b8feeebe4a91a3c0325cf850d68d5c09cc90401c466adf5c332724c0167f28882221a0146241d7dbd93b4dd7d9c2d7,gx-no-cache=1456500526267 HTTP/1.1" 200 30
186.103.159.183 - - [26/Feb/2016:12:28:22 -0300] "GET /cormun/servlet/solicitudot?6ce2657453f6c05debc6c260f895ce7475d5ded1093eb44fee86fd26a6ea18e9cbd3b526011e3216e539fe5097f3164e,gx-no-cache=1456504331151 HTTP/1.1" 200 30
200.30.225.234 - - [26/Feb/2016:12:28:27 -0300] "POST /cormun/servlet/solicitudot?gx-no-cache=1456500498248 HTTP/1.1" 200 2669
200.30.225.234 - - [26/Feb/2016:12:28:27 -0300] "POST /cormun/servlet/solicitudot?517f216796a569a903d3fabafe40020d,INS,0,0,,gx-no-cache=1456500498436 HTTP/1.1" 200 9419
200.30.225.234 - - [26/Feb/2016:12:28:35 -0300] "POST /cormun/servlet/solicitudot?gx-no-cache=1456500506168 HTTP/1.1" 200 2669
200.30.225.234 - - [26/Feb/2016:12:28:35 -0300] "POST /cormun/servlet/solicitudot?517f216796a569a903d3fabafe40020d,INS,0,0,,gx-no-cache=1456500506361 HTTP/1.1" 200 9462
200.30.225.234 - - [26/Feb/2016:12:28:38 -0300] "GET /cormun/servlet/solicitudot?551c0df08eedcb9528a17a602fb5cd4c74345474fde9e999420a0703c94e4a78e8a11d2ef97016d978dcde54675b1166,gx-no-cache=1456500509020 HTTP/1.1" 200 30
201.214.54.176 - - [26/Feb/2016:12:28:51 -0300] "POST /cormun/servlet/hlogin?b17332d702ebf1f8ce69609d4fcf2542,gx-no-cache=1456500554291 HTTP/1.1" 200 90
201.214.54.176 - - [26/Feb/2016:12:28:51 -0300] "GET /cormun/servlet/hpexe_link HTTP/1.1" 200 953
201.214.54.176 - - [26/Feb/2016:12:28:52 -0300] "GET /cormun/static/gxcfg.js?20151120044395 HTTP/1.1" 200 953
201.214.54.176 - - [26/Feb/2016:12:28:52 -0300] "GET /cormun/static/hpexe_link.js?20151120044398 HTTP/1.1" 200 625
201.214.54.176 - - [26/Feb/2016:12:28:52 -0300] "GET /cormun/servlet/hhome HTTP/1.1" 200 3351
201.214.54.176 - - [26/Feb/2016:12:28:52 -0300] "GET /cormun/static/SmoothNavMenu/resources/ddsmoothmenu.css?1112540 HTTP/1.1" 200 2223
201.214.54.176 - - [26/Feb/2016:12:28:52 -0300] "GET /cormun/static/SmoothNavMenu/resources/ddsmoothmenu-v.css?1112540 HTTP/1.1" 200 1188
201.214.54.176 - - [26/Feb/2016:12:28:52 -0300] "GET /cormun/static/gxcfg.js?2015112210564248 HTTP/1.1" 200 953
201.214.54.176 - - [26/Feb/2016:12:28:52 -0300] "GET /cormun/static/scaMessage/css/jquery.pnotify.default.css?1816380 HTTP/1.1" 200 1707
201.214.54.176 - - [26/Feb/2016:12:28:52 -0300] "GET /cormun/static/Shared/jqueryui/jquery-ui.min.css?1345370 HTTP/1.1" 200 30288
201.214.54.176 - - [26/Feb/2016:12:28:52 -0300] "GET /cormun/static/PXToolsJavascripts/pexe_cookies.js HTTP/1.1" 200 792
201.214.54.176 - - [26/Feb/2016:12:28:52 -0300] "GET /cormun/static/PXToolsJavascripts/pexe_autoreload.js HTTP/1.1" 200 1762
201.214.54.176 - - [26/Feb/2016:12:28:52 -0300] "GET /cormun/static/PXToolsJavascripts/pexe_grid.js HTTP/1.1" 200 7559
201.214.54.176 - - [26/Feb/2016:12:28:52 -0300] "GET /cormun/static/PXToolsJavascripts/pexe_windows.js HTTP/1.1" 200 15207
201.214.54.176 - - [26/Feb/2016:12:28:52 -0300] "GET /cormun/static/Resources/Spanish/PXTools.css?10515224 HTTP/1.1" 200 89042
201.214.54.176 - - [26/Feb/2016:12:28:52 -0300] "GET /cormun/static/PXToolsJavascripts/pexe_griddivfix.js HTTP/1.1" 200 6644
201.214.54.176 - - [26/Feb/2016:12:28:52 -0300] "GET /cormun/static/PXToolsJavascripts/pexe_menudivfix.js HTTP/1.1" 200 333
201.214.54.176 - - [26/Feb/2016:12:28:52 -0300] "GET /cormun/static/PXToolsJavascripts/pexe_layers.js HTTP/1.1" 200 4114
201.214.54.176 - - [26/Feb/2016:12:28:52 -0300] "GET /cormun/static/PXToolsJavascripts/pexe_oav.js HTTP/1.1" 200 645
201.214.54.176 - - [26/Feb/2016:12:28:52 -0300] "GET /cormun/static/PXToolsJavascripts/pexe_menus.js HTTP/1.1" 200 1286
201.214.54.176 - - [26/Feb/2016:12:28:52 -0300] "GET /cormun/static/PXToolsJavascripts/pexe_link.js HTTP/1.1" 200 5671
201.214.54.176 - - [26/Feb/2016:12:28:52 -0300] "GET /cormun/static/PXToolsJavascripts/pexe_popup.js HTTP/1.1" 200 13458
201.214.54.176 - - [26/Feb/2016:12:28:52 -0300] "GET /cormun/static/PXToolsJavascripts/pexe_picture.js HTTP/1.1" 200 689
201.214.54.176 - - [26/Feb/2016:12:28:52 -0300] "GET /cormun/static/PXToolsJavascripts/pexe_oavdivfix.js HTTP/1.1" 200 639
201.214.54.176 - - [26/Feb/2016:12:28:52 -0300] "GET /cormun/static/PXToolsJavascripts/pexe_scrolldiv.js HTTP/1.1" 200 4138
201.214.54.176 - - [26/Feb/2016:12:28:52 -0300] "GET /cormun/static/PXToolsJavascripts/pexe_tabdivfix.js HTTP/1.1" 200 876
201.214.54.176 - - [26/Feb/2016:12:28:52 -0300] "GET /cormun/static/PXToolsJavascripts/pexe_tabs.js HTTP/1.1" 200 3748
201.214.54.176 - - [26/Feb/2016:12:28:52 -0300] "GET /cormun/static/PXToolsJavascripts/pexe_upload.js HTTP/1.1" 200 1423
201.214.54.176 - - [26/Feb/2016:12:28:52 -0300] "GET /cormun/static/PXToolsJavascripts/PXToolsJavascriptsRender.js HTTP/1.1" 200 367
201.214.54.176 - - [26/Feb/2016:12:28:52 -0300] "GET /cormun/static/RunJS/RunJS.js HTTP/1.1" 200 288
201.214.54.176 - - [26/Feb/2016:12:28:52 -0300] "GET /cormun/static/Shared/ext/locale/ext-lang-en.js HTTP/1.1" 200 10940
201.214.54.176 - - [26/Feb/2016:12:28:52 -0300] "GET /cormun/static/hhome.js?2015112210564255 HTTP/1.1" 200 777
201.214.54.176 - - [26/Feb/2016:12:28:52 -0300] "GET /cormun/static/hwchdr01.js?20162241650484 HTTP/1.1" 200 1002
201.214.54.176 - - [26/Feb/2016:12:28:52 -0300] "GET /cormun/static/hpexe_recentlink.js?2015111312121342 HTTP/1.1" 200 2144
201.214.54.176 - - [26/Feb/2016:12:28:52 -0300] "GET /cormun/static/hpexe_scripts.js?20151120014546 HTTP/1.1" 200 1544
201.214.54.176 - - [26/Feb/2016:12:28:52 -0300] "GET /cormun/static/hpexe_messagepopupcomponent.js?201622412404545 HTTP/1.1" 200 605
201.214.54.176 - - [26/Feb/2016:12:28:52 -0300] "GET /cormun/static/hpexe_messagecontroller.js?2015112210524422 HTTP/1.1" 200 870
201.214.54.176 - - [26/Feb/2016:12:28:52 -0300] "GET /cormun/static/gxui/gxui-all.js HTTP/1.1" 200 107772
201.214.54.176 - - [26/Feb/2016:12:28:52 -0300] "GET /cormun/static/cmcontrolpreferences.js?20151120014525 HTTP/1.1" 200 1375
201.214.54.176 - - [26/Feb/2016:12:28:52 -0300] "GET /cormun/static/hpexe_messagegenexuscomponent.js?20151120014314 HTTP/1.1" 200 587
201.214.54.176 - - [26/Feb/2016:12:28:52 -0300] "GET /cormun/static/SmoothNavMenu/resources/ddsmoothmenu.js HTTP/1.1" 200 12712
201.214.54.176 - - [26/Feb/2016:12:28:52 -0300] "GET /cormun/static/Shared/jquery/jquery-1.4.2.min.js HTTP/1.1" 200 72174
201.214.54.176 - - [26/Feb/2016:12:28:52 -0300] "GET /cormun/static/SmoothNavMenu/resources/SmoothNavMenuRender.js HTTP/1.1" 200 5951
201.214.54.176 - - [26/Feb/2016:12:28:52 -0300] "GET /cormun/static/scaMessage/js/jquery.pnotify.min.js HTTP/1.1" 200 13038
201.214.54.176 - - [26/Feb/2016:12:28:52 -0300] "GET /cormun/static/scaMessage/scaMessageRender.js HTTP/1.1" 200 11977
201.214.54.176 - - [26/Feb/2016:12:28:52 -0300] "GET /cormun/static/hmpwkw03.js?201622421393366 HTTP/1.1" 200 3845
201.214.54.176 - - [26/Feb/2016:12:28:52 -0300] "GET /cormun/static/Resources/PXToolsFooterBackground2.png HTTP/1.1" 200 1172
201.214.54.176 - - [26/Feb/2016:12:28:52 -0300] "GET /cormun/static/Resources/PXToolsHeaderBackground2.png HTTP/1.1" 200 1174
201.214.54.176 - - [26/Feb/2016:12:28:52 -0300] "GET /cormun/static/Resources/PXToolsDataTitle.png HTTP/1.1" 200 1173
201.214.54.176 - - [26/Feb/2016:12:28:52 -0300] "GET /cormun/static/Resources/PXToolsHeaderActionsBackground.png HTTP/1.1" 200 484
201.214.54.176 - - [26/Feb/2016:12:28:52 -0300] "GET /cormun/static/Resources/PXToolsHeaderSecurity.png HTTP/1.1" 200 4166
201.214.54.176 - - [26/Feb/2016:12:28:52 -0300] "GET /cormun/static/Shared/jqueryui/jquery-ui.min.js HTTP/1.1" 200 240427
201.214.54.176 - - [26/Feb/2016:12:28:52 -0300] "GET /cormun/static/Resources/PXToolsHeaderPreferences.png HTTP/1.1" 200 4189
201.214.54.176 - - [26/Feb/2016:12:28:52 -0300] "GET /cormun/static/Resources/PXToolsHeaderActionsLeft.png HTTP/1.1" 200 1118
201.214.54.176 - - [26/Feb/2016:12:28:52 -0300] "GET /cormun/static/Resources/PXToolsHeaderActionsRight.png HTTP/1.1" 200 1201
201.214.54.176 - - [26/Feb/2016:12:28:52 -0300] "GET /cormun/static/Resources/PXToolsHeaderLogin.png HTTP/1.1" 200 4279
201.214.54.176 - - [26/Feb/2016:12:28:52 -0300] "GET /cormun/static/Resources/logo4.png HTTP/1.1" 200 6582
201.214.54.176 - - [26/Feb/2016:12:28:52 -0300] "GET /cormun/static/Resources/PXToolsHeaderHome.png HTTP/1.1" 200 4147
201.214.54.176 - - [26/Feb/2016:12:28:53 -0300] "GET /cormun/static/Shared/jquery/jquery-1.10.2.min.js HTTP/1.1" 200 273199
201.214.54.176 - - [26/Feb/2016:12:28:53 -0300] "GET /cormun/static/Shared/ext/ext-all.js HTTP/1.1" 200 1289687
201.214.54.176 - - [26/Feb/2016:12:28:53 -0300] "GET /cormun/servlet/hhome HTTP/1.1" 200 3348
201.214.54.176 - - [26/Feb/2016:12:28:53 -0300] "GET /cormun/static/SmoothNavMenu/resources/images/down.gif HTTP/1.1" 200 854
200.30.225.234 - - [26/Feb/2016:12:29:28 -0300] "POST /cormun/servlet/solicitudot?gx-no-cache=1456500558805 HTTP/1.1" 200 120
200.30.225.234 - - [26/Feb/2016:12:29:28 -0300] "GET /cormun/static/Shared/jqueryui/images/ui-bg_highlight-soft_100_c6c2c8_1x100.png HTTP/1.1" 404 1117
200.30.225.234 - - [26/Feb/2016:12:29:28 -0300] "GET /cormun/static/Shared/jqueryui/images/ui-icons_82798d_256x240.png HTTP/1.1" 404 1089
200.30.225.234 - - [26/Feb/2016:12:29:28 -0300] "GET /cormun/static/Shared/jqueryui/images/ui-bg_flat_55_994d53_40x100.png HTTP/1.1" 404 1097
200.30.225.234 - - [26/Feb/2016:12:29:28 -0300] "GET /cormun/static/Shared/jqueryui/images/ui-icons_ebccce_256x240.png HTTP/1.1" 404 1089
201.214.54.176 - - [26/Feb/2016:12:29:38 -0300] "GET /cormun/servlet/hlogin HTTP/1.1" 200 1719
186.103.159.183 - - [26/Feb/2016:12:29:45 -0300] "POST /cormun/servlet/solicitudot?gx-no-cache=1456504414050 HTTP/1.1" 200 120
186.103.159.183 - - [26/Feb/2016:12:29:45 -0300] "POST /cormun/servlet/solicitudot?gx-no-cache=1456504414112 HTTP/1.1" 200 33
186.103.159.183 - - [26/Feb/2016:12:29:45 -0300] "POST /cormun/servlet/solicitudot?gx-no-cache=1456504414158 HTTP/1.1" 200 452
186.103.159.183 - - [26/Feb/2016:12:29:45 -0300] "GET /cormun/servlet/solicitudot?6ce2657453f6c05debc6c260f895ce74ab5fd645befa019f323e5ff778da40f2fbb84eae29032e495d675b03cd71396edc757aa3ef5b19d504232af340f88a462ce207434877bc6b8d3b0e6a66bcbe0e9e08861e1c1caf13c7737cd2333b98d8ea5f1d916388fac5e3391f63430990af64a7ceded6f8c8acf2ccad5a2fab57794e4a9bb0adfa879e4168320453daf952,gx-no-cache=1456504414208 HTTP/1.1" 200 38
186.103.159.183 - - [26/Feb/2016:12:30:03 -0300] "GET /cormun/servlet/solicitudot?6ce2657453f6c05debc6c260f895ce748c5b6da5f4ceb5c677e66d4b1a772441dde077d0fef88288b07ebb7da367fcfe9e34b738bd462c75a851373bc910e4b9c74ec6961b856ab0c4a08dff37bbe3a7,gx-no-cache=1456504431650 HTTP/1.1" 200 29
186.103.159.183 - - [26/Feb/2016:12:30:09 -0300] "POST /cormun/servlet/solicitudot?gx-no-cache=1456504437602 HTTP/1.1" 200 1116
200.30.225.234 - - [26/Feb/2016:12:30:15 -0300] "POST /cormun/servlet/solicitudot?gx-no-cache=1456500606475 HTTP/1.1" 200 30
200.30.225.234 - - [26/Feb/2016:12:30:23 -0300] "POST /cormun/servlet/solicitudot?gx-no-cache=1456500614230 HTTP/1.1" 200 30
186.103.159.183 - - [26/Feb/2016:12:30:48 -0300] "POST /cormun/servlet/solicitudot?gx-no-cache=1456504476818 HTTP/1.1" 200 30
186.103.159.183 - - [26/Feb/2016:12:30:55 -0300] "POST /cormun/servlet/solicitudot?gx-no-cache=1456504484271 HTTP/1.1" 200 30
201.214.54.176 - - [26/Feb/2016:12:31:03 -0300] "GET /cormun/servlet/hlogin HTTP/1.1" 200 1717
201.214.54.176 - - [26/Feb/2016:12:31:03 -0300] "GET /cormun/static/gxcfg.js?20151120045111 HTTP/1.1" 200 953
201.214.54.176 - - [26/Feb/2016:12:31:03 -0300] "GET /cormun/static/gxtimezone.js?85251 HTTP/1.1" 200 5781
201.214.54.176 - - [26/Feb/2016:12:31:03 -0300] "GET /cormun/static/hlogin.js?20151120045126 HTTP/1.1" 200 2136
201.214.54.176 - - [26/Feb/2016:12:31:03 -0300] "GET /cormun/static/Resources/Spanish/PXTools.css?005343 HTTP/1.1" 200 89042
201.214.54.176 - - [26/Feb/2016:12:31:03 -0300] "GET /cormun/static/messages.spa.js?85251 HTTP/1.1" 200 30736
201.214.54.176 - - [26/Feb/2016:12:31:03 -0300] "GET /cormun/static/Resources/ComunLogin.png HTTP/1.1" 200 17326
201.214.54.176 - - [26/Feb/2016:12:31:03 -0300] "GET /cormun/static/gxgral.js?85251 HTTP/1.1" 200 384558
201.214.54.176 - - [26/Feb/2016:12:31:03 -0300] "GET /cormun/static/Resources/PXToolsLoginBackground.png HTTP/1.1" 200 1164
201.214.54.176 - - [26/Feb/2016:12:31:03 -0300] "GET /cormun/static/Resources/PXToolsButtonRight21.png HTTP/1.1" 200 1283
201.214.54.176 - - [26/Feb/2016:12:31:03 -0300] "GET /cormun/static/Resources/PXToolsButtonLeft21.png HTTP/1.1" 200 1287
201.214.54.176 - - [26/Feb/2016:12:31:03 -0300] "GET /cormun/static/Resources/PXToolsLoginBottom.png HTTP/1.1" 200 1389
201.214.54.176 - - [26/Feb/2016:12:31:03 -0300] "GET /cormun/static/Resources/PXToolsLoginTop.png HTTP/1.1" 200 1337
201.214.54.176 - - [26/Feb/2016:12:31:03 -0300] "GET /cormun/static/Resources/PXToolsButtonBackground2.png HTTP/1.1" 200 1181
201.214.54.176 - - [26/Feb/2016:12:31:03 -0300] "GET /cormun/servlet/hlogin HTTP/1.1" 200 1727
201.214.54.176 - - [26/Feb/2016:12:31:03 -0300] "GET /cormun/static/Resources/indicator.gif HTTP/1.1" 200 1553
201.214.54.176 - - [26/Feb/2016:12:31:03 -0300] "GET /cormun/static/Resources/indicator.gif HTTP/1.1" 200 1553
186.103.159.44 - - [26/Feb/2016:12:31:05 -0300] "POST /cormun/servlet/solicitudot?gx-no-cache=1456500690679 HTTP/1.1" 200 30
186.103.159.44 - - [26/Feb/2016:12:31:08 -0300] "POST /cormun/servlet/solicitudot?gx-no-cache=1456500694143 HTTP/1.1" 200 122
186.103.159.44 - - [26/Feb/2016:12:31:08 -0300] "GET /cormun/static/Shared/jqueryui/images/ui-bg_highlight-soft_100_c6c2c8_1x100.png HTTP/1.1" 404 1117
186.103.159.44 - - [26/Feb/2016:12:31:08 -0300] "GET /cormun/static/Shared/jqueryui/images/ui-icons_82798d_256x240.png HTTP/1.1" 404 1089
186.103.159.44 - - [26/Feb/2016:12:31:08 -0300] "GET /cormun/static/Shared/jqueryui/images/ui-bg_flat_55_994d53_40x100.png HTTP/1.1" 404 1097
186.103.159.44 - - [26/Feb/2016:12:31:08 -0300] "GET /cormun/static/Shared/jqueryui/images/ui-icons_ebccce_256x240.png HTTP/1.1" 404 1089
186.103.159.44 - - [26/Feb/2016:12:31:11 -0300] "POST /cormun/servlet/solicitudot?gx-no-cache=1456500697463 HTTP/1.1" 200 30
186.103.159.44 - - [26/Feb/2016:12:31:14 -0300] "POST /cormun/servlet/solicitudot?gx-no-cache=1456500700114 HTTP/1.1" 200 452
186.103.159.44 - - [26/Feb/2016:12:31:14 -0300] "GET /cormun/servlet/solicitudot?d1b8feeebe4a91a3c0325cf850d68d5c0019a135af09bfb8d8cea8ac0b123732785a5d3e1470645853cafa1d631fbd4fccbf21d83e385bcaf73cba998c731b577c065823e98846590cf26b6b91623ecebb711756ffd842ede0623415f41c87bae0a4db821d3efef2fadfad5b5af45a309ec2e4da8c5fd7fd82394d34712417379322a9cb3e9d15c273db952fe2d4bca5,gx-no-cache=1456500700152 HTTP/1.1" 200 38
186.103.159.44 - - [26/Feb/2016:12:31:46 -0300] "GET /cormun/servlet/solicitudot?d1b8feeebe4a91a3c0325cf850d68d5cf7821cb26c1cbeba02bb6cad1f35523a906dbefe45c0905cccfc254ea052332588d9bea9201576d9ae37315aedb9bafb785db172d179ac3815ba9203f416f4624a4474f533448554b6da059726de6bdc3c12d5ccff1ff67b56f30ae493709414,gx-no-cache=1456500732607 HTTP/1.1" 200 29
186.103.159.44 - - [26/Feb/2016:12:31:48 -0300] "POST /cormun/servlet/solicitudot?gx-no-cache=1456500734032 HTTP/1.1" 200 1116
186.103.159.44 - - [26/Feb/2016:12:32:23 -0300] "GET /cormun/servlet/solicitudot?d1b8feeebe4a91a3c0325cf850d68d5c4f8b6554fe68c0c5828eb221fc70ed301592759b725ce96a8a72b5aabe2ce04139b946f6e57f80b175db35cfa81a67617ba3837b0550b5b2610ecb98540f47e184c4b4bc4cdce4127ed02ce6822b7ab17284a5ca836e6017af8f51669b243e18052696de4171418ddd5131efd950d600aa9cfc849318f13a4b96bdb3718b7369242de77cb646429edfccabdee536e555d753c14d49dbf1b289f4d01d734514c2,gx-no-cache=1456500769365 HTTP/1.1" 200 30
186.103.159.44 - - [26/Feb/2016:12:32:33 -0300] "POST /cormun/servlet/solicitudot?9a36c4fad9ef3fe2882d9b7e774b8365,INS,0,0,,gx-no-cache=1456500778922 HTTP/1.1" 200 93
186.103.159.44 - - [26/Feb/2016:12:32:33 -0300] "GET /cormun/servlet/hpexe_return? HTTP/1.1" 200 1032
186.103.159.44 - - [26/Feb/2016:12:32:33 -0300] "GET /cormun/servlet/trsolicitudot?gx-no-cache=1456500054231 HTTP/1.1" 200 10494
186.103.159.44 - - [26/Feb/2016:12:33:04 -0300] "GET /cormun/servlet/solicitudot?INS,0,0, HTTP/1.1" 200 12059
186.103.159.183 - - [26/Feb/2016:12:33:13 -0300] "POST /cormun/servlet/solicitudot?gx-no-cache=1456504621354 HTTP/1.1" 200 1152
186.103.159.183 - - [26/Feb/2016:12:33:13 -0300] "GET /cormun/servlet/solicitudot?6ce2657453f6c05debc6c260f895ce74ab5fd645befa019f323e5ff778da40f2fbb84eae29032e495d675b03cd71396edc757aa3ef5b19d504232af340f88a462ce207434877bc6b8d3b0e6a66bcbe0e9e08861e1c1caf13c7737cd2333b98d8ea5f1d916388fac5e3391f63430990af64a7ceded6f8c8acf2ccad5a2fab5779a5bdd88bd84b4c5541b017e1f2871ef49bd674f0c5bfa4769d2a8032fe151a16,gx-no-cache=1456504621436 HTTP/1.1" 200 41
186.103.159.183 - - [26/Feb/2016:12:33:13 -0300] "POST /cormun/servlet/solicitudot?gx-no-cache=1456504621471 HTTP/1.1" 200 1115
186.103.159.183 - - [26/Feb/2016:12:33:13 -0300] "GET /cormun/servlet/solicitudot?6ce2657453f6c05debc6c260f895ce7463e1f494744dee43a0e53af77df6361ee70af91db137dcf1ac0e0af178053c725aff64e0a261b9b3ec4c529a8d4ee3713b0bd886f92af2b9e55f3a99d9fb4fa718b9ac107184217800b928c006d9e4e883f798c1fcdd055b8ed83de4a683dcb95208cd6216848d529d2eef9a4040cf317928c8ae0035f3bab6f3781a6ceeca258835d8da4977676bca784ee9bde0e172e59b7add5119ddd8d34f634bf9063be1,gx-no-cache=1456504621525 HTTP/1.1" 200 30
186.103.159.44 - - [26/Feb/2016:12:33:17 -0300] "POST /cormun/servlet/solicitudot?gx-no-cache=1456500823429 HTTP/1.1" 200 2669
186.103.159.44 - - [26/Feb/2016:12:33:17 -0300] "POST /cormun/servlet/solicitudot?9a36c4fad9ef3fe2882d9b7e774b8365,INS,0,0,,gx-no-cache=1456500823574 HTTP/1.1" 200 9420
186.103.159.44 - - [26/Feb/2016:12:33:19 -0300] "GET /cormun/servlet/solicitudot?d1b8feeebe4a91a3c0325cf850d68d5c09cc90401c466adf5c332724c0167f28882221a0146241d7dbd93b4dd7d9c2d7,gx-no-cache=1456500825636 HTTP/1.1" 200 30
186.103.159.183 - - [26/Feb/2016:12:34:13 -0300] "GET /cormun/servlet/solicitudot?6ce2657453f6c05debc6c260f895ce7463e1f494744dee43a0e53af77df6361ee70af91db137dcf1ac0e0af178053c725aff64e0a261b9b3ec4c529a8d4ee3713b0bd886f92af2b9e55f3a99d9fb4fa718b9ac107184217800b928c006d9e4e883f798c1fcdd055b8ed83de4a683dcb95208cd6216848d529d2eef9a4040cf317928c8ae0035f3bab6f3781a6ceeca258835d8da4977676bca784ee9bde0e172e59b7add5119ddd8d34f634bf9063be1,gx-no-cache=1456504681761 HTTP/1.1" 200 30
186.103.159.183 - - [26/Feb/2016:12:34:13 -0300] "POST /cormun/servlet/solicitudot?6dd01a7bb0140816ffd9801ce6e8f827,INS,0,0,,gx-no-cache=1456504681814 HTTP/1.1" 200 10358
200.30.225.234 - - [26/Feb/2016:12:34:25 -0300] "POST /cormun/servlet/solicitudot?gx-no-cache=1456500856263 HTTP/1.1" 200 452
200.30.225.234 - - [26/Feb/2016:12:34:25 -0300] "GET /cormun/servlet/solicitudot?551c0df08eedcb9528a17a602fb5cd4c0a2d81b73cb8220e1ceb214b511bbbf2c17a9fbecef63f629a2c7c685bd5ea899c8f097125d76c78a5c63326fb0586ee126c389378bcc587c851c6c357adcfd48b6e753da3553a6cdcd7a053273b61d3ea0534393ba6d1ce0c9cc53616163aeb8116c4e707777e542e4bfa10fdf29a4669a35683cd7cc4785ae8fdca5dcca1da,gx-no-cache=1456500856419 HTTP/1.1" 200 38
186.103.159.183 - - [26/Feb/2016:12:34:26 -0300] "GET /cormun/servlet/prfichaempleado?,MD,,gxPopupLevel%3D0%3B HTTP/1.1" 200 7854
186.103.159.183 - - [26/Feb/2016:12:34:26 -0300] "GET /cormun/static/scaMessage/css/jquery-ui.css?104140 HTTP/1.1" 404 1045
186.103.159.44 - - [26/Feb/2016:12:34:41 -0300] "POST /cormun/servlet/solicitudot?gx-no-cache=1456500907567 HTTP/1.1" 200 30
186.103.159.44 - - [26/Feb/2016:12:34:54 -0300] "POST /cormun/servlet/solicitudot?gx-no-cache=1456500920639 HTTP/1.1" 200 30
186.103.159.44 - - [26/Feb/2016:12:34:58 -0300] "POST /cormun/servlet/solicitudot?gx-no-cache=1456500923992 HTTP/1.1" 200 452
186.103.159.44 - - [26/Feb/2016:12:34:58 -0300] "GET /cormun/servlet/solicitudot?d1b8feeebe4a91a3c0325cf850d68d5c0019a135af09bfb8d8cea8ac0b123732785a5d3e1470645853cafa1d631fbd4fccbf21d83e385bcaf73cba998c731b577c065823e98846590cf26b6b91623ecebb711756ffd842ede0623415f41c87bae0a4db821d3efef2fadfad5b5af45a309ec2e4da8c5fd7fd82394d34712417379322a9cb3e9d15c273db952fe2d4bca5,gx-no-cache=1456500924034 HTTP/1.1" 200 38
186.103.159.183 - - [26/Feb/2016:12:35:01 -0300] "POST /cormun/servlet/solicitudot?gx-no-cache=1456504729244 HTTP/1.1" 200 2815
186.103.159.183 - - [26/Feb/2016:12:35:01 -0300] "POST /cormun/servlet/solicitudot?gx-no-cache=1456504729399 HTTP/1.1" 200 30
186.103.159.183 - - [26/Feb/2016:12:35:02 -0300] "POST /cormun/servlet/solicitudot?gx-no-cache=1456504729445 HTTP/1.1" 200 1152
186.103.159.183 - - [26/Feb/2016:12:35:02 -0300] "GET /cormun/servlet/solicitudot?6ce2657453f6c05debc6c260f895ce74ab5fd645befa019f323e5ff778da40f2fbb84eae29032e495d675b03cd71396edc757aa3ef5b19d504232af340f88a462ce207434877bc6b8d3b0e6a66bcbe0e9e08861e1c1caf13c7737cd2333b98d8ea5f1d916388fac5e3391f63430990af64a7ceded6f8c8acf2ccad5a2fab5779a5bdd88bd84b4c5541b017e1f2871ef49bd674f0c5bfa4769d2a8032fe151a16,gx-no-cache=1456504730455 HTTP/1.1" 200 41
186.103.159.183 - - [26/Feb/2016:12:35:12 -0300] "GET /cormun/servlet/trsolicitudot? HTTP/1.1" 200 6097
186.103.159.183 - - [26/Feb/2016:12:35:13 -0300] "GET /cormun/servlet/trsolicitudot? HTTP/1.1" 200 6096
186.103.159.183 - - [26/Feb/2016:12:35:16 -0300] "POST /cormun/servlet/trsolicitudot?6dd01a7bb0140816ffd9801ce6e8f827,,gx-no-cache=1456504744918 HTTP/1.1" 200 3434
186.103.159.183 - - [26/Feb/2016:12:35:16 -0300] "POST /cormun/servlet/trsolicitudot?6dd01a7bb0140816ffd9801ce6e8f827,,gx-no-cache=1456504745113 HTTP/1.1" 200 3434
186.103.159.183 - - [26/Feb/2016:12:35:17 -0300] "POST /cormun/servlet/trsolicitudot?6dd01a7bb0140816ffd9801ce6e8f827,,gx-no-cache=1456504745258 HTTP/1.1" 200 3434
186.103.159.183 - - [26/Feb/2016:12:35:17 -0300] "POST /cormun/servlet/trsolicitudot?6dd01a7bb0140816ffd9801ce6e8f827,,gx-no-cache=1456504745399 HTTP/1.1" 200 3433
200.30.225.234 - - [26/Feb/2016:12:35:19 -0300] "GET /cormun/servlet/solicitudot?551c0df08eedcb9528a17a602fb5cd4cccec5bb1b4d3d0eef522703829bafc22a54ff5a92a4c6d253ee1aa173026b9e04adfb58e4b4332a949b226e4daf35413fc0d4f2f9edc21abbf35068e58e647826c1158b2197dff58c35df5760e64c38f03800e67ffb254297b711da1746a9bb2,gx-no-cache=1456500909981 HTTP/1.1" 200 29
186.103.159.183 - - [26/Feb/2016:12:35:27 -0300] "POST /cormun/servlet/trsolicitudot?6dd01a7bb0140816ffd9801ce6e8f827,,gx-no-cache=1456504755268 HTTP/1.1" 200 3434
186.103.159.183 - - [26/Feb/2016:12:35:27 -0300] "POST /cormun/servlet/trsolicitudot?6dd01a7bb0140816ffd9801ce6e8f827,,gx-no-cache=1456504755872 HTTP/1.1" 200 3434
186.103.159.44 - - [26/Feb/2016:12:35:27 -0300] "GET /cormun/servlet/solicitudot?d1b8feeebe4a91a3c0325cf850d68d5cf7821cb26c1cbeba02bb6cad1f35523a906dbefe45c0905cccfc254ea052332588d9bea9201576d9ae37315aedb9bafb785db172d179ac3815ba9203f416f4624a4474f533448554b6da059726de6bdc3c12d5ccff1ff67b56f30ae493709414,gx-no-cache=1456500953550 HTTP/1.1" 200 29
186.103.159.183 - - [26/Feb/2016:12:35:28 -0300] "POST /cormun/servlet/trsolicitudot?6dd01a7bb0140816ffd9801ce6e8f827,,gx-no-cache=1456504756189 HTTP/1.1" 200 3434
186.103.159.183 - - [26/Feb/2016:12:35:28 -0300] "POST /cormun/servlet/trsolicitudot?6dd01a7bb0140816ffd9801ce6e8f827,,gx-no-cache=1456504756484 HTTP/1.1" 200 3434
200.30.225.234 - - [26/Feb/2016:12:35:28 -0300] "POST /cormun/servlet/solicitudot?gx-no-cache=1456500919534 HTTP/1.1" 200 1116
186.103.159.44 - - [26/Feb/2016:12:35:29 -0300] "POST /cormun/servlet/solicitudot?gx-no-cache=1456500954726 HTTP/1.1" 200 1116
200.30.225.234 - - [26/Feb/2016:12:35:44 -0300] "GET /cormun/static/menuarrow.gif HTTP/1.1" 404 1015
186.103.159.183 - - [26/Feb/2016:12:35:47 -0300] "GET /cormun/servlet/trsolicitudot?e9ff7c4c2caa323b44269b9317b441789ecf3eb3ff412e5a14c76cb841be52e7aaf9012dc1f108ce1e2aa609493fa568ebfb0ec3f71f3864fc6a83e88f1df933c1964db034a4c7616151fd9b56f86526d8315d52f454e25428c487a460346887,gx-no-cache=1456504775626 HTTP/1.1" 200 712
186.103.159.183 - - [26/Feb/2016:12:35:47 -0300] "POST /cormun/servlet/trsolicitudot?6dd01a7bb0140816ffd9801ce6e8f827,,gx-no-cache=1456504775756 HTTP/1.1" 200 3442
186.103.159.183 - - [26/Feb/2016:12:35:51 -0300] "GET /cormun/servlet/solicitudot?INS,0,0, HTTP/1.1" 200 12027
186.103.159.183 - - [26/Feb/2016:12:35:52 -0300] "GET /cormun/servlet/solicitudot?INS,0,0, HTTP/1.1" 200 12032
200.30.225.234 - - [26/Feb/2016:12:36:00 -0300] "GET /cormun/servlet/solicitudot?551c0df08eedcb9528a17a602fb5cd4cf5e5c3b5d5108388f31bda419efab67ea64c9720d157551c152e01a66d6e8285a9e54a51465d7c06ff8b38cdf6f52db7cde091c1a5d9cc6be35747d69eae9d6289fce4f82d2a73f8abf3e142b5e2a9178c7e4f4d8d20fac5bfa100ffa55277535f9dfec786e876c1ebfbdc399372cee5d597fa7baeb3c57abda0644651a644eb1f6d6841b1468cd561b5f135e4330656e3c51cf142fc860acb225c85405fb484,gx-no-cache=1456500951525 HTTP/1.1" 200 30
186.103.159.44 - - [26/Feb/2016:12:36:01 -0300] "GET /cormun/servlet/solicitudot?d1b8feeebe4a91a3c0325cf850d68d5c4f8b6554fe68c0c5828eb221fc70ed301592759b725ce96a8a72b5aabe2ce04139b946f6e57f80b175db35cfa81a67617ba3837b0550b5b2610ecb98540f47e184c4b4bc4cdce4127ed02ce6822b7ab17284a5ca836e6017af8f51669b243e18052696de4171418ddd5131efd950d600aa9cfc849318f13a4b96bdb3718b7369242de77cb646429edfccabdee536e555d753c14d49dbf1b289f4d01d734514c2,gx-no-cache=1456500986761 HTTP/1.1" 200 30
186.103.159.44 - - [26/Feb/2016:12:36:12 -0300] "POST /cormun/servlet/solicitudot?9a36c4fad9ef3fe2882d9b7e774b8365,INS,0,0,,gx-no-cache=1456500997737 HTTP/1.1" 200 93
186.103.159.44 - - [26/Feb/2016:12:36:12 -0300] "GET /cormun/servlet/hpexe_return? HTTP/1.1" 200 1032
186.103.159.44 - - [26/Feb/2016:12:36:12 -0300] "GET /cormun/servlet/trsolicitudot?gx-no-cache=1456500054231 HTTP/1.1" 200 10717
186.103.159.44 - - [26/Feb/2016:12:36:25 -0300] "POST /cormun/servlet/trsolicitudot?9a36c4fad9ef3fe2882d9b7e774b8365,gx-no-cache=1456500054231,gx-no-cache=1456501010545 HTTP/1.1" 200 8212
186.103.159.44 - - [26/Feb/2016:12:36:25 -0300] "POST /cormun/servlet/trsolicitudot?9a36c4fad9ef3fe2882d9b7e774b8365,gx-no-cache=1456500054231,gx-no-cache=1456501011027 HTTP/1.1" 200 8212
186.103.159.44 - - [26/Feb/2016:12:36:26 -0300] "POST /cormun/servlet/trsolicitudot?9a36c4fad9ef3fe2882d9b7e774b8365,gx-no-cache=1456500054231,gx-no-cache=1456501011556 HTTP/1.1" 200 8212
186.103.159.44 - - [26/Feb/2016:12:36:26 -0300] "POST /cormun/servlet/trsolicitudot?9a36c4fad9ef3fe2882d9b7e774b8365,gx-no-cache=1456500054231,gx-no-cache=1456501012171 HTTP/1.1" 200 8212
186.103.159.44 - - [26/Feb/2016:12:36:27 -0300] "POST /cormun/servlet/trsolicitudot?9a36c4fad9ef3fe2882d9b7e774b8365,gx-no-cache=1456500054231,gx-no-cache=1456501012832 HTTP/1.1" 200 8212
186.103.159.44 - - [26/Feb/2016:12:36:28 -0300] "POST /cormun/servlet/trsolicitudot?9a36c4fad9ef3fe2882d9b7e774b8365,gx-no-cache=1456500054231,gx-no-cache=1456501013600 HTTP/1.1" 200 8212
186.103.159.44 - - [26/Feb/2016:12:36:28 -0300] "POST /cormun/servlet/trsolicitudot?9a36c4fad9ef3fe2882d9b7e774b8365,gx-no-cache=1456500054231,gx-no-cache=1456501014386 HTTP/1.1" 200 8212
186.103.159.44 - - [26/Feb/2016:12:36:29 -0300] "POST /cormun/servlet/trsolicitudot?9a36c4fad9ef3fe2882d9b7e774b8365,gx-no-cache=1456500054231,gx-no-cache=1456501015254 HTTP/1.1" 200 104
200.30.225.234 - - [26/Feb/2016:12:36:30 -0300] "GET /cormun/servlet/solicitudot?551c0df08eedcb9528a17a602fb5cd4cf5e5c3b5d5108388f31bda419efab67ea64c9720d157551c152e01a66d6e8285a9e54a51465d7c06ff8b38cdf6f52db7cde091c1a5d9cc6be35747d69eae9d6289fce4f82d2a73f8abf3e142b5e2a9178c7e4f4d8d20fac5bfa100ffa55277535f9dfec786e876c1ebfbdc399372cee5d597fa7baeb3c57abda0644651a644eb1f6d6841b1468cd561b5f135e4330656e3c51cf142fc860acb225c85405fb484,gx-no-cache=1456500980657 HTTP/1.1" 200 30
200.30.225.234 - - [26/Feb/2016:12:36:30 -0300] "POST /cormun/servlet/solicitudot?517f216796a569a903d3fabafe40020d,INS,0,0,,gx-no-cache=1456500980937 HTTP/1.1" 200 93
200.30.225.234 - - [26/Feb/2016:12:36:30 -0300] "GET /cormun/servlet/hpexe_return? HTTP/1.1" 200 1006
200.30.225.234 - - [26/Feb/2016:12:36:30 -0300] "GET /cormun/servlet/trsolicitudot HTTP/1.1" 200 7819
200.30.225.234 - - [26/Feb/2016:12:36:31 -0300] "GET /cormun/servlet/trsolicitudot HTTP/1.1" 200 7815
200.30.225.234 - - [26/Feb/2016:12:36:38 -0300] "POST /cormun/servlet/trsolicitudot?517f216796a569a903d3fabafe40020d,gx-no-cache=1456500988928 HTTP/1.1" 200 104
200.30.225.234 - - [26/Feb/2016:12:36:38 -0300] "GET /cormun/servlet/solicitudot?UPD,2016,181, HTTP/1.1" 200 13424
200.30.225.234 - - [26/Feb/2016:12:36:38 -0300] "GET /cormun/servlet/solicitudot?UPD,2016,181, HTTP/1.1" 200 13433
186.103.159.44 - - [26/Feb/2016:12:36:39 -0300] "GET /cormun/servlet/solicitudot?UPD,2016,180, HTTP/1.1" 200 13285
200.30.225.234 - - [26/Feb/2016:12:36:39 -0300] "POST /cormun/servlet/solicitudot?gx-no-cache=1456500990052 HTTP/1.1" 200 2741
200.30.225.234 - - [26/Feb/2016:12:36:39 -0300] "POST /cormun/servlet/solicitudot?517f216796a569a903d3fabafe40020d,UPD,2016,181,,gx-no-cache=1456500990246 HTTP/1.1" 200 10190
200.30.225.234 - - [26/Feb/2016:12:36:39 -0300] "GET /cormun/servlet/solicitudot?551c0df08eedcb9528a17a602fb5cd4c74345474fde9e999420a0703c94e4a787f150e46908ab16c4bc8112b1b0d9561,gx-no-cache=1456500990461 HTTP/1.1" 200 30
200.30.225.234 - - [26/Feb/2016:12:36:39 -0300] "POST /cormun/servlet/solicitudot?gx-no-cache=1456500990512 HTTP/1.1" 200 30
200.30.225.234 - - [26/Feb/2016:12:36:39 -0300] "POST /cormun/servlet/solicitudot?gx-no-cache=1456500990599 HTTP/1.1" 200 30
200.30.225.234 - - [26/Feb/2016:12:36:39 -0300] "POST /cormun/servlet/solicitudot?gx-no-cache=1456500990701 HTTP/1.1" 200 1154
200.30.225.234 - - [26/Feb/2016:12:36:40 -0300] "GET /cormun/servlet/solicitudot?551c0df08eedcb9528a17a602fb5cd4c0a2d81b73cb8220e1ceb214b511bbbf2c17a9fbecef63f629a2c7c685bd5ea899c8f097125d76c78a5c63326fb0586ee126c389378bcc587c851c6c357adcfd48b6e753da3553a6cdcd7a053273b61d3ea0534393ba6d1ce0c9cc53616163aeb8116c4e707777e542e4bfa10fdf29a4606c56174a9c1a2838b1dae2b6d44c104dd93364dc59d4be4057896a75c149ca6,gx-no-cache=1456500990845 HTTP/1.1" 200 41
186.103.159.44 - - [26/Feb/2016:12:36:40 -0300] "POST /cormun/servlet/solicitudot?gx-no-cache=1456501026460 HTTP/1.1" 200 2744
186.103.159.44 - - [26/Feb/2016:12:36:41 -0300] "POST /cormun/servlet/solicitudot?9a36c4fad9ef3fe2882d9b7e774b8365,UPD,2016,180,,gx-no-cache=1456501026604 HTTP/1.1" 200 10190
186.103.159.44 - - [26/Feb/2016:12:36:41 -0300] "GET /cormun/servlet/solicitudot?d1b8feeebe4a91a3c0325cf850d68d5c09cc90401c466adf5c332724c0167f28fa7b6fe9e7927a7ff6acf28b4217a45c,gx-no-cache=1456501026796 HTTP/1.1" 200 30
186.103.159.44 - - [26/Feb/2016:12:36:41 -0300] "POST /cormun/servlet/solicitudot?gx-no-cache=1456501026852 HTTP/1.1" 200 30
186.103.159.44 - - [26/Feb/2016:12:36:41 -0300] "POST /cormun/servlet/solicitudot?gx-no-cache=1456501026874 HTTP/1.1" 200 30
186.103.159.44 - - [26/Feb/2016:12:36:41 -0300] "POST /cormun/servlet/solicitudot?gx-no-cache=1456501026915 HTTP/1.1" 200 1154
186.103.159.44 - - [26/Feb/2016:12:36:41 -0300] "GET /cormun/servlet/solicitudot?d1b8feeebe4a91a3c0325cf850d68d5c0019a135af09bfb8d8cea8ac0b123732785a5d3e1470645853cafa1d631fbd4fccbf21d83e385bcaf73cba998c731b577c065823e98846590cf26b6b91623ecebb711756ffd842ede0623415f41c87bae0a4db821d3efef2fadfad5b5af45a309ec2e4da8c5fd7fd82394d3471241737292614d2f2af50a693b88998cb722f83e21de3270244b2aeeaa0ea540b753ea5,gx-no-cache=1456501026952 HTTP/1.1" 200 41
186.103.159.44 - - [26/Feb/2016:12:36:43 -0300] "GET /cormun/servlet/solicitudot?d1b8feeebe4a91a3c0325cf850d68d5c293db852dd39e4cdfeff6bf41101170f0a3bff0f96920faf3921c140a667c9d9c82ff79c997e8756f0519cb8474789d88ad2b8b5b1e684b1912489375d73bee2a3cd85b790d5713ed8c35588dd864526f339e59317f5a2538cebe5acc2c1612e9899060f264cfb7bac3848ca117015c748229275b84fb79f124ea2ad464df17dee142370b28395b356c80bd17d8a5728,gx-no-cache=1456501029085 HTTP/1.1" 200 30
186.103.159.44 - - [26/Feb/2016:12:36:44 -0300] "POST /cormun/servlet/solicitudot?gx-no-cache=1456501030408 HTTP/1.1" 200 1116
186.103.159.44 - - [26/Feb/2016:12:36:44 -0300] "GET /cormun/servlet/solicitudot?d1b8feeebe4a91a3c0325cf850d68d5c4f8b6554fe68c0c5828eb221fc70ed301592759b725ce96a8a72b5aabe2ce04139b946f6e57f80b175db35cfa81a67617ba3837b0550b5b2610ecb98540f47e184c4b4bc4cdce4127ed02ce6822b7ab17284a5ca836e6017af8f51669b243e18052696de4171418ddd5131efd950d600aa9cfc849318f13a4b96bdb3718b7369242de77cb646429edfccabdee536e555d753c14d49dbf1b289f4d01d734514c2,gx-no-cache=1456501030444 HTTP/1.1" 200 30
186.103.159.44 - - [26/Feb/2016:12:36:44 -0300] "POST /cormun/servlet/solicitudot?9a36c4fad9ef3fe2882d9b7e774b8365,UPD,2016,180,,gx-no-cache=1456501030468 HTTP/1.1" 200 93
186.103.159.44 - - [26/Feb/2016:12:36:45 -0300] "GET /cormun/servlet/hpexe_return? HTTP/1.1" 200 1037
186.103.159.44 - - [26/Feb/2016:12:36:45 -0300] "GET /cormun/servlet/trsolicitudot?gx-no-cache=1456500054231 HTTP/1.1" 200 10724
186.103.159.44 - - [26/Feb/2016:12:36:49 -0300] "POST /cormun/servlet/trsolicitudot?9a36c4fad9ef3fe2882d9b7e774b8365,gx-no-cache=1456500054231,gx-no-cache=1456501034524 HTTP/1.1" 200 8215
186.103.159.44 - - [26/Feb/2016:12:36:49 -0300] "POST /cormun/servlet/trsolicitudot?9a36c4fad9ef3fe2882d9b7e774b8365,gx-no-cache=1456500054231,gx-no-cache=1456501035007 HTTP/1.1" 200 8215
186.103.159.44 - - [26/Feb/2016:12:36:50 -0300] "POST /cormun/servlet/trsolicitudot?9a36c4fad9ef3fe2882d9b7e774b8365,gx-no-cache=1456500054231,gx-no-cache=1456501035529 HTTP/1.1" 200 8215
186.103.159.44 - - [26/Feb/2016:12:36:50 -0300] "POST /cormun/servlet/trsolicitudot?9a36c4fad9ef3fe2882d9b7e774b8365,gx-no-cache=1456500054231,gx-no-cache=1456501036219 HTTP/1.1" 200 8215
186.103.159.44 - - [26/Feb/2016:12:36:51 -0300] "POST /cormun/servlet/trsolicitudot?9a36c4fad9ef3fe2882d9b7e774b8365,gx-no-cache=1456500054231,gx-no-cache=1456501036871 HTTP/1.1" 200 8215
186.103.159.44 - - [26/Feb/2016:12:36:52 -0300] "POST /cormun/servlet/trsolicitudot?9a36c4fad9ef3fe2882d9b7e774b8365,gx-no-cache=1456500054231,gx-no-cache=1456501037610 HTTP/1.1" 200 8215
200.30.225.234 - - [26/Feb/2016:12:36:52 -0300] "GET /cormun/servlet/solicitudot?551c0df08eedcb9528a17a602fb5cd4cf8f9535b257504d897ea4bf3fe38a1f7dd5ba88b5f138dc8b86f6feafcafd79e80f426d33fca2370f367c0c176a31471d973b1ee1aaa7f5d866fd5097be0f642a60125efd6de1082412fce77b777423f5f3f917f6bfde0ce8749910f0e1ceb405f9dfec786e876c1ebfbdc399372cee5b68e9cdf54401a09be8a6f4f8ffae303b9da1bb0db5fe5418656f953c2c06bb8,gx-no-cache=1456501002882 HTTP/1.1" 200 30
186.103.159.44 - - [26/Feb/2016:12:36:52 -0300] "POST /cormun/servlet/trsolicitudot?9a36c4fad9ef3fe2882d9b7e774b8365,gx-no-cache=1456500054231,gx-no-cache=1456501038407 HTTP/1.1" 200 8215
200.30.225.234 - - [26/Feb/2016:12:36:54 -0300] "POST /cormun/servlet/solicitudot?gx-no-cache=1456501005091 HTTP/1.1" 200 1116
200.30.225.234 - - [26/Feb/2016:12:36:54 -0300] "GET /cormun/servlet/solicitudot?551c0df08eedcb9528a17a602fb5cd4cf5e5c3b5d5108388f31bda419efab67ea64c9720d157551c152e01a66d6e8285a9e54a51465d7c06ff8b38cdf6f52db7cde091c1a5d9cc6be35747d69eae9d6289fce4f82d2a73f8abf3e142b5e2a9178c7e4f4d8d20fac5bfa100ffa55277535f9dfec786e876c1ebfbdc399372cee5d597fa7baeb3c57abda0644651a644eb1f6d6841b1468cd561b5f135e433065638f5a28618f83e7e10beb0ff9e4c7ff6,gx-no-cache=1456501005171 HTTP/1.1" 200 32
200.30.225.234 - - [26/Feb/2016:12:36:54 -0300] "POST /cormun/servlet/solicitudot?517f216796a569a903d3fabafe40020d,UPD,2016,181,,gx-no-cache=1456501005224 HTTP/1.1" 200 93
200.30.225.234 - - [26/Feb/2016:12:36:54 -0300] "GET /cormun/servlet/hpexe_return? HTTP/1.1" 200 1010
200.30.225.234 - - [26/Feb/2016:12:36:54 -0300] "GET /cormun/servlet/trsolicitudot HTTP/1.1" 200 7809
200.30.225.234 - - [26/Feb/2016:12:36:55 -0300] "GET /cormun/servlet/trsolicitudot HTTP/1.1" 200 7805
200.30.225.234 - - [26/Feb/2016:12:36:58 -0300] "POST /cormun/servlet/trsolicitudot?517f216796a569a903d3fabafe40020d,gx-no-cache=1456501009434 HTTP/1.1" 200 104
200.30.225.234 - - [26/Feb/2016:12:36:58 -0300] "GET /cormun/servlet/solicitudot?UPD,2016,176, HTTP/1.1" 200 13415
200.30.225.234 - - [26/Feb/2016:12:36:59 -0300] "GET /cormun/servlet/solicitudot?UPD,2016,176, HTTP/1.1" 200 13425
200.30.225.234 - - [26/Feb/2016:12:36:59 -0300] "POST /cormun/servlet/solicitudot?gx-no-cache=1456501010488 HTTP/1.1" 200 2744
200.30.225.234 - - [26/Feb/2016:12:36:59 -0300] "POST /cormun/servlet/solicitudot?517f216796a569a903d3fabafe40020d,UPD,2016,176,,gx-no-cache=1456501010669 HTTP/1.1" 200 10180
200.30.225.234 - - [26/Feb/2016:12:37:00 -0300] "GET /cormun/servlet/solicitudot?551c0df08eedcb9528a17a602fb5cd4c74345474fde9e999420a0703c94e4a787f150e46908ab16c4bc8112b1b0d9561,gx-no-cache=1456501010882 HTTP/1.1" 200 30
200.30.225.234 - - [26/Feb/2016:12:37:00 -0300] "POST /cormun/servlet/solicitudot?gx-no-cache=1456501010945 HTTP/1.1" 200 30
200.30.225.234 - - [26/Feb/2016:12:37:00 -0300] "POST /cormun/servlet/solicitudot?gx-no-cache=1456501010999 HTTP/1.1" 200 30
200.30.225.234 - - [26/Feb/2016:12:37:00 -0300] "POST /cormun/servlet/solicitudot?gx-no-cache=1456501011064 HTTP/1.1" 200 1154
200.30.225.234 - - [26/Feb/2016:12:37:00 -0300] "GET /cormun/servlet/solicitudot?551c0df08eedcb9528a17a602fb5cd4c0a2d81b73cb8220e1ceb214b511bbbf2c17a9fbecef63f629a2c7c685bd5ea899c8f097125d76c78a5c63326fb0586ee126c389378bcc587c851c6c357adcfd48b6e753da3553a6cdcd7a053273b61d3ea0534393ba6d1ce0c9cc53616163aeb8116c4e707777e542e4bfa10fdf29a4606c56174a9c1a2838b1dae2b6d44c104dd93364dc59d4be4057896a75c149ca6,gx-no-cache=1456501011153 HTTP/1.1" 200 41
186.103.159.44 - - [26/Feb/2016:12:37:02 -0300] "POST /cormun/servlet/trsolicitudot?9a36c4fad9ef3fe2882d9b7e774b8365,gx-no-cache=1456500054231,gx-no-cache=1456501039302 HTTP/1.1" 200 104
186.103.159.44 - - [26/Feb/2016:12:37:03 -0300] "GET /cormun/servlet/solicitudot?UPD,2016,179, HTTP/1.1" 200 13280
186.103.159.44 - - [26/Feb/2016:12:37:04 -0300] "POST /cormun/servlet/solicitudot?gx-no-cache=1456501050484 HTTP/1.1" 200 2745
186.103.159.44 - - [26/Feb/2016:12:37:05 -0300] "POST /cormun/servlet/solicitudot?9a36c4fad9ef3fe2882d9b7e774b8365,UPD,2016,179,,gx-no-cache=1456501050617 HTTP/1.1" 200 10190
186.103.159.44 - - [26/Feb/2016:12:37:05 -0300] "GET /cormun/servlet/solicitudot?d1b8feeebe4a91a3c0325cf850d68d5c09cc90401c466adf5c332724c0167f28fa7b6fe9e7927a7ff6acf28b4217a45c,gx-no-cache=1456501050814 HTTP/1.1" 200 30
186.103.159.44 - - [26/Feb/2016:12:37:05 -0300] "POST /cormun/servlet/solicitudot?gx-no-cache=1456501050870 HTTP/1.1" 200 30
186.103.159.44 - - [26/Feb/2016:12:37:05 -0300] "POST /cormun/servlet/solicitudot?gx-no-cache=1456501050892 HTTP/1.1" 200 30
186.103.159.44 - - [26/Feb/2016:12:37:05 -0300] "POST /cormun/servlet/solicitudot?gx-no-cache=1456501050947 HTTP/1.1" 200 1154
186.103.159.44 - - [26/Feb/2016:12:37:05 -0300] "GET /cormun/servlet/solicitudot?d1b8feeebe4a91a3c0325cf850d68d5c0019a135af09bfb8d8cea8ac0b123732785a5d3e1470645853cafa1d631fbd4fccbf21d83e385bcaf73cba998c731b577c065823e98846590cf26b6b91623ecebb711756ffd842ede0623415f41c87bae0a4db821d3efef2fadfad5b5af45a309ec2e4da8c5fd7fd82394d3471241737292614d2f2af50a693b88998cb722f83e21de3270244b2aeeaa0ea540b753ea5,gx-no-cache=1456501050983 HTTP/1.1" 200 41
200.30.225.234 - - [26/Feb/2016:12:37:09 -0300] "GET /cormun/servlet/solicitudot?551c0df08eedcb9528a17a602fb5cd4c5e3ce43c4b6488946aff56d7f020135fdd5ba88b5f138dc8b86f6feafcafd79e80f426d33fca2370f367c0c176a31471d973b1ee1aaa7f5d866fd5097be0f642a60125efd6de1082412fce77b777423f5f3f917f6bfde0ce8749910f0e1ceb405f9dfec786e876c1ebfbdc399372cee5b68e9cdf54401a09be8a6f4f8ffae303b9da1bb0db5fe5418656f953c2c06bb8,gx-no-cache=1456501020405 HTTP/1.1" 200 29
200.30.225.234 - - [26/Feb/2016:12:37:09 -0300] "POST /cormun/servlet/solicitudot?gx-no-cache=1456501020453 HTTP/1.1" 200 1116
200.30.225.234 - - [26/Feb/2016:12:37:09 -0300] "GET /cormun/servlet/solicitudot?551c0df08eedcb9528a17a602fb5cd4cf5e5c3b5d5108388f31bda419efab67e806ebe1fcd91b15072ce184ebecdad36a23c1657c17f2183e1ac23dbd15950d0da80c5c67aa404acf7d8865b6fddd2baae52d8557531a257a41c78336223fcfdd6ed0c825576ec16b99cd3eaaf1f208aa62ae255b68664c43538994135368876bf162886e5e506c5e9e52ad45948823873b90633bc71c9aeec8300012dd6ce3ce4de608eb861b981d34e51e4c56bc953,gx-no-cache=1456501020529 HTTP/1.1" 200 30
200.30.225.234 - - [26/Feb/2016:12:37:09 -0300] "POST /cormun/servlet/solicitudot?517f216796a569a903d3fabafe40020d,UPD,2016,176,,gx-no-cache=1456501020582 HTTP/1.1" 200 93
200.30.225.234 - - [26/Feb/2016:12:37:09 -0300] "GET /cormun/servlet/hpexe_return? HTTP/1.1" 200 1011
200.30.225.234 - - [26/Feb/2016:12:37:10 -0300] "GET /cormun/servlet/trsolicitudot HTTP/1.1" 200 7809
200.30.225.234 - - [26/Feb/2016:12:37:10 -0300] "GET /cormun/servlet/trsolicitudot HTTP/1.1" 200 7805
186.103.159.44 - - [26/Feb/2016:12:37:20 -0300] "GET /cormun/servlet/solicitudot?d1b8feeebe4a91a3c0325cf850d68d5c293db852dd39e4cdfeff6bf41101170f0a3bff0f96920faf3921c140a667c9d9c82ff79c997e8756f0519cb8474789d88ad2b8b5b1e684b1912489375d73bee2a3cd85b790d5713ed8c35588dd864526f339e59317f5a2538cebe5acc2c1612e9899060f264cfb7bac3848ca117015c748229275b84fb79f124ea2ad464df17dee142370b28395b356c80bd17d8a5728,gx-no-cache=1456501065894 HTTP/1.1" 200 30
186.103.159.44 - - [26/Feb/2016:12:37:24 -0300] "POST /cormun/servlet/solicitudot?gx-no-cache=1456501069856 HTTP/1.1" 200 1116
186.103.159.44 - - [26/Feb/2016:12:37:24 -0300] "GET /cormun/servlet/solicitudot?d1b8feeebe4a91a3c0325cf850d68d5c4f8b6554fe68c0c5828eb221fc70ed301592759b725ce96a8a72b5aabe2ce04139b946f6e57f80b175db35cfa81a67617ba3837b0550b5b2610ecb98540f47e184c4b4bc4cdce4127ed02ce6822b7ab17284a5ca836e6017af8f51669b243e18052696de4171418ddd5131efd950d600aa9cfc849318f13a4b96bdb3718b7369242de77cb646429edfccabdee536e555d753c14d49dbf1b289f4d01d734514c2,gx-no-cache=1456501069893 HTTP/1.1" 200 30
186.103.159.44 - - [26/Feb/2016:12:37:24 -0300] "POST /cormun/servlet/solicitudot?9a36c4fad9ef3fe2882d9b7e774b8365,UPD,2016,179,,gx-no-cache=1456501069924 HTTP/1.1" 200 93
186.103.159.44 - - [26/Feb/2016:12:37:24 -0300] "GET /cormun/servlet/hpexe_return? HTTP/1.1" 200 1037
186.103.159.44 - - [26/Feb/2016:12:37:24 -0300] "GET /cormun/servlet/trsolicitudot?gx-no-cache=1456500054231 HTTP/1.1" 200 10710
200.30.225.234 - - [26/Feb/2016:12:37:27 -0300] "GET /cormun/servlet/solicitudot?INS,0,0, HTTP/1.1" 200 12193
200.30.225.234 - - [26/Feb/2016:12:37:28 -0300] "GET /cormun/servlet/solicitudot?INS,0,0, HTTP/1.1" 200 12198
200.30.225.234 - - [26/Feb/2016:12:37:36 -0300] "POST /cormun/servlet/solicitudot?gx-no-cache=1456501047379 HTTP/1.1" 200 2669
200.30.225.234 - - [26/Feb/2016:12:37:36 -0300] "POST /cormun/servlet/solicitudot?517f216796a569a903d3fabafe40020d,INS,0,0,,gx-no-cache=1456501047568 HTTP/1.1" 200 9419
200.30.225.234 - - [26/Feb/2016:12:37:39 -0300] "GET /cormun/servlet/solicitudot?551c0df08eedcb9528a17a602fb5cd4c74345474fde9e999420a0703c94e4a78e8a11d2ef97016d978dcde54675b1166,gx-no-cache=1456501050184 HTTP/1.1" 200 30
200.30.225.234 - - [26/Feb/2016:12:39:05 -0300] "POST /cormun/servlet/solicitudot?gx-no-cache=1456501136604 HTTP/1.1" 200 30
200.30.225.234 - - [26/Feb/2016:12:39:15 -0300] "POST /cormun/servlet/solicitudot?gx-no-cache=1456501145893 HTTP/1.1" 200 30
186.103.159.44 - - [26/Feb/2016:12:39:53 -0300] "POST /cormun/servlet/trsolicitudot?9a36c4fad9ef3fe2882d9b7e774b8365,gx-no-cache=1456500054231,gx-no-cache=1456501218946 HTTP/1.1" 200 8187
186.103.159.44 - - [26/Feb/2016:12:39:54 -0300] "POST /cormun/servlet/trsolicitudot?9a36c4fad9ef3fe2882d9b7e774b8365,gx-no-cache=1456500054231,gx-no-cache=1456501219497 HTTP/1.1" 200 8187
186.103.159.44 - - [26/Feb/2016:12:39:55 -0300] "POST /cormun/servlet/trsolicitudot?9a36c4fad9ef3fe2882d9b7e774b8365,gx-no-cache=1456500054231,gx-no-cache=1456501220530 HTTP/1.1" 200 8187
186.103.159.44 - - [26/Feb/2016:12:39:55 -0300] "POST /cormun/servlet/trsolicitudot?9a36c4fad9ef3fe2882d9b7e774b8365,gx-no-cache=1456500054231,gx-no-cache=1456501221168 HTTP/1.1" 200 8187
186.103.159.44 - - [26/Feb/2016:12:39:56 -0300] "POST /cormun/servlet/trsolicitudot?9a36c4fad9ef3fe2882d9b7e774b8365,gx-no-cache=1456500054231,gx-no-cache=1456501221867 HTTP/1.1" 200 8187
186.103.159.44 - - [26/Feb/2016:12:39:57 -0300] "POST /cormun/servlet/trsolicitudot?9a36c4fad9ef3fe2882d9b7e774b8365,gx-no-cache=1456500054231,gx-no-cache=1456501222603 HTTP/1.1" 200 8187
186.103.159.44 - - [26/Feb/2016:12:39:57 -0300] "POST /cormun/servlet/trsolicitudot?9a36c4fad9ef3fe2882d9b7e774b8365,gx-no-cache=1456500054231,gx-no-cache=1456501223425 HTTP/1.1" 200 8187
200.30.225.234 - - [26/Feb/2016:12:40:06 -0300] "POST /cormun/servlet/solicitudot?gx-no-cache=1456501196496 HTTP/1.1" 200 452
200.30.225.234 - - [26/Feb/2016:12:40:06 -0300] "GET /cormun/servlet/solicitudot?551c0df08eedcb9528a17a602fb5cd4c0a2d81b73cb8220e1ceb214b511bbbf2c17a9fbecef63f629a2c7c685bd5ea899c8f097125d76c78a5c63326fb0586ee126c389378bcc587c851c6c357adcfd48b6e753da3553a6cdcd7a053273b61d3ea0534393ba6d1ce0c9cc53616163aeb8116c4e707777e542e4bfa10fdf29a4669a35683cd7cc4785ae8fdca5dcca1da,gx-no-cache=1456501197075 HTTP/1.1" 200 38
186.103.159.44 - - [26/Feb/2016:12:40:07 -0300] "POST /cormun/servlet/trsolicitudot?9a36c4fad9ef3fe2882d9b7e774b8365,gx-no-cache=1456500054231,gx-no-cache=1456501224344 HTTP/1.1" 200 103
186.103.159.44 - - [26/Feb/2016:12:40:07 -0300] "GET /cormun/SolicitudOT-9021.xls HTTP/1.1" 200 8192
186.103.159.44 - - [26/Feb/2016:12:40:21 -0300] "GET /cormun/servlet/solicitudot?INS,0,0, HTTP/1.1" 200 12057
200.30.225.234 - - [26/Feb/2016:12:40:23 -0300] "GET /cormun/servlet/solicitudot?551c0df08eedcb9528a17a602fb5cd4cccec5bb1b4d3d0eef522703829bafc22a54ff5a92a4c6d253ee1aa173026b9e04adfb58e4b4332a949b226e4daf35413fc0d4f2f9edc21abbf35068e58e647826c1158b2197dff58c35df5760e64c38f03800e67ffb254297b711da1746a9bb2,gx-no-cache=1456501214735 HTTP/1.1" 200 29
200.30.225.234 - - [26/Feb/2016:12:40:25 -0300] "POST /cormun/servlet/solicitudot?gx-no-cache=1456501216655 HTTP/1.1" 200 1116
186.103.159.44 - - [26/Feb/2016:12:40:43 -0300] "POST /cormun/servlet/solicitudot?gx-no-cache=1456501269444 HTTP/1.1" 200 2669
186.103.159.44 - - [26/Feb/2016:12:40:44 -0300] "POST /cormun/servlet/solicitudot?9a36c4fad9ef3fe2882d9b7e774b8365,INS,0,0,,gx-no-cache=1456501269607 HTTP/1.1" 200 9419
186.103.159.44 - - [26/Feb/2016:12:40:46 -0300] "GET /cormun/servlet/solicitudot?d1b8feeebe4a91a3c0325cf850d68d5c4787e5fdd96f0257cf5eacf748ae2e71882221a0146241d7dbd93b4dd7d9c2d7,gx-no-cache=1456501271780 HTTP/1.1" 200 30
200.30.225.234 - - [26/Feb/2016:12:40:48 -0300] "GET /cormun/static/menuarrow.gif HTTP/1.1" 404 1015
200.30.225.234 - - [26/Feb/2016:12:41:11 -0300] "GET /cormun/servlet/solicitudot?551c0df08eedcb9528a17a602fb5cd4cf5e5c3b5d5108388f31bda419efab67ea64c9720d157551c152e01a66d6e8285a9e54a51465d7c06ff8b38cdf6f52db7cde091c1a5d9cc6be35747d69eae9d6289fce4f82d2a73f8abf3e142b5e2a9178c7e4f4d8d20fac5bfa100ffa55277535f9dfec786e876c1ebfbdc399372cee5d597fa7baeb3c57abda0644651a644eb1f6d6841b1468cd561b5f135e4330656e3c51cf142fc860acb225c85405fb484,gx-no-cache=1456501262548 HTTP/1.1" 200 30
200.30.225.234 - - [26/Feb/2016:12:41:52 -0300] "POST /cormun/servlet/solicitudot?517f216796a569a903d3fabafe40020d,INS,0,0,,gx-no-cache=1456501302753 HTTP/1.1" 200 93
200.30.225.234 - - [26/Feb/2016:12:41:52 -0300] "GET /cormun/servlet/hpexe_return? HTTP/1.1" 200 1006
200.30.225.234 - - [26/Feb/2016:12:41:52 -0300] "GET /cormun/servlet/trsolicitudot HTTP/1.1" 200 8067
200.30.225.234 - - [26/Feb/2016:12:41:53 -0300] "GET /cormun/servlet/trsolicitudot HTTP/1.1" 200 8063
186.103.159.44 - - [26/Feb/2016:12:42:01 -0300] "POST /cormun/servlet/solicitudot?gx-no-cache=1456501347499 HTTP/1.1" 200 30
200.30.225.234 - - [26/Feb/2016:12:42:03 -0300] "POST /cormun/servlet/trsolicitudot?517f216796a569a903d3fabafe40020d,gx-no-cache=1456501314422 HTTP/1.1" 200 104
200.30.225.234 - - [26/Feb/2016:12:42:03 -0300] "GET /cormun/servlet/solicitudot?UPD,2016,182, HTTP/1.1" 200 13425
186.103.159.44 - - [26/Feb/2016:12:42:04 -0300] "POST /cormun/servlet/solicitudot?gx-no-cache=1456501349924 HTTP/1.1" 200 30
200.30.225.234 - - [26/Feb/2016:12:42:04 -0300] "GET /cormun/servlet/solicitudot?UPD,2016,182, HTTP/1.1" 200 13434
200.30.225.234 - - [26/Feb/2016:12:42:04 -0300] "POST /cormun/servlet/solicitudot?gx-no-cache=1456501315633 HTTP/1.1" 200 2739
200.30.225.234 - - [26/Feb/2016:12:42:05 -0300] "POST /cormun/servlet/solicitudot?517f216796a569a903d3fabafe40020d,UPD,2016,182,,gx-no-cache=1456501315867 HTTP/1.1" 200 10187
