186.103.158.250 - - [26/Feb/2016:10:45:24 -0300] "POST /cormun/servlet/trsolicitudot?ccb68111455927d50857bbea456a8023,,gx-no-cache=1456494348639 HTTP/1.1" 200 5788
186.103.158.250 - - [26/Feb/2016:10:45:25 -0300] "POST /cormun/servlet/trsolicitudot?ccb68111455927d50857bbea456a8023,,gx-no-cache=1456494349031 HTTP/1.1" 200 5786
186.103.158.250 - - [26/Feb/2016:10:45:25 -0300] "POST /cormun/servlet/trsolicitudot?ccb68111455927d50857bbea456a8023,,gx-no-cache=1456494349812 HTTP/1.1" 200 5788
186.103.158.250 - - [26/Feb/2016:10:45:26 -0300] "POST /cormun/servlet/trsolicitudot?ccb68111455927d50857bbea456a8023,,gx-no-cache=1456494350353 HTTP/1.1" 200 5842
186.103.159.44 - - [26/Feb/2016:10:45:40 -0300] "POST /cormun/servlet/solicitudot?gx-no-cache=1456494360699 HTTP/1.1" 200 30
186.103.159.44 - - [26/Feb/2016:10:45:43 -0300] "POST /cormun/servlet/solicitudot?gx-no-cache=1456494363931 HTTP/1.1" 200 30
186.103.158.250 - - [26/Feb/2016:10:45:44 -0300] "POST /cormun/servlet/trsolicitudot?ccb68111455927d50857bbea456a8023,,gx-no-cache=1456494368257 HTTP/1.1" 200 5788
186.103.158.250 - - [26/Feb/2016:10:45:45 -0300] "POST /cormun/servlet/trsolicitudot?ccb68111455927d50857bbea456a8023,,gx-no-cache=1456494368919 HTTP/1.1" 200 5787
186.103.158.250 - - [26/Feb/2016:10:45:45 -0300] "POST /cormun/servlet/trsolicitudot?ccb68111455927d50857bbea456a8023,,gx-no-cache=1456494369435 HTTP/1.1" 200 5787
186.103.159.44 - - [26/Feb/2016:10:45:45 -0300] "POST /cormun/servlet/solicitudot?gx-no-cache=1456494366077 HTTP/1.1" 200 452
186.103.159.44 - - [26/Feb/2016:10:45:45 -0300] "GET /cormun/servlet/solicitudot?3bc56ba43b68e20d8e05649e26dc98c63c0e4b170577801e18dbaf476095683edd35502a41efbecb4f48c6a325284284809db75cf1cd0390ef0022c500a0c26962023fd6ab74f0b7c18d82539b316031e8431551c6bb00aa4256bfe6e0fcf9a867c2d8870f24bfc8c150f12823cf218c29d8d3995bd95ed9362447d26764300fada61640d6f0df47fd76dabcfb8aef9b,gx-no-cache=1456494366161 HTTP/1.1" 200 38
186.103.158.250 - - [26/Feb/2016:10:45:46 -0300] "POST /cormun/servlet/trsolicitudot?ccb68111455927d50857bbea456a8023,,gx-no-cache=1456494369947 HTTP/1.1" 200 5788
186.103.158.250 - - [26/Feb/2016:10:45:46 -0300] "POST /cormun/servlet/trsolicitudot?ccb68111455927d50857bbea456a8023,,gx-no-cache=1456494370496 HTTP/1.1" 200 5787
186.103.158.250 - - [26/Feb/2016:10:45:47 -0300] "POST /cormun/servlet/trsolicitudot?ccb68111455927d50857bbea456a8023,,gx-no-cache=1456494371044 HTTP/1.1" 200 5787
186.103.158.250 - - [26/Feb/2016:10:45:47 -0300] "POST /cormun/servlet/trsolicitudot?ccb68111455927d50857bbea456a8023,,gx-no-cache=1456494371600 HTTP/1.1" 200 5786
186.103.158.250 - - [26/Feb/2016:10:45:48 -0300] "POST /cormun/servlet/trsolicitudot?ccb68111455927d50857bbea456a8023,,gx-no-cache=1456494372226 HTTP/1.1" 200 5843
186.103.158.250 - - [26/Feb/2016:10:46:07 -0300] "POST /cormun/servlet/trsolicitudot?ccb68111455927d50857bbea456a8023,,gx-no-cache=1456494391204 HTTP/1.1" 200 5787
186.103.158.250 - - [26/Feb/2016:10:46:07 -0300] "POST /cormun/servlet/trsolicitudot?ccb68111455927d50857bbea456a8023,,gx-no-cache=1456494391888 HTTP/1.1" 200 5787
186.103.158.250 - - [26/Feb/2016:10:46:08 -0300] "POST /cormun/servlet/trsolicitudot?ccb68111455927d50857bbea456a8023,,gx-no-cache=1456494392546 HTTP/1.1" 200 5787
186.103.158.250 - - [26/Feb/2016:10:46:09 -0300] "POST /cormun/servlet/trsolicitudot?ccb68111455927d50857bbea456a8023,,gx-no-cache=1456494393235 HTTP/1.1" 200 5788
186.103.158.250 - - [26/Feb/2016:10:46:10 -0300] "POST /cormun/servlet/trsolicitudot?ccb68111455927d50857bbea456a8023,,gx-no-cache=1456494393910 HTTP/1.1" 200 5788
186.103.158.250 - - [26/Feb/2016:10:46:10 -0300] "POST /cormun/servlet/trsolicitudot?ccb68111455927d50857bbea456a8023,,gx-no-cache=1456494394608 HTTP/1.1" 200 5787
186.103.158.250 - - [26/Feb/2016:10:46:11 -0300] "POST /cormun/servlet/trsolicitudot?ccb68111455927d50857bbea456a8023,,gx-no-cache=1456494395353 HTTP/1.1" 200 5787
186.103.158.250 - - [26/Feb/2016:10:46:12 -0300] "POST /cormun/servlet/trsolicitudot?ccb68111455927d50857bbea456a8023,,gx-no-cache=1456494396091 HTTP/1.1" 200 5866
186.103.158.250 - - [26/Feb/2016:10:46:26 -0300] "POST /cormun/servlet/trsolicitudot?ccb68111455927d50857bbea456a8023,,gx-no-cache=1456494410567 HTTP/1.1" 200 5867
186.103.158.250 - - [26/Feb/2016:10:46:35 -0300] "GET /cormun/servlet/vesolicitudot?2016,150,, HTTP/1.1" 200 7526
186.103.158.250 - - [26/Feb/2016:10:46:35 -0300] "GET /cormun/pexe_scrolldiv.js HTTP/1.1" 404 1009
186.103.158.250 - - [26/Feb/2016:10:46:37 -0300] "GET /cormun/servlet/vesolicitudot?2016,150,, HTTP/1.1" 200 7526
186.103.158.250 - - [26/Feb/2016:10:46:39 -0300] "GET /cormun/servlet/vesolicitudot?2016,150,,SolicitudOTAdjuntos HTTP/1.1" 200 9097
186.103.158.250 - - [26/Feb/2016:10:46:39 -0300] "GET /cormun/pexe_scrolldiv.js HTTP/1.1" 404 1009
186.103.158.250 - - [26/Feb/2016:10:46:41 -0300] "GET /cormun/servlet/vesolicitudot?2016,150,,SolicitudOTAdjuntos HTTP/1.1" 200 9097
186.103.158.250 - - [26/Feb/2016:10:46:42 -0300] "POST /cormun/servlet/acontrolpreferencessavestate?None,CE-4,true HTTP/1.1" 200 35
186.103.159.44 - - [26/Feb/2016:10:46:51 -0300] "GET /cormun/servlet/solicitudot?3bc56ba43b68e20d8e05649e26dc98c6cc50af5ffcdbf0688622744796eaff7c03e859fea0db67518094cb5e4ceb63ce6a9e5d4bf6e95ee9e021d213684fa3e8fc8fb4afc7b86eb7602d0fbb6f039cd9b5a6cf3f01fc4965e0fc430ea7639b54b915b0a534966adaa9eefe6b44c4393f,gx-no-cache=1456494431260 HTTP/1.1" 200 29
186.103.159.44 - - [26/Feb/2016:10:46:52 -0300] "POST /cormun/servlet/solicitudot?gx-no-cache=1456494432629 HTTP/1.1" 200 1116
186.103.158.250 - - [26/Feb/2016:10:47:06 -0300] "GET /cormun/servlet/solicitudotadjuntos?INS,2016,150,,1, HTTP/1.1" 200 5429
186.103.158.250 - - [26/Feb/2016:10:47:07 -0300] "GET /cormun/static/about:blank HTTP/1.1" 404 1011
186.103.158.250 - - [26/Feb/2016:10:47:08 -0300] "GET /cormun/servlet/solicitudotadjuntos?INS,2016,150,,1, HTTP/1.1" 200 5421
186.103.158.250 - - [26/Feb/2016:10:47:08 -0300] "GET /cormun/servlet/solicitudotadjuntos?3d7a072899b2fb6a398674efdaec89028af82d2882d6d099b943bdbfd93e1e6015d4f3b23b81740978ee78f93b0dd5d7,gx-no-cache=1456494452654 HTTP/1.1" 200 30
186.103.158.250 - - [26/Feb/2016:10:47:08 -0300] "POST /cormun/servlet/solicitudotadjuntos?ccb68111455927d50857bbea456a8023,INS,2016,150,,1,,gx-no-cache=1456494452727 HTTP/1.1" 200 3322
186.103.159.44 - - [26/Feb/2016:10:47:17 -0300] "GET /cormun/servlet/solicitudot?3bc56ba43b68e20d8e05649e26dc98c6aece148a8165bc258288a81ad385deb49506aad592d647a3715c1770baf5db2fb3a6335ad7d9a1bb598c336f90e8e753124db810d2ab77ea3756d48158ebea1a7aff52a828a54995a5a5272c80cd49c33d010c6da845b3b810a3fcae5e119108aa8e4d70a1874243bba8ca3c953ec1ebe11b09fcc62aefa77ec5d6328d76e0629c75f06ee97c049297393351eb3eae24115ff9e7a687fa37248538d0cca8f9b8,gx-no-cache=1456494457303 HTTP/1.1" 200 30
186.103.159.44 - - [26/Feb/2016:10:47:25 -0300] "POST /cormun/servlet/solicitudot?511b5093c8abd530d4de693ecd7cd582,INS,0,0,,gx-no-cache=1456494465808 HTTP/1.1" 200 93
186.103.159.44 - - [26/Feb/2016:10:47:25 -0300] "GET /cormun/servlet/hpexe_return? HTTP/1.1" 200 1026
186.103.159.44 - - [26/Feb/2016:10:47:26 -0300] "GET /cormun/servlet/trsolicitudot?gx-no-cache=1456494165245 HTTP/1.1" 200 6127
186.103.159.44 - - [26/Feb/2016:10:47:27 -0300] "GET /cormun/servlet/trsolicitudot?gx-no-cache=1456494165245 HTTP/1.1" 200 6143
186.103.159.44 - - [26/Feb/2016:10:47:49 -0300] "GET /cormun/servlet/solicitudot?INS,0,0, HTTP/1.1" 200 12027
186.103.159.44 - - [26/Feb/2016:10:47:50 -0300] "GET /cormun/servlet/solicitudot?INS,0,0, HTTP/1.1" 200 12011
186.103.159.44 - - [26/Feb/2016:10:48:19 -0300] "POST /cormun/servlet/solicitudot?gx-no-cache=1456494520050 HTTP/1.1" 200 2669
186.103.159.44 - - [26/Feb/2016:10:48:20 -0300] "POST /cormun/servlet/solicitudot?511b5093c8abd530d4de693ecd7cd582,INS,0,0,,gx-no-cache=1456494520230 HTTP/1.1" 200 9414
186.103.159.44 - - [26/Feb/2016:10:48:23 -0300] "GET /cormun/servlet/solicitudot?3bc56ba43b68e20d8e05649e26dc98c6e8cca10a75630b7d07a3174903a4ebfc2e2070e93b028792c5bc3d5a30c6b975,gx-no-cache=1456494523753 HTTP/1.1" 200 30
186.103.158.250 - - [26/Feb/2016:10:49:32 -0300] "POST /cormun/servlet/solicitudotadjuntos?ccb68111455927d50857bbea456a8023,INS,2016,150,,1,,gx-no-cache=1456494596241 HTTP/1.1" 200 90
186.103.158.250 - - [26/Feb/2016:10:49:32 -0300] "GET /cormun/servlet/hpexe_link HTTP/1.1" 200 977
186.103.158.250 - - [26/Feb/2016:10:49:32 -0300] "GET /cormun/servlet/vesolicitudot?2016,150,,SolicitudOTAdjuntos HTTP/1.1" 200 9099
186.103.158.250 - - [26/Feb/2016:10:49:32 -0300] "GET /cormun/pexe_scrolldiv.js HTTP/1.1" 404 1009
186.103.158.250 - - [26/Feb/2016:10:49:34 -0300] "GET /cormun/servlet/vesolicitudot?2016,150,,SolicitudOTAdjuntos HTTP/1.1" 200 9098
186.103.158.250 - - [26/Feb/2016:10:49:36 -0300] "POST /cormun/servlet/acontrolpreferencessavestate?None,CE-4,true HTTP/1.1" 200 35
186.103.158.250 - - [26/Feb/2016:10:49:51 -0300] "POST /cormun/servlet/vesolicitudot?ccb68111455927d50857bbea456a8023,2016,150,,SolicitudOTAdjuntos,gx-no-cache=1456494615402 HTTP/1.1" 200 90
186.103.158.250 - - [26/Feb/2016:10:49:51 -0300] "GET /cormun/servlet/hpexe_link HTTP/1.1" 200 968
186.103.158.250 - - [26/Feb/2016:10:49:51 -0300] "GET /cormun/servlet/trsolicitudot? HTTP/1.1" 200 8352
186.103.158.250 - - [26/Feb/2016:10:49:53 -0300] "GET /cormun/servlet/trsolicitudot? HTTP/1.1" 200 8350
186.103.158.250 - - [26/Feb/2016:10:50:04 -0300] "GET /cormun/servlet/vesolicitudot?2016,159,, HTTP/1.1" 200 7533
186.103.158.250 - - [26/Feb/2016:10:50:04 -0300] "GET /cormun/pexe_scrolldiv.js HTTP/1.1" 404 1009
186.103.158.250 - - [26/Feb/2016:10:50:05 -0300] "GET /cormun/servlet/vesolicitudot?2016,159,, HTTP/1.1" 200 7533
186.103.158.250 - - [26/Feb/2016:10:50:08 -0300] "GET /cormun/servlet/vesolicitudot?2016,159,,SolicitudOTAdjuntos HTTP/1.1" 200 9093
186.103.158.250 - - [26/Feb/2016:10:50:08 -0300] "GET /cormun/pexe_scrolldiv.js HTTP/1.1" 404 1009
186.103.158.250 - - [26/Feb/2016:10:50:09 -0300] "GET /cormun/servlet/vesolicitudot?2016,159,,SolicitudOTAdjuntos HTTP/1.1" 200 9092
186.103.158.250 - - [26/Feb/2016:10:50:10 -0300] "POST /cormun/servlet/acontrolpreferencessavestate?None,CE-4,true HTTP/1.1" 200 35
186.103.158.250 - - [26/Feb/2016:10:50:27 -0300] "GET /cormun/servlet/solicitudotadjuntos?INS,2016,159,,1, HTTP/1.1" 200 5430
186.103.158.250 - - [26/Feb/2016:10:50:27 -0300] "GET /cormun/static/about:blank HTTP/1.1" 404 1011
186.103.158.250 - - [26/Feb/2016:10:50:28 -0300] "GET /cormun/servlet/solicitudotadjuntos?INS,2016,159,,1, HTTP/1.1" 200 5423
186.103.158.250 - - [26/Feb/2016:10:50:28 -0300] "GET /cormun/servlet/solicitudotadjuntos?3d7a072899b2fb6a398674efdaec89028de0b7e66d901301d7905c7453a2932715d4f3b23b81740978ee78f93b0dd5d7,gx-no-cache=1456494652962 HTTP/1.1" 200 30
186.103.158.250 - - [26/Feb/2016:10:50:29 -0300] "POST /cormun/servlet/solicitudotadjuntos?ccb68111455927d50857bbea456a8023,INS,2016,159,,1,,gx-no-cache=1456494653043 HTTP/1.1" 200 3322
186.103.159.44 - - [26/Feb/2016:10:51:06 -0300] "POST /cormun/servlet/solicitudot?gx-no-cache=1456494686851 HTTP/1.1" 200 30
186.103.159.44 - - [26/Feb/2016:10:51:09 -0300] "POST /cormun/servlet/solicitudot?gx-no-cache=1456494690087 HTTP/1.1" 200 30
186.103.159.44 - - [26/Feb/2016:10:52:18 -0300] "POST /cormun/servlet/solicitudot?gx-no-cache=1456494759020 HTTP/1.1" 200 452
186.103.159.44 - - [26/Feb/2016:10:52:18 -0300] "GET /cormun/servlet/solicitudot?3bc56ba43b68e20d8e05649e26dc98c63c0e4b170577801e18dbaf476095683edd35502a41efbecb4f48c6a325284284809db75cf1cd0390ef0022c500a0c26962023fd6ab74f0b7c18d82539b316031e8431551c6bb00aa4256bfe6e0fcf9a867c2d8870f24bfc8c150f12823cf218c29d8d3995bd95ed9362447d26764300fada61640d6f0df47fd76dabcfb8aef9b,gx-no-cache=1456494759172 HTTP/1.1" 200 38
186.103.159.44 - - [26/Feb/2016:10:52:32 -0300] "GET /cormun/servlet/solicitudot?3bc56ba43b68e20d8e05649e26dc98c6cc50af5ffcdbf0688622744796eaff7c03e859fea0db67518094cb5e4ceb63ce6a9e5d4bf6e95ee9e021d213684fa3e8fc8fb4afc7b86eb7602d0fbb6f039cd9b5a6cf3f01fc4965e0fc430ea7639b54b915b0a534966adaa9eefe6b44c4393f,gx-no-cache=1456494772802 HTTP/1.1" 200 29
186.103.159.44 - - [26/Feb/2016:10:52:33 -0300] "POST /cormun/servlet/solicitudot?gx-no-cache=1456494774034 HTTP/1.1" 200 1116
186.103.158.250 - - [26/Feb/2016:10:52:55 -0300] "POST /cormun/servlet/solicitudotadjuntos?ccb68111455927d50857bbea456a8023,INS,2016,159,,1,,gx-no-cache=1456494799151 HTTP/1.1" 200 90
186.103.158.250 - - [26/Feb/2016:10:52:55 -0300] "GET /cormun/servlet/hpexe_link HTTP/1.1" 200 977
186.103.158.250 - - [26/Feb/2016:10:52:56 -0300] "GET /cormun/servlet/vesolicitudot?2016,159,,SolicitudOTAdjuntos HTTP/1.1" 200 9093
186.103.158.250 - - [26/Feb/2016:10:52:56 -0300] "GET /cormun/pexe_scrolldiv.js HTTP/1.1" 404 1009
186.103.159.44 - - [26/Feb/2016:10:52:56 -0300] "GET /cormun/servlet/solicitudot?3bc56ba43b68e20d8e05649e26dc98c63bc4212d2633a41885bdc1464f25ed19949516b126da045284a16d2ad24acd54b3a6335ad7d9a1bb598c336f90e8e753124db810d2ab77ea3756d48158ebea1a7aff52a828a54995a5a5272c80cd49c33d010c6da845b3b810a3fcae5e119108aa8e4d70a1874243bba8ca3c953ec1ebe11b09fcc62aefa77ec5d6328d76e0629c75f06ee97c049297393351eb3eae24115ff9e7a687fa37248538d0cca8f9b8,gx-no-cache=1456494796344 HTTP/1.1" 200 30
186.103.158.250 - - [26/Feb/2016:10:52:57 -0300] "GET /cormun/servlet/vesolicitudot?2016,159,,SolicitudOTAdjuntos HTTP/1.1" 200 9094
186.103.158.250 - - [26/Feb/2016:10:52:59 -0300] "POST /cormun/servlet/acontrolpreferencessavestate?None,CE-4,true HTTP/1.1" 200 35
186.103.158.250 - - [26/Feb/2016:10:53:01 -0300] "POST /cormun/servlet/vesolicitudot?ccb68111455927d50857bbea456a8023,2016,159,,SolicitudOTAdjuntos,gx-no-cache=1456494805469 HTTP/1.1" 200 90
186.103.158.250 - - [26/Feb/2016:10:53:01 -0300] "GET /cormun/servlet/hpexe_link HTTP/1.1" 200 967
186.103.158.250 - - [26/Feb/2016:10:53:01 -0300] "GET /cormun/servlet/trsolicitudot HTTP/1.1" 200 8352
186.103.158.250 - - [26/Feb/2016:10:53:03 -0300] "GET /cormun/servlet/trsolicitudot HTTP/1.1" 200 8347
186.103.158.250 - - [26/Feb/2016:10:53:09 -0300] "GET /cormun/servlet/vesolicitudot?2016,150,, HTTP/1.1" 200 7526
186.103.158.250 - - [26/Feb/2016:10:53:10 -0300] "GET /cormun/pexe_scrolldiv.js HTTP/1.1" 404 1009
186.103.158.250 - - [26/Feb/2016:10:53:11 -0300] "GET /cormun/servlet/vesolicitudot?2016,150,, HTTP/1.1" 200 7526
186.103.158.250 - - [26/Feb/2016:10:53:13 -0300] "GET /cormun/servlet/vesolicitudot?2016,150,,SolicitudOTAdjuntos HTTP/1.1" 200 9098
186.103.158.250 - - [26/Feb/2016:10:53:13 -0300] "GET /cormun/pexe_scrolldiv.js HTTP/1.1" 404 1009
186.103.158.250 - - [26/Feb/2016:10:53:14 -0300] "GET /cormun/servlet/vesolicitudot?2016,150,,SolicitudOTAdjuntos HTTP/1.1" 200 9097
186.103.158.250 - - [26/Feb/2016:10:53:15 -0300] "POST /cormun/servlet/acontrolpreferencessavestate?None,CE-4,true HTTP/1.1" 200 35
186.103.159.44 - - [26/Feb/2016:10:53:18 -0300] "POST /cormun/servlet/solicitudot?511b5093c8abd530d4de693ecd7cd582,INS,0,0,,gx-no-cache=1456494817912 HTTP/1.1" 200 93
186.103.159.44 - - [26/Feb/2016:10:53:18 -0300] "GET /cormun/servlet/hpexe_return? HTTP/1.1" 200 1026
186.103.159.44 - - [26/Feb/2016:10:53:18 -0300] "GET /cormun/servlet/trsolicitudot?gx-no-cache=1456494165245 HTTP/1.1" 200 6127
186.103.159.44 - - [26/Feb/2016:10:53:19 -0300] "GET /cormun/servlet/trsolicitudot?gx-no-cache=1456494165245 HTTP/1.1" 200 6143
186.103.159.44 - - [26/Feb/2016:10:53:21 -0300] "GET /cormun/servlet/solicitudot?INS,0,0, HTTP/1.1" 200 12027
186.103.159.44 - - [26/Feb/2016:10:53:23 -0300] "GET /cormun/servlet/solicitudot?INS,0,0, HTTP/1.1" 200 12011
186.103.158.250 - - [26/Feb/2016:10:53:32 -0300] "POST /cormun/servlet/vesolicitudot?ccb68111455927d50857bbea456a8023,2016,150,,SolicitudOTAdjuntos,gx-no-cache=1456494836511 HTTP/1.1" 200 120
186.103.158.250 - - [26/Feb/2016:10:53:32 -0300] "GET /cormun/servlet/solicitudotadjuntos?DLT,2016,150,CARNET, HTTP/1.1" 200 5410
186.103.158.250 - - [26/Feb/2016:10:53:32 -0300] "GET /cormun/PublicTempStorage/curriculum516245.pdf HTTP/1.1" 200 134804
186.103.158.250 - - [26/Feb/2016:10:53:34 -0300] "GET /cormun/servlet/solicitudotadjuntos?DLT,2016,150,CARNET, HTTP/1.1" 200 5402
186.103.158.250 - - [26/Feb/2016:10:53:36 -0300] "GET /cormun/PublicTempStorage/curriculum516245.pdf HTTP/1.1" 304 -
186.103.158.250 - - [26/Feb/2016:10:53:36 -0300] "GET /cormun/PublicTempStorage/curriculum516245.pdf HTTP/1.1" 304 -
186.103.158.250 - - [26/Feb/2016:10:54:00 -0300] "POST /cormun/servlet/solicitudotadjuntos?ccb68111455927d50857bbea456a8023,DLT,2016,150,CARNET,,gx-no-cache=1456494864142 HTTP/1.1" 200 93
186.103.158.250 - - [26/Feb/2016:10:54:00 -0300] "GET /cormun/servlet/hpexe_return? HTTP/1.1" 200 1030
186.103.158.250 - - [26/Feb/2016:10:54:00 -0300] "GET /cormun/static/hpexe_return.js?2015111312145056 HTTP/1.1" 200 1633
186.103.158.250 - - [26/Feb/2016:10:54:00 -0300] "GET /cormun/static/gxcfg.js?2015111312145050 HTTP/1.1" 200 953
186.103.158.250 - - [26/Feb/2016:10:54:00 -0300] "GET /cormun/static/Resources/Spanish/PXTools.css?12112540 HTTP/1.1" 200 89042
186.103.158.250 - - [26/Feb/2016:10:54:01 -0300] "GET /cormun/servlet/vesolicitudot?2016,150,,SolicitudOTAdjuntos HTTP/1.1" 200 8980
186.103.158.250 - - [26/Feb/2016:10:54:01 -0300] "GET /cormun/pexe_scrolldiv.js HTTP/1.1" 404 1009
186.103.158.250 - - [26/Feb/2016:10:54:03 -0300] "GET /cormun/servlet/vesolicitudot?2016,150,,SolicitudOTAdjuntos HTTP/1.1" 200 8975
186.103.158.250 - - [26/Feb/2016:10:54:04 -0300] "POST /cormun/servlet/acontrolpreferencessavestate?None,CE-4,true HTTP/1.1" 200 35
186.103.159.44 - - [26/Feb/2016:10:56:01 -0300] "POST /cormun/servlet/solicitudot?gx-no-cache=1456494981831 HTTP/1.1" 200 2669
186.103.159.44 - - [26/Feb/2016:10:56:01 -0300] "POST /cormun/servlet/solicitudot?511b5093c8abd530d4de693ecd7cd582,INS,0,0,,gx-no-cache=1456494982013 HTTP/1.1" 200 9413
186.103.159.44 - - [26/Feb/2016:10:56:04 -0300] "GET /cormun/servlet/solicitudot?3bc56ba43b68e20d8e05649e26dc98c687ae24d6d611fb717f2056fe4b4c72022e2070e93b028792c5bc3d5a30c6b975,gx-no-cache=1456494984874 HTTP/1.1" 200 30
186.103.159.44 - - [26/Feb/2016:10:58:18 -0300] "POST /cormun/servlet/solicitudot?gx-no-cache=1456495118535 HTTP/1.1" 200 30
186.103.159.44 - - [26/Feb/2016:10:58:21 -0300] "POST /cormun/servlet/solicitudot?gx-no-cache=1456495121237 HTTP/1.1" 200 30
186.103.159.44 - - [26/Feb/2016:10:58:54 -0300] "POST /cormun/servlet/solicitudot?gx-no-cache=1456495154939 HTTP/1.1" 200 452
186.103.159.44 - - [26/Feb/2016:10:58:54 -0300] "GET /cormun/servlet/solicitudot?3bc56ba43b68e20d8e05649e26dc98c63c0e4b170577801e18dbaf476095683edd35502a41efbecb4f48c6a325284284809db75cf1cd0390ef0022c500a0c26962023fd6ab74f0b7c18d82539b316031e8431551c6bb00aa4256bfe6e0fcf9a867c2d8870f24bfc8c150f12823cf218c29d8d3995bd95ed9362447d26764300fada61640d6f0df47fd76dabcfb8aef9b,gx-no-cache=1456495155119 HTTP/1.1" 200 38
186.103.158.250 - - [26/Feb/2016:10:59:08 -0300] "POST /cormun/servlet/vesolicitudot?ccb68111455927d50857bbea456a8023,2016,150,,SolicitudOTAdjuntos,gx-no-cache=1456495172443 HTTP/1.1" 200 90
186.103.158.250 - - [26/Feb/2016:10:59:08 -0300] "GET /cormun/servlet/hpexe_link HTTP/1.1" 200 967
186.103.158.250 - - [26/Feb/2016:10:59:09 -0300] "GET /cormun/servlet/trsolicitudot HTTP/1.1" 200 8352
186.103.158.250 - - [26/Feb/2016:10:59:10 -0300] "GET /cormun/servlet/trsolicitudot HTTP/1.1" 200 8347
186.103.158.250 - - [26/Feb/2016:10:59:19 -0300] "GET /cormun/servlet/vesolicitudot?2016,161,, HTTP/1.1" 200 7525
186.103.158.250 - - [26/Feb/2016:10:59:19 -0300] "GET /cormun/pexe_scrolldiv.js HTTP/1.1" 404 1009
186.103.158.250 - - [26/Feb/2016:10:59:20 -0300] "GET /cormun/servlet/vesolicitudot?2016,161,, HTTP/1.1" 200 7526
186.103.158.250 - - [26/Feb/2016:10:59:23 -0300] "GET /cormun/servlet/vesolicitudot?2016,161,,SolicitudOTAdjuntos HTTP/1.1" 200 9080
186.103.158.250 - - [26/Feb/2016:10:59:23 -0300] "GET /cormun/pexe_scrolldiv.js HTTP/1.1" 404 1009
186.103.158.250 - - [26/Feb/2016:10:59:25 -0300] "GET /cormun/servlet/vesolicitudot?2016,161,,SolicitudOTAdjuntos HTTP/1.1" 200 9081
186.103.158.250 - - [26/Feb/2016:10:59:26 -0300] "POST /cormun/servlet/acontrolpreferencessavestate?None,CE-4,true HTTP/1.1" 200 35
186.103.159.44 - - [26/Feb/2016:10:59:34 -0300] "GET /cormun/servlet/solicitudot?3bc56ba43b68e20d8e05649e26dc98c6cc50af5ffcdbf0688622744796eaff7c03e859fea0db67518094cb5e4ceb63ce6a9e5d4bf6e95ee9e021d213684fa3e8fc8fb4afc7b86eb7602d0fbb6f039cd9b5a6cf3f01fc4965e0fc430ea7639b54b915b0a534966adaa9eefe6b44c4393f,gx-no-cache=1456495194903 HTTP/1.1" 200 29
186.103.159.44 - - [26/Feb/2016:10:59:36 -0300] "POST /cormun/servlet/solicitudot?gx-no-cache=1456495196215 HTTP/1.1" 200 1116
186.103.159.44 - - [26/Feb/2016:11:00:17 -0300] "GET /cormun/servlet/solicitudot?3bc56ba43b68e20d8e05649e26dc98c694b14a87f9bf8cb7835d33b047ad00d1a6a7be2c2b00bfa6aa271f2ac8fa3650b3a6335ad7d9a1bb598c336f90e8e753124db810d2ab77ea3756d48158ebea1a7aff52a828a54995a5a5272c80cd49c33d010c6da845b3b810a3fcae5e119108aa8e4d70a1874243bba8ca3c953ec1ebe11b09fcc62aefa77ec5d6328d76e0629c75f06ee97c049297393351eb3eae24115ff9e7a687fa37248538d0cca8f9b8,gx-no-cache=1456495237837 HTTP/1.1" 200 30
186.103.159.44 - - [26/Feb/2016:11:00:29 -0300] "POST /cormun/servlet/solicitudot?511b5093c8abd530d4de693ecd7cd582,INS,0,0,,gx-no-cache=1456495249810 HTTP/1.1" 200 93
186.103.159.44 - - [26/Feb/2016:11:00:29 -0300] "GET /cormun/servlet/hpexe_return? HTTP/1.1" 200 1026
186.103.159.44 - - [26/Feb/2016:11:00:30 -0300] "GET /cormun/servlet/trsolicitudot?gx-no-cache=1456494165245 HTTP/1.1" 200 6127
186.103.159.44 - - [26/Feb/2016:11:00:31 -0300] "GET /cormun/servlet/trsolicitudot?gx-no-cache=1456494165245 HTTP/1.1" 200 6143
186.103.159.44 - - [26/Feb/2016:11:00:33 -0300] "GET /cormun/servlet/solicitudot?INS,0,0, HTTP/1.1" 200 12026
186.103.159.44 - - [26/Feb/2016:11:00:34 -0300] "GET /cormun/servlet/solicitudot?INS,0,0, HTTP/1.1" 200 12010
186.103.159.44 - - [26/Feb/2016:11:00:58 -0300] "POST /cormun/servlet/solicitudot?gx-no-cache=1456495278330 HTTP/1.1" 200 2669
186.103.159.44 - - [26/Feb/2016:11:00:58 -0300] "POST /cormun/servlet/solicitudot?511b5093c8abd530d4de693ecd7cd582,INS,0,0,,gx-no-cache=1456495278511 HTTP/1.1" 200 9413
186.103.159.44 - - [26/Feb/2016:11:00:58 -0300] "GET /cormun/servlet/solicitudot?3bc56ba43b68e20d8e05649e26dc98c66bf8395072e5f7b2829f138507d09e900bb8462b8b6bb9e3fa1cc40f5f22bd35,gx-no-cache=1456495278828 HTTP/1.1" 200 111
186.103.159.44 - - [26/Feb/2016:11:00:58 -0300] "GET /cormun/static/Shared/jqueryui/images/ui-bg_highlight-soft_100_c6c2c8_1x100.png HTTP/1.1" 404 1117
186.103.159.44 - - [26/Feb/2016:11:00:58 -0300] "GET /cormun/static/Shared/jqueryui/images/ui-icons_82798d_256x240.png HTTP/1.1" 404 1089
186.103.159.44 - - [26/Feb/2016:11:00:58 -0300] "GET /cormun/static/Shared/jqueryui/images/ui-icons_ebccce_256x240.png HTTP/1.1" 404 1089
186.103.159.44 - - [26/Feb/2016:11:00:58 -0300] "GET /cormun/static/Shared/jqueryui/images/ui-bg_flat_55_994d53_40x100.png HTTP/1.1" 404 1097
186.103.159.44 - - [26/Feb/2016:11:01:09 -0300] "GET /cormun/servlet/solicitudot?3bc56ba43b68e20d8e05649e26dc98c6811dcebaa6f7d4af547b69adc083dc882e2070e93b028792c5bc3d5a30c6b975,gx-no-cache=1456495290077 HTTP/1.1" 200 30
186.103.159.44 - - [26/Feb/2016:11:04:14 -0300] "POST /cormun/servlet/solicitudot?gx-no-cache=1456495474587 HTTP/1.1" 200 30
186.103.159.44 - - [26/Feb/2016:11:04:17 -0300] "POST /cormun/servlet/solicitudot?gx-no-cache=1456495477788 HTTP/1.1" 200 30
186.103.158.250 - - [26/Feb/2016:11:04:17 -0300] "POST /cormun/servlet/vesolicitudot?ccb68111455927d50857bbea456a8023,2016,161,,SolicitudOTAdjuntos,gx-no-cache=1456495481365 HTTP/1.1" 200 90
186.103.158.250 - - [26/Feb/2016:11:04:17 -0300] "GET /cormun/servlet/hpexe_link HTTP/1.1" 200 966
186.103.158.250 - - [26/Feb/2016:11:04:18 -0300] "GET /cormun/servlet/trsolicitudot HTTP/1.1" 200 8352
186.103.159.44 - - [26/Feb/2016:11:04:19 -0300] "POST /cormun/servlet/solicitudot?gx-no-cache=1456495479330 HTTP/1.1" 200 452
186.103.159.44 - - [26/Feb/2016:11:04:19 -0300] "GET /cormun/servlet/solicitudot?3bc56ba43b68e20d8e05649e26dc98c63c0e4b170577801e18dbaf476095683edd35502a41efbecb4f48c6a325284284809db75cf1cd0390ef0022c500a0c26962023fd6ab74f0b7c18d82539b316031e8431551c6bb00aa4256bfe6e0fcf9a867c2d8870f24bfc8c150f12823cf218c29d8d3995bd95ed9362447d26764300fada61640d6f0df47fd76dabcfb8aef9b,gx-no-cache=1456495479403 HTTP/1.1" 200 38
186.103.158.250 - - [26/Feb/2016:11:04:19 -0300] "GET /cormun/servlet/trsolicitudot HTTP/1.1" 200 8347
186.103.158.250 - - [26/Feb/2016:11:04:26 -0300] "GET /cormun/servlet/vesolicitudot?2016,150,, HTTP/1.1" 200 7526
186.103.158.250 - - [26/Feb/2016:11:04:26 -0300] "GET /cormun/pexe_scrolldiv.js HTTP/1.1" 404 1009
186.103.158.250 - - [26/Feb/2016:11:04:28 -0300] "GET /cormun/servlet/vesolicitudot?2016,150,, HTTP/1.1" 200 7526
186.103.158.250 - - [26/Feb/2016:11:04:31 -0300] "GET /cormun/servlet/vesolicitudot?2016,150,,SolicitudOTAdjuntos HTTP/1.1" 200 8973
186.103.158.250 - - [26/Feb/2016:11:04:31 -0300] "GET /cormun/pexe_scrolldiv.js HTTP/1.1" 404 1009
186.103.158.250 - - [26/Feb/2016:11:04:33 -0300] "GET /cormun/servlet/vesolicitudot?2016,150,,SolicitudOTAdjuntos HTTP/1.1" 200 8977
186.103.158.250 - - [26/Feb/2016:11:04:34 -0300] "POST /cormun/servlet/acontrolpreferencessavestate?None,CE-4,true HTTP/1.1" 200 35
186.103.158.250 - - [26/Feb/2016:11:04:49 -0300] "POST /cormun/servlet/vesolicitudot?ccb68111455927d50857bbea456a8023,2016,150,,SolicitudOTAdjuntos,gx-no-cache=1456495513886 HTTP/1.1" 200 90
186.103.158.250 - - [26/Feb/2016:11:04:49 -0300] "GET /cormun/servlet/hpexe_link HTTP/1.1" 200 967
186.103.158.250 - - [26/Feb/2016:11:04:50 -0300] "GET /cormun/servlet/trsolicitudot HTTP/1.1" 200 8352
186.103.158.250 - - [26/Feb/2016:11:04:51 -0300] "GET /cormun/servlet/trsolicitudot HTTP/1.1" 200 8347
186.103.159.44 - - [26/Feb/2016:11:06:24 -0300] "GET /cormun/servlet/solicitudot?3bc56ba43b68e20d8e05649e26dc98c6cc50af5ffcdbf0688622744796eaff7c03e859fea0db67518094cb5e4ceb63ce6a9e5d4bf6e95ee9e021d213684fa3e8fc8fb4afc7b86eb7602d0fbb6f039cd9b5a6cf3f01fc4965e0fc430ea7639b54b915b0a534966adaa9eefe6b44c4393f,gx-no-cache=1456495605015 HTTP/1.1" 200 29
186.103.159.44 - - [26/Feb/2016:11:06:26 -0300] "POST /cormun/servlet/solicitudot?gx-no-cache=1456495606315 HTTP/1.1" 200 1116
186.103.158.250 - - [26/Feb/2016:11:07:24 -0300] "GET /cormun/servlet/vesolicitudot?2016,163,, HTTP/1.1" 200 7516
186.103.158.250 - - [26/Feb/2016:11:07:24 -0300] "GET /cormun/pexe_scrolldiv.js HTTP/1.1" 404 1009
186.103.158.250 - - [26/Feb/2016:11:07:26 -0300] "GET /cormun/servlet/vesolicitudot?2016,163,, HTTP/1.1" 200 7516
186.103.158.250 - - [26/Feb/2016:11:07:28 -0300] "GET /cormun/servlet/vesolicitudot?2016,163,,SolicitudOTAdjuntos HTTP/1.1" 200 8668
186.103.158.250 - - [26/Feb/2016:11:07:28 -0300] "GET /cormun/pexe_scrolldiv.js HTTP/1.1" 404 1009
186.103.158.250 - - [26/Feb/2016:11:07:30 -0300] "GET /cormun/servlet/vesolicitudot?2016,163,,SolicitudOTAdjuntos HTTP/1.1" 200 8668
186.103.158.250 - - [26/Feb/2016:11:07:31 -0300] "POST /cormun/servlet/acontrolpreferencessavestate?None,CE-4,true HTTP/1.1" 200 35
186.103.158.250 - - [26/Feb/2016:11:07:49 -0300] "GET /cormun/PublicTempStorage/curriculum3180573.jpg HTTP/1.1" 200 443138
186.103.159.44 - - [26/Feb/2016:11:09:21 -0300] "GET /cormun/servlet/solicitudot?3bc56ba43b68e20d8e05649e26dc98c684dc3c8c55b26254f861bc69f88183dd949516b126da045284a16d2ad24acd54b3a6335ad7d9a1bb598c336f90e8e753124db810d2ab77ea3756d48158ebea1a7aff52a828a54995a5a5272c80cd49c33d010c6da845b3b810a3fcae5e119108aa8e4d70a1874243bba8ca3c953ec1ebe11b09fcc62aefa77ec5d6328d76e0629c75f06ee97c049297393351eb3eae24115ff9e7a687fa37248538d0cca8f9b8,gx-no-cache=1456495781949 HTTP/1.1" 200 30
186.103.159.44 - - [26/Feb/2016:11:09:30 -0300] "POST /cormun/servlet/solicitudot?511b5093c8abd530d4de693ecd7cd582,INS,0,0,,gx-no-cache=1456495790439 HTTP/1.1" 200 93
186.103.159.44 - - [26/Feb/2016:11:09:30 -0300] "GET /cormun/servlet/hpexe_return? HTTP/1.1" 200 1026
186.103.159.44 - - [26/Feb/2016:11:09:30 -0300] "GET /cormun/servlet/trsolicitudot?gx-no-cache=1456494165245 HTTP/1.1" 200 6127
186.103.159.44 - - [26/Feb/2016:11:09:31 -0300] "GET /cormun/servlet/trsolicitudot?gx-no-cache=1456494165245 HTTP/1.1" 200 6143
186.103.159.44 - - [26/Feb/2016:11:09:37 -0300] "GET /cormun/servlet/solicitudot?INS,0,0, HTTP/1.1" 200 12027
186.103.159.44 - - [26/Feb/2016:11:09:38 -0300] "GET /cormun/servlet/solicitudot?INS,0,0, HTTP/1.1" 200 12011
186.103.158.250 - - [26/Feb/2016:11:09:48 -0300] "GET /cormun/servlet/vesolicitudot?2016,163,,SolicitudOTAdjuntos HTTP/1.1" 200 8666
186.103.158.250 - - [26/Feb/2016:11:09:50 -0300] "GET /cormun/servlet/vesolicitudot?2016,163,,SolicitudOTAdjuntos HTTP/1.1" 200 8668
186.103.158.250 - - [26/Feb/2016:11:09:52 -0300] "POST /cormun/servlet/acontrolpreferencessavestate?None,CE-4,true HTTP/1.1" 200 35
192.168.10.89 - - [26/Feb/2016:11:11:11 -0300] "GET /cormun/servlet/hhome HTTP/1.1" 200 3227
192.168.10.89 - - [26/Feb/2016:11:11:11 -0300] "GET /cormun/static/hwchdr01.js?20162241650484 HTTP/1.1" 304 -
192.168.10.89 - - [26/Feb/2016:11:11:11 -0300] "GET /cormun/static/hpexe_messagepopupcomponent.js?201622412404545 HTTP/1.1" 304 -
192.168.10.89 - - [26/Feb/2016:11:11:11 -0300] "GET /cormun/static/hmpwkw03.js?201622421393366 HTTP/1.1" 304 -
192.168.10.89 - - [26/Feb/2016:11:11:11 -0300] "GET /cormun/servlet/hhome HTTP/1.1" 200 3237
192.168.10.89 - - [26/Feb/2016:11:11:11 -0300] "GET /cormun/servlet/hlogin HTTP/1.1" 200 1736
192.168.10.89 - - [26/Feb/2016:11:11:21 -0300] "POST /cormun/servlet/hlogin?7cd38824d5694a303fc90a1434998089,gx-no-cache=1456495636466 HTTP/1.1" 200 451
192.168.10.89 - - [26/Feb/2016:11:11:25 -0300] "POST /cormun/servlet/hlogin?7cd38824d5694a303fc90a1434998089,gx-no-cache=1456495640713 HTTP/1.1" 200 90
192.168.10.89 - - [26/Feb/2016:11:11:25 -0300] "GET /cormun/servlet/hpexe_link HTTP/1.1" 200 955
192.168.10.89 - - [26/Feb/2016:11:11:26 -0300] "GET /cormun/servlet/hhome HTTP/1.1" 200 3797
192.168.10.89 - - [26/Feb/2016:11:12:01 -0300] "GET /cormun/servlet/trsolicitudot? HTTP/1.1" 200 6508
186.103.159.44 - - [26/Feb/2016:11:12:04 -0300] "POST /cormun/servlet/solicitudot?gx-no-cache=1456495944846 HTTP/1.1" 200 2669
186.103.159.44 - - [26/Feb/2016:11:12:04 -0300] "POST /cormun/servlet/solicitudot?511b5093c8abd530d4de693ecd7cd582,INS,0,0,,gx-no-cache=1456495945023 HTTP/1.1" 200 9412
186.103.159.44 - - [26/Feb/2016:11:12:06 -0300] "GET /cormun/servlet/solicitudot?3bc56ba43b68e20d8e05649e26dc98c65a99a09d5719c0c258635e7a8b5d8f5a2e2070e93b028792c5bc3d5a30c6b975,gx-no-cache=1456495946288 HTTP/1.1" 200 30
192.168.10.89 - - [26/Feb/2016:11:12:10 -0300] "GET /cormun/servlet/solicitudot?INS,0,0, HTTP/1.1" 200 12440
192.168.10.89 - - [26/Feb/2016:11:12:16 -0300] "GET /cormun/servlet/prfichaempleado?,MD,,gxPopupLevel%3D0%3B HTTP/1.1" 200 7986
192.168.10.89 - - [26/Feb/2016:11:12:16 -0300] "GET /cormun/static/menusearch.js?201622412404863 HTTP/1.1" 304 -
192.168.10.89 - - [26/Feb/2016:11:12:21 -0300] "GET /cormun/servlet/prfichaempleado?540bcf081af8900dfac4abd1ca494f244906d3a6488150bf939277ebe113252f54185cadeb105cdeda249fd106cd23e28e87a674787ebeda3ad754596e55c47c,gx-no-cache=1456495696325 HTTP/1.1" 200 467
192.168.10.89 - - [26/Feb/2016:11:12:22 -0300] "GET /cormun/servlet/prfichaempleado?540bcf081af8900dfac4abd1ca494f24ff5648064c34997b4a9161371efbd16b41f1f60541eec2ce7862dfc4d03e4f373f5a801f4731ddba69f9fd87e57e1e21e8763f8846bcf592da60db880c4fc653,gx-no-cache=1456495697283 HTTP/1.1" 200 468
192.168.10.89 - - [26/Feb/2016:11:12:24 -0300] "GET /cormun/servlet/prfichaempleado?540bcf081af8900dfac4abd1ca494f249adeb1e8e64a002b08253a66f62afe2ddaa3664ec6f2b5c37f77e5205ceb127d97e0dd1f95fae3a3d364e5fa5466fba8b2462dd1bae36fd77d4665d20f1af878,gx-no-cache=1456495699369 HTTP/1.1" 200 474
192.168.10.89 - - [26/Feb/2016:11:12:27 -0300] "GET /cormun/servlet/prfichaempleado?540bcf081af8900dfac4abd1ca494f2491f6c7660aa3ca3e2dff9ee97633b8add05b71a95ec816f8f5a57322579ea723e0114b327e0b5aaa3f4131b33592d64e8e1b25c9c6db0a07646e7c65b0b8cb54,gx-no-cache=1456495702615 HTTP/1.1" 200 462
192.168.10.89 - - [26/Feb/2016:11:12:30 -0300] "POST /cormun/servlet/prfichaempleado?7cd38824d5694a303fc90a1434998089,,MD,,gxPopupLevel%3D0%3B,gx-no-cache=1456495705295 HTTP/1.1" 200 2955
186.103.158.250 - - [26/Feb/2016:11:12:34 -0300] "GET /cormun/servlet/solicitudotadjuntos?INS,2016,163,,1, HTTP/1.1" 200 5430
186.103.158.250 - - [26/Feb/2016:11:12:35 -0300] "GET /cormun/static/about:blank HTTP/1.1" 404 1011
192.168.10.89 - - [26/Feb/2016:11:12:35 -0300] "POST /cormun/servlet/solicitudot?gx-no-cache=1456495710582 HTTP/1.1" 200 2775
192.168.10.89 - - [26/Feb/2016:11:12:35 -0300] "POST /cormun/servlet/solicitudot?7cd38824d5694a303fc90a1434998089,INS,0,0,,gx-no-cache=1456495710751 HTTP/1.1" 200 9835
192.168.10.89 - - [26/Feb/2016:11:12:36 -0300] "GET /cormun/servlet/solicitudot?42752161b8ced5c99c200d5a9c2a31bcdf60ae4136a28f6f4674624fe2e880939a5c401b59ff24d675f901dd57a6f419,gx-no-cache=1456495711052 HTTP/1.1" 200 30
186.103.158.250 - - [26/Feb/2016:11:12:36 -0300] "GET /cormun/servlet/solicitudotadjuntos?INS,2016,163,,1, HTTP/1.1" 200 5422
186.103.158.250 - - [26/Feb/2016:11:12:37 -0300] "GET /cormun/servlet/solicitudotadjuntos?3d7a072899b2fb6a398674efdaec890228be3e8e2d84b4e60a8a0ebdc83e999d15d4f3b23b81740978ee78f93b0dd5d7,gx-no-cache=1456495981261 HTTP/1.1" 200 30
186.103.158.250 - - [26/Feb/2016:11:12:37 -0300] "POST /cormun/servlet/solicitudotadjuntos?ccb68111455927d50857bbea456a8023,INS,2016,163,,1,,gx-no-cache=1456495981339 HTTP/1.1" 200 3322
192.168.10.89 - - [26/Feb/2016:11:12:43 -0300] "POST /cormun/servlet/solicitudot?gx-no-cache=1456495718757 HTTP/1.1" 200 30
186.103.158.250 - - [26/Feb/2016:11:12:50 -0300] "POST /cormun/servlet/solicitudotadjuntos?ccb68111455927d50857bbea456a8023,INS,2016,163,,1,,gx-no-cache=1456495994243 HTTP/1.1" 200 90
186.103.158.250 - - [26/Feb/2016:11:12:50 -0300] "GET /cormun/servlet/hpexe_link HTTP/1.1" 200 977
186.103.158.250 - - [26/Feb/2016:11:12:50 -0300] "GET /cormun/servlet/vesolicitudot?2016,163,,SolicitudOTAdjuntos HTTP/1.1" 200 8669
186.103.158.250 - - [26/Feb/2016:11:12:50 -0300] "GET /cormun/pexe_scrolldiv.js HTTP/1.1" 404 1009
192.168.10.89 - - [26/Feb/2016:11:12:50 -0300] "POST /cormun/servlet/solicitudot?gx-no-cache=1456495725659 HTTP/1.1" 200 30
186.103.158.250 - - [26/Feb/2016:11:12:52 -0300] "GET /cormun/servlet/vesolicitudot?2016,163,,SolicitudOTAdjuntos HTTP/1.1" 200 8668
186.103.158.250 - - [26/Feb/2016:11:12:53 -0300] "POST /cormun/servlet/acontrolpreferencessavestate?None,CE-4,true HTTP/1.1" 200 35
192.168.10.89 - - [26/Feb/2016:11:12:56 -0300] "POST /cormun/servlet/solicitudot?gx-no-cache=1456495731837 HTTP/1.1" 200 1159
192.168.10.89 - - [26/Feb/2016:11:12:57 -0300] "GET /cormun/servlet/solicitudot?42752161b8ced5c99c200d5a9c2a31bc2d15db6d76cfefb89080bf31ba937c8740a9cff289c689f6c236d85ca36d61dde7526e5d35c591de9aae46b8d527de5d5b8689465f43039cf54debae0448dbf19583013e6ceea174ac1989d9861c0f36807d4d432fd6827850408188e0100173e8859bc63895fc31eaff9666c5dfc0769ed283e727895b1b4458fff180227f6c,gx-no-cache=1456495731965 HTTP/1.1" 200 38
186.103.158.250 - - [26/Feb/2016:11:13:13 -0300] "GET /cormun/servlet/solicitudotadjuntos?INS,2016,163,,1, HTTP/1.1" 200 5430
186.103.158.250 - - [26/Feb/2016:11:13:14 -0300] "GET /cormun/static/about:blank HTTP/1.1" 404 1011
192.168.10.89 - - [26/Feb/2016:11:13:14 -0300] "GET /cormun/servlet/solicitudot?42752161b8ced5c99c200d5a9c2a31bc5d0ecebbaf3a40121e0212aa530eb39b064949554eb87fd6cc9944805b66b605381f6e28d767652cef9fe4d45c31ef69cc47f1cc385e8374b585c546606e34f5b2dadc33f39fb8bb3621713c81b3b793635d679eb5138c0fad9bf6ccf75bf7981a5f1bb849a07fdba60afba9aeda2c2e4958f0bf714852863bf62421779a9cd6fa331204573e45aafbb978e032a64615175f9be5f96376ad6482cccd3b782db8073bcfca70cb944b862b9ab98352fe69f201cd1a4d2f02caec4f6e01a59351b1,gx-no-cache=1456495749889 HTTP/1.1" 200 29
192.168.10.89 - - [26/Feb/2016:11:13:15 -0300] "POST /cormun/servlet/solicitudot?gx-no-cache=1456495749917 HTTP/1.1" 200 1116
186.103.158.250 - - [26/Feb/2016:11:13:15 -0300] "GET /cormun/servlet/solicitudotadjuntos?INS,2016,163,,1, HTTP/1.1" 200 5422
186.103.158.250 - - [26/Feb/2016:11:13:16 -0300] "GET /cormun/servlet/solicitudotadjuntos?3d7a072899b2fb6a398674efdaec890228be3e8e2d84b4e60a8a0ebdc83e999d15d4f3b23b81740978ee78f93b0dd5d7,gx-no-cache=1456496020182 HTTP/1.1" 200 30
186.103.158.250 - - [26/Feb/2016:11:13:16 -0300] "POST /cormun/servlet/solicitudotadjuntos?ccb68111455927d50857bbea456a8023,INS,2016,163,,1,,gx-no-cache=1456496020245 HTTP/1.1" 200 3323
192.168.10.89 - - [26/Feb/2016:11:13:20 -0300] "GET /cormun/servlet/solicitudot?42752161b8ced5c99c200d5a9c2a31bc86f90cd97e90bfb90760262d749d4c54357d3ebc82c6b00dc496edb033c0294ed9726b5dcc6b6eaa8e0d341789fb3dbaab7ee98be4690443b4fb46dc0682faa4013c21e0f9154551af4d3a5a7c3eaaad85707c978f11d1af433fb8efb24bc841b5c9ac72746fc22dcd6216b3757e4d62555bb2aeab6595bb2b6b20be6e7c92247390ca3a662fc4200d7f3fdc6e8ec2ec429e42f501276bdba7338e3834c68d7e,gx-no-cache=1456495755876 HTTP/1.1" 200 30
192.168.10.89 - - [26/Feb/2016:11:13:56 -0300] "POST /cormun/servlet/solicitudot?7cd38824d5694a303fc90a1434998089,INS,0,0,,gx-no-cache=1456495791604 HTTP/1.1" 200 93
192.168.10.89 - - [26/Feb/2016:11:13:56 -0300] "GET /cormun/servlet/hpexe_return? HTTP/1.1" 200 1013
192.168.10.89 - - [26/Feb/2016:11:13:57 -0300] "GET /cormun/servlet/trsolicitudot HTTP/1.1" 200 6512
186.103.159.44 - - [26/Feb/2016:11:16:47 -0300] "POST /cormun/servlet/solicitudot?gx-no-cache=1456496227509 HTTP/1.1" 200 30
186.103.159.44 - - [26/Feb/2016:11:16:51 -0300] "POST /cormun/servlet/solicitudot?gx-no-cache=1456496231193 HTTP/1.1" 200 30
186.103.159.44 - - [26/Feb/2016:11:16:52 -0300] "POST /cormun/servlet/solicitudot?gx-no-cache=1456496232419 HTTP/1.1" 200 452
186.103.159.44 - - [26/Feb/2016:11:16:52 -0300] "GET /cormun/servlet/solicitudot?3bc56ba43b68e20d8e05649e26dc98c63c0e4b170577801e18dbaf476095683edd35502a41efbecb4f48c6a325284284809db75cf1cd0390ef0022c500a0c26962023fd6ab74f0b7c18d82539b316031e8431551c6bb00aa4256bfe6e0fcf9a867c2d8870f24bfc8c150f12823cf218c29d8d3995bd95ed9362447d26764300fada61640d6f0df47fd76dabcfb8aef9b,gx-no-cache=1456496232497 HTTP/1.1" 200 38
186.103.159.44 - - [26/Feb/2016:11:18:06 -0300] "POST /cormun/servlet/solicitudot?gx-no-cache=1456496306634 HTTP/1.1" 200 30
186.103.159.44 - - [26/Feb/2016:11:18:06 -0300] "POST /cormun/servlet/solicitudot?gx-no-cache=1456496306722 HTTP/1.1" 200 452
186.103.159.44 - - [26/Feb/2016:11:18:06 -0300] "GET /cormun/servlet/solicitudot?3bc56ba43b68e20d8e05649e26dc98c63c0e4b170577801e18dbaf476095683edd35502a41efbecb4f48c6a325284284809db75cf1cd0390ef0022c500a0c26962023fd6ab74f0b7c18d82539b316031e8431551c6bb00aa4256bfe6e0fcf9a867c2d8870f24bfc8c150f12823cf218c29d8d3995bd95ed9362447d26764300fada61640d6f0df47fd76dabcfb8aef9b,gx-no-cache=1456496306778 HTTP/1.1" 200 38
186.103.159.44 - - [26/Feb/2016:11:20:27 -0300] "POST /cormun/servlet/solicitudot?gx-no-cache=1456496447513 HTTP/1.1" 200 30
186.103.159.44 - - [26/Feb/2016:11:20:29 -0300] "POST /cormun/servlet/solicitudot?gx-no-cache=1456496449752 HTTP/1.1" 200 30
186.103.159.44 - - [26/Feb/2016:11:20:33 -0300] "POST /cormun/servlet/solicitudot?gx-no-cache=1456496453879 HTTP/1.1" 200 30
186.103.159.44 - - [26/Feb/2016:11:20:33 -0300] "POST /cormun/servlet/solicitudot?gx-no-cache=1456496453940 HTTP/1.1" 200 452
186.103.159.44 - - [26/Feb/2016:11:20:33 -0300] "GET /cormun/servlet/solicitudot?3bc56ba43b68e20d8e05649e26dc98c63c0e4b170577801e18dbaf476095683edd35502a41efbecb4f48c6a325284284809db75cf1cd0390ef0022c500a0c26962023fd6ab74f0b7c18d82539b316031e8431551c6bb00aa4256bfe6e0fcf9a867c2d8870f24bfc8c150f12823cf218c29d8d3995bd95ed9362447d26764300fada61640d6f0df47fd76dabcfb8aef9b,gx-no-cache=1456496454000 HTTP/1.1" 200 38
186.103.159.44 - - [26/Feb/2016:11:20:33 -0300] "GET /cormun/servlet/solicitudot?3bc56ba43b68e20d8e05649e26dc98c6cc50af5ffcdbf0688622744796eaff7c03e859fea0db67518094cb5e4ceb63ce6a9e5d4bf6e95ee9e021d213684fa3e8fc8fb4afc7b86eb7602d0fbb6f039cd9b5a6cf3f01fc4965e0fc430ea7639b54b915b0a534966adaa9eefe6b44c4393f,gx-no-cache=1456496454034 HTTP/1.1" 200 29
186.103.159.44 - - [26/Feb/2016:11:20:35 -0300] "POST /cormun/servlet/solicitudot?gx-no-cache=1456496455876 HTTP/1.1" 200 1116
186.103.159.183 - - [26/Feb/2016:11:20:58 -0300] "GET /cormun/servlet/hlogin HTTP/1.1" 200 1718
186.103.159.183 - - [26/Feb/2016:11:20:58 -0300] "GET /cormun/static/gxcfg.js?20151120045111 HTTP/1.1" 200 953
186.103.159.183 - - [26/Feb/2016:11:20:58 -0300] "GET /cormun/static/Resources/ComunLogin.png HTTP/1.1" 200 17326
186.103.159.183 - - [26/Feb/2016:11:20:58 -0300] "GET /cormun/static/gxtimezone.js?85251 HTTP/1.1" 200 5781
186.103.159.183 - - [26/Feb/2016:11:20:58 -0300] "GET /cormun/static/Resources/Spanish/PXTools.css?005343 HTTP/1.1" 200 89042
186.103.159.183 - - [26/Feb/2016:11:20:58 -0300] "GET /cormun/static/hlogin.js?20151120045126 HTTP/1.1" 200 2136
186.103.159.183 - - [26/Feb/2016:11:20:58 -0300] "GET /cormun/static/messages.spa.js?85251 HTTP/1.1" 200 30736
186.103.159.183 - - [26/Feb/2016:11:20:58 -0300] "GET /cormun/static/gxgral.js?85251 HTTP/1.1" 200 384558
186.103.159.183 - - [26/Feb/2016:11:20:58 -0300] "GET /cormun/static/Resources/PXToolsLoginTop.png HTTP/1.1" 200 1337
186.103.159.183 - - [26/Feb/2016:11:20:58 -0300] "GET /cormun/static/Resources/PXToolsLoginBackground.png HTTP/1.1" 200 1164
186.103.159.183 - - [26/Feb/2016:11:20:58 -0300] "GET /cormun/static/Resources/PXToolsButtonLeft21.png HTTP/1.1" 200 1287
186.103.159.183 - - [26/Feb/2016:11:20:58 -0300] "GET /cormun/static/Resources/PXToolsButtonRight21.png HTTP/1.1" 200 1283
186.103.159.183 - - [26/Feb/2016:11:20:58 -0300] "GET /cormun/static/Resources/PXToolsButtonBackground2.png HTTP/1.1" 200 1181
186.103.159.183 - - [26/Feb/2016:11:20:58 -0300] "GET /cormun/static/Resources/PXToolsLoginBottom.png HTTP/1.1" 200 1389
186.103.159.183 - - [26/Feb/2016:11:20:59 -0300] "GET /cormun/static/Resources/indicator.gif HTTP/1.1" 200 1553
186.103.159.183 - - [26/Feb/2016:11:20:59 -0300] "GET /cormun/servlet/hlogin HTTP/1.1" 200 1726
186.103.159.183 - - [26/Feb/2016:11:20:59 -0300] "GET /favicon.ico HTTP/1.1" 200 21630
186.103.159.183 - - [26/Feb/2016:11:21:24 -0300] "POST /cormun/servlet/hlogin?6dd01a7bb0140816ffd9801ce6e8f827,gx-no-cache=1456500305568 HTTP/1.1" 200 90
186.103.159.183 - - [26/Feb/2016:11:21:24 -0300] "GET /cormun/servlet/hpexe_link HTTP/1.1" 200 946
186.103.159.183 - - [26/Feb/2016:11:21:25 -0300] "GET /cormun/static/gxcfg.js?20151120044395 HTTP/1.1" 200 953
186.103.159.183 - - [26/Feb/2016:11:21:25 -0300] "GET /cormun/static/hpexe_link.js?20151120044398 HTTP/1.1" 200 625
186.103.159.183 - - [26/Feb/2016:11:21:25 -0300] "GET /cormun/servlet/hhome HTTP/1.1" 200 3317
186.103.159.183 - - [26/Feb/2016:11:21:25 -0300] "GET /cormun/static/Shared/jqueryui/jquery-ui.min.css?1345370 HTTP/1.1" 200 30288
186.103.159.183 - - [26/Feb/2016:11:21:25 -0300] "GET /cormun/static/gxcfg.js?2015112210564248 HTTP/1.1" 200 953
186.103.159.183 - - [26/Feb/2016:11:21:25 -0300] "GET /cormun/static/SmoothNavMenu/resources/ddsmoothmenu.css?1112540 HTTP/1.1" 200 2223
186.103.159.183 - - [26/Feb/2016:11:21:25 -0300] "GET /cormun/static/scaMessage/css/jquery.pnotify.default.css?1816380 HTTP/1.1" 200 1707
186.103.159.183 - - [26/Feb/2016:11:21:25 -0300] "GET /cormun/static/SmoothNavMenu/resources/ddsmoothmenu-v.css?1112540 HTTP/1.1" 200 1188
186.103.159.183 - - [26/Feb/2016:11:21:25 -0300] "GET /cormun/static/PXToolsJavascripts/pexe_autoreload.js HTTP/1.1" 200 1762
186.103.159.183 - - [26/Feb/2016:11:21:25 -0300] "GET /cormun/static/PXToolsJavascripts/pexe_cookies.js HTTP/1.1" 200 792
186.103.159.183 - - [26/Feb/2016:11:21:25 -0300] "GET /cormun/static/Resources/Spanish/PXTools.css?10515224 HTTP/1.1" 200 89042
186.103.159.183 - - [26/Feb/2016:11:21:25 -0300] "GET /cormun/static/PXToolsJavascripts/pexe_windows.js HTTP/1.1" 200 15207
186.103.159.183 - - [26/Feb/2016:11:21:25 -0300] "GET /cormun/static/PXToolsJavascripts/pexe_griddivfix.js HTTP/1.1" 200 6644
186.103.159.183 - - [26/Feb/2016:11:21:25 -0300] "GET /cormun/static/PXToolsJavascripts/pexe_link.js HTTP/1.1" 200 5671
186.103.159.183 - - [26/Feb/2016:11:21:25 -0300] "GET /cormun/static/PXToolsJavascripts/pexe_menudivfix.js HTTP/1.1" 200 333
186.103.159.183 - - [26/Feb/2016:11:21:25 -0300] "GET /cormun/static/PXToolsJavascripts/pexe_menus.js HTTP/1.1" 200 1286
186.103.159.183 - - [26/Feb/2016:11:21:25 -0300] "GET /cormun/static/PXToolsJavascripts/pexe_layers.js HTTP/1.1" 200 4114
186.103.159.183 - - [26/Feb/2016:11:21:25 -0300] "GET /cormun/static/PXToolsJavascripts/pexe_oav.js HTTP/1.1" 200 645
186.103.159.183 - - [26/Feb/2016:11:21:25 -0300] "GET /cormun/static/PXToolsJavascripts/pexe_oavdivfix.js HTTP/1.1" 200 639
186.103.159.183 - - [26/Feb/2016:11:21:25 -0300] "GET /cormun/static/PXToolsJavascripts/pexe_picture.js HTTP/1.1" 200 689
186.103.159.183 - - [26/Feb/2016:11:21:25 -0300] "GET /cormun/static/PXToolsJavascripts/pexe_scrolldiv.js HTTP/1.1" 200 4138
186.103.159.183 - - [26/Feb/2016:11:21:25 -0300] "GET /cormun/static/PXToolsJavascripts/pexe_tabdivfix.js HTTP/1.1" 200 876
186.103.159.183 - - [26/Feb/2016:11:21:25 -0300] "GET /cormun/static/PXToolsJavascripts/pexe_tabs.js HTTP/1.1" 200 3748
186.103.159.183 - - [26/Feb/2016:11:21:25 -0300] "GET /cormun/static/PXToolsJavascripts/pexe_upload.js HTTP/1.1" 200 1423
186.103.159.183 - - [26/Feb/2016:11:21:25 -0300] "GET /cormun/static/PXToolsJavascripts/PXToolsJavascriptsRender.js HTTP/1.1" 200 367
186.103.159.183 - - [26/Feb/2016:11:21:25 -0300] "GET /cormun/static/RunJS/RunJS.js HTTP/1.1" 200 288
186.103.159.183 - - [26/Feb/2016:11:21:25 -0300] "GET /cormun/static/hhome.js?2015112210564255 HTTP/1.1" 200 777
186.103.159.183 - - [26/Feb/2016:11:21:25 -0300] "GET /cormun/static/Shared/ext/locale/ext-lang-en.js HTTP/1.1" 200 10940
186.103.159.183 - - [26/Feb/2016:11:21:25 -0300] "GET /cormun/static/hwchdr01.js?20162241650484 HTTP/1.1" 200 1002
186.103.159.183 - - [26/Feb/2016:11:21:25 -0300] "GET /cormun/static/hpexe_recentlink.js?2015111312121342 HTTP/1.1" 200 2144
186.103.159.183 - - [26/Feb/2016:11:21:25 -0300] "GET /cormun/static/hpexe_scripts.js?20151120014546 HTTP/1.1" 200 1544
186.103.159.183 - - [26/Feb/2016:11:21:25 -0300] "GET /cormun/static/gxui/gxui-all.js HTTP/1.1" 200 107772
186.103.159.183 - - [26/Feb/2016:11:21:25 -0300] "GET /cormun/static/hpexe_messagecontroller.js?2015112210524422 HTTP/1.1" 200 870
186.103.159.183 - - [26/Feb/2016:11:21:26 -0300] "GET /cormun/static/hpexe_messagepopupcomponent.js?201622412404545 HTTP/1.1" 200 605
186.103.159.183 - - [26/Feb/2016:11:21:26 -0300] "GET /cormun/static/hpexe_messagegenexuscomponent.js?20151120014314 HTTP/1.1" 200 587
186.103.159.183 - - [26/Feb/2016:11:21:26 -0300] "GET /cormun/static/cmcontrolpreferences.js?20151120014525 HTTP/1.1" 200 1375
186.103.159.183 - - [26/Feb/2016:11:21:26 -0300] "GET /cormun/static/Shared/jquery/jquery-1.4.2.min.js HTTP/1.1" 200 72174
186.103.159.183 - - [26/Feb/2016:11:21:26 -0300] "GET /cormun/static/SmoothNavMenu/resources/ddsmoothmenu.js HTTP/1.1" 200 12712
186.103.159.183 - - [26/Feb/2016:11:21:26 -0300] "GET /cormun/static/PXToolsJavascripts/pexe_popup.js HTTP/1.1" 200 13458
186.103.159.183 - - [26/Feb/2016:11:21:26 -0300] "GET /cormun/static/SmoothNavMenu/resources/SmoothNavMenuRender.js HTTP/1.1" 200 5951
186.103.159.183 - - [26/Feb/2016:11:21:26 -0300] "GET /cormun/static/Shared/jqueryui/jquery-ui.min.js HTTP/1.1" 200 240427
186.103.159.183 - - [26/Feb/2016:11:21:26 -0300] "GET /cormun/static/scaMessage/js/jquery.pnotify.min.js HTTP/1.1" 200 13038
186.103.159.44 - - [26/Feb/2016:11:21:26 -0300] "GET /cormun/servlet/solicitudot?3bc56ba43b68e20d8e05649e26dc98c66d70925354320168f9d68657de53ec639506aad592d647a3715c1770baf5db2fb3a6335ad7d9a1bb598c336f90e8e753124db810d2ab77ea3756d48158ebea1a7aff52a828a54995a5a5272c80cd49c33d010c6da845b3b810a3fcae5e119108aa8e4d70a1874243bba8ca3c953ec1ebe11b09fcc62aefa77ec5d6328d76e0629c75f06ee97c049297393351eb3eae24115ff9e7a687fa37248538d0cca8f9b8,gx-no-cache=1456496506756 HTTP/1.1" 200 30
186.103.159.183 - - [26/Feb/2016:11:21:26 -0300] "GET /cormun/static/scaMessage/scaMessageRender.js HTTP/1.1" 200 11977
186.103.159.183 - - [26/Feb/2016:11:21:26 -0300] "GET /cormun/static/hmpwkw03.js?201622421393366 HTTP/1.1" 200 3845
186.103.159.183 - - [26/Feb/2016:11:21:26 -0300] "GET /cormun/static/Resources/logo4.png HTTP/1.1" 200 6582
186.103.159.183 - - [26/Feb/2016:11:21:26 -0300] "GET /cormun/static/Resources/PXToolsHeaderActionsLeft.png HTTP/1.1" 200 1118
186.103.159.183 - - [26/Feb/2016:11:21:26 -0300] "GET /cormun/static/Shared/ext/ext-all.js HTTP/1.1" 200 1289687
186.103.159.183 - - [26/Feb/2016:11:21:26 -0300] "GET /cormun/static/Resources/PXToolsHeaderHome.png HTTP/1.1" 200 4147
186.103.159.183 - - [26/Feb/2016:11:21:26 -0300] "GET /cormun/static/Resources/PXToolsHeaderLogin.png HTTP/1.1" 200 4279
186.103.159.183 - - [26/Feb/2016:11:21:26 -0300] "GET /cormun/static/Resources/PXToolsHeaderPreferences.png HTTP/1.1" 200 4189
186.103.159.183 - - [26/Feb/2016:11:21:26 -0300] "GET /cormun/static/Resources/PXToolsHeaderSecurity.png HTTP/1.1" 200 4166
186.103.159.183 - - [26/Feb/2016:11:21:26 -0300] "GET /cormun/static/Resources/PXToolsHeaderActionsRight.png HTTP/1.1" 200 1201
186.103.159.183 - - [26/Feb/2016:11:21:27 -0300] "GET /cormun/static/Shared/jquery/jquery-1.10.2.min.js HTTP/1.1" 200 273199
186.103.159.183 - - [26/Feb/2016:11:21:27 -0300] "GET /cormun/static/PXToolsJavascripts/pexe_grid.js HTTP/1.1" 200 7559
186.103.159.183 - - [26/Feb/2016:11:21:28 -0300] "GET /cormun/static/Resources/PXToolsFooterBackground2.png HTTP/1.1" 200 1172
186.103.159.183 - - [26/Feb/2016:11:21:28 -0300] "GET /cormun/static/Resources/PXToolsHeaderBackground2.png HTTP/1.1" 200 1174
186.103.159.183 - - [26/Feb/2016:11:21:28 -0300] "GET /cormun/static/Resources/PXToolsHeaderActionsBackground.png HTTP/1.1" 200 484
186.103.159.183 - - [26/Feb/2016:11:21:28 -0300] "GET /cormun/static/Resources/PXToolsDataTitle.png HTTP/1.1" 200 1173
186.103.159.183 - - [26/Feb/2016:11:21:28 -0300] "GET /cormun/servlet/hhome HTTP/1.1" 200 3314
