186.103.159.44 - - [26/Feb/2016:12:56:50 -0300] "POST /cormun/servlet/trsolicitudot?9a36c4fad9ef3fe2882d9b7e774b8365,gx-no-cache=1456500054231,gx-no-cache=1456502235616 HTTP/1.1" 200 9206
186.103.159.44 - - [26/Feb/2016:12:56:51 -0300] "POST /cormun/servlet/trsolicitudot?9a36c4fad9ef3fe2882d9b7e774b8365,gx-no-cache=1456500054231,gx-no-cache=1456502236570 HTTP/1.1" 200 9206
186.103.158.250 - - [26/Feb/2016:12:56:55 -0300] "GET /cormun/servlet/trsolicitudot? HTTP/1.1" 200 6132
186.103.158.250 - - [26/Feb/2016:12:56:55 -0300] "GET /cormun/static/gxui/gxui-all.css?120300 HTTP/1.1" 200 2179
186.103.158.250 - - [26/Feb/2016:12:56:55 -0300] "GET /cormun/static/calendar-system.css?85620 HTTP/1.1" 200 5572
186.103.158.250 - - [26/Feb/2016:12:56:55 -0300] "GET /cormun/static/gxcfg.js?20161623482752 HTTP/1.1" 200 953
186.103.158.250 - - [26/Feb/2016:12:56:55 -0300] "GET /cormun/static/calendar-es.js?85251 HTTP/1.1" 200 1901
186.103.158.250 - - [26/Feb/2016:12:56:55 -0300] "GET /cormun/static/calendar.js?85251 HTTP/1.1" 200 26246
186.103.158.250 - - [26/Feb/2016:12:56:55 -0300] "GET /cormun/static/calendar-setup.js?85251 HTTP/1.1" 200 2588
186.103.158.250 - - [26/Feb/2016:12:56:55 -0300] "GET /cormun/static/Resources/PXToolsDataSearch.png HTTP/1.1" 200 419
186.103.158.250 - - [26/Feb/2016:12:56:55 -0300] "GET /cormun/static/Resources/PXToolsGridFirst.gif HTTP/1.1" 200 379
186.103.158.250 - - [26/Feb/2016:12:56:55 -0300] "GET /cormun/static/Resources/PXTools/calendar.png HTTP/1.1" 200 1306
186.103.158.250 - - [26/Feb/2016:12:56:55 -0300] "GET /cormun/static/Resources/PXToolsGridPrevious.gif HTTP/1.1" 200 369
186.103.158.250 - - [26/Feb/2016:12:56:55 -0300] "GET /cormun/static/Resources/PXToolsGridNext.gif HTTP/1.1" 200 369
186.103.158.250 - - [26/Feb/2016:12:56:55 -0300] "GET /cormun/static/Resources/PXToolsGridLast.gif HTTP/1.1" 200 370
186.103.158.250 - - [26/Feb/2016:12:56:55 -0300] "GET /cormun/static/Resources/PXToolsActionExcel.png HTTP/1.1" 200 3187
186.103.158.250 - - [26/Feb/2016:12:56:55 -0300] "GET /cormun/static/Resources/PXToolsGridNew.png HTTP/1.1" 200 2949
186.103.158.250 - - [26/Feb/2016:12:56:55 -0300] "GET /cormun/static/trsolicitudot.js?20161623483284 HTTP/1.1" 200 45324
186.103.158.250 - - [26/Feb/2016:12:56:55 -0300] "GET /cormun/static/gxdec.js?85251 HTTP/1.1" 200 19579
186.103.158.250 - - [26/Feb/2016:12:56:55 -0300] "GET /cormun/static/Shared/ext/resources/css/ext-all.css?215870 HTTP/1.1" 200 416045
186.103.158.250 - - [26/Feb/2016:12:56:56 -0300] "GET /cormun/static/Resources/Spanish/PXTools.css?17554516 HTTP/1.1" 200 89042
186.103.158.250 - - [26/Feb/2016:12:56:57 -0300] "GET /cormun/static/Resources/asc.gif HTTP/1.1" 200 67
186.103.158.250 - - [26/Feb/2016:12:56:57 -0300] "GET /cormun/static/Resources/desc.gif HTTP/1.1" 200 65
186.103.159.189 - - [26/Feb/2016:12:56:58 -0300] "GET /cormun/static/menuarrow.gif HTTP/1.1" 404 1015
186.103.158.250 - - [26/Feb/2016:12:56:58 -0300] "GET /cormun/static/Shared/ext/resources/themes/images/default/panel/bg-headersPanel.png HTTP/1.1" 200 255
186.103.158.250 - - [26/Feb/2016:12:56:58 -0300] "GET /cormun/static/Shared/ext/resources/themes/images/default/tools/tool-sprites.gif HTTP/1.1" 200 5434
186.103.159.44 - - [26/Feb/2016:12:57:03 -0300] "POST /cormun/servlet/trsolicitudot?9a36c4fad9ef3fe2882d9b7e774b8365,gx-no-cache=1456500054231,gx-no-cache=1456502237631 HTTP/1.1" 200 104
186.103.159.44 - - [26/Feb/2016:12:57:03 -0300] "GET /cormun/servlet/solicitudot?DLT,2016,186, HTTP/1.1" 200 8255
186.103.159.44 - - [26/Feb/2016:12:57:04 -0300] "GET /cormun/static/Shared/jqueryui/images/ui-bg_highlight-soft_100_c6c2c8_1x100.png HTTP/1.1" 404 1117
186.103.159.44 - - [26/Feb/2016:12:57:04 -0300] "GET /cormun/static/Shared/jqueryui/images/ui-icons_82798d_256x240.png HTTP/1.1" 404 1089
186.103.159.44 - - [26/Feb/2016:12:57:04 -0300] "GET /cormun/static/Shared/jqueryui/images/ui-bg_flat_55_fafafa_40x100.png HTTP/1.1" 404 1097
186.103.159.44 - - [26/Feb/2016:12:57:04 -0300] "GET /cormun/static/Shared/jqueryui/images/ui-icons_8d78a5_256x240.png HTTP/1.1" 404 1089
186.103.158.250 - - [26/Feb/2016:12:57:09 -0300] "POST /cormun/servlet/trsolicitudot?fa684e60245401dbed50912efe1cfaba,,gx-no-cache=1456502188863 HTTP/1.1" 200 5165
186.103.158.250 - - [26/Feb/2016:12:57:09 -0300] "GET /cormun//static/Resources/PXToolsGridUpdate.png HTTP/1.1" 200 2984
186.103.158.250 - - [26/Feb/2016:12:57:09 -0300] "GET /cormun//static/Resources/PXToolsGridDelete.png HTTP/1.1" 200 357
186.103.158.250 - - [26/Feb/2016:12:57:09 -0300] "GET /cormun//static/Resources/PXToolsRemoveAllAction.png HTTP/1.1" 200 3558
186.103.158.250 - - [26/Feb/2016:12:57:09 -0300] "GET /cormun//static/Resources/PXToolsActionView.png HTTP/1.1" 200 2995
186.103.158.250 - - [26/Feb/2016:12:57:09 -0300] "GET /cormun//static/Resources/PXTools/ActionInsert.png HTTP/1.1" 200 1482
186.103.158.250 - - [26/Feb/2016:12:57:10 -0300] "POST /cormun/servlet/trsolicitudot?fa684e60245401dbed50912efe1cfaba,,gx-no-cache=1456502189584 HTTP/1.1" 200 5164
186.103.158.250 - - [26/Feb/2016:12:57:11 -0300] "POST /cormun/servlet/trsolicitudot?fa684e60245401dbed50912efe1cfaba,,gx-no-cache=1456502190571 HTTP/1.1" 200 5165
186.103.158.250 - - [26/Feb/2016:12:57:12 -0300] "POST /cormun/servlet/trsolicitudot?fa684e60245401dbed50912efe1cfaba,,gx-no-cache=1456502191539 HTTP/1.1" 200 5165
186.103.158.250 - - [26/Feb/2016:12:57:13 -0300] "POST /cormun/servlet/trsolicitudot?fa684e60245401dbed50912efe1cfaba,,gx-no-cache=1456502192834 HTTP/1.1" 200 5165
186.103.159.189 - - [26/Feb/2016:12:57:13 -0300] "GET /cormun/servlet/solicitudot?9fd97c3d1517cd47c7118d0f10ba23c59e434041ae2f6f3b6e5a1b3b5dd225e007a5363514a696367fe055182cb2e607ffad1cc533f0ad620fdedffc03075ab5e209b4a3861e706807ef052576742b5f772f4974b60490a33327e9df33abf5b9400fcc8d17f19b8f98a296de093aa229eaed753edbbc53e1092c02017913d61880d1044532a9862d7c637f189e49d7e7291a19e1db221c8cac1527a8112cbdc3960b8c788cd4275405691a9579d7a86e,gx-no-cache=1456502261553 HTTP/1.1" 200 30
186.103.158.250 - - [26/Feb/2016:12:57:15 -0300] "POST /cormun/servlet/trsolicitudot?fa684e60245401dbed50912efe1cfaba,,gx-no-cache=1456502194295 HTTP/1.1" 200 5165
186.103.158.250 - - [26/Feb/2016:12:57:18 -0300] "POST /cormun/servlet/trsolicitudot?fa684e60245401dbed50912efe1cfaba,,gx-no-cache=1456502197510 HTTP/1.1" 200 5165
186.103.159.183 - - [26/Feb/2016:12:57:21 -0300] "GET /cormun/servlet/solicitudot?6ce2657453f6c05debc6c260f895ce7463e1f494744dee43a0e53af77df6361ee70af91db137dcf1ac0e0af178053c725aff64e0a261b9b3ec4c529a8d4ee3713b0bd886f92af2b9e55f3a99d9fb4fa718b9ac107184217800b928c006d9e4e883f798c1fcdd055b8ed83de4a683dcb95208cd6216848d529d2eef9a4040cf317928c8ae0035f3bab6f3781a6ceeca258835d8da4977676bca784ee9bde0e172e59b7add5119ddd8d34f634bf9063be1,gx-no-cache=1456506069535 HTTP/1.1" 200 30
186.103.159.183 - - [26/Feb/2016:12:57:21 -0300] "POST /cormun/servlet/solicitudot?6dd01a7bb0140816ffd9801ce6e8f827,INS,0,0,,gx-no-cache=1456506069583 HTTP/1.1" 200 10440
186.103.158.250 - - [26/Feb/2016:12:57:29 -0300] "POST /cormun/servlet/trsolicitudot?fa684e60245401dbed50912efe1cfaba,,gx-no-cache=1456502199303 HTTP/1.1" 200 5165
186.103.158.250 - - [26/Feb/2016:12:57:33 -0300] "GET /cormun/servlet/vesolicitudot?2016,163,, HTTP/1.1" 200 7523
186.103.158.250 - - [26/Feb/2016:12:57:34 -0300] "GET /cormun/static/Resources/Spanish/PXTools.css?18201296 HTTP/1.1" 200 89042
186.103.158.250 - - [26/Feb/2016:12:57:34 -0300] "GET /cormun/static/gxcfg.js?2015112118275590 HTTP/1.1" 200 953
186.103.158.250 - - [26/Feb/2016:12:57:34 -0300] "GET /cormun/pexe_scrolldiv.js HTTP/1.1" 404 1009
186.103.158.250 - - [26/Feb/2016:12:57:34 -0300] "GET /cormun/static/Resources/PXToolsTabFirstSelected.png HTTP/1.1" 200 1259
186.103.158.250 - - [26/Feb/2016:12:57:34 -0300] "GET /cormun/static/Resources/PXToolsTabPrevious.gif HTTP/1.1" 200 172
186.103.158.250 - - [26/Feb/2016:12:57:34 -0300] "GET /cormun/static/Resources/PXToolsTabLastUnselected.png HTTP/1.1" 200 1291
186.103.158.250 - - [26/Feb/2016:12:57:34 -0300] "GET /cormun/static/Resources/PXToolsTabNext.gif HTTP/1.1" 200 168
186.103.158.250 - - [26/Feb/2016:12:57:34 -0300] "GET /cormun/static/hwcviewtabs.js?20151120014372 HTTP/1.1" 200 1074
186.103.158.250 - - [26/Feb/2016:12:57:34 -0300] "GET /cormun/static/hpexe_tabsview.js?20151120014350 HTTP/1.1" 200 1661
186.103.158.250 - - [26/Feb/2016:12:57:34 -0300] "GET /cormun/static/vesolicitudot.js?2015112118275649 HTTP/1.1" 200 6091
186.103.158.250 - - [26/Feb/2016:12:57:34 -0300] "GET /cormun/static/tbsolicitudot01.js?201511211821030 HTTP/1.1" 200 27008
186.103.159.44 - - [26/Feb/2016:12:57:35 -0300] "POST /cormun/servlet/solicitudot?9a36c4fad9ef3fe2882d9b7e774b8365,DLT,2016,186,,gx-no-cache=1456502280702 HTTP/1.1" 200 93
186.103.159.44 - - [26/Feb/2016:12:57:35 -0300] "GET /cormun/servlet/hpexe_return? HTTP/1.1" 200 1037
186.103.159.44 - - [26/Feb/2016:12:57:35 -0300] "GET /cormun/servlet/trsolicitudot?gx-no-cache=1456500054231 HTTP/1.1" 200 11293
186.103.158.250 - - [26/Feb/2016:12:57:35 -0300] "GET /cormun/static/calendar-system.css HTTP/1.1" 200 5572
186.103.158.250 - - [26/Feb/2016:12:57:36 -0300] "GET /cormun/static/Resources/PXToolsTabSelectedUnselected.png HTTP/1.1" 200 1428
186.103.158.250 - - [26/Feb/2016:12:57:36 -0300] "GET /cormun/static/Resources/PXToolsTabUnselectedUnselected.png HTTP/1.1" 200 1459
186.103.158.250 - - [26/Feb/2016:12:57:36 -0300] "GET /cormun/static/Resources/PXToolsTabBackSelected.png HTTP/1.1" 200 1157
186.103.158.250 - - [26/Feb/2016:12:57:36 -0300] "GET /cormun/static/Resources/PXToolsTabBackUnselected.png HTTP/1.1" 200 1175
186.103.158.250 - - [26/Feb/2016:12:57:39 -0300] "GET /cormun/servlet/vesolicitudot?2016,163,,SolicitudOTAdjuntos HTTP/1.1" 200 8676
186.103.158.250 - - [26/Feb/2016:12:57:39 -0300] "GET /cormun/pexe_scrolldiv.js HTTP/1.1" 404 1009
186.103.158.250 - - [26/Feb/2016:12:57:40 -0300] "GET /cormun/static/tbsolicitudot02.js?2015112118245263 HTTP/1.1" 200 14861
192.168.10.89 - - [26/Feb/2016:12:57:40 -0300] "GET /cormun/servlet/hlogin HTTP/1.1" 200 1733
186.103.158.250 - - [26/Feb/2016:12:57:41 -0300] "GET /cormun/static/gxui/gxui-all.css HTTP/1.1" 200 2179
186.103.158.250 - - [26/Feb/2016:12:57:41 -0300] "GET /cormun/static/Shared/ext/resources/css/ext-all.css HTTP/1.1" 200 416045
186.103.158.250 - - [26/Feb/2016:12:57:41 -0300] "GET /cormun/static/Resources/PXToolsTabFirstUnselected.png HTTP/1.1" 200 1264
186.103.158.250 - - [26/Feb/2016:12:57:41 -0300] "GET /cormun/static/Resources/PXToolsTabUnselectedSelected.png HTTP/1.1" 200 1444
186.103.158.250 - - [26/Feb/2016:12:57:43 -0300] "POST /cormun/servlet/acontrolpreferencessavestate?None,CE-4,true HTTP/1.1" 200 35
186.103.158.250 - - [26/Feb/2016:12:57:46 -0300] "GET /cormun/servlet/solicitudotadjuntos?INS,2016,163,,1, HTTP/1.1" 200 5437
186.103.158.250 - - [26/Feb/2016:12:57:47 -0300] "GET /cormun/static/gxcfg.js?201614180754 HTTP/1.1" 200 953
186.103.158.250 - - [26/Feb/2016:12:57:47 -0300] "GET /cormun/static/solicitudotadjuntos.js?201614180772 HTTP/1.1" 200 11762
186.103.158.250 - - [26/Feb/2016:12:57:47 -0300] "HEAD /cormun/static/about:blank HTTP/1.1" 404 -
186.103.158.250 - - [26/Feb/2016:12:57:49 -0300] "GET /cormun/servlet/solicitudotadjuntos?86c8acb4a33090a5c7f8680989bb7014ce4f78acb4e753fbe9d31f842bfeeb3d62b5a976596a7e63ea3dffa67a3a755e,gx-no-cache=1456502228666 HTTP/1.1" 200 30
186.103.158.250 - - [26/Feb/2016:12:57:49 -0300] "POST /cormun/servlet/solicitudotadjuntos?fa684e60245401dbed50912efe1cfaba,INS,2016,163,,1,,gx-no-cache=1456502228748 HTTP/1.1" 200 3329
186.103.159.183 - - [26/Feb/2016:12:57:50 -0300] "GET /cormun/servlet/hlogin HTTP/1.1" 200 1738
186.103.158.250 - - [26/Feb/2016:12:57:52 -0300] "POST /cormun/servlet/solicitudotadjuntos?gx-no-cache=1456502232016 HTTP/1.1" 200 26
186.103.159.44 - - [26/Feb/2016:12:57:58 -0300] "POST /cormun/servlet/trsolicitudot?9a36c4fad9ef3fe2882d9b7e774b8365,gx-no-cache=1456500054231,gx-no-cache=1456502303930 HTTP/1.1" 200 8978
186.103.159.44 - - [26/Feb/2016:12:57:59 -0300] "POST /cormun/servlet/trsolicitudot?9a36c4fad9ef3fe2882d9b7e774b8365,gx-no-cache=1456500054231,gx-no-cache=1456502304639 HTTP/1.1" 200 8978
186.103.159.44 - - [26/Feb/2016:12:57:59 -0300] "POST /cormun/servlet/trsolicitudot?9a36c4fad9ef3fe2882d9b7e774b8365,gx-no-cache=1456500054231,gx-no-cache=1456502305263 HTTP/1.1" 200 8978
186.103.159.44 - - [26/Feb/2016:12:58:00 -0300] "POST /cormun/servlet/trsolicitudot?9a36c4fad9ef3fe2882d9b7e774b8365,gx-no-cache=1456500054231,gx-no-cache=1456502305994 HTTP/1.1" 200 8978
186.103.159.44 - - [26/Feb/2016:12:58:01 -0300] "POST /cormun/servlet/trsolicitudot?9a36c4fad9ef3fe2882d9b7e774b8365,gx-no-cache=1456500054231,gx-no-cache=1456502306751 HTTP/1.1" 200 8978
192.168.10.89 - - [26/Feb/2016:12:58:02 -0300] "POST /cormun/servlet/hlogin?3445f29620afcf48bde704f99431b2cb,gx-no-cache=1456502036832 HTTP/1.1" 200 90
192.168.10.89 - - [26/Feb/2016:12:58:02 -0300] "GET /cormun/servlet/hpexe_link HTTP/1.1" 200 949
186.103.159.44 - - [26/Feb/2016:12:58:02 -0300] "POST /cormun/servlet/trsolicitudot?9a36c4fad9ef3fe2882d9b7e774b8365,gx-no-cache=1456500054231,gx-no-cache=1456502307622 HTTP/1.1" 200 8978
192.168.10.89 - - [26/Feb/2016:12:58:02 -0300] "GET /cormun/servlet/hhome HTTP/1.1" 200 3383
186.103.159.44 - - [26/Feb/2016:12:58:03 -0300] "POST /cormun/servlet/trsolicitudot?9a36c4fad9ef3fe2882d9b7e774b8365,gx-no-cache=1456500054231,gx-no-cache=1456502308570 HTTP/1.1" 200 8978
192.168.10.89 - - [26/Feb/2016:12:58:04 -0300] "GET /cormun/servlet/trsolicitudot? HTTP/1.1" 200 6099
192.168.10.89 - - [26/Feb/2016:12:58:09 -0300] "GET /cormun/servlet/solicitudot?INS,0,0, HTTP/1.1" 200 12030
186.103.158.250 - - [26/Feb/2016:12:58:10 -0300] "GET /cormun/servlet/solicitudotadjuntos?86c8acb4a33090a5c7f8680989bb70141b88ce5639d6c600436c39bec71d3a96,gx-no-cache=1456502249745 HTTP/1.1" 200 30
186.103.158.250 - - [26/Feb/2016:12:58:10 -0300] "GET /cormun/servlet/solicitudotadjuntos?86c8acb4a33090a5c7f8680989bb70141b88ce5639d6c600436c39bec71d3a96,gx-no-cache=1456502249779 HTTP/1.1" 200 30
186.103.158.250 - - [26/Feb/2016:12:58:12 -0300] "POST /cormun/servlet/solicitudotadjuntos?fa684e60245401dbed50912efe1cfaba,INS,2016,163,,1, HTTP/1.1" 200 116
186.103.158.250 - - [26/Feb/2016:12:58:12 -0300] "GET /cormun/servlet/hpexe_return? HTTP/1.1" 200 1035
186.103.158.250 - - [26/Feb/2016:12:58:12 -0300] "GET /cormun/static/hpexe_return.js?2015111312145056 HTTP/1.1" 200 1633
186.103.158.250 - - [26/Feb/2016:12:58:12 -0300] "GET /cormun/static/gxcfg.js?2015111312145050 HTTP/1.1" 200 953
186.103.158.250 - - [26/Feb/2016:12:58:12 -0300] "GET /cormun/static/Resources/Spanish/PXTools.css?12112540 HTTP/1.1" 200 89042
186.103.158.250 - - [26/Feb/2016:12:58:13 -0300] "GET /cormun/servlet/vesolicitudot?2016,163,,SolicitudOTAdjuntos HTTP/1.1" 200 8861
186.103.158.250 - - [26/Feb/2016:12:58:13 -0300] "GET /cormun/pexe_scrolldiv.js HTTP/1.1" 404 1009
186.103.159.44 - - [26/Feb/2016:12:58:15 -0300] "POST /cormun/servlet/trsolicitudot?9a36c4fad9ef3fe2882d9b7e774b8365,gx-no-cache=1456500054231,gx-no-cache=1456502309627 HTTP/1.1" 200 104
186.103.159.44 - - [26/Feb/2016:12:58:15 -0300] "GET /cormun/servlet/solicitudot?DLT,2016,183, HTTP/1.1" 200 8261
186.103.159.44 - - [26/Feb/2016:12:58:15 -0300] "GET /cormun/static/Shared/jqueryui/images/ui-bg_highlight-soft_100_c6c2c8_1x100.png HTTP/1.1" 404 1117
186.103.159.44 - - [26/Feb/2016:12:58:15 -0300] "GET /cormun/static/Shared/jqueryui/images/ui-icons_82798d_256x240.png HTTP/1.1" 404 1089
186.103.159.44 - - [26/Feb/2016:12:58:15 -0300] "GET /cormun/static/Shared/jqueryui/images/ui-icons_8d78a5_256x240.png HTTP/1.1" 404 1089
186.103.159.44 - - [26/Feb/2016:12:58:15 -0300] "GET /cormun/static/Shared/jqueryui/images/ui-bg_flat_55_fafafa_40x100.png HTTP/1.1" 404 1097
186.103.158.250 - - [26/Feb/2016:12:58:16 -0300] "POST /cormun/servlet/acontrolpreferencessavestate?None,CE-4,true HTTP/1.1" 200 35
192.168.10.89 - - [26/Feb/2016:12:58:18 -0300] "POST /cormun/servlet/solicitudot?gx-no-cache=1456502053491 HTTP/1.1" 200 2813
192.168.10.89 - - [26/Feb/2016:12:58:18 -0300] "GET /cormun/static/Shared/jqueryui/images/ui-icons_82798d_256x240.png HTTP/1.1" 404 1089
192.168.10.89 - - [26/Feb/2016:12:58:18 -0300] "GET /cormun/static/Shared/jqueryui/images/ui-bg_highlight-soft_100_c6c2c8_1x100.png HTTP/1.1" 404 1117
192.168.10.89 - - [26/Feb/2016:12:58:18 -0300] "GET /cormun/static/Shared/jqueryui/images/ui-icons_ebccce_256x240.png HTTP/1.1" 404 1089
192.168.10.89 - - [26/Feb/2016:12:58:18 -0300] "GET /cormun/static/Shared/jqueryui/images/ui-bg_flat_55_994d53_40x100.png HTTP/1.1" 404 1097
186.103.158.250 - - [26/Feb/2016:12:58:24 -0300] "GET /cormun/servlet/solicitudotadjuntos?INS,2016,163,,1, HTTP/1.1" 200 5438
186.103.158.250 - - [26/Feb/2016:12:58:25 -0300] "HEAD /cormun/static/about:blank HTTP/1.1" 404 -
186.103.158.250 - - [26/Feb/2016:12:58:26 -0300] "GET /cormun/servlet/solicitudotadjuntos?86c8acb4a33090a5c7f8680989bb7014ce4f78acb4e753fbe9d31f842bfeeb3d62b5a976596a7e63ea3dffa67a3a755e,gx-no-cache=1456502266223 HTTP/1.1" 200 30
186.103.158.250 - - [26/Feb/2016:12:58:26 -0300] "POST /cormun/servlet/solicitudotadjuntos?fa684e60245401dbed50912efe1cfaba,INS,2016,163,,1,,gx-no-cache=1456502266282 HTTP/1.1" 200 3330
186.103.158.250 - - [26/Feb/2016:12:58:35 -0300] "POST /cormun/servlet/solicitudotadjuntos?gx-no-cache=1456502274708 HTTP/1.1" 200 26
186.103.158.250 - - [26/Feb/2016:12:58:50 -0300] "GET /cormun/servlet/solicitudotadjuntos?86c8acb4a33090a5c7f8680989bb70141b88ce5639d6c600436c39bec71d3a96,gx-no-cache=1456502289660 HTTP/1.1" 200 30
186.103.158.250 - - [26/Feb/2016:12:58:50 -0300] "GET /cormun/servlet/solicitudotadjuntos?86c8acb4a33090a5c7f8680989bb70141b88ce5639d6c600436c39bec71d3a96,gx-no-cache=1456502289865 HTTP/1.1" 200 30
186.103.158.250 - - [26/Feb/2016:12:58:52 -0300] "POST /cormun/servlet/solicitudotadjuntos?fa684e60245401dbed50912efe1cfaba,INS,2016,163,,1, HTTP/1.1" 200 116
186.103.158.250 - - [26/Feb/2016:12:58:52 -0300] "GET /cormun/servlet/hpexe_return? HTTP/1.1" 200 1035
186.103.158.250 - - [26/Feb/2016:12:58:53 -0300] "GET /cormun/servlet/vesolicitudot?2016,163,,SolicitudOTAdjuntos HTTP/1.1" 200 9018
186.103.158.250 - - [26/Feb/2016:12:58:53 -0300] "GET /cormun/pexe_scrolldiv.js HTTP/1.1" 404 1009
186.103.158.250 - - [26/Feb/2016:12:58:56 -0300] "POST /cormun/servlet/acontrolpreferencessavestate?None,CE-4,true HTTP/1.1" 200 35
186.103.159.189 - - [26/Feb/2016:12:59:02 -0300] "GET /cormun/servlet/solicitudot?9fd97c3d1517cd47c7118d0f10ba23c59e434041ae2f6f3b6e5a1b3b5dd225e007a5363514a696367fe055182cb2e607ffad1cc533f0ad620fdedffc03075ab5e209b4a3861e706807ef052576742b5f772f4974b60490a33327e9df33abf5b9400fcc8d17f19b8f98a296de093aa229eaed753edbbc53e1092c02017913d61880d1044532a9862d7c637f189e49d7e7291a19e1db221c8cac1527a8112cbdc3960b8c788cd4275405691a9579d7a86e,gx-no-cache=1456502370543 HTTP/1.1" 200 30
186.103.158.250 - - [26/Feb/2016:12:59:09 -0300] "GET /cormun/servlet/solicitudotadjuntos?INS,2016,163,,1, HTTP/1.1" 200 5438
186.103.158.250 - - [26/Feb/2016:12:59:10 -0300] "HEAD /cormun/static/about:blank HTTP/1.1" 404 -
186.103.158.250 - - [26/Feb/2016:12:59:12 -0300] "GET /cormun/servlet/solicitudotadjuntos?86c8acb4a33090a5c7f8680989bb7014ce4f78acb4e753fbe9d31f842bfeeb3d62b5a976596a7e63ea3dffa67a3a755e,gx-no-cache=1456502311765 HTTP/1.1" 200 30
186.103.158.250 - - [26/Feb/2016:12:59:12 -0300] "POST /cormun/servlet/solicitudotadjuntos?fa684e60245401dbed50912efe1cfaba,INS,2016,163,,1,,gx-no-cache=1456502311844 HTTP/1.1" 200 3330
186.103.158.250 - - [26/Feb/2016:12:59:18 -0300] "POST /cormun/servlet/solicitudotadjuntos?gx-no-cache=1456502317982 HTTP/1.1" 200 26
186.103.158.250 - - [26/Feb/2016:12:59:40 -0300] "GET /cormun/servlet/solicitudotadjuntos?86c8acb4a33090a5c7f8680989bb70141b88ce5639d6c600436c39bec71d3a96,gx-no-cache=1456502340133 HTTP/1.1" 200 30
186.103.158.250 - - [26/Feb/2016:12:59:40 -0300] "GET /cormun/servlet/solicitudotadjuntos?86c8acb4a33090a5c7f8680989bb70141b88ce5639d6c600436c39bec71d3a96,gx-no-cache=1456502340335 HTTP/1.1" 200 30
186.103.159.189 - - [26/Feb/2016:12:59:41 -0300] "POST /cormun/servlet/solicitudot?35c24c885721307014012cce56918357,INS,0,0,,gx-no-cache=1456502408862 HTTP/1.1" 200 10489
201.214.54.176 - - [26/Feb/2016:12:59:42 -0300] "GET /cormun/servlet/hlogin HTTP/1.1" 200 1719
186.103.158.250 - - [26/Feb/2016:12:59:42 -0300] "POST /cormun/servlet/solicitudotadjuntos?fa684e60245401dbed50912efe1cfaba,INS,2016,163,,1, HTTP/1.1" 200 116
186.103.158.250 - - [26/Feb/2016:12:59:42 -0300] "GET /cormun/servlet/hpexe_return? HTTP/1.1" 200 1035
186.103.158.250 - - [26/Feb/2016:12:59:44 -0300] "GET /cormun/servlet/vesolicitudot?2016,163,,SolicitudOTAdjuntos HTTP/1.1" 200 9124
186.103.158.250 - - [26/Feb/2016:12:59:44 -0300] "GET /cormun/pexe_scrolldiv.js HTTP/1.1" 404 1009
186.103.158.250 - - [26/Feb/2016:12:59:47 -0300] "POST /cormun/servlet/acontrolpreferencessavestate?None,CE-4,true HTTP/1.1" 200 35
186.103.158.250 - - [26/Feb/2016:13:00:05 -0300] "GET /cormun/servlet/vesolicitudot?2016,163,,SolicitudOTLog HTTP/1.1" 200 6421
186.103.158.250 - - [26/Feb/2016:13:00:05 -0300] "GET /cormun/pexe_scrolldiv.js HTTP/1.1" 404 1009
186.103.158.250 - - [26/Feb/2016:13:00:05 -0300] "GET /cormun/static/Resources/PXToolsTabLastSelected.png HTTP/1.1" 200 1262
186.103.158.250 - - [26/Feb/2016:13:00:05 -0300] "GET /cormun/static/tbsolicitudot03.js?2015112118205488 HTTP/1.1" 200 12365
186.103.158.250 - - [26/Feb/2016:13:00:09 -0300] "POST /cormun/servlet/acontrolpreferencessavestate?None,CE-4,true HTTP/1.1" 200 35
186.103.158.250 - - [26/Feb/2016:13:00:15 -0300] "POST /cormun/servlet/vesolicitudot?fa684e60245401dbed50912efe1cfaba,2016,163,,SolicitudOTLog,gx-no-cache=1456502374387 HTTP/1.1" 200 90
186.103.158.250 - - [26/Feb/2016:13:00:15 -0300] "GET /cormun/servlet/hpexe_link HTTP/1.1" 200 975
186.103.158.250 - - [26/Feb/2016:13:00:15 -0300] "GET /cormun/servlet/trsolicitudot? HTTP/1.1" 200 7734
186.103.158.250 - - [26/Feb/2016:13:00:24 -0300] "POST /cormun/servlet/trsolicitudot?fa684e60245401dbed50912efe1cfaba,,gx-no-cache=1456502383965 HTTP/1.1" 200 5166
186.103.158.250 - - [26/Feb/2016:13:00:25 -0300] "POST /cormun/servlet/trsolicitudot?fa684e60245401dbed50912efe1cfaba,,gx-no-cache=1456502384898 HTTP/1.1" 200 5166
186.103.158.250 - - [26/Feb/2016:13:00:26 -0300] "POST /cormun/servlet/trsolicitudot?fa684e60245401dbed50912efe1cfaba,,gx-no-cache=1456502385761 HTTP/1.1" 200 5166
186.103.158.250 - - [26/Feb/2016:13:00:27 -0300] "POST /cormun/servlet/trsolicitudot?fa684e60245401dbed50912efe1cfaba,,gx-no-cache=1456502386867 HTTP/1.1" 200 5166
186.103.158.250 - - [26/Feb/2016:13:00:28 -0300] "POST /cormun/servlet/trsolicitudot?fa684e60245401dbed50912efe1cfaba,,gx-no-cache=1456502388157 HTTP/1.1" 200 5166
186.103.158.250 - - [26/Feb/2016:13:00:30 -0300] "POST /cormun/servlet/trsolicitudot?fa684e60245401dbed50912efe1cfaba,,gx-no-cache=1456502389607 HTTP/1.1" 200 5166
186.103.158.250 - - [26/Feb/2016:13:00:32 -0300] "POST /cormun/servlet/trsolicitudot?fa684e60245401dbed50912efe1cfaba,,gx-no-cache=1456502391480 HTTP/1.1" 200 5166
186.103.158.250 - - [26/Feb/2016:13:00:43 -0300] "POST /cormun/servlet/trsolicitudot?fa684e60245401dbed50912efe1cfaba,,gx-no-cache=1456502393267 HTTP/1.1" 200 5280
186.103.159.189 - - [26/Feb/2016:13:00:45 -0300] "GET /cormun/static/Resources/resize.gif HTTP/1.1" 200 77
186.103.159.189 - - [26/Feb/2016:13:00:45 -0300] "GET /cormun/servlet/prsolicitudot?10254601,,,,,MD,,gxPopupLevel%3D0%3B HTTP/1.1" 200 5350
186.103.159.189 - - [26/Feb/2016:13:00:45 -0300] "GET /cormun/static/gxcfg.js?20161417254594 HTTP/1.1" 200 953
186.103.159.189 - - [26/Feb/2016:13:00:45 -0300] "GET /cormun/static/prsolicitudot.js?20161417254753 HTTP/1.1" 200 12356
186.103.159.189 - - [26/Feb/2016:13:00:45 -0300] "GET /cormun/static/menusearch.js?201622412404863 HTTP/1.1" 304 -
186.103.158.250 - - [26/Feb/2016:13:00:46 -0300] "GET /cormun/static/Shared/jqueryui/images/ui-bg_flat_55_fafafa_40x100.png HTTP/1.1" 404 1097
186.103.159.189 - - [26/Feb/2016:13:00:46 -0300] "GET /cormun/static/Resources/Spanish/PXTools.css?1423257 HTTP/1.1" 200 89042
186.103.158.250 - - [26/Feb/2016:13:00:46 -0300] "GET /cormun/static/Shared/jqueryui/images/ui-icons_82798d_256x240.png HTTP/1.1" 404 1089
186.103.158.250 - - [26/Feb/2016:13:00:46 -0300] "GET /cormun/static/Shared/jqueryui/images/ui-bg_highlight-soft_100_c6c2c8_1x100.png HTTP/1.1" 404 1117
186.103.158.250 - - [26/Feb/2016:13:00:46 -0300] "GET /cormun/static/Shared/jqueryui/images/ui-icons_8d78a5_256x240.png HTTP/1.1" 404 1089
186.103.159.189 - - [26/Feb/2016:13:00:46 -0300] "GET /cormun/static/hmpwkw011.js?2016141804389 HTTP/1.1" 200 1968
186.103.158.250 - - [26/Feb/2016:13:00:48 -0300] "POST /cormun/servlet/trsolicitudot?fa684e60245401dbed50912efe1cfaba,,gx-no-cache=1456502407922 HTTP/1.1" 200 5166
186.103.159.189 - - [26/Feb/2016:13:00:49 -0300] "GET /cormun/servlet/prsolicitudot?10254601,,,,,MD,,gxPopupLevel%3D0%3B,gxPopupLevel%3D0%3B HTTP/1.1" 200 5362
186.103.158.250 - - [26/Feb/2016:13:00:50 -0300] "POST /cormun/servlet/trsolicitudot?fa684e60245401dbed50912efe1cfaba,,gx-no-cache=1456502410172 HTTP/1.1" 200 5165
186.103.158.250 - - [26/Feb/2016:13:00:53 -0300] "POST /cormun/servlet/trsolicitudot?fa684e60245401dbed50912efe1cfaba,,gx-no-cache=1456502412613 HTTP/1.1" 200 5165
186.103.158.250 - - [26/Feb/2016:13:00:55 -0300] "POST /cormun/servlet/trsolicitudot?fa684e60245401dbed50912efe1cfaba,,gx-no-cache=1456502415280 HTTP/1.1" 200 5166
186.103.159.189 - - [26/Feb/2016:13:00:56 -0300] "POST /cormun/servlet/acontrolpreferencessavestate?None,CD-16,true HTTP/1.1" 200 35
186.103.158.250 - - [26/Feb/2016:13:00:58 -0300] "POST /cormun/servlet/trsolicitudot?fa684e60245401dbed50912efe1cfaba,,gx-no-cache=1456502417981 HTTP/1.1" 200 5166
192.168.10.89 - - [26/Feb/2016:13:00:58 -0300] "POST /cormun/servlet/solicitudot?3445f29620afcf48bde704f99431b2cb,INS,0,0,,gx-no-cache=1456502213650 HTTP/1.1" 200 93
192.168.10.89 - - [26/Feb/2016:13:00:58 -0300] "GET /cormun/servlet/hpexe_return? HTTP/1.1" 200 1007
192.168.10.89 - - [26/Feb/2016:13:00:59 -0300] "GET /cormun/servlet/trsolicitudot HTTP/1.1" 200 6102
192.168.10.89 - - [26/Feb/2016:13:01:01 -0300] "GET /cormun/servlet/hlogin HTTP/1.1" 200 1733
186.103.158.250 - - [26/Feb/2016:13:01:01 -0300] "POST /cormun/servlet/trsolicitudot?fa684e60245401dbed50912efe1cfaba,,gx-no-cache=1456502420836 HTTP/1.1" 200 5165
186.103.158.250 - - [26/Feb/2016:13:01:04 -0300] "POST /cormun/servlet/trsolicitudot?fa684e60245401dbed50912efe1cfaba,,gx-no-cache=1456502423944 HTTP/1.1" 200 5166
186.103.158.250 - - [26/Feb/2016:13:01:38 -0300] "GET /cormun/servlet/hpexe_link HTTP/1.1" 200 975
186.103.158.250 - - [26/Feb/2016:13:01:38 -0300] "GET /cormun/servlet/trsolicitudot? HTTP/1.1" 200 7734
186.103.158.250 - - [26/Feb/2016:13:01:41 -0300] "GET /cormun/servlet/trsolicitudot? HTTP/1.1" 200 7734
186.103.159.189 - - [26/Feb/2016:13:01:50 -0300] "POST /cormun/servlet/solicitudot?gx-no-cache=1456502538237 HTTP/1.1" 200 1160
186.103.159.189 - - [26/Feb/2016:13:01:51 -0300] "GET /cormun/servlet/solicitudot?9fd97c3d1517cd47c7118d0f10ba23c54e0c6a4c9ee5e03542e11eeb361f2d9c99075235244a3fb26f57ff173ce5a22a9125c9a7e74a66a1d79e2f506c60bb6af119d394f98f0b61ea550a9e50c367d70db0dcd22843bbed84d7d867d8b47ac2fb97f8b5e2bf02aeafa0425eecd8df087ba705204a695c2b61064a898e675c00a21a6780d329257c3088556b5abbaf4f6ffb804c81da6bc06411a155fcc8c1be,gx-no-cache=1456502539171 HTTP/1.1" 200 41
186.103.159.189 - - [26/Feb/2016:13:01:51 -0300] "POST /cormun/servlet/solicitudot?gx-no-cache=1456502539460 HTTP/1.1" 200 1117
186.103.159.189 - - [26/Feb/2016:13:01:52 -0300] "GET /cormun/servlet/prcontratosol?10254601,,,,,MD,,gxPopupLevel%3D0%3B HTTP/1.1" 200 5666
186.103.159.189 - - [26/Feb/2016:13:01:52 -0300] "GET /cormun/static/gxcfg.js?2016141247819 HTTP/1.1" 200 953
186.103.159.189 - - [26/Feb/2016:13:01:53 -0300] "GET /cormun/static/prcontratosol.js?2016141247993 HTTP/1.1" 200 13528
186.103.158.250 - - [26/Feb/2016:13:01:53 -0300] "GET /cormun/servlet/vesolicitudot?2016,163,, HTTP/1.1" 200 7529
186.103.158.250 - - [26/Feb/2016:13:01:53 -0300] "GET /cormun/pexe_scrolldiv.js HTTP/1.1" 404 1009
186.103.159.189 - - [26/Feb/2016:13:01:59 -0300] "POST /cormun/servlet/acontrolpreferencessavestate?None,CD-16,true HTTP/1.1" 200 35
186.103.158.250 - - [26/Feb/2016:13:02:03 -0300] "GET /cormun/servlet/vesolicitudot?2016,163,,SolicitudOTAdjuntos HTTP/1.1" 200 9130
186.103.158.250 - - [26/Feb/2016:13:02:03 -0300] "GET /cormun/pexe_scrolldiv.js HTTP/1.1" 404 1009
186.103.158.250 - - [26/Feb/2016:13:02:06 -0300] "POST /cormun/servlet/acontrolpreferencessavestate?None,CE-4,true HTTP/1.1" 200 35
186.103.159.189 - - [26/Feb/2016:13:02:11 -0300] "GET /cormun/servlet/solicitudot?9fd97c3d1517cd47c7118d0f10ba23c59e434041ae2f6f3b6e5a1b3b5dd225e029f58674de64a79323d2432033592c569e8348a7bc36de7b58601ad47d99916e2a9db578aa09c3696455e02520230f8e783e7051831ebffed8d8ac73ba933e6112339639aeaae8d1c0ff66b6be449b5cc66c4e3f76f690f7c4f86b7a2cc8c9cfc37ffe2cf6889388fd954d63736670f736007635d18c139d19d7dc6aa8f2f287e6c547d2b21be378720c82a890a57c29,gx-no-cache=1456502559586 HTTP/1.1" 200 30
186.103.159.189 - - [26/Feb/2016:13:02:11 -0300] "POST /cormun/servlet/solicitudot?35c24c885721307014012cce56918357,INS,0,0,,gx-no-cache=1456502559685 HTTP/1.1" 200 10528
186.103.159.183 - - [26/Feb/2016:13:02:14 -0300] "POST /cormun/servlet/hlogin?6dd01a7bb0140816ffd9801ce6e8f827,gx-no-cache=1456506362899 HTTP/1.1" 200 90
186.103.159.183 - - [26/Feb/2016:13:02:14 -0300] "GET /cormun/servlet/hpexe_link HTTP/1.1" 200 957
186.103.159.183 - - [26/Feb/2016:13:02:14 -0300] "GET /cormun/servlet/solicitudot?INS,0,0, HTTP/1.1" 200 12028
186.103.159.183 - - [26/Feb/2016:13:02:15 -0300] "GET /cormun/servlet/solicitudot?INS,0,0, HTTP/1.1" 200 12031
186.103.159.183 - - [26/Feb/2016:13:02:22 -0300] "GET /cormun/servlet/trvisualizadoreventos? HTTP/1.1" 200 5924
186.103.159.183 - - [26/Feb/2016:13:02:22 -0300] "GET /cormun/servlet/trvisualizadoreventos? HTTP/1.1" 200 5919
186.103.158.250 - - [26/Feb/2016:13:02:26 -0300] "GET /cormun/servlet/vesolicitudot?2016,163,,SolicitudOTLog HTTP/1.1" 200 6426
186.103.158.250 - - [26/Feb/2016:13:02:26 -0300] "GET /cormun/pexe_scrolldiv.js HTTP/1.1" 404 1009
186.103.158.250 - - [26/Feb/2016:13:02:29 -0300] "POST /cormun/servlet/acontrolpreferencessavestate?None,CE-4,true HTTP/1.1" 200 35
186.103.159.183 - - [26/Feb/2016:13:02:29 -0300] "POST /cormun/servlet/trvisualizadoreventos?6dd01a7bb0140816ffd9801ce6e8f827,,gx-no-cache=1456506378237 HTTP/1.1" 200 3272
186.103.159.183 - - [26/Feb/2016:13:02:30 -0300] "POST /cormun/servlet/trvisualizadoreventos?6dd01a7bb0140816ffd9801ce6e8f827,,gx-no-cache=1456506378383 HTTP/1.1" 200 3272
186.103.159.183 - - [26/Feb/2016:13:02:30 -0300] "POST /cormun/servlet/trvisualizadoreventos?6dd01a7bb0140816ffd9801ce6e8f827,,gx-no-cache=1456506378512 HTTP/1.1" 200 3272
186.103.159.183 - - [26/Feb/2016:13:02:30 -0300] "POST /cormun/servlet/trvisualizadoreventos?6dd01a7bb0140816ffd9801ce6e8f827,,gx-no-cache=1456506378640 HTTP/1.1" 200 3272
186.103.159.183 - - [26/Feb/2016:13:02:30 -0300] "POST /cormun/servlet/trvisualizadoreventos?6dd01a7bb0140816ffd9801ce6e8f827,,gx-no-cache=1456506378769 HTTP/1.1" 200 3272
186.103.159.183 - - [26/Feb/2016:13:02:36 -0300] "POST /cormun/servlet/trvisualizadoreventos?6dd01a7bb0140816ffd9801ce6e8f827,,gx-no-cache=1456506384546 HTTP/1.1" 200 3272
186.103.158.250 - - [26/Feb/2016:13:02:40 -0300] "POST /cormun/servlet/vesolicitudot?fa684e60245401dbed50912efe1cfaba,2016,163,,SolicitudOTLog,gx-no-cache=1456502520419 HTTP/1.1" 200 90
186.103.158.250 - - [26/Feb/2016:13:02:41 -0300] "GET /cormun/servlet/hpexe_link HTTP/1.1" 200 973
186.103.158.250 - - [26/Feb/2016:13:02:41 -0300] "GET /cormun/servlet/trsolicitudot HTTP/1.1" 200 7734
186.103.158.250 - - [26/Feb/2016:13:02:48 -0300] "POST /cormun/servlet/trsolicitudot?fa684e60245401dbed50912efe1cfaba,gx-no-cache=1456502528227 HTTP/1.1" 200 5165
186.103.158.250 - - [26/Feb/2016:13:02:49 -0300] "POST /cormun/servlet/trsolicitudot?fa684e60245401dbed50912efe1cfaba,gx-no-cache=1456502529033 HTTP/1.1" 200 5164
186.103.159.183 - - [26/Feb/2016:13:02:50 -0300] "GET /cormun/servlet/trsolicitudot? HTTP/1.1" 200 6132
186.103.158.250 - - [26/Feb/2016:13:02:50 -0300] "POST /cormun/servlet/trsolicitudot?fa684e60245401dbed50912efe1cfaba,gx-no-cache=1456502529794 HTTP/1.1" 200 5165
186.103.159.183 - - [26/Feb/2016:13:02:51 -0300] "GET /cormun/servlet/trsolicitudot? HTTP/1.1" 200 6132
186.103.158.250 - - [26/Feb/2016:13:02:52 -0300] "POST /cormun/servlet/trsolicitudot?fa684e60245401dbed50912efe1cfaba,gx-no-cache=1456502531500 HTTP/1.1" 200 5165
186.103.158.250 - - [26/Feb/2016:13:02:53 -0300] "POST /cormun/servlet/trsolicitudot?fa684e60245401dbed50912efe1cfaba,gx-no-cache=1456502532888 HTTP/1.1" 200 5165
186.103.158.250 - - [26/Feb/2016:13:02:54 -0300] "POST /cormun/servlet/trsolicitudot?fa684e60245401dbed50912efe1cfaba,gx-no-cache=1456502534370 HTTP/1.1" 200 5166
186.103.158.250 - - [26/Feb/2016:13:02:56 -0300] "POST /cormun/servlet/trsolicitudot?fa684e60245401dbed50912efe1cfaba,gx-no-cache=1456502536032 HTTP/1.1" 200 5166
186.103.159.183 - - [26/Feb/2016:13:02:57 -0300] "GET /cormun/servlet/solicitudot?INS,0,0, HTTP/1.1" 200 12027
186.103.159.183 - - [26/Feb/2016:13:02:58 -0300] "GET /cormun/servlet/solicitudot?INS,0,0, HTTP/1.1" 200 12031
186.103.158.250 - - [26/Feb/2016:13:03:08 -0300] "POST /cormun/servlet/trsolicitudot?fa684e60245401dbed50912efe1cfaba,gx-no-cache=1456502537898 HTTP/1.1" 200 106
186.103.158.250 - - [26/Feb/2016:13:03:08 -0300] "GET /cormun/servlet/trsolicitudadjuntos?2016,163, HTTP/1.1" 200 7839
186.103.159.183 - - [26/Feb/2016:13:03:09 -0300] "GET /cormun/servlet/trvisualizadoreventos? HTTP/1.1" 200 5924
186.103.158.250 - - [26/Feb/2016:13:03:09 -0300] "GET /cormun/static/gxui/gxui-all.css?1917420 HTTP/1.1" 200 2179
186.103.158.250 - - [26/Feb/2016:13:03:09 -0300] "GET /cormun/static/gxcfg.js?201511221058652 HTTP/1.1" 200 953
186.103.158.250 - - [26/Feb/2016:13:03:09 -0300] "GET /cormun/static/trsolicitudadjuntos.js?201511221058899 HTTP/1.1" 200 17275
186.103.159.183 - - [26/Feb/2016:13:03:10 -0300] "GET /cormun/servlet/trvisualizadoreventos? HTTP/1.1" 200 5919
186.103.159.183 - - [26/Feb/2016:13:03:15 -0300] "POST /cormun/servlet/trvisualizadoreventos?6dd01a7bb0140816ffd9801ce6e8f827,,gx-no-cache=1456506423358 HTTP/1.1" 200 3272
186.103.159.183 - - [26/Feb/2016:13:03:15 -0300] "POST /cormun/servlet/trvisualizadoreventos?6dd01a7bb0140816ffd9801ce6e8f827,,gx-no-cache=1456506423599 HTTP/1.1" 200 3272
186.103.159.183 - - [26/Feb/2016:13:03:15 -0300] "POST /cormun/servlet/trvisualizadoreventos?6dd01a7bb0140816ffd9801ce6e8f827,,gx-no-cache=1456506423752 HTTP/1.1" 200 3272
186.103.159.183 - - [26/Feb/2016:13:03:15 -0300] "POST /cormun/servlet/trvisualizadoreventos?6dd01a7bb0140816ffd9801ce6e8f827,,gx-no-cache=1456506423894 HTTP/1.1" 200 3272
186.103.159.183 - - [26/Feb/2016:13:03:15 -0300] "POST /cormun/servlet/trvisualizadoreventos?6dd01a7bb0140816ffd9801ce6e8f827,,gx-no-cache=1456506424025 HTTP/1.1" 200 3272
186.103.159.183 - - [26/Feb/2016:13:03:18 -0300] "POST /cormun/servlet/trvisualizadoreventos?6dd01a7bb0140816ffd9801ce6e8f827,,gx-no-cache=1456506426314 HTTP/1.1" 200 3269
186.103.159.183 - - [26/Feb/2016:13:03:20 -0300] "POST /cormun/servlet/trvisualizadoreventos?6dd01a7bb0140816ffd9801ce6e8f827,,gx-no-cache=1456506428955 HTTP/1.1" 200 3272
186.103.159.189 - - [26/Feb/2016:13:03:22 -0300] "POST /cormun/servlet/solicitudot?35c24c885721307014012cce56918357,INS,0,0,,gx-no-cache=1456502630094 HTTP/1.1" 200 10557
186.103.159.183 - - [26/Feb/2016:13:03:28 -0300] "POST /cormun/servlet/trvisualizadoreventos?6dd01a7bb0140816ffd9801ce6e8f827,,gx-no-cache=1456506437194 HTTP/1.1" 200 3275
186.103.158.250 - - [26/Feb/2016:13:03:29 -0300] "GET /cormun/PublicTempStorage/docs_de_tia_eli_%281%29_%281%294264978.pdf HTTP/1.1" 200 1229700
186.103.159.183 - - [26/Feb/2016:13:03:29 -0300] "GET /cormun/servlet/trvisualizadoreventos?e9ff7c4c2caa323b44269b9317b441784c1831711ce4cdaf238d96e66099d1a1441dc5d3e0b9907c79437d2eca3dc2e8a54515780526bf0b8dc4145cd6d8ba596e7a9d3eaaf99c7806c324ebb91cea1c4f8f781a894c2965baf7f36b1d0c67d2bf6c80ee300078531eb916b42d5da3a436bc560e4090682f0d3a11a31b27d07c41e4696798f58e4c00ce74ace01b1bf2a34b66dfcb55005d5cc80827dfffb2fdf28cb6c9fb32497fb4aab31860a0ca27f41c735769036b65557782cb8a6ec655,gx-no-cache=1456506437602 HTTP/1.1" 200 580
186.103.159.183 - - [26/Feb/2016:13:03:30 -0300] "POST /cormun/servlet/trvisualizadoreventos?6dd01a7bb0140816ffd9801ce6e8f827,,gx-no-cache=1456506438854 HTTP/1.1" 200 3275
186.103.159.183 - - [26/Feb/2016:13:03:32 -0300] "POST /cormun/servlet/trvisualizadoreventos?6dd01a7bb0140816ffd9801ce6e8f827,,gx-no-cache=1456506440762 HTTP/1.1" 200 3272
186.103.159.183 - - [26/Feb/2016:13:03:32 -0300] "GET /cormun/servlet/trvisualizadoreventos?e9ff7c4c2caa323b44269b9317b44178a09371d1f2bc4face63fa95045c29642dfc9423479a2f0919a8f50f783b4ef8ca54515780526bf0b8dc4145cd6d8ba596e7a9d3eaaf99c7806c324ebb91cea1c4f8f781a894c2965baf7f36b1d0c67d2bf6c80ee300078531eb916b42d5da3a436bc560e4090682f0d3a11a31b27d07c41e4696798f58e4c00ce74ace01b1bf2a34b66dfcb55005d5cc80827dfffb2fdf28cb6c9fb32497fb4aab31860a0ca27f41c735769036b65557782cb8a6ec655,gx-no-cache=1456506441166 HTTP/1.1" 200 578
186.103.159.183 - - [26/Feb/2016:13:03:36 -0300] "POST /cormun/servlet/acontrolpreferencessavestate?None,CE-34,true HTTP/1.1" 200 35
186.103.159.183 - - [26/Feb/2016:13:03:38 -0300] "POST /cormun/servlet/acontrolpreferencessavestate?None,CE-34,true HTTP/1.1" 200 35
186.103.159.183 - - [26/Feb/2016:13:03:41 -0300] "POST /cormun/servlet/trvisualizadoreventos?6dd01a7bb0140816ffd9801ce6e8f827,,gx-no-cache=1456506449759 HTTP/1.1" 200 3272
186.103.158.250 - - [26/Feb/2016:13:03:50 -0300] "GET /cormun/servlet/trsolicitudadjuntos?2016,163, HTTP/1.1" 200 7841
186.103.159.44 - - [26/Feb/2016:13:03:57 -0300] "POST /cormun/servlet/solicitudot?9a36c4fad9ef3fe2882d9b7e774b8365,DLT,2016,183,,gx-no-cache=1456502663205 HTTP/1.1" 200 93
186.103.159.44 - - [26/Feb/2016:13:03:57 -0300] "GET /cormun/servlet/hpexe_return? HTTP/1.1" 200 1037
186.103.159.183 - - [26/Feb/2016:13:03:57 -0300] "GET /cormun/servlet/trvisualizadoreventos?e9ff7c4c2caa323b44269b9317b44178a09371d1f2bc4face63fa95045c29642dfc9423479a2f0919a8f50f783b4ef8ca54515780526bf0b8dc4145cd6d8ba596e7a9d3eaaf99c7806c324ebb91cea1c4f8f781a894c2965baf7f36b1d0c67d2bf6c80ee300078531eb916b42d5da3a436bc560e4090682f0d3a11a31b27d07c41e4696798f58e4c00ce74ace01b1bf2a34b66dfcb55005d5cc80827dfffb2fdf28cb6c9fb32497fb4aab31860a0ca27e2fecfa9b533a64e29d40183a9e89d49,gx-no-cache=1456506466198 HTTP/1.1" 200 576
186.103.159.44 - - [26/Feb/2016:13:03:57 -0300] "GET /cormun/servlet/trsolicitudot?gx-no-cache=1456500054231 HTTP/1.1" 200 11104
186.103.159.183 - - [26/Feb/2016:13:03:59 -0300] "POST /cormun/servlet/trvisualizadoreventos?6dd01a7bb0140816ffd9801ce6e8f827,,gx-no-cache=1456506467283 HTTP/1.1" 200 3269
186.103.159.183 - - [26/Feb/2016:13:03:59 -0300] "POST /cormun/servlet/trvisualizadoreventos?6dd01a7bb0140816ffd9801ce6e8f827,,gx-no-cache=1456506467535 HTTP/1.1" 200 3269
186.103.159.183 - - [26/Feb/2016:13:03:59 -0300] "POST /cormun/servlet/trvisualizadoreventos?6dd01a7bb0140816ffd9801ce6e8f827,,gx-no-cache=1456506467695 HTTP/1.1" 200 3269
186.103.159.183 - - [26/Feb/2016:13:03:59 -0300] "POST /cormun/servlet/trvisualizadoreventos?6dd01a7bb0140816ffd9801ce6e8f827,,gx-no-cache=1456506467859 HTTP/1.1" 200 3269
186.103.159.183 - - [26/Feb/2016:13:03:59 -0300] "POST /cormun/servlet/trvisualizadoreventos?6dd01a7bb0140816ffd9801ce6e8f827,,gx-no-cache=1456506468027 HTTP/1.1" 200 3269
186.103.158.250 - - [26/Feb/2016:13:04:00 -0300] "GET /cormun/servlet/solicitudotadjuntos?DLT,2016,163,CARNET,0, HTTP/1.1" 200 5454
186.103.158.250 - - [26/Feb/2016:13:04:01 -0300] "HEAD /cormun/PublicTempStorage/docs_de_tia_eli_%281%29_%281%294686112.pdf HTTP/1.1" 200 -
186.103.158.250 - - [26/Feb/2016:13:04:02 -0300] "GET /cormun/static/Shared/jqueryui/images/ui-bg_highlight-soft_100_c6c2c8_1x100.png HTTP/1.1" 404 1117
186.103.158.250 - - [26/Feb/2016:13:04:02 -0300] "GET /cormun/static/Shared/jqueryui/images/ui-icons_82798d_256x240.png HTTP/1.1" 404 1089
186.103.158.250 - - [26/Feb/2016:13:04:02 -0300] "GET /cormun/static/Shared/jqueryui/images/ui-bg_flat_55_fafafa_40x100.png HTTP/1.1" 404 1097
186.103.158.250 - - [26/Feb/2016:13:04:02 -0300] "GET /cormun/static/Shared/jqueryui/images/ui-icons_8d78a5_256x240.png HTTP/1.1" 404 1089
186.103.158.250 - - [26/Feb/2016:13:04:04 -0300] "GET /cormun/PublicTempStorage/docs_de_tia_eli_%281%29_%281%294686112.pdf HTTP/1.1" 200 1229700
186.103.158.250 - - [26/Feb/2016:13:04:06 -0300] "POST /cormun/servlet/solicitudotadjuntos?fa684e60245401dbed50912efe1cfaba,DLT,2016,163,CARNET,0,,gx-no-cache=1456502605972 HTTP/1.1" 200 93
186.103.158.250 - - [26/Feb/2016:13:04:06 -0300] "GET /cormun/servlet/hpexe_return? HTTP/1.1" 200 1034
186.103.158.250 - - [26/Feb/2016:13:04:07 -0300] "GET /cormun/servlet/trsolicitudadjuntos?2016,163, HTTP/1.1" 200 7723
186.103.159.183 - - [26/Feb/2016:13:04:09 -0300] "GET /cormun/servlet/trvisualizadoreventos?e9ff7c4c2caa323b44269b9317b44178a09371d1f2bc4face63fa95045c29642dfc9423479a2f0919a8f50f783b4ef8ca54515780526bf0b8dc4145cd6d8ba596e7a9d3eaaf99c7806c324ebb91cea1c4f8f781a894c2965baf7f36b1d0c67d2bf6c80ee300078531eb916b42d5da3a436bc560e4090682f0d3a11a31b27d07c41e4696798f58e4c00ce74ace01b1bf2a34b66dfcb55005d5cc80827dfffb2fd53aa86e672e4f9e47d0cf201b825d53bdb5a95ab143f5c91ede2d6c6b26f91da,gx-no-cache=1456506478171 HTTP/1.1" 200 574
186.103.159.183 - - [26/Feb/2016:13:04:10 -0300] "POST /cormun/servlet/trvisualizadoreventos?6dd01a7bb0140816ffd9801ce6e8f827,,gx-no-cache=1456506478770 HTTP/1.1" 200 3263
186.103.159.183 - - [26/Feb/2016:13:04:10 -0300] "POST /cormun/servlet/trvisualizadoreventos?6dd01a7bb0140816ffd9801ce6e8f827,,gx-no-cache=1456506478943 HTTP/1.1" 200 3263
186.103.159.183 - - [26/Feb/2016:13:04:10 -0300] "POST /cormun/servlet/trvisualizadoreventos?6dd01a7bb0140816ffd9801ce6e8f827,,gx-no-cache=1456506479128 HTTP/1.1" 200 3263
186.103.159.183 - - [26/Feb/2016:13:04:13 -0300] "GET /cormun/servlet/trsolicitudot? HTTP/1.1" 200 6132
186.103.159.183 - - [26/Feb/2016:13:04:14 -0300] "GET /cormun/servlet/trsolicitudot? HTTP/1.1" 200 6132
186.103.158.250 - - [26/Feb/2016:13:04:14 -0300] "GET /cormun/servlet/solicitudotadjuntos?DLT,2016,163,CERTIF3,0, HTTP/1.1" 200 5456
186.103.158.250 - - [26/Feb/2016:13:04:15 -0300] "HEAD /cormun/PublicTempStorage/docs_de_tia_eli_%281%29_%281%295175189.pdf HTTP/1.1" 200 -
186.103.158.250 - - [26/Feb/2016:13:04:16 -0300] "GET /cormun/static/Shared/jqueryui/images/ui-bg_flat_55_fafafa_40x100.png HTTP/1.1" 404 1097
186.103.158.250 - - [26/Feb/2016:13:04:16 -0300] "GET /cormun/static/Shared/jqueryui/images/ui-icons_82798d_256x240.png HTTP/1.1" 404 1089
186.103.158.250 - - [26/Feb/2016:13:04:16 -0300] "GET /cormun/static/Shared/jqueryui/images/ui-icons_8d78a5_256x240.png HTTP/1.1" 404 1089
186.103.158.250 - - [26/Feb/2016:13:04:16 -0300] "GET /cormun/static/Shared/jqueryui/images/ui-bg_highlight-soft_100_c6c2c8_1x100.png HTTP/1.1" 404 1117
186.103.159.189 - - [26/Feb/2016:13:04:16 -0300] "POST /cormun/servlet/solicitudot?gx-no-cache=1456502684850 HTTP/1.1" 200 1160
186.103.159.189 - - [26/Feb/2016:13:04:17 -0300] "GET /cormun/servlet/solicitudot?9fd97c3d1517cd47c7118d0f10ba23c54e0c6a4c9ee5e03542e11eeb361f2d9c99075235244a3fb26f57ff173ce5a22a9125c9a7e74a66a1d79e2f506c60bb6af119d394f98f0b61ea550a9e50c367d70db0dcd22843bbed84d7d867d8b47ac2fb97f8b5e2bf02aeafa0425eecd8df087ba705204a695c2b61064a898e675c00a21a6780d329257c3088556b5abbaf4f6ffb804c81da6bc06411a155fcc8c1be,gx-no-cache=1456502685017 HTTP/1.1" 200 41
186.103.159.189 - - [26/Feb/2016:13:04:17 -0300] "POST /cormun/servlet/solicitudot?gx-no-cache=1456502685084 HTTP/1.1" 200 1117
186.103.159.189 - - [26/Feb/2016:13:04:17 -0300] "GET /cormun/servlet/solicitudot?9fd97c3d1517cd47c7118d0f10ba23c59e434041ae2f6f3b6e5a1b3b5dd225e0eeed1265140f20d41d24524808f736dcffad1cc533f0ad620fdedffc03075ab5e209b4a3861e706807ef052576742b5f772f4974b60490a33327e9df33abf5b9400fcc8d17f19b8f98a296de093aa229eaed753edbbc53e1092c02017913d61880d1044532a9862d7c637f189e49d7e7291a19e1db221c8cac1527a8112cbdc3960b8c788cd4275405691a9579d7a86e,gx-no-cache=1456502685190 HTTP/1.1" 200 30
186.103.159.189 - - [26/Feb/2016:13:04:17 -0300] "POST /cormun/servlet/solicitudot?35c24c885721307014012cce56918357,INS,0,0,,gx-no-cache=1456502685252 HTTP/1.1" 200 10584
186.103.159.183 - - [26/Feb/2016:13:04:17 -0300] "GET /cormun/servlet/solicitudot?INS,0,0, HTTP/1.1" 200 12026
186.103.159.183 - - [26/Feb/2016:13:04:18 -0300] "GET /cormun/servlet/solicitudot?INS,0,0, HTTP/1.1" 200 12030
186.103.158.250 - - [26/Feb/2016:13:04:18 -0300] "GET /cormun/PublicTempStorage/docs_de_tia_eli_%281%29_%281%295175189.pdf HTTP/1.1" 200 1229700
186.103.159.44 - - [26/Feb/2016:13:04:31 -0300] "POST /cormun/servlet/trsolicitudot?9a36c4fad9ef3fe2882d9b7e774b8365,gx-no-cache=1456500054231,gx-no-cache=1456502696702 HTTP/1.1" 200 8748
186.103.159.44 - - [26/Feb/2016:13:04:31 -0300] "POST /cormun/servlet/trsolicitudot?9a36c4fad9ef3fe2882d9b7e774b8365,gx-no-cache=1456500054231,gx-no-cache=1456502697251 HTTP/1.1" 200 8748
201.214.54.176 - - [26/Feb/2016:13:04:31 -0300] "POST /cormun/servlet/hlogin?d291bfef225a2c8a8b71b16ae6fcd8ad,gx-no-cache=1456502694140 HTTP/1.1" 200 90
201.214.54.176 - - [26/Feb/2016:13:04:31 -0300] "GET /cormun/servlet/hpexe_link HTTP/1.1" 200 949
201.214.54.176 - - [26/Feb/2016:13:04:31 -0300] "GET /cormun/static/gxcfg.js?20151120044395 HTTP/1.1" 200 953
201.214.54.176 - - [26/Feb/2016:13:04:31 -0300] "GET /cormun/static/hpexe_link.js?20151120044398 HTTP/1.1" 200 625
201.214.54.176 - - [26/Feb/2016:13:04:31 -0300] "GET /cormun/servlet/hhome HTTP/1.1" 200 3346
201.214.54.176 - - [26/Feb/2016:13:04:32 -0300] "GET /cormun/static/SmoothNavMenu/resources/ddsmoothmenu.css?1112540 HTTP/1.1" 200 2223
201.214.54.176 - - [26/Feb/2016:13:04:32 -0300] "GET /cormun/static/SmoothNavMenu/resources/ddsmoothmenu-v.css?1112540 HTTP/1.1" 200 1188
201.214.54.176 - - [26/Feb/2016:13:04:32 -0300] "GET /cormun/static/scaMessage/css/jquery.pnotify.default.css?1816380 HTTP/1.1" 200 1707
201.214.54.176 - - [26/Feb/2016:13:04:32 -0300] "GET /cormun/static/gxcfg.js?2015112210564248 HTTP/1.1" 200 953
201.214.54.176 - - [26/Feb/2016:13:04:32 -0300] "GET /cormun/static/PXToolsJavascripts/pexe_windows.js HTTP/1.1" 200 15207
201.214.54.176 - - [26/Feb/2016:13:04:32 -0300] "GET /cormun/static/PXToolsJavascripts/pexe_autoreload.js HTTP/1.1" 200 1762
201.214.54.176 - - [26/Feb/2016:13:04:32 -0300] "GET /cormun/static/PXToolsJavascripts/pexe_cookies.js HTTP/1.1" 200 792
201.214.54.176 - - [26/Feb/2016:13:04:32 -0300] "GET /cormun/static/Shared/jqueryui/jquery-ui.min.css?1345370 HTTP/1.1" 200 30288
201.214.54.176 - - [26/Feb/2016:13:04:32 -0300] "GET /cormun/static/PXToolsJavascripts/pexe_grid.js HTTP/1.1" 200 7559
201.214.54.176 - - [26/Feb/2016:13:04:32 -0300] "GET /cormun/static/PXToolsJavascripts/pexe_griddivfix.js HTTP/1.1" 200 6644
201.214.54.176 - - [26/Feb/2016:13:04:32 -0300] "GET /cormun/static/PXToolsJavascripts/pexe_link.js HTTP/1.1" 200 5671
201.214.54.176 - - [26/Feb/2016:13:04:32 -0300] "GET /cormun/static/PXToolsJavascripts/pexe_menudivfix.js HTTP/1.1" 200 333
201.214.54.176 - - [26/Feb/2016:13:04:32 -0300] "GET /cormun/static/PXToolsJavascripts/pexe_menus.js HTTP/1.1" 200 1286
201.214.54.176 - - [26/Feb/2016:13:04:32 -0300] "GET /cormun/static/Resources/Spanish/PXTools.css?10515224 HTTP/1.1" 200 89042
201.214.54.176 - - [26/Feb/2016:13:04:32 -0300] "GET /cormun/static/PXToolsJavascripts/pexe_layers.js HTTP/1.1" 200 4114
201.214.54.176 - - [26/Feb/2016:13:04:32 -0300] "GET /cormun/static/PXToolsJavascripts/pexe_oav.js HTTP/1.1" 200 645
201.214.54.176 - - [26/Feb/2016:13:04:32 -0300] "GET /cormun/static/PXToolsJavascripts/pexe_picture.js HTTP/1.1" 200 689
201.214.54.176 - - [26/Feb/2016:13:04:32 -0300] "GET /cormun/static/PXToolsJavascripts/pexe_oavdivfix.js HTTP/1.1" 200 639
201.214.54.176 - - [26/Feb/2016:13:04:32 -0300] "GET /cormun/static/PXToolsJavascripts/pexe_tabdivfix.js HTTP/1.1" 200 876
201.214.54.176 - - [26/Feb/2016:13:04:32 -0300] "GET /cormun/static/PXToolsJavascripts/pexe_tabs.js HTTP/1.1" 200 3748
201.214.54.176 - - [26/Feb/2016:13:04:32 -0300] "GET /cormun/static/PXToolsJavascripts/pexe_scrolldiv.js HTTP/1.1" 200 4138
201.214.54.176 - - [26/Feb/2016:13:04:32 -0300] "GET /cormun/static/PXToolsJavascripts/pexe_popup.js HTTP/1.1" 200 13458
201.214.54.176 - - [26/Feb/2016:13:04:32 -0300] "GET /cormun/static/PXToolsJavascripts/pexe_upload.js HTTP/1.1" 200 1423
201.214.54.176 - - [26/Feb/2016:13:04:32 -0300] "GET /cormun/static/PXToolsJavascripts/PXToolsJavascriptsRender.js HTTP/1.1" 200 367
186.103.159.44 - - [26/Feb/2016:13:04:32 -0300] "POST /cormun/servlet/trsolicitudot?9a36c4fad9ef3fe2882d9b7e774b8365,gx-no-cache=1456500054231,gx-no-cache=1456502697847 HTTP/1.1" 200 8748
201.214.54.176 - - [26/Feb/2016:13:04:32 -0300] "GET /cormun/static/RunJS/RunJS.js HTTP/1.1" 200 288
201.214.54.176 - - [26/Feb/2016:13:04:32 -0300] "GET /cormun/static/Shared/ext/locale/ext-lang-en.js HTTP/1.1" 200 10940
201.214.54.176 - - [26/Feb/2016:13:04:32 -0300] "GET /cormun/static/hhome.js?2015112210564255 HTTP/1.1" 200 777
201.214.54.176 - - [26/Feb/2016:13:04:32 -0300] "GET /cormun/static/hwchdr01.js?20162241650484 HTTP/1.1" 200 1002
201.214.54.176 - - [26/Feb/2016:13:04:32 -0300] "GET /cormun/static/hpexe_recentlink.js?2015111312121342 HTTP/1.1" 200 2144
201.214.54.176 - - [26/Feb/2016:13:04:32 -0300] "GET /cormun/static/hpexe_scripts.js?20151120014546 HTTP/1.1" 200 1544
201.214.54.176 - - [26/Feb/2016:13:04:32 -0300] "GET /cormun/static/hpexe_messagepopupcomponent.js?201622412404545 HTTP/1.1" 200 605
201.214.54.176 - - [26/Feb/2016:13:04:32 -0300] "GET /cormun/static/hpexe_messagegenexuscomponent.js?20151120014314 HTTP/1.1" 200 587
