200.30.225.234 - - [26/Feb/2016:12:42:05 -0300] "GET /cormun/servlet/solicitudot?551c0df08eedcb9528a17a602fb5cd4c74345474fde9e999420a0703c94e4a787f150e46908ab16c4bc8112b1b0d9561,gx-no-cache=1456501316186 HTTP/1.1" 200 30
186.103.159.44 - - [26/Feb/2016:12:42:05 -0300] "POST /cormun/servlet/solicitudot?gx-no-cache=1456501351173 HTTP/1.1" 200 452
200.30.225.234 - - [26/Feb/2016:12:42:05 -0300] "POST /cormun/servlet/solicitudot?gx-no-cache=1456501316269 HTTP/1.1" 200 30
186.103.159.44 - - [26/Feb/2016:12:42:05 -0300] "GET /cormun/servlet/solicitudot?d1b8feeebe4a91a3c0325cf850d68d5c0019a135af09bfb8d8cea8ac0b123732785a5d3e1470645853cafa1d631fbd4fccbf21d83e385bcaf73cba998c731b577c065823e98846590cf26b6b91623ecebb711756ffd842ede0623415f41c87bae0a4db821d3efef2fadfad5b5af45a309ec2e4da8c5fd7fd82394d34712417379322a9cb3e9d15c273db952fe2d4bca5,gx-no-cache=1456501351242 HTTP/1.1" 200 38
200.30.225.234 - - [26/Feb/2016:12:42:05 -0300] "POST /cormun/servlet/solicitudot?gx-no-cache=1456501316335 HTTP/1.1" 200 30
200.30.225.234 - - [26/Feb/2016:12:42:05 -0300] "POST /cormun/servlet/solicitudot?gx-no-cache=1456501316427 HTTP/1.1" 200 1154
200.30.225.234 - - [26/Feb/2016:12:42:05 -0300] "GET /cormun/servlet/solicitudot?551c0df08eedcb9528a17a602fb5cd4c0a2d81b73cb8220e1ceb214b511bbbf2c17a9fbecef63f629a2c7c685bd5ea899c8f097125d76c78a5c63326fb0586ee126c389378bcc587c851c6c357adcfd48b6e753da3553a6cdcd7a053273b61d3ea0534393ba6d1ce0c9cc53616163aeb8116c4e707777e542e4bfa10fdf29a4606c56174a9c1a2838b1dae2b6d44c104dd93364dc59d4be4057896a75c149ca6,gx-no-cache=1456501316552 HTTP/1.1" 200 41
200.30.225.234 - - [26/Feb/2016:12:42:08 -0300] "GET /cormun/servlet/solicitudot?551c0df08eedcb9528a17a602fb5cd4cf8f9535b257504d897ea4bf3fe38a1f7dd5ba88b5f138dc8b86f6feafcafd79e80f426d33fca2370f367c0c176a31471d973b1ee1aaa7f5d866fd5097be0f642a60125efd6de1082412fce77b777423f5f3f917f6bfde0ce8749910f0e1ceb405f9dfec786e876c1ebfbdc399372cee5b68e9cdf54401a09be8a6f4f8ffae303b9da1bb0db5fe5418656f953c2c06bb8,gx-no-cache=1456501319612 HTTP/1.1" 200 30
200.30.225.234 - - [26/Feb/2016:12:42:12 -0300] "POST /cormun/servlet/solicitudot?gx-no-cache=1456501323238 HTTP/1.1" 200 1116
200.30.225.234 - - [26/Feb/2016:12:42:12 -0300] "GET /cormun/servlet/solicitudot?551c0df08eedcb9528a17a602fb5cd4cf5e5c3b5d5108388f31bda419efab67ea64c9720d157551c152e01a66d6e8285a9e54a51465d7c06ff8b38cdf6f52db7cde091c1a5d9cc6be35747d69eae9d6289fce4f82d2a73f8abf3e142b5e2a9178c7e4f4d8d20fac5bfa100ffa55277535f9dfec786e876c1ebfbdc399372cee5d597fa7baeb3c57abda0644651a644eb1f6d6841b1468cd561b5f135e433065638f5a28618f83e7e10beb0ff9e4c7ff6,gx-no-cache=1456501323325 HTTP/1.1" 200 32
200.30.225.234 - - [26/Feb/2016:12:42:12 -0300] "POST /cormun/servlet/solicitudot?517f216796a569a903d3fabafe40020d,UPD,2016,182,,gx-no-cache=1456501323377 HTTP/1.1" 200 93
200.30.225.234 - - [26/Feb/2016:12:42:12 -0300] "GET /cormun/servlet/hpexe_return? HTTP/1.1" 200 1011
200.30.225.234 - - [26/Feb/2016:12:42:12 -0300] "GET /cormun/servlet/trsolicitudot HTTP/1.1" 200 8064
200.30.225.234 - - [26/Feb/2016:12:42:13 -0300] "GET /cormun/servlet/trsolicitudot HTTP/1.1" 200 8060
186.103.159.183 - - [26/Feb/2016:12:42:23 -0300] "GET /cormun/servlet/solicitudot?INS,0,0, HTTP/1.1" 200 12027
186.103.159.183 - - [26/Feb/2016:12:42:24 -0300] "GET /cormun/servlet/solicitudot?INS,0,0, HTTP/1.1" 200 12032
186.103.159.44 - - [26/Feb/2016:12:42:36 -0300] "GET /cormun/servlet/solicitudot?d1b8feeebe4a91a3c0325cf850d68d5cf7821cb26c1cbeba02bb6cad1f35523a906dbefe45c0905cccfc254ea052332588d9bea9201576d9ae37315aedb9bafb785db172d179ac3815ba9203f416f4624a4474f533448554b6da059726de6bdc3c12d5ccff1ff67b56f30ae493709414,gx-no-cache=1456501381883 HTTP/1.1" 200 29
186.103.159.44 - - [26/Feb/2016:12:42:37 -0300] "POST /cormun/servlet/solicitudot?gx-no-cache=1456501383227 HTTP/1.1" 200 1116
186.103.159.183 - - [26/Feb/2016:12:42:39 -0300] "POST /cormun/servlet/solicitudot?gx-no-cache=1456505187823 HTTP/1.1" 200 2669
186.103.159.183 - - [26/Feb/2016:12:42:39 -0300] "POST /cormun/servlet/solicitudot?6dd01a7bb0140816ffd9801ce6e8f827,INS,0,0,,gx-no-cache=1456505187923 HTTP/1.1" 200 9382
186.103.159.183 - - [26/Feb/2016:12:42:39 -0300] "GET /cormun/servlet/solicitudot?6ce2657453f6c05debc6c260f895ce741011c85f008b97559d8aff6710f3fec6,gx-no-cache=1456505188126 HTTP/1.1" 200 111
186.103.159.183 - - [26/Feb/2016:12:42:55 -0300] "POST /cormun/servlet/solicitudot?gx-no-cache=1456505203720 HTTP/1.1" 200 2814
186.103.159.183 - - [26/Feb/2016:12:43:05 -0300] "GET /cormun/servlet/solicitudot?6ce2657453f6c05debc6c260f895ce746c8a10219ac91ff4a6757556199b95ea9bd674f0c5bfa4769d2a8032fe151a16,gx-no-cache=1456505214121 HTTP/1.1" 200 111
186.103.159.44 - - [26/Feb/2016:12:43:11 -0300] "GET /cormun/servlet/solicitudot?d1b8feeebe4a91a3c0325cf850d68d5c474dc80dd37f1d3a1db077e739a0b97afde4b6238b1aac9f36bb120847b1a8ae39b946f6e57f80b175db35cfa81a67617ba3837b0550b5b2610ecb98540f47e184c4b4bc4cdce4127ed02ce6822b7ab17284a5ca836e6017af8f51669b243e18052696de4171418ddd5131efd950d600aa9cfc849318f13a4b96bdb3718b7369242de77cb646429edfccabdee536e555d753c14d49dbf1b289f4d01d734514c2,gx-no-cache=1456501417004 HTTP/1.1" 200 30
186.103.159.44 - - [26/Feb/2016:12:43:19 -0300] "POST /cormun/servlet/solicitudot?9a36c4fad9ef3fe2882d9b7e774b8365,INS,0,0,,gx-no-cache=1456501424759 HTTP/1.1" 200 93
186.103.159.44 - - [26/Feb/2016:12:43:19 -0300] "GET /cormun/servlet/hpexe_return? HTTP/1.1" 200 1032
186.103.159.44 - - [26/Feb/2016:12:43:19 -0300] "GET /cormun/servlet/trsolicitudot?gx-no-cache=1456500054231 HTTP/1.1" 200 10896
186.103.159.183 - - [26/Feb/2016:12:43:19 -0300] "POST /cormun/servlet/solicitudot?gx-no-cache=1456505228212 HTTP/1.1" 200 120
186.103.159.183 - - [26/Feb/2016:12:43:22 -0300] "POST /cormun/servlet/solicitudot?gx-no-cache=1456505230403 HTTP/1.1" 200 120
186.103.159.189 - - [26/Feb/2016:12:43:24 -0300] "GET /cormun/servlet/hlogin HTTP/1.1" 200 1717
200.30.225.234 - - [26/Feb/2016:12:43:30 -0300] "GET /cormun/servlet/solicitudot?INS,0,0, HTTP/1.1" 200 12194
200.30.225.234 - - [26/Feb/2016:12:43:31 -0300] "GET /cormun/servlet/solicitudot?INS,0,0, HTTP/1.1" 200 12198
186.103.159.183 - - [26/Feb/2016:12:43:36 -0300] "POST /cormun/servlet/solicitudot?gx-no-cache=1456505244478 HTTP/1.1" 200 30
186.103.159.183 - - [26/Feb/2016:12:43:38 -0300] "POST /cormun/servlet/solicitudot?gx-no-cache=1456505246345 HTTP/1.1" 200 30
186.103.159.44 - - [26/Feb/2016:12:43:44 -0300] "POST /cormun/servlet/trsolicitudot?9a36c4fad9ef3fe2882d9b7e774b8365,gx-no-cache=1456500054231,gx-no-cache=1456501450321 HTTP/1.1" 200 8504
186.103.159.183 - - [26/Feb/2016:12:43:45 -0300] "GET /cormun/servlet/solicitudot?6ce2657453f6c05debc6c260f895ce7475d5ded1093eb44fee86fd26a6ea18e9cbd3b526011e3216e539fe5097f3164e,gx-no-cache=1456505253340 HTTP/1.1" 200 30
186.103.159.44 - - [26/Feb/2016:12:43:45 -0300] "POST /cormun/servlet/trsolicitudot?9a36c4fad9ef3fe2882d9b7e774b8365,gx-no-cache=1456500054231,gx-no-cache=1456501450858 HTTP/1.1" 200 8504
186.103.159.44 - - [26/Feb/2016:12:43:45 -0300] "POST /cormun/servlet/trsolicitudot?9a36c4fad9ef3fe2882d9b7e774b8365,gx-no-cache=1456500054231,gx-no-cache=1456501451423 HTTP/1.1" 200 8504
186.103.159.44 - - [26/Feb/2016:12:43:47 -0300] "POST /cormun/servlet/trsolicitudot?9a36c4fad9ef3fe2882d9b7e774b8365,gx-no-cache=1456500054231,gx-no-cache=1456501452077 HTTP/1.1" 200 8504
186.103.159.44 - - [26/Feb/2016:12:43:47 -0300] "POST /cormun/servlet/trsolicitudot?9a36c4fad9ef3fe2882d9b7e774b8365,gx-no-cache=1456500054231,gx-no-cache=1456501453278 HTTP/1.1" 200 8504
186.103.159.44 - - [26/Feb/2016:12:43:48 -0300] "POST /cormun/servlet/trsolicitudot?9a36c4fad9ef3fe2882d9b7e774b8365,gx-no-cache=1456500054231,gx-no-cache=1456501454051 HTTP/1.1" 200 8504
186.103.159.44 - - [26/Feb/2016:12:43:49 -0300] "POST /cormun/servlet/trsolicitudot?9a36c4fad9ef3fe2882d9b7e774b8365,gx-no-cache=1456500054231,gx-no-cache=1456501455226 HTTP/1.1" 200 8504
186.103.159.44 - - [26/Feb/2016:12:44:00 -0300] "POST /cormun/servlet/trsolicitudot?9a36c4fad9ef3fe2882d9b7e774b8365,gx-no-cache=1456500054231,gx-no-cache=1456501456247 HTTP/1.1" 200 103
186.103.159.44 - - [26/Feb/2016:12:44:00 -0300] "GET /cormun/SolicitudOT-8240.xls HTTP/1.1" 200 8704
186.103.159.44 - - [26/Feb/2016:12:44:04 -0300] "GET /cormun/servlet/solicitudot?INS,0,0, HTTP/1.1" 200 12059
186.103.159.44 - - [26/Feb/2016:12:44:26 -0300] "POST /cormun/servlet/solicitudot?gx-no-cache=1456501492341 HTTP/1.1" 200 2669
186.103.159.44 - - [26/Feb/2016:12:44:26 -0300] "POST /cormun/servlet/solicitudot?9a36c4fad9ef3fe2882d9b7e774b8365,INS,0,0,,gx-no-cache=1456501492575 HTTP/1.1" 200 9419
186.103.159.189 - - [26/Feb/2016:12:44:27 -0300] "POST /cormun/servlet/hlogin?35c24c885721307014012cce56918357,gx-no-cache=1456501495540 HTTP/1.1" 200 424
186.103.159.44 - - [26/Feb/2016:12:44:28 -0300] "GET /cormun/servlet/solicitudot?d1b8feeebe4a91a3c0325cf850d68d5cf7910431c5afa59e80dce0e99e4ed866882221a0146241d7dbd93b4dd7d9c2d7,gx-no-cache=1456501494066 HTTP/1.1" 200 30
186.103.159.189 - - [26/Feb/2016:12:44:52 -0300] "POST /cormun/servlet/hlogin?35c24c885721307014012cce56918357,gx-no-cache=1456501520403 HTTP/1.1" 200 424
200.30.225.234 - - [26/Feb/2016:12:45:17 -0300] "POST /cormun/servlet/solicitudot?gx-no-cache=1456501508276 HTTP/1.1" 200 2707
200.30.225.234 - - [26/Feb/2016:12:45:18 -0300] "POST /cormun/servlet/solicitudot?517f216796a569a903d3fabafe40020d,INS,0,0,,gx-no-cache=1456501508746 HTTP/1.1" 200 9488
200.30.225.234 - - [26/Feb/2016:12:45:18 -0300] "GET /cormun/servlet/solicitudot?551c0df08eedcb9528a17a602fb5cd4cbf8c152d3795671b186fbaa724056a09e8a11d2ef97016d978dcde54675b1166,gx-no-cache=1456501509063 HTTP/1.1" 200 30
186.103.159.189 - - [26/Feb/2016:12:45:22 -0300] "POST /cormun/servlet/hlogin?35c24c885721307014012cce56918357,gx-no-cache=1456501550847 HTTP/1.1" 200 90
186.103.159.189 - - [26/Feb/2016:12:45:23 -0300] "GET /cormun/servlet/hpexe_link HTTP/1.1" 200 951
186.103.159.189 - - [26/Feb/2016:12:45:23 -0300] "GET /cormun/static/gxcfg.js?20151120044395 HTTP/1.1" 304 -
186.103.159.189 - - [26/Feb/2016:12:45:23 -0300] "GET /cormun/static/hpexe_link.js?20151120044398 HTTP/1.1" 304 -
186.103.159.189 - - [26/Feb/2016:12:45:23 -0300] "GET /cormun/servlet/hhome HTTP/1.1" 200 3403
186.103.159.189 - - [26/Feb/2016:12:45:27 -0300] "GET /cormun/static/hwchdr01.js?20162241650484 HTTP/1.1" 304 -
186.103.159.189 - - [26/Feb/2016:12:45:27 -0300] "GET /cormun/static/hpexe_messagepopupcomponent.js?201622412404545 HTTP/1.1" 304 -
186.103.159.189 - - [26/Feb/2016:12:45:27 -0300] "GET /cormun/static/hmpwkw03.js?201622421393366 HTTP/1.1" 304 -
186.103.159.189 - - [26/Feb/2016:12:45:30 -0300] "GET /cormun/servlet/hhome HTTP/1.1" 200 3399
186.103.159.183 - - [26/Feb/2016:12:45:36 -0300] "POST /cormun/servlet/solicitudot?gx-no-cache=1456505365109 HTTP/1.1" 200 452
186.103.159.183 - - [26/Feb/2016:12:45:36 -0300] "GET /cormun/servlet/solicitudot?6ce2657453f6c05debc6c260f895ce74ab5fd645befa019f323e5ff778da40f2fbb84eae29032e495d675b03cd71396edc757aa3ef5b19d504232af340f88a462ce207434877bc6b8d3b0e6a66bcbe0e9e08861e1c1caf13c7737cd2333b98d8ea5f1d916388fac5e3391f63430990af64a7ceded6f8c8acf2ccad5a2fab57794e4a9bb0adfa879e4168320453daf952,gx-no-cache=1456505365180 HTTP/1.1" 200 38
186.103.159.183 - - [26/Feb/2016:12:45:46 -0300] "GET /cormun/servlet/solicitudot?6ce2657453f6c05debc6c260f895ce748c5b6da5f4ceb5c677e66d4b1a772441dde077d0fef88288b07ebb7da367fcfed709c4ebee095823e9f2fb1076c7c796523fbf2f8cd333b94f891b547148b7e63d39dbc7eba32c61cf95e935d6fd934b69351f0b9b14a12d71f569dc9220a990,gx-no-cache=1456505375136 HTTP/1.1" 200 29
186.103.159.189 - - [26/Feb/2016:12:45:47 -0300] "GET /cormun/servlet/trsolicitudot? HTTP/1.1" 200 6115
186.103.159.189 - - [26/Feb/2016:12:45:47 -0300] "GET /cormun/static/Resources/Spanish/PXTools.css?17554516 HTTP/1.1" 304 -
186.103.159.189 - - [26/Feb/2016:12:45:47 -0300] "GET /cormun/static/gxcfg.js?20161623482752 HTTP/1.1" 304 -
186.103.159.189 - - [26/Feb/2016:12:45:47 -0300] "GET /cormun/static/trsolicitudot.js?20161623483284 HTTP/1.1" 304 -
186.103.159.189 - - [26/Feb/2016:12:45:50 -0300] "GET /cormun/servlet/trsolicitudot? HTTP/1.1" 200 6115
186.103.159.44 - - [26/Feb/2016:12:45:51 -0300] "POST /cormun/servlet/solicitudot?gx-no-cache=1456501577219 HTTP/1.1" 200 30
186.103.159.183 - - [26/Feb/2016:12:45:51 -0300] "POST /cormun/servlet/solicitudot?gx-no-cache=1456505380159 HTTP/1.1" 200 404
186.103.159.44 - - [26/Feb/2016:12:45:54 -0300] "POST /cormun/servlet/solicitudot?gx-no-cache=1456501580651 HTTP/1.1" 200 30
186.103.159.189 - - [26/Feb/2016:12:45:56 -0300] "GET /cormun/servlet/solicitudot?INS,0,0, HTTP/1.1" 200 12028
186.103.159.189 - - [26/Feb/2016:12:45:56 -0300] "GET /cormun/static/gxcfg.js?201617004230 HTTP/1.1" 304 -
186.103.159.189 - - [26/Feb/2016:12:45:56 -0300] "GET /cormun/static/solicitudot.js?201617004281 HTTP/1.1" 304 -
186.103.159.44 - - [26/Feb/2016:12:45:56 -0300] "POST /cormun/servlet/solicitudot?gx-no-cache=1456501582639 HTTP/1.1" 200 452
186.103.159.44 - - [26/Feb/2016:12:45:56 -0300] "GET /cormun/servlet/solicitudot?d1b8feeebe4a91a3c0325cf850d68d5c0019a135af09bfb8d8cea8ac0b123732785a5d3e1470645853cafa1d631fbd4fccbf21d83e385bcaf73cba998c731b577c065823e98846590cf26b6b91623ecebb711756ffd842ede0623415f41c87bae0a4db821d3efef2fadfad5b5af45a309ec2e4da8c5fd7fd82394d34712417379322a9cb3e9d15c273db952fe2d4bca5,gx-no-cache=1456501582678 HTTP/1.1" 200 38
186.103.159.189 - - [26/Feb/2016:12:45:59 -0300] "GET /cormun/servlet/solicitudot?INS,0,0, HTTP/1.1" 200 12033
186.103.159.183 - - [26/Feb/2016:12:46:16 -0300] "GET /cormun/servlet/solicitudot?6ce2657453f6c05debc6c260f895ce7463e1f494744dee43a0e53af77df6361ee70af91db137dcf1ac0e0af178053c725aff64e0a261b9b3ec4c529a8d4ee3713b0bd886f92af2b9e55f3a99d9fb4fa718b9ac107184217800b928c006d9e4e883f798c1fcdd055b8ed83de4a683dcb95208cd6216848d529d2eef9a4040cf317928c8ae0035f3bab6f3781a6ceeca258835d8da4977676bca784ee9bde0e172e59b7add5119ddd8d34f634bf9063be1,gx-no-cache=1456505404829 HTTP/1.1" 200 30
186.103.159.183 - - [26/Feb/2016:12:46:35 -0300] "POST /cormun/servlet/solicitudot?6dd01a7bb0140816ffd9801ce6e8f827,INS,0,0,,gx-no-cache=1456505424057 HTTP/1.1" 200 9809
186.103.159.44 - - [26/Feb/2016:12:46:43 -0300] "GET /cormun/servlet/solicitudot?d1b8feeebe4a91a3c0325cf850d68d5cf7821cb26c1cbeba02bb6cad1f35523a906dbefe45c0905cccfc254ea052332588d9bea9201576d9ae37315aedb9bafb785db172d179ac3815ba9203f416f4624a4474f533448554b6da059726de6bdc3c12d5ccff1ff67b56f30ae493709414,gx-no-cache=1456501629256 HTTP/1.1" 200 29
186.103.159.183 - - [26/Feb/2016:12:46:44 -0300] "GET /cormun/servlet/solicitudot?6ce2657453f6c05debc6c260f895ce7463e1f494744dee43a0e53af77df6361ee70af91db137dcf1ac0e0af178053c725aff64e0a261b9b3ec4c529a8d4ee3713b0bd886f92af2b9e55f3a99d9fb4fa718b9ac107184217800b928c006d9e4e883f798c1fcdd055b8ed83de4a683dcb95208cd6216848d529d2eef9a4040cf317928c8ae0035f3bab6f3781a6ceeca258835d8da4977676bca784ee9bde0e172e59b7add5119ddd8d34f634bf9063be1,gx-no-cache=1456505432972 HTTP/1.1" 200 30
186.103.159.44 - - [26/Feb/2016:12:46:44 -0300] "POST /cormun/servlet/solicitudot?gx-no-cache=1456501630346 HTTP/1.1" 200 1116
186.103.159.183 - - [26/Feb/2016:12:46:44 -0300] "POST /cormun/servlet/solicitudot?6dd01a7bb0140816ffd9801ce6e8f827,INS,0,0,,gx-no-cache=1456505433047 HTTP/1.1" 200 9843
186.103.159.44 - - [26/Feb/2016:12:47:17 -0300] "GET /cormun/servlet/solicitudot?d1b8feeebe4a91a3c0325cf850d68d5cf3d63ea8ea6e3ebfb9f264d2f555120bdb9b7e5932bf340b58f65cc58fb437f339b946f6e57f80b175db35cfa81a67617ba3837b0550b5b2610ecb98540f47e184c4b4bc4cdce4127ed02ce6822b7ab17284a5ca836e6017af8f51669b243e18052696de4171418ddd5131efd950d600aa9cfc849318f13a4b96bdb3718b7369242de77cb646429edfccabdee536e555d753c14d49dbf1b289f4d01d734514c2,gx-no-cache=1456501663269 HTTP/1.1" 200 30
186.103.159.183 - - [26/Feb/2016:12:47:23 -0300] "POST /cormun/servlet/solicitudot?6dd01a7bb0140816ffd9801ce6e8f827,INS,0,0,,gx-no-cache=1456505471560 HTTP/1.1" 200 90
186.103.159.183 - - [26/Feb/2016:12:47:23 -0300] "GET /cormun/servlet/hpexe_link HTTP/1.1" 200 956
186.103.159.183 - - [26/Feb/2016:12:47:23 -0300] "GET /cormun/servlet/trsolicitudot? HTTP/1.1" 200 6113
186.103.159.183 - - [26/Feb/2016:12:47:24 -0300] "GET /cormun/servlet/trsolicitudot? HTTP/1.1" 200 6111
186.103.159.44 - - [26/Feb/2016:12:47:28 -0300] "POST /cormun/servlet/solicitudot?9a36c4fad9ef3fe2882d9b7e774b8365,INS,0,0,,gx-no-cache=1456501674295 HTTP/1.1" 200 93
186.103.159.44 - - [26/Feb/2016:12:47:28 -0300] "GET /cormun/servlet/hpexe_return? HTTP/1.1" 200 1032
186.103.159.44 - - [26/Feb/2016:12:47:29 -0300] "GET /cormun/servlet/trsolicitudot?gx-no-cache=1456500054231 HTTP/1.1" 200 11100
186.103.159.183 - - [26/Feb/2016:12:47:33 -0300] "POST /cormun/servlet/trsolicitudot?6dd01a7bb0140816ffd9801ce6e8f827,,gx-no-cache=1456505482226 HTTP/1.1" 200 3437
186.103.159.183 - - [26/Feb/2016:12:47:34 -0300] "POST /cormun/servlet/trsolicitudot?6dd01a7bb0140816ffd9801ce6e8f827,,gx-no-cache=1456505482426 HTTP/1.1" 200 3437
186.103.159.183 - - [26/Feb/2016:12:47:34 -0300] "POST /cormun/servlet/trsolicitudot?6dd01a7bb0140816ffd9801ce6e8f827,,gx-no-cache=1456505482589 HTTP/1.1" 200 3437
186.103.159.183 - - [26/Feb/2016:12:47:38 -0300] "GET /cormun/servlet/trsolicitudot?e9ff7c4c2caa323b44269b9317b441789ecf3eb3ff412e5a14c76cb841be52e7a22e84b45b6c561a22a2767ecc40f43a896538c225fed1d44069e0cd69b8f5d17c14ecdb2b10c1897e32030411c8e97021cce414754eecd865d7b678badc0062,gx-no-cache=1456505487012 HTTP/1.1" 200 720
186.103.159.183 - - [26/Feb/2016:12:47:40 -0300] "GET /cormun/servlet/trsolicitudot?e9ff7c4c2caa323b44269b9317b441789ecf3eb3ff412e5a14c76cb841be52e7070388413e8901cdcd7a3f6f044d6e6c033f228760f27d44d2d6b246784e176da9f13d09fedc0ee3e3897090554706d18133700dc582b7608fd9d5d31590a082,gx-no-cache=1456505488475 HTTP/1.1" 200 720
186.103.159.183 - - [26/Feb/2016:12:47:40 -0300] "POST /cormun/servlet/trsolicitudot?6dd01a7bb0140816ffd9801ce6e8f827,,gx-no-cache=1456505488777 HTTP/1.1" 200 3449
186.103.159.183 - - [26/Feb/2016:12:47:43 -0300] "GET /cormun/servlet/trsolicitudot?e9ff7c4c2caa323b44269b9317b441789ecf3eb3ff412e5a14c76cb841be52e72c0729ef8de4e1cd7ffa1a54b31773cde949299ed886afe44907588efaf5e325e1a15f6a43a5003bc5194ab7419c17057cc0577289b679ce2037051c338b904e,gx-no-cache=1456505492193 HTTP/1.1" 200 725
186.103.159.183 - - [26/Feb/2016:12:47:44 -0300] "GET /cormun/servlet/trsolicitudot?e9ff7c4c2caa323b44269b9317b441789ecf3eb3ff412e5a14c76cb841be52e78e770f9a77f5b2422e8fe0fa6f4ce395956edf947c28211230d1043a3fcb31d93aa9af1af50fb282bd92c5c6aec5aa7a0f09c16d26065a0bd0a8b8479f34ea9b,gx-no-cache=1456505492725 HTTP/1.1" 200 725
186.103.159.183 - - [26/Feb/2016:12:47:45 -0300] "GET /cormun/servlet/trsolicitudot?e9ff7c4c2caa323b44269b9317b441789ecf3eb3ff412e5a14c76cb841be52e70a9037295ce1dec7998df81e6ad2c399be30fc3f0f08710ca7de3d42a4199c3a669bbf7e50ec71eddaf33c5cff63cf4a1b50e6904c9d42244fe5883f4afbab251d3ad80998ad5a1ddfdcd84adbf9bc92,gx-no-cache=1456505493825 HTTP/1.1" 200 725
186.103.159.44 - - [26/Feb/2016:12:47:45 -0300] "POST /cormun/servlet/trsolicitudot?9a36c4fad9ef3fe2882d9b7e774b8365,gx-no-cache=1456500054231,gx-no-cache=1456501691203 HTTP/1.1" 200 8747
186.103.159.44 - - [26/Feb/2016:12:47:46 -0300] "POST /cormun/servlet/trsolicitudot?9a36c4fad9ef3fe2882d9b7e774b8365,gx-no-cache=1456500054231,gx-no-cache=1456501691737 HTTP/1.1" 200 8747
186.103.159.44 - - [26/Feb/2016:12:47:47 -0300] "POST /cormun/servlet/trsolicitudot?9a36c4fad9ef3fe2882d9b7e774b8365,gx-no-cache=1456500054231,gx-no-cache=1456501692343 HTTP/1.1" 200 8747
186.103.159.183 - - [26/Feb/2016:12:47:47 -0300] "POST /cormun/servlet/trsolicitudot?6dd01a7bb0140816ffd9801ce6e8f827,,gx-no-cache=1456505495812 HTTP/1.1" 200 3454
186.103.159.183 - - [26/Feb/2016:12:47:47 -0300] "POST /cormun/servlet/trsolicitudot?6dd01a7bb0140816ffd9801ce6e8f827,,gx-no-cache=1456505495978 HTTP/1.1" 200 3455
186.103.159.44 - - [26/Feb/2016:12:47:47 -0300] "POST /cormun/servlet/trsolicitudot?9a36c4fad9ef3fe2882d9b7e774b8365,gx-no-cache=1456500054231,gx-no-cache=1456501693370 HTTP/1.1" 200 8747
186.103.159.183 - - [26/Feb/2016:12:47:47 -0300] "POST /cormun/servlet/trsolicitudot?6dd01a7bb0140816ffd9801ce6e8f827,,gx-no-cache=1456505496181 HTTP/1.1" 200 3455
186.103.159.183 - - [26/Feb/2016:12:47:48 -0300] "POST /cormun/servlet/trsolicitudot?6dd01a7bb0140816ffd9801ce6e8f827,,gx-no-cache=1456505496416 HTTP/1.1" 200 3454
186.103.159.44 - - [26/Feb/2016:12:47:48 -0300] "POST /cormun/servlet/trsolicitudot?9a36c4fad9ef3fe2882d9b7e774b8365,gx-no-cache=1456500054231,gx-no-cache=1456501694214 HTTP/1.1" 200 8747
186.103.159.183 - - [26/Feb/2016:12:47:48 -0300] "GET /cormun/servlet/solicitudot?INS,0,0, HTTP/1.1" 200 12027
186.103.159.44 - - [26/Feb/2016:12:47:49 -0300] "POST /cormun/servlet/trsolicitudot?9a36c4fad9ef3fe2882d9b7e774b8365,gx-no-cache=1456500054231,gx-no-cache=1456501694992 HTTP/1.1" 200 8747
186.103.159.183 - - [26/Feb/2016:12:47:49 -0300] "GET /cormun/servlet/solicitudot?INS,0,0, HTTP/1.1" 200 12031
186.103.159.44 - - [26/Feb/2016:12:47:50 -0300] "POST /cormun/servlet/trsolicitudot?9a36c4fad9ef3fe2882d9b7e774b8365,gx-no-cache=1456500054231,gx-no-cache=1456501695857 HTTP/1.1" 200 8747
186.103.159.183 - - [26/Feb/2016:12:47:58 -0300] "POST /cormun/servlet/solicitudot?gx-no-cache=1456505507223 HTTP/1.1" 200 2669
186.103.159.183 - - [26/Feb/2016:12:47:59 -0300] "POST /cormun/servlet/solicitudot?6dd01a7bb0140816ffd9801ce6e8f827,INS,0,0,,gx-no-cache=1456505507324 HTTP/1.1" 200 9381
186.103.159.183 - - [26/Feb/2016:12:47:59 -0300] "GET /cormun/servlet/solicitudot?6ce2657453f6c05debc6c260f895ce741011c85f008b97559d8aff6710f3fec6,gx-no-cache=1456505507537 HTTP/1.1" 200 111
186.103.159.183 - - [26/Feb/2016:12:47:59 -0300] "POST /cormun/servlet/solicitudot?gx-no-cache=1456505507603 HTTP/1.1" 200 120
186.103.159.183 - - [26/Feb/2016:12:47:59 -0300] "POST /cormun/servlet/solicitudot?gx-no-cache=1456505507695 HTTP/1.1" 200 33
186.103.159.183 - - [26/Feb/2016:12:47:59 -0300] "POST /cormun/servlet/solicitudot?gx-no-cache=1456505507740 HTTP/1.1" 200 452
186.103.159.183 - - [26/Feb/2016:12:47:59 -0300] "GET /cormun/servlet/solicitudot?6ce2657453f6c05debc6c260f895ce74ab5fd645befa019f323e5ff778da40f2fbb84eae29032e495d675b03cd71396edc757aa3ef5b19d504232af340f88a462ce207434877bc6b8d3b0e6a66bcbe0e9e08861e1c1caf13c7737cd2333b98d8ea5f1d916388fac5e3391f63430990af64a7ceded6f8c8acf2ccad5a2fab57794e4a9bb0adfa879e4168320453daf952,gx-no-cache=1456505507789 HTTP/1.1" 200 38
186.103.159.44 - - [26/Feb/2016:12:48:01 -0300] "POST /cormun/servlet/trsolicitudot?9a36c4fad9ef3fe2882d9b7e774b8365,gx-no-cache=1456500054231,gx-no-cache=1456501696838 HTTP/1.1" 200 103
186.103.159.44 - - [26/Feb/2016:12:48:01 -0300] "GET /cormun/SolicitudOT-7723.xls HTTP/1.1" 200 8704
186.103.159.44 - - [26/Feb/2016:12:48:05 -0300] "GET /cormun/servlet/solicitudot?INS,0,0, HTTP/1.1" 200 12059
186.103.159.183 - - [26/Feb/2016:12:48:17 -0300] "POST /cormun/servlet/solicitudot?gx-no-cache=1456505525661 HTTP/1.1" 200 2669
186.103.159.183 - - [26/Feb/2016:12:48:17 -0300] "POST /cormun/servlet/solicitudot?6dd01a7bb0140816ffd9801ce6e8f827,INS,0,0,,gx-no-cache=1456505525743 HTTP/1.1" 200 9426
186.103.159.183 - - [26/Feb/2016:12:48:17 -0300] "GET /cormun/servlet/solicitudot?6ce2657453f6c05debc6c260f895ce741011c85f008b97559d8aff6710f3fec6,gx-no-cache=1456505525980 HTTP/1.1" 200 111
186.103.159.44 - - [26/Feb/2016:12:48:23 -0300] "POST /cormun/servlet/solicitudot?gx-no-cache=1456501729456 HTTP/1.1" 200 2669
186.103.159.44 - - [26/Feb/2016:12:48:23 -0300] "POST /cormun/servlet/solicitudot?9a36c4fad9ef3fe2882d9b7e774b8365,INS,0,0,,gx-no-cache=1456501729598 HTTP/1.1" 200 9419
186.103.159.44 - - [26/Feb/2016:12:48:27 -0300] "GET /cormun/servlet/solicitudot?d1b8feeebe4a91a3c0325cf850d68d5cf7910431c5afa59e80dce0e99e4ed866882221a0146241d7dbd93b4dd7d9c2d7,gx-no-cache=1456501733120 HTTP/1.1" 200 30
200.30.225.234 - - [26/Feb/2016:12:49:13 -0300] "POST /cormun/servlet/solicitudot?gx-no-cache=1456501744063 HTTP/1.1" 200 30
200.30.225.234 - - [26/Feb/2016:12:49:19 -0300] "POST /cormun/servlet/solicitudot?gx-no-cache=1456501750041 HTTP/1.1" 200 122
200.30.225.234 - - [26/Feb/2016:12:49:19 -0300] "GET /cormun/static/Shared/jqueryui/images/ui-bg_highlight-soft_100_c6c2c8_1x100.png HTTP/1.1" 404 1117
200.30.225.234 - - [26/Feb/2016:12:49:19 -0300] "GET /cormun/static/Shared/jqueryui/images/ui-icons_82798d_256x240.png HTTP/1.1" 404 1089
200.30.225.234 - - [26/Feb/2016:12:49:19 -0300] "GET /cormun/static/Shared/jqueryui/images/ui-bg_flat_55_994d53_40x100.png HTTP/1.1" 404 1097
200.30.225.234 - - [26/Feb/2016:12:49:19 -0300] "GET /cormun/static/Shared/jqueryui/images/ui-icons_ebccce_256x240.png HTTP/1.1" 404 1089
186.103.159.183 - - [26/Feb/2016:12:49:36 -0300] "POST /cormun/servlet/solicitudot?gx-no-cache=1456505605170 HTTP/1.1" 200 2813
200.30.225.234 - - [26/Feb/2016:12:49:41 -0300] "POST /cormun/servlet/solicitudot?gx-no-cache=1456501771691 HTTP/1.1" 200 33
186.103.159.183 - - [26/Feb/2016:12:49:44 -0300] "GET /cormun/servlet/solicitudot?6ce2657453f6c05debc6c260f895ce7475d5ded1093eb44fee86fd26a6ea18e9cbd3b526011e3216e539fe5097f3164e,gx-no-cache=1456505612577 HTTP/1.1" 200 30
186.103.159.183 - - [26/Feb/2016:12:49:49 -0300] "POST /cormun/servlet/solicitudot?gx-no-cache=1456505617380 HTTP/1.1" 200 120
186.103.159.183 - - [26/Feb/2016:12:49:51 -0300] "POST /cormun/servlet/solicitudot?gx-no-cache=1456505619716 HTTP/1.1" 200 120
186.103.159.183 - - [26/Feb/2016:12:49:55 -0300] "POST /cormun/servlet/solicitudot?gx-no-cache=1456505623982 HTTP/1.1" 200 30
186.103.159.44 - - [26/Feb/2016:12:49:56 -0300] "POST /cormun/servlet/solicitudot?gx-no-cache=1456501822106 HTTP/1.1" 200 30
186.103.159.183 - - [26/Feb/2016:12:49:58 -0300] "POST /cormun/servlet/solicitudot?gx-no-cache=1456505626844 HTTP/1.1" 200 452
186.103.159.183 - - [26/Feb/2016:12:49:58 -0300] "GET /cormun/servlet/solicitudot?6ce2657453f6c05debc6c260f895ce74ab5fd645befa019f323e5ff778da40f2fbb84eae29032e495d675b03cd71396edc757aa3ef5b19d504232af340f88a462ce207434877bc6b8d3b0e6a66bcbe0e9e08861e1c1caf13c7737cd2333b98d8ea5f1d916388fac5e3391f63430990af64a7ceded6f8c8acf2ccad5a2fab57794e4a9bb0adfa879e4168320453daf952,gx-no-cache=1456505626915 HTTP/1.1" 200 38
186.103.159.44 - - [26/Feb/2016:12:50:04 -0300] "POST /cormun/servlet/solicitudot?gx-no-cache=1456501830114 HTTP/1.1" 200 30
200.30.225.234 - - [26/Feb/2016:12:50:12 -0300] "POST /cormun/servlet/solicitudot?gx-no-cache=1456501803643 HTTP/1.1" 200 30
186.103.159.44 - - [26/Feb/2016:12:50:13 -0300] "POST /cormun/servlet/solicitudot?gx-no-cache=1456501838965 HTTP/1.1" 200 452
186.103.159.44 - - [26/Feb/2016:12:50:13 -0300] "GET /cormun/servlet/solicitudot?d1b8feeebe4a91a3c0325cf850d68d5c0019a135af09bfb8d8cea8ac0b123732785a5d3e1470645853cafa1d631fbd4fccbf21d83e385bcaf73cba998c731b577c065823e98846590cf26b6b91623ecebb711756ffd842ede0623415f41c87bae0a4db821d3efef2fadfad5b5af45a309ec2e4da8c5fd7fd82394d34712417379322a9cb3e9d15c273db952fe2d4bca5,gx-no-cache=1456501839045 HTTP/1.1" 200 38
200.30.225.234 - - [26/Feb/2016:12:50:20 -0300] "POST /cormun/servlet/solicitudot?gx-no-cache=1456501811603 HTTP/1.1" 200 122
186.103.159.189 - - [26/Feb/2016:12:50:27 -0300] "POST /cormun/servlet/solicitudot?gx-no-cache=1456501854968 HTTP/1.1" 200 2669
186.103.159.189 - - [26/Feb/2016:12:50:27 -0300] "POST /cormun/servlet/solicitudot?35c24c885721307014012cce56918357,INS,0,0,,gx-no-cache=1456501855509 HTTP/1.1" 200 9385
186.103.159.189 - - [26/Feb/2016:12:50:28 -0300] "GET /cormun/servlet/solicitudot?9fd97c3d1517cd47c7118d0f10ba23c52e7d5a3a2b993a340bb0562980565627,gx-no-cache=1456501856450 HTTP/1.1" 200 111
186.103.159.189 - - [26/Feb/2016:12:50:28 -0300] "GET /cormun/static/Shared/jqueryui/images/ui-bg_highlight-soft_100_c6c2c8_1x100.png HTTP/1.1" 404 1117
186.103.159.189 - - [26/Feb/2016:12:50:28 -0300] "GET /cormun/static/Shared/jqueryui/images/ui-icons_82798d_256x240.png HTTP/1.1" 404 1089
186.103.159.189 - - [26/Feb/2016:12:50:28 -0300] "GET /cormun/static/Shared/jqueryui/images/ui-icons_ebccce_256x240.png HTTP/1.1" 404 1089
186.103.159.189 - - [26/Feb/2016:12:50:28 -0300] "GET /cormun/static/Shared/jqueryui/images/ui-bg_flat_55_994d53_40x100.png HTTP/1.1" 404 1097
186.103.159.189 - - [26/Feb/2016:12:50:28 -0300] "POST /cormun/servlet/solicitudot?gx-no-cache=1456501856706 HTTP/1.1" 200 120
186.103.159.183 - - [26/Feb/2016:12:50:32 -0300] "GET /cormun/servlet/solicitudot?6ce2657453f6c05debc6c260f895ce748c5b6da5f4ceb5c677e66d4b1a772441dde077d0fef88288b07ebb7da367fcfed709c4ebee095823e9f2fb1076c7c796523fbf2f8cd333b94f891b547148b7e63d39dbc7eba32c61cf95e935d6fd934b69351f0b9b14a12d71f569dc9220a990,gx-no-cache=1456505661111 HTTP/1.1" 200 29
186.103.159.183 - - [26/Feb/2016:12:50:35 -0300] "POST /cormun/servlet/solicitudot?gx-no-cache=1456505663603 HTTP/1.1" 200 404
186.103.159.189 - - [26/Feb/2016:12:50:46 -0300] "POST /cormun/servlet/solicitudot?gx-no-cache=1456501874496 HTTP/1.1" 200 30
186.103.159.44 - - [26/Feb/2016:12:50:48 -0300] "POST /cormun/servlet/solicitudot?gx-no-cache=1456501873959 HTTP/1.1" 200 30
186.103.159.44 - - [26/Feb/2016:12:50:48 -0300] "POST /cormun/servlet/solicitudot?gx-no-cache=1456501874025 HTTP/1.1" 200 452
186.103.159.44 - - [26/Feb/2016:12:50:48 -0300] "GET /cormun/servlet/solicitudot?d1b8feeebe4a91a3c0325cf850d68d5c0019a135af09bfb8d8cea8ac0b123732785a5d3e1470645853cafa1d631fbd4fccbf21d83e385bcaf73cba998c731b577c065823e98846590cf26b6b91623ecebb711756ffd842ede0623415f41c87bae0a4db821d3efef2fadfad5b5af45a309ec2e4da8c5fd7fd82394d34712417379322a9cb3e9d15c273db952fe2d4bca5,gx-no-cache=1456501874068 HTTP/1.1" 200 38
186.103.159.44 - - [26/Feb/2016:12:50:48 -0300] "GET /cormun/servlet/solicitudot?d1b8feeebe4a91a3c0325cf850d68d5cf7821cb26c1cbeba02bb6cad1f35523a906dbefe45c0905cccfc254ea052332588d9bea9201576d9ae37315aedb9bafb785db172d179ac3815ba9203f416f4624a4474f533448554b6da059726de6bdc3c12d5ccff1ff67b56f30ae493709414,gx-no-cache=1456501874105 HTTP/1.1" 200 29
186.103.159.44 - - [26/Feb/2016:12:50:51 -0300] "POST /cormun/servlet/solicitudot?gx-no-cache=1456501877057 HTTP/1.1" 200 1116
186.103.159.189 - - [26/Feb/2016:12:51:11 -0300] "POST /cormun/servlet/solicitudot?gx-no-cache=1456501898891 HTTP/1.1" 200 2762
186.103.159.189 - - [26/Feb/2016:12:51:11 -0300] "POST /cormun/servlet/solicitudot?35c24c885721307014012cce56918357,INS,0,0,,gx-no-cache=1456501899355 HTTP/1.1" 200 9540
186.103.159.183 - - [26/Feb/2016:12:51:11 -0300] "GET /cormun/servlet/solicitudot?6ce2657453f6c05debc6c260f895ce7463e1f494744dee43a0e53af77df6361ee70af91db137dcf1ac0e0af178053c725aff64e0a261b9b3ec4c529a8d4ee3713b0bd886f92af2b9e55f3a99d9fb4fa718b9ac107184217800b928c006d9e4e883f798c1fcdd055b8ed83de4a683dcb95208cd6216848d529d2eef9a4040cf317928c8ae0035f3bab6f3781a6ceeca258835d8da4977676bca784ee9bde0e172e59b7add5119ddd8d34f634bf9063be1,gx-no-cache=1456505700173 HTTP/1.1" 200 30
186.103.159.189 - - [26/Feb/2016:12:51:12 -0300] "GET /cormun/servlet/solicitudot?9fd97c3d1517cd47c7118d0f10ba23c50fb2cf93a28f48bebf8fd347b967b54354123c760e98a97b04bd540b93159f68,gx-no-cache=1456501900023 HTTP/1.1" 200 30
186.103.159.189 - - [26/Feb/2016:12:51:12 -0300] "POST /cormun/servlet/solicitudot?gx-no-cache=1456501900122 HTTP/1.1" 200 30
186.103.159.189 - - [26/Feb/2016:12:51:12 -0300] "POST /cormun/servlet/solicitudot?gx-no-cache=1456501900264 HTTP/1.1" 200 1160
186.103.159.189 - - [26/Feb/2016:12:51:12 -0300] "GET /cormun/servlet/solicitudot?9fd97c3d1517cd47c7118d0f10ba23c54e0c6a4c9ee5e03542e11eeb361f2d9c99075235244a3fb26f57ff173ce5a22a9125c9a7e74a66a1d79e2f506c60bb6af119d394f98f0b61ea550a9e50c367d70db0dcd22843bbed84d7d867d8b47ac2fb97f8b5e2bf02aeafa0425eecd8df087ba705204a695c2b61064a898e675c0014e5d7e3747d9fce4b5adca4a84244ef,gx-no-cache=1456501900424 HTTP/1.1" 200 38
186.103.159.44 - - [26/Feb/2016:12:51:17 -0300] "GET /cormun/servlet/solicitudot?d1b8feeebe4a91a3c0325cf850d68d5cf3d63ea8ea6e3ebfb9f264d2f555120bdb9b7e5932bf340b58f65cc58fb437f339b946f6e57f80b175db35cfa81a67617ba3837b0550b5b2610ecb98540f47e184c4b4bc4cdce4127ed02ce6822b7ab17284a5ca836e6017af8f51669b243e18052696de4171418ddd5131efd950d600aa9cfc849318f13a4b96bdb3718b7369242de77cb646429edfccabdee536e555d753c14d49dbf1b289f4d01d734514c2,gx-no-cache=1456501903250 HTTP/1.1" 200 30
186.103.159.44 - - [26/Feb/2016:12:51:26 -0300] "POST /cormun/servlet/solicitudot?9a36c4fad9ef3fe2882d9b7e774b8365,INS,0,0,,gx-no-cache=1456501911957 HTTP/1.1" 200 93
186.103.159.44 - - [26/Feb/2016:12:51:26 -0300] "GET /cormun/servlet/hpexe_return? HTTP/1.1" 200 1032
186.103.159.44 - - [26/Feb/2016:12:51:26 -0300] "GET /cormun/servlet/trsolicitudot?gx-no-cache=1456500054231 HTTP/1.1" 200 11293
186.103.159.189 - - [26/Feb/2016:12:51:39 -0300] "GET /cormun/servlet/solicitudot?9fd97c3d1517cd47c7118d0f10ba23c5ee80df722ca45eeab575751bf27129a1f781599b514ac778488ea3ff11af2e96e209b4a3861e706807ef052576742b5f10e57a13c8864609c31e8a16a56d2bb9,gx-no-cache=1456501927249 HTTP/1.1" 200 29
186.103.159.189 - - [26/Feb/2016:12:51:39 -0300] "POST /cormun/servlet/solicitudot?gx-no-cache=1456501927406 HTTP/1.1" 200 1117
66.249.83.105 - - [26/Feb/2016:12:52:17 -0300] "GET /cormun/servlet/hlogin HTTP/1.1" 200 1722
66.249.83.107 - - [26/Feb/2016:12:52:19 -0300] "GET /cormun/servlet/hlogin?_escaped_fragment_= HTTP/1.1" 200 1716
66.249.83.107 - - [26/Feb/2016:12:52:20 -0300] "GET /favicon.ico HTTP/1.1" 200 21630
186.103.159.44 - - [26/Feb/2016:12:52:37 -0300] "GET /cormun/servlet/solicitudot?INS,0,0, HTTP/1.1" 200 12059
200.30.225.234 - - [26/Feb/2016:12:52:55 -0300] "POST /cormun/servlet/solicitudot?517f216796a569a903d3fabafe40020d,INS,0,0,,gx-no-cache=1456501965619 HTTP/1.1" 200 93
200.30.225.234 - - [26/Feb/2016:12:52:55 -0300] "GET /cormun/servlet/hpexe_return? HTTP/1.1" 200 1006
186.103.159.44 - - [26/Feb/2016:12:52:55 -0300] "POST /cormun/servlet/solicitudot?gx-no-cache=1456502001006 HTTP/1.1" 200 2669
200.30.225.234 - - [26/Feb/2016:12:52:55 -0300] "GET /cormun/servlet/trsolicitudot HTTP/1.1" 200 8064
186.103.159.44 - - [26/Feb/2016:12:52:55 -0300] "POST /cormun/servlet/solicitudot?9a36c4fad9ef3fe2882d9b7e774b8365,INS,0,0,,gx-no-cache=1456502001248 HTTP/1.1" 200 9418
200.30.225.234 - - [26/Feb/2016:12:52:56 -0300] "GET /cormun/servlet/trsolicitudot HTTP/1.1" 200 8060
186.103.159.44 - - [26/Feb/2016:12:52:57 -0300] "GET /cormun/servlet/solicitudot?d1b8feeebe4a91a3c0325cf850d68d5c2e7318c61428f4174a2b6977fb8fac43882221a0146241d7dbd93b4dd7d9c2d7,gx-no-cache=1456502003038 HTTP/1.1" 200 30
200.30.225.234 - - [26/Feb/2016:12:53:07 -0300] "GET /cormun/servlet/solicitudot?INS,0,0, HTTP/1.1" 200 12194
200.30.225.234 - - [26/Feb/2016:12:53:07 -0300] "GET /cormun/servlet/solicitudot?INS,0,0, HTTP/1.1" 200 12198
186.103.159.183 - - [26/Feb/2016:12:53:25 -0300] "POST /cormun/servlet/solicitudot?gx-no-cache=1456505834256 HTTP/1.1" 200 30
186.103.159.183 - - [26/Feb/2016:12:53:28 -0300] "POST /cormun/servlet/solicitudot?gx-no-cache=1456505836381 HTTP/1.1" 200 30
186.103.159.183 - - [26/Feb/2016:12:53:28 -0300] "POST /cormun/servlet/solicitudot?gx-no-cache=1456505836441 HTTP/1.1" 200 453
186.103.159.183 - - [26/Feb/2016:12:53:28 -0300] "GET /cormun/servlet/solicitudot?6ce2657453f6c05debc6c260f895ce74ab5fd645befa019f323e5ff778da40f2fbb84eae29032e495d675b03cd71396edc757aa3ef5b19d504232af340f88a462ce207434877bc6b8d3b0e6a66bcbe0e9e08861e1c1caf13c7737cd2333b98d8ea5f1d916388fac5e3391f63430990af64a7ceded6f8c8acf2ccad5a2fab5779a5bdd88bd84b4c5541b017e1f2871ef49bd674f0c5bfa4769d2a8032fe151a16,gx-no-cache=1456505836511 HTTP/1.1" 200 41
200.30.225.234 - - [26/Feb/2016:12:53:57 -0300] "GET /cormun/servlet/hlogin HTTP/1.1" 200 1713
200.30.225.234 - - [26/Feb/2016:12:54:18 -0300] "POST /cormun/servlet/hlogin?3c9c192b88a52262882efdc29794179a,gx-no-cache=1456502049240 HTTP/1.1" 200 90
200.30.225.234 - - [26/Feb/2016:12:54:18 -0300] "GET /cormun/servlet/hpexe_link HTTP/1.1" 200 946
200.30.225.234 - - [26/Feb/2016:12:54:18 -0300] "GET /cormun/servlet/hhome HTTP/1.1" 200 3525
200.30.225.234 - - [26/Feb/2016:12:54:19 -0300] "GET /cormun/servlet/hhome HTTP/1.1" 200 3524
200.30.225.234 - - [26/Feb/2016:12:54:23 -0300] "GET /cormun/servlet/trsolicitudot? HTTP/1.1" 200 8060
200.30.225.234 - - [26/Feb/2016:12:54:23 -0300] "GET /cormun/servlet/trsolicitudot? HTTP/1.1" 200 8058
186.103.159.183 - - [26/Feb/2016:12:54:29 -0300] "POST /cormun/servlet/solicitudot?gx-no-cache=1456505897477 HTTP/1.1" 200 30
186.103.159.183 - - [26/Feb/2016:12:54:29 -0300] "POST /cormun/servlet/solicitudot?gx-no-cache=1456505897559 HTTP/1.1" 200 453
186.103.159.183 - - [26/Feb/2016:12:54:29 -0300] "GET /cormun/servlet/solicitudot?6ce2657453f6c05debc6c260f895ce74ab5fd645befa019f323e5ff778da40f2fbb84eae29032e495d675b03cd71396edc757aa3ef5b19d504232af340f88a462ce207434877bc6b8d3b0e6a66bcbe0e9e08861e1c1caf13c7737cd2333b98d8ea5f1d916388fac5e3391f63430990af64a7ceded6f8c8acf2ccad5a2fab5779a5bdd88bd84b4c5541b017e1f2871ef49bd674f0c5bfa4769d2a8032fe151a16,gx-no-cache=1456505897604 HTTP/1.1" 200 41
186.103.159.183 - - [26/Feb/2016:12:54:32 -0300] "POST /cormun/servlet/solicitudot?gx-no-cache=1456505900948 HTTP/1.1" 200 1116
186.103.159.44 - - [26/Feb/2016:12:54:42 -0300] "POST /cormun/servlet/solicitudot?gx-no-cache=1456502108424 HTTP/1.1" 200 30
186.103.159.44 - - [26/Feb/2016:12:54:46 -0300] "POST /cormun/servlet/solicitudot?gx-no-cache=1456502111737 HTTP/1.1" 200 30
186.103.159.44 - - [26/Feb/2016:12:54:48 -0300] "POST /cormun/servlet/solicitudot?gx-no-cache=1456502113408 HTTP/1.1" 200 452
186.103.159.44 - - [26/Feb/2016:12:54:48 -0300] "GET /cormun/servlet/solicitudot?d1b8feeebe4a91a3c0325cf850d68d5c0019a135af09bfb8d8cea8ac0b123732785a5d3e1470645853cafa1d631fbd4fccbf21d83e385bcaf73cba998c731b577c065823e98846590cf26b6b91623ecebb711756ffd842ede0623415f41c87bae0a4db821d3efef2fadfad5b5af45a309ec2e4da8c5fd7fd82394d34712417379322a9cb3e9d15c273db952fe2d4bca5,gx-no-cache=1456502113854 HTTP/1.1" 200 38
186.103.159.183 - - [26/Feb/2016:12:55:05 -0300] "GET /cormun/servlet/solicitudot?6ce2657453f6c05debc6c260f895ce7463e1f494744dee43a0e53af77df6361ee70af91db137dcf1ac0e0af178053c725aff64e0a261b9b3ec4c529a8d4ee3713b0bd886f92af2b9e55f3a99d9fb4fa718b9ac107184217800b928c006d9e4e883f798c1fcdd055b8ed83de4a683dcb95208cd6216848d529d2eef9a4040cf317928c8ae0035f3bab6f3781a6ceeca258835d8da4977676bca784ee9bde0e172e59b7add5119ddd8d34f634bf9063be1,gx-no-cache=1456505934135 HTTP/1.1" 200 30
186.103.159.44 - - [26/Feb/2016:12:55:15 -0300] "GET /cormun/servlet/solicitudot?d1b8feeebe4a91a3c0325cf850d68d5cf7821cb26c1cbeba02bb6cad1f35523a906dbefe45c0905cccfc254ea052332588d9bea9201576d9ae37315aedb9bafb785db172d179ac3815ba9203f416f4624a4474f533448554b6da059726de6bdc3c12d5ccff1ff67b56f30ae493709414,gx-no-cache=1456502141199 HTTP/1.1" 200 29
186.103.159.44 - - [26/Feb/2016:12:55:19 -0300] "POST /cormun/servlet/solicitudot?gx-no-cache=1456502145185 HTTP/1.1" 200 1116
186.103.159.44 - - [26/Feb/2016:12:55:46 -0300] "GET /cormun/servlet/solicitudot?d1b8feeebe4a91a3c0325cf850d68d5c30bcfd4707ee476326cca6124022b5d0db9b7e5932bf340b58f65cc58fb437f339b946f6e57f80b175db35cfa81a67617ba3837b0550b5b2610ecb98540f47e184c4b4bc4cdce4127ed02ce6822b7ab17284a5ca836e6017af8f51669b243e18052696de4171418ddd5131efd950d600aa9cfc849318f13a4b96bdb3718b7369242de77cb646429edfccabdee536e555d753c14d49dbf1b289f4d01d734514c2,gx-no-cache=1456502172508 HTTP/1.1" 200 30
186.103.159.44 - - [26/Feb/2016:12:55:56 -0300] "POST /cormun/servlet/solicitudot?9a36c4fad9ef3fe2882d9b7e774b8365,INS,0,0,,gx-no-cache=1456502182171 HTTP/1.1" 200 93
186.103.159.44 - - [26/Feb/2016:12:55:56 -0300] "GET /cormun/servlet/hpexe_return? HTTP/1.1" 200 1032
186.103.159.44 - - [26/Feb/2016:12:55:57 -0300] "GET /cormun/servlet/trsolicitudot?gx-no-cache=1456500054231 HTTP/1.1" 200 11489
186.103.158.250 - - [26/Feb/2016:12:56:23 -0300] "GET /cormun/servlet/hlogin HTTP/1.1" 200 1718
186.103.158.250 - - [26/Feb/2016:12:56:23 -0300] "GET /cormun/static/gxtimezone.js?85251 HTTP/1.1" 200 5781
186.103.158.250 - - [26/Feb/2016:12:56:23 -0300] "GET /cormun/static/gxcfg.js?20151120045111 HTTP/1.1" 200 953
186.103.158.250 - - [26/Feb/2016:12:56:23 -0300] "GET /cormun/static/hlogin.js?20151120045126 HTTP/1.1" 200 2136
186.103.158.250 - - [26/Feb/2016:12:56:23 -0300] "GET /cormun/static/Resources/ComunLogin.png HTTP/1.1" 200 17326
186.103.158.250 - - [26/Feb/2016:12:56:23 -0300] "GET /cormun/static/messages.spa.js?85251 HTTP/1.1" 200 30736
186.103.158.250 - - [26/Feb/2016:12:56:23 -0300] "GET /cormun/static/Resources/Spanish/PXTools.css?005343 HTTP/1.1" 200 89042
186.103.158.250 - - [26/Feb/2016:12:56:24 -0300] "GET /cormun/static/gxgral.js?85251 HTTP/1.1" 200 384558
186.103.158.250 - - [26/Feb/2016:12:56:24 -0300] "GET /cormun/servlet/hlogin HTTP/1.1" 200 1729
186.103.158.250 - - [26/Feb/2016:12:56:24 -0300] "GET /cormun/static/Resources/indicator.gif HTTP/1.1" 200 1553
186.103.158.250 - - [26/Feb/2016:12:56:24 -0300] "GET /cormun/static/Resources/PXToolsLoginBackground.png HTTP/1.1" 200 1164
186.103.158.250 - - [26/Feb/2016:12:56:24 -0300] "GET /cormun/static/Resources/PXToolsLoginTop.png HTTP/1.1" 200 1337
186.103.158.250 - - [26/Feb/2016:12:56:24 -0300] "GET /cormun/static/Resources/PXToolsButtonLeft21.png HTTP/1.1" 200 1287
186.103.158.250 - - [26/Feb/2016:12:56:24 -0300] "GET /cormun/static/Resources/PXToolsButtonRight21.png HTTP/1.1" 200 1283
186.103.158.250 - - [26/Feb/2016:12:56:24 -0300] "GET /cormun/static/Resources/PXToolsButtonBackground2.png HTTP/1.1" 200 1181
186.103.158.250 - - [26/Feb/2016:12:56:24 -0300] "GET /cormun/static/Resources/PXToolsLoginBottom.png HTTP/1.1" 200 1389
186.103.158.250 - - [26/Feb/2016:12:56:25 -0300] "GET /favicon.ico HTTP/1.1" 200 21630
186.103.158.250 - - [26/Feb/2016:12:56:43 -0300] "POST /cormun/servlet/hlogin?fa684e60245401dbed50912efe1cfaba,gx-no-cache=1456502162998 HTTP/1.1" 200 90
186.103.158.250 - - [26/Feb/2016:12:56:43 -0300] "GET /cormun/servlet/hpexe_link HTTP/1.1" 200 953
186.103.158.250 - - [26/Feb/2016:12:56:43 -0300] "GET /cormun/static/gxcfg.js?20151120044395 HTTP/1.1" 200 953
186.103.158.250 - - [26/Feb/2016:12:56:43 -0300] "GET /cormun/static/hpexe_link.js?20151120044398 HTTP/1.1" 200 625
186.103.158.250 - - [26/Feb/2016:12:56:43 -0300] "GET /cormun/servlet/hhome HTTP/1.1" 200 3418
186.103.158.250 - - [26/Feb/2016:12:56:43 -0300] "GET /cormun/static/SmoothNavMenu/resources/ddsmoothmenu-v.css?1112540 HTTP/1.1" 200 1188
186.103.158.250 - - [26/Feb/2016:12:56:43 -0300] "GET /cormun/static/Shared/jqueryui/jquery-ui.min.css?1345370 HTTP/1.1" 200 30288
186.103.158.250 - - [26/Feb/2016:12:56:43 -0300] "GET /cormun/static/gxcfg.js?2015112210564248 HTTP/1.1" 200 953
186.103.158.250 - - [26/Feb/2016:12:56:43 -0300] "GET /cormun/static/scaMessage/css/jquery.pnotify.default.css?1816380 HTTP/1.1" 200 1707
186.103.158.250 - - [26/Feb/2016:12:56:43 -0300] "GET /cormun/static/SmoothNavMenu/resources/ddsmoothmenu.css?1112540 HTTP/1.1" 200 2223
186.103.158.250 - - [26/Feb/2016:12:56:43 -0300] "GET /cormun/static/PXToolsJavascripts/pexe_cookies.js HTTP/1.1" 200 792
186.103.158.250 - - [26/Feb/2016:12:56:43 -0300] "GET /cormun/static/PXToolsJavascripts/pexe_autoreload.js HTTP/1.1" 200 1762
186.103.158.250 - - [26/Feb/2016:12:56:43 -0300] "GET /cormun/static/PXToolsJavascripts/pexe_windows.js HTTP/1.1" 200 15207
186.103.158.250 - - [26/Feb/2016:12:56:43 -0300] "GET /cormun/static/PXToolsJavascripts/pexe_grid.js HTTP/1.1" 200 7559
186.103.158.250 - - [26/Feb/2016:12:56:43 -0300] "GET /cormun/static/PXToolsJavascripts/pexe_griddivfix.js HTTP/1.1" 200 6644
186.103.158.250 - - [26/Feb/2016:12:56:44 -0300] "GET /cormun/static/PXToolsJavascripts/pexe_menudivfix.js HTTP/1.1" 200 333
186.103.158.250 - - [26/Feb/2016:12:56:44 -0300] "GET /cormun/static/PXToolsJavascripts/pexe_link.js HTTP/1.1" 200 5671
186.103.158.250 - - [26/Feb/2016:12:56:44 -0300] "GET /cormun/static/PXToolsJavascripts/pexe_menus.js HTTP/1.1" 200 1286
186.103.158.250 - - [26/Feb/2016:12:56:44 -0300] "GET /cormun/static/PXToolsJavascripts/pexe_layers.js HTTP/1.1" 200 4114
186.103.158.250 - - [26/Feb/2016:12:56:44 -0300] "GET /cormun/static/Resources/Spanish/PXTools.css?10515224 HTTP/1.1" 200 89042
186.103.158.250 - - [26/Feb/2016:12:56:44 -0300] "GET /cormun/static/PXToolsJavascripts/pexe_oav.js HTTP/1.1" 200 645
186.103.158.250 - - [26/Feb/2016:12:56:44 -0300] "GET /cormun/static/PXToolsJavascripts/pexe_picture.js HTTP/1.1" 200 689
186.103.158.250 - - [26/Feb/2016:12:56:44 -0300] "GET /cormun/static/PXToolsJavascripts/pexe_oavdivfix.js HTTP/1.1" 200 639
186.103.158.250 - - [26/Feb/2016:12:56:44 -0300] "GET /cormun/static/PXToolsJavascripts/pexe_popup.js HTTP/1.1" 200 13458
186.103.158.250 - - [26/Feb/2016:12:56:44 -0300] "GET /cormun/static/PXToolsJavascripts/pexe_tabdivfix.js HTTP/1.1" 200 876
186.103.158.250 - - [26/Feb/2016:12:56:44 -0300] "GET /cormun/static/PXToolsJavascripts/pexe_scrolldiv.js HTTP/1.1" 200 4138
186.103.158.250 - - [26/Feb/2016:12:56:44 -0300] "GET /cormun/static/PXToolsJavascripts/pexe_tabs.js HTTP/1.1" 200 3748
186.103.158.250 - - [26/Feb/2016:12:56:44 -0300] "GET /cormun/static/PXToolsJavascripts/pexe_upload.js HTTP/1.1" 200 1423
186.103.158.250 - - [26/Feb/2016:12:56:44 -0300] "GET /cormun/static/PXToolsJavascripts/PXToolsJavascriptsRender.js HTTP/1.1" 200 367
186.103.158.250 - - [26/Feb/2016:12:56:44 -0300] "GET /cormun/static/Resources/logo4.png HTTP/1.1" 200 6582
186.103.158.250 - - [26/Feb/2016:12:56:44 -0300] "GET /cormun/static/Resources/PXToolsHeaderActionsLeft.png HTTP/1.1" 200 1118
186.103.158.250 - - [26/Feb/2016:12:56:44 -0300] "GET /cormun/static/Resources/PXToolsHeaderHome.png HTTP/1.1" 200 4147
186.103.158.250 - - [26/Feb/2016:12:56:44 -0300] "GET /cormun/static/Resources/PXToolsHeaderLogin.png HTTP/1.1" 200 4279
186.103.158.250 - - [26/Feb/2016:12:56:44 -0300] "GET /cormun/static/Resources/PXToolsHeaderPreferences.png HTTP/1.1" 200 4189
186.103.158.250 - - [26/Feb/2016:12:56:44 -0300] "GET /cormun/static/Resources/PXToolsHeaderSecurity.png HTTP/1.1" 200 4166
186.103.158.250 - - [26/Feb/2016:12:56:44 -0300] "GET /cormun/static/Resources/PXToolsHeaderActionsRight.png HTTP/1.1" 200 1201
186.103.158.250 - - [26/Feb/2016:12:56:44 -0300] "GET /cormun/static/RunJS/RunJS.js HTTP/1.1" 200 288
186.103.158.250 - - [26/Feb/2016:12:56:44 -0300] "GET /cormun/static/Shared/ext/locale/ext-lang-en.js HTTP/1.1" 200 10940
186.103.158.250 - - [26/Feb/2016:12:56:44 -0300] "GET /cormun/static/hwchdr01.js?20162241650484 HTTP/1.1" 200 1002
186.103.158.250 - - [26/Feb/2016:12:56:44 -0300] "GET /cormun/static/hpexe_recentlink.js?2015111312121342 HTTP/1.1" 200 2144
186.103.158.250 - - [26/Feb/2016:12:56:44 -0300] "GET /cormun/static/hhome.js?2015112210564255 HTTP/1.1" 200 777
186.103.158.250 - - [26/Feb/2016:12:56:44 -0300] "GET /cormun/static/hpexe_scripts.js?20151120014546 HTTP/1.1" 200 1544
186.103.158.250 - - [26/Feb/2016:12:56:44 -0300] "GET /cormun/static/gxui/gxui-all.js HTTP/1.1" 200 107772
186.103.158.250 - - [26/Feb/2016:12:56:44 -0300] "GET /cormun/static/hpexe_messagegenexuscomponent.js?20151120014314 HTTP/1.1" 200 587
186.103.158.250 - - [26/Feb/2016:12:56:44 -0300] "GET /cormun/static/hpexe_messagecontroller.js?2015112210524422 HTTP/1.1" 200 870
186.103.158.250 - - [26/Feb/2016:12:56:44 -0300] "GET /cormun/static/hpexe_messagepopupcomponent.js?201622412404545 HTTP/1.1" 200 605
186.103.158.250 - - [26/Feb/2016:12:56:44 -0300] "GET /cormun/static/cmcontrolpreferences.js?20151120014525 HTTP/1.1" 200 1375
186.103.158.250 - - [26/Feb/2016:12:56:44 -0300] "GET /cormun/static/Shared/jquery/jquery-1.4.2.min.js HTTP/1.1" 200 72174
186.103.158.250 - - [26/Feb/2016:12:56:44 -0300] "GET /cormun/static/SmoothNavMenu/resources/SmoothNavMenuRender.js HTTP/1.1" 200 5951
186.103.158.250 - - [26/Feb/2016:12:56:44 -0300] "GET /cormun/static/SmoothNavMenu/resources/ddsmoothmenu.js HTTP/1.1" 200 12712
186.103.158.250 - - [26/Feb/2016:12:56:44 -0300] "GET /cormun/static/scaMessage/js/jquery.pnotify.min.js HTTP/1.1" 200 13038
186.103.158.250 - - [26/Feb/2016:12:56:44 -0300] "GET /cormun/static/scaMessage/scaMessageRender.js HTTP/1.1" 200 11977
186.103.158.250 - - [26/Feb/2016:12:56:45 -0300] "GET /cormun/static/hmpwkw03.js?201622421393366 HTTP/1.1" 200 3845
186.103.158.250 - - [26/Feb/2016:12:56:45 -0300] "GET /cormun/static/Resources/PXToolsDataTitle.png HTTP/1.1" 200 1173
186.103.158.250 - - [26/Feb/2016:12:56:45 -0300] "GET /cormun/static/Resources/PXToolsHeaderActionsBackground.png HTTP/1.1" 200 484
186.103.158.250 - - [26/Feb/2016:12:56:45 -0300] "GET /cormun/static/Resources/PXToolsHeaderBackground2.png HTTP/1.1" 200 1174
186.103.158.250 - - [26/Feb/2016:12:56:45 -0300] "GET /cormun/static/Resources/PXToolsFooterBackground2.png HTTP/1.1" 200 1172
186.103.158.250 - - [26/Feb/2016:12:56:45 -0300] "GET /cormun/static/Shared/jquery/jquery-1.10.2.min.js HTTP/1.1" 200 273199
186.103.158.250 - - [26/Feb/2016:12:56:46 -0300] "GET /cormun/static/Shared/jqueryui/jquery-ui.min.js HTTP/1.1" 200 240427
186.103.159.44 - - [26/Feb/2016:12:56:46 -0300] "POST /cormun/servlet/trsolicitudot?9a36c4fad9ef3fe2882d9b7e774b8365,gx-no-cache=1456500054231,gx-no-cache=1456502231908 HTTP/1.1" 200 9206
186.103.158.250 - - [26/Feb/2016:12:56:46 -0300] "GET /cormun/static/Shared/ext/ext-all.js HTTP/1.1" 200 1289687
186.103.159.44 - - [26/Feb/2016:12:56:46 -0300] "POST /cormun/servlet/trsolicitudot?9a36c4fad9ef3fe2882d9b7e774b8365,gx-no-cache=1456500054231,gx-no-cache=1456502232508 HTTP/1.1" 200 9206
186.103.159.44 - - [26/Feb/2016:12:56:47 -0300] "POST /cormun/servlet/trsolicitudot?9a36c4fad9ef3fe2882d9b7e774b8365,gx-no-cache=1456500054231,gx-no-cache=1456502233147 HTTP/1.1" 200 9206
186.103.159.44 - - [26/Feb/2016:12:56:48 -0300] "POST /cormun/servlet/trsolicitudot?9a36c4fad9ef3fe2882d9b7e774b8365,gx-no-cache=1456500054231,gx-no-cache=1456502233920 HTTP/1.1" 200 9206
186.103.158.250 - - [26/Feb/2016:12:56:48 -0300] "GET /cormun/static/SmoothNavMenu/resources/images/down.gif HTTP/1.1" 200 854
186.103.159.44 - - [26/Feb/2016:12:56:49 -0300] "POST /cormun/servlet/trsolicitudot?9a36c4fad9ef3fe2882d9b7e774b8365,gx-no-cache=1456500054231,gx-no-cache=1456502234720 HTTP/1.1" 200 9206
