200.30.225.234 - - [26/Feb/2016:13:33:18 -0300] "GET /cormun/servlet/solicitudot?ccd40cde71c7b1ad36fa75ca726c04d894a0b2d87276f21e4e7367827a5f55de21823dac20fad28f57ce2d94cbe4daf4d840befc94b9866213e8b8cef72799439e2d81612a138b58b90cde823b76cad43f35d02d2c674b5a5961412ff67b1ed17ca4035f854628c93d3eed13c34aafed960185f080a02c955bbbde2ad401bd3f2423218f91c1c78d8d94eaf422968c7f,gx-no-cache=1456504388954 HTTP/1.1" 200 38
200.30.225.234 - - [26/Feb/2016:13:33:18 -0300] "POST /cormun/servlet/solicitudot?gx-no-cache=1456504389005 HTTP/1.1" 200 1116
200.30.225.234 - - [26/Feb/2016:13:33:19 -0300] "GET /cormun/static/menuarrow.gif HTTP/1.1" 404 1015
186.103.156.24 - - [26/Feb/2016:13:33:20 -0300] "GET /cormun/servlet/trsolicitudot?adfa36fd353ed4c006ce2af81957c3c542723bb4f140d0e2af6f72eff6e7057719f882f0010477d048595093f99f24f03e775333c9c0bdd7c62cef51b91706c82ccad747ab3f4872a7252fe9ecb095b5,gx-no-cache=1456504444823 HTTP/1.1" 200 720
186.78.37.98 - - [26/Feb/2016:13:33:22 -0300] "POST /cormun/servlet/hlogin?7fe89dd70e0231385c05506050bef71e,gx-no-cache=1456504383583 HTTP/1.1" 200 436
200.30.225.234 - - [26/Feb/2016:13:33:26 -0300] "POST /cormun/servlet/solicitudot?gx-no-cache=1456504397010 HTTP/1.1" 200 122
200.30.225.234 - - [26/Feb/2016:13:33:26 -0300] "POST /cormun/servlet/solicitudot?gx-no-cache=1456504397094 HTTP/1.1" 200 1154
200.30.225.234 - - [26/Feb/2016:13:33:26 -0300] "GET /cormun/servlet/solicitudot?ccd40cde71c7b1ad36fa75ca726c04d894a0b2d87276f21e4e7367827a5f55de21823dac20fad28f57ce2d94cbe4daf4d840befc94b9866213e8b8cef72799439e2d81612a138b58b90cde823b76cad43f35d02d2c674b5a5961412ff67b1ed17ca4035f854628c93d3eed13c34aafed960185f080a02c955bbbde2ad401bd3f2423218f91c1c78d8d94eaf422968c7f,gx-no-cache=1456504397215 HTTP/1.1" 200 38
200.30.225.234 - - [26/Feb/2016:13:33:26 -0300] "POST /cormun/servlet/solicitudot?gx-no-cache=1456504397284 HTTP/1.1" 200 1116
192.168.10.12 - - [26/Feb/2016:13:33:28 -0300] "POST /cormun/servlet/hlogin?f423346c5097523fdf630d01a0882835,gx-no-cache=1456504163506 HTTP/1.1" 200 439
186.103.156.24 - - [26/Feb/2016:13:33:34 -0300] "GET /cormun/servlet/trsolicitudot?adfa36fd353ed4c006ce2af81957c3c5713bd1897757e37da1bce549fc54248bbff18bf76c2636b8ce4b68cc87e87edf434d50d4cbd78143c7338dd6fc2f32c80f5f364fd2de702086402886771f5d61e8998b64b22566dcde39dcdbd069a604,gx-no-cache=1456504460878 HTTP/1.1" 200 720
186.103.156.24 - - [26/Feb/2016:13:33:46 -0300] "GET /cormun/Manuales/manual.pdf HTTP/1.1" 200 850295
200.30.225.234 - - [26/Feb/2016:13:33:51 -0300] "GET /cormun/servlet/solicitudot?ccd40cde71c7b1ad36fa75ca726c04d809e82fed9547ccedc4aaa3912abe1f6ebe0816a6281e6a6ec1796070c93d6097af654379f65da4a54a2c6683c9aae825559752b2eeaf8913ded93d170b706fe2f122b6fd75044b39fb7e6153c6328c03aa9d6adeee54f90d8ae84e7c3c22d14e2d882d09b2bbd893f3b8a740ccb4e24ddabb4bd51fabdaca18f743e4a859eb5d8c59564700a2b75eacf61fac8e214b6c733b135a50b3de6dc5a55ccc701305c4,gx-no-cache=1456504422063 HTTP/1.1" 200 30
186.67.172.234 - - [26/Feb/2016:13:34:11 -0300] "POST /cormun/servlet/solicitudot?gx-no-cache=1456504501682 HTTP/1.1" 200 2669
186.67.172.234 - - [26/Feb/2016:13:34:11 -0300] "POST /cormun/servlet/solicitudot?974ef71ca7a5bc441549e624289e476d,INS,0,0,,gx-no-cache=1456504502204 HTTP/1.1" 200 9379
186.67.172.234 - - [26/Feb/2016:13:34:11 -0300] "GET /cormun/servlet/solicitudot?431d08edd07ea7d616b33faa7e480c76649542b29b4d83c19d1fa51ee3cad5ae,gx-no-cache=1456504502395 HTTP/1.1" 200 111
186.67.172.234 - - [26/Feb/2016:13:34:11 -0300] "GET /cormun/static/Shared/jqueryui/images/ui-bg_highlight-soft_100_c6c2c8_1x100.png HTTP/1.1" 404 1117
186.67.172.234 - - [26/Feb/2016:13:34:11 -0300] "GET /cormun/static/Shared/jqueryui/images/ui-icons_82798d_256x240.png HTTP/1.1" 404 1089
186.67.172.234 - - [26/Feb/2016:13:34:11 -0300] "GET /cormun/static/Shared/jqueryui/images/ui-icons_ebccce_256x240.png HTTP/1.1" 404 1089
186.67.172.234 - - [26/Feb/2016:13:34:11 -0300] "GET /cormun/static/Shared/jqueryui/images/ui-bg_flat_55_994d53_40x100.png HTTP/1.1" 404 1097
200.30.225.234 - - [26/Feb/2016:13:34:13 -0300] "POST /cormun/servlet/solicitudot?gx-no-cache=1456504443813 HTTP/1.1" 200 33
186.67.172.234 - - [26/Feb/2016:13:34:24 -0300] "POST /cormun/servlet/solicitudot?gx-no-cache=1456504515035 HTTP/1.1" 200 120
186.67.172.234 - - [26/Feb/2016:13:34:33 -0300] "POST /cormun/servlet/solicitudot?gx-no-cache=1456504524718 HTTP/1.1" 200 30
186.78.37.98 - - [26/Feb/2016:13:34:35 -0300] "GET /cormun/servlet/trsolicitudot? HTTP/1.1" 200 6086
186.103.156.24 - - [26/Feb/2016:13:34:35 -0300] "GET /cormun/servlet/trsolicitudot? HTTP/1.1" 200 6098
186.78.37.98 - - [26/Feb/2016:13:34:36 -0300] "GET /cormun/servlet/trsolicitudot? HTTP/1.1" 200 6085
186.103.156.24 - - [26/Feb/2016:13:34:37 -0300] "GET /cormun/servlet/trsolicitudot? HTTP/1.1" 200 6098
186.103.159.44 - - [26/Feb/2016:13:34:37 -0300] "POST /cormun/servlet/trsolicitudot?bac2467c6d92ea7ea4eca557fe430509,,gx-no-cache=1456504497572 HTTP/1.1" 200 8986
186.103.159.44 - - [26/Feb/2016:13:34:38 -0300] "POST /cormun/servlet/trsolicitudot?bac2467c6d92ea7ea4eca557fe430509,,gx-no-cache=1456504498568 HTTP/1.1" 200 8985
186.103.159.44 - - [26/Feb/2016:13:34:40 -0300] "POST /cormun/servlet/trsolicitudot?bac2467c6d92ea7ea4eca557fe430509,,gx-no-cache=1456504500386 HTTP/1.1" 200 8985
186.103.156.24 - - [26/Feb/2016:13:34:41 -0300] "GET /cormun/servlet/solicitudot?INS,0,0, HTTP/1.1" 200 12029
186.103.156.24 - - [26/Feb/2016:13:34:41 -0300] "GET /cormun/static/gxcfg.js?201617004230 HTTP/1.1" 200 953
186.103.156.24 - - [26/Feb/2016:13:34:41 -0300] "GET /cormun/static/Resources/prompt.gif HTTP/1.1" 200 902
186.103.156.24 - - [26/Feb/2016:13:34:41 -0300] "GET /cormun/static/solicitudot.js?201617004281 HTTP/1.1" 200 44291
186.103.159.44 - - [26/Feb/2016:13:34:41 -0300] "POST /cormun/servlet/trsolicitudot?bac2467c6d92ea7ea4eca557fe430509,,gx-no-cache=1456504501802 HTTP/1.1" 200 8986
186.78.37.98 - - [26/Feb/2016:13:34:42 -0300] "GET /cormun/servlet/solicitudot?INS,0,0, HTTP/1.1" 200 12000
186.103.156.24 - - [26/Feb/2016:13:34:42 -0300] "GET /cormun/servlet/solicitudot?INS,0,0, HTTP/1.1" 200 12034
186.78.37.98 - - [26/Feb/2016:13:34:42 -0300] "GET /cormun/static/gxcfg.js?201617004230 HTTP/1.1" 200 953
186.78.37.98 - - [26/Feb/2016:13:34:42 -0300] "GET /cormun/static/Resources/prompt.gif HTTP/1.1" 200 902
186.78.37.98 - - [26/Feb/2016:13:34:43 -0300] "GET /cormun/static/solicitudot.js?201617004281 HTTP/1.1" 200 44291
186.78.37.98 - - [26/Feb/2016:13:34:43 -0300] "GET /cormun/servlet/solicitudot?INS,0,0, HTTP/1.1" 200 12005
186.103.159.44 - - [26/Feb/2016:13:34:43 -0300] "POST /cormun/servlet/trsolicitudot?bac2467c6d92ea7ea4eca557fe430509,,gx-no-cache=1456504503513 HTTP/1.1" 200 8985
186.103.159.44 - - [26/Feb/2016:13:34:45 -0300] "POST /cormun/servlet/trsolicitudot?bac2467c6d92ea7ea4eca557fe430509,,gx-no-cache=1456504505407 HTTP/1.1" 200 8985
186.103.159.44 - - [26/Feb/2016:13:34:47 -0300] "POST /cormun/servlet/trsolicitudot?bac2467c6d92ea7ea4eca557fe430509,,gx-no-cache=1456504507603 HTTP/1.1" 200 8986
186.67.172.234 - - [26/Feb/2016:13:34:49 -0300] "POST /cormun/servlet/solicitudot?gx-no-cache=1456504539946 HTTP/1.1" 200 30
200.30.225.234 - - [26/Feb/2016:13:34:52 -0300] "POST /cormun/servlet/solicitudot?gx-no-cache=1456504483676 HTTP/1.1" 200 30
200.30.225.234 - - [26/Feb/2016:13:34:53 -0300] "POST /cormun/servlet/solicitudot?gx-no-cache=1456504483843 HTTP/1.1" 200 1154
200.30.225.234 - - [26/Feb/2016:13:34:53 -0300] "GET /cormun/servlet/solicitudot?ccd40cde71c7b1ad36fa75ca726c04d894a0b2d87276f21e4e7367827a5f55de21823dac20fad28f57ce2d94cbe4daf4d840befc94b9866213e8b8cef72799439e2d81612a138b58b90cde823b76cad43f35d02d2c674b5a5961412ff67b1ed17ca4035f854628c93d3eed13c34aafed960185f080a02c955bbbde2ad401bd3f045ae74009d9a9564241d8df4db5041d0c69bce508b626c0bf5cbf2673c00861,gx-no-cache=1456504484105 HTTP/1.1" 200 41
200.30.225.234 - - [26/Feb/2016:13:34:53 -0300] "POST /cormun/servlet/solicitudot?gx-no-cache=1456504484178 HTTP/1.1" 200 1116
200.30.225.234 - - [26/Feb/2016:13:34:53 -0300] "GET /cormun/servlet/solicitudot?ccd40cde71c7b1ad36fa75ca726c04d809e82fed9547ccedc4aaa3912abe1f6ebe0816a6281e6a6ec1796070c93d6097af654379f65da4a54a2c6683c9aae825559752b2eeaf8913ded93d170b706fe2f122b6fd75044b39fb7e6153c6328c03aa9d6adeee54f90d8ae84e7c3c22d14e2d882d09b2bbd893f3b8a740ccb4e24ddabb4bd51fabdaca18f743e4a859eb5d8c59564700a2b75eacf61fac8e214b6c733b135a50b3de6dc5a55ccc701305c4,gx-no-cache=1456504484310 HTTP/1.1" 200 30
186.103.156.24 - - [26/Feb/2016:13:34:53 -0300] "POST /cormun/servlet/solicitudot?gx-no-cache=1456504543329 HTTP/1.1" 200 2774
200.30.225.234 - - [26/Feb/2016:13:34:53 -0300] "POST /cormun/servlet/solicitudot?3c9c192b88a52262882efdc29794179a,INS,0,0,,gx-no-cache=1456504484409 HTTP/1.1" 200 93
200.30.225.234 - - [26/Feb/2016:13:34:53 -0300] "GET /cormun/servlet/hpexe_return? HTTP/1.1" 200 1003
186.103.156.24 - - [26/Feb/2016:13:34:54 -0300] "POST /cormun/servlet/solicitudot?ff279fb7925b38f0833832256426fa6a,INS,0,0,,gx-no-cache=1456504543549 HTTP/1.1" 200 9550
200.30.225.234 - - [26/Feb/2016:13:34:54 -0300] "GET /cormun/servlet/trsolicitudot HTTP/1.1" 200 8357
200.30.225.234 - - [26/Feb/2016:13:34:54 -0300] "GET /cormun/servlet/trsolicitudot HTTP/1.1" 200 8353
186.67.172.234 - - [26/Feb/2016:13:35:04 -0300] "POST /cormun/servlet/solicitudot?gx-no-cache=1456504555228 HTTP/1.1" 200 452
186.67.172.234 - - [26/Feb/2016:13:35:04 -0300] "GET /cormun/servlet/solicitudot?431d08edd07ea7d616b33faa7e480c76095b955f8b5c73575b623b3c457ded2d0cc05d738061032232f209c160a75b25b187e5e3f395d83cdcc28211b96d1cc7f80b4d2a96d077a44e44622106be3bf66d0ac1eaa2a7a68b385437ee5c9914b8ce4a7159846f27be10266a62b6262f15370909646bf9e9932304f0d880e1923240f961257f636c7040e6c6c449d12bb6,gx-no-cache=1456504555272 HTTP/1.1" 200 38
186.103.159.44 - - [26/Feb/2016:13:35:04 -0300] "POST /cormun/servlet/trsolicitudot?bac2467c6d92ea7ea4eca557fe430509,,gx-no-cache=1456504510084 HTTP/1.1" 200 106
186.103.159.44 - - [26/Feb/2016:13:35:05 -0300] "GET /cormun/servlet/trsolicitudadjuntos?2016,184, HTTP/1.1" 200 5345
186.103.156.24 - - [26/Feb/2016:13:35:05 -0300] "GET /cormun/servlet/solicitudot?ce7a9b60bef21b405fdc6c7e7f4f9fac13d9477f1de67603dea8704aafa007785a5d225f7307a0b145990d042e5b0b8b,gx-no-cache=1456504556777 HTTP/1.1" 200 30
186.103.156.24 - - [26/Feb/2016:13:35:05 -0300] "POST /cormun/servlet/solicitudot?gx-no-cache=1456504556835 HTTP/1.1" 200 30
200.30.225.234 - - [26/Feb/2016:13:35:08 -0300] "GET /cormun/servlet/solicitudot?INS,0,0, HTTP/1.1" 200 12191
200.30.225.234 - - [26/Feb/2016:13:35:09 -0300] "GET /cormun/servlet/solicitudot?INS,0,0, HTTP/1.1" 200 12196
186.103.159.44 - - [26/Feb/2016:13:35:14 -0300] "GET /cormun/servlet/solicitudotadjuntos?INS,2016,184,,1, HTTP/1.1" 200 5406
186.103.159.44 - - [26/Feb/2016:13:35:15 -0300] "HEAD /cormun/static/about:blank HTTP/1.1" 404 -
186.103.159.44 - - [26/Feb/2016:13:35:16 -0300] "GET /cormun/servlet/solicitudotadjuntos?33c370aca740ac7485ebc39f9bdaf6b5a326b3401d287eaf17ad4b8c8d0bf77e954b5dba13bb2604d38e35e82cf88391,gx-no-cache=1456504536503 HTTP/1.1" 200 30
186.103.159.44 - - [26/Feb/2016:13:35:16 -0300] "POST /cormun/servlet/solicitudotadjuntos?bac2467c6d92ea7ea4eca557fe430509,INS,2016,184,,1,,gx-no-cache=1456504536541 HTTP/1.1" 200 3325
186.103.156.24 - - [26/Feb/2016:13:35:16 -0300] "POST /cormun/servlet/solicitudot?gx-no-cache=1456504569539 HTTP/1.1" 200 122
186.103.156.24 - - [26/Feb/2016:13:35:16 -0300] "GET /cormun/static/Shared/jqueryui/images/ui-bg_highlight-soft_100_c6c2c8_1x100.png HTTP/1.1" 404 1117
186.103.156.24 - - [26/Feb/2016:13:35:16 -0300] "GET /cormun/static/Shared/jqueryui/images/ui-icons_82798d_256x240.png HTTP/1.1" 404 1089
186.103.156.24 - - [26/Feb/2016:13:35:16 -0300] "GET /cormun/static/Shared/jqueryui/images/ui-bg_flat_55_994d53_40x100.png HTTP/1.1" 404 1097
186.103.156.24 - - [26/Feb/2016:13:35:17 -0300] "GET /cormun/static/Shared/jqueryui/images/ui-icons_ebccce_256x240.png HTTP/1.1" 404 1089
186.103.159.44 - - [26/Feb/2016:13:35:22 -0300] "POST /cormun/servlet/solicitudotadjuntos?gx-no-cache=1456504543004 HTTP/1.1" 200 26
186.103.157.235 - - [26/Feb/2016:13:35:30 -0300] "GET /cormun/servlet/trvisualizadoreventos? HTTP/1.1" 200 5917
186.103.157.235 - - [26/Feb/2016:13:35:32 -0300] "GET /cormun/servlet/trvisualizadoreventos? HTTP/1.1" 200 5917
200.30.225.234 - - [26/Feb/2016:13:35:34 -0300] "POST /cormun/servlet/solicitudot?gx-no-cache=1456504525614 HTTP/1.1" 200 2740
200.30.225.234 - - [26/Feb/2016:13:35:35 -0300] "POST /cormun/servlet/solicitudot?3c9c192b88a52262882efdc29794179a,INS,0,0,,gx-no-cache=1456504525879 HTTP/1.1" 200 9516
200.30.225.234 - - [26/Feb/2016:13:35:35 -0300] "GET /cormun/servlet/solicitudot?ccd40cde71c7b1ad36fa75ca726c04d8c1829a097a930b8d149b4b672cec9dcb81b94f77cbe453c0d640e31e2eb616da,gx-no-cache=1456504526094 HTTP/1.1" 200 30
186.103.157.235 - - [26/Feb/2016:13:35:39 -0300] "GET /cormun/servlet/trsolicitudot? HTTP/1.1" 200 6122
186.103.157.235 - - [26/Feb/2016:13:35:40 -0300] "GET /cormun/servlet/trsolicitudot? HTTP/1.1" 200 6122
186.103.156.24 - - [26/Feb/2016:13:35:57 -0300] "POST /cormun/servlet/solicitudot?gx-no-cache=1456504615393 HTTP/1.1" 200 33
186.103.157.235 - - [26/Feb/2016:13:36:05 -0300] "POST /cormun/servlet/trsolicitudot?27023489a3eea36d83c209c0e33b26d1,,gx-no-cache=1456504618694 HTTP/1.1" 200 3449
186.103.157.235 - - [26/Feb/2016:13:36:06 -0300] "POST /cormun/servlet/trsolicitudot?27023489a3eea36d83c209c0e33b26d1,,gx-no-cache=1456504619021 HTTP/1.1" 200 3448
186.103.157.235 - - [26/Feb/2016:13:36:06 -0300] "POST /cormun/servlet/trsolicitudot?27023489a3eea36d83c209c0e33b26d1,,gx-no-cache=1456504619318 HTTP/1.1" 200 3449
186.103.157.235 - - [26/Feb/2016:13:36:06 -0300] "POST /cormun/servlet/trsolicitudot?27023489a3eea36d83c209c0e33b26d1,,gx-no-cache=1456504619614 HTTP/1.1" 200 3449
186.103.157.235 - - [26/Feb/2016:13:36:07 -0300] "POST /cormun/servlet/trsolicitudot?27023489a3eea36d83c209c0e33b26d1,,gx-no-cache=1456504619957 HTTP/1.1" 200 3449
186.103.157.235 - - [26/Feb/2016:13:36:07 -0300] "POST /cormun/servlet/trsolicitudot?27023489a3eea36d83c209c0e33b26d1,,gx-no-cache=1456504620300 HTTP/1.1" 200 3449
186.103.156.24 - - [26/Feb/2016:13:36:07 -0300] "POST /cormun/servlet/solicitudot?gx-no-cache=1456504626943 HTTP/1.1" 200 452
186.103.156.24 - - [26/Feb/2016:13:36:07 -0300] "GET /cormun/servlet/solicitudot?ce7a9b60bef21b405fdc6c7e7f4f9facd70e307a4a9c7ef17a50f2f4576dc3e9d632c022c8cfd969d69299f01a392748403ad0209ebccac0bdb0046be6e552fa5defe6a0ef2618c7903ecce1743b38c718ed2b54ff35630806115b03b1ddbe8fb6eefc4636083a55fb4b7dfc909c720c7d0b9db183c3a1335fddaa0255e518e9fea45307d4de3a13cce652fcb6997962,gx-no-cache=1456504627002 HTTP/1.1" 200 38
186.103.157.235 - - [26/Feb/2016:13:36:08 -0300] "POST /cormun/servlet/trsolicitudot?27023489a3eea36d83c209c0e33b26d1,,gx-no-cache=1456504621049 HTTP/1.1" 200 3448
186.103.157.235 - - [26/Feb/2016:13:36:08 -0300] "POST /cormun/servlet/trsolicitudot?27023489a3eea36d83c209c0e33b26d1,,gx-no-cache=1456504621502 HTTP/1.1" 200 3448
186.103.157.235 - - [26/Feb/2016:13:36:09 -0300] "POST /cormun/servlet/trsolicitudot?27023489a3eea36d83c209c0e33b26d1,,gx-no-cache=1456504622204 HTTP/1.1" 200 3448
186.103.159.44 - - [26/Feb/2016:13:36:13 -0300] "POST /cormun/servlet/solicitudotadjuntos?gx-no-cache=1456504593329 HTTP/1.1" 200 26
200.30.225.234 - - [26/Feb/2016:13:36:15 -0300] "POST /cormun/servlet/solicitudot?gx-no-cache=1456504566387 HTTP/1.1" 200 30
200.30.225.234 - - [26/Feb/2016:13:36:20 -0300] "POST /cormun/servlet/solicitudot?gx-no-cache=1456504571155 HTTP/1.1" 200 122
200.30.225.234 - - [26/Feb/2016:13:36:27 -0300] "POST /cormun/servlet/solicitudot?gx-no-cache=1456504578339 HTTP/1.1" 200 122
200.30.225.234 - - [26/Feb/2016:13:36:27 -0300] "POST /cormun/servlet/solicitudot?gx-no-cache=1456504578418 HTTP/1.1" 200 452
200.30.225.234 - - [26/Feb/2016:13:36:27 -0300] "GET /cormun/servlet/solicitudot?ccd40cde71c7b1ad36fa75ca726c04d894a0b2d87276f21e4e7367827a5f55de21823dac20fad28f57ce2d94cbe4daf4d840befc94b9866213e8b8cef72799439e2d81612a138b58b90cde823b76cad43f35d02d2c674b5a5961412ff67b1ed17ca4035f854628c93d3eed13c34aafed960185f080a02c955bbbde2ad401bd3f2423218f91c1c78d8d94eaf422968c7f,gx-no-cache=1456504578497 HTTP/1.1" 200 38
186.103.157.235 - - [26/Feb/2016:13:36:28 -0300] "GET /cormun/servlet/trsolicitudot? HTTP/1.1" 200 6122
186.103.157.235 - - [26/Feb/2016:13:36:30 -0300] "GET /cormun/servlet/trsolicitudot? HTTP/1.1" 200 6122
186.103.157.235 - - [26/Feb/2016:13:36:34 -0300] "GET /cormun/servlet/solicitudot?INS,0,0, HTTP/1.1" 200 12051
186.103.157.235 - - [26/Feb/2016:13:36:34 -0300] "GET /cormun/static/gxcfg.js?201617004230 HTTP/1.1" 200 953
186.103.157.235 - - [26/Feb/2016:13:36:34 -0300] "GET /cormun/static/Resources/prompt.gif HTTP/1.1" 200 902
186.103.157.235 - - [26/Feb/2016:13:36:34 -0300] "GET /cormun/static/solicitudot.js?201617004281 HTTP/1.1" 200 44291
186.103.157.235 - - [26/Feb/2016:13:36:36 -0300] "GET /cormun/servlet/solicitudot?INS,0,0, HTTP/1.1" 200 12056
186.103.159.44 - - [26/Feb/2016:13:36:41 -0300] "GET /cormun/servlet/solicitudotadjuntos?33c370aca740ac7485ebc39f9bdaf6b5037366ab93a4d2ca574d5ff6787f8c91,gx-no-cache=1456504621474 HTTP/1.1" 200 30
186.103.159.44 - - [26/Feb/2016:13:36:41 -0300] "GET /cormun/servlet/solicitudotadjuntos?33c370aca740ac7485ebc39f9bdaf6b5037366ab93a4d2ca574d5ff6787f8c91,gx-no-cache=1456504621609 HTTP/1.1" 200 30
186.78.37.98 - - [26/Feb/2016:13:36:41 -0300] "POST /cormun/servlet/hlogin?7fe89dd70e0231385c05506050bef71e,gx-no-cache=1456504580668 HTTP/1.1" 200 436
186.103.159.44 - - [26/Feb/2016:13:36:44 -0300] "POST /cormun/servlet/solicitudotadjuntos?bac2467c6d92ea7ea4eca557fe430509,INS,2016,184,,1, HTTP/1.1" 200 116
186.103.159.44 - - [26/Feb/2016:13:36:45 -0300] "GET /cormun/servlet/hpexe_return? HTTP/1.1" 200 1028
186.103.159.44 - - [26/Feb/2016:13:36:45 -0300] "GET /cormun/servlet/trsolicitudadjuntos?2016,184, HTTP/1.1" 200 7247
200.30.225.234 - - [26/Feb/2016:13:36:45 -0300] "POST /cormun/servlet/solicitudot?gx-no-cache=1456504596393 HTTP/1.1" 200 33
186.103.159.44 - - [26/Feb/2016:13:36:53 -0300] "GET /cormun/servlet/solicitudotadjuntos?INS,2016,184,,1, HTTP/1.1" 200 5407
186.103.159.44 - - [26/Feb/2016:13:36:53 -0300] "HEAD /cormun/static/about:blank HTTP/1.1" 404 -
186.103.159.44 - - [26/Feb/2016:13:36:55 -0300] "GET /cormun/servlet/solicitudotadjuntos?33c370aca740ac7485ebc39f9bdaf6b5a326b3401d287eaf17ad4b8c8d0bf77e954b5dba13bb2604d38e35e82cf88391,gx-no-cache=1456504635073 HTTP/1.1" 200 30
186.103.159.44 - - [26/Feb/2016:13:36:55 -0300] "POST /cormun/servlet/solicitudotadjuntos?bac2467c6d92ea7ea4eca557fe430509,INS,2016,184,,1,,gx-no-cache=1456504635141 HTTP/1.1" 200 3325
186.103.159.44 - - [26/Feb/2016:13:37:00 -0300] "POST /cormun/servlet/solicitudotadjuntos?gx-no-cache=1456504640244 HTTP/1.1" 200 26
186.103.157.235 - - [26/Feb/2016:13:37:03 -0300] "POST /cormun/servlet/solicitudot?gx-no-cache=1456504675660 HTTP/1.1" 200 2849
186.103.157.235 - - [26/Feb/2016:13:37:03 -0300] "GET /cormun/static/Shared/jqueryui/images/ui-bg_highlight-soft_100_c6c2c8_1x100.png HTTP/1.1" 404 1117
186.103.157.235 - - [26/Feb/2016:13:37:03 -0300] "GET /cormun/static/Shared/jqueryui/images/ui-icons_82798d_256x240.png HTTP/1.1" 404 1089
186.103.157.235 - - [26/Feb/2016:13:37:03 -0300] "GET /cormun/static/Shared/jqueryui/images/ui-bg_flat_55_994d53_40x100.png HTTP/1.1" 404 1097
186.103.157.235 - - [26/Feb/2016:13:37:03 -0300] "GET /cormun/static/Shared/jqueryui/images/ui-icons_ebccce_256x240.png HTTP/1.1" 404 1089
186.103.159.44 - - [26/Feb/2016:13:37:06 -0300] "GET /cormun/servlet/solicitudotadjuntos?33c370aca740ac7485ebc39f9bdaf6b5037366ab93a4d2ca574d5ff6787f8c91,gx-no-cache=1456504646907 HTTP/1.1" 200 30
186.103.159.44 - - [26/Feb/2016:13:37:06 -0300] "GET /cormun/servlet/solicitudotadjuntos?33c370aca740ac7485ebc39f9bdaf6b5037366ab93a4d2ca574d5ff6787f8c91,gx-no-cache=1456504646978 HTTP/1.1" 200 30
186.103.159.44 - - [26/Feb/2016:13:37:07 -0300] "POST /cormun/servlet/solicitudotadjuntos?bac2467c6d92ea7ea4eca557fe430509,INS,2016,184,,1, HTTP/1.1" 200 116
186.103.159.44 - - [26/Feb/2016:13:37:07 -0300] "GET /cormun/servlet/hpexe_return? HTTP/1.1" 200 1028
186.103.159.44 - - [26/Feb/2016:13:37:08 -0300] "GET /cormun/servlet/trsolicitudadjuntos?2016,184, HTTP/1.1" 200 7408
186.103.159.44 - - [26/Feb/2016:13:37:13 -0300] "GET /cormun/servlet/solicitudotadjuntos?INS,2016,184,,1, HTTP/1.1" 200 5406
186.103.159.44 - - [26/Feb/2016:13:37:13 -0300] "HEAD /cormun/static/about:blank HTTP/1.1" 404 -
186.103.159.44 - - [26/Feb/2016:13:37:15 -0300] "GET /cormun/servlet/solicitudotadjuntos?33c370aca740ac7485ebc39f9bdaf6b5a326b3401d287eaf17ad4b8c8d0bf77e954b5dba13bb2604d38e35e82cf88391,gx-no-cache=1456504655097 HTTP/1.1" 200 30
186.103.159.44 - - [26/Feb/2016:13:37:15 -0300] "POST /cormun/servlet/solicitudotadjuntos?bac2467c6d92ea7ea4eca557fe430509,INS,2016,184,,1,,gx-no-cache=1456504655133 HTTP/1.1" 200 3325
186.103.159.44 - - [26/Feb/2016:13:37:18 -0300] "POST /cormun/servlet/solicitudotadjuntos?gx-no-cache=1456504658755 HTTP/1.1" 200 26
186.67.172.234 - - [26/Feb/2016:13:37:22 -0300] "POST /cormun/servlet/solicitudot?gx-no-cache=1456504692597 HTTP/1.1" 200 2672
186.67.172.234 - - [26/Feb/2016:13:37:22 -0300] "POST /cormun/servlet/solicitudot?974ef71ca7a5bc441549e624289e476d,INS,0,0,,gx-no-cache=1456504692835 HTTP/1.1" 200 9462
186.103.157.235 - - [26/Feb/2016:13:37:23 -0300] "GET /cormun/servlet/solicitudot?e259c36da36ad9829073a4c211d75c191383681ccfa6d1950751323d0cd43f44258d78ab67bda2f821be69e9cc74a8e7,gx-no-cache=1456504696299 HTTP/1.1" 200 30
186.103.159.44 - - [26/Feb/2016:13:37:29 -0300] "GET /cormun/servlet/solicitudotadjuntos?33c370aca740ac7485ebc39f9bdaf6b5037366ab93a4d2ca574d5ff6787f8c91,gx-no-cache=1456504669628 HTTP/1.1" 200 30
186.103.159.44 - - [26/Feb/2016:13:37:29 -0300] "GET /cormun/servlet/solicitudotadjuntos?33c370aca740ac7485ebc39f9bdaf6b5037366ab93a4d2ca574d5ff6787f8c91,gx-no-cache=1456504669661 HTTP/1.1" 200 30
186.103.159.44 - - [26/Feb/2016:13:37:29 -0300] "POST /cormun/servlet/solicitudotadjuntos?bac2467c6d92ea7ea4eca557fe430509,INS,2016,184,,1, HTTP/1.1" 200 116
186.103.159.44 - - [26/Feb/2016:13:37:30 -0300] "GET /cormun/servlet/hpexe_return? HTTP/1.1" 200 1028
186.103.159.44 - - [26/Feb/2016:13:37:30 -0300] "GET /cormun/servlet/trsolicitudadjuntos?2016,184, HTTP/1.1" 200 7574
186.103.159.44 - - [26/Feb/2016:13:37:36 -0300] "GET /cormun/servlet/solicitudotadjuntos?INS,2016,184,,1, HTTP/1.1" 200 5406
186.103.159.44 - - [26/Feb/2016:13:37:36 -0300] "HEAD /cormun/static/about:blank HTTP/1.1" 404 -
186.103.159.44 - - [26/Feb/2016:13:37:37 -0300] "GET /cormun/servlet/solicitudotadjuntos?33c370aca740ac7485ebc39f9bdaf6b5a326b3401d287eaf17ad4b8c8d0bf77e954b5dba13bb2604d38e35e82cf88391,gx-no-cache=1456504677794 HTTP/1.1" 200 30
186.103.159.44 - - [26/Feb/2016:13:37:37 -0300] "POST /cormun/servlet/solicitudotadjuntos?bac2467c6d92ea7ea4eca557fe430509,INS,2016,184,,1,,gx-no-cache=1456504677831 HTTP/1.1" 200 3325
186.103.159.44 - - [26/Feb/2016:13:37:41 -0300] "POST /cormun/servlet/solicitudotadjuntos?gx-no-cache=1456504681550 HTTP/1.1" 200 26
186.103.159.44 - - [26/Feb/2016:13:37:50 -0300] "GET /cormun/servlet/solicitudotadjuntos?33c370aca740ac7485ebc39f9bdaf6b5037366ab93a4d2ca574d5ff6787f8c91,gx-no-cache=1456504690367 HTTP/1.1" 200 30
186.103.159.44 - - [26/Feb/2016:13:37:50 -0300] "GET /cormun/servlet/solicitudotadjuntos?33c370aca740ac7485ebc39f9bdaf6b5037366ab93a4d2ca574d5ff6787f8c91,gx-no-cache=1456504690413 HTTP/1.1" 200 30
186.103.159.44 - - [26/Feb/2016:13:37:50 -0300] "POST /cormun/servlet/solicitudotadjuntos?bac2467c6d92ea7ea4eca557fe430509,INS,2016,184,,1, HTTP/1.1" 200 116
186.103.159.44 - - [26/Feb/2016:13:37:50 -0300] "GET /cormun/servlet/hpexe_return? HTTP/1.1" 200 1028
186.103.159.44 - - [26/Feb/2016:13:37:51 -0300] "GET /cormun/servlet/trsolicitudadjuntos?2016,184, HTTP/1.1" 200 7690
186.67.172.234 - - [26/Feb/2016:13:37:54 -0300] "POST /cormun/servlet/solicitudot?gx-no-cache=1456504725404 HTTP/1.1" 200 2674
186.67.172.234 - - [26/Feb/2016:13:37:55 -0300] "POST /cormun/servlet/solicitudot?974ef71ca7a5bc441549e624289e476d,INS,0,0,,gx-no-cache=1456504725522 HTTP/1.1" 200 9494
186.67.172.234 - - [26/Feb/2016:13:37:55 -0300] "GET /cormun/servlet/solicitudot?431d08edd07ea7d616b33faa7e480c767038ca5cb26975e279250adaa985a85c3c715e0d9f99fa4a1c53743bf0658d03,gx-no-cache=1456504725992 HTTP/1.1" 200 30
186.103.159.44 - - [26/Feb/2016:13:37:55 -0300] "GET /cormun/servlet/solicitudotadjuntos?INS,2016,184,,1, HTTP/1.1" 200 5406
186.103.159.44 - - [26/Feb/2016:13:37:56 -0300] "HEAD /cormun/static/about:blank HTTP/1.1" 404 -
186.103.159.44 - - [26/Feb/2016:13:37:57 -0300] "GET /cormun/servlet/solicitudotadjuntos?33c370aca740ac7485ebc39f9bdaf6b5a326b3401d287eaf17ad4b8c8d0bf77e954b5dba13bb2604d38e35e82cf88391,gx-no-cache=1456504697335 HTTP/1.1" 200 30
186.103.159.44 - - [26/Feb/2016:13:37:57 -0300] "POST /cormun/servlet/solicitudotadjuntos?bac2467c6d92ea7ea4eca557fe430509,INS,2016,184,,1,,gx-no-cache=1456504697374 HTTP/1.1" 200 3325
186.103.159.44 - - [26/Feb/2016:13:38:01 -0300] "POST /cormun/servlet/solicitudotadjuntos?gx-no-cache=1456504701529 HTTP/1.1" 200 26
186.103.159.44 - - [26/Feb/2016:13:38:02 -0300] "GET /cormun/servlet/solicitudotadjuntos?33c370aca740ac7485ebc39f9bdaf6b5037366ab93a4d2ca574d5ff6787f8c91,gx-no-cache=1456504702883 HTTP/1.1" 200 30
186.103.159.44 - - [26/Feb/2016:13:38:02 -0300] "GET /cormun/servlet/solicitudotadjuntos?33c370aca740ac7485ebc39f9bdaf6b5037366ab93a4d2ca574d5ff6787f8c91,gx-no-cache=1456504702916 HTTP/1.1" 200 30
186.103.159.44 - - [26/Feb/2016:13:38:02 -0300] "POST /cormun/servlet/solicitudotadjuntos?bac2467c6d92ea7ea4eca557fe430509,INS,2016,184,,1,,gx-no-cache=1456504702953 HTTP/1.1" 200 93
186.103.159.44 - - [26/Feb/2016:13:38:03 -0300] "GET /cormun/servlet/hpexe_return? HTTP/1.1" 200 1028
186.103.159.44 - - [26/Feb/2016:13:38:03 -0300] "GET /cormun/servlet/trsolicitudadjuntos?2016,184, HTTP/1.1" 200 7768
186.103.159.44 - - [26/Feb/2016:13:38:10 -0300] "GET /cormun/servlet/solicitudotadjuntos?INS,2016,184,,1, HTTP/1.1" 200 5406
186.103.159.44 - - [26/Feb/2016:13:38:10 -0300] "HEAD /cormun/static/about:blank HTTP/1.1" 404 -
186.103.159.44 - - [26/Feb/2016:13:38:11 -0300] "GET /cormun/servlet/solicitudotadjuntos?33c370aca740ac7485ebc39f9bdaf6b5a326b3401d287eaf17ad4b8c8d0bf77e954b5dba13bb2604d38e35e82cf88391,gx-no-cache=1456504711911 HTTP/1.1" 200 30
186.103.159.44 - - [26/Feb/2016:13:38:11 -0300] "POST /cormun/servlet/solicitudotadjuntos?bac2467c6d92ea7ea4eca557fe430509,INS,2016,184,,1,,gx-no-cache=1456504711953 HTTP/1.1" 200 3325
186.103.156.24 - - [26/Feb/2016:13:38:13 -0300] "GET /cormun/servlet/solicitudot?ce7a9b60bef21b405fdc6c7e7f4f9fac1d10b8047f7e51a469f8bb12282fa474db5e6f7fa73b02737f6a19c13e30f1cfb3bff07e3ad4725da91a234a9c94ebe86a66175838ea0f985f25343cac736b0c642c443adf0a55267389b7d1cb17f8887c8bd14c0aa20016ba47813eda822c5555cdb44178726977abd5837682b3e576b29e8d9f1e9925718d31ca263cf1da460f99ac8f7d790fdcb2b65473d84d20c470be0b97bdaa3b4abd78137b8bb30ed51ac3a3e294ce01806cf6e8c4828f4c0038a343df53df710cccc365c9548b3f5b,gx-no-cache=1456504769167 HTTP/1.1" 200 29
186.103.159.44 - - [26/Feb/2016:13:38:14 -0300] "POST /cormun/servlet/solicitudotadjuntos?gx-no-cache=1456504714936 HTTP/1.1" 200 26
186.103.156.24 - - [26/Feb/2016:13:38:15 -0300] "POST /cormun/servlet/solicitudot?gx-no-cache=1456504771577 HTTP/1.1" 200 1116
186.103.159.44 - - [26/Feb/2016:13:38:28 -0300] "GET /cormun/servlet/solicitudotadjuntos?33c370aca740ac7485ebc39f9bdaf6b5037366ab93a4d2ca574d5ff6787f8c91,gx-no-cache=1456504728257 HTTP/1.1" 200 30
186.103.159.44 - - [26/Feb/2016:13:38:28 -0300] "GET /cormun/servlet/solicitudotadjuntos?33c370aca740ac7485ebc39f9bdaf6b5037366ab93a4d2ca574d5ff6787f8c91,gx-no-cache=1456504728295 HTTP/1.1" 200 30
186.103.159.44 - - [26/Feb/2016:13:38:30 -0300] "POST /cormun/servlet/solicitudotadjuntos?bac2467c6d92ea7ea4eca557fe430509,INS,2016,184,,1, HTTP/1.1" 200 116
186.103.159.44 - - [26/Feb/2016:13:38:30 -0300] "GET /cormun/servlet/hpexe_return? HTTP/1.1" 200 1028
186.103.159.44 - - [26/Feb/2016:13:38:31 -0300] "GET /cormun/servlet/trsolicitudadjuntos?2016,184, HTTP/1.1" 200 7918
186.103.156.24 - - [26/Feb/2016:13:38:39 -0300] "GET /cormun/static/menuarrow.gif HTTP/1.1" 404 1015
200.30.225.234 - - [26/Feb/2016:13:38:40 -0300] "POST /cormun/servlet/solicitudot?gx-no-cache=1456504710915 HTTP/1.1" 200 122
186.103.159.44 - - [26/Feb/2016:13:38:41 -0300] "GET /cormun/servlet/solicitudotadjuntos?INS,2016,184,,1, HTTP/1.1" 200 5406
186.103.159.44 - - [26/Feb/2016:13:38:41 -0300] "HEAD /cormun/static/about:blank HTTP/1.1" 404 -
186.103.159.44 - - [26/Feb/2016:13:38:42 -0300] "GET /cormun/servlet/solicitudotadjuntos?33c370aca740ac7485ebc39f9bdaf6b5a326b3401d287eaf17ad4b8c8d0bf77e954b5dba13bb2604d38e35e82cf88391,gx-no-cache=1456504742628 HTTP/1.1" 200 30
186.103.159.44 - - [26/Feb/2016:13:38:42 -0300] "POST /cormun/servlet/solicitudotadjuntos?bac2467c6d92ea7ea4eca557fe430509,INS,2016,184,,1,,gx-no-cache=1456504742666 HTTP/1.1" 200 3325
186.103.159.44 - - [26/Feb/2016:13:38:47 -0300] "POST /cormun/servlet/solicitudotadjuntos?gx-no-cache=1456504747410 HTTP/1.1" 200 26
186.103.156.24 - - [26/Feb/2016:13:38:59 -0300] "GET /cormun/servlet/solicitudot?ce7a9b60bef21b405fdc6c7e7f4f9fac3a2c838757f79e3198e9f1888f219d26eca6745ca27c89845112797e7c1aaa4042947cdd4b3dfb27a75138784077c0b448cf20e6b389f3656e40baf9f61613882aa6a7a688369298ca34fe27e9af44f40a9a775a210a50267fb120fb27165d0dcb521c09e051def4b9b722f6e0cbfb8cd00b8cb123b2f632d503a82beeb00da56987e9f9e6924faf3e1f5dd778703f4ee9c048b5e5dc235505dc8932fe621cd1,gx-no-cache=1456504822077 HTTP/1.1" 200 30
200.30.225.234 - - [26/Feb/2016:13:39:06 -0300] "POST /cormun/servlet/solicitudot?gx-no-cache=1456504737328 HTTP/1.1" 200 33
200.30.225.234 - - [26/Feb/2016:13:39:26 -0300] "POST /cormun/servlet/solicitudot?3c9c192b88a52262882efdc29794179a,INS,0,0,,gx-no-cache=1456504757011 HTTP/1.1" 200 93
200.30.225.234 - - [26/Feb/2016:13:39:26 -0300] "GET /cormun/servlet/hpexe_return? HTTP/1.1" 200 1003
200.30.225.234 - - [26/Feb/2016:13:39:26 -0300] "GET /cormun/servlet/trsolicitudot HTTP/1.1" 200 8357
200.30.225.234 - - [26/Feb/2016:13:39:27 -0300] "GET /cormun/servlet/trsolicitudot HTTP/1.1" 200 8353
186.103.159.44 - - [26/Feb/2016:13:39:28 -0300] "POST /cormun/servlet/solicitudotadjuntos?bac2467c6d92ea7ea4eca557fe430509,INS,2016,184,,1,,gx-no-cache=1456504788289 HTTP/1.1" 200 93
186.103.159.44 - - [26/Feb/2016:13:39:28 -0300] "GET /cormun/servlet/hpexe_return? HTTP/1.1" 200 1028
186.103.156.24 - - [26/Feb/2016:13:39:29 -0300] "POST /cormun/servlet/solicitudot?ff279fb7925b38f0833832256426fa6a,INS,0,0,,gx-no-cache=1456504853043 HTTP/1.1" 200 93
186.103.156.24 - - [26/Feb/2016:13:39:29 -0300] "GET /cormun/servlet/hpexe_return? HTTP/1.1" 200 999
186.103.159.44 - - [26/Feb/2016:13:39:29 -0300] "GET /cormun/servlet/trsolicitudadjuntos?2016,184, HTTP/1.1" 200 7921
186.103.156.24 - - [26/Feb/2016:13:39:29 -0300] "GET /cormun/static/gxcfg.js?2015111312145050 HTTP/1.1" 200 953
186.103.156.24 - - [26/Feb/2016:13:39:29 -0300] "GET /cormun/static/hpexe_return.js?2015111312145056 HTTP/1.1" 200 1633
186.103.156.24 - - [26/Feb/2016:13:39:29 -0300] "GET /cormun/static/Resources/Spanish/PXTools.css?12112540 HTTP/1.1" 200 89042
186.103.156.24 - - [26/Feb/2016:13:39:29 -0300] "GET /cormun/servlet/trsolicitudot HTTP/1.1" 200 6102
186.103.156.24 - - [26/Feb/2016:13:39:30 -0300] "GET /cormun/servlet/trsolicitudot HTTP/1.1" 200 6098
186.103.159.44 - - [26/Feb/2016:13:39:35 -0300] "GET /cormun/servlet/solicitudotadjuntos?INS,2016,184,,2, HTTP/1.1" 200 5405
186.103.159.44 - - [26/Feb/2016:13:39:36 -0300] "HEAD /cormun/static/about:blank HTTP/1.1" 404 -
200.30.225.234 - - [26/Feb/2016:13:39:36 -0300] "POST /cormun/servlet/trsolicitudot?3c9c192b88a52262882efdc29794179a,gx-no-cache=1456504767143 HTTP/1.1" 200 104
200.30.225.234 - - [26/Feb/2016:13:39:36 -0300] "GET /cormun/servlet/solicitudot?DLT,2016,190, HTTP/1.1" 200 8376
186.103.156.24 - - [26/Feb/2016:13:39:36 -0300] "GET /cormun/servlet/solicitudot?INS,0,0, HTTP/1.1" 200 12030
200.30.225.234 - - [26/Feb/2016:13:39:36 -0300] "GET /cormun/static/Shared/jqueryui/images/ui-bg_flat_55_fafafa_40x100.png HTTP/1.1" 404 1097
200.30.225.234 - - [26/Feb/2016:13:39:36 -0300] "GET /cormun/static/Shared/jqueryui/images/ui-icons_8d78a5_256x240.png HTTP/1.1" 404 1089
200.30.225.234 - - [26/Feb/2016:13:39:37 -0300] "GET /cormun/servlet/solicitudot?DLT,2016,190, HTTP/1.1" 200 8385
186.103.159.44 - - [26/Feb/2016:13:39:37 -0300] "GET /cormun/servlet/solicitudotadjuntos?33c370aca740ac7485ebc39f9bdaf6b5a326b3401d287eaf17ad4b8c8d0bf77e954b5dba13bb2604d38e35e82cf88391,gx-no-cache=1456504797421 HTTP/1.1" 200 30
186.103.159.44 - - [26/Feb/2016:13:39:37 -0300] "POST /cormun/servlet/solicitudotadjuntos?bac2467c6d92ea7ea4eca557fe430509,INS,2016,184,,2,,gx-no-cache=1456504797457 HTTP/1.1" 200 3470
186.103.156.24 - - [26/Feb/2016:13:39:37 -0300] "GET /cormun/servlet/solicitudot?INS,0,0, HTTP/1.1" 200 12035
186.103.159.44 - - [26/Feb/2016:13:39:41 -0300] "POST /cormun/servlet/solicitudotadjuntos?gx-no-cache=1456504801491 HTTP/1.1" 200 26
201.219.233.117 - - [26/Feb/2016:13:39:43 -0300] "GET /cormun/static/Resources/ComunLogin.png HTTP/1.1" 200 17326
186.103.159.44 - - [26/Feb/2016:13:39:48 -0300] "GET /cormun/servlet/solicitudotadjuntos?33c370aca740ac7485ebc39f9bdaf6b5037366ab93a4d2ca574d5ff6787f8c91,gx-no-cache=1456504808931 HTTP/1.1" 200 30
186.103.159.44 - - [26/Feb/2016:13:39:48 -0300] "GET /cormun/servlet/solicitudotadjuntos?33c370aca740ac7485ebc39f9bdaf6b5037366ab93a4d2ca574d5ff6787f8c91,gx-no-cache=1456504809011 HTTP/1.1" 200 30
186.103.159.44 - - [26/Feb/2016:13:39:49 -0300] "POST /cormun/servlet/solicitudotadjuntos?bac2467c6d92ea7ea4eca557fe430509,INS,2016,184,,2, HTTP/1.1" 200 116
186.103.159.44 - - [26/Feb/2016:13:39:49 -0300] "GET /cormun/servlet/hpexe_return? HTTP/1.1" 200 1028
186.103.159.44 - - [26/Feb/2016:13:39:50 -0300] "GET /cormun/servlet/trsolicitudadjuntos?2016,184, HTTP/1.1" 200 8126
186.103.156.24 - - [26/Feb/2016:13:39:56 -0300] "POST /cormun/servlet/solicitudot?gx-no-cache=1456504885912 HTTP/1.1" 200 2669
186.103.156.24 - - [26/Feb/2016:13:39:56 -0300] "POST /cormun/servlet/solicitudot?ff279fb7925b38f0833832256426fa6a,INS,0,0,,gx-no-cache=1456504886040 HTTP/1.1" 200 9412
186.103.156.24 - - [26/Feb/2016:13:40:03 -0300] "GET /cormun/servlet/solicitudot?ce7a9b60bef21b405fdc6c7e7f4f9fac3d82bf00066bea1c30b4b9be0165a5785a5d225f7307a0b145990d042e5b0b8b,gx-no-cache=1456504893344 HTTP/1.1" 200 30
186.103.159.44 - - [26/Feb/2016:13:40:04 -0300] "POST /cormun/servlet/trsolicitudadjuntos?bac2467c6d92ea7ea4eca557fe430509,2016,184,,gx-no-cache=1456504823585 HTTP/1.1" 200 6913
186.103.159.44 - - [26/Feb/2016:13:40:07 -0300] "POST /cormun/servlet/trsolicitudadjuntos?bac2467c6d92ea7ea4eca557fe430509,2016,184,,gx-no-cache=1456504826883 HTTP/1.1" 200 6913
186.103.159.44 - - [26/Feb/2016:13:40:12 -0300] "GET /cormun/servlet/trsolicitudot? HTTP/1.1" 200 11312
186.103.157.235 - - [26/Feb/2016:13:40:34 -0300] "POST /cormun/servlet/solicitudot?gx-no-cache=1456504887669 HTTP/1.1" 200 30
186.103.157.235 - - [26/Feb/2016:13:40:43 -0300] "POST /cormun/servlet/solicitudot?gx-no-cache=1456504896701 HTTP/1.1" 200 30
186.103.157.235 - - [26/Feb/2016:13:40:48 -0300] "POST /cormun/servlet/solicitudot?gx-no-cache=1456504901787 HTTP/1.1" 200 452
186.103.157.235 - - [26/Feb/2016:13:40:48 -0300] "GET /cormun/servlet/solicitudot?e259c36da36ad9829073a4c211d75c1977c29bb39355c10fc1b3ca42b7d1c958c1e325d8b08e1ebf64d57af74c56e060a51ab6e518e5719a8a314962b2ba77128366956ac4576fedc97803677322d5b7af1d77d91301fe6f813bd9f3497932b5ac9ae13773f9609a2aa1cbc90cb62924c59283f5d6cd82210aca87812c73f6b2b59fda41797bff1f7701a5f66ec39120,gx-no-cache=1456504901880 HTTP/1.1" 200 38
186.103.159.44 - - [26/Feb/2016:13:41:00 -0300] "POST /cormun/servlet/trsolicitudot?bac2467c6d92ea7ea4eca557fe430509,,gx-no-cache=1456504879770 HTTP/1.1" 200 8987
186.103.159.44 - - [26/Feb/2016:13:41:01 -0300] "POST /cormun/servlet/trsolicitudot?bac2467c6d92ea7ea4eca557fe430509,,gx-no-cache=1456504880875 HTTP/1.1" 200 8987
186.103.159.44 - - [26/Feb/2016:13:41:02 -0300] "POST /cormun/servlet/trsolicitudot?bac2467c6d92ea7ea4eca557fe430509,,gx-no-cache=1456504882092 HTTP/1.1" 200 8986
186.67.172.234 - - [26/Feb/2016:13:41:03 -0300] "POST /cormun/servlet/solicitudot?gx-no-cache=1456504913765 HTTP/1.1" 200 30
186.67.172.234 - - [26/Feb/2016:13:41:03 -0300] "POST /cormun/servlet/solicitudot?gx-no-cache=1456504914113 HTTP/1.1" 200 30
186.67.172.234 - - [26/Feb/2016:13:41:03 -0300] "POST /cormun/servlet/solicitudot?gx-no-cache=1456504914138 HTTP/1.1" 200 452
186.67.172.234 - - [26/Feb/2016:13:41:03 -0300] "GET /cormun/servlet/solicitudot?431d08edd07ea7d616b33faa7e480c76095b955f8b5c73575b623b3c457ded2d0cc05d738061032232f209c160a75b25b187e5e3f395d83cdcc28211b96d1cc7f80b4d2a96d077a44e44622106be3bf66d0ac1eaa2a7a68b385437ee5c9914b8ce4a7159846f27be10266a62b6262f15370909646bf9e9932304f0d880e1923240f961257f636c7040e6c6c449d12bb6,gx-no-cache=1456504914170 HTTP/1.1" 200 38
186.103.159.44 - - [26/Feb/2016:13:41:03 -0300] "POST /cormun/servlet/trsolicitudot?bac2467c6d92ea7ea4eca557fe430509,,gx-no-cache=1456504883539 HTTP/1.1" 200 8986
186.103.159.44 - - [26/Feb/2016:13:41:05 -0300] "POST /cormun/servlet/trsolicitudot?bac2467c6d92ea7ea4eca557fe430509,,gx-no-cache=1456504885205 HTTP/1.1" 200 8987
201.219.233.117 - - [26/Feb/2016:13:41:05 -0300] "GET /cormun/static/gxgral.js?85251 HTTP/1.1" 200 40960
186.103.159.44 - - [26/Feb/2016:13:41:07 -0300] "POST /cormun/servlet/trsolicitudot?bac2467c6d92ea7ea4eca557fe430509,,gx-no-cache=1456504887153 HTTP/1.1" 200 8987
200.30.225.234 - - [26/Feb/2016:13:41:07 -0300] "POST /cormun/servlet/solicitudot?3c9c192b88a52262882efdc29794179a,DLT,2016,190,,gx-no-cache=1456504858078 HTTP/1.1" 200 93
200.30.225.234 - - [26/Feb/2016:13:41:07 -0300] "GET /cormun/servlet/hpexe_return? HTTP/1.1" 200 1009
200.30.225.234 - - [26/Feb/2016:13:41:08 -0300] "GET /cormun/servlet/trsolicitudot HTTP/1.1" 200 8357
200.30.225.234 - - [26/Feb/2016:13:41:08 -0300] "GET /cormun/servlet/trsolicitudot HTTP/1.1" 200 8353
186.103.159.44 - - [26/Feb/2016:13:41:09 -0300] "POST /cormun/servlet/trsolicitudot?bac2467c6d92ea7ea4eca557fe430509,,gx-no-cache=1456504889764 HTTP/1.1" 200 8987
186.103.158.250 - - [26/Feb/2016:13:41:14 -0300] "GET /cormun/servlet/hlogin HTTP/1.1" 200 1718
201.219.233.117 - - [26/Feb/2016:13:41:21 -0300] "GET /cormun/static/Resources/Spanish/PXTools.css?005343 HTTP/1.1" 200 89042
186.103.158.250 - - [26/Feb/2016:13:41:26 -0300] "POST /cormun/servlet/hlogin?fa684e60245401dbed50912efe1cfaba,gx-no-cache=1456504845767 HTTP/1.1" 200 90
186.103.158.250 - - [26/Feb/2016:13:41:26 -0300] "GET /cormun/servlet/hpexe_link HTTP/1.1" 200 971
186.103.159.44 - - [26/Feb/2016:13:41:27 -0300] "POST /cormun/servlet/trsolicitudot?bac2467c6d92ea7ea4eca557fe430509,,gx-no-cache=1456504892295 HTTP/1.1" 200 106
186.103.159.44 - - [26/Feb/2016:13:41:27 -0300] "GET /cormun/servlet/trsolicitudadjuntos?2016,189, HTTP/1.1" 200 5345
186.103.158.250 - - [26/Feb/2016:13:41:27 -0300] "GET /cormun/servlet/trsolicitudadjuntos?2016,163, HTTP/1.1" 200 7829
186.103.159.44 - - [26/Feb/2016:13:41:32 -0300] "GET /cormun/servlet/solicitudotadjuntos?INS,2016,189,,1, HTTP/1.1" 200 5407
186.103.159.44 - - [26/Feb/2016:13:41:33 -0300] "HEAD /cormun/static/about:blank HTTP/1.1" 404 -
186.103.158.250 - - [26/Feb/2016:13:41:34 -0300] "GET /cormun/servlet/solicitudotadjuntos?INS,2016,163,,1, HTTP/1.1" 200 5431
186.103.159.44 - - [26/Feb/2016:13:41:34 -0300] "GET /cormun/servlet/solicitudotadjuntos?33c370aca740ac7485ebc39f9bdaf6b599111b0f31872a3607c2697dc8e1509a954b5dba13bb2604d38e35e82cf88391,gx-no-cache=1456504914379 HTTP/1.1" 200 30
186.103.159.44 - - [26/Feb/2016:13:41:34 -0300] "POST /cormun/servlet/solicitudotadjuntos?bac2467c6d92ea7ea4eca557fe430509,INS,2016,189,,1,,gx-no-cache=1456504914424 HTTP/1.1" 200 3325
186.103.158.250 - - [26/Feb/2016:13:41:34 -0300] "HEAD /cormun/static/about:blank HTTP/1.1" 404 -
186.103.158.250 - - [26/Feb/2016:13:41:36 -0300] "GET /cormun/servlet/solicitudotadjuntos?86c8acb4a33090a5c7f8680989bb7014ce4f78acb4e753fbe9d31f842bfeeb3d62b5a976596a7e63ea3dffa67a3a755e,gx-no-cache=1456504855833 HTTP/1.1" 200 30
186.103.158.250 - - [26/Feb/2016:13:41:36 -0300] "POST /cormun/servlet/solicitudotadjuntos?fa684e60245401dbed50912efe1cfaba,INS,2016,163,,1,,gx-no-cache=1456504855938 HTTP/1.1" 200 3322
186.103.158.250 - - [26/Feb/2016:13:41:40 -0300] "POST /cormun/servlet/solicitudotadjuntos?gx-no-cache=1456504860257 HTTP/1.1" 200 26
186.103.159.44 - - [26/Feb/2016:13:41:46 -0300] "POST /cormun/servlet/solicitudotadjuntos?bac2467c6d92ea7ea4eca557fe430509,INS,2016,189,,1,,gx-no-cache=1456504925985 HTTP/1.1" 200 90
186.103.159.44 - - [26/Feb/2016:13:41:46 -0300] "GET /cormun/servlet/hpexe_link HTTP/1.1" 200 981
186.103.159.44 - - [26/Feb/2016:13:41:46 -0300] "GET /cormun/servlet/trsolicitudadjuntos?2016,189, HTTP/1.1" 200 5346
186.103.158.250 - - [26/Feb/2016:13:41:48 -0300] "GET /cormun/servlet/solicitudotadjuntos?86c8acb4a33090a5c7f8680989bb70141b88ce5639d6c600436c39bec71d3a96,gx-no-cache=1456504868433 HTTP/1.1" 200 30
186.103.158.250 - - [26/Feb/2016:13:41:48 -0300] "GET /cormun/servlet/solicitudotadjuntos?86c8acb4a33090a5c7f8680989bb70141b88ce5639d6c600436c39bec71d3a96,gx-no-cache=1456504868469 HTTP/1.1" 200 30
186.103.158.250 - - [26/Feb/2016:13:41:49 -0300] "POST /cormun/servlet/solicitudotadjuntos?fa684e60245401dbed50912efe1cfaba,INS,2016,163,,1, HTTP/1.1" 200 116
186.103.158.250 - - [26/Feb/2016:13:41:49 -0300] "GET /cormun/servlet/hpexe_return? HTTP/1.1" 200 1028
186.103.158.250 - - [26/Feb/2016:13:41:49 -0300] "GET /cormun/servlet/trsolicitudadjuntos?2016,163, HTTP/1.1" 200 7941
186.103.159.44 - - [26/Feb/2016:13:41:50 -0300] "GET /cormun/servlet/solicitudotadjuntos?INS,2016,189,,1, HTTP/1.1" 200 5407
186.103.159.44 - - [26/Feb/2016:13:41:50 -0300] "HEAD /cormun/static/about:blank HTTP/1.1" 404 -
186.103.159.44 - - [26/Feb/2016:13:41:51 -0300] "GET /cormun/servlet/solicitudotadjuntos?33c370aca740ac7485ebc39f9bdaf6b599111b0f31872a3607c2697dc8e1509a954b5dba13bb2604d38e35e82cf88391,gx-no-cache=1456504931848 HTTP/1.1" 200 30
186.103.159.44 - - [26/Feb/2016:13:41:51 -0300] "POST /cormun/servlet/solicitudotadjuntos?bac2467c6d92ea7ea4eca557fe430509,INS,2016,189,,1,,gx-no-cache=1456504931901 HTTP/1.1" 200 3325
186.103.159.44 - - [26/Feb/2016:13:41:56 -0300] "GET /cormun/servlet/trsolicitudot? HTTP/1.1" 200 11317
186.103.158.250 - - [26/Feb/2016:13:42:03 -0300] "GET /cormun/servlet/solicitudotadjuntos?DLT,2016,163,RELIGION,0, HTTP/1.1" 200 5396
186.103.158.250 - - [26/Feb/2016:13:42:04 -0300] "GET /cormun/PublicTempStorage/autoriz8038383.jpg HTTP/1.1" 200 533515
186.103.158.250 - - [26/Feb/2016:13:42:05 -0300] "GET /cormun/static/Shared/jqueryui/images/ui-bg_highlight-soft_100_c6c2c8_1x100.png HTTP/1.1" 404 1117
186.103.158.250 - - [26/Feb/2016:13:42:05 -0300] "GET /cormun/static/Shared/jqueryui/images/ui-bg_flat_55_fafafa_40x100.png HTTP/1.1" 404 1097
186.103.158.250 - - [26/Feb/2016:13:42:05 -0300] "GET /cormun/static/Shared/jqueryui/images/ui-icons_82798d_256x240.png HTTP/1.1" 404 1089
186.103.158.250 - - [26/Feb/2016:13:42:05 -0300] "GET /cormun/static/Shared/jqueryui/images/ui-icons_8d78a5_256x240.png HTTP/1.1" 404 1089
186.67.172.234 - - [26/Feb/2016:13:42:07 -0300] "GET /cormun/servlet/solicitudot?431d08edd07ea7d616b33faa7e480c76cd22731f7714f54c43927fd2ed4b151b0113fb77328396697e9d6b03c17d7b2fe0a5e345fe3db1f6f812bac50e4392cf8e6f856ee8861bcd7c03da77dfb3f08583bc38886e78e4cff05212c1bd3c9258778de793513f57b41da43439f539bc297e191631673d8040d9869d97075ec7dc74f04f16d5e650e957992964802373e705e3d60e0ae4974d818b118e827d28bf701ae21465104e929f703f4ecbdb1290b0fc5ed6715979f644750e323aa03b3a5827e2f3b5c48f794b257a3c46b02745,gx-no-cache=1456504978754 HTTP/1.1" 200 29
186.103.158.250 - - [26/Feb/2016:13:42:08 -0300] "POST /cormun/servlet/solicitudotadjuntos?fa684e60245401dbed50912efe1cfaba,DLT,2016,163,RELIGION,0,,gx-no-cache=1456504887493 HTTP/1.1" 200 93
186.103.158.250 - - [26/Feb/2016:13:42:08 -0300] "GET /cormun/servlet/hpexe_return? HTTP/1.1" 200 1035
186.103.158.250 - - [26/Feb/2016:13:42:08 -0300] "GET /cormun/servlet/trsolicitudadjuntos?2016,163, HTTP/1.1" 200 7835
186.103.158.250 - - [26/Feb/2016:13:42:14 -0300] "GET /cormun/servlet/solicitudotadjuntos?INS,2016,163,,1, HTTP/1.1" 200 5431
186.103.159.44 - - [26/Feb/2016:13:42:15 -0300] "POST /cormun/servlet/trsolicitudot?bac2467c6d92ea7ea4eca557fe430509,,gx-no-cache=1456504955077 HTTP/1.1" 200 8988
186.103.158.250 - - [26/Feb/2016:13:42:15 -0300] "HEAD /cormun/static/about:blank HTTP/1.1" 404 -
186.103.159.44 - - [26/Feb/2016:13:42:16 -0300] "POST /cormun/servlet/trsolicitudot?bac2467c6d92ea7ea4eca557fe430509,,gx-no-cache=1456504956021 HTTP/1.1" 200 8988
186.103.158.250 - - [26/Feb/2016:13:42:16 -0300] "GET /cormun/servlet/solicitudotadjuntos?86c8acb4a33090a5c7f8680989bb7014ce4f78acb4e753fbe9d31f842bfeeb3d62b5a976596a7e63ea3dffa67a3a755e,gx-no-cache=1456504896210 HTTP/1.1" 200 30
186.103.158.250 - - [26/Feb/2016:13:42:16 -0300] "POST /cormun/servlet/solicitudotadjuntos?fa684e60245401dbed50912efe1cfaba,INS,2016,163,,1,,gx-no-cache=1456504896257 HTTP/1.1" 200 3322
186.103.159.44 - - [26/Feb/2016:13:42:17 -0300] "POST /cormun/servlet/trsolicitudot?bac2467c6d92ea7ea4eca557fe430509,,gx-no-cache=1456504957262 HTTP/1.1" 200 8989
186.103.159.44 - - [26/Feb/2016:13:42:19 -0300] "POST /cormun/servlet/trsolicitudot?bac2467c6d92ea7ea4eca557fe430509,,gx-no-cache=1456504958712 HTTP/1.1" 200 8988
186.103.159.44 - - [26/Feb/2016:13:42:20 -0300] "POST /cormun/servlet/trsolicitudot?bac2467c6d92ea7ea4eca557fe430509,,gx-no-cache=1456504960752 HTTP/1.1" 200 8989
186.103.159.44 - - [26/Feb/2016:13:42:22 -0300] "POST /cormun/servlet/trsolicitudot?bac2467c6d92ea7ea4eca557fe430509,,gx-no-cache=1456504962732 HTTP/1.1" 200 8988
186.103.158.250 - - [26/Feb/2016:13:42:24 -0300] "POST /cormun/servlet/solicitudotadjuntos?gx-no-cache=1456504903584 HTTP/1.1" 200 26
186.103.159.44 - - [26/Feb/2016:13:42:25 -0300] "POST /cormun/servlet/trsolicitudot?bac2467c6d92ea7ea4eca557fe430509,,gx-no-cache=1456504964965 HTTP/1.1" 200 8987
186.103.156.24 - - [26/Feb/2016:13:42:36 -0300] "POST /cormun/servlet/solicitudot?gx-no-cache=1456505067427 HTTP/1.1" 200 30
186.103.156.24 - - [26/Feb/2016:13:42:40 -0300] "POST /cormun/servlet/solicitudot?gx-no-cache=1456505071638 HTTP/1.1" 200 33
186.103.156.24 - - [26/Feb/2016:13:42:40 -0300] "POST /cormun/servlet/solicitudot?gx-no-cache=1456505071700 HTTP/1.1" 200 452
186.103.156.24 - - [26/Feb/2016:13:42:40 -0300] "GET /cormun/servlet/solicitudot?ce7a9b60bef21b405fdc6c7e7f4f9facd70e307a4a9c7ef17a50f2f4576dc3e9d632c022c8cfd969d69299f01a392748403ad0209ebccac0bdb0046be6e552fa5defe6a0ef2618c7903ecce1743b38c718ed2b54ff35630806115b03b1ddbe8fb6eefc4636083a55fb4b7dfc909c720c7d0b9db183c3a1335fddaa0255e518e9fea45307d4de3a13cce652fcb6997962,gx-no-cache=1456505071741 HTTP/1.1" 200 38
192.168.10.89 - - [26/Feb/2016:13:42:41 -0300] "POST /cormun/servlet/hlogin?3445f29620afcf48bde704f99431b2cb,gx-no-cache=1456504716508 HTTP/1.1" 440 972
186.103.159.44 - - [26/Feb/2016:13:42:42 -0300] "POST /cormun/servlet/trsolicitudot?bac2467c6d92ea7ea4eca557fe430509,,gx-no-cache=1456504967465 HTTP/1.1" 200 9243
186.103.158.250 - - [26/Feb/2016:13:42:44 -0300] "GET /cormun/servlet/solicitudotadjuntos?86c8acb4a33090a5c7f8680989bb70141b88ce5639d6c600436c39bec71d3a96,gx-no-cache=1456504923902 HTTP/1.1" 200 30
186.103.158.250 - - [26/Feb/2016:13:42:44 -0300] "GET /cormun/servlet/solicitudotadjuntos?86c8acb4a33090a5c7f8680989bb70141b88ce5639d6c600436c39bec71d3a96,gx-no-cache=1456504924057 HTTP/1.1" 200 30
186.103.158.250 - - [26/Feb/2016:13:42:46 -0300] "POST /cormun/servlet/solicitudotadjuntos?fa684e60245401dbed50912efe1cfaba,INS,2016,163,,1, HTTP/1.1" 200 116
186.67.172.234 - - [26/Feb/2016:13:42:46 -0300] "POST /cormun/servlet/solicitudot?gx-no-cache=1456505016839 HTTP/1.1" 200 1116
186.103.158.250 - - [26/Feb/2016:13:42:46 -0300] "GET /cormun/servlet/hpexe_return? HTTP/1.1" 200 1028
186.103.158.250 - - [26/Feb/2016:13:42:46 -0300] "GET /cormun/servlet/trsolicitudadjuntos?2016,163, HTTP/1.1" 200 7940
186.103.159.44 - - [26/Feb/2016:13:42:48 -0300] "GET /cormun/static/Shared/jqueryui/images/ui-bg_flat_55_fafafa_40x100.png HTTP/1.1" 404 1097
186.103.159.44 - - [26/Feb/2016:13:42:48 -0300] "GET /cormun/static/Shared/jqueryui/images/ui-icons_82798d_256x240.png HTTP/1.1" 404 1089
186.103.159.44 - - [26/Feb/2016:13:42:48 -0300] "GET /cormun/static/Shared/jqueryui/images/ui-bg_highlight-soft_100_c6c2c8_1x100.png HTTP/1.1" 404 1117
186.103.159.44 - - [26/Feb/2016:13:42:48 -0300] "GET /cormun/static/Shared/jqueryui/images/ui-icons_8d78a5_256x240.png HTTP/1.1" 404 1089
186.103.158.250 - - [26/Feb/2016:13:43:01 -0300] "POST /cormun/servlet/trsolicitudadjuntos?fa684e60245401dbed50912efe1cfaba,2016,163,,gx-no-cache=1456504940712 HTTP/1.1" 200 90
186.103.158.250 - - [26/Feb/2016:13:43:01 -0300] "GET /cormun/servlet/hpexe_link HTTP/1.1" 200 991
186.103.158.250 - - [26/Feb/2016:13:43:01 -0300] "GET /cormun/servlet/trsolicitudot?gx-no-cache=1456502536032 HTTP/1.1" 200 7734
192.168.10.89 - - [26/Feb/2016:13:43:03 -0300] "GET /cormun/servlet/hhome HTTP/1.1" 200 3220
186.103.159.44 - - [26/Feb/2016:13:43:03 -0300] "POST /cormun/servlet/trsolicitudot?bac2467c6d92ea7ea4eca557fe430509,,gx-no-cache=1456505003338 HTTP/1.1" 200 8987
192.168.10.89 - - [26/Feb/2016:13:43:03 -0300] "GET /cormun/servlet/hlogin HTTP/1.1" 200 1726
186.103.159.44 - - [26/Feb/2016:13:43:06 -0300] "POST /cormun/servlet/trsolicitudot?bac2467c6d92ea7ea4eca557fe430509,,gx-no-cache=1456505006332 HTTP/1.1" 200 8988
186.103.159.44 - - [26/Feb/2016:13:43:09 -0300] "POST /cormun/servlet/trsolicitudot?bac2467c6d92ea7ea4eca557fe430509,,gx-no-cache=1456505009764 HTTP/1.1" 200 8988
