186.78.37.98 - - [26/Feb/2016:13:23:04 -0300] "GET /cormun/servlet/trsolicitudot?7bf832b40bb3cd261b28402895df458596d6533ae77422843f7957eb4cedc9806ae490fc1779ae7b6add51fd8c892837657ca67e1d17c0432a4ab53cc9a1c94e27e726fa5be4856304558f3be809e18d,gx-no-cache=1456503812537 HTTP/1.1" 200 723
186.78.37.98 - - [26/Feb/2016:13:23:05 -0300] "POST /cormun/servlet/trsolicitudot?c625cffd78fbb7880c1338272d509c46,,gx-no-cache=1456503813345 HTTP/1.1" 200 3448
201.219.233.117 - - [26/Feb/2016:13:23:09 -0300] "GET /cormun/servlet/hlogin HTTP/1.1" 200 1726
201.219.233.117 - - [26/Feb/2016:13:23:11 -0300] "GET /cormun/static/gxtimezone.js?85251 HTTP/1.1" 200 5781
200.30.225.234 - - [26/Feb/2016:13:23:13 -0300] "POST /cormun/servlet/solicitudot?gx-no-cache=1456503784068 HTTP/1.1" 200 30
201.219.233.117 - - [26/Feb/2016:13:23:13 -0300] "GET /cormun/static/gxcfg.js?20151120045111 HTTP/1.1" 200 953
200.30.225.234 - - [26/Feb/2016:13:23:13 -0300] "POST /cormun/servlet/solicitudot?gx-no-cache=1456503784150 HTTP/1.1" 200 33
200.30.225.234 - - [26/Feb/2016:13:23:13 -0300] "POST /cormun/servlet/solicitudot?gx-no-cache=1456503784220 HTTP/1.1" 200 452
200.30.225.234 - - [26/Feb/2016:13:23:13 -0300] "GET /cormun/servlet/solicitudot?ccd40cde71c7b1ad36fa75ca726c04d894a0b2d87276f21e4e7367827a5f55de21823dac20fad28f57ce2d94cbe4daf4d840befc94b9866213e8b8cef72799439e2d81612a138b58b90cde823b76cad43f35d02d2c674b5a5961412ff67b1ed17ca4035f854628c93d3eed13c34aafed960185f080a02c955bbbde2ad401bd3f2423218f91c1c78d8d94eaf422968c7f,gx-no-cache=1456503784308 HTTP/1.1" 200 38
201.219.233.117 - - [26/Feb/2016:13:23:13 -0300] "GET /cormun/static/hlogin.js?20151120045126 HTTP/1.1" 200 2136
186.78.37.98 - - [26/Feb/2016:13:23:17 -0300] "GET /cormun/servlet/trsolicitudot?7bf832b40bb3cd261b28402895df458596d6533ae77422843f7957eb4cedc98019fa506b1f595bf0f94c5530dccd71e65602bc52dce7b46ca6f40652210a07326e5aa3019812bd65a96020a86009f154c8e37736073bf6489f6804c6d9267fd5,gx-no-cache=1456503826115 HTTP/1.1" 200 724
201.219.233.117 - - [26/Feb/2016:13:23:24 -0300] "GET /cormun/static/messages.spa.js?85251 HTTP/1.1" 200 30736
186.78.37.98 - - [26/Feb/2016:13:23:26 -0300] "GET /cormun/servlet/trsolicitudot?7bf832b40bb3cd261b28402895df4585fc7749f63bca813dd73518e034698cecbb0994b2cadcfd71b1f864a349677b48cf41ea86ce2587b53e8d65408fe7ad2227b6e746d8d097dca92ee77dba11b9f1f5f8dda2001c2277e59b4f29af41985a,gx-no-cache=1456503834486 HTTP/1.1" 200 724
186.78.37.98 - - [26/Feb/2016:13:23:28 -0300] "POST /cormun/servlet/trsolicitudot?c625cffd78fbb7880c1338272d509c46,,gx-no-cache=1456503835207 HTTP/1.1" 200 3448
186.103.156.24 - - [26/Feb/2016:13:23:34 -0300] "GET /cormun/servlet/hlogin HTTP/1.1" 200 1709
186.103.156.24 - - [26/Feb/2016:13:23:34 -0300] "GET /cormun/static/gxcfg.js?20151120045111 HTTP/1.1" 200 953
186.103.156.24 - - [26/Feb/2016:13:23:34 -0300] "GET /cormun/static/Resources/Spanish/PXTools.css?005343 HTTP/1.1" 200 89042
186.103.156.24 - - [26/Feb/2016:13:23:35 -0300] "GET /cormun/static/Resources/ComunLogin.png HTTP/1.1" 200 17326
186.103.156.24 - - [26/Feb/2016:13:23:35 -0300] "GET /cormun/static/gxtimezone.js?85251 HTTP/1.1" 200 5781
186.103.156.24 - - [26/Feb/2016:13:23:36 -0300] "GET /cormun/static/hlogin.js?20151120045126 HTTP/1.1" 200 2136
186.103.156.24 - - [26/Feb/2016:13:23:36 -0300] "GET /cormun/static/messages.spa.js?85251 HTTP/1.1" 200 30736
186.103.156.24 - - [26/Feb/2016:13:23:37 -0300] "GET /cormun/static/gxgral.js?85251 HTTP/1.1" 200 384558
186.103.156.24 - - [26/Feb/2016:13:23:41 -0300] "GET /cormun/static/Resources/PXToolsLoginBackground.png HTTP/1.1" 200 1164
186.103.156.24 - - [26/Feb/2016:13:23:41 -0300] "GET /cormun/static/Resources/PXToolsLoginTop.png HTTP/1.1" 200 1337
186.103.156.24 - - [26/Feb/2016:13:23:41 -0300] "GET /cormun/static/Resources/PXToolsButtonLeft21.png HTTP/1.1" 200 1287
186.103.156.24 - - [26/Feb/2016:13:23:41 -0300] "GET /cormun/static/Resources/PXToolsButtonBackground2.png HTTP/1.1" 200 1181
186.103.156.24 - - [26/Feb/2016:13:23:41 -0300] "GET /cormun/static/Resources/PXToolsLoginBottom.png HTTP/1.1" 200 1389
186.103.156.24 - - [26/Feb/2016:13:23:41 -0300] "GET /cormun/static/Resources/PXToolsButtonRight21.png HTTP/1.1" 200 1283
186.103.156.24 - - [26/Feb/2016:13:23:41 -0300] "GET /cormun/static/Resources/indicator.gif HTTP/1.1" 200 1553
186.103.156.24 - - [26/Feb/2016:13:23:41 -0300] "GET /cormun/servlet/hlogin HTTP/1.1" 200 1719
186.103.156.24 - - [26/Feb/2016:13:23:42 -0300] "GET /cormun/static/Resources/PXToolsButtonRight21.png HTTP/1.1" 200 1283
186.103.156.24 - - [26/Feb/2016:13:23:42 -0300] "GET /cormun/static/Resources/PXToolsButtonBackground2.png HTTP/1.1" 200 1181
186.103.156.24 - - [26/Feb/2016:13:23:42 -0300] "GET /cormun/static/Resources/PXToolsLoginTop.png HTTP/1.1" 200 1337
186.103.156.24 - - [26/Feb/2016:13:23:42 -0300] "GET /cormun/static/Resources/indicator.gif HTTP/1.1" 200 1553
186.103.156.24 - - [26/Feb/2016:13:23:42 -0300] "GET /favicon.ico HTTP/1.1" 200 21630
186.78.37.98 - - [26/Feb/2016:13:24:04 -0300] "GET /cormun/servlet/trsolicitudot?7bf832b40bb3cd261b28402895df4585fc7749f63bca813dd73518e034698cecbb0994b2cadcfd71b1f864a349677b48cf41ea86ce2587b53e8d65408fe7ad2227b6e746d8d097dca92ee77dba11b9f1f5f8dda2001c2277e59b4f29af41985a,gx-no-cache=1456503872335 HTTP/1.1" 200 724
186.78.37.98 - - [26/Feb/2016:13:24:04 -0300] "POST /cormun/servlet/trsolicitudot?c625cffd78fbb7880c1338272d509c46,,gx-no-cache=1456503872588 HTTP/1.1" 200 3449
186.103.156.24 - - [26/Feb/2016:13:24:17 -0300] "POST /cormun/servlet/hlogin?ff279fb7925b38f0833832256426fa6a,gx-no-cache=1456503936841 HTTP/1.1" 200 446
186.78.37.98 - - [26/Feb/2016:13:24:36 -0300] "POST /cormun/servlet/trsolicitudot?c625cffd78fbb7880c1338272d509c46,,gx-no-cache=1456503899846 HTTP/1.1" 200 3449
186.78.37.98 - - [26/Feb/2016:13:24:43 -0300] "GET /cormun/servlet/trsolicitudot?7bf832b40bb3cd261b28402895df458596d6533ae77422843f7957eb4cedc980305b7aa2a7ce9c2862ffa68bd2f1a39f5602bc52dce7b46ca6f40652210a07326e5aa3019812bd65a96020a86009f154c8e37736073bf6489f6804c6d9267fd5,gx-no-cache=1456503911223 HTTP/1.1" 200 724
186.67.172.234 - - [26/Feb/2016:13:24:49 -0300] "GET /cormun/servlet/hlogin HTTP/1.1" 200 1720
186.67.172.234 - - [26/Feb/2016:13:24:49 -0300] "GET /cormun/static/gxtimezone.js?85251 HTTP/1.1" 200 5781
186.67.172.234 - - [26/Feb/2016:13:24:49 -0300] "GET /cormun/static/gxcfg.js?20151120045111 HTTP/1.1" 200 953
186.67.172.234 - - [26/Feb/2016:13:24:49 -0300] "GET /cormun/static/hlogin.js?20151120045126 HTTP/1.1" 200 2136
186.67.172.234 - - [26/Feb/2016:13:24:49 -0300] "GET /cormun/static/Resources/Spanish/PXTools.css?005343 HTTP/1.1" 200 89042
186.67.172.234 - - [26/Feb/2016:13:24:49 -0300] "GET /cormun/static/messages.spa.js?85251 HTTP/1.1" 200 30736
186.67.172.234 - - [26/Feb/2016:13:24:49 -0300] "GET /cormun/static/Resources/ComunLogin.png HTTP/1.1" 200 17326
186.67.172.234 - - [26/Feb/2016:13:24:50 -0300] "GET /cormun/static/gxgral.js?85251 HTTP/1.1" 200 384558
186.67.172.234 - - [26/Feb/2016:13:24:50 -0300] "GET /cormun/static/Resources/PXToolsLoginTop.png HTTP/1.1" 200 1337
186.67.172.234 - - [26/Feb/2016:13:24:50 -0300] "GET /cormun/static/Resources/PXToolsButtonRight21.png HTTP/1.1" 200 1283
186.67.172.234 - - [26/Feb/2016:13:24:50 -0300] "GET /cormun/static/Resources/PXToolsLoginBottom.png HTTP/1.1" 200 1389
186.67.172.234 - - [26/Feb/2016:13:24:50 -0300] "GET /cormun/static/Resources/PXToolsButtonBackground2.png HTTP/1.1" 200 1181
186.67.172.234 - - [26/Feb/2016:13:24:50 -0300] "GET /cormun/static/Resources/PXToolsLoginBackground.png HTTP/1.1" 200 1164
186.67.172.234 - - [26/Feb/2016:13:24:50 -0300] "GET /cormun/static/Resources/PXToolsButtonLeft21.png HTTP/1.1" 200 1287
186.67.172.234 - - [26/Feb/2016:13:24:50 -0300] "GET /cormun/static/Resources/indicator.gif HTTP/1.1" 200 1553
186.103.156.24 - - [26/Feb/2016:13:24:52 -0300] "POST /cormun/servlet/hlogin?ff279fb7925b38f0833832256426fa6a,gx-no-cache=1456503975839 HTTP/1.1" 200 440
186.67.172.234 - - [26/Feb/2016:13:25:05 -0300] "POST /cormun/servlet/hlogin?974ef71ca7a5bc441549e624289e476d,gx-no-cache=1456503956081 HTTP/1.1" 200 432
200.30.225.234 - - [26/Feb/2016:13:25:06 -0300] "POST /cormun/servlet/solicitudot?gx-no-cache=1456503897092 HTTP/1.1" 200 30
200.30.225.234 - - [26/Feb/2016:13:25:14 -0300] "POST /cormun/servlet/solicitudot?gx-no-cache=1456503905069 HTTP/1.1" 200 122
200.30.225.234 - - [26/Feb/2016:13:25:14 -0300] "GET /cormun/static/Shared/jqueryui/images/ui-bg_highlight-soft_100_c6c2c8_1x100.png HTTP/1.1" 404 1117
200.30.225.234 - - [26/Feb/2016:13:25:14 -0300] "GET /cormun/static/Shared/jqueryui/images/ui-icons_82798d_256x240.png HTTP/1.1" 404 1089
200.30.225.234 - - [26/Feb/2016:13:25:14 -0300] "GET /cormun/static/Shared/jqueryui/images/ui-icons_ebccce_256x240.png HTTP/1.1" 404 1089
200.30.225.234 - - [26/Feb/2016:13:25:14 -0300] "GET /cormun/static/Shared/jqueryui/images/ui-bg_flat_55_994d53_40x100.png HTTP/1.1" 404 1097
186.78.37.98 - - [26/Feb/2016:13:25:15 -0300] "GET /cormun/servlet/trsolicitudot?7bf832b40bb3cd261b28402895df4585fc7749f63bca813dd73518e034698cecbb0994b2cadcfd71b1f864a349677b48cf41ea86ce2587b53e8d65408fe7ad2227b6e746d8d097dca92ee77dba11b9f1f5f8dda2001c2277e59b4f29af41985a,gx-no-cache=1456503942688 HTTP/1.1" 200 724
186.67.172.234 - - [26/Feb/2016:13:25:19 -0300] "POST /cormun/servlet/hlogin?974ef71ca7a5bc441549e624289e476d,gx-no-cache=1456503970037 HTTP/1.1" 200 432
186.67.172.234 - - [26/Feb/2016:13:25:32 -0300] "POST /cormun/servlet/hlogin?974ef71ca7a5bc441549e624289e476d,gx-no-cache=1456503983710 HTTP/1.1" 200 90
186.67.172.234 - - [26/Feb/2016:13:25:33 -0300] "GET /cormun/servlet/hpexe_link HTTP/1.1" 200 949
186.67.172.234 - - [26/Feb/2016:13:25:33 -0300] "GET /cormun/static/gxcfg.js?20151120044395 HTTP/1.1" 200 953
186.67.172.234 - - [26/Feb/2016:13:25:33 -0300] "GET /cormun/static/hpexe_link.js?20151120044398 HTTP/1.1" 200 625
186.67.172.234 - - [26/Feb/2016:13:25:33 -0300] "GET /cormun/servlet/hhome HTTP/1.1" 200 3356
186.67.172.234 - - [26/Feb/2016:13:25:33 -0300] "GET /cormun/static/Shared/jqueryui/jquery-ui.min.css?1345370 HTTP/1.1" 200 30288
186.67.172.234 - - [26/Feb/2016:13:25:33 -0300] "GET /cormun/static/SmoothNavMenu/resources/ddsmoothmenu.css?1112540 HTTP/1.1" 200 2223
186.67.172.234 - - [26/Feb/2016:13:25:33 -0300] "GET /cormun/static/scaMessage/css/jquery.pnotify.default.css?1816380 HTTP/1.1" 200 1707
186.67.172.234 - - [26/Feb/2016:13:25:33 -0300] "GET /cormun/static/SmoothNavMenu/resources/ddsmoothmenu-v.css?1112540 HTTP/1.1" 200 1188
186.67.172.234 - - [26/Feb/2016:13:25:33 -0300] "GET /cormun/static/gxcfg.js?2015112210564248 HTTP/1.1" 200 953
186.67.172.234 - - [26/Feb/2016:13:25:33 -0300] "GET /cormun/static/Resources/Spanish/PXTools.css?10515224 HTTP/1.1" 200 89042
186.67.172.234 - - [26/Feb/2016:13:25:33 -0300] "GET /cormun/static/PXToolsJavascripts/pexe_autoreload.js HTTP/1.1" 200 1762
186.67.172.234 - - [26/Feb/2016:13:25:33 -0300] "GET /cormun/static/PXToolsJavascripts/pexe_cookies.js HTTP/1.1" 200 792
186.67.172.234 - - [26/Feb/2016:13:25:33 -0300] "GET /cormun/static/PXToolsJavascripts/pexe_windows.js HTTP/1.1" 200 15207
186.67.172.234 - - [26/Feb/2016:13:25:33 -0300] "GET /cormun/static/PXToolsJavascripts/pexe_grid.js HTTP/1.1" 200 7559
186.67.172.234 - - [26/Feb/2016:13:25:33 -0300] "GET /cormun/static/PXToolsJavascripts/pexe_griddivfix.js HTTP/1.1" 200 6644
186.67.172.234 - - [26/Feb/2016:13:25:33 -0300] "GET /cormun/static/PXToolsJavascripts/pexe_link.js HTTP/1.1" 200 5671
186.67.172.234 - - [26/Feb/2016:13:25:33 -0300] "GET /cormun/static/PXToolsJavascripts/pexe_menudivfix.js HTTP/1.1" 200 333
186.67.172.234 - - [26/Feb/2016:13:25:33 -0300] "GET /cormun/static/PXToolsJavascripts/pexe_menus.js HTTP/1.1" 200 1286
186.67.172.234 - - [26/Feb/2016:13:25:33 -0300] "GET /cormun/static/PXToolsJavascripts/pexe_layers.js HTTP/1.1" 200 4114
186.67.172.234 - - [26/Feb/2016:13:25:33 -0300] "GET /cormun/static/PXToolsJavascripts/pexe_picture.js HTTP/1.1" 200 689
186.67.172.234 - - [26/Feb/2016:13:25:33 -0300] "GET /cormun/static/PXToolsJavascripts/pexe_oavdivfix.js HTTP/1.1" 200 639
186.67.172.234 - - [26/Feb/2016:13:25:33 -0300] "GET /cormun/static/PXToolsJavascripts/pexe_popup.js HTTP/1.1" 200 13458
186.67.172.234 - - [26/Feb/2016:13:25:33 -0300] "GET /cormun/static/PXToolsJavascripts/pexe_oav.js HTTP/1.1" 200 645
186.67.172.234 - - [26/Feb/2016:13:25:33 -0300] "GET /cormun/static/PXToolsJavascripts/pexe_scrolldiv.js HTTP/1.1" 200 4138
186.67.172.234 - - [26/Feb/2016:13:25:33 -0300] "GET /cormun/static/PXToolsJavascripts/pexe_tabdivfix.js HTTP/1.1" 200 876
186.67.172.234 - - [26/Feb/2016:13:25:33 -0300] "GET /cormun/static/PXToolsJavascripts/pexe_tabs.js HTTP/1.1" 200 3748
186.67.172.234 - - [26/Feb/2016:13:25:33 -0300] "GET /cormun/static/PXToolsJavascripts/pexe_upload.js HTTP/1.1" 200 1423
186.67.172.234 - - [26/Feb/2016:13:25:33 -0300] "GET /cormun/static/RunJS/RunJS.js HTTP/1.1" 200 288
186.67.172.234 - - [26/Feb/2016:13:25:33 -0300] "GET /cormun/static/PXToolsJavascripts/PXToolsJavascriptsRender.js HTTP/1.1" 200 367
186.67.172.234 - - [26/Feb/2016:13:25:33 -0300] "GET /cormun/static/Shared/ext/locale/ext-lang-en.js HTTP/1.1" 200 10940
186.67.172.234 - - [26/Feb/2016:13:25:33 -0300] "GET /cormun/static/hhome.js?2015112210564255 HTTP/1.1" 200 777
186.67.172.234 - - [26/Feb/2016:13:25:33 -0300] "GET /cormun/static/hwchdr01.js?20162241650484 HTTP/1.1" 200 1002
186.67.172.234 - - [26/Feb/2016:13:25:33 -0300] "GET /cormun/static/hpexe_recentlink.js?2015111312121342 HTTP/1.1" 200 2144
186.67.172.234 - - [26/Feb/2016:13:25:33 -0300] "GET /cormun/static/hpexe_scripts.js?20151120014546 HTTP/1.1" 200 1544
186.67.172.234 - - [26/Feb/2016:13:25:33 -0300] "GET /cormun/static/hpexe_messagepopupcomponent.js?201622412404545 HTTP/1.1" 200 605
186.67.172.234 - - [26/Feb/2016:13:25:33 -0300] "GET /cormun/static/hpexe_messagecontroller.js?2015112210524422 HTTP/1.1" 200 870
186.67.172.234 - - [26/Feb/2016:13:25:33 -0300] "GET /cormun/static/gxui/gxui-all.js HTTP/1.1" 200 107772
186.67.172.234 - - [26/Feb/2016:13:25:33 -0300] "GET /cormun/static/cmcontrolpreferences.js?20151120014525 HTTP/1.1" 200 1375
186.67.172.234 - - [26/Feb/2016:13:25:33 -0300] "GET /cormun/static/hpexe_messagegenexuscomponent.js?20151120014314 HTTP/1.1" 200 587
186.67.172.234 - - [26/Feb/2016:13:25:33 -0300] "GET /cormun/static/Shared/jquery/jquery-1.4.2.min.js HTTP/1.1" 200 72174
186.67.172.234 - - [26/Feb/2016:13:25:33 -0300] "GET /cormun/static/SmoothNavMenu/resources/ddsmoothmenu.js HTTP/1.1" 200 12712
186.67.172.234 - - [26/Feb/2016:13:25:33 -0300] "GET /cormun/static/SmoothNavMenu/resources/SmoothNavMenuRender.js HTTP/1.1" 200 5951
186.67.172.234 - - [26/Feb/2016:13:25:33 -0300] "GET /cormun/static/scaMessage/js/jquery.pnotify.min.js HTTP/1.1" 200 13038
186.67.172.234 - - [26/Feb/2016:13:25:33 -0300] "GET /cormun/static/Shared/jqueryui/jquery-ui.min.js HTTP/1.1" 200 240427
186.67.172.234 - - [26/Feb/2016:13:25:33 -0300] "GET /cormun/static/scaMessage/scaMessageRender.js HTTP/1.1" 200 11977
186.67.172.234 - - [26/Feb/2016:13:25:33 -0300] "GET /cormun/static/hmpwkw03.js?201622421393366 HTTP/1.1" 200 3845
186.67.172.234 - - [26/Feb/2016:13:25:33 -0300] "GET /cormun/static/Shared/jquery/jquery-1.10.2.min.js HTTP/1.1" 200 273199
186.67.172.234 - - [26/Feb/2016:13:25:33 -0300] "GET /cormun/static/Resources/logo4.png HTTP/1.1" 200 6582
186.67.172.234 - - [26/Feb/2016:13:25:33 -0300] "GET /cormun/static/Resources/PXToolsHeaderActionsLeft.png HTTP/1.1" 200 1118
186.67.172.234 - - [26/Feb/2016:13:25:33 -0300] "GET /cormun/static/Resources/PXToolsHeaderHome.png HTTP/1.1" 200 4147
186.67.172.234 - - [26/Feb/2016:13:25:33 -0300] "GET /cormun/static/Resources/PXToolsHeaderLogin.png HTTP/1.1" 200 4279
186.67.172.234 - - [26/Feb/2016:13:25:33 -0300] "GET /cormun/static/Resources/PXToolsHeaderPreferences.png HTTP/1.1" 200 4189
186.67.172.234 - - [26/Feb/2016:13:25:33 -0300] "GET /cormun/static/Resources/PXToolsHeaderSecurity.png HTTP/1.1" 200 4166
186.67.172.234 - - [26/Feb/2016:13:25:33 -0300] "GET /cormun/static/Resources/PXToolsHeaderActionsRight.png HTTP/1.1" 200 1201
186.67.172.234 - - [26/Feb/2016:13:25:34 -0300] "GET /cormun/static/Resources/PXToolsHeaderBackground2.png HTTP/1.1" 200 1174
186.67.172.234 - - [26/Feb/2016:13:25:34 -0300] "GET /cormun/static/Resources/PXToolsHeaderActionsBackground.png HTTP/1.1" 200 484
186.67.172.234 - - [26/Feb/2016:13:25:34 -0300] "GET /cormun/static/Resources/PXToolsFooterBackground2.png HTTP/1.1" 200 1172
186.67.172.234 - - [26/Feb/2016:13:25:34 -0300] "GET /cormun/static/Resources/PXToolsDataTitle.png HTTP/1.1" 200 1173
186.67.172.234 - - [26/Feb/2016:13:25:34 -0300] "GET /cormun/static/Shared/ext/ext-all.js HTTP/1.1" 200 1289687
186.67.172.234 - - [26/Feb/2016:13:25:34 -0300] "GET /cormun/static/SmoothNavMenu/resources/images/down.gif HTTP/1.1" 200 854
186.67.172.234 - - [26/Feb/2016:13:25:34 -0300] "GET /cormun/servlet/hhome HTTP/1.1" 200 3353
200.30.225.234 - - [26/Feb/2016:13:25:43 -0300] "POST /cormun/servlet/solicitudot?gx-no-cache=1456503934208 HTTP/1.1" 200 30
186.67.172.234 - - [26/Feb/2016:13:25:50 -0300] "GET /cormun/servlet/trsolicitudot? HTTP/1.1" 200 6075
186.67.172.234 - - [26/Feb/2016:13:25:50 -0300] "GET /cormun/static/calendar-system.css?85620 HTTP/1.1" 200 5572
186.67.172.234 - - [26/Feb/2016:13:25:50 -0300] "GET /cormun/static/gxui/gxui-all.css?120300 HTTP/1.1" 200 2179
186.67.172.234 - - [26/Feb/2016:13:25:50 -0300] "GET /cormun/static/gxcfg.js?20161623482752 HTTP/1.1" 200 953
186.67.172.234 - - [26/Feb/2016:13:25:50 -0300] "GET /cormun/static/calendar.js?85251 HTTP/1.1" 200 26246
186.67.172.234 - - [26/Feb/2016:13:25:50 -0300] "GET /cormun/static/calendar-setup.js?85251 HTTP/1.1" 200 2588
186.67.172.234 - - [26/Feb/2016:13:25:50 -0300] "GET /cormun/static/calendar-es.js?85251 HTTP/1.1" 200 1901
186.67.172.234 - - [26/Feb/2016:13:25:50 -0300] "GET /cormun/static/gxdec.js?85251 HTTP/1.1" 200 19579
186.67.172.234 - - [26/Feb/2016:13:25:50 -0300] "GET /cormun/static/trsolicitudot.js?20161623483284 HTTP/1.1" 200 45324
186.67.172.234 - - [26/Feb/2016:13:25:50 -0300] "GET /cormun/static/Resources/Spanish/PXTools.css?17554516 HTTP/1.1" 200 89042
186.67.172.234 - - [26/Feb/2016:13:25:50 -0300] "GET /cormun/static/Resources/PXTools/calendar.png HTTP/1.1" 200 1306
186.67.172.234 - - [26/Feb/2016:13:25:50 -0300] "GET /cormun/static/Resources/PXToolsDataSearch.png HTTP/1.1" 200 419
186.67.172.234 - - [26/Feb/2016:13:25:50 -0300] "GET /cormun/static/Resources/PXToolsGridFirst.gif HTTP/1.1" 200 379
186.67.172.234 - - [26/Feb/2016:13:25:50 -0300] "GET /cormun/static/Resources/PXToolsGridPrevious.gif HTTP/1.1" 200 369
186.67.172.234 - - [26/Feb/2016:13:25:50 -0300] "GET /cormun/static/Shared/ext/resources/css/ext-all.css?215870 HTTP/1.1" 200 416045
186.67.172.234 - - [26/Feb/2016:13:25:50 -0300] "GET /cormun/static/Resources/PXToolsGridNext.gif HTTP/1.1" 200 369
186.67.172.234 - - [26/Feb/2016:13:25:50 -0300] "GET /cormun/static/Resources/PXToolsGridLast.gif HTTP/1.1" 200 370
186.67.172.234 - - [26/Feb/2016:13:25:50 -0300] "GET /cormun/static/Resources/PXToolsActionExcel.png HTTP/1.1" 200 3187
186.67.172.234 - - [26/Feb/2016:13:25:50 -0300] "GET /cormun/static/Resources/PXToolsGridNew.png HTTP/1.1" 200 2949
200.30.225.234 - - [26/Feb/2016:13:25:51 -0300] "POST /cormun/servlet/solicitudot?gx-no-cache=1456503942054 HTTP/1.1" 200 30
186.67.172.234 - - [26/Feb/2016:13:25:51 -0300] "GET /cormun/static/Resources/desc.gif HTTP/1.1" 200 65
186.67.172.234 - - [26/Feb/2016:13:25:51 -0300] "GET /cormun/static/Resources/asc.gif HTTP/1.1" 200 67
186.67.172.234 - - [26/Feb/2016:13:25:51 -0300] "GET /cormun/servlet/trsolicitudot? HTTP/1.1" 200 6074
186.67.172.234 - - [26/Feb/2016:13:25:51 -0300] "GET /cormun/static/Shared/ext/resources/themes/images/default/panel/bg-headersPanel.png HTTP/1.1" 200 255
186.67.172.234 - - [26/Feb/2016:13:25:51 -0300] "GET /cormun/static/Shared/ext/resources/themes/images/default/tools/tool-sprites.gif HTTP/1.1" 200 5434
186.67.172.234 - - [26/Feb/2016:13:25:52 -0300] "POST /cormun/servlet/acontrolpreferencessavestate?None,CA-2,true HTTP/1.1" 200 35
186.78.37.98 - - [26/Feb/2016:13:25:57 -0300] "GET /cormun/servlet/trsolicitudot?7bf832b40bb3cd261b28402895df4585fc7749f63bca813dd73518e034698cec88f8ef01f47a018b0dedd73588958a196b8555fb991062595623bfeeeee63ccb4239d1fd8a1f27c6db821e18f80f6159e8a94ce7fd727da1ca5b6318d7950147,gx-no-cache=1456503985330 HTTP/1.1" 200 724
186.78.37.98 - - [26/Feb/2016:13:25:58 -0300] "GET /cormun/servlet/trsolicitudot?7bf832b40bb3cd261b28402895df458596d6533ae77422843f7957eb4cedc980802f57064a5d70a574c67c876c21c4895602bc52dce7b46ca6f40652210a07326e5aa3019812bd65a96020a86009f154c8e37736073bf6489f6804c6d9267fd5,gx-no-cache=1456503986646 HTTP/1.1" 200 724
200.30.225.234 - - [26/Feb/2016:13:26:07 -0300] "POST /cormun/servlet/solicitudot?gx-no-cache=1456503958582 HTTP/1.1" 200 30
186.78.37.98 - - [26/Feb/2016:13:26:07 -0300] "GET /cormun/servlet/hlogin HTTP/1.1" 200 1721
186.78.37.98 - - [26/Feb/2016:13:26:09 -0300] "GET /cormun/static/gxtimezone.js?85251 HTTP/1.1" 200 5781
186.78.37.98 - - [26/Feb/2016:13:26:10 -0300] "GET /cormun/static/gxcfg.js?20151120045111 HTTP/1.1" 200 953
186.78.37.98 - - [26/Feb/2016:13:26:10 -0300] "GET /cormun/static/hlogin.js?20151120045126 HTTP/1.1" 200 2136
186.78.37.98 - - [26/Feb/2016:13:26:10 -0300] "GET /cormun/Manuales/manual.pdf HTTP/1.1" 206 32768
186.78.37.98 - - [26/Feb/2016:13:26:10 -0300] "GET /cormun/static/messages.spa.js?85251 HTTP/1.1" 200 30736
186.78.37.98 - - [26/Feb/2016:13:26:11 -0300] "GET /cormun/static/Resources/ComunLogin.png HTTP/1.1" 200 17326
186.78.37.98 - - [26/Feb/2016:13:26:15 -0300] "GET /cormun/static/Resources/Spanish/PXTools.css?005343 HTTP/1.1" 200 89042
200.30.225.234 - - [26/Feb/2016:13:26:25 -0300] "POST /cormun/servlet/solicitudot?3c9c192b88a52262882efdc29794179a,INS,0,0,,gx-no-cache=1456503976460 HTTP/1.1" 200 93
200.30.225.234 - - [26/Feb/2016:13:26:25 -0300] "GET /cormun/servlet/hpexe_return? HTTP/1.1" 200 1003
200.30.225.234 - - [26/Feb/2016:13:26:26 -0300] "GET /cormun/servlet/trsolicitudot HTTP/1.1" 200 8062
200.30.225.234 - - [26/Feb/2016:13:26:26 -0300] "GET /cormun/servlet/trsolicitudot HTTP/1.1" 200 8058
200.30.225.234 - - [26/Feb/2016:13:26:38 -0300] "GET /cormun/servlet/trsolicitudot? HTTP/1.1" 200 8058
186.67.172.234 - - [26/Feb/2016:13:26:39 -0300] "POST /cormun/servlet/trsolicitudot?974ef71ca7a5bc441549e624289e476d,,gx-no-cache=1456504049925 HTTP/1.1" 200 3417
200.30.225.234 - - [26/Feb/2016:13:26:39 -0300] "GET /cormun/servlet/trsolicitudot? HTTP/1.1" 200 8058
186.67.172.234 - - [26/Feb/2016:13:26:39 -0300] "POST /cormun/servlet/trsolicitudot?974ef71ca7a5bc441549e624289e476d,,gx-no-cache=1456504050138 HTTP/1.1" 200 3419
186.67.172.234 - - [26/Feb/2016:13:26:39 -0300] "POST /cormun/servlet/trsolicitudot?974ef71ca7a5bc441549e624289e476d,,gx-no-cache=1456504050299 HTTP/1.1" 200 3419
186.67.172.234 - - [26/Feb/2016:13:26:39 -0300] "POST /cormun/servlet/trsolicitudot?974ef71ca7a5bc441549e624289e476d,,gx-no-cache=1456504050456 HTTP/1.1" 200 3418
186.78.37.98 - - [26/Feb/2016:13:26:40 -0300] "GET /cormun/static/gxgral.js?85251 HTTP/1.1" 200 384558
186.103.158.250 - - [26/Feb/2016:13:26:41 -0300] "GET /cormun/servlet/hlogin HTTP/1.1" 200 1718
186.78.37.98 - - [26/Feb/2016:13:26:44 -0300] "GET /cormun/static/Resources/PXToolsLoginTop.png HTTP/1.1" 200 1337
186.78.37.98 - - [26/Feb/2016:13:26:45 -0300] "GET /cormun/servlet/hlogin HTTP/1.1" 200 1727
186.78.37.98 - - [26/Feb/2016:13:26:45 -0300] "GET /cormun/static/Resources/PXToolsLoginBackground.png HTTP/1.1" 200 1164
186.78.37.98 - - [26/Feb/2016:13:26:45 -0300] "GET /cormun/static/Resources/PXToolsButtonLeft21.png HTTP/1.1" 200 1287
186.78.37.98 - - [26/Feb/2016:13:26:45 -0300] "GET /cormun/static/Resources/PXToolsButtonRight21.png HTTP/1.1" 200 1283
186.78.37.98 - - [26/Feb/2016:13:26:45 -0300] "GET /cormun/static/Resources/PXToolsButtonBackground2.png HTTP/1.1" 200 1181
186.78.37.98 - - [26/Feb/2016:13:26:45 -0300] "GET /cormun/static/Resources/PXToolsLoginBottom.png HTTP/1.1" 200 1389
186.78.37.98 - - [26/Feb/2016:13:26:46 -0300] "GET /cormun/static/Resources/PXToolsLoginBackground.png HTTP/1.1" 200 1164
186.78.37.98 - - [26/Feb/2016:13:26:47 -0300] "GET /cormun/static/Resources/PXToolsLoginBottom.png HTTP/1.1" 200 1389
186.78.37.98 - - [26/Feb/2016:13:26:47 -0300] "GET /cormun/static/Resources/PXToolsButtonLeft21.png HTTP/1.1" 200 1287
186.78.37.98 - - [26/Feb/2016:13:26:47 -0300] "GET /cormun/static/Resources/PXToolsButtonRight21.png HTTP/1.1" 200 1283
186.78.37.98 - - [26/Feb/2016:13:26:47 -0300] "GET /cormun/static/Resources/PXToolsButtonBackground2.png HTTP/1.1" 200 1181
186.78.37.98 - - [26/Feb/2016:13:26:47 -0300] "GET /cormun/static/Resources/indicator.gif HTTP/1.1" 200 1553
186.78.37.98 - - [26/Feb/2016:13:26:49 -0300] "GET /favicon.ico HTTP/1.1" 200 21630
186.78.37.98 - - [26/Feb/2016:13:26:51 -0300] "GET /cormun/Manuales/manual.pdf HTTP/1.1" 206 817527
200.30.225.234 - - [26/Feb/2016:13:26:52 -0300] "GET /cormun/servlet/solicitudot?INS,0,0, HTTP/1.1" 200 12191
186.103.158.250 - - [26/Feb/2016:13:26:52 -0300] "POST /cormun/servlet/hlogin?fa684e60245401dbed50912efe1cfaba,gx-no-cache=1456503972047 HTTP/1.1" 200 424
200.30.225.234 - - [26/Feb/2016:13:26:53 -0300] "GET /cormun/servlet/solicitudot?INS,0,0, HTTP/1.1" 200 12196
186.67.172.234 - - [26/Feb/2016:13:27:09 -0300] "GET /cormun/Manuales/manual.pdf HTTP/1.1" 200 850295
200.30.225.234 - - [26/Feb/2016:13:27:11 -0300] "POST /cormun/servlet/solicitudot?gx-no-cache=1456504022005 HTTP/1.1" 200 2740
200.30.225.234 - - [26/Feb/2016:13:27:11 -0300] "POST /cormun/servlet/solicitudot?3c9c192b88a52262882efdc29794179a,INS,0,0,,gx-no-cache=1456504022198 HTTP/1.1" 200 9517
200.30.225.234 - - [26/Feb/2016:13:27:11 -0300] "GET /cormun/servlet/solicitudot?ccd40cde71c7b1ad36fa75ca726c04d8c1829a097a930b8d149b4b672cec9dcb81b94f77cbe453c0d640e31e2eb616da,gx-no-cache=1456504022412 HTTP/1.1" 200 30
186.78.37.98 - - [26/Feb/2016:13:27:12 -0300] "POST /cormun/servlet/hlogin?7fe89dd70e0231385c05506050bef71e,gx-no-cache=1456504012002 HTTP/1.1" 200 447
186.67.172.234 - - [26/Feb/2016:13:27:29 -0300] "GET /cormun/servlet/hlogin HTTP/1.1" 200 1720
186.103.158.250 - - [26/Feb/2016:13:27:30 -0300] "POST /cormun/servlet/hlogin?fa684e60245401dbed50912efe1cfaba,gx-no-cache=1456504009682 HTTP/1.1" 200 90
186.103.158.250 - - [26/Feb/2016:13:27:30 -0300] "GET /cormun/servlet/hpexe_link HTTP/1.1" 200 971
186.78.37.98 - - [26/Feb/2016:13:27:30 -0300] "GET /cormun/servlet/hlogin HTTP/1.1" 200 1721
186.103.158.250 - - [26/Feb/2016:13:27:30 -0300] "GET /cormun/servlet/trsolicitudadjuntos?2016,163, HTTP/1.1" 200 7393
186.67.172.234 - - [26/Feb/2016:13:27:32 -0300] "POST /cormun/servlet/hlogin?974ef71ca7a5bc441549e624289e476d,gx-no-cache=1456504103087 HTTP/1.1" 200 90
186.67.172.234 - - [26/Feb/2016:13:27:32 -0300] "GET /cormun/servlet/hpexe_link HTTP/1.1" 200 956
186.67.172.234 - - [26/Feb/2016:13:27:32 -0300] "GET /cormun/servlet/trsolicitudot? HTTP/1.1" 200 6081
186.67.172.234 - - [26/Feb/2016:13:27:33 -0300] "GET /cormun/servlet/trsolicitudot? HTTP/1.1" 200 6080
200.30.225.234 - - [26/Feb/2016:13:27:33 -0300] "POST /cormun/servlet/solicitudot?gx-no-cache=1456504044153 HTTP/1.1" 200 30
186.103.158.250 - - [26/Feb/2016:13:27:36 -0300] "GET /cormun/servlet/solicitudotadjuntos?INS,2016,163,,1, HTTP/1.1" 200 5430
186.103.158.250 - - [26/Feb/2016:13:27:36 -0300] "HEAD /cormun/static/about:blank HTTP/1.1" 404 -
186.103.158.250 - - [26/Feb/2016:13:27:38 -0300] "GET /cormun/servlet/solicitudotadjuntos?86c8acb4a33090a5c7f8680989bb7014ce4f78acb4e753fbe9d31f842bfeeb3d62b5a976596a7e63ea3dffa67a3a755e,gx-no-cache=1456504017901 HTTP/1.1" 200 30
186.103.158.250 - - [26/Feb/2016:13:27:38 -0300] "POST /cormun/servlet/solicitudotadjuntos?fa684e60245401dbed50912efe1cfaba,INS,2016,163,,1,,gx-no-cache=1456504017946 HTTP/1.1" 200 3321
200.30.225.234 - - [26/Feb/2016:13:27:39 -0300] "POST /cormun/servlet/solicitudot?gx-no-cache=1456504050159 HTTP/1.1" 200 122
186.78.37.98 - - [26/Feb/2016:13:27:39 -0300] "POST /cormun/servlet/hlogin?7fe89dd70e0231385c05506050bef71e,gx-no-cache=1456504040446 HTTP/1.1" 200 436
186.103.158.250 - - [26/Feb/2016:13:27:40 -0300] "POST /cormun/servlet/solicitudotadjuntos?gx-no-cache=1456504019993 HTTP/1.1" 200 26
186.78.37.98 - - [26/Feb/2016:13:27:46 -0300] "GET /cormun/servlet/trsolicitudot? HTTP/1.1" 200 6098
186.78.37.98 - - [26/Feb/2016:13:27:46 -0300] "GET /cormun/servlet/trsolicitudot? HTTP/1.1" 200 6097
186.103.157.235 - - [26/Feb/2016:13:27:47 -0300] "GET /cormun/servlet/hlogin HTTP/1.1" 200 1722
186.103.157.235 - - [26/Feb/2016:13:27:47 -0300] "GET /cormun/static/gxtimezone.js?85251 HTTP/1.1" 200 5781
186.103.157.235 - - [26/Feb/2016:13:27:47 -0300] "GET /cormun/static/gxcfg.js?20151120045111 HTTP/1.1" 200 953
186.103.157.235 - - [26/Feb/2016:13:27:47 -0300] "GET /cormun/static/hlogin.js?20151120045126 HTTP/1.1" 200 2136
186.103.157.235 - - [26/Feb/2016:13:27:47 -0300] "GET /cormun/static/messages.spa.js?85251 HTTP/1.1" 200 30736
186.103.157.235 - - [26/Feb/2016:13:27:47 -0300] "GET /cormun/static/Resources/ComunLogin.png HTTP/1.1" 200 17326
186.103.157.235 - - [26/Feb/2016:13:27:47 -0300] "GET /cormun/static/Resources/Spanish/PXTools.css?005343 HTTP/1.1" 200 89042
186.103.157.235 - - [26/Feb/2016:13:27:47 -0300] "GET /cormun/static/gxgral.js?85251 HTTP/1.1" 200 384558
186.103.157.235 - - [26/Feb/2016:13:27:48 -0300] "GET /cormun/static/Resources/indicator.gif HTTP/1.1" 200 1553
186.103.157.235 - - [26/Feb/2016:13:27:48 -0300] "GET /cormun/static/Resources/PXToolsLoginTop.png HTTP/1.1" 200 1337
186.103.157.235 - - [26/Feb/2016:13:27:48 -0300] "GET /cormun/static/Resources/PXToolsLoginBackground.png HTTP/1.1" 200 1164
186.103.157.235 - - [26/Feb/2016:13:27:48 -0300] "GET /cormun/static/Resources/PXToolsButtonLeft21.png HTTP/1.1" 200 1287
186.103.157.235 - - [26/Feb/2016:13:27:48 -0300] "GET /cormun/static/Resources/PXToolsButtonRight21.png HTTP/1.1" 200 1283
186.103.157.235 - - [26/Feb/2016:13:27:48 -0300] "GET /cormun/static/Resources/PXToolsButtonBackground2.png HTTP/1.1" 200 1181
186.103.157.235 - - [26/Feb/2016:13:27:48 -0300] "GET /cormun/static/Resources/PXToolsLoginBottom.png HTTP/1.1" 200 1389
186.103.157.235 - - [26/Feb/2016:13:27:48 -0300] "GET /cormun/servlet/hlogin HTTP/1.1" 200 1732
186.103.157.235 - - [26/Feb/2016:13:27:48 -0300] "GET /favicon.ico HTTP/1.1" 200 21630
200.30.225.234 - - [26/Feb/2016:13:27:54 -0300] "POST /cormun/servlet/solicitudot?gx-no-cache=1456504065556 HTTP/1.1" 200 33
186.67.172.234 - - [26/Feb/2016:13:27:55 -0300] "POST /cormun/servlet/trsolicitudot?974ef71ca7a5bc441549e624289e476d,,gx-no-cache=1456504125905 HTTP/1.1" 200 3420
186.78.37.98 - - [26/Feb/2016:13:27:55 -0300] "POST /cormun/servlet/hlogin?7fe89dd70e0231385c05506050bef71e,gx-no-cache=1456504056479 HTTP/1.1" 200 436
186.78.37.98 - - [26/Feb/2016:13:27:55 -0300] "POST /cormun/servlet/trsolicitudot?c625cffd78fbb7880c1338272d509c46,,gx-no-cache=1456504103890 HTTP/1.1" 200 3449
186.103.158.250 - - [26/Feb/2016:13:27:56 -0300] "GET /cormun/servlet/solicitudotadjuntos?86c8acb4a33090a5c7f8680989bb70141b88ce5639d6c600436c39bec71d3a96,gx-no-cache=1456504035615 HTTP/1.1" 200 30
186.103.158.250 - - [26/Feb/2016:13:27:56 -0300] "GET /cormun/servlet/solicitudotadjuntos?86c8acb4a33090a5c7f8680989bb70141b88ce5639d6c600436c39bec71d3a96,gx-no-cache=1456504035711 HTTP/1.1" 200 30
186.78.37.98 - - [26/Feb/2016:13:27:56 -0300] "POST /cormun/servlet/trsolicitudot?c625cffd78fbb7880c1338272d509c46,,gx-no-cache=1456504104512 HTTP/1.1" 200 3448
186.78.37.98 - - [26/Feb/2016:13:27:56 -0300] "POST /cormun/servlet/trsolicitudot?c625cffd78fbb7880c1338272d509c46,,gx-no-cache=1456504104897 HTTP/1.1" 200 3449
186.103.158.250 - - [26/Feb/2016:13:27:57 -0300] "POST /cormun/servlet/solicitudotadjuntos?fa684e60245401dbed50912efe1cfaba,INS,2016,163,,1, HTTP/1.1" 200 116
186.103.158.250 - - [26/Feb/2016:13:27:57 -0300] "GET /cormun/servlet/hpexe_return? HTTP/1.1" 200 1028
186.78.37.98 - - [26/Feb/2016:13:27:57 -0300] "GET /cormun/servlet/trsolicitudot?7bf832b40bb3cd261b28402895df4585ae531cb3eceee6a19e8399ac1aabb639137ee2c844923b64795c80a1262d0110974d32c978bf1d6a9a05aa3bef77e0d76b2d5353150648d9740b8b807b4b397e,gx-no-cache=1456504105768 HTTP/1.1" 200 724
186.103.158.250 - - [26/Feb/2016:13:27:57 -0300] "GET /cormun/servlet/trsolicitudadjuntos?2016,163, HTTP/1.1" 200 7579
186.78.37.98 - - [26/Feb/2016:13:27:58 -0300] "GET /cormun/servlet/trsolicitudot?7bf832b40bb3cd261b28402895df4585c4bca017f7f39e8990923cfa2aa366cacbbc84b685dd1bef288b6b7ae827a118e9fb1f043388beb614afbc0ee6a793a13c59c646a4b5dfb6b6eeaafb17512fd8,gx-no-cache=1456504106880 HTTP/1.1" 200 724
200.30.225.234 - - [26/Feb/2016:13:28:00 -0300] "POST /cormun/servlet/solicitudot?gx-no-cache=1456504071300 HTTP/1.1" 200 122
186.78.37.98 - - [26/Feb/2016:13:28:01 -0300] "POST /cormun/servlet/trsolicitudot?c625cffd78fbb7880c1338272d509c46,,gx-no-cache=1456504109521 HTTP/1.1" 200 3440
186.78.37.98 - - [26/Feb/2016:13:28:02 -0300] "POST /cormun/servlet/hlogin?7fe89dd70e0231385c05506050bef71e,gx-no-cache=1456504062777 HTTP/1.1" 200 436
186.78.37.98 - - [26/Feb/2016:13:28:02 -0300] "POST /cormun/servlet/trsolicitudot?c625cffd78fbb7880c1338272d509c46,,gx-no-cache=1456504110042 HTTP/1.1" 200 3440
186.78.37.98 - - [26/Feb/2016:13:28:02 -0300] "POST /cormun/servlet/trsolicitudot?c625cffd78fbb7880c1338272d509c46,,gx-no-cache=1456504110531 HTTP/1.1" 200 3440
186.78.37.98 - - [26/Feb/2016:13:28:03 -0300] "POST /cormun/servlet/trsolicitudot?c625cffd78fbb7880c1338272d509c46,,gx-no-cache=1456504111380 HTTP/1.1" 200 3440
186.78.37.98 - - [26/Feb/2016:13:28:03 -0300] "POST /cormun/servlet/trsolicitudot?c625cffd78fbb7880c1338272d509c46,,gx-no-cache=1456504111840 HTTP/1.1" 200 3440
200.30.225.234 - - [26/Feb/2016:13:28:05 -0300] "POST /cormun/servlet/solicitudot?gx-no-cache=1456504075860 HTTP/1.1" 200 33
186.103.158.250 - - [26/Feb/2016:13:28:05 -0300] "GET /cormun/servlet/solicitudotadjuntos?INS,2016,163,,1, HTTP/1.1" 200 5431
186.103.158.250 - - [26/Feb/2016:13:28:06 -0300] "HEAD /cormun/static/about:blank HTTP/1.1" 404 -
186.67.172.234 - - [26/Feb/2016:13:28:06 -0300] "GET /cormun/servlet/solicitudot?INS,0,0, HTTP/1.1" 200 12010
186.67.172.234 - - [26/Feb/2016:13:28:06 -0300] "GET /cormun/static/gxcfg.js?201617004230 HTTP/1.1" 200 953
186.67.172.234 - - [26/Feb/2016:13:28:06 -0300] "GET /cormun/static/Resources/prompt.gif HTTP/1.1" 200 902
186.67.172.234 - - [26/Feb/2016:13:28:06 -0300] "GET /cormun/static/solicitudot.js?201617004281 HTTP/1.1" 200 44291
186.67.172.234 - - [26/Feb/2016:13:28:07 -0300] "GET /cormun/servlet/solicitudot?INS,0,0, HTTP/1.1" 200 12014
186.103.158.250 - - [26/Feb/2016:13:28:07 -0300] "GET /cormun/servlet/solicitudotadjuntos?86c8acb4a33090a5c7f8680989bb7014ce4f78acb4e753fbe9d31f842bfeeb3d62b5a976596a7e63ea3dffa67a3a755e,gx-no-cache=1456504047276 HTTP/1.1" 200 30
186.103.158.250 - - [26/Feb/2016:13:28:07 -0300] "POST /cormun/servlet/solicitudotadjuntos?fa684e60245401dbed50912efe1cfaba,INS,2016,163,,1,,gx-no-cache=1456504047357 HTTP/1.1" 200 3322
186.78.37.98 - - [26/Feb/2016:13:28:09 -0300] "POST /cormun/servlet/hlogin?7fe89dd70e0231385c05506050bef71e,gx-no-cache=1456504070077 HTTP/1.1" 200 436
186.78.37.98 - - [26/Feb/2016:13:28:10 -0300] "POST /cormun/servlet/trsolicitudot?c625cffd78fbb7880c1338272d509c46,,gx-no-cache=1456504118160 HTTP/1.1" 200 3440
186.103.158.250 - - [26/Feb/2016:13:28:12 -0300] "POST /cormun/servlet/solicitudotadjuntos?gx-no-cache=1456504052234 HTTP/1.1" 200 26
186.103.157.235 - - [26/Feb/2016:13:28:13 -0300] "GET /cormun/servlet/hlogin HTTP/1.1" 200 1719
186.103.157.235 - - [26/Feb/2016:13:28:13 -0300] "GET /cormun/static/gxtimezone.js?85251 HTTP/1.1" 200 5781
186.103.157.235 - - [26/Feb/2016:13:28:13 -0300] "GET /cormun/static/Resources/Spanish/PXTools.css?005343 HTTP/1.1" 200 89042
186.103.157.235 - - [26/Feb/2016:13:28:13 -0300] "GET /cormun/static/Resources/ComunLogin.png HTTP/1.1" 200 17326
186.103.157.235 - - [26/Feb/2016:13:28:13 -0300] "GET /cormun/static/messages.spa.js?85251 HTTP/1.1" 200 30736
186.103.157.235 - - [26/Feb/2016:13:28:13 -0300] "GET /cormun/static/hlogin.js?20151120045126 HTTP/1.1" 200 2136
186.103.157.235 - - [26/Feb/2016:13:28:13 -0300] "GET /cormun/static/gxcfg.js?20151120045111 HTTP/1.1" 200 953
186.103.157.235 - - [26/Feb/2016:13:28:14 -0300] "GET /cormun/static/gxgral.js?85251 HTTP/1.1" 200 384558
186.103.157.235 - - [26/Feb/2016:13:28:15 -0300] "GET /cormun/static/Resources/PXToolsLoginTop.png HTTP/1.1" 200 1337
186.103.157.235 - - [26/Feb/2016:13:28:15 -0300] "GET /cormun/static/Resources/PXToolsLoginBackground.png HTTP/1.1" 200 1164
186.103.157.235 - - [26/Feb/2016:13:28:15 -0300] "GET /cormun/static/Resources/PXToolsButtonLeft21.png HTTP/1.1" 200 1287
186.103.157.235 - - [26/Feb/2016:13:28:15 -0300] "GET /cormun/static/Resources/PXToolsButtonRight21.png HTTP/1.1" 200 1283
186.103.157.235 - - [26/Feb/2016:13:28:15 -0300] "GET /cormun/static/Resources/PXToolsButtonBackground2.png HTTP/1.1" 200 1181
186.103.157.235 - - [26/Feb/2016:13:28:15 -0300] "GET /cormun/static/Resources/PXToolsLoginBottom.png HTTP/1.1" 200 1389
186.103.157.235 - - [26/Feb/2016:13:28:15 -0300] "GET /cormun/static/Resources/indicator.gif HTTP/1.1" 200 1553
186.103.157.235 - - [26/Feb/2016:13:28:16 -0300] "GET /cormun/servlet/hlogin HTTP/1.1" 200 1729
186.103.157.235 - - [26/Feb/2016:13:28:16 -0300] "GET /favicon.ico HTTP/1.1" 200 21630
186.103.157.235 - - [26/Feb/2016:13:28:17 -0300] "POST /cormun/servlet/hlogin?27023489a3eea36d83c209c0e33b26d1,gx-no-cache=1456504150397 HTTP/1.1" 200 90
186.103.157.235 - - [26/Feb/2016:13:28:17 -0300] "GET /cormun/servlet/hpexe_link HTTP/1.1" 200 953
186.103.157.235 - - [26/Feb/2016:13:28:17 -0300] "GET /cormun/static/gxcfg.js?20151120044395 HTTP/1.1" 200 953
186.103.157.235 - - [26/Feb/2016:13:28:17 -0300] "GET /cormun/static/hpexe_link.js?20151120044398 HTTP/1.1" 200 625
186.103.157.235 - - [26/Feb/2016:13:28:17 -0300] "GET /cormun/servlet/hhome HTTP/1.1" 200 3391
186.103.157.235 - - [26/Feb/2016:13:28:18 -0300] "GET /cormun/static/Shared/jqueryui/jquery-ui.min.css?1345370 HTTP/1.1" 200 30288
186.103.157.235 - - [26/Feb/2016:13:28:18 -0300] "GET /cormun/static/SmoothNavMenu/resources/ddsmoothmenu.css?1112540 HTTP/1.1" 200 2223
186.103.157.235 - - [26/Feb/2016:13:28:18 -0300] "GET /cormun/static/scaMessage/css/jquery.pnotify.default.css?1816380 HTTP/1.1" 200 1707
186.103.157.235 - - [26/Feb/2016:13:28:18 -0300] "GET /cormun/static/SmoothNavMenu/resources/ddsmoothmenu-v.css?1112540 HTTP/1.1" 200 1188
186.103.157.235 - - [26/Feb/2016:13:28:18 -0300] "GET /cormun/static/gxcfg.js?2015112210564248 HTTP/1.1" 200 953
186.103.157.235 - - [26/Feb/2016:13:28:18 -0300] "GET /cormun/static/PXToolsJavascripts/pexe_autoreload.js HTTP/1.1" 200 1762
186.103.157.235 - - [26/Feb/2016:13:28:18 -0300] "GET /cormun/static/PXToolsJavascripts/pexe_cookies.js HTTP/1.1" 200 792
186.103.157.235 - - [26/Feb/2016:13:28:18 -0300] "GET /cormun/static/PXToolsJavascripts/pexe_windows.js HTTP/1.1" 200 15207
186.103.157.235 - - [26/Feb/2016:13:28:18 -0300] "GET /cormun/static/PXToolsJavascripts/pexe_grid.js HTTP/1.1" 200 7559
186.103.157.235 - - [26/Feb/2016:13:28:18 -0300] "GET /cormun/static/PXToolsJavascripts/pexe_griddivfix.js HTTP/1.1" 200 6644
186.103.157.235 - - [26/Feb/2016:13:28:18 -0300] "GET /cormun/static/PXToolsJavascripts/pexe_link.js HTTP/1.1" 200 5671
186.103.157.235 - - [26/Feb/2016:13:28:18 -0300] "GET /cormun/static/PXToolsJavascripts/pexe_menudivfix.js HTTP/1.1" 200 333
186.103.157.235 - - [26/Feb/2016:13:28:18 -0300] "GET /cormun/static/PXToolsJavascripts/pexe_menus.js HTTP/1.1" 200 1286
186.103.157.235 - - [26/Feb/2016:13:28:18 -0300] "GET /cormun/static/Resources/Spanish/PXTools.css?10515224 HTTP/1.1" 200 89042
186.103.157.235 - - [26/Feb/2016:13:28:18 -0300] "GET /cormun/static/PXToolsJavascripts/pexe_layers.js HTTP/1.1" 200 4114
186.103.157.235 - - [26/Feb/2016:13:28:18 -0300] "GET /cormun/static/PXToolsJavascripts/pexe_popup.js HTTP/1.1" 200 13458
186.103.157.235 - - [26/Feb/2016:13:28:18 -0300] "GET /cormun/static/PXToolsJavascripts/pexe_picture.js HTTP/1.1" 200 689
186.103.157.235 - - [26/Feb/2016:13:28:18 -0300] "GET /cormun/static/PXToolsJavascripts/pexe_scrolldiv.js HTTP/1.1" 200 4138
186.103.157.235 - - [26/Feb/2016:13:28:18 -0300] "GET /cormun/static/PXToolsJavascripts/pexe_oavdivfix.js HTTP/1.1" 200 639
186.103.157.235 - - [26/Feb/2016:13:28:18 -0300] "GET /cormun/static/PXToolsJavascripts/pexe_oav.js HTTP/1.1" 200 645
186.103.157.235 - - [26/Feb/2016:13:28:18 -0300] "GET /cormun/static/PXToolsJavascripts/pexe_tabdivfix.js HTTP/1.1" 200 876
186.103.157.235 - - [26/Feb/2016:13:28:18 -0300] "GET /cormun/static/PXToolsJavascripts/pexe_tabs.js HTTP/1.1" 200 3748
186.103.157.235 - - [26/Feb/2016:13:28:18 -0300] "GET /cormun/static/PXToolsJavascripts/pexe_upload.js HTTP/1.1" 200 1423
186.103.157.235 - - [26/Feb/2016:13:28:18 -0300] "GET /cormun/static/PXToolsJavascripts/PXToolsJavascriptsRender.js HTTP/1.1" 200 367
186.103.157.235 - - [26/Feb/2016:13:28:18 -0300] "GET /cormun/static/RunJS/RunJS.js HTTP/1.1" 200 288
186.103.157.235 - - [26/Feb/2016:13:28:18 -0300] "GET /cormun/static/Resources/logo4.png HTTP/1.1" 200 6582
186.103.157.235 - - [26/Feb/2016:13:28:18 -0300] "GET /cormun/static/hhome.js?2015112210564255 HTTP/1.1" 200 777
186.103.157.235 - - [26/Feb/2016:13:28:18 -0300] "GET /cormun/static/Shared/ext/locale/ext-lang-en.js HTTP/1.1" 200 10940
186.103.157.235 - - [26/Feb/2016:13:28:18 -0300] "GET /cormun/static/hpexe_scripts.js?20151120014546 HTTP/1.1" 200 1544
186.103.157.235 - - [26/Feb/2016:13:28:18 -0300] "GET /cormun/static/hpexe_messagecontroller.js?2015112210524422 HTTP/1.1" 200 870
186.103.157.235 - - [26/Feb/2016:13:28:18 -0300] "GET /cormun/static/hpexe_messagepopupcomponent.js?201622412404545 HTTP/1.1" 200 605
186.103.157.235 - - [26/Feb/2016:13:28:18 -0300] "GET /cormun/static/hpexe_messagegenexuscomponent.js?20151120014314 HTTP/1.1" 200 587
186.103.157.235 - - [26/Feb/2016:13:28:18 -0300] "GET /cormun/static/Resources/PXToolsHeaderActionsLeft.png HTTP/1.1" 200 1118
186.103.157.235 - - [26/Feb/2016:13:28:18 -0300] "GET /cormun/static/Resources/PXToolsHeaderHome.png HTTP/1.1" 200 4147
186.103.157.235 - - [26/Feb/2016:13:28:18 -0300] "GET /cormun/static/Resources/PXToolsHeaderLogin.png HTTP/1.1" 200 4279
186.103.157.235 - - [26/Feb/2016:13:28:18 -0300] "GET /cormun/static/Resources/PXToolsHeaderPreferences.png HTTP/1.1" 200 4189
186.103.157.235 - - [26/Feb/2016:13:28:18 -0300] "GET /cormun/static/Resources/PXToolsHeaderSecurity.png HTTP/1.1" 200 4166
186.103.157.235 - - [26/Feb/2016:13:28:18 -0300] "GET /cormun/static/Resources/PXToolsHeaderActionsRight.png HTTP/1.1" 200 1201
186.103.157.235 - - [26/Feb/2016:13:28:18 -0300] "GET /cormun/static/Resources/PXToolsFooterBackground2.png HTTP/1.1" 200 1172
186.103.157.235 - - [26/Feb/2016:13:28:18 -0300] "GET /cormun/static/Resources/PXToolsHeaderBackground2.png HTTP/1.1" 200 1174
186.103.157.235 - - [26/Feb/2016:13:28:19 -0300] "GET /cormun/static/Resources/PXToolsHeaderActionsBackground.png HTTP/1.1" 200 484
186.103.157.235 - - [26/Feb/2016:13:28:19 -0300] "GET /cormun/static/hwchdr01.js?20162241650484 HTTP/1.1" 200 1002
186.103.157.235 - - [26/Feb/2016:13:28:19 -0300] "GET /cormun/static/hpexe_recentlink.js?2015111312121342 HTTP/1.1" 200 2144
186.103.157.235 - - [26/Feb/2016:13:28:19 -0300] "GET /cormun/static/Resources/PXToolsDataTitle.png HTTP/1.1" 200 1173
186.103.157.235 - - [26/Feb/2016:13:28:19 -0300] "GET /cormun/static/gxui/gxui-all.js HTTP/1.1" 200 107772
186.103.157.235 - - [26/Feb/2016:13:28:21 -0300] "GET /cormun/static/Shared/ext/ext-all.js HTTP/1.1" 200 1289687
186.103.157.235 - - [26/Feb/2016:13:28:22 -0300] "GET /cormun/static/cmcontrolpreferences.js?20151120014525 HTTP/1.1" 200 1375
186.103.157.235 - - [26/Feb/2016:13:28:22 -0300] "GET /cormun/static/SmoothNavMenu/resources/ddsmoothmenu.js HTTP/1.1" 200 12712
186.103.157.235 - - [26/Feb/2016:13:28:22 -0300] "GET /cormun/static/SmoothNavMenu/resources/SmoothNavMenuRender.js HTTP/1.1" 200 5951
186.103.157.235 - - [26/Feb/2016:13:28:22 -0300] "GET /cormun/static/scaMessage/js/jquery.pnotify.min.js HTTP/1.1" 200 13038
186.103.157.235 - - [26/Feb/2016:13:28:22 -0300] "GET /cormun/static/scaMessage/scaMessageRender.js HTTP/1.1" 200 11977
186.103.157.235 - - [26/Feb/2016:13:28:22 -0300] "GET /cormun/static/hmpwkw03.js?201622421393366 HTTP/1.1" 200 3845
186.103.157.235 - - [26/Feb/2016:13:28:22 -0300] "GET /cormun/static/Shared/jquery/jquery-1.4.2.min.js HTTP/1.1" 200 72174
186.103.157.235 - - [26/Feb/2016:13:28:22 -0300] "GET /cormun/static/Shared/jquery/jquery-1.10.2.min.js HTTP/1.1" 200 273199
186.103.157.235 - - [26/Feb/2016:13:28:23 -0300] "GET /cormun/static/Shared/jqueryui/jquery-ui.min.js HTTP/1.1" 200 240427
186.103.157.235 - - [26/Feb/2016:13:28:23 -0300] "GET /cormun/servlet/hhome HTTP/1.1" 200 3389
186.103.157.235 - - [26/Feb/2016:13:28:23 -0300] "GET /cormun/static/SmoothNavMenu/resources/images/down.gif HTTP/1.1" 200 854
186.103.157.235 - - [26/Feb/2016:13:28:31 -0300] "GET /cormun/Manuales/manual.pdf HTTP/1.1" 206 32768
186.103.157.235 - - [26/Feb/2016:13:28:33 -0300] "GET /cormun/Manuales/manual.pdf HTTP/1.1" 206 817527
186.103.158.250 - - [26/Feb/2016:13:28:38 -0300] "POST /cormun/servlet/solicitudotadjuntos?fa684e60245401dbed50912efe1cfaba,INS,2016,163,,1,,gx-no-cache=1456504077607 HTTP/1.1" 200 93
186.103.158.250 - - [26/Feb/2016:13:28:38 -0300] "GET /cormun/servlet/hpexe_return? HTTP/1.1" 200 1028
186.103.158.250 - - [26/Feb/2016:13:28:38 -0300] "GET /cormun/servlet/trsolicitudadjuntos?2016,163, HTTP/1.1" 200 7578
186.103.158.250 - - [26/Feb/2016:13:28:53 -0300] "GET /cormun/servlet/solicitudotadjuntos?DLT,2016,163,CARNET,0, HTTP/1.1" 200 5414
186.103.158.250 - - [26/Feb/2016:13:28:53 -0300] "HEAD /cormun/PublicTempStorage/afp_eli6613899.pdf HTTP/1.1" 200 -
186.103.158.250 - - [26/Feb/2016:13:28:55 -0300] "GET /cormun/static/Shared/jqueryui/images/ui-icons_82798d_256x240.png HTTP/1.1" 404 1089
186.103.158.250 - - [26/Feb/2016:13:28:55 -0300] "GET /cormun/static/Shared/jqueryui/images/ui-bg_flat_55_fafafa_40x100.png HTTP/1.1" 404 1097
186.103.158.250 - - [26/Feb/2016:13:28:55 -0300] "GET /cormun/static/Shared/jqueryui/images/ui-icons_8d78a5_256x240.png HTTP/1.1" 404 1089
186.103.158.250 - - [26/Feb/2016:13:28:55 -0300] "GET /cormun/static/Shared/jqueryui/images/ui-bg_highlight-soft_100_c6c2c8_1x100.png HTTP/1.1" 404 1117
186.103.158.250 - - [26/Feb/2016:13:28:55 -0300] "GET /cormun/PublicTempStorage/afp_eli6613899.pdf HTTP/1.1" 200 540873
186.103.157.235 - - [26/Feb/2016:13:28:56 -0300] "GET /cormun/servlet/hhome HTTP/1.1" 200 3391
186.103.158.250 - - [26/Feb/2016:13:28:57 -0300] "POST /cormun/servlet/solicitudotadjuntos?fa684e60245401dbed50912efe1cfaba,DLT,2016,163,CARNET,0,,gx-no-cache=1456504097127 HTTP/1.1" 200 93
186.103.158.250 - - [26/Feb/2016:13:28:57 -0300] "GET /cormun/servlet/hpexe_return? HTTP/1.1" 200 1034
186.78.37.98 - - [26/Feb/2016:13:28:57 -0300] "POST /cormun/servlet/hlogin?7fe89dd70e0231385c05506050bef71e,gx-no-cache=1456504116992 HTTP/1.1" 200 436
186.103.157.235 - - [26/Feb/2016:13:28:58 -0300] "GET /cormun/servlet/hhome HTTP/1.1" 200 3389
186.103.158.250 - - [26/Feb/2016:13:28:58 -0300] "GET /cormun/servlet/trsolicitudadjuntos?2016,163, HTTP/1.1" 200 7394
186.103.156.24 - - [26/Feb/2016:13:28:59 -0300] "GET /cormun/servlet/hlogin HTTP/1.1" 200 1709
186.103.157.235 - - [26/Feb/2016:13:29:04 -0300] "GET /cormun/servlet/trvisualizadoreventos? HTTP/1.1" 200 5912
186.103.157.235 - - [26/Feb/2016:13:29:04 -0300] "GET /cormun/static/gxui/gxui-all.css?120300 HTTP/1.1" 200 2179
186.103.157.235 - - [26/Feb/2016:13:29:04 -0300] "GET /cormun/static/calendar-system.css?85620 HTTP/1.1" 200 5572
186.103.157.235 - - [26/Feb/2016:13:29:04 -0300] "GET /cormun/static/gxcfg.js?2016251828014 HTTP/1.1" 200 953
186.103.157.235 - - [26/Feb/2016:13:29:04 -0300] "GET /cormun/static/calendar-setup.js?85251 HTTP/1.1" 200 2588
186.103.157.235 - - [26/Feb/2016:13:29:04 -0300] "GET /cormun/static/calendar.js?85251 HTTP/1.1" 200 26246
186.103.157.235 - - [26/Feb/2016:13:29:04 -0300] "GET /cormun/static/calendar-es.js?85251 HTTP/1.1" 200 1901
186.103.157.235 - - [26/Feb/2016:13:29:04 -0300] "GET /cormun/static/Resources/Spanish/PXTools.css?17554516 HTTP/1.1" 200 89042
186.103.157.235 - - [26/Feb/2016:13:29:05 -0300] "GET /cormun/static/Shared/ext/resources/css/ext-all.css?215870 HTTP/1.1" 200 416045
186.103.158.250 - - [26/Feb/2016:13:29:05 -0300] "GET /cormun/servlet/solicitudotadjuntos?INS,2016,163,,1, HTTP/1.1" 200 5431
186.103.158.250 - - [26/Feb/2016:13:29:06 -0300] "HEAD /cormun/static/about:blank HTTP/1.1" 404 -
186.103.157.235 - - [26/Feb/2016:13:29:06 -0300] "GET /cormun/static/Resources/PXTools/calendar.png HTTP/1.1" 200 1306
186.103.157.235 - - [26/Feb/2016:13:29:06 -0300] "GET /cormun/static/Resources/PXToolsActionPrint.png HTTP/1.1" 200 3317
186.103.157.235 - - [26/Feb/2016:13:29:06 -0300] "GET /cormun/static/gxdec.js?85251 HTTP/1.1" 200 19579
186.103.157.235 - - [26/Feb/2016:13:29:06 -0300] "GET /cormun/static/trvisualizadoreventos.js?2016251828276 HTTP/1.1" 200 19096
186.103.157.235 - - [26/Feb/2016:13:29:06 -0300] "GET /cormun/static/Resources/PXToolsGridFirst.gif HTTP/1.1" 200 379
186.103.157.235 - - [26/Feb/2016:13:29:06 -0300] "GET /cormun/static/Resources/PXToolsGridPrevious.gif HTTP/1.1" 200 369
186.103.157.235 - - [26/Feb/2016:13:29:06 -0300] "GET /cormun/static/Resources/PXToolsGridNext.gif HTTP/1.1" 200 369
186.103.157.235 - - [26/Feb/2016:13:29:06 -0300] "GET /cormun/static/Resources/PXToolsGridLast.gif HTTP/1.1" 200 370
186.103.157.235 - - [26/Feb/2016:13:29:06 -0300] "GET /cormun/static/Resources/PXToolsActionExcel.png HTTP/1.1" 200 3187
186.103.157.235 - - [26/Feb/2016:13:29:06 -0300] "GET /cormun/static/Resources/PXToolsDataSearch.png HTTP/1.1" 200 419
