186.103.159.183 - - [26/Feb/2016:13:15:16 -0300] "GET /cormun/servlet/solicitudotadjuntos?INS,2016,187,,1, HTTP/1.1" 200 5412
186.103.159.183 - - [26/Feb/2016:13:15:16 -0300] "GET /cormun/static/about:blank HTTP/1.1" 404 1011
186.103.159.183 - - [26/Feb/2016:13:15:17 -0300] "GET /cormun/servlet/solicitudotadjuntos?INS,2016,187,,1, HTTP/1.1" 200 5404
186.103.159.183 - - [26/Feb/2016:13:15:17 -0300] "GET /cormun/servlet/solicitudotadjuntos?6ce2657453f6c05debc6c260f895ce7404eaa6ea98e74c9814f85f077de59feb9bd674f0c5bfa4769d2a8032fe151a16,gx-no-cache=1456507146310 HTTP/1.1" 200 30
186.103.159.183 - - [26/Feb/2016:13:15:18 -0300] "POST /cormun/servlet/solicitudotadjuntos?6dd01a7bb0140816ffd9801ce6e8f827,INS,2016,187,,1,,gx-no-cache=1456507146351 HTTP/1.1" 200 3295
186.78.51.83 - - [26/Feb/2016:13:15:35 -0300] "GET /cormun/servlet/hlogin HTTP/1.1" 200 1720
186.78.51.83 - - [26/Feb/2016:13:15:35 -0300] "GET /cormun/static/gxtimezone.js?85251 HTTP/1.1" 200 5781
186.78.51.83 - - [26/Feb/2016:13:15:35 -0300] "GET /cormun/static/gxcfg.js?20151120045111 HTTP/1.1" 200 953
186.78.51.83 - - [26/Feb/2016:13:15:35 -0300] "GET /cormun/static/hlogin.js?20151120045126 HTTP/1.1" 200 2136
186.78.51.83 - - [26/Feb/2016:13:15:35 -0300] "GET /cormun/static/messages.spa.js?85251 HTTP/1.1" 200 30736
186.78.51.83 - - [26/Feb/2016:13:15:35 -0300] "GET /cormun/static/Resources/Spanish/PXTools.css?005343 HTTP/1.1" 200 89042
186.78.51.83 - - [26/Feb/2016:13:15:35 -0300] "GET /cormun/static/Resources/ComunLogin.png HTTP/1.1" 200 17326
186.78.51.83 - - [26/Feb/2016:13:15:36 -0300] "GET /cormun/static/gxgral.js?85251 HTTP/1.1" 200 384558
186.78.51.83 - - [26/Feb/2016:13:15:36 -0300] "GET /cormun/static/Resources/PXToolsLoginTop.png HTTP/1.1" 200 1337
186.78.51.83 - - [26/Feb/2016:13:15:36 -0300] "GET /cormun/static/Resources/PXToolsLoginBackground.png HTTP/1.1" 200 1164
186.78.51.83 - - [26/Feb/2016:13:15:36 -0300] "GET /cormun/static/Resources/PXToolsButtonLeft21.png HTTP/1.1" 200 1287
186.78.51.83 - - [26/Feb/2016:13:15:36 -0300] "GET /cormun/static/Resources/PXToolsButtonRight21.png HTTP/1.1" 200 1283
186.78.51.83 - - [26/Feb/2016:13:15:36 -0300] "GET /cormun/static/Resources/PXToolsButtonBackground2.png HTTP/1.1" 200 1181
186.78.51.83 - - [26/Feb/2016:13:15:36 -0300] "GET /cormun/static/Resources/PXToolsLoginBottom.png HTTP/1.1" 200 1389
186.78.51.83 - - [26/Feb/2016:13:15:36 -0300] "GET /cormun/static/Resources/indicator.gif HTTP/1.1" 200 1553
186.78.51.83 - - [26/Feb/2016:13:15:37 -0300] "GET /cormun/servlet/hlogin HTTP/1.1" 200 1724
186.103.159.183 - - [26/Feb/2016:13:15:48 -0300] "POST /cormun/servlet/solicitudotadjuntos?6dd01a7bb0140816ffd9801ce6e8f827,INS,2016,187,,1,,gx-no-cache=1456507176556 HTTP/1.1" 200 93
186.103.159.183 - - [26/Feb/2016:13:15:48 -0300] "GET /cormun/servlet/hpexe_return? HTTP/1.1" 200 1028
186.103.159.183 - - [26/Feb/2016:13:15:48 -0300] "GET /cormun/servlet/vesolicitudot?2016,187,,SolicitudOTAdjuntos HTTP/1.1" 200 9083
186.103.159.183 - - [26/Feb/2016:13:15:48 -0300] "GET /cormun/pexe_scrolldiv.js HTTP/1.1" 404 1009
186.103.159.183 - - [26/Feb/2016:13:15:49 -0300] "GET /cormun/servlet/vesolicitudot?2016,187,,SolicitudOTAdjuntos HTTP/1.1" 200 9076
186.103.159.183 - - [26/Feb/2016:13:15:50 -0300] "POST /cormun/servlet/acontrolpreferencessavestate?None,CE-34,true HTTP/1.1" 200 35
186.103.159.183 - - [26/Feb/2016:13:16:29 -0300] "GET /cormun/servlet/vesolicitudot?2016,187,,General HTTP/1.1" 200 7509
186.103.159.183 - - [26/Feb/2016:13:16:36 -0300] "GET /cormun/pexe_scrolldiv.js HTTP/1.1" 404 1009
186.103.159.183 - - [26/Feb/2016:13:16:41 -0300] "GET /cormun/servlet/vesolicitudot?2016,187,,SolicitudOTLog HTTP/1.1" 200 6394
186.103.159.183 - - [26/Feb/2016:13:16:41 -0300] "GET /cormun/pexe_scrolldiv.js HTTP/1.1" 404 1009
186.103.159.183 - - [26/Feb/2016:13:16:41 -0300] "GET /cormun/static/tbsolicitudot03.js?2015112118205488 HTTP/1.1" 200 12365
186.103.159.183 - - [26/Feb/2016:13:16:41 -0300] "GET /cormun/static/Resources/PXToolsTabLastSelected.png HTTP/1.1" 200 1262
186.103.159.183 - - [26/Feb/2016:13:16:42 -0300] "GET /cormun/servlet/vesolicitudot?2016,187,,SolicitudOTLog HTTP/1.1" 200 6394
186.103.159.183 - - [26/Feb/2016:13:16:43 -0300] "POST /cormun/servlet/acontrolpreferencessavestate?None,CE-34,true HTTP/1.1" 200 35
186.103.159.183 - - [26/Feb/2016:13:16:46 -0300] "GET /cormun/servlet/vesolicitudot?2016,187,,General HTTP/1.1" 200 7513
186.103.159.183 - - [26/Feb/2016:13:16:46 -0300] "GET /cormun/servlet/vesolicitudot?2016,187,,General HTTP/1.1" 200 7513
186.103.159.183 - - [26/Feb/2016:13:16:46 -0300] "GET /cormun/pexe_scrolldiv.js HTTP/1.1" 404 1009
186.103.159.183 - - [26/Feb/2016:13:16:47 -0300] "GET /cormun/servlet/vesolicitudot?2016,187,,General HTTP/1.1" 200 7513
186.103.159.183 - - [26/Feb/2016:13:17:00 -0300] "POST /cormun/servlet/vesolicitudot?6dd01a7bb0140816ffd9801ce6e8f827,2016,187,,General,gx-no-cache=1456507248533 HTTP/1.1" 200 93
186.103.159.183 - - [26/Feb/2016:13:17:00 -0300] "GET /cormun/servlet/hpexe_return? HTTP/1.1" 200 1010
186.103.159.183 - - [26/Feb/2016:13:17:00 -0300] "GET /cormun/servlet/trsolicitudot HTTP/1.1" 200 7412
186.103.159.183 - - [26/Feb/2016:13:17:01 -0300] "GET /cormun/servlet/trsolicitudot HTTP/1.1" 200 7409
186.103.159.44 - - [26/Feb/2016:13:17:02 -0300] "POST /cormun/servlet/trsolicitudot?9a36c4fad9ef3fe2882d9b7e774b8365,gx-no-cache=1456500054231,gx-no-cache=1456503447590 HTTP/1.1" 200 8984
186.103.159.44 - - [26/Feb/2016:13:17:02 -0300] "POST /cormun/servlet/trsolicitudot?9a36c4fad9ef3fe2882d9b7e774b8365,gx-no-cache=1456500054231,gx-no-cache=1456503448167 HTTP/1.1" 200 8984
186.103.159.44 - - [26/Feb/2016:13:17:03 -0300] "POST /cormun/servlet/trsolicitudot?9a36c4fad9ef3fe2882d9b7e774b8365,gx-no-cache=1456500054231,gx-no-cache=1456503448776 HTTP/1.1" 200 8984
186.103.159.44 - - [26/Feb/2016:13:17:03 -0300] "POST /cormun/servlet/trsolicitudot?9a36c4fad9ef3fe2882d9b7e774b8365,gx-no-cache=1456500054231,gx-no-cache=1456503449467 HTTP/1.1" 200 8984
186.103.159.44 - - [26/Feb/2016:13:17:04 -0300] "POST /cormun/servlet/trsolicitudot?9a36c4fad9ef3fe2882d9b7e774b8365,gx-no-cache=1456500054231,gx-no-cache=1456503450270 HTTP/1.1" 200 8984
186.78.37.98 - - [26/Feb/2016:13:17:05 -0300] "GET /cormun/servlet/hlogin HTTP/1.1" 200 1718
186.103.159.44 - - [26/Feb/2016:13:17:05 -0300] "POST /cormun/servlet/trsolicitudot?9a36c4fad9ef3fe2882d9b7e774b8365,gx-no-cache=1456500054231,gx-no-cache=1456503451138 HTTP/1.1" 200 8984
186.103.159.44 - - [26/Feb/2016:13:17:06 -0300] "POST /cormun/servlet/trsolicitudot?9a36c4fad9ef3fe2882d9b7e774b8365,gx-no-cache=1456500054231,gx-no-cache=1456503452060 HTTP/1.1" 200 8984
186.103.159.44 - - [26/Feb/2016:13:17:07 -0300] "POST /cormun/servlet/trsolicitudot?9a36c4fad9ef3fe2882d9b7e774b8365,gx-no-cache=1456500054231,gx-no-cache=1456503453054 HTTP/1.1" 200 104
186.78.37.98 - - [26/Feb/2016:13:17:07 -0300] "GET /cormun/static/gxtimezone.js?85251 HTTP/1.1" 200 5781
186.78.37.98 - - [26/Feb/2016:13:17:07 -0300] "GET /cormun/static/gxcfg.js?20151120045111 HTTP/1.1" 200 953
186.78.37.98 - - [26/Feb/2016:13:17:07 -0300] "GET /cormun/static/hlogin.js?20151120045126 HTTP/1.1" 200 2136
186.78.37.98 - - [26/Feb/2016:13:17:09 -0300] "GET /cormun/static/messages.spa.js?85251 HTTP/1.1" 200 30736
186.78.37.98 - - [26/Feb/2016:13:17:09 -0300] "GET /cormun/static/Resources/ComunLogin.png HTTP/1.1" 200 17326
186.103.159.44 - - [26/Feb/2016:13:17:18 -0300] "GET /cormun/servlet/solicitudot?UPD,2016,189, HTTP/1.1" 200 13310
186.78.37.98 - - [26/Feb/2016:13:17:20 -0300] "GET /cormun/static/gxgral.js?85251 HTTP/1.1" 200 384558
186.103.159.44 - - [26/Feb/2016:13:17:20 -0300] "POST /cormun/servlet/solicitudot?gx-no-cache=1456503466204 HTTP/1.1" 200 2750
186.103.159.44 - - [26/Feb/2016:13:17:20 -0300] "POST /cormun/servlet/solicitudot?9a36c4fad9ef3fe2882d9b7e774b8365,UPD,2016,189,,gx-no-cache=1456503466313 HTTP/1.1" 200 10198
186.103.159.44 - - [26/Feb/2016:13:17:20 -0300] "GET /cormun/servlet/solicitudot?d1b8feeebe4a91a3c0325cf850d68d5c51c9726414cc9783eeb713c7c6160aa3fa7b6fe9e7927a7ff6acf28b4217a45c,gx-no-cache=1456503466518 HTTP/1.1" 200 30
186.103.159.44 - - [26/Feb/2016:13:17:20 -0300] "POST /cormun/servlet/solicitudot?gx-no-cache=1456503466580 HTTP/1.1" 200 30
186.103.159.44 - - [26/Feb/2016:13:17:20 -0300] "POST /cormun/servlet/solicitudot?gx-no-cache=1456503466659 HTTP/1.1" 200 30
186.103.159.44 - - [26/Feb/2016:13:17:20 -0300] "POST /cormun/servlet/solicitudot?gx-no-cache=1456503466717 HTTP/1.1" 200 1153
186.103.159.44 - - [26/Feb/2016:13:17:20 -0300] "GET /cormun/servlet/solicitudot?d1b8feeebe4a91a3c0325cf850d68d5c0019a135af09bfb8d8cea8ac0b123732785a5d3e1470645853cafa1d631fbd4fccbf21d83e385bcaf73cba998c731b577c065823e98846590cf26b6b91623ecebb711756ffd842ede0623415f41c87bae0a4db821d3efef2fadfad5b5af45a309ec2e4da8c5fd7fd82394d3471241737292614d2f2af50a693b88998cb722f83e21de3270244b2aeeaa0ea540b753ea5,gx-no-cache=1456503466754 HTTP/1.1" 200 41
186.78.37.98 - - [26/Feb/2016:13:17:21 -0300] "GET /cormun/static/Resources/Spanish/PXTools.css?005343 HTTP/1.1" 200 89042
186.103.159.44 - - [26/Feb/2016:13:17:22 -0300] "GET /cormun/servlet/solicitudot?d1b8feeebe4a91a3c0325cf850d68d5c293db852dd39e4cdfeff6bf41101170f0a3bff0f96920faf3921c140a667c9d9c82ff79c997e8756f0519cb8474789d88ad2b8b5b1e684b1912489375d73bee2a3cd85b790d5713ed8c35588dd864526f339e59317f5a2538cebe5acc2c1612e9899060f264cfb7bac3848ca117015c748229275b84fb79f124ea2ad464df17dee142370b28395b356c80bd17d8a5728,gx-no-cache=1456503468489 HTTP/1.1" 200 30
186.103.159.44 - - [26/Feb/2016:13:17:23 -0300] "POST /cormun/servlet/solicitudot?gx-no-cache=1456503469468 HTTP/1.1" 200 1116
186.103.159.44 - - [26/Feb/2016:13:17:23 -0300] "GET /cormun/servlet/solicitudot?d1b8feeebe4a91a3c0325cf850d68d5c4ca5fcf608e9c1ab30a4e0e021efdd0e1592759b725ce96a8a72b5aabe2ce04139b946f6e57f80b175db35cfa81a67617ba3837b0550b5b2610ecb98540f47e184c4b4bc4cdce4127ed02ce6822b7ab17284a5ca836e6017af8f51669b243e18052696de4171418ddd5131efd950d600aa9cfc849318f13a4b96bdb3718b7369242de77cb646429edfccabdee536e555d753c14d49dbf1b289f4d01d734514c2,gx-no-cache=1456503469517 HTTP/1.1" 200 30
186.103.159.44 - - [26/Feb/2016:13:17:23 -0300] "POST /cormun/servlet/solicitudot?9a36c4fad9ef3fe2882d9b7e774b8365,UPD,2016,189,,gx-no-cache=1456503469546 HTTP/1.1" 200 93
186.103.159.44 - - [26/Feb/2016:13:17:24 -0300] "GET /cormun/servlet/hpexe_return? HTTP/1.1" 200 1037
186.103.159.44 - - [26/Feb/2016:13:17:24 -0300] "GET /cormun/servlet/trsolicitudot?gx-no-cache=1456500054231 HTTP/1.1" 200 11318
186.78.37.98 - - [26/Feb/2016:13:17:25 -0300] "GET /cormun/static/Resources/indicator.gif HTTP/1.1" 200 1553
186.78.37.98 - - [26/Feb/2016:13:17:25 -0300] "GET /cormun/static/Resources/PXToolsLoginTop.png HTTP/1.1" 200 1337
186.78.37.98 - - [26/Feb/2016:13:17:25 -0300] "GET /cormun/static/Resources/PXToolsLoginBackground.png HTTP/1.1" 200 1164
186.78.37.98 - - [26/Feb/2016:13:17:25 -0300] "GET /cormun/static/Resources/PXToolsButtonLeft21.png HTTP/1.1" 200 1287
186.78.37.98 - - [26/Feb/2016:13:17:25 -0300] "GET /cormun/static/Resources/PXToolsButtonRight21.png HTTP/1.1" 200 1283
186.78.37.98 - - [26/Feb/2016:13:17:25 -0300] "GET /cormun/static/Resources/PXToolsButtonBackground2.png HTTP/1.1" 200 1181
186.78.37.98 - - [26/Feb/2016:13:17:26 -0300] "GET /cormun/servlet/hlogin HTTP/1.1" 200 1725
186.78.37.98 - - [26/Feb/2016:13:17:26 -0300] "GET /favicon.ico HTTP/1.1" 200 21630
186.78.37.98 - - [26/Feb/2016:13:17:26 -0300] "GET /cormun/static/Resources/indicator.gif HTTP/1.1" 200 1553
186.78.37.98 - - [26/Feb/2016:13:17:26 -0300] "GET /cormun/static/Resources/PXToolsLoginBottom.png HTTP/1.1" 200 1389
186.78.37.98 - - [26/Feb/2016:13:17:26 -0300] "GET /cormun/static/Resources/PXToolsLoginBackground.png HTTP/1.1" 200 1164
186.78.37.98 - - [26/Feb/2016:13:17:26 -0300] "GET /cormun/static/Resources/PXToolsButtonRight21.png HTTP/1.1" 200 1283
186.78.37.98 - - [26/Feb/2016:13:17:26 -0300] "GET /cormun/static/Resources/PXToolsButtonLeft21.png HTTP/1.1" 200 1287
186.78.37.98 - - [26/Feb/2016:13:17:26 -0300] "GET /cormun/static/Resources/PXToolsLoginTop.png HTTP/1.1" 200 1337
186.78.37.98 - - [26/Feb/2016:13:17:26 -0300] "GET /cormun/static/Resources/PXToolsButtonBackground2.png HTTP/1.1" 200 1181
186.103.159.44 - - [26/Feb/2016:13:17:28 -0300] "POST /cormun/servlet/trsolicitudot?9a36c4fad9ef3fe2882d9b7e774b8365,gx-no-cache=1456500054231,gx-no-cache=1456503474208 HTTP/1.1" 200 8991
186.103.159.44 - - [26/Feb/2016:13:17:29 -0300] "POST /cormun/servlet/trsolicitudot?9a36c4fad9ef3fe2882d9b7e774b8365,gx-no-cache=1456500054231,gx-no-cache=1456503474747 HTTP/1.1" 200 8991
186.103.159.44 - - [26/Feb/2016:13:17:29 -0300] "POST /cormun/servlet/trsolicitudot?9a36c4fad9ef3fe2882d9b7e774b8365,gx-no-cache=1456500054231,gx-no-cache=1456503475361 HTTP/1.1" 200 8991
186.103.159.183 - - [26/Feb/2016:13:17:30 -0300] "GET /cormun/servlet/trsolicitudot? HTTP/1.1" 200 7409
186.103.159.44 - - [26/Feb/2016:13:17:30 -0300] "POST /cormun/servlet/trsolicitudot?9a36c4fad9ef3fe2882d9b7e774b8365,gx-no-cache=1456500054231,gx-no-cache=1456503476049 HTTP/1.1" 200 8991
186.103.159.183 - - [26/Feb/2016:13:17:31 -0300] "GET /cormun/servlet/trsolicitudot? HTTP/1.1" 200 7408
186.103.159.44 - - [26/Feb/2016:13:17:31 -0300] "POST /cormun/servlet/trsolicitudot?9a36c4fad9ef3fe2882d9b7e774b8365,gx-no-cache=1456500054231,gx-no-cache=1456503476818 HTTP/1.1" 200 8991
186.103.159.44 - - [26/Feb/2016:13:17:32 -0300] "POST /cormun/servlet/trsolicitudot?9a36c4fad9ef3fe2882d9b7e774b8365,gx-no-cache=1456500054231,gx-no-cache=1456503477654 HTTP/1.1" 200 8991
186.103.159.44 - - [26/Feb/2016:13:17:33 -0300] "POST /cormun/servlet/trsolicitudot?9a36c4fad9ef3fe2882d9b7e774b8365,gx-no-cache=1456500054231,gx-no-cache=1456503478591 HTTP/1.1" 200 8991
186.103.159.44 - - [26/Feb/2016:13:17:33 -0300] "POST /cormun/servlet/trsolicitudot?9a36c4fad9ef3fe2882d9b7e774b8365,gx-no-cache=1456500054231,gx-no-cache=1456503479632 HTTP/1.1" 200 104
186.103.159.183 - - [26/Feb/2016:13:17:36 -0300] "GET /cormun/servlet/solicitudot?INS,0,0, HTTP/1.1" 200 12042
186.103.159.183 - - [26/Feb/2016:13:17:37 -0300] "GET /cormun/servlet/solicitudot?INS,0,0, HTTP/1.1" 200 12046
186.78.37.98 - - [26/Feb/2016:13:17:41 -0300] "POST /cormun/servlet/hlogin?c625cffd78fbb7880c1338272d509c46,gx-no-cache=1456503489230 HTTP/1.1" 200 90
186.78.37.98 - - [26/Feb/2016:13:17:43 -0300] "GET /cormun/servlet/hpexe_link HTTP/1.1" 200 947
186.78.37.98 - - [26/Feb/2016:13:17:43 -0300] "GET /cormun/static/hpexe_link.js?20151120044398 HTTP/1.1" 200 625
186.78.37.98 - - [26/Feb/2016:13:17:43 -0300] "GET /cormun/static/gxcfg.js?20151120044395 HTTP/1.1" 200 953
186.78.37.98 - - [26/Feb/2016:13:17:43 -0300] "GET /cormun/servlet/hhome HTTP/1.1" 200 3319
186.78.37.98 - - [26/Feb/2016:13:17:44 -0300] "GET /cormun/static/SmoothNavMenu/resources/ddsmoothmenu.css?1112540 HTTP/1.1" 200 2223
186.78.37.98 - - [26/Feb/2016:13:17:44 -0300] "GET /cormun/static/SmoothNavMenu/resources/ddsmoothmenu-v.css?1112540 HTTP/1.1" 200 1188
186.78.37.98 - - [26/Feb/2016:13:17:44 -0300] "GET /cormun/static/scaMessage/css/jquery.pnotify.default.css?1816380 HTTP/1.1" 200 1707
186.78.37.98 - - [26/Feb/2016:13:17:44 -0300] "GET /cormun/static/gxcfg.js?2015112210564248 HTTP/1.1" 200 953
186.78.37.98 - - [26/Feb/2016:13:17:44 -0300] "GET /cormun/static/Shared/jqueryui/jquery-ui.min.css?1345370 HTTP/1.1" 200 30288
186.78.37.98 - - [26/Feb/2016:13:17:44 -0300] "GET /cormun/static/PXToolsJavascripts/pexe_autoreload.js HTTP/1.1" 200 1762
186.78.37.98 - - [26/Feb/2016:13:17:44 -0300] "GET /cormun/static/PXToolsJavascripts/pexe_cookies.js HTTP/1.1" 200 792
186.78.37.98 - - [26/Feb/2016:13:17:44 -0300] "GET /cormun/static/PXToolsJavascripts/pexe_windows.js HTTP/1.1" 200 15207
186.78.37.98 - - [26/Feb/2016:13:17:44 -0300] "GET /cormun/static/PXToolsJavascripts/pexe_grid.js HTTP/1.1" 200 7559
186.78.37.98 - - [26/Feb/2016:13:17:44 -0300] "GET /cormun/static/PXToolsJavascripts/pexe_griddivfix.js HTTP/1.1" 200 6644
186.78.37.98 - - [26/Feb/2016:13:17:44 -0300] "GET /cormun/static/PXToolsJavascripts/pexe_link.js HTTP/1.1" 200 5671
186.78.37.98 - - [26/Feb/2016:13:17:44 -0300] "GET /cormun/static/PXToolsJavascripts/pexe_menudivfix.js HTTP/1.1" 200 333
186.78.37.98 - - [26/Feb/2016:13:17:45 -0300] "GET /cormun/static/PXToolsJavascripts/pexe_menus.js HTTP/1.1" 200 1286
186.103.159.44 - - [26/Feb/2016:13:17:45 -0300] "GET /cormun/servlet/solicitudot?UPD,2016,188, HTTP/1.1" 200 13298
186.78.37.98 - - [26/Feb/2016:13:17:46 -0300] "GET /cormun/static/PXToolsJavascripts/pexe_layers.js HTTP/1.1" 200 4114
186.78.37.98 - - [26/Feb/2016:13:17:46 -0300] "GET /cormun/static/PXToolsJavascripts/pexe_oav.js HTTP/1.1" 200 645
186.78.37.98 - - [26/Feb/2016:13:17:46 -0300] "GET /cormun/static/PXToolsJavascripts/pexe_oavdivfix.js HTTP/1.1" 200 639
186.78.37.98 - - [26/Feb/2016:13:17:46 -0300] "GET /cormun/static/PXToolsJavascripts/pexe_picture.js HTTP/1.1" 200 689
186.78.37.98 - - [26/Feb/2016:13:17:46 -0300] "GET /cormun/static/PXToolsJavascripts/pexe_popup.js HTTP/1.1" 200 13458
186.78.37.98 - - [26/Feb/2016:13:17:46 -0300] "GET /cormun/static/PXToolsJavascripts/pexe_scrolldiv.js HTTP/1.1" 200 4138
186.78.37.98 - - [26/Feb/2016:13:17:46 -0300] "GET /cormun/static/PXToolsJavascripts/pexe_tabdivfix.js HTTP/1.1" 200 876
186.78.37.98 - - [26/Feb/2016:13:17:46 -0300] "GET /cormun/static/PXToolsJavascripts/pexe_tabs.js HTTP/1.1" 200 3748
186.78.37.98 - - [26/Feb/2016:13:17:46 -0300] "GET /cormun/static/PXToolsJavascripts/pexe_upload.js HTTP/1.1" 200 1423
186.103.159.44 - - [26/Feb/2016:13:17:47 -0300] "POST /cormun/servlet/solicitudot?gx-no-cache=1456503492844 HTTP/1.1" 200 2750
186.103.159.44 - - [26/Feb/2016:13:17:47 -0300] "POST /cormun/servlet/solicitudot?9a36c4fad9ef3fe2882d9b7e774b8365,UPD,2016,188,,gx-no-cache=1456503492987 HTTP/1.1" 200 10196
186.103.159.44 - - [26/Feb/2016:13:17:47 -0300] "GET /cormun/servlet/solicitudot?d1b8feeebe4a91a3c0325cf850d68d5c51c9726414cc9783eeb713c7c6160aa3fa7b6fe9e7927a7ff6acf28b4217a45c,gx-no-cache=1456503493186 HTTP/1.1" 200 30
186.103.159.44 - - [26/Feb/2016:13:17:47 -0300] "POST /cormun/servlet/solicitudot?gx-no-cache=1456503493247 HTTP/1.1" 200 30
186.103.159.44 - - [26/Feb/2016:13:17:47 -0300] "POST /cormun/servlet/solicitudot?gx-no-cache=1456503493271 HTTP/1.1" 200 30
186.103.159.44 - - [26/Feb/2016:13:17:47 -0300] "POST /cormun/servlet/solicitudot?gx-no-cache=1456503493327 HTTP/1.1" 200 1153
186.103.159.44 - - [26/Feb/2016:13:17:47 -0300] "GET /cormun/servlet/solicitudot?d1b8feeebe4a91a3c0325cf850d68d5c0019a135af09bfb8d8cea8ac0b123732785a5d3e1470645853cafa1d631fbd4fccbf21d83e385bcaf73cba998c731b577c065823e98846590cf26b6b91623ecebb711756ffd842ede0623415f41c87bae0a4db821d3efef2fadfad5b5af45a309ec2e4da8c5fd7fd82394d3471241737292614d2f2af50a693b88998cb722f83e21de3270244b2aeeaa0ea540b753ea5,gx-no-cache=1456503493369 HTTP/1.1" 200 41
186.78.37.98 - - [26/Feb/2016:13:17:48 -0300] "GET /cormun/static/Resources/Spanish/PXTools.css?10515224 HTTP/1.1" 200 89042
186.78.37.98 - - [26/Feb/2016:13:17:48 -0300] "GET /cormun/static/PXToolsJavascripts/PXToolsJavascriptsRender.js HTTP/1.1" 200 367
186.78.37.98 - - [26/Feb/2016:13:17:48 -0300] "GET /cormun/static/RunJS/RunJS.js HTTP/1.1" 200 288
186.78.37.98 - - [26/Feb/2016:13:17:48 -0300] "GET /cormun/static/Shared/ext/locale/ext-lang-en.js HTTP/1.1" 200 10940
186.78.37.98 - - [26/Feb/2016:13:17:48 -0300] "GET /cormun/static/hhome.js?2015112210564255 HTTP/1.1" 200 777
186.78.37.98 - - [26/Feb/2016:13:17:48 -0300] "GET /cormun/static/hwchdr01.js?20162241650484 HTTP/1.1" 200 1002
186.78.37.98 - - [26/Feb/2016:13:17:49 -0300] "GET /cormun/static/hpexe_recentlink.js?2015111312121342 HTTP/1.1" 200 2144
186.78.37.98 - - [26/Feb/2016:13:17:50 -0300] "GET /cormun/static/hpexe_scripts.js?20151120014546 HTTP/1.1" 200 1544
186.78.37.98 - - [26/Feb/2016:13:17:50 -0300] "GET /cormun/static/hpexe_messagecontroller.js?2015112210524422 HTTP/1.1" 200 870
186.78.37.98 - - [26/Feb/2016:13:17:50 -0300] "GET /cormun/static/hpexe_messagepopupcomponent.js?201622412404545 HTTP/1.1" 200 605
186.78.37.98 - - [26/Feb/2016:13:17:51 -0300] "GET /cormun/static/hpexe_messagegenexuscomponent.js?20151120014314 HTTP/1.1" 200 587
186.78.37.98 - - [26/Feb/2016:13:17:51 -0300] "GET /cormun/static/cmcontrolpreferences.js?20151120014525 HTTP/1.1" 200 1375
186.103.159.44 - - [26/Feb/2016:13:17:51 -0300] "GET /cormun/servlet/solicitudot?d1b8feeebe4a91a3c0325cf850d68d5c293db852dd39e4cdfeff6bf41101170f0a3bff0f96920faf3921c140a667c9d9c82ff79c997e8756f0519cb8474789d88ad2b8b5b1e684b1912489375d73bee2a3cd85b790d5713ed8c35588dd864526f339e59317f5a2538cebe5acc2c1612e9899060f264cfb7bac3848ca117015c748229275b84fb79f124ea2ad464df17dee142370b28395b356c80bd17d8a5728,gx-no-cache=1456503497721 HTTP/1.1" 200 30
186.78.37.98 - - [26/Feb/2016:13:17:52 -0300] "GET /cormun/static/SmoothNavMenu/resources/ddsmoothmenu.js HTTP/1.1" 200 12712
186.103.159.44 - - [26/Feb/2016:13:17:53 -0300] "POST /cormun/servlet/solicitudot?gx-no-cache=1456503498884 HTTP/1.1" 200 1116
186.103.159.44 - - [26/Feb/2016:13:17:53 -0300] "GET /cormun/servlet/solicitudot?d1b8feeebe4a91a3c0325cf850d68d5c4ca5fcf608e9c1ab30a4e0e021efdd0e1592759b725ce96a8a72b5aabe2ce04139b946f6e57f80b175db35cfa81a67617ba3837b0550b5b2610ecb98540f47e184c4b4bc4cdce4127ed02ce6822b7ab17284a5ca836e6017af8f51669b243e18052696de4171418ddd5131efd950d600aa9cfc849318f13a4b96bdb3718b7369242de77cb646429edfccabdee536e555d753c14d49dbf1b289f4d01d734514c2,gx-no-cache=1456503498919 HTTP/1.1" 200 30
186.103.159.44 - - [26/Feb/2016:13:17:53 -0300] "POST /cormun/servlet/solicitudot?9a36c4fad9ef3fe2882d9b7e774b8365,UPD,2016,188,,gx-no-cache=1456503498945 HTTP/1.1" 200 93
186.103.159.44 - - [26/Feb/2016:13:17:53 -0300] "GET /cormun/servlet/hpexe_return? HTTP/1.1" 200 1037
186.103.159.44 - - [26/Feb/2016:13:17:53 -0300] "GET /cormun/servlet/trsolicitudot?gx-no-cache=1456500054231 HTTP/1.1" 200 11310
186.78.37.98 - - [26/Feb/2016:13:17:57 -0300] "GET /cormun/static/SmoothNavMenu/resources/SmoothNavMenuRender.js HTTP/1.1" 200 5951
186.103.159.44 - - [26/Feb/2016:13:17:57 -0300] "POST /cormun/servlet/trsolicitudot?9a36c4fad9ef3fe2882d9b7e774b8365,gx-no-cache=1456500054231,gx-no-cache=1456503502865 HTTP/1.1" 200 8987
186.78.37.98 - - [26/Feb/2016:13:17:57 -0300] "GET /cormun/static/scaMessage/js/jquery.pnotify.min.js HTTP/1.1" 200 13038
186.78.37.98 - - [26/Feb/2016:13:17:57 -0300] "GET /cormun/static/Shared/jquery/jquery-1.4.2.min.js HTTP/1.1" 200 72174
186.103.159.44 - - [26/Feb/2016:13:17:57 -0300] "POST /cormun/servlet/trsolicitudot?9a36c4fad9ef3fe2882d9b7e774b8365,gx-no-cache=1456500054231,gx-no-cache=1456503503423 HTTP/1.1" 200 8987
186.103.159.44 - - [26/Feb/2016:13:17:58 -0300] "POST /cormun/servlet/trsolicitudot?9a36c4fad9ef3fe2882d9b7e774b8365,gx-no-cache=1456500054231,gx-no-cache=1456503504070 HTTP/1.1" 200 8987
186.103.159.44 - - [26/Feb/2016:13:17:59 -0300] "POST /cormun/servlet/trsolicitudot?9a36c4fad9ef3fe2882d9b7e774b8365,gx-no-cache=1456500054231,gx-no-cache=1456503504759 HTTP/1.1" 200 8987
186.78.37.98 - - [26/Feb/2016:13:17:59 -0300] "GET /cormun/static/scaMessage/scaMessageRender.js HTTP/1.1" 200 11977
186.103.159.44 - - [26/Feb/2016:13:17:59 -0300] "POST /cormun/servlet/trsolicitudot?9a36c4fad9ef3fe2882d9b7e774b8365,gx-no-cache=1456500054231,gx-no-cache=1456503505544 HTTP/1.1" 200 8987
186.78.37.98 - - [26/Feb/2016:13:17:59 -0300] "GET /cormun/static/hmpwkw03.js?201622421393366 HTTP/1.1" 200 3845
186.78.37.98 - - [26/Feb/2016:13:18:00 -0300] "GET /cormun/static/Shared/jqueryui/jquery-ui.min.js HTTP/1.1" 200 240427
186.103.159.44 - - [26/Feb/2016:13:18:00 -0300] "POST /cormun/servlet/trsolicitudot?9a36c4fad9ef3fe2882d9b7e774b8365,gx-no-cache=1456500054231,gx-no-cache=1456503506379 HTTP/1.1" 200 8987
186.78.37.98 - - [26/Feb/2016:13:18:01 -0300] "GET /cormun/static/Resources/PXToolsDataTitle.png HTTP/1.1" 200 1173
186.103.159.44 - - [26/Feb/2016:13:18:01 -0300] "POST /cormun/servlet/trsolicitudot?9a36c4fad9ef3fe2882d9b7e774b8365,gx-no-cache=1456500054231,gx-no-cache=1456503507300 HTTP/1.1" 200 8987
186.78.37.98 - - [26/Feb/2016:13:18:01 -0300] "GET /cormun/static/gxui/gxui-all.js HTTP/1.1" 200 107772
186.78.37.98 - - [26/Feb/2016:13:18:02 -0300] "GET /cormun/static/Resources/PXToolsHeaderHome.png HTTP/1.1" 200 4147
186.78.37.98 - - [26/Feb/2016:13:18:03 -0300] "GET /cormun/static/Resources/PXToolsHeaderLogin.png HTTP/1.1" 200 4279
186.78.37.98 - - [26/Feb/2016:13:18:03 -0300] "GET /cormun/static/Resources/PXToolsHeaderActionsLeft.png HTTP/1.1" 200 1118
186.103.159.183 - - [26/Feb/2016:13:18:03 -0300] "POST /cormun/servlet/solicitudot?gx-no-cache=1456507311747 HTTP/1.1" 200 2717
186.78.37.98 - - [26/Feb/2016:13:18:03 -0300] "GET /cormun/static/Resources/PXToolsHeaderActionsRight.png HTTP/1.1" 200 1201
186.78.37.98 - - [26/Feb/2016:13:18:03 -0300] "GET /cormun/static/Resources/PXToolsHeaderBackground2.png HTTP/1.1" 200 1174
186.103.159.183 - - [26/Feb/2016:13:18:03 -0300] "POST /cormun/servlet/solicitudot?6dd01a7bb0140816ffd9801ce6e8f827,INS,0,0,,gx-no-cache=1456507311920 HTTP/1.1" 200 9454
186.78.37.98 - - [26/Feb/2016:13:18:03 -0300] "GET /cormun/static/Resources/PXToolsHeaderPreferences.png HTTP/1.1" 200 4189
186.78.37.98 - - [26/Feb/2016:13:18:03 -0300] "GET /cormun/static/Resources/logo4.png HTTP/1.1" 200 6582
186.78.37.98 - - [26/Feb/2016:13:18:04 -0300] "GET /cormun/static/Resources/PXToolsFooterBackground2.png HTTP/1.1" 200 1172
186.78.37.98 - - [26/Feb/2016:13:18:04 -0300] "GET /cormun/static/Resources/PXToolsHeaderSecurity.png HTTP/1.1" 200 4166
186.78.37.98 - - [26/Feb/2016:13:18:04 -0300] "GET /cormun/static/Resources/PXToolsHeaderActionsBackground.png HTTP/1.1" 200 484
186.78.37.98 - - [26/Feb/2016:13:18:07 -0300] "GET /cormun/static/Shared/jquery/jquery-1.10.2.min.js HTTP/1.1" 200 273199
186.103.159.44 - - [26/Feb/2016:13:18:13 -0300] "POST /cormun/servlet/trsolicitudot?9a36c4fad9ef3fe2882d9b7e774b8365,gx-no-cache=1456500054231,gx-no-cache=1456503508318 HTTP/1.1" 200 104
186.103.159.44 - - [26/Feb/2016:13:18:13 -0300] "GET /cormun/servlet/solicitudot?UPD,2016,185, HTTP/1.1" 200 13263
186.103.159.44 - - [26/Feb/2016:13:18:15 -0300] "POST /cormun/servlet/solicitudot?gx-no-cache=1456503521472 HTTP/1.1" 200 2741
186.103.159.44 - - [26/Feb/2016:13:18:15 -0300] "POST /cormun/servlet/solicitudot?9a36c4fad9ef3fe2882d9b7e774b8365,UPD,2016,185,,gx-no-cache=1456503521615 HTTP/1.1" 200 10185
186.103.159.44 - - [26/Feb/2016:13:18:16 -0300] "GET /cormun/servlet/solicitudot?d1b8feeebe4a91a3c0325cf850d68d5cf7910431c5afa59e80dce0e99e4ed866fa7b6fe9e7927a7ff6acf28b4217a45c,gx-no-cache=1456503521811 HTTP/1.1" 200 30
186.103.159.44 - - [26/Feb/2016:13:18:16 -0300] "POST /cormun/servlet/solicitudot?gx-no-cache=1456503521868 HTTP/1.1" 200 30
186.103.159.44 - - [26/Feb/2016:13:18:16 -0300] "POST /cormun/servlet/solicitudot?gx-no-cache=1456503521898 HTTP/1.1" 200 30
186.103.159.44 - - [26/Feb/2016:13:18:16 -0300] "POST /cormun/servlet/solicitudot?gx-no-cache=1456503521939 HTTP/1.1" 200 1152
186.103.159.44 - - [26/Feb/2016:13:18:16 -0300] "GET /cormun/servlet/solicitudot?d1b8feeebe4a91a3c0325cf850d68d5c0019a135af09bfb8d8cea8ac0b123732785a5d3e1470645853cafa1d631fbd4fccbf21d83e385bcaf73cba998c731b577c065823e98846590cf26b6b91623ecebb711756ffd842ede0623415f41c87bae0a4db821d3efef2fadfad5b5af45a309ec2e4da8c5fd7fd82394d3471241737292614d2f2af50a693b88998cb722f83e21de3270244b2aeeaa0ea540b753ea5,gx-no-cache=1456503521980 HTTP/1.1" 200 41
186.103.159.44 - - [26/Feb/2016:13:18:18 -0300] "GET /cormun/servlet/solicitudot?d1b8feeebe4a91a3c0325cf850d68d5c293db852dd39e4cdfeff6bf41101170f0a3bff0f96920faf3921c140a667c9d9c82ff79c997e8756f0519cb8474789d88ad2b8b5b1e684b1912489375d73bee2a3cd85b790d5713ed8c35588dd864526f339e59317f5a2538cebe5acc2c1612e9899060f264cfb7bac3848ca117015c748229275b84fb79f124ea2ad464df17dee142370b28395b356c80bd17d8a5728,gx-no-cache=1456503524177 HTTP/1.1" 200 30
186.103.159.44 - - [26/Feb/2016:13:18:19 -0300] "POST /cormun/servlet/solicitudot?gx-no-cache=1456503525108 HTTP/1.1" 200 1116
186.103.159.44 - - [26/Feb/2016:13:18:19 -0300] "GET /cormun/servlet/solicitudot?d1b8feeebe4a91a3c0325cf850d68d5cf3d63ea8ea6e3ebfb9f264d2f555120bdb9b7e5932bf340b58f65cc58fb437f339b946f6e57f80b175db35cfa81a67617ba3837b0550b5b2610ecb98540f47e184c4b4bc4cdce4127ed02ce6822b7ab17284a5ca836e6017af8f51669b243e18052696de4171418ddd5131efd950d600aa9cfc849318f13a4b96bdb3718b7369242de77cb646429edfccabdee536e555d753c14d49dbf1b289f4d01d734514c2,gx-no-cache=1456503525146 HTTP/1.1" 200 30
186.103.159.44 - - [26/Feb/2016:13:18:19 -0300] "POST /cormun/servlet/solicitudot?9a36c4fad9ef3fe2882d9b7e774b8365,UPD,2016,185,,gx-no-cache=1456503525172 HTTP/1.1" 200 93
186.103.159.44 - - [26/Feb/2016:13:18:19 -0300] "GET /cormun/servlet/hpexe_return? HTTP/1.1" 200 1037
186.103.159.44 - - [26/Feb/2016:13:18:19 -0300] "GET /cormun/servlet/trsolicitudot?gx-no-cache=1456500054231 HTTP/1.1" 200 11305
186.103.159.44 - - [26/Feb/2016:13:18:23 -0300] "POST /cormun/servlet/trsolicitudot?9a36c4fad9ef3fe2882d9b7e774b8365,gx-no-cache=1456500054231,gx-no-cache=1456503529389 HTTP/1.1" 200 8980
186.103.159.44 - - [26/Feb/2016:13:18:24 -0300] "POST /cormun/servlet/trsolicitudot?9a36c4fad9ef3fe2882d9b7e774b8365,gx-no-cache=1456500054231,gx-no-cache=1456503529941 HTTP/1.1" 200 8980
186.103.159.44 - - [26/Feb/2016:13:18:24 -0300] "POST /cormun/servlet/trsolicitudot?9a36c4fad9ef3fe2882d9b7e774b8365,gx-no-cache=1456500054231,gx-no-cache=1456503530556 HTTP/1.1" 200 8980
186.78.37.98 - - [26/Feb/2016:13:18:25 -0300] "GET /cormun/static/Shared/ext/ext-all.js HTTP/1.1" 200 1289687
186.103.159.44 - - [26/Feb/2016:13:18:25 -0300] "POST /cormun/servlet/trsolicitudot?9a36c4fad9ef3fe2882d9b7e774b8365,gx-no-cache=1456500054231,gx-no-cache=1456503531297 HTTP/1.1" 200 8980
186.103.159.44 - - [26/Feb/2016:13:18:26 -0300] "POST /cormun/servlet/trsolicitudot?9a36c4fad9ef3fe2882d9b7e774b8365,gx-no-cache=1456500054231,gx-no-cache=1456503532072 HTTP/1.1" 200 8980
186.103.159.44 - - [26/Feb/2016:13:18:27 -0300] "POST /cormun/servlet/trsolicitudot?9a36c4fad9ef3fe2882d9b7e774b8365,gx-no-cache=1456500054231,gx-no-cache=1456503532899 HTTP/1.1" 200 8980
186.78.37.98 - - [26/Feb/2016:13:18:27 -0300] "GET /cormun/servlet/hhome HTTP/1.1" 200 3317
186.78.37.98 - - [26/Feb/2016:13:18:28 -0300] "GET /cormun/static/SmoothNavMenu/resources/images/down.gif HTTP/1.1" 200 854
186.103.159.44 - - [26/Feb/2016:13:18:28 -0300] "POST /cormun/servlet/trsolicitudot?9a36c4fad9ef3fe2882d9b7e774b8365,gx-no-cache=1456500054231,gx-no-cache=1456503533879 HTTP/1.1" 200 8980
186.103.159.44 - - [26/Feb/2016:13:18:29 -0300] "POST /cormun/servlet/trsolicitudot?9a36c4fad9ef3fe2882d9b7e774b8365,gx-no-cache=1456500054231,gx-no-cache=1456503534859 HTTP/1.1" 200 104
186.103.159.183 - - [26/Feb/2016:13:18:29 -0300] "GET /cormun/servlet/solicitudot?6ce2657453f6c05debc6c260f895ce7420a7051261acf0ea25590c3c175ec19d1d3ad80998ad5a1ddfdcd84adbf9bc92,gx-no-cache=1456507338190 HTTP/1.1" 200 30
186.103.159.183 - - [26/Feb/2016:13:18:37 -0300] "GET /cormun/servlet/trvisualizadoreventos? HTTP/1.1" 200 5933
186.103.159.183 - - [26/Feb/2016:13:18:38 -0300] "GET /cormun/servlet/trvisualizadoreventos? HTTP/1.1" 200 5928
186.103.159.44 - - [26/Feb/2016:13:18:40 -0300] "GET /cormun/servlet/solicitudot?UPD,2016,184, HTTP/1.1" 200 13270
186.103.159.183 - - [26/Feb/2016:13:18:41 -0300] "POST /cormun/servlet/trvisualizadoreventos?6dd01a7bb0140816ffd9801ce6e8f827,,gx-no-cache=1456507349857 HTTP/1.1" 200 3263
186.103.159.183 - - [26/Feb/2016:13:18:41 -0300] "POST /cormun/servlet/trvisualizadoreventos?6dd01a7bb0140816ffd9801ce6e8f827,,gx-no-cache=1456507350023 HTTP/1.1" 200 3263
186.103.159.44 - - [26/Feb/2016:13:18:42 -0300] "POST /cormun/servlet/solicitudot?gx-no-cache=1456503548147 HTTP/1.1" 200 2740
186.103.159.44 - - [26/Feb/2016:13:18:42 -0300] "POST /cormun/servlet/solicitudot?9a36c4fad9ef3fe2882d9b7e774b8365,UPD,2016,184,,gx-no-cache=1456503548285 HTTP/1.1" 200 10184
186.103.159.183 - - [26/Feb/2016:13:18:42 -0300] "POST /cormun/servlet/trvisualizadoreventos?6dd01a7bb0140816ffd9801ce6e8f827,,gx-no-cache=1456507350155 HTTP/1.1" 200 3263
186.103.159.44 - - [26/Feb/2016:13:18:42 -0300] "GET /cormun/servlet/solicitudot?d1b8feeebe4a91a3c0325cf850d68d5cf7910431c5afa59e80dce0e99e4ed866fa7b6fe9e7927a7ff6acf28b4217a45c,gx-no-cache=1456503548480 HTTP/1.1" 200 30
186.103.159.44 - - [26/Feb/2016:13:18:42 -0300] "POST /cormun/servlet/solicitudot?gx-no-cache=1456503548559 HTTP/1.1" 200 30
186.103.159.44 - - [26/Feb/2016:13:18:42 -0300] "POST /cormun/servlet/solicitudot?gx-no-cache=1456503548582 HTTP/1.1" 200 30
186.103.159.183 - - [26/Feb/2016:13:18:42 -0300] "POST /cormun/servlet/trvisualizadoreventos?6dd01a7bb0140816ffd9801ce6e8f827,,gx-no-cache=1456507351094 HTTP/1.1" 200 3263
186.103.159.44 - - [26/Feb/2016:13:18:42 -0300] "POST /cormun/servlet/solicitudot?gx-no-cache=1456503548626 HTTP/1.1" 200 1152
186.78.37.98 - - [26/Feb/2016:13:18:42 -0300] "GET /cormun/servlet/trvisualizadoreventos? HTTP/1.1" 200 5835
186.103.159.44 - - [26/Feb/2016:13:18:42 -0300] "GET /cormun/servlet/solicitudot?d1b8feeebe4a91a3c0325cf850d68d5c0019a135af09bfb8d8cea8ac0b123732785a5d3e1470645853cafa1d631fbd4fccbf21d83e385bcaf73cba998c731b577c065823e98846590cf26b6b91623ecebb711756ffd842ede0623415f41c87bae0a4db821d3efef2fadfad5b5af45a309ec2e4da8c5fd7fd82394d3471241737292614d2f2af50a693b88998cb722f83e21de3270244b2aeeaa0ea540b753ea5,gx-no-cache=1456503548725 HTTP/1.1" 200 41
186.103.159.183 - - [26/Feb/2016:13:18:43 -0300] "POST /cormun/servlet/trvisualizadoreventos?6dd01a7bb0140816ffd9801ce6e8f827,,gx-no-cache=1456507351256 HTTP/1.1" 200 3263
186.78.37.98 - - [26/Feb/2016:13:18:43 -0300] "GET /cormun/static/gxui/gxui-all.css?120300 HTTP/1.1" 200 2179
186.78.37.98 - - [26/Feb/2016:13:18:43 -0300] "GET /cormun/static/calendar-system.css?85620 HTTP/1.1" 200 5572
186.78.37.98 - - [26/Feb/2016:13:18:43 -0300] "GET /cormun/static/gxcfg.js?2016251828014 HTTP/1.1" 200 953
186.78.37.98 - - [26/Feb/2016:13:18:43 -0300] "GET /cormun/static/calendar-setup.js?85251 HTTP/1.1" 200 2588
186.78.37.98 - - [26/Feb/2016:13:18:43 -0300] "GET /cormun/static/calendar-es.js?85251 HTTP/1.1" 200 1901
186.78.37.98 - - [26/Feb/2016:13:18:43 -0300] "GET /cormun/static/calendar.js?85251 HTTP/1.1" 200 26246
186.78.37.98 - - [26/Feb/2016:13:18:43 -0300] "GET /cormun/static/trvisualizadoreventos.js?2016251828276 HTTP/1.1" 200 19096
186.78.37.98 - - [26/Feb/2016:13:18:44 -0300] "GET /cormun/static/Resources/PXTools/calendar.png HTTP/1.1" 200 1306
186.78.37.98 - - [26/Feb/2016:13:18:44 -0300] "GET /cormun/static/gxdec.js?85251 HTTP/1.1" 200 19579
186.78.37.98 - - [26/Feb/2016:13:18:44 -0300] "GET /cormun/static/Resources/Spanish/PXTools.css?17554516 HTTP/1.1" 200 89042
186.103.159.44 - - [26/Feb/2016:13:18:44 -0300] "GET /cormun/servlet/solicitudot?d1b8feeebe4a91a3c0325cf850d68d5c293db852dd39e4cdfeff6bf41101170f0a3bff0f96920faf3921c140a667c9d9c82ff79c997e8756f0519cb8474789d88ad2b8b5b1e684b1912489375d73bee2a3cd85b790d5713ed8c35588dd864526f339e59317f5a2538cebe5acc2c1612e9899060f264cfb7bac3848ca117015c748229275b84fb79f124ea2ad464df17dee142370b28395b356c80bd17d8a5728,gx-no-cache=1456503550360 HTTP/1.1" 200 30
186.78.37.98 - - [26/Feb/2016:13:18:45 -0300] "GET /cormun/static/Resources/PXToolsDataSearch.png HTTP/1.1" 200 419
186.103.159.44 - - [26/Feb/2016:13:18:45 -0300] "POST /cormun/servlet/solicitudot?gx-no-cache=1456503551387 HTTP/1.1" 200 1116
186.103.159.44 - - [26/Feb/2016:13:18:45 -0300] "GET /cormun/servlet/solicitudot?d1b8feeebe4a91a3c0325cf850d68d5cf3d63ea8ea6e3ebfb9f264d2f555120bdb9b7e5932bf340b58f65cc58fb437f339b946f6e57f80b175db35cfa81a67617ba3837b0550b5b2610ecb98540f47e184c4b4bc4cdce4127ed02ce6822b7ab17284a5ca836e6017af8f51669b243e18052696de4171418ddd5131efd950d600aa9cfc849318f13a4b96bdb3718b7369242de77cb646429edfccabdee536e555d753c14d49dbf1b289f4d01d734514c2,gx-no-cache=1456503551469 HTTP/1.1" 200 30
186.78.37.98 - - [26/Feb/2016:13:18:45 -0300] "GET /cormun/static/Resources/PXToolsGridFirst.gif HTTP/1.1" 200 379
186.103.159.44 - - [26/Feb/2016:13:18:45 -0300] "POST /cormun/servlet/solicitudot?9a36c4fad9ef3fe2882d9b7e774b8365,UPD,2016,184,,gx-no-cache=1456503551525 HTTP/1.1" 200 93
186.103.159.44 - - [26/Feb/2016:13:18:45 -0300] "GET /cormun/servlet/hpexe_return? HTTP/1.1" 200 1037
186.103.159.44 - - [26/Feb/2016:13:18:46 -0300] "GET /cormun/servlet/trsolicitudot?gx-no-cache=1456500054231 HTTP/1.1" 200 11304
186.78.37.98 - - [26/Feb/2016:13:18:46 -0300] "GET /cormun/static/Resources/PXToolsGridPrevious.gif HTTP/1.1" 200 369
186.78.37.98 - - [26/Feb/2016:13:18:46 -0300] "GET /cormun/static/Resources/PXToolsGridNext.gif HTTP/1.1" 200 369
186.78.37.98 - - [26/Feb/2016:13:18:47 -0300] "GET /cormun/static/Resources/PXToolsGridLast.gif HTTP/1.1" 200 370
186.78.37.98 - - [26/Feb/2016:13:18:47 -0300] "GET /cormun/static/Resources/PXToolsActionPrint.png HTTP/1.1" 200 3317
186.78.37.98 - - [26/Feb/2016:13:18:47 -0300] "GET /cormun/static/Resources/PXToolsActionExcel.png HTTP/1.1" 200 3187
186.78.37.98 - - [26/Feb/2016:13:18:51 -0300] "GET /cormun/static/Shared/ext/resources/css/ext-all.css?215870 HTTP/1.1" 200 416045
186.78.37.98 - - [26/Feb/2016:13:18:53 -0300] "GET /cormun/static/Resources/asc.gif HTTP/1.1" 200 67
186.78.37.98 - - [26/Feb/2016:13:18:53 -0300] "GET /cormun/static/Resources/desc.gif HTTP/1.1" 200 65
186.78.37.98 - - [26/Feb/2016:13:18:53 -0300] "GET /cormun/servlet/trvisualizadoreventos? HTTP/1.1" 200 5835
186.78.37.98 - - [26/Feb/2016:13:18:53 -0300] "GET /cormun/static/Shared/ext/resources/themes/images/default/panel/bg-headersPanel.png HTTP/1.1" 200 255
186.78.37.98 - - [26/Feb/2016:13:18:53 -0300] "GET /cormun/static/Shared/ext/resources/themes/images/default/tools/tool-sprites.gif HTTP/1.1" 200 5434
186.78.37.98 - - [26/Feb/2016:13:18:54 -0300] "POST /cormun/servlet/acontrolpreferencessavestate?None,CG-22,true HTTP/1.1" 200 35
186.103.159.44 - - [26/Feb/2016:13:19:01 -0300] "GET /cormun/servlet/hhome HTTP/1.1" 200 3408
186.103.159.183 - - [26/Feb/2016:13:19:03 -0300] "GET /cormun/servlet/trvisualizadoreventos? HTTP/1.1" 200 5928
186.78.37.98 - - [26/Feb/2016:13:19:04 -0300] "POST /cormun/servlet/trvisualizadoreventos?c625cffd78fbb7880c1338272d509c46,,gx-no-cache=1456503571864 HTTP/1.1" 200 3235
186.78.37.98 - - [26/Feb/2016:13:19:04 -0300] "POST /cormun/servlet/trvisualizadoreventos?c625cffd78fbb7880c1338272d509c46,,gx-no-cache=1456503572517 HTTP/1.1" 200 3235
186.103.159.183 - - [26/Feb/2016:13:19:04 -0300] "GET /cormun/servlet/trvisualizadoreventos? HTTP/1.1" 200 5928
186.78.37.98 - - [26/Feb/2016:13:19:05 -0300] "GET /cormun/static/menuarrow.gif HTTP/1.1" 404 1015
186.103.159.183 - - [26/Feb/2016:13:19:11 -0300] "POST /cormun/servlet/trvisualizadoreventos?6dd01a7bb0140816ffd9801ce6e8f827,,gx-no-cache=1456507379382 HTTP/1.1" 200 3259
186.103.159.183 - - [26/Feb/2016:13:19:11 -0300] "POST /cormun/servlet/trvisualizadoreventos?6dd01a7bb0140816ffd9801ce6e8f827,,gx-no-cache=1456507379547 HTTP/1.1" 200 3259
186.103.159.183 - - [26/Feb/2016:13:19:11 -0300] "POST /cormun/servlet/trvisualizadoreventos?6dd01a7bb0140816ffd9801ce6e8f827,,gx-no-cache=1456507379687 HTTP/1.1" 200 3259
186.103.159.183 - - [26/Feb/2016:13:19:12 -0300] "POST /cormun/servlet/trvisualizadoreventos?6dd01a7bb0140816ffd9801ce6e8f827,,gx-no-cache=1456507379817 HTTP/1.1" 200 3259
186.78.37.98 - - [26/Feb/2016:13:19:28 -0300] "GET /cormun/servlet/trvisualizadoreventos?7bf832b40bb3cd261b28402895df4585bea2179df12ae62d7a0bc96452a01715df6741fb2b1ff7162d5f07c842ceb067f4ae615f22934a2578d3defaa910169cd36926c9ecf3e8cc650352a35dc24d09e31df9013a4faa7087f3fbb717800d25fcd3bdb80fa3fd3de353a540fcc29cde81b20420227c58aa5edc2e4d34cf43043bee9c97f1741699e9d8aaedf72ac8075674bb1ffd1962c88487e0396f84356156037410cdd3e475cf71670418a0a3c05dc2e3d2f76a486985f1fdf32278ae62,gx-no-cache=1456503596695 HTTP/1.1" 200 566
186.78.37.98 - - [26/Feb/2016:13:19:37 -0300] "POST /cormun/servlet/trvisualizadoreventos?c625cffd78fbb7880c1338272d509c46,,gx-no-cache=1456503602692 HTTP/1.1" 200 3245
186.78.37.98 - - [26/Feb/2016:13:19:45 -0300] "GET /cormun/servlet/trvisualizadoreventos?7bf832b40bb3cd261b28402895df4585bea2179df12ae62d7a0bc96452a01715df6741fb2b1ff7162d5f07c842ceb067f4ae615f22934a2578d3defaa910169cd36926c9ecf3e8cc650352a35dc24d09e31df9013a4faa7087f3fbb717800d25fcd3bdb80fa3fd3de353a540fcc29cde81b20420227c58aa5edc2e4d34cf43043bee9c97f1741699e9d8aaedf72ac8075674bb1ffd1962c88487e0396f84356156c8e49cce1cf7e69f6a2380f1cf46195dc2e3d2f76a486985f1fdf32278ae62,gx-no-cache=1456503613217 HTTP/1.1" 200 572
186.78.37.98 - - [26/Feb/2016:13:19:49 -0300] "POST /cormun/servlet/trvisualizadoreventos?c625cffd78fbb7880c1338272d509c46,,gx-no-cache=1456503615384 HTTP/1.1" 200 3248
186.78.37.98 - - [26/Feb/2016:13:19:52 -0300] "POST /cormun/servlet/trvisualizadoreventos?c625cffd78fbb7880c1338272d509c46,,gx-no-cache=1456503618669 HTTP/1.1" 200 3248
186.78.37.98 - - [26/Feb/2016:13:19:52 -0300] "POST /cormun/servlet/trvisualizadoreventos?c625cffd78fbb7880c1338272d509c46,,gx-no-cache=1456503620597 HTTP/1.1" 200 3248
186.78.37.98 - - [26/Feb/2016:13:19:58 -0300] "POST /cormun/servlet/trvisualizadoreventos?c625cffd78fbb7880c1338272d509c46,,gx-no-cache=1456503626912 HTTP/1.1" 200 3250
186.78.37.98 - - [26/Feb/2016:13:19:59 -0300] "GET /cormun/servlet/trvisualizadoreventos?7bf832b40bb3cd261b28402895df4585b7125033ef61d257f9ea96629fbfa081df6741fb2b1ff7162d5f07c842ceb067f4ae615f22934a2578d3defaa910169cd36926c9ecf3e8cc650352a35dc24d09e31df9013a4faa7087f3fbb717800d25fcd3bdb80fa3fd3de353a540fcc29cde81b20420227c58aa5edc2e4d34cf43043bee9c97f1741699e9d8aaedf72ac8075674bb1ffd1962c88487e0396f84356156c8e49cce1cf7e69f6a2380f1cf46195dc2e3d2f76a486985f1fdf32278ae62,gx-no-cache=1456503627315 HTTP/1.1" 200 575
186.78.37.98 - - [26/Feb/2016:13:20:15 -0300] "GET /cormun/servlet/trvisualizadoreventos?7bf832b40bb3cd261b28402895df4585c717b02c0a669c9506d416792de48b421c8f90973a84bfcb4f1898db538ad4475d68476689f419c6c4e965f1712906f111cc251b8ba18666487ebf4540f6b289415acadfec7acb70c342dd477b11225bea7fbfd312bb902dade05c93e8f52fc8c2b854eaceb2ece2387c36fe1756ddf0406f9d55691dda05906016bb05e52ba193b60c3c2229c2faf3b262d54ec26f7263b6ea1f3db0920456a0f310398737124055145f458e4cd18f4a1845771e55f0,gx-no-cache=1456503643065 HTTP/1.1" 200 576
186.78.37.98 - - [26/Feb/2016:13:20:16 -0300] "POST /cormun/servlet/trvisualizadoreventos?c625cffd78fbb7880c1338272d509c46,,gx-no-cache=1456503643335 HTTP/1.1" 200 3250
191.112.18.96 - - [26/Feb/2016:13:20:35 -0300] "GET /cormun/servlet/hlogin HTTP/1.1" 200 1721
191.112.18.96 - - [26/Feb/2016:13:20:35 -0300] "GET /cormun/static/gxtimezone.js?85251 HTTP/1.1" 200 5781
191.112.18.96 - - [26/Feb/2016:13:20:35 -0300] "GET /cormun/static/gxcfg.js?20151120045111 HTTP/1.1" 200 953
191.112.18.96 - - [26/Feb/2016:13:20:35 -0300] "GET /cormun/static/hlogin.js?20151120045126 HTTP/1.1" 200 2136
191.112.18.96 - - [26/Feb/2016:13:20:35 -0300] "GET /cormun/static/messages.spa.js?85251 HTTP/1.1" 200 30736
191.112.18.96 - - [26/Feb/2016:13:20:35 -0300] "GET /cormun/static/Resources/Spanish/PXTools.css?005343 HTTP/1.1" 200 89042
191.112.18.96 - - [26/Feb/2016:13:20:35 -0300] "GET /cormun/static/Resources/ComunLogin.png HTTP/1.1" 200 17326
191.112.18.96 - - [26/Feb/2016:13:20:36 -0300] "GET /cormun/static/gxgral.js?85251 HTTP/1.1" 200 384558
191.112.18.96 - - [26/Feb/2016:13:20:36 -0300] "GET /cormun/static/Resources/indicator.gif HTTP/1.1" 200 1553
191.112.18.96 - - [26/Feb/2016:13:20:36 -0300] "GET /cormun/static/Resources/PXToolsLoginTop.png HTTP/1.1" 200 1337
191.112.18.96 - - [26/Feb/2016:13:20:36 -0300] "GET /cormun/static/Resources/PXToolsLoginBackground.png HTTP/1.1" 200 1164
191.112.18.96 - - [26/Feb/2016:13:20:36 -0300] "GET /cormun/static/Resources/PXToolsButtonLeft21.png HTTP/1.1" 200 1287
191.112.18.96 - - [26/Feb/2016:13:20:36 -0300] "GET /cormun/static/Resources/PXToolsButtonRight21.png HTTP/1.1" 200 1283
191.112.18.96 - - [26/Feb/2016:13:20:36 -0300] "GET /cormun/static/Resources/PXToolsButtonBackground2.png HTTP/1.1" 200 1181
191.112.18.96 - - [26/Feb/2016:13:20:36 -0300] "GET /cormun/servlet/hlogin HTTP/1.1" 200 1725
191.112.18.96 - - [26/Feb/2016:13:20:36 -0300] "GET /favicon.ico HTTP/1.1" 200 21630
191.112.18.96 - - [26/Feb/2016:13:20:36 -0300] "GET /cormun/static/Resources/indicator.gif HTTP/1.1" 200 1553
191.112.18.96 - - [26/Feb/2016:13:20:36 -0300] "GET /cormun/static/Resources/PXToolsLoginTop.png HTTP/1.1" 200 1337
191.112.18.96 - - [26/Feb/2016:13:20:37 -0300] "GET /cormun/static/Resources/PXToolsLoginBackground.png HTTP/1.1" 200 1164
191.112.18.96 - - [26/Feb/2016:13:20:37 -0300] "GET /cormun/static/Resources/PXToolsButtonLeft21.png HTTP/1.1" 200 1287
191.112.18.96 - - [26/Feb/2016:13:20:37 -0300] "GET /cormun/static/Resources/PXToolsButtonRight21.png HTTP/1.1" 200 1283
191.112.18.96 - - [26/Feb/2016:13:20:37 -0300] "GET /cormun/static/Resources/PXToolsButtonBackground2.png HTTP/1.1" 200 1181
191.112.18.96 - - [26/Feb/2016:13:20:37 -0300] "GET /cormun/static/Resources/PXToolsLoginBottom.png HTTP/1.1" 200 1389
186.78.37.98 - - [26/Feb/2016:13:21:09 -0300] "GET /cormun/servlet/trsolicitudot? HTTP/1.1" 200 6069
186.78.37.98 - - [26/Feb/2016:13:21:09 -0300] "GET /cormun/static/gxcfg.js?20161623482752 HTTP/1.1" 200 953
186.78.37.98 - - [26/Feb/2016:13:21:10 -0300] "GET /cormun/static/Resources/PXToolsGridNew.png HTTP/1.1" 200 2949
186.78.37.98 - - [26/Feb/2016:13:21:12 -0300] "GET /cormun/static/trsolicitudot.js?20161623483284 HTTP/1.1" 200 45324
186.78.37.98 - - [26/Feb/2016:13:21:15 -0300] "GET /cormun/servlet/trsolicitudot? HTTP/1.1" 200 6068
186.78.37.98 - - [26/Feb/2016:13:21:15 -0300] "POST /cormun/servlet/acontrolpreferencessavestate?None,CG-22,true HTTP/1.1" 200 35
186.103.159.183 - - [26/Feb/2016:13:21:23 -0300] "GET /cormun/servlet/trsolicitudot? HTTP/1.1" 200 7409
186.103.159.183 - - [26/Feb/2016:13:21:24 -0300] "GET /cormun/servlet/trsolicitudot? HTTP/1.1" 200 7408
186.78.37.98 - - [26/Feb/2016:13:21:27 -0300] "POST /cormun/servlet/trsolicitudot?c625cffd78fbb7880c1338272d509c46,,gx-no-cache=1456503715157 HTTP/1.1" 200 3437
186.78.37.98 - - [26/Feb/2016:13:21:28 -0300] "POST /cormun/servlet/trsolicitudot?c625cffd78fbb7880c1338272d509c46,,gx-no-cache=1456503716185 HTTP/1.1" 200 3438
200.30.225.234 - - [26/Feb/2016:13:21:29 -0300] "GET /cormun/servlet/solicitudot?INS,0,0, HTTP/1.1" 200 12192
200.30.225.234 - - [26/Feb/2016:13:21:30 -0300] "GET /cormun/servlet/solicitudot?INS,0,0, HTTP/1.1" 200 12197
186.78.37.98 - - [26/Feb/2016:13:21:38 -0300] "POST /cormun/servlet/trsolicitudot?c625cffd78fbb7880c1338272d509c46,,gx-no-cache=1456503726559 HTTP/1.1" 200 3441
186.78.37.98 - - [26/Feb/2016:13:21:39 -0300] "POST /cormun/servlet/trsolicitudot?c625cffd78fbb7880c1338272d509c46,,gx-no-cache=1456503727014 HTTP/1.1" 200 3440
186.78.37.98 - - [26/Feb/2016:13:21:44 -0300] "POST /cormun/servlet/trsolicitudot?c625cffd78fbb7880c1338272d509c46,,gx-no-cache=1456503732095 HTTP/1.1" 200 3441
186.78.37.98 - - [26/Feb/2016:13:21:51 -0300] "GET /cormun/servlet/trsolicitudot?7bf832b40bb3cd261b28402895df4585c4bca017f7f39e8990923cfa2aa366cae547edcca65510839cdd676cd300dde457ce0f099352ce35481b43e68b3c8e00f5c6f413815b0d76d7ee8f07345deb6e,gx-no-cache=1456503739350 HTTP/1.1" 200 720
186.78.37.98 - - [26/Feb/2016:13:22:03 -0300] "POST /cormun/servlet/trsolicitudot?c625cffd78fbb7880c1338272d509c46,,gx-no-cache=1456503751367 HTTP/1.1" 200 3440
186.78.37.98 - - [26/Feb/2016:13:22:03 -0300] "POST /cormun/servlet/trsolicitudot?c625cffd78fbb7880c1338272d509c46,,gx-no-cache=1456503751859 HTTP/1.1" 200 3440
186.78.37.98 - - [26/Feb/2016:13:22:06 -0300] "GET /cormun/servlet/trsolicitudot?7bf832b40bb3cd261b28402895df4585c4bca017f7f39e8990923cfa2aa366ca4e8a10568adde97d731b898c421400bfe9fb1f043388beb614afbc0ee6a793a13c59c646a4b5dfb6b6eeaafb17512fd8,gx-no-cache=1456503754531 HTTP/1.1" 200 720
200.30.225.234 - - [26/Feb/2016:13:22:13 -0300] "POST /cormun/servlet/solicitudot?gx-no-cache=1456503724484 HTTP/1.1" 200 2740
200.30.225.234 - - [26/Feb/2016:13:22:14 -0300] "POST /cormun/servlet/solicitudot?3c9c192b88a52262882efdc29794179a,INS,0,0,,gx-no-cache=1456503724744 HTTP/1.1" 200 9518
200.30.225.234 - - [26/Feb/2016:13:22:37 -0300] "GET /cormun/servlet/solicitudot?ccd40cde71c7b1ad36fa75ca726c04d8c1829a097a930b8d149b4b672cec9dcb81b94f77cbe453c0d640e31e2eb616da,gx-no-cache=1456503747783 HTTP/1.1" 200 30
186.78.37.98 - - [26/Feb/2016:13:22:42 -0300] "GET /cormun/servlet/trsolicitudot?7bf832b40bb3cd261b28402895df4585fc7749f63bca813dd73518e034698ceca3aff66146d4f1a76b9677d0534e69b22aeaf769bb5ade23aecb7bd5cf8760c2c5e62697187e24f985926ae3af731283,gx-no-cache=1456503789214 HTTP/1.1" 200 720
186.78.37.98 - - [26/Feb/2016:13:22:52 -0300] "GET /cormun/servlet/trsolicitudot?7bf832b40bb3cd261b28402895df4585e7f257987931327610e1f3cb755be9426fbc2e43b67ee5fc75cbf95b59d9e24d1ee5254447c8c67a7978492322e7eb9222da8b77adf5e9d61a836f7dea9162021faaeb51e4063519fd421fd2458cb401,gx-no-cache=1456503800577 HTTP/1.1" 200 720
186.78.37.98 - - [26/Feb/2016:13:22:56 -0300] "POST /cormun/servlet/trsolicitudot?c625cffd78fbb7880c1338272d509c46,,gx-no-cache=1456503802055 HTTP/1.1" 200 3440
186.78.37.98 - - [26/Feb/2016:13:22:57 -0300] "GET /cormun/servlet/trsolicitudot?7bf832b40bb3cd261b28402895df4585ff0437372c19bcdb2fcfa6704722706e6ae490fc1779ae7b6add51fd8c892837657ca67e1d17c0432a4ab53cc9a1c94e27e726fa5be4856304558f3be809e18d,gx-no-cache=1456503805544 HTTP/1.1" 200 720
186.78.37.98 - - [26/Feb/2016:13:22:58 -0300] "POST /cormun/servlet/trsolicitudot?c625cffd78fbb7880c1338272d509c46,,gx-no-cache=1456503806501 HTTP/1.1" 200 3447
186.78.37.98 - - [26/Feb/2016:13:23:02 -0300] "GET /cormun/servlet/trsolicitudot?7bf832b40bb3cd261b28402895df4585343a38d2ead58187e5585152ed19514d0546782c1631e3ccaf1d99ba92982864e2d4c2c8fd895780f41a74c2355bd89cca4ba49e17fa02260df3411693dbe30a,gx-no-cache=1456503810741 HTTP/1.1" 200 723
