186.103.159.189 - - [25/Feb/2016:13:22:03 -0300] "GET /cormun/servlet/solicitudot?INS,0,0, HTTP/1.1" 200 11989
186.103.159.189 - - [25/Feb/2016:13:22:03 -0300] "GET /cormun/static/gxcfg.js?201617004230 HTTP/1.1" 200 953
186.103.159.189 - - [25/Feb/2016:13:22:03 -0300] "GET /cormun/static/solicitudot.js?201617004281 HTTP/1.1" 304 -
186.103.159.189 - - [25/Feb/2016:13:22:03 -0300] "GET /cormun/static/Resources/prompt.gif HTTP/1.1" 200 902
192.168.10.98 - - [25/Feb/2016:13:22:04 -0300] "POST /cormun/servlet/tipocalculodocumento?gx-no-cache=1456417079404 HTTP/1.1" 200 26
192.168.10.98 - - [25/Feb/2016:13:22:04 -0300] "POST /cormun/servlet/tipocalculodocumento?gx-no-cache=1456417079430 HTTP/1.1" 200 26
192.168.10.98 - - [25/Feb/2016:13:22:05 -0300] "POST /cormun/servlet/tipocalculodocumento?2732cb0c4ddf82d790888e6b71647193,INS,1,,,gx-no-cache=1456417080514 HTTP/1.1" 200 93
192.168.10.98 - - [25/Feb/2016:13:22:05 -0300] "GET /cormun/servlet/hpexe_return? HTTP/1.1" 200 1013
192.168.10.98 - - [25/Feb/2016:13:22:05 -0300] "GET /cormun/servlet/trtipodocumento?1, HTTP/1.1" 200 6164
186.103.159.189 - - [25/Feb/2016:13:22:06 -0300] "GET /cormun/servlet/solicitudot?INS,0,0, HTTP/1.1" 200 11993
192.168.10.98 - - [25/Feb/2016:13:22:10 -0300] "POST /cormun/servlet/trtipodocumento?2732cb0c4ddf82d790888e6b71647193,1,,gx-no-cache=1456417085848 HTTP/1.1" 200 90
192.168.10.98 - - [25/Feb/2016:13:22:10 -0300] "GET /cormun/servlet/hpexe_link HTTP/1.1" 200 960
192.168.10.98 - - [25/Feb/2016:13:22:10 -0300] "GET /cormun/servlet/trtipocalculo HTTP/1.1" 200 5919
192.168.10.98 - - [25/Feb/2016:13:22:16 -0300] "GET /cormun/servlet/trtipodocumento?5, HTTP/1.1" 200 5557
192.168.10.98 - - [25/Feb/2016:13:22:20 -0300] "GET /cormun/servlet/tipocalculodocumento?INS,5,, HTTP/1.1" 200 5569
192.168.10.98 - - [25/Feb/2016:13:22:21 -0300] "GET /cormun/servlet/tipocalculodocumento?cc6ea3ac959f241dd3d99fb1b9322d52a603fcac575e56bda008573c10d02afad413d21c0b1d6893f5015fa9d4f3efa5,gx-no-cache=1456417096448 HTTP/1.1" 200 40
192.168.10.98 - - [25/Feb/2016:13:22:24 -0300] "POST /cormun/servlet/tipocalculodocumento?gx-no-cache=1456417099254 HTTP/1.1" 200 26
192.168.10.98 - - [25/Feb/2016:13:22:24 -0300] "POST /cormun/servlet/tipocalculodocumento?gx-no-cache=1456417099281 HTTP/1.1" 200 26
192.168.10.98 - - [25/Feb/2016:13:22:25 -0300] "POST /cormun/servlet/tipocalculodocumento?2732cb0c4ddf82d790888e6b71647193,INS,5,,,gx-no-cache=1456417100193 HTTP/1.1" 200 93
192.168.10.98 - - [25/Feb/2016:13:22:25 -0300] "GET /cormun/servlet/hpexe_return? HTTP/1.1" 200 1013
192.168.10.98 - - [25/Feb/2016:13:22:25 -0300] "GET /cormun/servlet/trtipodocumento?5, HTTP/1.1" 200 5789
192.168.10.98 - - [25/Feb/2016:13:22:27 -0300] "GET /cormun/servlet/tipocalculodocumento?INS,5,, HTTP/1.1" 200 5569
192.168.10.98 - - [25/Feb/2016:13:22:28 -0300] "GET /cormun/servlet/tipocalculodocumento?cc6ea3ac959f241dd3d99fb1b9322d52a603fcac575e56bda008573c10d02afad413d21c0b1d6893f5015fa9d4f3efa5,gx-no-cache=1456417103769 HTTP/1.1" 200 40
186.103.159.189 - - [25/Feb/2016:13:22:36 -0300] "POST /cormun/servlet/solicitudot?gx-no-cache=1456417385227 HTTP/1.1" 200 2669
186.103.159.189 - - [25/Feb/2016:13:22:36 -0300] "POST /cormun/servlet/solicitudot?aba7099a20072e886f8ab568b33f5cb1,INS,0,0,,gx-no-cache=1456417385553 HTTP/1.1" 200 9399
192.168.10.98 - - [25/Feb/2016:13:22:37 -0300] "POST /cormun/servlet/tipocalculodocumento?gx-no-cache=1456417112489 HTTP/1.1" 200 26
192.168.10.98 - - [25/Feb/2016:13:22:37 -0300] "POST /cormun/servlet/tipocalculodocumento?gx-no-cache=1456417112516 HTTP/1.1" 200 26
186.103.159.189 - - [25/Feb/2016:13:22:37 -0300] "GET /cormun/servlet/solicitudot?70e36d8e818dd555718512e69bf480c08782b4176eebb1b8c419cc7b86d3b691006d0ce9b79f77954483fa519e94b73a,gx-no-cache=1456417386480 HTTP/1.1" 200 111
186.103.159.189 - - [25/Feb/2016:13:22:37 -0300] "GET /cormun/static/Shared/jqueryui/images/ui-bg_highlight-soft_100_c6c2c8_1x100.png HTTP/1.1" 404 1117
186.103.159.189 - - [25/Feb/2016:13:22:37 -0300] "GET /cormun/static/Shared/jqueryui/images/ui-icons_82798d_256x240.png HTTP/1.1" 404 1089
186.103.159.189 - - [25/Feb/2016:13:22:37 -0300] "GET /cormun/static/Shared/jqueryui/images/ui-bg_flat_55_994d53_40x100.png HTTP/1.1" 404 1097
186.103.159.189 - - [25/Feb/2016:13:22:37 -0300] "GET /cormun/static/Shared/jqueryui/images/ui-icons_ebccce_256x240.png HTTP/1.1" 404 1089
192.168.10.98 - - [25/Feb/2016:13:22:38 -0300] "POST /cormun/servlet/tipocalculodocumento?2732cb0c4ddf82d790888e6b71647193,INS,5,,,gx-no-cache=1456417113662 HTTP/1.1" 200 93
192.168.10.98 - - [25/Feb/2016:13:22:38 -0300] "GET /cormun/servlet/hpexe_return? HTTP/1.1" 200 1013
192.168.10.98 - - [25/Feb/2016:13:22:38 -0300] "GET /cormun/servlet/trtipodocumento?5, HTTP/1.1" 200 5875
192.168.10.98 - - [25/Feb/2016:13:22:40 -0300] "GET /cormun/servlet/tipocalculodocumento?INS,5,, HTTP/1.1" 200 5569
192.168.10.98 - - [25/Feb/2016:13:22:41 -0300] "GET /cormun/servlet/tipocalculodocumento?cc6ea3ac959f241dd3d99fb1b9322d52a603fcac575e56bda008573c10d02afad413d21c0b1d6893f5015fa9d4f3efa5,gx-no-cache=1456417117204 HTTP/1.1" 200 40
192.168.10.98 - - [25/Feb/2016:13:22:47 -0300] "POST /cormun/servlet/tipocalculodocumento?gx-no-cache=1456417122440 HTTP/1.1" 200 26
192.168.10.98 - - [25/Feb/2016:13:22:47 -0300] "POST /cormun/servlet/tipocalculodocumento?gx-no-cache=1456417122467 HTTP/1.1" 200 26
192.168.10.98 - - [25/Feb/2016:13:22:48 -0300] "POST /cormun/servlet/tipocalculodocumento?2732cb0c4ddf82d790888e6b71647193,INS,5,,,gx-no-cache=1456417123709 HTTP/1.1" 200 93
192.168.10.98 - - [25/Feb/2016:13:22:48 -0300] "GET /cormun/servlet/hpexe_return? HTTP/1.1" 200 1013
192.168.10.98 - - [25/Feb/2016:13:22:48 -0300] "GET /cormun/servlet/trtipodocumento?5, HTTP/1.1" 200 5959
192.168.10.98 - - [25/Feb/2016:13:22:52 -0300] "GET /cormun/servlet/tipocalculodocumento?INS,5,, HTTP/1.1" 200 5569
192.168.10.98 - - [25/Feb/2016:13:22:53 -0300] "GET /cormun/servlet/tipocalculodocumento?cc6ea3ac959f241dd3d99fb1b9322d52a603fcac575e56bda008573c10d02afad413d21c0b1d6893f5015fa9d4f3efa5,gx-no-cache=1456417128463 HTTP/1.1" 200 40
192.168.10.98 - - [25/Feb/2016:13:22:56 -0300] "POST /cormun/servlet/tipocalculodocumento?gx-no-cache=1456417131394 HTTP/1.1" 200 26
192.168.10.98 - - [25/Feb/2016:13:22:56 -0300] "POST /cormun/servlet/tipocalculodocumento?gx-no-cache=1456417131421 HTTP/1.1" 200 26
192.168.10.98 - - [25/Feb/2016:13:22:57 -0300] "POST /cormun/servlet/tipocalculodocumento?2732cb0c4ddf82d790888e6b71647193,INS,5,,,gx-no-cache=1456417132272 HTTP/1.1" 200 93
192.168.10.98 - - [25/Feb/2016:13:22:57 -0300] "GET /cormun/servlet/hpexe_return? HTTP/1.1" 200 1013
192.168.10.98 - - [25/Feb/2016:13:22:57 -0300] "GET /cormun/servlet/trtipodocumento?5, HTTP/1.1" 200 6007
192.168.10.98 - - [25/Feb/2016:13:23:00 -0300] "POST /cormun/servlet/trtipodocumento?2732cb0c4ddf82d790888e6b71647193,5,,gx-no-cache=1456417135230 HTTP/1.1" 200 90
192.168.10.98 - - [25/Feb/2016:13:23:00 -0300] "GET /cormun/servlet/hpexe_link HTTP/1.1" 200 960
192.168.10.98 - - [25/Feb/2016:13:23:00 -0300] "GET /cormun/servlet/trtipocalculo HTTP/1.1" 200 5919
186.103.159.189 - - [25/Feb/2016:13:23:07 -0300] "GET /cormun/servlet/solicitudot?70e36d8e818dd555718512e69bf480c037582bd78a71ebbb8fd82c69763bb168f5653068f641fd57e80c4e82f25f9793,gx-no-cache=1456417416230 HTTP/1.1" 200 30
192.168.10.98 - - [25/Feb/2016:13:23:08 -0300] "GET /cormun/servlet/hpexe_link HTTP/1.1" 200 957
192.168.10.98 - - [25/Feb/2016:13:23:08 -0300] "GET /cormun/servlet/trtipocalculo HTTP/1.1" 200 5919
192.168.10.98 - - [25/Feb/2016:13:23:10 -0300] "GET /cormun/servlet/hpexe_link HTTP/1.1" 200 957
192.168.10.98 - - [25/Feb/2016:13:23:10 -0300] "GET /cormun/servlet/trtipocalculo HTTP/1.1" 200 5919
192.168.10.98 - - [25/Feb/2016:13:23:12 -0300] "GET /cormun/servlet/hpexe_link HTTP/1.1" 200 957
192.168.10.98 - - [25/Feb/2016:13:23:13 -0300] "GET /cormun/servlet/trtipocalculo HTTP/1.1" 200 5919
200.111.191.210 - - [25/Feb/2016:13:23:15 -0300] "POST /cormun/servlet/solicitudot?gx-no-cache=1456417407093 HTTP/1.1" 200 2669
200.111.191.210 - - [25/Feb/2016:13:23:16 -0300] "POST /cormun/servlet/solicitudot?f561cf82537fc9edc29ffcad7e12c22c,INS,0,0,,gx-no-cache=1456417407375 HTTP/1.1" 200 9387
200.111.191.210 - - [25/Feb/2016:13:23:18 -0300] "GET /cormun/servlet/solicitudot?a9dc2ec719eff3cf00167b9aaf38b054021b3576a5b4104c8b301cf674841a3ed3199541ed2cad3a87ba74b8a4f06cad,gx-no-cache=1456417410396 HTTP/1.1" 200 30
192.168.10.98 - - [25/Feb/2016:13:23:22 -0300] "GET /cormun/servlet/hpexe_link HTTP/1.1" 200 957
192.168.10.98 - - [25/Feb/2016:13:23:23 -0300] "GET /cormun/servlet/trtipocalculo HTTP/1.1" 200 5919
192.168.10.98 - - [25/Feb/2016:13:23:25 -0300] "GET /cormun/servlet/hpexe_link HTTP/1.1" 200 957
192.168.10.98 - - [25/Feb/2016:13:23:25 -0300] "GET /cormun/servlet/trtipocalculo HTTP/1.1" 200 5919
192.168.10.98 - - [25/Feb/2016:13:23:27 -0300] "GET /cormun/servlet/hpexe_link HTTP/1.1" 200 957
192.168.10.98 - - [25/Feb/2016:13:23:27 -0300] "GET /cormun/servlet/trtipocalculo HTTP/1.1" 200 5919
200.111.191.210 - - [25/Feb/2016:13:24:45 -0300] "POST /cormun/servlet/solicitudot?gx-no-cache=1456417496674 HTTP/1.1" 200 30
200.111.191.210 - - [25/Feb/2016:13:24:49 -0300] "POST /cormun/servlet/solicitudot?gx-no-cache=1456417501331 HTTP/1.1" 200 30
200.111.191.210 - - [25/Feb/2016:13:24:51 -0300] "POST /cormun/servlet/solicitudot?gx-no-cache=1456417502545 HTTP/1.1" 200 452
200.111.191.210 - - [25/Feb/2016:13:24:51 -0300] "GET /cormun/servlet/solicitudot?a9dc2ec719eff3cf00167b9aaf38b054b09aa4deade17fec6a776e429d09776bc7d4c90e6c9a43f5f971c1a42d48b40eec34b30690371d44acd070551f64b5bbb623aec6800a0524b1b844401f41efee4259cf8de102c69de1af4d3d0213719a1433d2a5a958367777acf6d7b03bfe4ea8ccde6eadd00ea5bc0db970867b907360f354c8b84ed7bfc67b16d494ba86af,gx-no-cache=1456417502592 HTTP/1.1" 200 38
186.103.159.189 - - [25/Feb/2016:13:26:29 -0300] "POST /cormun/servlet/solicitudot?gx-no-cache=1456417618246 HTTP/1.1" 200 30
200.111.191.210 - - [25/Feb/2016:13:27:43 -0300] "GET /cormun/servlet/solicitudot?a9dc2ec719eff3cf00167b9aaf38b054bd8d6f887ce76b1b6399ce952fd5410320e7bb4e4765ddc65b3589d8e4b488e9dd463d0d0f9acca3cf02b812749b09f7086da879e8b8484b39952eb2b487dfdf59aaa0211d54d29f1757107127e70df7e0296dc761a65368065843852b81d612,gx-no-cache=1456417674581 HTTP/1.1" 200 29
200.111.191.210 - - [25/Feb/2016:13:27:44 -0300] "POST /cormun/servlet/solicitudot?gx-no-cache=1456417675559 HTTP/1.1" 200 1116
186.103.159.189 - - [25/Feb/2016:13:27:54 -0300] "POST /cormun/servlet/solicitudot?gx-no-cache=1456417703325 HTTP/1.1" 200 33
186.103.159.189 - - [25/Feb/2016:13:27:54 -0300] "POST /cormun/servlet/solicitudot?gx-no-cache=1456417703489 HTTP/1.1" 200 452
186.103.159.189 - - [25/Feb/2016:13:27:54 -0300] "GET /cormun/servlet/solicitudot?70e36d8e818dd555718512e69bf480c03d1f73bdb57b59545fcf15ff00c28c3a630dcf22d1f55d1d84e765d6d59cc72d90de8f72b0d83323820d6df812a89c0cab07b2c1f965a66a15db434198876b52217fac38f7211a289fc177d33d06ae2457d24ee2dae1a7b21c7bb581ed5df5b3c708a20b25915a6323e4a1c39d71fbf39668c8b0159cf34cc0e0a6be598dd0d2,gx-no-cache=1456417703617 HTTP/1.1" 200 38
200.111.191.210 - - [25/Feb/2016:13:28:11 -0300] "GET /cormun/servlet/solicitudot?a9dc2ec719eff3cf00167b9aaf38b054ac48109ae1e7c8a7b26b4c26b2acb8a18a4b3bafe3e93536712f004549da7b3ca5ba8d5e281d7556a10e4c7d433018c13d855f247f9495de20f46c0d9e3d1204f6e581f7e053d5e034f5d28f1b4ecfe6c88e5555a6717885b9114dd7825c883779675d6d412f1d8b535f5fea82f916f1e357bd357699061a72fd91f26b9f44689c61928b21e3941097a58cc11b2f83193506abf170e3ac8ed4cab7dbacadab08,gx-no-cache=1456417703284 HTTP/1.1" 200 30
200.111.191.210 - - [25/Feb/2016:13:28:21 -0300] "GET /cormun/servlet/solicitudot?a9dc2ec719eff3cf00167b9aaf38b054ac48109ae1e7c8a7b26b4c26b2acb8a18a4b3bafe3e93536712f004549da7b3ca5ba8d5e281d7556a10e4c7d433018c13d855f247f9495de20f46c0d9e3d1204f6e581f7e053d5e034f5d28f1b4ecfe6c88e5555a6717885b9114dd7825c883779675d6d412f1d8b535f5fea82f916f1e357bd357699061a72fd91f26b9f44686de47b4776b61a269f2b3ec3f43638c169e06d5780ef33577d0a2811ccf24e0e,gx-no-cache=1456417712903 HTTP/1.1" 200 30
200.111.191.210 - - [25/Feb/2016:13:28:29 -0300] "POST /cormun/servlet/solicitudot?f561cf82537fc9edc29ffcad7e12c22c,INS,0,0,,gx-no-cache=1456417720472 HTTP/1.1" 200 93
200.111.191.210 - - [25/Feb/2016:13:28:29 -0300] "GET /cormun/servlet/hpexe_return? HTTP/1.1" 200 1007
200.111.191.210 - - [25/Feb/2016:13:28:29 -0300] "GET /cormun/servlet/trsolicitudot HTTP/1.1" 200 7654
200.111.191.210 - - [25/Feb/2016:13:28:29 -0300] "GET /cormun/servlet/trsolicitudot HTTP/1.1" 200 7651
200.111.191.210 - - [25/Feb/2016:13:28:34 -0300] "POST /cormun/servlet/trsolicitudot?f561cf82537fc9edc29ffcad7e12c22c,gx-no-cache=1456417726256 HTTP/1.1" 200 5163
200.111.191.210 - - [25/Feb/2016:13:28:35 -0300] "POST /cormun/servlet/trsolicitudot?f561cf82537fc9edc29ffcad7e12c22c,gx-no-cache=1456417726457 HTTP/1.1" 200 5164
200.111.191.210 - - [25/Feb/2016:13:28:35 -0300] "POST /cormun/servlet/trsolicitudot?f561cf82537fc9edc29ffcad7e12c22c,gx-no-cache=1456417726635 HTTP/1.1" 200 5164
200.111.191.210 - - [25/Feb/2016:13:28:35 -0300] "POST /cormun/servlet/trsolicitudot?f561cf82537fc9edc29ffcad7e12c22c,gx-no-cache=1456417726791 HTTP/1.1" 200 5164
200.111.191.210 - - [25/Feb/2016:13:28:35 -0300] "POST /cormun/servlet/trsolicitudot?f561cf82537fc9edc29ffcad7e12c22c,gx-no-cache=1456417726954 HTTP/1.1" 200 5164
200.111.191.210 - - [25/Feb/2016:13:28:35 -0300] "POST /cormun/servlet/trsolicitudot?f561cf82537fc9edc29ffcad7e12c22c,gx-no-cache=1456417727110 HTTP/1.1" 200 5164
200.111.191.210 - - [25/Feb/2016:13:28:35 -0300] "POST /cormun/servlet/trsolicitudot?f561cf82537fc9edc29ffcad7e12c22c,gx-no-cache=1456417727276 HTTP/1.1" 200 5162
200.111.191.210 - - [25/Feb/2016:13:28:36 -0300] "POST /cormun/servlet/trsolicitudot?f561cf82537fc9edc29ffcad7e12c22c,gx-no-cache=1456417727445 HTTP/1.1" 200 106
200.111.191.210 - - [25/Feb/2016:13:28:36 -0300] "GET /cormun/servlet/trsolicitudadjuntos?2016,140, HTTP/1.1" 200 8043
200.111.191.210 - - [25/Feb/2016:13:28:37 -0300] "GET /cormun/servlet/trsolicitudadjuntos?2016,140, HTTP/1.1" 200 8048
200.111.191.210 - - [25/Feb/2016:13:29:07 -0300] "GET /cormun/servlet/trsolicitudot? HTTP/1.1" 200 7657
200.111.191.210 - - [25/Feb/2016:13:29:08 -0300] "GET /cormun/servlet/trsolicitudot? HTTP/1.1" 200 7651
200.111.191.210 - - [25/Feb/2016:13:29:13 -0300] "POST /cormun/servlet/trsolicitudot?f561cf82537fc9edc29ffcad7e12c22c,,gx-no-cache=1456417764286 HTTP/1.1" 200 5172
200.111.191.210 - - [25/Feb/2016:13:29:13 -0300] "POST /cormun/servlet/trsolicitudot?f561cf82537fc9edc29ffcad7e12c22c,,gx-no-cache=1456417764578 HTTP/1.1" 200 5172
200.111.191.210 - - [25/Feb/2016:13:29:13 -0300] "POST /cormun/servlet/trsolicitudot?f561cf82537fc9edc29ffcad7e12c22c,,gx-no-cache=1456417764777 HTTP/1.1" 200 5173
200.111.191.210 - - [25/Feb/2016:13:29:13 -0300] "POST /cormun/servlet/trsolicitudot?f561cf82537fc9edc29ffcad7e12c22c,,gx-no-cache=1456417764970 HTTP/1.1" 200 5173
200.111.191.210 - - [25/Feb/2016:13:29:14 -0300] "POST /cormun/servlet/trsolicitudot?f561cf82537fc9edc29ffcad7e12c22c,,gx-no-cache=1456417765510 HTTP/1.1" 200 5172
200.111.191.210 - - [25/Feb/2016:13:29:14 -0300] "POST /cormun/servlet/trsolicitudot?f561cf82537fc9edc29ffcad7e12c22c,,gx-no-cache=1456417765758 HTTP/1.1" 200 5172
200.111.191.210 - - [25/Feb/2016:13:29:14 -0300] "POST /cormun/servlet/trsolicitudot?f561cf82537fc9edc29ffcad7e12c22c,,gx-no-cache=1456417765920 HTTP/1.1" 200 5172
200.111.191.210 - - [25/Feb/2016:13:29:14 -0300] "POST /cormun/servlet/trsolicitudot?f561cf82537fc9edc29ffcad7e12c22c,,gx-no-cache=1456417766089 HTTP/1.1" 200 105
200.111.191.210 - - [25/Feb/2016:13:29:14 -0300] "GET /cormun/servlet/trsolicitudadjuntos?2016,142, HTTP/1.1" 200 5304
200.111.191.210 - - [25/Feb/2016:13:29:15 -0300] "GET /cormun/servlet/trsolicitudadjuntos?2016,142, HTTP/1.1" 200 5304
200.111.191.210 - - [25/Feb/2016:13:29:17 -0300] "GET /cormun/servlet/solicitudotadjuntos?INS,2016,142,,1, HTTP/1.1" 200 5367
200.111.191.210 - - [25/Feb/2016:13:29:18 -0300] "GET /cormun/static/about:blank HTTP/1.1" 404 1011
200.111.191.210 - - [25/Feb/2016:13:29:18 -0300] "GET /cormun/servlet/solicitudotadjuntos?INS,2016,142,,1, HTTP/1.1" 200 5361
200.111.191.210 - - [25/Feb/2016:13:29:18 -0300] "GET /cormun/servlet/solicitudotadjuntos?a9dc2ec719eff3cf00167b9aaf38b05407793d07a95f74badcd8aee842866a48867550c72ef31b6d0dba8bb148c2b5a0,gx-no-cache=1456417770207 HTTP/1.1" 200 30
200.111.191.210 - - [25/Feb/2016:13:29:18 -0300] "POST /cormun/servlet/solicitudotadjuntos?f561cf82537fc9edc29ffcad7e12c22c,INS,2016,142,,1,,gx-no-cache=1456417770269 HTTP/1.1" 200 3315
200.111.191.210 - - [25/Feb/2016:13:29:21 -0300] "POST /cormun/servlet/solicitudotadjuntos?gx-no-cache=1456417773115 HTTP/1.1" 200 26
200.111.191.210 - - [25/Feb/2016:13:29:33 -0300] "GET /cormun/servlet/solicitudotadjuntos?a9dc2ec719eff3cf00167b9aaf38b054ef16d0e8bc902605faf7e0834af1beef,gx-no-cache=1456417784518 HTTP/1.1" 200 30
200.111.191.210 - - [25/Feb/2016:13:29:33 -0300] "GET /cormun/servlet/solicitudotadjuntos?a9dc2ec719eff3cf00167b9aaf38b054ef16d0e8bc902605faf7e0834af1beef,gx-no-cache=1456417784534 HTTP/1.1" 200 30
200.111.191.210 - - [25/Feb/2016:13:29:33 -0300] "POST /cormun/servlet/solicitudotadjuntos?f561cf82537fc9edc29ffcad7e12c22c,INS,2016,142,,1, HTTP/1.1" 200 116
200.111.191.210 - - [25/Feb/2016:13:29:33 -0300] "GET /cormun/servlet/hpexe_return? HTTP/1.1" 200 1025
200.111.191.210 - - [25/Feb/2016:13:29:33 -0300] "GET /cormun/servlet/trsolicitudadjuntos?2016,142, HTTP/1.1" 200 7190
200.111.191.210 - - [25/Feb/2016:13:29:34 -0300] "GET /cormun/servlet/trsolicitudadjuntos?2016,142, HTTP/1.1" 200 7187
200.111.191.210 - - [25/Feb/2016:13:29:36 -0300] "GET /cormun/servlet/solicitudotadjuntos?INS,2016,142,,1, HTTP/1.1" 200 5367
200.111.191.210 - - [25/Feb/2016:13:29:37 -0300] "GET /cormun/static/about:blank HTTP/1.1" 404 1011
200.111.191.210 - - [25/Feb/2016:13:29:37 -0300] "GET /cormun/servlet/solicitudotadjuntos?INS,2016,142,,1, HTTP/1.1" 200 5361
200.111.191.210 - - [25/Feb/2016:13:29:37 -0300] "GET /cormun/servlet/solicitudotadjuntos?a9dc2ec719eff3cf00167b9aaf38b05407793d07a95f74badcd8aee842866a48867550c72ef31b6d0dba8bb148c2b5a0,gx-no-cache=1456417789309 HTTP/1.1" 200 30
200.111.191.210 - - [25/Feb/2016:13:29:37 -0300] "POST /cormun/servlet/solicitudotadjuntos?f561cf82537fc9edc29ffcad7e12c22c,INS,2016,142,,1,,gx-no-cache=1456417789349 HTTP/1.1" 200 3315
200.111.191.210 - - [25/Feb/2016:13:29:41 -0300] "POST /cormun/servlet/solicitudotadjuntos?gx-no-cache=1456417793199 HTTP/1.1" 200 26
200.111.191.210 - - [25/Feb/2016:13:29:47 -0300] "GET /cormun/servlet/solicitudotadjuntos?a9dc2ec719eff3cf00167b9aaf38b054ef16d0e8bc902605faf7e0834af1beef,gx-no-cache=1456417798940 HTTP/1.1" 200 30
200.111.191.210 - - [25/Feb/2016:13:29:47 -0300] "GET /cormun/servlet/solicitudotadjuntos?a9dc2ec719eff3cf00167b9aaf38b054ef16d0e8bc902605faf7e0834af1beef,gx-no-cache=1456417798972 HTTP/1.1" 200 30
200.111.191.210 - - [25/Feb/2016:13:29:50 -0300] "POST /cormun/servlet/solicitudotadjuntos?f561cf82537fc9edc29ffcad7e12c22c,INS,2016,142,,1, HTTP/1.1" 200 116
200.111.191.210 - - [25/Feb/2016:13:29:50 -0300] "GET /cormun/servlet/hpexe_return? HTTP/1.1" 200 1025
200.111.191.210 - - [25/Feb/2016:13:29:51 -0300] "GET /cormun/servlet/trsolicitudadjuntos?2016,142, HTTP/1.1" 200 7335
200.111.191.210 - - [25/Feb/2016:13:29:52 -0300] "GET /cormun/servlet/trsolicitudadjuntos?2016,142, HTTP/1.1" 200 7332
200.111.191.210 - - [25/Feb/2016:13:29:54 -0300] "GET /cormun/servlet/solicitudotadjuntos?INS,2016,142,,1, HTTP/1.1" 200 5367
200.111.191.210 - - [25/Feb/2016:13:29:55 -0300] "GET /cormun/static/about:blank HTTP/1.1" 404 1011
200.111.191.210 - - [25/Feb/2016:13:29:55 -0300] "GET /cormun/servlet/solicitudotadjuntos?INS,2016,142,,1, HTTP/1.1" 200 5361
200.111.191.210 - - [25/Feb/2016:13:29:55 -0300] "GET /cormun/servlet/solicitudotadjuntos?a9dc2ec719eff3cf00167b9aaf38b05407793d07a95f74badcd8aee842866a48867550c72ef31b6d0dba8bb148c2b5a0,gx-no-cache=1456417807124 HTTP/1.1" 200 30
200.111.191.210 - - [25/Feb/2016:13:29:55 -0300] "POST /cormun/servlet/solicitudotadjuntos?f561cf82537fc9edc29ffcad7e12c22c,INS,2016,142,,1,,gx-no-cache=1456417807163 HTTP/1.1" 200 3315
200.111.191.210 - - [25/Feb/2016:13:30:02 -0300] "POST /cormun/servlet/solicitudotadjuntos?gx-no-cache=1456417813505 HTTP/1.1" 200 26
200.111.191.210 - - [25/Feb/2016:13:30:09 -0300] "GET /cormun/servlet/solicitudotadjuntos?a9dc2ec719eff3cf00167b9aaf38b054ef16d0e8bc902605faf7e0834af1beef,gx-no-cache=1456417821170 HTTP/1.1" 200 30
200.111.191.210 - - [25/Feb/2016:13:30:09 -0300] "GET /cormun/servlet/solicitudotadjuntos?a9dc2ec719eff3cf00167b9aaf38b054ef16d0e8bc902605faf7e0834af1beef,gx-no-cache=1456417821230 HTTP/1.1" 200 30
200.111.191.210 - - [25/Feb/2016:13:30:11 -0300] "POST /cormun/servlet/solicitudotadjuntos?f561cf82537fc9edc29ffcad7e12c22c,INS,2016,142,,1, HTTP/1.1" 200 116
200.111.191.210 - - [25/Feb/2016:13:30:11 -0300] "GET /cormun/servlet/hpexe_return? HTTP/1.1" 200 1025
200.111.191.210 - - [25/Feb/2016:13:30:11 -0300] "GET /cormun/servlet/trsolicitudadjuntos?2016,142, HTTP/1.1" 200 7499
200.111.191.210 - - [25/Feb/2016:13:30:12 -0300] "GET /cormun/servlet/trsolicitudadjuntos?2016,142, HTTP/1.1" 200 7495
200.111.191.210 - - [25/Feb/2016:13:30:32 -0300] "GET /cormun/servlet/solicitudotadjuntos?INS,2016,142,,1, HTTP/1.1" 200 5366
200.111.191.210 - - [25/Feb/2016:13:30:32 -0300] "GET /cormun/static/about:blank HTTP/1.1" 404 1011
200.111.191.210 - - [25/Feb/2016:13:30:32 -0300] "GET /cormun/servlet/solicitudotadjuntos?INS,2016,142,,1, HTTP/1.1" 200 5360
200.111.191.210 - - [25/Feb/2016:13:30:33 -0300] "GET /cormun/servlet/solicitudotadjuntos?a9dc2ec719eff3cf00167b9aaf38b05407793d07a95f74badcd8aee842866a48867550c72ef31b6d0dba8bb148c2b5a0,gx-no-cache=1456417844588 HTTP/1.1" 200 30
200.111.191.210 - - [25/Feb/2016:13:30:33 -0300] "POST /cormun/servlet/solicitudotadjuntos?f561cf82537fc9edc29ffcad7e12c22c,INS,2016,142,,1,,gx-no-cache=1456417844610 HTTP/1.1" 200 3313
191.112.59.125 - - [25/Feb/2016:13:31:26 -0300] "POST /cormun/servlet/trsolicitudot?28dd0106d76c6d8a40d1947298f92ee5,,gx-no-cache=1456417913125 HTTP/1.1" 200 4871
191.112.59.125 - - [25/Feb/2016:13:31:44 -0300] "GET /cormun/servlet/trsolicitudot?1c9bb06b30c78e9b03cd447fd2540140efaf5a05cbd2f4065a39489ca7c32a7d6113a674c055c32447cbf1b092d31d7710f6931ae101e16a06e8ee7ab6f7d105a4d35ad4f1813c387059f1e31272a0cef756f15164edbc4c660078df2b3e2e6d162bf530a3db4e617b3aaa149fc37b19,gx-no-cache=1456417930903 HTTP/1.1" 200 2161
191.112.59.125 - - [25/Feb/2016:13:31:54 -0300] "GET /cormun/servlet/trsolicitudot?1c9bb06b30c78e9b03cd447fd254014017b02076c9ce96b259802c953a1171d3e844e1fbdb66ac5c08f7ab2476b01425f5e1cdf5184dc007b92104d952040d1c401eaa9f69a3d7adfe7e2d600a9374427bc48bd18fc1adf354937ac8efdf58ccee86de89b72875ae581995635c4aaf74,gx-no-cache=1456417940945 HTTP/1.1" 200 2161
191.112.59.125 - - [25/Feb/2016:13:31:54 -0300] "POST /cormun/servlet/trsolicitudot?28dd0106d76c6d8a40d1947298f92ee5,,gx-no-cache=1456417941255 HTTP/1.1" 200 4871
191.112.59.125 - - [25/Feb/2016:13:32:01 -0300] "GET /cormun/servlet/trsolicitudot?1c9bb06b30c78e9b03cd447fd25401409f69184167f1ec81025b80a028d3483ac0d3a68bcc345da40cba135cd6eef75ebe2d4bb6d3401f621b8980662fb54087e5ef53ba73945fd91d75eba43f25b38dff2530afc9e5b0e2dad14760583765b2,gx-no-cache=1456417948179 HTTP/1.1" 200 2161
191.112.59.125 - - [25/Feb/2016:13:32:02 -0300] "GET /cormun/servlet/trsolicitudot?1c9bb06b30c78e9b03cd447fd25401403c4f2b676c2d2e302606c389226fc088c6950c5dbb62ea5eb87e7fbbef743e09716d4d08683d73d5098c75d6ce86ba27a8a27c7ee804327337600a06e5eaa2d542928b64c93a247fa5ef06837a36a7f2,gx-no-cache=1456417949104 HTTP/1.1" 200 2161
191.112.59.125 - - [25/Feb/2016:13:32:03 -0300] "GET /cormun/servlet/trsolicitudot?1c9bb06b30c78e9b03cd447fd25401400b334ff14a94c92a6c6535f569b6625aaec92565ae9e82f1bf9c037db70d762ef5e1cdf5184dc007b92104d952040d1c401eaa9f69a3d7adfe7e2d600a9374427bc48bd18fc1adf354937ac8efdf58ccee86de89b72875ae581995635c4aaf74,gx-no-cache=1456417950162 HTTP/1.1" 200 2161
191.112.59.125 - - [25/Feb/2016:13:32:04 -0300] "GET /cormun/servlet/trsolicitudot?1c9bb06b30c78e9b03cd447fd25401400b334ff14a94c92a6c6535f569b6625a9457a70ee878d1f3f930ca762f97227e46c2613a73373289a40eded274c4c26d79cd91aa61c35851ce30e4f40734976cbc006122c292843aa529f1b5cac2f4f3c40fd8786da9e9f548efedc9a48c7228,gx-no-cache=1456417950953 HTTP/1.1" 200 2161
191.112.59.125 - - [25/Feb/2016:13:32:04 -0300] "POST /cormun/servlet/trsolicitudot?28dd0106d76c6d8a40d1947298f92ee5,,gx-no-cache=1456417951516 HTTP/1.1" 200 3464
191.112.59.125 - - [25/Feb/2016:13:32:11 -0300] "GET /cormun/servlet/trsolicitudot?1c9bb06b30c78e9b03cd447fd2540140f28155a686e23c5519ba12b2563e911f448b5824bf20cf130cf16920743fe2701cbcb1e264f9a50d02f627f70012242bfef8fa4434ce72c0701292ec5d74ff92c40fd8786da9e9f548efedc9a48c7228,gx-no-cache=1456417957835 HTTP/1.1" 200 721
191.112.59.125 - - [25/Feb/2016:13:32:12 -0300] "GET /cormun/servlet/trsolicitudot?1c9bb06b30c78e9b03cd447fd2540140604544e017a937b83a932411558ca9266113a674c055c32447cbf1b092d31d77e11f1d1890b6e149544334c92c0f9da2e1b2f159400ead64a99bc1e89244f451ee86de89b72875ae581995635c4aaf74,gx-no-cache=1456417958874 HTTP/1.1" 200 721
191.112.59.125 - - [25/Feb/2016:13:32:13 -0300] "GET /cormun/servlet/trsolicitudot?1c9bb06b30c78e9b03cd447fd2540140604544e017a937b83a932411558ca9263f23326fdec64fbaba04dde6c1d36b6987cb00b34323567252b7c83f935a0016cd6307338e4b58e45242977432c10046794aff68aff8c008960a081795491a9d,gx-no-cache=1456417959919 HTTP/1.1" 200 721
191.112.59.125 - - [25/Feb/2016:13:32:13 -0300] "POST /cormun/servlet/trsolicitudot?28dd0106d76c6d8a40d1947298f92ee5,,gx-no-cache=1456417960319 HTTP/1.1" 200 3465
191.112.59.125 - - [25/Feb/2016:13:32:18 -0300] "GET /cormun/servlet/trsolicitudot?1c9bb06b30c78e9b03cd447fd2540140604544e017a937b83a932411558ca926b42fae4d070c38a3cbea050b3b91b93f1f545eaf059a2f393d4f4acf1c5752c14fb086cf726acf363429f3c499e85853baf6391af0ffc9400bf524cb93572539,gx-no-cache=1456417965433 HTTP/1.1" 200 720
200.111.191.210 - - [25/Feb/2016:13:32:19 -0300] "POST /cormun/servlet/solicitudotadjuntos?gx-no-cache=1456417950824 HTTP/1.1" 200 26
200.111.191.210 - - [25/Feb/2016:13:32:23 -0300] "POST /cormun/servlet/solicitudotadjuntos?gx-no-cache=1456417954700 HTTP/1.1" 200 26
191.112.59.125 - - [25/Feb/2016:13:32:30 -0300] "GET /cormun/servlet/trsolicitudot?1c9bb06b30c78e9b03cd447fd254014017b02076c9ce96b259802c953a1171d3e190e3435157cd2ca538291b8b63cfd54830ac5150e4ace54e1ee21cf507f47887cb00b34323567252b7c83f935a0016cd6307338e4b58e45242977432c10046794aff68aff8c008960a081795491a9d,gx-no-cache=1456417977831 HTTP/1.1" 200 720
191.112.59.125 - - [25/Feb/2016:13:32:31 -0300] "POST /cormun/servlet/trsolicitudot?28dd0106d76c6d8a40d1947298f92ee5,,gx-no-cache=1456417978225 HTTP/1.1" 200 3475
191.112.59.125 - - [25/Feb/2016:13:32:42 -0300] "GET /cormun/servlet/trsolicitudot?1c9bb06b30c78e9b03cd447fd254014017b02076c9ce96b259802c953a1171d3e190e3435157cd2ca538291b8b63cfd54830ac5150e4ace54e1ee21cf507f47887cb00b34323567252b7c83f935a0016cd6307338e4b58e45242977432c10046794aff68aff8c008960a081795491a9d,gx-no-cache=1456417989059 HTTP/1.1" 200 728
200.111.191.210 - - [25/Feb/2016:13:32:43 -0300] "GET /cormun/servlet/solicitudotadjuntos?a9dc2ec719eff3cf00167b9aaf38b054ef16d0e8bc902605faf7e0834af1beef,gx-no-cache=1456417974734 HTTP/1.1" 200 30
200.111.191.210 - - [25/Feb/2016:13:32:43 -0300] "GET /cormun/servlet/solicitudotadjuntos?a9dc2ec719eff3cf00167b9aaf38b054ef16d0e8bc902605faf7e0834af1beef,gx-no-cache=1456417974766 HTTP/1.1" 200 30
191.112.59.125 - - [25/Feb/2016:13:32:43 -0300] "POST /cormun/servlet/trsolicitudot?28dd0106d76c6d8a40d1947298f92ee5,,gx-no-cache=1456417990300 HTTP/1.1" 200 3482
200.111.191.210 - - [25/Feb/2016:13:32:44 -0300] "POST /cormun/servlet/solicitudotadjuntos?f561cf82537fc9edc29ffcad7e12c22c,INS,2016,142,,1, HTTP/1.1" 200 116
200.111.191.210 - - [25/Feb/2016:13:32:44 -0300] "GET /cormun/servlet/hpexe_return? HTTP/1.1" 200 1025
191.112.59.125 - - [25/Feb/2016:13:32:44 -0300] "POST /cormun/servlet/trsolicitudot?28dd0106d76c6d8a40d1947298f92ee5,,gx-no-cache=1456417991027 HTTP/1.1" 200 3482
191.112.59.125 - - [25/Feb/2016:13:32:45 -0300] "POST /cormun/servlet/trsolicitudot?28dd0106d76c6d8a40d1947298f92ee5,,gx-no-cache=1456417991731 HTTP/1.1" 200 3481
200.111.191.210 - - [25/Feb/2016:13:32:45 -0300] "GET /cormun/servlet/trsolicitudadjuntos?2016,142, HTTP/1.1" 200 7622
191.112.59.125 - - [25/Feb/2016:13:32:46 -0300] "POST /cormun/servlet/trsolicitudot?28dd0106d76c6d8a40d1947298f92ee5,,gx-no-cache=1456417992426 HTTP/1.1" 200 3482
200.111.191.210 - - [25/Feb/2016:13:32:46 -0300] "GET /cormun/servlet/trsolicitudadjuntos?2016,142, HTTP/1.1" 200 7620
200.111.191.210 - - [25/Feb/2016:13:32:52 -0300] "GET /cormun/servlet/solicitudotadjuntos?INS,2016,142,,1, HTTP/1.1" 200 5367
200.111.191.210 - - [25/Feb/2016:13:32:52 -0300] "GET /cormun/static/about:blank HTTP/1.1" 404 1011
200.111.191.210 - - [25/Feb/2016:13:32:52 -0300] "GET /cormun/servlet/solicitudotadjuntos?INS,2016,142,,1, HTTP/1.1" 200 5361
200.111.191.210 - - [25/Feb/2016:13:32:53 -0300] "GET /cormun/servlet/solicitudotadjuntos?a9dc2ec719eff3cf00167b9aaf38b05407793d07a95f74badcd8aee842866a48867550c72ef31b6d0dba8bb148c2b5a0,gx-no-cache=1456417984902 HTTP/1.1" 200 30
200.111.191.210 - - [25/Feb/2016:13:32:53 -0300] "POST /cormun/servlet/solicitudotadjuntos?f561cf82537fc9edc29ffcad7e12c22c,INS,2016,142,,1,,gx-no-cache=1456417984945 HTTP/1.1" 200 3315
191.112.59.125 - - [25/Feb/2016:13:32:53 -0300] "GET /cormun/servlet/solicitudot?INS,0,0, HTTP/1.1" 200 12051
191.112.59.125 - - [25/Feb/2016:13:32:56 -0300] "GET /cormun/servlet/solicitudot?INS,0,0, HTTP/1.1" 200 12055
200.111.191.210 - - [25/Feb/2016:13:32:58 -0300] "POST /cormun/servlet/solicitudotadjuntos?gx-no-cache=1456417989802 HTTP/1.1" 200 26
191.112.59.125 - - [25/Feb/2016:13:33:01 -0300] "GET /cormun/servlet/prfichaempleado?,MD,,gxPopupLevel%3D0%3B HTTP/1.1" 200 7870
191.112.59.125 - - [25/Feb/2016:13:33:01 -0300] "GET /cormun/static/scaMessage/css/jquery-ui.css?104140 HTTP/1.1" 404 1045
191.112.59.125 - - [25/Feb/2016:13:33:01 -0300] "GET /cormun/static/menusearch.js?201622412404863 HTTP/1.1" 304 -
191.112.59.125 - - [25/Feb/2016:13:33:01 -0300] "GET /cormun/static/hmpwkw01.js?201511211495945 HTTP/1.1" 304 -
200.111.191.210 - - [25/Feb/2016:13:33:05 -0300] "GET /cormun/servlet/solicitudotadjuntos?a9dc2ec719eff3cf00167b9aaf38b054ef16d0e8bc902605faf7e0834af1beef,gx-no-cache=1456417996984 HTTP/1.1" 200 30
200.111.191.210 - - [25/Feb/2016:13:33:05 -0300] "GET /cormun/servlet/solicitudotadjuntos?a9dc2ec719eff3cf00167b9aaf38b054ef16d0e8bc902605faf7e0834af1beef,gx-no-cache=1456417997015 HTTP/1.1" 200 30
200.111.191.210 - - [25/Feb/2016:13:33:07 -0300] "POST /cormun/servlet/solicitudotadjuntos?f561cf82537fc9edc29ffcad7e12c22c,INS,2016,142,,1, HTTP/1.1" 200 116
200.111.191.210 - - [25/Feb/2016:13:33:07 -0300] "GET /cormun/servlet/hpexe_return? HTTP/1.1" 200 1025
200.111.191.210 - - [25/Feb/2016:13:33:08 -0300] "GET /cormun/servlet/trsolicitudadjuntos?2016,142, HTTP/1.1" 200 7765
200.111.191.210 - - [25/Feb/2016:13:33:10 -0300] "GET /cormun/servlet/trsolicitudadjuntos?2016,142, HTTP/1.1" 200 7762
200.111.191.210 - - [25/Feb/2016:13:33:12 -0300] "GET /cormun/servlet/solicitudotadjuntos?INS,2016,142,,1, HTTP/1.1" 200 5366
200.111.191.210 - - [25/Feb/2016:13:33:12 -0300] "GET /cormun/static/about:blank HTTP/1.1" 404 1011
200.111.191.210 - - [25/Feb/2016:13:33:12 -0300] "GET /cormun/servlet/solicitudotadjuntos?INS,2016,142,,1, HTTP/1.1" 200 5360
200.111.191.210 - - [25/Feb/2016:13:33:12 -0300] "GET /cormun/servlet/solicitudotadjuntos?a9dc2ec719eff3cf00167b9aaf38b05407793d07a95f74badcd8aee842866a48867550c72ef31b6d0dba8bb148c2b5a0,gx-no-cache=1456418004288 HTTP/1.1" 200 30
200.111.191.210 - - [25/Feb/2016:13:33:12 -0300] "POST /cormun/servlet/solicitudotadjuntos?f561cf82537fc9edc29ffcad7e12c22c,INS,2016,142,,1,,gx-no-cache=1456418004346 HTTP/1.1" 200 3316
191.112.59.125 - - [25/Feb/2016:13:33:14 -0300] "POST /cormun/servlet/prfichaempleado?28dd0106d76c6d8a40d1947298f92ee5,,MD,,gxPopupLevel%3D0%3B,gx-no-cache=1456418020633 HTTP/1.1" 200 5074
200.111.191.210 - - [25/Feb/2016:13:33:16 -0300] "POST /cormun/servlet/solicitudotadjuntos?gx-no-cache=1456418008045 HTTP/1.1" 200 26
191.112.59.125 - - [25/Feb/2016:13:33:17 -0300] "POST /cormun/servlet/prfichaempleado?28dd0106d76c6d8a40d1947298f92ee5,,MD,,gxPopupLevel%3D0%3B,gx-no-cache=1456418023716 HTTP/1.1" 200 5168
191.112.59.125 - - [25/Feb/2016:13:33:19 -0300] "POST /cormun/servlet/prfichaempleado?28dd0106d76c6d8a40d1947298f92ee5,,MD,,gxPopupLevel%3D0%3B,gx-no-cache=1456418025642 HTTP/1.1" 200 5115
191.112.59.125 - - [25/Feb/2016:13:33:21 -0300] "POST /cormun/servlet/prfichaempleado?28dd0106d76c6d8a40d1947298f92ee5,,MD,,gxPopupLevel%3D0%3B,gx-no-cache=1456418027613 HTTP/1.1" 200 5107
200.111.191.210 - - [25/Feb/2016:13:33:21 -0300] "GET /cormun/servlet/solicitudotadjuntos?a9dc2ec719eff3cf00167b9aaf38b054ef16d0e8bc902605faf7e0834af1beef,gx-no-cache=1456418013359 HTTP/1.1" 200 30
200.111.191.210 - - [25/Feb/2016:13:33:21 -0300] "GET /cormun/servlet/solicitudotadjuntos?a9dc2ec719eff3cf00167b9aaf38b054ef16d0e8bc902605faf7e0834af1beef,gx-no-cache=1456418013416 HTTP/1.1" 200 30
200.111.191.210 - - [25/Feb/2016:13:33:23 -0300] "POST /cormun/servlet/solicitudotadjuntos?f561cf82537fc9edc29ffcad7e12c22c,INS,2016,142,,1, HTTP/1.1" 200 116
200.111.191.210 - - [25/Feb/2016:13:33:23 -0300] "GET /cormun/servlet/hpexe_return? HTTP/1.1" 200 1025
191.112.59.125 - - [25/Feb/2016:13:33:24 -0300] "POST /cormun/servlet/prfichaempleado?28dd0106d76c6d8a40d1947298f92ee5,,MD,,gxPopupLevel%3D0%3B,gx-no-cache=1456418029761 HTTP/1.1" 200 5099
200.111.191.210 - - [25/Feb/2016:13:33:24 -0300] "GET /cormun/servlet/trsolicitudadjuntos?2016,142, HTTP/1.1" 200 7858
200.111.191.210 - - [25/Feb/2016:13:33:25 -0300] "GET /cormun/servlet/trsolicitudadjuntos?2016,142, HTTP/1.1" 200 7855
191.112.59.125 - - [25/Feb/2016:13:33:28 -0300] "POST /cormun/servlet/prfichaempleado?28dd0106d76c6d8a40d1947298f92ee5,,MD,,gxPopupLevel%3D0%3B,gx-no-cache=1456418034698 HTTP/1.1" 200 5119
191.112.59.125 - - [25/Feb/2016:13:33:30 -0300] "POST /cormun/servlet/prfichaempleado?28dd0106d76c6d8a40d1947298f92ee5,,MD,,gxPopupLevel%3D0%3B,gx-no-cache=1456418037172 HTTP/1.1" 200 5111
191.112.59.125 - - [25/Feb/2016:13:33:31 -0300] "POST /cormun/servlet/prfichaempleado?28dd0106d76c6d8a40d1947298f92ee5,,MD,,gxPopupLevel%3D0%3B,gx-no-cache=1456418038286 HTTP/1.1" 200 5176
191.112.59.125 - - [25/Feb/2016:13:33:35 -0300] "POST /cormun/servlet/prfichaempleado?28dd0106d76c6d8a40d1947298f92ee5,,MD,,gxPopupLevel%3D0%3B,gx-no-cache=1456418041942 HTTP/1.1" 200 5092
200.111.191.210 - - [25/Feb/2016:13:33:37 -0300] "GET /cormun/servlet/trsolicitudot? HTTP/1.1" 200 7656
200.111.191.210 - - [25/Feb/2016:13:33:37 -0300] "GET /cormun/servlet/trsolicitudot? HTTP/1.1" 200 7651
191.112.59.125 - - [25/Feb/2016:13:33:39 -0300] "POST /cormun/servlet/prfichaempleado?28dd0106d76c6d8a40d1947298f92ee5,,MD,,gxPopupLevel%3D0%3B,gx-no-cache=1456418045944 HTTP/1.1" 200 5047
191.112.59.125 - - [25/Feb/2016:13:33:42 -0300] "POST /cormun/servlet/prfichaempleado?28dd0106d76c6d8a40d1947298f92ee5,,MD,,gxPopupLevel%3D0%3B,gx-no-cache=1456418048525 HTTP/1.1" 200 5138
191.112.59.125 - - [25/Feb/2016:13:33:44 -0300] "POST /cormun/servlet/prfichaempleado?28dd0106d76c6d8a40d1947298f92ee5,,MD,,gxPopupLevel%3D0%3B,gx-no-cache=1456418050619 HTTP/1.1" 200 5064
191.112.59.125 - - [25/Feb/2016:13:33:49 -0300] "POST /cormun/servlet/prfichaempleado?28dd0106d76c6d8a40d1947298f92ee5,,MD,,gxPopupLevel%3D0%3B,gx-no-cache=1456418055579 HTTP/1.1" 200 5136
191.112.59.125 - - [25/Feb/2016:13:33:54 -0300] "POST /cormun/servlet/prfichaempleado?28dd0106d76c6d8a40d1947298f92ee5,,MD,,gxPopupLevel%3D0%3B,gx-no-cache=1456418060687 HTTP/1.1" 200 5138
191.112.59.125 - - [25/Feb/2016:13:33:59 -0300] "POST /cormun/servlet/prfichaempleado?28dd0106d76c6d8a40d1947298f92ee5,,MD,,gxPopupLevel%3D0%3B,gx-no-cache=1456418066169 HTTP/1.1" 200 5097
191.112.59.125 - - [25/Feb/2016:13:34:05 -0300] "POST /cormun/servlet/prfichaempleado?28dd0106d76c6d8a40d1947298f92ee5,,MD,,gxPopupLevel%3D0%3B,gx-no-cache=1456418071759 HTTP/1.1" 200 5135
191.112.59.125 - - [25/Feb/2016:13:34:11 -0300] "POST /cormun/servlet/prfichaempleado?28dd0106d76c6d8a40d1947298f92ee5,,MD,,gxPopupLevel%3D0%3B,gx-no-cache=1456418077610 HTTP/1.1" 200 5098
191.112.59.125 - - [25/Feb/2016:13:34:17 -0300] "POST /cormun/servlet/prfichaempleado?28dd0106d76c6d8a40d1947298f92ee5,,MD,,gxPopupLevel%3D0%3B,gx-no-cache=1456418083798 HTTP/1.1" 200 5164
191.112.59.125 - - [25/Feb/2016:13:34:27 -0300] "POST /cormun/servlet/prfichaempleado?28dd0106d76c6d8a40d1947298f92ee5,,MD,,gxPopupLevel%3D0%3B,gx-no-cache=1456418093883 HTTP/1.1" 200 5007
191.112.59.125 - - [25/Feb/2016:13:34:34 -0300] "POST /cormun/servlet/prfichaempleado?28dd0106d76c6d8a40d1947298f92ee5,,MD,,gxPopupLevel%3D0%3B,gx-no-cache=1456418100921 HTTP/1.1" 200 5128
191.112.59.125 - - [25/Feb/2016:13:34:39 -0300] "POST /cormun/servlet/prfichaempleado?28dd0106d76c6d8a40d1947298f92ee5,,MD,,gxPopupLevel%3D0%3B,gx-no-cache=1456418105556 HTTP/1.1" 200 5105
191.112.59.125 - - [25/Feb/2016:13:34:44 -0300] "POST /cormun/servlet/acontrolpreferencessavestate?None,CD-33,true HTTP/1.1" 200 35
191.112.59.125 - - [25/Feb/2016:13:34:46 -0300] "POST /cormun/servlet/prfichaempleado?28dd0106d76c6d8a40d1947298f92ee5,,MD,,gxPopupLevel%3D0%3B,gx-no-cache=1456418112945 HTTP/1.1" 200 5172
191.112.59.125 - - [25/Feb/2016:13:34:51 -0300] "POST /cormun/servlet/prfichaempleado?28dd0106d76c6d8a40d1947298f92ee5,,MD,,gxPopupLevel%3D0%3B,gx-no-cache=1456418117813 HTTP/1.1" 200 5155
191.112.59.125 - - [25/Feb/2016:13:34:56 -0300] "POST /cormun/servlet/prfichaempleado?28dd0106d76c6d8a40d1947298f92ee5,,MD,,gxPopupLevel%3D0%3B,gx-no-cache=1456418122909 HTTP/1.1" 200 5134
191.112.59.125 - - [25/Feb/2016:13:35:01 -0300] "POST /cormun/servlet/prfichaempleado?28dd0106d76c6d8a40d1947298f92ee5,,MD,,gxPopupLevel%3D0%3B,gx-no-cache=1456418128087 HTTP/1.1" 200 5100
191.112.59.125 - - [25/Feb/2016:13:35:06 -0300] "POST /cormun/servlet/prfichaempleado?28dd0106d76c6d8a40d1947298f92ee5,,MD,,gxPopupLevel%3D0%3B,gx-no-cache=1456418133396 HTTP/1.1" 200 5068
191.112.59.125 - - [25/Feb/2016:13:35:12 -0300] "POST /cormun/servlet/prfichaempleado?28dd0106d76c6d8a40d1947298f92ee5,,MD,,gxPopupLevel%3D0%3B,gx-no-cache=1456418138860 HTTP/1.1" 200 5137
191.112.59.125 - - [25/Feb/2016:13:35:30 -0300] "POST /cormun/servlet/solicitudot?gx-no-cache=1456418157031 HTTP/1.1" 200 2746
191.112.59.125 - - [25/Feb/2016:13:35:30 -0300] "POST /cormun/servlet/solicitudot?28dd0106d76c6d8a40d1947298f92ee5,INS,0,0,,gx-no-cache=1456418157536 HTTP/1.1" 200 9503
191.112.59.125 - - [25/Feb/2016:13:35:34 -0300] "POST /cormun/servlet/solicitudot?28dd0106d76c6d8a40d1947298f92ee5,INS,0,0,,gx-no-cache=1456418160992 HTTP/1.1" 200 10357
191.112.59.125 - - [25/Feb/2016:13:35:34 -0300] "GET /cormun/static/Shared/jqueryui/images/ui-bg_highlight-soft_100_c6c2c8_1x100.png HTTP/1.1" 404 1117
191.112.59.125 - - [25/Feb/2016:13:35:34 -0300] "GET /cormun/static/Shared/jqueryui/images/ui-icons_82798d_256x240.png HTTP/1.1" 404 1089
191.112.59.125 - - [25/Feb/2016:13:35:34 -0300] "GET /cormun/static/Shared/jqueryui/images/ui-bg_flat_55_994d53_40x100.png HTTP/1.1" 404 1097
191.112.59.125 - - [25/Feb/2016:13:35:34 -0300] "GET /cormun/static/Shared/jqueryui/images/ui-icons_ebccce_256x240.png HTTP/1.1" 404 1089
191.112.59.125 - - [25/Feb/2016:13:35:40 -0300] "GET /cormun/servlet/solicitudot?843d8b18d675e67942b4b829b2fcb743bdb88ebc8281439510d3c87e22b99849fb40b7d11dc6c6eed2bfea9ceb54873a,gx-no-cache=1456418166933 HTTP/1.1" 200 30
191.112.59.125 - - [25/Feb/2016:13:36:13 -0300] "POST /cormun/servlet/solicitudot?gx-no-cache=1456418200649 HTTP/1.1" 200 30
191.112.59.125 - - [25/Feb/2016:13:36:45 -0300] "POST /cormun/servlet/solicitudot?gx-no-cache=1456418232217 HTTP/1.1" 200 30
191.112.59.125 - - [25/Feb/2016:13:36:48 -0300] "GET /cormun/servlet/prcontratosol?6917768,,,,,MD,,gxPopupLevel%3D0%3B HTTP/1.1" 200 5671
191.112.59.125 - - [25/Feb/2016:13:37:00 -0300] "POST /cormun/servlet/solicitudot?gx-no-cache=1456418247335 HTTP/1.1" 200 1159
191.112.59.125 - - [25/Feb/2016:13:37:00 -0300] "GET /cormun/servlet/solicitudot?843d8b18d675e67942b4b829b2fcb743e4dbb0f77d72f8e780e2b29bf2e27584d89e4f0f58fce2cf704395e02366613da57e2f991d6f216e04eaa7234a500ab5264102e8c4492efbfb743c241a5566f36f11995ec0c413c76f94c269ef96ed604dd5f347fab4c645efb05cc7e8e58e2286ee8ff8704419ed683abfb09a052e159b4d237d2fabcf9094c450c9959bce72,gx-no-cache=1456418247564 HTTP/1.1" 200 38
191.112.59.125 - - [25/Feb/2016:13:37:00 -0300] "GET /cormun/servlet/solicitudot?843d8b18d675e67942b4b829b2fcb743babb715f30ec4cce976a219f1ac50b4c6217133a5b47ba66c31505ebbc96a04fb08b0b761514b04b3e079b0554f22e7fe604fa8fcf287685597f05d121e5a7160774a3644b65caf1fab4c14623d9f2a87b5abd8b68bbd4812ef28f9de8e4d49deecd021fba9d22f22a319a449e326d2345f779809e1bcaab7f5305a94d0d3ff4201b0a8a59809ef1d94b81b786956271269a4858a2378e50a3904254834dd124fbde82b7d51a9642c3f2e40fcbd60b7bd88f15db2d4f91b64329e879d55b1ae9,gx-no-cache=1456418247715 HTTP/1.1" 200 29
191.112.59.125 - - [25/Feb/2016:13:37:01 -0300] "POST /cormun/servlet/solicitudot?gx-no-cache=1456418247820 HTTP/1.1" 200 1116
191.112.59.125 - - [25/Feb/2016:13:37:01 -0300] "GET /cormun/servlet/prsolicitudot?6917768,,,,,MD,,gxPopupLevel%3D0%3B HTTP/1.1" 200 5364
200.111.191.210 - - [25/Feb/2016:13:37:55 -0300] "GET /cormun/servlet/solicitudot?INS,0,0, HTTP/1.1" 200 12003
200.111.191.210 - - [25/Feb/2016:13:37:56 -0300] "GET /cormun/servlet/solicitudot?INS,0,0, HTTP/1.1" 200 12008
200.111.191.210 - - [25/Feb/2016:13:38:11 -0300] "POST /cormun/servlet/solicitudot?gx-no-cache=1456418302851 HTTP/1.1" 200 2669
200.111.191.210 - - [25/Feb/2016:13:38:11 -0300] "POST /cormun/servlet/solicitudot?f561cf82537fc9edc29ffcad7e12c22c,INS,0,0,,gx-no-cache=1456418302969 HTTP/1.1" 200 9387
200.111.191.210 - - [25/Feb/2016:13:38:13 -0300] "GET /cormun/servlet/solicitudot?a9dc2ec719eff3cf00167b9aaf38b0549ae55b8e6871666dca24636211fd1af7d3199541ed2cad3a87ba74b8a4f06cad,gx-no-cache=1456418305331 HTTP/1.1" 200 30
191.112.59.125 - - [25/Feb/2016:13:38:55 -0300] "POST /cormun/servlet/solicitudot?gx-no-cache=1456418362143 HTTP/1.1" 200 1159
191.112.59.125 - - [25/Feb/2016:13:38:55 -0300] "GET /cormun/servlet/solicitudot?843d8b18d675e67942b4b829b2fcb743e4dbb0f77d72f8e780e2b29bf2e27584d89e4f0f58fce2cf704395e02366613da57e2f991d6f216e04eaa7234a500ab5264102e8c4492efbfb743c241a5566f36f11995ec0c413c76f94c269ef96ed604dd5f347fab4c645efb05cc7e8e58e2286ee8ff8704419ed683abfb09a052e159b4d237d2fabcf9094c450c9959bce72,gx-no-cache=1456418362451 HTTP/1.1" 200 38
191.112.59.125 - - [25/Feb/2016:13:38:55 -0300] "POST /cormun/servlet/solicitudot?gx-no-cache=1456418362564 HTTP/1.1" 200 1116
191.112.59.125 - - [25/Feb/2016:13:38:55 -0300] "GET /cormun/static/menuarrow.gif HTTP/1.1" 404 1015
191.112.59.125 - - [25/Feb/2016:13:38:59 -0300] "POST /cormun/servlet/solicitudot?gx-no-cache=1456418365920 HTTP/1.1" 200 1159
191.112.59.125 - - [25/Feb/2016:13:38:59 -0300] "GET /cormun/servlet/solicitudot?843d8b18d675e67942b4b829b2fcb743e4dbb0f77d72f8e780e2b29bf2e27584d89e4f0f58fce2cf704395e02366613da57e2f991d6f216e04eaa7234a500ab5264102e8c4492efbfb743c241a5566f36f11995ec0c413c76f94c269ef96ed604dd5f347fab4c645efb05cc7e8e58e2286ee8ff8704419ed683abfb09a052e159b4d237d2fabcf9094c450c9959bce72,gx-no-cache=1456418366126 HTTP/1.1" 200 38
191.112.59.125 - - [25/Feb/2016:13:38:59 -0300] "POST /cormun/servlet/solicitudot?gx-no-cache=1456418366227 HTTP/1.1" 200 1116
191.112.59.125 - - [25/Feb/2016:13:39:19 -0300] "GET /cormun/servlet/solicitudot?843d8b18d675e67942b4b829b2fcb743babb715f30ec4cce976a219f1ac50b4c6217133a5b47ba66c31505ebbc96a04f16988c8c9c150f0c60f95ca3cdb28993e604fa8fcf287685597f05d121e5a7160774a3644b65caf1fab4c14623d9f2a87b5abd8b68bbd4812ef28f9de8e4d49deecd021fba9d22f22a319a449e326d2345f779809e1bcaab7f5305a94d0d3ff4201b0a8a59809ef1d94b81b786956271269a4858a2378e50a3904254834dd124fbde82b7d51a9642c3f2e40fcbd60b7bd88f15db2d4f91b64329e879d55b1ae9,gx-no-cache=1456418386208 HTTP/1.1" 200 29
191.112.59.125 - - [25/Feb/2016:13:39:21 -0300] "GET /cormun/servlet/solicitudot?843d8b18d675e67942b4b829b2fcb743d71d5fc8915407142d76395cd12ae5e1dea8d34ac26e6656325c562c32c0fc88429a3e6c7ad3cf65a797f256897b3d610d64462a5ee20c8ba655016439251335b2929c50b26d5ce19be145b8097dd055554c4e7f9de7fef17693ee091bc08681260bc061f13820c1c62cf29647c1bde264a343d07c6a8cb35f414773f68e90fa3d3006536d6722da5fd21de75426073ab9816a15dc9402928583f756b5603dd3,gx-no-cache=1456418387951 HTTP/1.1" 200 30
200.111.191.210 - - [25/Feb/2016:13:39:24 -0300] "POST /cormun/servlet/solicitudot?gx-no-cache=1456418376194 HTTP/1.1" 200 30
200.111.191.210 - - [25/Feb/2016:13:39:27 -0300] "POST /cormun/servlet/solicitudot?gx-no-cache=1456418378894 HTTP/1.1" 200 30
200.111.191.210 - - [25/Feb/2016:13:39:31 -0300] "POST /cormun/servlet/solicitudot?gx-no-cache=1456418382882 HTTP/1.1" 200 452
200.111.191.210 - - [25/Feb/2016:13:39:31 -0300] "GET /cormun/servlet/solicitudot?a9dc2ec719eff3cf00167b9aaf38b054b09aa4deade17fec6a776e429d09776bc7d4c90e6c9a43f5f971c1a42d48b40eec34b30690371d44acd070551f64b5bbb623aec6800a0524b1b844401f41efee4259cf8de102c69de1af4d3d0213719a1433d2a5a958367777acf6d7b03bfe4ea8ccde6eadd00ea5bc0db970867b907360f354c8b84ed7bfc67b16d494ba86af,gx-no-cache=1456418382925 HTTP/1.1" 200 38
200.111.191.210 - - [25/Feb/2016:13:41:01 -0300] "GET /cormun/servlet/solicitudot?a9dc2ec719eff3cf00167b9aaf38b054bd8d6f887ce76b1b6399ce952fd5410320e7bb4e4765ddc65b3589d8e4b488e9dd463d0d0f9acca3cf02b812749b09f7086da879e8b8484b39952eb2b487dfdf59aaa0211d54d29f1757107127e70df7e0296dc761a65368065843852b81d612,gx-no-cache=1456418472798 HTTP/1.1" 200 29
200.111.191.210 - - [25/Feb/2016:13:41:02 -0300] "POST /cormun/servlet/solicitudot?gx-no-cache=1456418473907 HTTP/1.1" 200 1116
191.112.59.125 - - [25/Feb/2016:13:41:09 -0300] "GET /cormun/servlet/solicitudot?843d8b18d675e67942b4b829b2fcb743d71d5fc8915407142d76395cd12ae5e1dea8d34ac26e6656325c562c32c0fc88429a3e6c7ad3cf65a797f256897b3d610d64462a5ee20c8ba655016439251335b2929c50b26d5ce19be145b8097dd055554c4e7f9de7fef17693ee091bc08681260bc061f13820c1c62cf29647c1bde264a343d07c6a8cb35f414773f68e90fa3d3006536d6722da5fd21de75426073ab9816a15dc9402928583f756b5603dd3,gx-no-cache=1456418496005 HTTP/1.1" 200 30
191.112.59.125 - - [25/Feb/2016:13:41:09 -0300] "POST /cormun/servlet/solicitudot?28dd0106d76c6d8a40d1947298f92ee5,INS,0,0,,gx-no-cache=1456418496195 HTTP/1.1" 200 10474
200.111.191.210 - - [25/Feb/2016:13:41:30 -0300] "GET /cormun/servlet/solicitudot?a9dc2ec719eff3cf00167b9aaf38b054118cfd4788ee7a5d65aa6a2decf9bf2182e93016f709078e48b6bbf7228c984da5ba8d5e281d7556a10e4c7d433018c13d855f247f9495de20f46c0d9e3d1204f6e581f7e053d5e034f5d28f1b4ecfe6c88e5555a6717885b9114dd7825c883779675d6d412f1d8b535f5fea82f916f1e357bd357699061a72fd91f26b9f44686de47b4776b61a269f2b3ec3f43638c169e06d5780ef33577d0a2811ccf24e0e,gx-no-cache=1456418501836 HTTP/1.1" 200 30
192.168.10.89 - - [25/Feb/2016:13:41:32 -0300] "GET /cormun/servlet/hlogin HTTP/1.1" 200 1737
200.111.191.210 - - [25/Feb/2016:13:41:36 -0300] "POST /cormun/servlet/solicitudot?f561cf82537fc9edc29ffcad7e12c22c,INS,0,0,,gx-no-cache=1456418507719 HTTP/1.1" 200 93
200.111.191.210 - - [25/Feb/2016:13:41:36 -0300] "GET /cormun/servlet/hpexe_return? HTTP/1.1" 200 1007
200.111.191.210 - - [25/Feb/2016:13:41:36 -0300] "GET /cormun/servlet/trsolicitudot HTTP/1.1" 200 7954
200.111.191.210 - - [25/Feb/2016:13:41:37 -0300] "GET /cormun/servlet/trsolicitudot HTTP/1.1" 200 7950
192.168.10.89 - - [25/Feb/2016:13:41:55 -0300] "POST /cormun/servlet/hlogin?6aa5099f1842ad48c2639bc0435fcbac,gx-no-cache=1456418270693 HTTP/1.1" 200 90
192.168.10.89 - - [25/Feb/2016:13:41:55 -0300] "GET /cormun/servlet/hpexe_link HTTP/1.1" 200 950
192.168.10.89 - - [25/Feb/2016:13:41:55 -0300] "GET /cormun/servlet/hhome HTTP/1.1" 200 3421
192.168.10.89 - - [25/Feb/2016:13:41:59 -0300] "GET /cormun/servlet/trsolicitudot? HTTP/1.1" 200 7424
192.168.10.89 - - [25/Feb/2016:13:42:03 -0300] "GET /cormun/servlet/solicitudot?INS,0,0, HTTP/1.1" 200 12068
192.168.10.89 - - [25/Feb/2016:13:42:06 -0300] "GET /cormun/servlet/prfichaempleado?,MD,,gxPopupLevel%3D0%3B HTTP/1.1" 200 7891
192.168.10.89 - - [25/Feb/2016:13:42:18 -0300] "GET /cormun/servlet/prfichaempleado?,MD,,gxPopupLevel%3D0%3B HTTP/1.1" 200 7891
192.168.10.89 - - [25/Feb/2016:13:42:38 -0300] "POST /cormun/servlet/solicitudot?gx-no-cache=1456418313878 HTTP/1.1" 200 2746
192.168.10.89 - - [25/Feb/2016:13:42:38 -0300] "POST /cormun/servlet/solicitudot?6aa5099f1842ad48c2639bc0435fcbac,INS,0,0,,gx-no-cache=1456418314021 HTTP/1.1" 200 9502
192.168.10.89 - - [25/Feb/2016:13:42:41 -0300] "GET /cormun/servlet/solicitudot?4cdfec308414b3ef9bcb4ac777e9a39b95b9612a6a5510b4ea306c8cc5f62764781cc08b7c3e7221321e5b6172247d06,gx-no-cache=1456418316455 HTTP/1.1" 200 30
192.168.10.89 - - [25/Feb/2016:13:42:54 -0300] "POST /cormun/servlet/solicitudot?gx-no-cache=1456418329931 HTTP/1.1" 200 30
192.168.10.89 - - [25/Feb/2016:13:42:58 -0300] "POST /cormun/servlet/solicitudot?gx-no-cache=1456418333946 HTTP/1.1" 200 30
192.168.10.89 - - [25/Feb/2016:13:43:09 -0300] "GET /cormun/servlet/prcontratosol?6917768,,,,,MD,,gxPopupLevel%3D0%3B HTTP/1.1" 200 5672
200.111.191.210 - - [25/Feb/2016:13:43:12 -0300] "POST /cormun/servlet/trsolicitudot?f561cf82537fc9edc29ffcad7e12c22c,gx-no-cache=1456418603854 HTTP/1.1" 200 5467
200.111.191.210 - - [25/Feb/2016:13:43:12 -0300] "POST /cormun/servlet/trsolicitudot?f561cf82537fc9edc29ffcad7e12c22c,gx-no-cache=1456418604047 HTTP/1.1" 200 5467
200.111.191.210 - - [25/Feb/2016:13:43:12 -0300] "POST /cormun/servlet/trsolicitudot?f561cf82537fc9edc29ffcad7e12c22c,gx-no-cache=1456418604217 HTTP/1.1" 200 5467
200.111.191.210 - - [25/Feb/2016:13:43:13 -0300] "POST /cormun/servlet/trsolicitudot?f561cf82537fc9edc29ffcad7e12c22c,gx-no-cache=1456418604394 HTTP/1.1" 200 5467
