191.112.59.125 - - [25/Feb/2016:13:43:13 -0300] "GET /cormun/servlet/prcontratosol?6917768,,,,,MD,,gxPopupLevel%3D0%3B HTTP/1.1" 200 5671
200.111.191.210 - - [25/Feb/2016:13:43:13 -0300] "POST /cormun/servlet/trsolicitudot?f561cf82537fc9edc29ffcad7e12c22c,gx-no-cache=1456418604579 HTTP/1.1" 200 5467
200.111.191.210 - - [25/Feb/2016:13:43:13 -0300] "POST /cormun/servlet/trsolicitudot?f561cf82537fc9edc29ffcad7e12c22c,gx-no-cache=1456418604795 HTTP/1.1" 200 5467
200.111.191.210 - - [25/Feb/2016:13:43:13 -0300] "POST /cormun/servlet/trsolicitudot?f561cf82537fc9edc29ffcad7e12c22c,gx-no-cache=1456418604969 HTTP/1.1" 200 5467
200.111.191.210 - - [25/Feb/2016:13:43:13 -0300] "POST /cormun/servlet/trsolicitudot?f561cf82537fc9edc29ffcad7e12c22c,gx-no-cache=1456418605188 HTTP/1.1" 200 105
200.111.191.210 - - [25/Feb/2016:13:43:14 -0300] "GET /cormun/servlet/trsolicitudadjuntos?2016,142, HTTP/1.1" 200 7854
192.168.10.89 - - [25/Feb/2016:13:43:16 -0300] "POST /cormun/servlet/solicitudot?gx-no-cache=1456418351525 HTTP/1.1" 200 1159
192.168.10.89 - - [25/Feb/2016:13:43:16 -0300] "GET /cormun/servlet/solicitudot?4cdfec308414b3ef9bcb4ac777e9a39b03aee2957d8d256ed68e984a5f4fd882e29a8301ba2cec391a7b79078df5222aa60165edeb0a0f3ac9f7b7289a9762081c2da0703f65457a8ea89b323ce0a88864a8f3e1ea332b4afe8ae5549bca18e00853e8f865ce2a399abf1d5fa419f7ff62cff20d37ea61c355179573a3fde01098c54b4b2461a43b0b459634e9e7a5cb,gx-no-cache=1456418351653 HTTP/1.1" 200 38
192.168.10.89 - - [25/Feb/2016:13:43:16 -0300] "GET /cormun/servlet/solicitudot?4cdfec308414b3ef9bcb4ac777e9a39b9e9684aa336ccd297c2ff1422106892cce42cfa7b774a4e2f010db76c66d6adbeb5f97e1914a6fa5bc608d8b3fec7972b11c7c5f838d60da441c6636977bb1f5788353d986c17ab821c763d87bb5113694cad043bdd1d5eadd017d5eeb8d891c82980122f532f844aeb1a48b8105f3590f0f909a2177074d36d4978871fc6db51d674b3d96fdf5880281b3ef895989992dfd32be6d9fd09cf2828af487a4a2db8d9b5382512a65d55b85a7aca4b396914d31418c859212c578b2dd0d99a1a3c3,gx-no-cache=1456418351680 HTTP/1.1" 200 29
200.111.191.210 - - [25/Feb/2016:13:43:16 -0300] "GET /cormun/servlet/trsolicitudadjuntos?2016,142, HTTP/1.1" 200 7855
192.168.10.89 - - [25/Feb/2016:13:43:16 -0300] "POST /cormun/servlet/solicitudot?gx-no-cache=1456418351705 HTTP/1.1" 200 1116
200.111.191.210 - - [25/Feb/2016:13:43:17 -0300] "GET /cormun/servlet/solicitudotadjuntos?INS,2016,142,,2, HTTP/1.1" 200 5365
200.111.191.210 - - [25/Feb/2016:13:43:17 -0300] "GET /cormun/static/about:blank HTTP/1.1" 404 1011
200.111.191.210 - - [25/Feb/2016:13:43:17 -0300] "GET /cormun/servlet/solicitudotadjuntos?INS,2016,142,,2, HTTP/1.1" 200 5359
200.111.191.210 - - [25/Feb/2016:13:43:18 -0300] "GET /cormun/servlet/solicitudotadjuntos?a9dc2ec719eff3cf00167b9aaf38b05407793d07a95f74badcd8aee842866a48867550c72ef31b6d0dba8bb148c2b5a0,gx-no-cache=1456418609532 HTTP/1.1" 200 30
200.111.191.210 - - [25/Feb/2016:13:43:18 -0300] "POST /cormun/servlet/solicitudotadjuntos?f561cf82537fc9edc29ffcad7e12c22c,INS,2016,142,,2,,gx-no-cache=1456418609580 HTTP/1.1" 200 3460
200.111.191.210 - - [25/Feb/2016:13:43:21 -0300] "POST /cormun/servlet/solicitudotadjuntos?gx-no-cache=1456418613350 HTTP/1.1" 200 26
191.112.59.125 - - [25/Feb/2016:13:43:23 -0300] "POST /cormun/servlet/solicitudot?gx-no-cache=1456418630365 HTTP/1.1" 200 1159
191.112.59.125 - - [25/Feb/2016:13:43:23 -0300] "GET /cormun/servlet/solicitudot?843d8b18d675e67942b4b829b2fcb743e4dbb0f77d72f8e780e2b29bf2e27584d89e4f0f58fce2cf704395e02366613da57e2f991d6f216e04eaa7234a500ab5264102e8c4492efbfb743c241a5566f36f11995ec0c413c76f94c269ef96ed604dd5f347fab4c645efb05cc7e8e58e2286ee8ff8704419ed683abfb09a052e1575f15fab000749d15d660dd2a58412a4afc58ddae40ce052bd9610717cd36474,gx-no-cache=1456418630601 HTTP/1.1" 200 41
191.112.59.125 - - [25/Feb/2016:13:43:23 -0300] "POST /cormun/servlet/solicitudot?gx-no-cache=1456418630715 HTTP/1.1" 200 1116
200.111.191.210 - - [25/Feb/2016:13:43:30 -0300] "GET /cormun/servlet/solicitudotadjuntos?a9dc2ec719eff3cf00167b9aaf38b054ef16d0e8bc902605faf7e0834af1beef,gx-no-cache=1456418621655 HTTP/1.1" 200 30
200.111.191.210 - - [25/Feb/2016:13:43:30 -0300] "GET /cormun/servlet/solicitudotadjuntos?a9dc2ec719eff3cf00167b9aaf38b054ef16d0e8bc902605faf7e0834af1beef,gx-no-cache=1456418621681 HTTP/1.1" 200 30
200.111.191.210 - - [25/Feb/2016:13:43:30 -0300] "POST /cormun/servlet/solicitudotadjuntos?f561cf82537fc9edc29ffcad7e12c22c,INS,2016,142,,2, HTTP/1.1" 200 116
200.111.191.210 - - [25/Feb/2016:13:43:31 -0300] "GET /cormun/servlet/hpexe_return? HTTP/1.1" 200 1025
200.111.191.210 - - [25/Feb/2016:13:43:32 -0300] "GET /cormun/servlet/trsolicitudadjuntos?2016,142, HTTP/1.1" 200 8054
200.111.191.210 - - [25/Feb/2016:13:43:33 -0300] "GET /cormun/servlet/trsolicitudadjuntos?2016,142, HTTP/1.1" 200 8053
192.168.10.89 - - [25/Feb/2016:13:43:34 -0300] "GET /cormun/servlet/solicitudot?4cdfec308414b3ef9bcb4ac777e9a39b9e9684aa336ccd297c2ff1422106892cce42cfa7b774a4e2f010db76c66d6adbc6511f87084c5dc12831733d1c73abbeb11c7c5f838d60da441c6636977bb1f5788353d986c17ab821c763d87bb5113694cad043bdd1d5eadd017d5eeb8d891c82980122f532f844aeb1a48b8105f3590f0f909a2177074d36d4978871fc6db51d674b3d96fdf5880281b3ef895989992dfd32be6d9fd09cf2828af487a4a2db8d9b5382512a65d55b85a7aca4b396914d31418c859212c578b2dd0d99a1a3c3,gx-no-cache=1456418369644 HTTP/1.1" 200 29
200.111.191.210 - - [25/Feb/2016:13:43:36 -0300] "GET /cormun/servlet/trsolicitudot? HTTP/1.1" 200 7956
200.111.191.210 - - [25/Feb/2016:13:43:36 -0300] "GET /cormun/servlet/trsolicitudot? HTTP/1.1" 200 7950
200.111.191.210 - - [25/Feb/2016:13:43:42 -0300] "GET /cormun/Manuales/manual.pdf HTTP/1.1" 200 850295
45.34.79.108 - - [25/Feb/2016:13:44:25 -0300] "GET /manager/html HTTP/1.1" 401 2474
45.34.79.108 - - [25/Feb/2016:13:44:26 -0300] "GET /manager/html HTTP/1.1" 401 2474
45.34.79.108 - - [25/Feb/2016:13:44:31 -0300] "GET /manager/html HTTP/1.1" 401 2474
45.34.79.108 - - [25/Feb/2016:13:44:32 -0300] "GET /manager/html HTTP/1.1" 401 2474
191.112.59.125 - - [25/Feb/2016:13:44:37 -0300] "POST /cormun/servlet/solicitudot?28dd0106d76c6d8a40d1947298f92ee5,INS,0,0,,gx-no-cache=1456418703552 HTTP/1.1" 200 93
191.112.59.125 - - [25/Feb/2016:13:44:37 -0300] "GET /cormun/servlet/hpexe_return? HTTP/1.1" 200 1007
191.112.59.125 - - [25/Feb/2016:13:44:38 -0300] "GET /cormun/servlet/trsolicitudot? HTTP/1.1" 200 6180
45.34.79.108 - - [25/Feb/2016:13:44:38 -0300] "GET /manager/html HTTP/1.1" 401 2474
191.112.59.125 - - [25/Feb/2016:13:44:40 -0300] "GET /cormun/servlet/trsolicitudot? HTTP/1.1" 200 6176
45.34.79.108 - - [25/Feb/2016:13:44:43 -0300] "GET /manager/html HTTP/1.1" 401 2474
45.34.79.108 - - [25/Feb/2016:13:44:50 -0300] "GET /manager/html HTTP/1.1" 401 2474
45.34.79.108 - - [25/Feb/2016:13:44:57 -0300] "GET /manager/html HTTP/1.1" 401 2474
192.168.10.89 - - [25/Feb/2016:13:45:03 -0300] "GET /cormun/servlet/solicitudot?4cdfec308414b3ef9bcb4ac777e9a39ba424d3828721f555903171bef71b751a37d0f6eeee109f2d7e4eed8799842a8d539ff552ce88d16efaeb96afb90101024c0b0d5e4529eadd6279dfae41f2bc0645da70f35acfadc830fe62211b05186c0a469d9c851b4c215021987ae352ebce72f9bd817ef9918dbe4d9a6f24c7cebb9439b90b2588da7383eadc164c6d179fb2e8c81608bec7f3a87b634776b272041a0ccfaa3113d91981e8be451b2b6761,gx-no-cache=1456418458335 HTTP/1.1" 200 30
45.34.79.108 - - [25/Feb/2016:13:45:05 -0300] "GET /manager/html HTTP/1.1" 401 2474
192.168.10.89 - - [25/Feb/2016:13:45:10 -0300] "POST /cormun/servlet/solicitudot?6aa5099f1842ad48c2639bc0435fcbac,INS,0,0,,gx-no-cache=1456418465708 HTTP/1.1" 200 93
192.168.10.89 - - [25/Feb/2016:13:45:10 -0300] "GET /cormun/servlet/hpexe_return? HTTP/1.1" 200 1007
45.34.79.108 - - [25/Feb/2016:13:45:11 -0300] "GET /manager/html HTTP/1.1" 401 2474
192.168.10.89 - - [25/Feb/2016:13:45:11 -0300] "GET /cormun/servlet/trsolicitudot HTTP/1.1" 200 7753
45.34.79.108 - - [25/Feb/2016:13:45:17 -0300] "GET /manager/html HTTP/1.1" 401 2474
45.34.79.108 - - [25/Feb/2016:13:45:23 -0300] "GET /manager/html HTTP/1.1" 401 2474
200.111.191.210 - - [25/Feb/2016:13:45:25 -0300] "GET /cormun/servlet/trsolicitudot? HTTP/1.1" 200 7956
200.111.191.210 - - [25/Feb/2016:13:45:26 -0300] "GET /cormun/servlet/trsolicitudot? HTTP/1.1" 200 7950
45.34.79.108 - - [25/Feb/2016:13:45:29 -0300] "GET /manager/html HTTP/1.1" 401 2474
191.112.59.125 - - [25/Feb/2016:13:45:32 -0300] "GET /cormun/servlet/solicitudot?INS,0,0, HTTP/1.1" 200 12068
200.111.191.210 - - [25/Feb/2016:13:45:33 -0300] "POST /cormun/servlet/trsolicitudot?f561cf82537fc9edc29ffcad7e12c22c,,gx-no-cache=1456418744850 HTTP/1.1" 200 5476
200.111.191.210 - - [25/Feb/2016:13:45:33 -0300] "POST /cormun/servlet/trsolicitudot?f561cf82537fc9edc29ffcad7e12c22c,,gx-no-cache=1456418745046 HTTP/1.1" 200 5477
200.111.191.210 - - [25/Feb/2016:13:45:33 -0300] "POST /cormun/servlet/trsolicitudot?f561cf82537fc9edc29ffcad7e12c22c,,gx-no-cache=1456418745219 HTTP/1.1" 200 5477
200.111.191.210 - - [25/Feb/2016:13:45:34 -0300] "POST /cormun/servlet/trsolicitudot?f561cf82537fc9edc29ffcad7e12c22c,,gx-no-cache=1456418745392 HTTP/1.1" 200 5476
200.111.191.210 - - [25/Feb/2016:13:45:34 -0300] "POST /cormun/servlet/trsolicitudot?f561cf82537fc9edc29ffcad7e12c22c,,gx-no-cache=1456418745577 HTTP/1.1" 200 5478
200.111.191.210 - - [25/Feb/2016:13:45:34 -0300] "POST /cormun/servlet/trsolicitudot?f561cf82537fc9edc29ffcad7e12c22c,,gx-no-cache=1456418745767 HTTP/1.1" 200 5478
200.111.191.210 - - [25/Feb/2016:13:45:34 -0300] "POST /cormun/servlet/trsolicitudot?f561cf82537fc9edc29ffcad7e12c22c,,gx-no-cache=1456418745949 HTTP/1.1" 200 5477
200.111.191.210 - - [25/Feb/2016:13:45:34 -0300] "POST /cormun/servlet/trsolicitudot?f561cf82537fc9edc29ffcad7e12c22c,,gx-no-cache=1456418746190 HTTP/1.1" 200 106
200.111.191.210 - - [25/Feb/2016:13:45:34 -0300] "GET /cormun/servlet/trsolicitudadjuntos?2016,143, HTTP/1.1" 200 5304
200.111.191.210 - - [25/Feb/2016:13:45:35 -0300] "GET /cormun/servlet/trsolicitudadjuntos?2016,143, HTTP/1.1" 200 5304
191.112.59.125 - - [25/Feb/2016:13:45:35 -0300] "GET /cormun/servlet/solicitudot?INS,0,0, HTTP/1.1" 200 12072
45.34.79.108 - - [25/Feb/2016:13:45:36 -0300] "GET /manager/html HTTP/1.1" 401 2474
191.112.59.125 - - [25/Feb/2016:13:45:38 -0300] "GET /cormun/servlet/trsolicitudot? HTTP/1.1" 200 6180
200.111.191.210 - - [25/Feb/2016:13:45:38 -0300] "GET /cormun/servlet/solicitudotadjuntos?INS,2016,143,,1, HTTP/1.1" 200 5367
200.111.191.210 - - [25/Feb/2016:13:45:39 -0300] "GET /cormun/static/about:blank HTTP/1.1" 404 1011
200.111.191.210 - - [25/Feb/2016:13:45:39 -0300] "GET /cormun/servlet/solicitudotadjuntos?INS,2016,143,,1, HTTP/1.1" 200 5361
200.111.191.210 - - [25/Feb/2016:13:45:39 -0300] "GET /cormun/servlet/solicitudotadjuntos?a9dc2ec719eff3cf00167b9aaf38b054adee8f60d4e3ee10095fa8b42f611058867550c72ef31b6d0dba8bb148c2b5a0,gx-no-cache=1456418751075 HTTP/1.1" 200 30
200.111.191.210 - - [25/Feb/2016:13:45:39 -0300] "POST /cormun/servlet/solicitudotadjuntos?f561cf82537fc9edc29ffcad7e12c22c,INS,2016,143,,1,,gx-no-cache=1456418751129 HTTP/1.1" 200 3314
191.112.59.125 - - [25/Feb/2016:13:45:40 -0300] "GET /cormun/servlet/trsolicitudot? HTTP/1.1" 200 6176
200.111.191.210 - - [25/Feb/2016:13:45:41 -0300] "POST /cormun/servlet/solicitudotadjuntos?gx-no-cache=1456418752826 HTTP/1.1" 200 26
45.34.79.108 - - [25/Feb/2016:13:45:44 -0300] "GET /manager/html HTTP/1.1" 401 2474
45.34.79.108 - - [25/Feb/2016:13:45:52 -0300] "GET /manager/html HTTP/1.1" 401 2474
45.34.79.108 - - [25/Feb/2016:13:45:58 -0300] "GET /manager/html HTTP/1.1" 401 2474
45.34.79.108 - - [25/Feb/2016:13:46:05 -0300] "GET /manager/html HTTP/1.1" 401 2474
45.34.79.108 - - [25/Feb/2016:13:46:12 -0300] "GET /manager/html HTTP/1.1" 401 2474
45.34.79.108 - - [25/Feb/2016:13:46:19 -0300] "GET /manager/html HTTP/1.1" 401 2474
45.34.79.108 - - [25/Feb/2016:13:46:25 -0300] "GET /manager/html HTTP/1.1" 401 2474
192.168.10.89 - - [25/Feb/2016:13:46:27 -0300] "GET /cormun/servlet/hlogin HTTP/1.1" 200 1737
45.34.79.108 - - [25/Feb/2016:13:46:32 -0300] "GET /manager/html HTTP/1.1" 401 2474
191.112.59.125 - - [25/Feb/2016:13:46:35 -0300] "GET /cormun/servlet/trsolicitudot? HTTP/1.1" 200 6176
191.112.59.125 - - [25/Feb/2016:13:46:37 -0300] "GET /cormun/servlet/trsolicitudot? HTTP/1.1" 200 6176
45.34.79.108 - - [25/Feb/2016:13:46:38 -0300] "GET /manager/html HTTP/1.1" 401 2474
45.34.79.108 - - [25/Feb/2016:13:46:44 -0300] "GET /manager/html HTTP/1.1" 401 2474
191.112.59.125 - - [25/Feb/2016:13:46:50 -0300] "GET /cormun/servlet/trsolicitudot? HTTP/1.1" 200 6176
191.112.59.125 - - [25/Feb/2016:13:46:53 -0300] "GET /cormun/servlet/trsolicitudot? HTTP/1.1" 200 6176
45.34.79.108 - - [25/Feb/2016:13:46:54 -0300] "GET /manager/html HTTP/1.1" 401 2474
45.34.79.108 - - [25/Feb/2016:13:47:00 -0300] "GET /manager/html HTTP/1.1" 401 2474
191.112.59.125 - - [25/Feb/2016:13:47:06 -0300] "POST /cormun/servlet/trsolicitudot?28dd0106d76c6d8a40d1947298f92ee5,,gx-no-cache=1456418853036 HTTP/1.1" 200 3482
45.34.79.108 - - [25/Feb/2016:13:47:06 -0300] "GET /manager/html HTTP/1.1" 401 2474
191.112.59.125 - - [25/Feb/2016:13:47:06 -0300] "POST /cormun/servlet/trsolicitudot?28dd0106d76c6d8a40d1947298f92ee5,,gx-no-cache=1456418853556 HTTP/1.1" 200 3482
191.112.59.125 - - [25/Feb/2016:13:47:07 -0300] "POST /cormun/servlet/trsolicitudot?28dd0106d76c6d8a40d1947298f92ee5,,gx-no-cache=1456418854052 HTTP/1.1" 200 3482
191.112.59.125 - - [25/Feb/2016:13:47:07 -0300] "POST /cormun/servlet/trsolicitudot?28dd0106d76c6d8a40d1947298f92ee5,,gx-no-cache=1456418854550 HTTP/1.1" 200 3482
191.112.59.125 - - [25/Feb/2016:13:47:08 -0300] "POST /cormun/servlet/trsolicitudot?28dd0106d76c6d8a40d1947298f92ee5,,gx-no-cache=1456418855069 HTTP/1.1" 200 3483
191.112.59.125 - - [25/Feb/2016:13:47:08 -0300] "POST /cormun/servlet/trsolicitudot?28dd0106d76c6d8a40d1947298f92ee5,,gx-no-cache=1456418855620 HTTP/1.1" 200 3483
191.112.59.125 - - [25/Feb/2016:13:47:09 -0300] "POST /cormun/servlet/trsolicitudot?28dd0106d76c6d8a40d1947298f92ee5,,gx-no-cache=1456418856137 HTTP/1.1" 200 3482
191.112.59.125 - - [25/Feb/2016:13:47:10 -0300] "POST /cormun/servlet/trsolicitudot?28dd0106d76c6d8a40d1947298f92ee5,,gx-no-cache=1456418856681 HTTP/1.1" 200 3483
45.34.79.108 - - [25/Feb/2016:13:47:13 -0300] "GET /manager/html HTTP/1.1" 401 2474
45.34.79.108 - - [25/Feb/2016:13:47:20 -0300] "GET /manager/html HTTP/1.1" 401 2474
45.34.79.108 - - [25/Feb/2016:13:47:26 -0300] "GET /manager/html HTTP/1.1" 401 2474
45.34.79.108 - - [25/Feb/2016:13:47:33 -0300] "GET /manager/html HTTP/1.1" 401 2474
45.34.79.108 - - [25/Feb/2016:13:47:40 -0300] "GET /manager/html HTTP/1.1" 401 2474
191.112.59.125 - - [25/Feb/2016:13:47:44 -0300] "GET /cormun/servlet/trsolicitudot? HTTP/1.1" 200 6176
45.34.79.108 - - [25/Feb/2016:13:47:46 -0300] "GET /manager/html HTTP/1.1" 401 2474
191.112.59.125 - - [25/Feb/2016:13:47:47 -0300] "GET /cormun/servlet/trsolicitudot? HTTP/1.1" 200 6176
45.34.79.108 - - [25/Feb/2016:13:47:55 -0300] "GET /manager/html HTTP/1.1" 401 2474
191.112.59.125 - - [25/Feb/2016:13:47:55 -0300] "POST /cormun/servlet/trsolicitudot?28dd0106d76c6d8a40d1947298f92ee5,,gx-no-cache=1456418902641 HTTP/1.1" 200 3481
191.112.59.125 - - [25/Feb/2016:13:47:56 -0300] "POST /cormun/servlet/trsolicitudot?28dd0106d76c6d8a40d1947298f92ee5,,gx-no-cache=1456418903142 HTTP/1.1" 200 3482
191.112.59.125 - - [25/Feb/2016:13:47:56 -0300] "POST /cormun/servlet/trsolicitudot?28dd0106d76c6d8a40d1947298f92ee5,,gx-no-cache=1456418903632 HTTP/1.1" 200 3482
191.112.59.125 - - [25/Feb/2016:13:47:57 -0300] "POST /cormun/servlet/trsolicitudot?28dd0106d76c6d8a40d1947298f92ee5,,gx-no-cache=1456418904125 HTTP/1.1" 200 3483
191.112.59.125 - - [25/Feb/2016:13:48:01 -0300] "POST /cormun/servlet/trsolicitudot?28dd0106d76c6d8a40d1947298f92ee5,,gx-no-cache=1456418907748 HTTP/1.1" 200 3482
45.34.79.108 - - [25/Feb/2016:13:48:02 -0300] "GET /manager/html HTTP/1.1" 401 2474
45.34.79.108 - - [25/Feb/2016:13:48:08 -0300] "GET /manager/html HTTP/1.1" 401 2474
192.168.10.89 - - [25/Feb/2016:13:48:12 -0300] "POST /cormun/servlet/hlogin?6aa5099f1842ad48c2639bc0435fcbac,gx-no-cache=1456418648036 HTTP/1.1" 200 446
45.34.79.108 - - [25/Feb/2016:13:48:18 -0300] "GET /manager/html HTTP/1.1" 401 2474
192.168.10.89 - - [25/Feb/2016:13:48:19 -0300] "POST /cormun/servlet/hlogin?6aa5099f1842ad48c2639bc0435fcbac,gx-no-cache=1456418655095 HTTP/1.1" 200 90
192.168.10.89 - - [25/Feb/2016:13:48:19 -0300] "GET /cormun/servlet/hpexe_link HTTP/1.1" 200 956
200.111.191.210 - - [25/Feb/2016:13:48:20 -0300] "GET /cormun/servlet/solicitudotadjuntos?a9dc2ec719eff3cf00167b9aaf38b054ef16d0e8bc902605faf7e0834af1beef,gx-no-cache=1456418911784 HTTP/1.1" 200 30
200.111.191.210 - - [25/Feb/2016:13:48:20 -0300] "GET /cormun/servlet/solicitudotadjuntos?a9dc2ec719eff3cf00167b9aaf38b054ef16d0e8bc902605faf7e0834af1beef,gx-no-cache=1456418911805 HTTP/1.1" 200 30
192.168.10.89 - - [25/Feb/2016:13:48:21 -0300] "GET /cormun/servlet/trsolicitudot HTTP/1.1" 200 7751
200.111.191.210 - - [25/Feb/2016:13:48:21 -0300] "POST /cormun/servlet/solicitudotadjuntos?f561cf82537fc9edc29ffcad7e12c22c,INS,2016,143,,1, HTTP/1.1" 200 116
200.111.191.210 - - [25/Feb/2016:13:48:21 -0300] "GET /cormun/servlet/hpexe_return? HTTP/1.1" 200 1025
200.111.191.210 - - [25/Feb/2016:13:48:21 -0300] "GET /cormun/servlet/trsolicitudadjuntos?2016,143, HTTP/1.1" 200 7190
200.111.191.210 - - [25/Feb/2016:13:48:22 -0300] "GET /cormun/servlet/trsolicitudadjuntos?2016,143, HTTP/1.1" 200 7186
200.111.191.210 - - [25/Feb/2016:13:48:24 -0300] "GET /cormun/servlet/solicitudotadjuntos?INS,2016,143,,1, HTTP/1.1" 200 5367
200.111.191.210 - - [25/Feb/2016:13:48:24 -0300] "GET /cormun/static/about:blank HTTP/1.1" 404 1011
200.111.191.210 - - [25/Feb/2016:13:48:24 -0300] "GET /cormun/servlet/solicitudotadjuntos?INS,2016,143,,1, HTTP/1.1" 200 5361
200.111.191.210 - - [25/Feb/2016:13:48:25 -0300] "GET /cormun/servlet/solicitudotadjuntos?a9dc2ec719eff3cf00167b9aaf38b054adee8f60d4e3ee10095fa8b42f611058867550c72ef31b6d0dba8bb148c2b5a0,gx-no-cache=1456418916896 HTTP/1.1" 200 30
200.111.191.210 - - [25/Feb/2016:13:48:25 -0300] "POST /cormun/servlet/solicitudotadjuntos?f561cf82537fc9edc29ffcad7e12c22c,INS,2016,143,,1,,gx-no-cache=1456418916946 HTTP/1.1" 200 3315
45.34.79.108 - - [25/Feb/2016:13:48:26 -0300] "GET /manager/html HTTP/1.1" 401 2474
200.111.191.210 - - [25/Feb/2016:13:48:27 -0300] "POST /cormun/servlet/solicitudotadjuntos?gx-no-cache=1456418919147 HTTP/1.1" 200 26
45.34.79.108 - - [25/Feb/2016:13:48:33 -0300] "GET /manager/html HTTP/1.1" 401 2474
200.111.191.210 - - [25/Feb/2016:13:48:34 -0300] "GET /cormun/servlet/solicitudotadjuntos?a9dc2ec719eff3cf00167b9aaf38b054ef16d0e8bc902605faf7e0834af1beef,gx-no-cache=1456418926146 HTTP/1.1" 200 30
200.111.191.210 - - [25/Feb/2016:13:48:34 -0300] "GET /cormun/servlet/solicitudotadjuntos?a9dc2ec719eff3cf00167b9aaf38b054ef16d0e8bc902605faf7e0834af1beef,gx-no-cache=1456418926164 HTTP/1.1" 200 30
200.111.191.210 - - [25/Feb/2016:13:48:36 -0300] "POST /cormun/servlet/solicitudotadjuntos?f561cf82537fc9edc29ffcad7e12c22c,INS,2016,143,,1, HTTP/1.1" 200 116
200.111.191.210 - - [25/Feb/2016:13:48:36 -0300] "GET /cormun/servlet/hpexe_return? HTTP/1.1" 200 1025
200.111.191.210 - - [25/Feb/2016:13:48:36 -0300] "GET /cormun/servlet/trsolicitudadjuntos?2016,143, HTTP/1.1" 200 7336
200.111.191.210 - - [25/Feb/2016:13:48:37 -0300] "GET /cormun/servlet/trsolicitudadjuntos?2016,143, HTTP/1.1" 200 7333
200.111.191.210 - - [25/Feb/2016:13:48:38 -0300] "GET /cormun/servlet/solicitudotadjuntos?INS,2016,143,,1, HTTP/1.1" 200 5367
200.111.191.210 - - [25/Feb/2016:13:48:38 -0300] "GET /cormun/static/about:blank HTTP/1.1" 404 1011
200.111.191.210 - - [25/Feb/2016:13:48:39 -0300] "GET /cormun/servlet/solicitudotadjuntos?INS,2016,143,,1, HTTP/1.1" 200 5361
192.168.10.89 - - [25/Feb/2016:13:48:39 -0300] "GET /cormun/servlet/hlogin HTTP/1.1" 200 1737
191.112.59.125 - - [25/Feb/2016:13:48:39 -0300] "GET /cormun/servlet/hlogin HTTP/1.1" 200 1718
45.34.79.108 - - [25/Feb/2016:13:48:39 -0300] "GET /manager/html HTTP/1.1" 401 2474
200.111.191.210 - - [25/Feb/2016:13:48:39 -0300] "GET /cormun/servlet/solicitudotadjuntos?a9dc2ec719eff3cf00167b9aaf38b054adee8f60d4e3ee10095fa8b42f611058867550c72ef31b6d0dba8bb148c2b5a0,gx-no-cache=1456418930957 HTTP/1.1" 200 30
200.111.191.210 - - [25/Feb/2016:13:48:39 -0300] "POST /cormun/servlet/solicitudotadjuntos?f561cf82537fc9edc29ffcad7e12c22c,INS,2016,143,,1,,gx-no-cache=1456418930992 HTTP/1.1" 200 3315
200.111.191.210 - - [25/Feb/2016:13:48:42 -0300] "POST /cormun/servlet/solicitudotadjuntos?gx-no-cache=1456418933635 HTTP/1.1" 200 26
45.34.79.108 - - [25/Feb/2016:13:48:46 -0300] "GET /manager/html HTTP/1.1" 401 2474
200.111.191.210 - - [25/Feb/2016:13:48:47 -0300] "GET /cormun/servlet/solicitudotadjuntos?a9dc2ec719eff3cf00167b9aaf38b054ef16d0e8bc902605faf7e0834af1beef,gx-no-cache=1456418939180 HTTP/1.1" 200 30
200.111.191.210 - - [25/Feb/2016:13:48:47 -0300] "GET /cormun/servlet/solicitudotadjuntos?a9dc2ec719eff3cf00167b9aaf38b054ef16d0e8bc902605faf7e0834af1beef,gx-no-cache=1456418939196 HTTP/1.1" 200 30
200.111.191.210 - - [25/Feb/2016:13:48:48 -0300] "POST /cormun/servlet/solicitudotadjuntos?f561cf82537fc9edc29ffcad7e12c22c,INS,2016,143,,1, HTTP/1.1" 200 116
200.111.191.210 - - [25/Feb/2016:13:48:48 -0300] "GET /cormun/servlet/hpexe_return? HTTP/1.1" 200 1025
200.111.191.210 - - [25/Feb/2016:13:48:48 -0300] "GET /cormun/servlet/trsolicitudadjuntos?2016,143, HTTP/1.1" 200 7492
191.112.59.125 - - [25/Feb/2016:13:48:49 -0300] "POST /cormun/servlet/hlogin?28dd0106d76c6d8a40d1947298f92ee5,gx-no-cache=1456418956219 HTTP/1.1" 200 425
200.111.191.210 - - [25/Feb/2016:13:48:49 -0300] "GET /cormun/servlet/trsolicitudadjuntos?2016,143, HTTP/1.1" 200 7489
200.111.191.210 - - [25/Feb/2016:13:48:50 -0300] "GET /cormun/servlet/solicitudotadjuntos?INS,2016,143,,1, HTTP/1.1" 200 5367
200.111.191.210 - - [25/Feb/2016:13:48:51 -0300] "GET /cormun/static/about:blank HTTP/1.1" 404 1011
200.111.191.210 - - [25/Feb/2016:13:48:51 -0300] "GET /cormun/servlet/solicitudotadjuntos?INS,2016,143,,1, HTTP/1.1" 200 5361
200.111.191.210 - - [25/Feb/2016:13:48:51 -0300] "GET /cormun/servlet/solicitudotadjuntos?a9dc2ec719eff3cf00167b9aaf38b054adee8f60d4e3ee10095fa8b42f611058867550c72ef31b6d0dba8bb148c2b5a0,gx-no-cache=1456418943254 HTTP/1.1" 200 30
200.111.191.210 - - [25/Feb/2016:13:48:51 -0300] "POST /cormun/servlet/solicitudotadjuntos?f561cf82537fc9edc29ffcad7e12c22c,INS,2016,143,,1,,gx-no-cache=1456418943296 HTTP/1.1" 200 3315
45.34.79.108 - - [25/Feb/2016:13:48:52 -0300] "GET /manager/html HTTP/1.1" 401 2474
200.111.191.210 - - [25/Feb/2016:13:48:54 -0300] "POST /cormun/servlet/solicitudotadjuntos?gx-no-cache=1456418945732 HTTP/1.1" 200 26
200.111.191.210 - - [25/Feb/2016:13:48:59 -0300] "GET /cormun/servlet/solicitudotadjuntos?a9dc2ec719eff3cf00167b9aaf38b054ef16d0e8bc902605faf7e0834af1beef,gx-no-cache=1456418950968 HTTP/1.1" 200 30
200.111.191.210 - - [25/Feb/2016:13:48:59 -0300] "GET /cormun/servlet/solicitudotadjuntos?a9dc2ec719eff3cf00167b9aaf38b054ef16d0e8bc902605faf7e0834af1beef,gx-no-cache=1456418950983 HTTP/1.1" 200 30
45.34.79.108 - - [25/Feb/2016:13:48:59 -0300] "GET /manager/html HTTP/1.1" 401 2474
200.111.191.210 - - [25/Feb/2016:13:49:00 -0300] "POST /cormun/servlet/solicitudotadjuntos?f561cf82537fc9edc29ffcad7e12c22c,INS,2016,143,,1, HTTP/1.1" 200 116
200.111.191.210 - - [25/Feb/2016:13:49:00 -0300] "GET /cormun/servlet/hpexe_return? HTTP/1.1" 200 1025
200.111.191.210 - - [25/Feb/2016:13:49:01 -0300] "GET /cormun/servlet/trsolicitudadjuntos?2016,143, HTTP/1.1" 200 7607
191.112.59.125 - - [25/Feb/2016:13:49:01 -0300] "POST /cormun/servlet/hlogin?28dd0106d76c6d8a40d1947298f92ee5,gx-no-cache=1456418968276 HTTP/1.1" 200 90
191.112.59.125 - - [25/Feb/2016:13:49:01 -0300] "GET /cormun/servlet/hpexe_link HTTP/1.1" 200 958
200.111.191.210 - - [25/Feb/2016:13:49:02 -0300] "GET /cormun/servlet/trsolicitudadjuntos?2016,143, HTTP/1.1" 200 7605
191.112.59.125 - - [25/Feb/2016:13:49:02 -0300] "GET /cormun/servlet/trsolicitudot? HTTP/1.1" 200 6178
200.111.191.210 - - [25/Feb/2016:13:49:04 -0300] "GET /cormun/servlet/solicitudotadjuntos?INS,2016,143,,1, HTTP/1.1" 200 5367
200.111.191.210 - - [25/Feb/2016:13:49:04 -0300] "GET /cormun/static/about:blank HTTP/1.1" 404 1011
200.111.191.210 - - [25/Feb/2016:13:49:05 -0300] "GET /cormun/servlet/solicitudotadjuntos?INS,2016,143,,1, HTTP/1.1" 200 5361
191.112.59.125 - - [25/Feb/2016:13:49:05 -0300] "GET /cormun/servlet/trsolicitudot? HTTP/1.1" 200 6176
200.111.191.210 - - [25/Feb/2016:13:49:05 -0300] "GET /cormun/servlet/solicitudotadjuntos?a9dc2ec719eff3cf00167b9aaf38b054adee8f60d4e3ee10095fa8b42f611058867550c72ef31b6d0dba8bb148c2b5a0,gx-no-cache=1456418957106 HTTP/1.1" 200 30
200.111.191.210 - - [25/Feb/2016:13:49:05 -0300] "POST /cormun/servlet/solicitudotadjuntos?f561cf82537fc9edc29ffcad7e12c22c,INS,2016,143,,1,,gx-no-cache=1456418957143 HTTP/1.1" 200 3315
45.34.79.108 - - [25/Feb/2016:13:49:06 -0300] "GET /manager/html HTTP/1.1" 401 2474
200.111.191.210 - - [25/Feb/2016:13:49:08 -0300] "POST /cormun/servlet/solicitudotadjuntos?gx-no-cache=1456418960315 HTTP/1.1" 200 26
191.112.59.125 - - [25/Feb/2016:13:49:12 -0300] "GET /cormun/servlet/trsolicitudot? HTTP/1.1" 200 6176
45.34.79.108 - - [25/Feb/2016:13:49:12 -0300] "GET /manager/html HTTP/1.1" 401 2474
200.111.191.210 - - [25/Feb/2016:13:49:13 -0300] "GET /cormun/servlet/solicitudotadjuntos?a9dc2ec719eff3cf00167b9aaf38b054ef16d0e8bc902605faf7e0834af1beef,gx-no-cache=1456418965048 HTTP/1.1" 200 30
200.111.191.210 - - [25/Feb/2016:13:49:13 -0300] "GET /cormun/servlet/solicitudotadjuntos?a9dc2ec719eff3cf00167b9aaf38b054ef16d0e8bc902605faf7e0834af1beef,gx-no-cache=1456418965063 HTTP/1.1" 200 30
191.112.59.125 - - [25/Feb/2016:13:49:14 -0300] "GET /cormun/servlet/trsolicitudot? HTTP/1.1" 200 6176
200.111.191.210 - - [25/Feb/2016:13:49:15 -0300] "POST /cormun/servlet/solicitudotadjuntos?f561cf82537fc9edc29ffcad7e12c22c,INS,2016,143,,1, HTTP/1.1" 200 116
200.111.191.210 - - [25/Feb/2016:13:49:15 -0300] "GET /cormun/servlet/hpexe_return? HTTP/1.1" 200 1025
200.111.191.210 - - [25/Feb/2016:13:49:16 -0300] "GET /cormun/servlet/trsolicitudadjuntos?2016,143, HTTP/1.1" 200 7748
200.111.191.210 - - [25/Feb/2016:13:49:17 -0300] "GET /cormun/servlet/trsolicitudadjuntos?2016,143, HTTP/1.1" 200 7748
200.111.191.210 - - [25/Feb/2016:13:49:18 -0300] "GET /cormun/servlet/solicitudotadjuntos?INS,2016,143,,1, HTTP/1.1" 200 5367
200.111.191.210 - - [25/Feb/2016:13:49:18 -0300] "GET /cormun/static/about:blank HTTP/1.1" 404 1011
200.111.191.210 - - [25/Feb/2016:13:49:18 -0300] "GET /cormun/servlet/solicitudotadjuntos?INS,2016,143,,1, HTTP/1.1" 200 5361
200.111.191.210 - - [25/Feb/2016:13:49:19 -0300] "GET /cormun/servlet/solicitudotadjuntos?a9dc2ec719eff3cf00167b9aaf38b054adee8f60d4e3ee10095fa8b42f611058867550c72ef31b6d0dba8bb148c2b5a0,gx-no-cache=1456418970649 HTTP/1.1" 200 30
200.111.191.210 - - [25/Feb/2016:13:49:19 -0300] "POST /cormun/servlet/solicitudotadjuntos?f561cf82537fc9edc29ffcad7e12c22c,INS,2016,143,,1,,gx-no-cache=1456418970688 HTTP/1.1" 200 3315
45.34.79.108 - - [25/Feb/2016:13:49:19 -0300] "GET /manager/html HTTP/1.1" 401 2474
200.111.191.210 - - [25/Feb/2016:13:49:21 -0300] "POST /cormun/servlet/solicitudotadjuntos?gx-no-cache=1456418972631 HTTP/1.1" 200 26
200.111.191.210 - - [25/Feb/2016:13:49:26 -0300] "GET /cormun/servlet/solicitudotadjuntos?a9dc2ec719eff3cf00167b9aaf38b054ef16d0e8bc902605faf7e0834af1beef,gx-no-cache=1456418977847 HTTP/1.1" 200 30
45.34.79.108 - - [25/Feb/2016:13:49:26 -0300] "GET /manager/html HTTP/1.1" 401 2474
200.111.191.210 - - [25/Feb/2016:13:49:26 -0300] "GET /cormun/servlet/solicitudotadjuntos?a9dc2ec719eff3cf00167b9aaf38b054ef16d0e8bc902605faf7e0834af1beef,gx-no-cache=1456418977867 HTTP/1.1" 200 30
200.111.191.210 - - [25/Feb/2016:13:49:27 -0300] "POST /cormun/servlet/solicitudotadjuntos?f561cf82537fc9edc29ffcad7e12c22c,INS,2016,143,,1, HTTP/1.1" 200 116
200.111.191.210 - - [25/Feb/2016:13:49:27 -0300] "GET /cormun/servlet/hpexe_return? HTTP/1.1" 200 1025
200.111.191.210 - - [25/Feb/2016:13:49:28 -0300] "GET /cormun/servlet/trsolicitudadjuntos?2016,143, HTTP/1.1" 200 7842
200.111.191.210 - - [25/Feb/2016:13:49:29 -0300] "GET /cormun/servlet/trsolicitudadjuntos?2016,143, HTTP/1.1" 200 7841
200.111.191.210 - - [25/Feb/2016:13:49:30 -0300] "GET /cormun/servlet/solicitudotadjuntos?INS,2016,143,,2, HTTP/1.1" 200 5365
200.111.191.210 - - [25/Feb/2016:13:49:30 -0300] "GET /cormun/static/about:blank HTTP/1.1" 404 1011
200.111.191.210 - - [25/Feb/2016:13:49:31 -0300] "GET /cormun/servlet/solicitudotadjuntos?INS,2016,143,,2, HTTP/1.1" 200 5359
200.111.191.210 - - [25/Feb/2016:13:49:31 -0300] "GET /cormun/servlet/solicitudotadjuntos?a9dc2ec719eff3cf00167b9aaf38b054adee8f60d4e3ee10095fa8b42f611058867550c72ef31b6d0dba8bb148c2b5a0,gx-no-cache=1456418982936 HTTP/1.1" 200 30
200.111.191.210 - - [25/Feb/2016:13:49:31 -0300] "POST /cormun/servlet/solicitudotadjuntos?f561cf82537fc9edc29ffcad7e12c22c,INS,2016,143,,2,,gx-no-cache=1456418983005 HTTP/1.1" 200 3460
45.34.79.108 - tomcat [25/Feb/2016:13:49:33 -0300] "GET /manager/html HTTP/1.1" 403 3196
200.111.191.210 - - [25/Feb/2016:13:49:37 -0300] "POST /cormun/servlet/solicitudotadjuntos?gx-no-cache=1456418988526 HTTP/1.1" 200 26
200.111.191.210 - - [25/Feb/2016:13:49:42 -0300] "GET /cormun/servlet/solicitudotadjuntos?a9dc2ec719eff3cf00167b9aaf38b054ef16d0e8bc902605faf7e0834af1beef,gx-no-cache=1456418994062 HTTP/1.1" 200 30
200.111.191.210 - - [25/Feb/2016:13:49:42 -0300] "GET /cormun/servlet/solicitudotadjuntos?a9dc2ec719eff3cf00167b9aaf38b054ef16d0e8bc902605faf7e0834af1beef,gx-no-cache=1456418994084 HTTP/1.1" 200 30
45.34.79.108 - - [25/Feb/2016:13:49:43 -0300] "GET /manager/html HTTP/1.1" 401 2474
200.111.191.210 - - [25/Feb/2016:13:49:43 -0300] "POST /cormun/servlet/solicitudotadjuntos?f561cf82537fc9edc29ffcad7e12c22c,INS,2016,143,,2, HTTP/1.1" 200 116
200.111.191.210 - - [25/Feb/2016:13:49:43 -0300] "GET /cormun/servlet/hpexe_return? HTTP/1.1" 200 1026
45.34.79.108 - - [25/Feb/2016:13:49:44 -0300] "GET /manager/html HTTP/1.1" 401 2474
200.111.191.210 - - [25/Feb/2016:13:49:44 -0300] "GET /cormun/servlet/trsolicitudadjuntos?2016,143, HTTP/1.1" 200 8027
45.34.79.108 - - [25/Feb/2016:13:49:44 -0300] "GET /manager/html HTTP/1.1" 401 2474
45.34.79.108 - - [25/Feb/2016:13:49:45 -0300] "GET /manager/html HTTP/1.1" 401 2474
45.34.79.108 - - [25/Feb/2016:13:49:45 -0300] "GET /manager/html HTTP/1.1" 401 2474
200.111.191.210 - - [25/Feb/2016:13:49:46 -0300] "GET /cormun/servlet/trsolicitudadjuntos?2016,143, HTTP/1.1" 200 8022
45.34.79.108 - - [25/Feb/2016:13:49:46 -0300] "GET /manager/html HTTP/1.1" 401 2474
45.34.79.108 - - [25/Feb/2016:13:49:47 -0300] "GET /manager/html HTTP/1.1" 401 2474
45.34.79.108 - - [25/Feb/2016:13:49:48 -0300] "GET /manager/html HTTP/1.1" 401 2474
45.34.79.108 - - [25/Feb/2016:13:49:49 -0300] "GET /manager/html HTTP/1.1" 401 2474
45.34.79.108 - - [25/Feb/2016:13:49:49 -0300] "GET /manager/html HTTP/1.1" 401 2474
45.34.79.108 - - [25/Feb/2016:13:49:50 -0300] "GET /manager/html HTTP/1.1" 401 2474
45.34.79.108 - - [25/Feb/2016:13:49:51 -0300] "GET /manager/html HTTP/1.1" 401 2474
45.34.79.108 - - [25/Feb/2016:13:49:52 -0300] "GET /manager/html HTTP/1.1" 401 2474
45.34.79.108 - - [25/Feb/2016:13:49:53 -0300] "GET /manager/html HTTP/1.1" 401 2474
45.34.79.108 - - [25/Feb/2016:13:49:54 -0300] "GET /manager/html HTTP/1.1" 401 2474
45.34.79.108 - - [25/Feb/2016:13:49:55 -0300] "GET /manager/html HTTP/1.1" 401 2474
45.34.79.108 - - [25/Feb/2016:13:49:55 -0300] "GET /manager/html HTTP/1.1" 401 2474
45.34.79.108 - - [25/Feb/2016:13:49:56 -0300] "GET /manager/html HTTP/1.1" 401 2474
45.34.79.108 - - [25/Feb/2016:13:49:56 -0300] "GET /manager/html HTTP/1.1" 401 2474
45.34.79.108 - - [25/Feb/2016:13:49:57 -0300] "GET /manager/html HTTP/1.1" 401 2474
45.34.79.108 - - [25/Feb/2016:13:49:58 -0300] "GET /manager/html HTTP/1.1" 401 2474
45.34.79.108 - - [25/Feb/2016:13:49:58 -0300] "GET /manager/html HTTP/1.1" 401 2474
45.34.79.108 - - [25/Feb/2016:13:49:59 -0300] "GET /manager/html HTTP/1.1" 401 2474
45.34.79.108 - - [25/Feb/2016:13:49:59 -0300] "GET /manager/html HTTP/1.1" 401 2474
45.34.79.108 - - [25/Feb/2016:13:50:00 -0300] "GET /manager/html HTTP/1.1" 401 2474
45.34.79.108 - - [25/Feb/2016:13:50:00 -0300] "GET /manager/html HTTP/1.1" 401 2474
45.34.79.108 - - [25/Feb/2016:13:50:01 -0300] "GET /manager/html HTTP/1.1" 401 2474
45.34.79.108 - - [25/Feb/2016:13:50:01 -0300] "GET /manager/html HTTP/1.1" 401 2474
200.111.191.210 - - [25/Feb/2016:13:50:01 -0300] "GET /cormun/servlet/trsolicitudot? HTTP/1.1" 200 7955
200.111.191.210 - - [25/Feb/2016:13:50:02 -0300] "GET /cormun/servlet/trsolicitudot? HTTP/1.1" 200 7950
45.34.79.108 - - [25/Feb/2016:13:50:02 -0300] "GET /manager/html HTTP/1.1" 401 2474
45.34.79.108 - - [25/Feb/2016:13:50:02 -0300] "GET /manager/html HTTP/1.1" 401 2474
45.34.79.108 - - [25/Feb/2016:13:50:02 -0300] "GET /manager/html HTTP/1.1" 401 2474
45.34.79.108 - - [25/Feb/2016:13:50:03 -0300] "GET /manager/html HTTP/1.1" 401 2474
45.34.79.108 - - [25/Feb/2016:13:50:03 -0300] "GET /manager/html HTTP/1.1" 401 2474
45.34.79.108 - - [25/Feb/2016:13:50:04 -0300] "GET /manager/html HTTP/1.1" 401 2474
45.34.79.108 - - [25/Feb/2016:13:50:05 -0300] "GET /manager/html HTTP/1.1" 401 2474
45.34.79.108 - - [25/Feb/2016:13:50:06 -0300] "GET /manager/html HTTP/1.1" 401 2474
45.34.79.108 - - [25/Feb/2016:13:50:06 -0300] "GET /manager/html HTTP/1.1" 401 2474
45.34.79.108 - - [25/Feb/2016:13:50:06 -0300] "GET /manager/html HTTP/1.1" 401 2474
45.34.79.108 - - [25/Feb/2016:13:50:07 -0300] "GET /manager/html HTTP/1.1" 401 2474
45.34.79.108 - - [25/Feb/2016:13:50:07 -0300] "GET /manager/html HTTP/1.1" 401 2474
45.34.79.108 - - [25/Feb/2016:13:50:07 -0300] "GET /manager/html HTTP/1.1" 401 2474
45.34.79.108 - - [25/Feb/2016:13:50:08 -0300] "GET /manager/html HTTP/1.1" 401 2474
45.34.79.108 - - [25/Feb/2016:13:50:08 -0300] "GET /manager/html HTTP/1.1" 401 2474
45.34.79.108 - - [25/Feb/2016:13:50:09 -0300] "GET /manager/html HTTP/1.1" 401 2474
45.34.79.108 - - [25/Feb/2016:13:50:09 -0300] "GET /manager/html HTTP/1.1" 401 2474
45.34.79.108 - - [25/Feb/2016:13:50:10 -0300] "GET /manager/html HTTP/1.1" 401 2474
45.34.79.108 - - [25/Feb/2016:13:50:10 -0300] "GET /manager/html HTTP/1.1" 401 2474
45.34.79.108 - - [25/Feb/2016:13:50:11 -0300] "GET /manager/html HTTP/1.1" 401 2474
45.34.79.108 - - [25/Feb/2016:13:50:11 -0300] "GET /manager/html HTTP/1.1" 401 2474
45.34.79.108 - - [25/Feb/2016:13:50:11 -0300] "GET /manager/html HTTP/1.1" 401 2474
191.112.59.125 - - [25/Feb/2016:13:50:11 -0300] "POST /cormun/servlet/trsolicitudot?28dd0106d76c6d8a40d1947298f92ee5,,gx-no-cache=1456419038460 HTTP/1.1" 200 3482
45.34.79.108 - - [25/Feb/2016:13:50:11 -0300] "GET /manager/html HTTP/1.1" 401 2474
45.34.79.108 - - [25/Feb/2016:13:50:12 -0300] "GET /manager/html HTTP/1.1" 401 2474
191.112.59.125 - - [25/Feb/2016:13:50:12 -0300] "POST /cormun/servlet/trsolicitudot?28dd0106d76c6d8a40d1947298f92ee5,,gx-no-cache=1456419039056 HTTP/1.1" 200 3481
191.112.59.125 - - [25/Feb/2016:13:50:12 -0300] "POST /cormun/servlet/trsolicitudot?28dd0106d76c6d8a40d1947298f92ee5,,gx-no-cache=1456419039553 HTTP/1.1" 200 3482
191.112.59.125 - - [25/Feb/2016:13:50:13 -0300] "POST /cormun/servlet/trsolicitudot?28dd0106d76c6d8a40d1947298f92ee5,,gx-no-cache=1456419040041 HTTP/1.1" 200 3481
191.112.59.125 - - [25/Feb/2016:13:50:13 -0300] "POST /cormun/servlet/trsolicitudot?28dd0106d76c6d8a40d1947298f92ee5,,gx-no-cache=1456419040543 HTTP/1.1" 200 3482
191.112.59.125 - - [25/Feb/2016:13:50:14 -0300] "POST /cormun/servlet/trsolicitudot?28dd0106d76c6d8a40d1947298f92ee5,,gx-no-cache=1456419041056 HTTP/1.1" 200 3482
191.112.59.125 - - [25/Feb/2016:13:50:14 -0300] "POST /cormun/servlet/trsolicitudot?28dd0106d76c6d8a40d1947298f92ee5,,gx-no-cache=1456419041575 HTTP/1.1" 200 3482
191.112.59.125 - - [25/Feb/2016:13:50:15 -0300] "POST /cormun/servlet/trsolicitudot?28dd0106d76c6d8a40d1947298f92ee5,,gx-no-cache=1456419042107 HTTP/1.1" 200 3482
200.111.191.210 - - [25/Feb/2016:13:50:20 -0300] "GET /cormun/servlet/solicitudot?INS,0,0, HTTP/1.1" 200 12003
200.111.191.210 - - [25/Feb/2016:13:50:21 -0300] "GET /cormun/servlet/solicitudot?INS,0,0, HTTP/1.1" 200 12007
200.111.191.210 - - [25/Feb/2016:13:50:32 -0300] "POST /cormun/servlet/solicitudot?gx-no-cache=1456419043847 HTTP/1.1" 200 2669
200.111.191.210 - - [25/Feb/2016:13:50:32 -0300] "POST /cormun/servlet/solicitudot?f561cf82537fc9edc29ffcad7e12c22c,INS,0,0,,gx-no-cache=1456419043967 HTTP/1.1" 200 9387
200.111.191.210 - - [25/Feb/2016:13:50:32 -0300] "GET /cormun/servlet/solicitudot?a9dc2ec719eff3cf00167b9aaf38b054090d6578f26e39844287735afa1c12c8cbb97ec460247467ae85ed87035b3f1c,gx-no-cache=1456419044136 HTTP/1.1" 200 111
200.111.191.210 - - [25/Feb/2016:13:50:32 -0300] "GET /cormun/static/Shared/jqueryui/images/ui-bg_highlight-soft_100_c6c2c8_1x100.png HTTP/1.1" 404 1117
200.111.191.210 - - [25/Feb/2016:13:50:32 -0300] "GET /cormun/static/Shared/jqueryui/images/ui-icons_82798d_256x240.png HTTP/1.1" 404 1089
200.111.191.210 - - [25/Feb/2016:13:50:32 -0300] "GET /cormun/static/Shared/jqueryui/images/ui-bg_flat_55_994d53_40x100.png HTTP/1.1" 404 1097
200.111.191.210 - - [25/Feb/2016:13:50:32 -0300] "GET /cormun/static/Shared/jqueryui/images/ui-icons_ebccce_256x240.png HTTP/1.1" 404 1089
200.111.191.210 - - [25/Feb/2016:13:50:53 -0300] "POST /cormun/servlet/solicitudot?f561cf82537fc9edc29ffcad7e12c22c,INS,0,0,,gx-no-cache=1456419064545 HTTP/1.1" 200 93
200.111.191.210 - - [25/Feb/2016:13:50:53 -0300] "GET /cormun/servlet/hpexe_return? HTTP/1.1" 200 1007
200.111.191.210 - - [25/Feb/2016:13:50:53 -0300] "GET /cormun/servlet/trsolicitudot HTTP/1.1" 200 7954
200.111.191.210 - - [25/Feb/2016:13:50:53 -0300] "GET /cormun/servlet/trsolicitudot HTTP/1.1" 200 7950
200.111.191.210 - - [25/Feb/2016:13:50:56 -0300] "GET /cormun/servlet/solicitudot?INS,0,0, HTTP/1.1" 200 12003
200.111.191.210 - - [25/Feb/2016:13:50:56 -0300] "GET /cormun/servlet/solicitudot?INS,0,0, HTTP/1.1" 200 12007
200.111.191.210 - - [25/Feb/2016:13:51:07 -0300] "POST /cormun/servlet/solicitudot?gx-no-cache=1456419079126 HTTP/1.1" 200 2669
200.111.191.210 - - [25/Feb/2016:13:51:07 -0300] "POST /cormun/servlet/solicitudot?f561cf82537fc9edc29ffcad7e12c22c,INS,0,0,,gx-no-cache=1456419079281 HTTP/1.1" 200 9388
200.111.191.210 - - [25/Feb/2016:13:51:10 -0300] "GET /cormun/servlet/solicitudot?a9dc2ec719eff3cf00167b9aaf38b0547dc03363ee89d86959b70a4ab9bec368d3199541ed2cad3a87ba74b8a4f06cad,gx-no-cache=1456419082152 HTTP/1.1" 200 30
191.112.59.125 - - [25/Feb/2016:13:51:14 -0300] "GET /cormun/servlet/hlogin HTTP/1.1" 200 1718
191.112.59.125 - - [25/Feb/2016:13:51:22 -0300] "POST /cormun/servlet/hlogin?28dd0106d76c6d8a40d1947298f92ee5,gx-no-cache=1456419109466 HTTP/1.1" 200 90
191.112.59.125 - - [25/Feb/2016:13:51:22 -0300] "GET /cormun/servlet/hpexe_link HTTP/1.1" 200 958
191.112.59.125 - - [25/Feb/2016:13:51:23 -0300] "GET /cormun/servlet/trsolicitudot? HTTP/1.1" 200 6178
191.112.59.125 - - [25/Feb/2016:13:51:26 -0300] "GET /cormun/servlet/trsolicitudot? HTTP/1.1" 200 6176
191.112.59.125 - - [25/Feb/2016:13:51:34 -0300] "GET /cormun/servlet/trsolicitudot? HTTP/1.1" 200 6176
191.112.59.125 - - [25/Feb/2016:13:51:36 -0300] "GET /cormun/servlet/trsolicitudot? HTTP/1.1" 200 6176
200.111.191.210 - - [25/Feb/2016:13:51:41 -0300] "POST /cormun/servlet/solicitudot?gx-no-cache=1456419113246 HTTP/1.1" 200 120
200.111.191.210 - - [25/Feb/2016:13:51:41 -0300] "GET /cormun/static/Shared/jqueryui/images/ui-bg_highlight-soft_100_c6c2c8_1x100.png HTTP/1.1" 404 1117
200.111.191.210 - - [25/Feb/2016:13:51:41 -0300] "GET /cormun/static/Shared/jqueryui/images/ui-icons_82798d_256x240.png HTTP/1.1" 404 1089
200.111.191.210 - - [25/Feb/2016:13:51:41 -0300] "GET /cormun/static/Shared/jqueryui/images/ui-bg_flat_55_994d53_40x100.png HTTP/1.1" 404 1097
200.111.191.210 - - [25/Feb/2016:13:51:41 -0300] "GET /cormun/static/Shared/jqueryui/images/ui-icons_ebccce_256x240.png HTTP/1.1" 404 1089
200.111.191.210 - - [25/Feb/2016:13:51:41 -0300] "POST /cormun/servlet/solicitudot?gx-no-cache=1456419113316 HTTP/1.1" 200 33
200.111.191.210 - - [25/Feb/2016:13:51:41 -0300] "POST /cormun/servlet/solicitudot?gx-no-cache=1456419113339 HTTP/1.1" 200 452
200.111.191.210 - - [25/Feb/2016:13:51:41 -0300] "GET /cormun/servlet/solicitudot?a9dc2ec719eff3cf00167b9aaf38b054b09aa4deade17fec6a776e429d09776bc7d4c90e6c9a43f5f971c1a42d48b40eec34b30690371d44acd070551f64b5bbb623aec6800a0524b1b844401f41efee4259cf8de102c69de1af4d3d0213719a1433d2a5a958367777acf6d7b03bfe4ea8ccde6eadd00ea5bc0db970867b907360f354c8b84ed7bfc67b16d494ba86af,gx-no-cache=1456419113366 HTTP/1.1" 200 38
200.111.191.210 - - [25/Feb/2016:13:51:41 -0300] "GET /cormun/servlet/solicitudot?a9dc2ec719eff3cf00167b9aaf38b054bd8d6f887ce76b1b6399ce952fd5410320e7bb4e4765ddc65b3589d8e4b488e9dd463d0d0f9acca3cf02b812749b09f7086da879e8b8484b39952eb2b487dfdf59aaa0211d54d29f1757107127e70df7e0296dc761a65368065843852b81d612,gx-no-cache=1456419113384 HTTP/1.1" 200 29
200.111.191.210 - - [25/Feb/2016:13:51:41 -0300] "POST /cormun/servlet/solicitudot?gx-no-cache=1456419113399 HTTP/1.1" 200 404
200.111.191.210 - - [25/Feb/2016:13:51:41 -0300] "GET /cormun/servlet/solicitudot?a9dc2ec719eff3cf00167b9aaf38b054dfa759bfa1e61a7d28d6f72b6f1a51acd0fe0a86537e5ffa2e6e23fe69580b1507e3a8f7a480e04700085706072dc1ab4f67d269d212164fa80c682050ac0e3e1f3420af5975fe2d89269a1a79868df568570184fe4327616fa5804c8978ce8f98f81be551dc6a148deeb18856293a82c58ee1b876c4a21cdf2c1a6f7a090e46ba51f78774d6b64db0478016e01c0fd6,gx-no-cache=1456419113420 HTTP/1.1" 200 30
191.112.59.125 - - [25/Feb/2016:13:51:49 -0300] "POST /cormun/servlet/trsolicitudot?28dd0106d76c6d8a40d1947298f92ee5,,gx-no-cache=1456419136045 HTTP/1.1" 200 3482
191.112.59.125 - - [25/Feb/2016:13:51:49 -0300] "POST /cormun/servlet/trsolicitudot?28dd0106d76c6d8a40d1947298f92ee5,,gx-no-cache=1456419136576 HTTP/1.1" 200 3481
191.112.59.125 - - [25/Feb/2016:13:51:50 -0300] "POST /cormun/servlet/trsolicitudot?28dd0106d76c6d8a40d1947298f92ee5,,gx-no-cache=1456419137068 HTTP/1.1" 200 3481
191.112.59.125 - - [25/Feb/2016:13:51:50 -0300] "POST /cormun/servlet/trsolicitudot?28dd0106d76c6d8a40d1947298f92ee5,,gx-no-cache=1456419137576 HTTP/1.1" 200 3481
191.112.59.125 - - [25/Feb/2016:13:51:54 -0300] "GET /cormun/servlet/trsolicitudot?1c9bb06b30c78e9b03cd447fd254014017b02076c9ce96b259802c953a1171d3e3fadbc2a438503a9c5be66a0e6cd32a451f474a212ffd7224843db1021a5068666b1235af50f9e992fdef2fba5d2bfb71491da0a5b3776a61f0966036b01e5f,gx-no-cache=1456419141304 HTTP/1.1" 200 738
191.112.59.125 - - [25/Feb/2016:13:51:57 -0300] "GET /cormun/servlet/trsolicitudot?1c9bb06b30c78e9b03cd447fd254014017b02076c9ce96b259802c953a1171d3e844e1fbdb66ac5c08f7ab2476b014255f16e86bdcc6e270e918131ff2ba394f42902c127e1ac51ae54ca1b83a7bced509b8ec3a735877411fdf4ed61701cab2,gx-no-cache=1456419143874 HTTP/1.1" 200 738
191.112.59.125 - - [25/Feb/2016:13:52:01 -0300] "GET /cormun/servlet/trsolicitudot?1c9bb06b30c78e9b03cd447fd2540140362b7840e8fae0eecbe6672e35f6b6404830ac5150e4ace54e1ee21cf507f47887cb00b34323567252b7c83f935a0016cd6307338e4b58e45242977432c10046794aff68aff8c008960a081795491a9d,gx-no-cache=1456419148739 HTTP/1.1" 200 738
191.112.59.125 - - [25/Feb/2016:13:52:02 -0300] "POST /cormun/servlet/trsolicitudot?28dd0106d76c6d8a40d1947298f92ee5,,gx-no-cache=1456419149029 HTTP/1.1" 200 3481
191.112.59.125 - - [25/Feb/2016:13:52:03 -0300] "POST /cormun/servlet/trsolicitudot?28dd0106d76c6d8a40d1947298f92ee5,,gx-no-cache=1456419149808 HTTP/1.1" 200 3482
191.112.59.125 - - [25/Feb/2016:13:52:06 -0300] "GET /cormun/servlet/trsolicitudot?1c9bb06b30c78e9b03cd447fd254014017b02076c9ce96b259802c953a1171d3e3fadbc2a438503a9c5be66a0e6cd32a451f474a212ffd7224843db1021a5068666b1235af50f9e992fdef2fba5d2bfb71491da0a5b3776a61f0966036b01e5f,gx-no-cache=1456419153397 HTTP/1.1" 200 738
191.112.59.125 - - [25/Feb/2016:13:52:08 -0300] "GET /cormun/servlet/trsolicitudot?1c9bb06b30c78e9b03cd447fd254014017b02076c9ce96b259802c953a1171d3e844e1fbdb66ac5c08f7ab2476b014255f16e86bdcc6e270e918131ff2ba394f42902c127e1ac51ae54ca1b83a7bced509b8ec3a735877411fdf4ed61701cab2,gx-no-cache=1456419155068 HTTP/1.1" 200 738
191.112.59.125 - - [25/Feb/2016:13:52:12 -0300] "GET /cormun/servlet/trsolicitudot?1c9bb06b30c78e9b03cd447fd2540140362b7840e8fae0eecbe6672e35f6b6404830ac5150e4ace54e1ee21cf507f47887cb00b34323567252b7c83f935a0016cd6307338e4b58e45242977432c10046794aff68aff8c008960a081795491a9d,gx-no-cache=1456419159718 HTTP/1.1" 200 738
191.112.59.125 - - [25/Feb/2016:13:52:13 -0300] "POST /cormun/servlet/trsolicitudot?28dd0106d76c6d8a40d1947298f92ee5,,gx-no-cache=1456419160089 HTTP/1.1" 200 3481
200.111.191.210 - - [25/Feb/2016:13:52:13 -0300] "POST /cormun/servlet/solicitudot?gx-no-cache=1456419145294 HTTP/1.1" 200 30
191.112.59.125 - - [25/Feb/2016:13:52:14 -0300] "POST /cormun/servlet/trsolicitudot?28dd0106d76c6d8a40d1947298f92ee5,,gx-no-cache=1456419160698 HTTP/1.1" 200 3482
191.112.59.125 - - [25/Feb/2016:13:52:14 -0300] "POST /cormun/servlet/trsolicitudot?28dd0106d76c6d8a40d1947298f92ee5,,gx-no-cache=1456419161309 HTTP/1.1" 200 3481
200.111.191.210 - - [25/Feb/2016:13:52:16 -0300] "POST /cormun/servlet/solicitudot?gx-no-cache=1456419147710 HTTP/1.1" 200 30
200.111.191.210 - - [25/Feb/2016:13:52:18 -0300] "POST /cormun/servlet/solicitudot?gx-no-cache=1456419150434 HTTP/1.1" 200 452
200.111.191.210 - - [25/Feb/2016:13:52:19 -0300] "GET /cormun/servlet/solicitudot?a9dc2ec719eff3cf00167b9aaf38b054b09aa4deade17fec6a776e429d09776bc7d4c90e6c9a43f5f971c1a42d48b40eec34b30690371d44acd070551f64b5bbb623aec6800a0524b1b844401f41efee4259cf8de102c69de1af4d3d0213719a1433d2a5a958367777acf6d7b03bfe4ea8ccde6eadd00ea5bc0db970867b907360f354c8b84ed7bfc67b16d494ba86af,gx-no-cache=1456419150485 HTTP/1.1" 200 38
191.112.59.125 - - [25/Feb/2016:13:52:19 -0300] "GET /cormun/servlet/trsolicitudot?1c9bb06b30c78e9b03cd447fd254014017b02076c9ce96b259802c953a1171d3e190e3435157cd2ca538291b8b63cfd5f328c4a7789a0ba0df7e20958c073f6c716d4d08683d73d5098c75d6ce86ba27aa55cd9776fb2db476283ecb0e0a3488afc58ddae40ce052bd9610717cd36474,gx-no-cache=1456419166531 HTTP/1.1" 200 738
191.112.59.125 - - [25/Feb/2016:13:52:21 -0300] "GET /cormun/servlet/trsolicitudot?1c9bb06b30c78e9b03cd447fd254014017b02076c9ce96b259802c953a1171d3e3fadbc2a438503a9c5be66a0e6cd32a451f474a212ffd7224843db1021a5068666b1235af50f9e992fdef2fba5d2bfb71491da0a5b3776a61f0966036b01e5f,gx-no-cache=1456419168316 HTTP/1.1" 200 738
191.112.59.125 - - [25/Feb/2016:13:52:23 -0300] "GET /cormun/servlet/trsolicitudot?1c9bb06b30c78e9b03cd447fd254014017b02076c9ce96b259802c953a1171d3e844e1fbdb66ac5c08f7ab2476b014255f16e86bdcc6e270e918131ff2ba394f42902c127e1ac51ae54ca1b83a7bced509b8ec3a735877411fdf4ed61701cab2,gx-no-cache=1456419170124 HTTP/1.1" 200 738
191.112.59.125 - - [25/Feb/2016:13:52:37 -0300] "GET /cormun/servlet/trvisualizadoreventos? HTTP/1.1" 200 5943
191.112.59.125 - - [25/Feb/2016:13:52:38 -0300] "GET /cormun/static/gxcfg.js?2016251828014 HTTP/1.1" 200 953
191.112.59.125 - - [25/Feb/2016:13:52:38 -0300] "GET /cormun/static/Resources/PXToolsActionPrint.png HTTP/1.1" 200 3317
191.112.59.125 - - [25/Feb/2016:13:52:38 -0300] "GET /cormun/static/trvisualizadoreventos.js?2016251828276 HTTP/1.1" 200 19096
191.112.59.125 - - [25/Feb/2016:13:52:40 -0300] "GET /cormun/servlet/trvisualizadoreventos? HTTP/1.1" 200 5943
191.112.59.125 - - [25/Feb/2016:13:52:41 -0300] "POST /cormun/servlet/acontrolpreferencessavestate?None,CD-33,true HTTP/1.1" 200 35
200.111.191.210 - - [25/Feb/2016:13:52:53 -0300] "POST /cormun/servlet/solicitudot?gx-no-cache=1456419185416 HTTP/1.1" 200 1116
191.112.59.125 - - [25/Feb/2016:13:52:54 -0300] "GET /cormun/servlet/trsolicitudot? HTTP/1.1" 200 6186
191.112.59.125 - - [25/Feb/2016:13:52:57 -0300] "GET /cormun/servlet/trsolicitudot? HTTP/1.1" 200 6185
191.112.59.125 - - [25/Feb/2016:13:53:03 -0300] "POST /cormun/servlet/trsolicitudot?28dd0106d76c6d8a40d1947298f92ee5,,gx-no-cache=1456419210033 HTTP/1.1" 200 3485
191.112.59.125 - - [25/Feb/2016:13:53:03 -0300] "POST /cormun/servlet/trsolicitudot?28dd0106d76c6d8a40d1947298f92ee5,,gx-no-cache=1456419210564 HTTP/1.1" 200 3485
191.112.59.125 - - [25/Feb/2016:13:53:04 -0300] "POST /cormun/servlet/trsolicitudot?28dd0106d76c6d8a40d1947298f92ee5,,gx-no-cache=1456419211086 HTTP/1.1" 200 3486
191.112.59.125 - - [25/Feb/2016:13:53:04 -0300] "POST /cormun/servlet/trsolicitudot?28dd0106d76c6d8a40d1947298f92ee5,,gx-no-cache=1456419211577 HTTP/1.1" 200 3487
191.112.59.125 - - [25/Feb/2016:13:53:12 -0300] "GET /cormun/servlet/trsolicitudot?1c9bb06b30c78e9b03cd447fd254014017b02076c9ce96b259802c953a1171d3e3fadbc2a438503a9c5be66a0e6cd32a451f474a212ffd7224843db1021a5068666b1235af50f9e992fdef2fba5d2bfb71491da0a5b3776a61f0966036b01e5f,gx-no-cache=1456419219150 HTTP/1.1" 200 738
191.112.59.125 - - [25/Feb/2016:13:53:14 -0300] "GET /cormun/servlet/trsolicitudot?1c9bb06b30c78e9b03cd447fd254014017b02076c9ce96b259802c953a1171d3e844e1fbdb66ac5c08f7ab2476b014255f16e86bdcc6e270e918131ff2ba394f42902c127e1ac51ae54ca1b83a7bced509b8ec3a735877411fdf4ed61701cab2,gx-no-cache=1456419220952 HTTP/1.1" 200 738
200.111.191.210 - - [25/Feb/2016:13:53:19 -0300] "GET /cormun/servlet/solicitudot?a9dc2ec719eff3cf00167b9aaf38b054dfa759bfa1e61a7d28d6f72b6f1a51ac8a4b3bafe3e93536712f004549da7b3ca5ba8d5e281d7556a10e4c7d433018c13d855f247f9495de20f46c0d9e3d1204f6e581f7e053d5e034f5d28f1b4ecfe6c88e5555a6717885b9114dd7825c883779675d6d412f1d8b535f5fea82f916f1e357bd357699061a72fd91f26b9f44686de47b4776b61a269f2b3ec3f43638c169e06d5780ef33577d0a2811ccf24e0e,gx-no-cache=1456419211220 HTTP/1.1" 200 30
191.112.59.125 - - [25/Feb/2016:13:53:20 -0300] "GET /cormun/servlet/trsolicitudot?1c9bb06b30c78e9b03cd447fd2540140362b7840e8fae0eecbe6672e35f6b6404830ac5150e4ace54e1ee21cf507f47887cb00b34323567252b7c83f935a0016cd6307338e4b58e45242977432c10046794aff68aff8c008960a081795491a9d,gx-no-cache=1456419226997 HTTP/1.1" 200 738
191.112.59.125 - - [25/Feb/2016:13:53:22 -0300] "POST /cormun/servlet/trsolicitudot?28dd0106d76c6d8a40d1947298f92ee5,,gx-no-cache=1456419228763 HTTP/1.1" 200 4896
