186.103.248.189 - - [25/Feb/2016:15:18:49 -0300] "POST /cormun/servlet/solicitudot?9dfc14a2b70d08fed776ddf6d491f6e7,INS,0,0,,gx-no-cache=1456424405906 HTTP/1.1" 200 9392
186.103.248.189 - - [25/Feb/2016:15:18:50 -0300] "GET /cormun/servlet/solicitudot?afdb08fb819eedf911a33ebefc206d7735810caa7c4fa193336b2ed525d6f219bc96e23cdc99e6947de8662fdcf878fc,gx-no-cache=1456424406716 HTTP/1.1" 200 111
186.103.248.189 - - [25/Feb/2016:15:18:50 -0300] "GET /cormun/static/Shared/jqueryui/images/ui-bg_highlight-soft_100_c6c2c8_1x100.png HTTP/1.1" 404 1117
186.103.248.189 - - [25/Feb/2016:15:18:50 -0300] "GET /cormun/static/Shared/jqueryui/images/ui-icons_82798d_256x240.png HTTP/1.1" 404 1089
186.103.248.189 - - [25/Feb/2016:15:18:50 -0300] "GET /cormun/static/Shared/jqueryui/images/ui-bg_flat_55_994d53_40x100.png HTTP/1.1" 404 1097
186.103.248.189 - - [25/Feb/2016:15:18:50 -0300] "GET /cormun/static/Shared/jqueryui/images/ui-icons_ebccce_256x240.png HTTP/1.1" 404 1089
186.103.248.189 - - [25/Feb/2016:15:18:59 -0300] "GET /cormun/servlet/solicitudot?afdb08fb819eedf911a33ebefc206d773627b226501c7d9015c7f531227f0aa2fb6311532e29a21c05fa1c474bdc210e,gx-no-cache=1456424415473 HTTP/1.1" 200 30
186.103.159.189 - - [25/Feb/2016:15:19:01 -0300] "GET /cormun/servlet/trsolicitudadjuntos?2016,152, HTTP/1.1" 200 7843
186.103.159.189 - - [25/Feb/2016:15:19:05 -0300] "GET /cormun/servlet/trsolicitudadjuntos?2016,152, HTTP/1.1" 200 7841
191.112.59.125 - - [25/Feb/2016:15:19:09 -0300] "GET /cormun/servlet/trsolicitudot? HTTP/1.1" 200 7351
191.112.59.125 - - [25/Feb/2016:15:19:09 -0300] "GET /cormun/static/Resources/Spanish/PXTools.css?17554516 HTTP/1.1" 304 -
191.112.59.125 - - [25/Feb/2016:15:19:10 -0300] "GET /cormun/static/gxcfg.js?20161623482752 HTTP/1.1" 304 -
191.112.59.125 - - [25/Feb/2016:15:19:10 -0300] "GET /cormun/static/messages.spa.js?85251 HTTP/1.1" 304 -
191.112.59.125 - - [25/Feb/2016:15:19:10 -0300] "GET /cormun/static/trsolicitudot.js?20161623483284 HTTP/1.1" 304 -
191.112.59.125 - - [25/Feb/2016:15:19:10 -0300] "GET /cormun/static/hwchdr01.js?20162241650484 HTTP/1.1" 304 -
191.112.59.125 - - [25/Feb/2016:15:19:10 -0300] "GET /cormun/static/hpexe_recentlink.js?2015111312121342 HTTP/1.1" 304 -
191.112.59.125 - - [25/Feb/2016:15:19:10 -0300] "GET /cormun/static/hpexe_scripts.js?20151120014546 HTTP/1.1" 304 -
191.112.59.125 - - [25/Feb/2016:15:19:10 -0300] "GET /cormun/static/hpexe_messagecontroller.js?2015112210524422 HTTP/1.1" 304 -
191.112.59.125 - - [25/Feb/2016:15:19:10 -0300] "GET /cormun/static/hpexe_messagepopupcomponent.js?201622412404545 HTTP/1.1" 304 -
191.112.59.125 - - [25/Feb/2016:15:19:10 -0300] "GET /cormun/static/hpexe_messagegenexuscomponent.js?20151120014314 HTTP/1.1" 304 -
191.112.59.125 - - [25/Feb/2016:15:19:10 -0300] "GET /cormun/static/cmcontrolpreferences.js?20151120014525 HTTP/1.1" 304 -
191.112.59.125 - - [25/Feb/2016:15:19:10 -0300] "GET /cormun/static/hmpwkw03.js?201622421393366 HTTP/1.1" 304 -
191.112.59.125 - - [25/Feb/2016:15:19:12 -0300] "GET /cormun/servlet/trsolicitudot? HTTP/1.1" 200 7351
191.112.59.125 - - [25/Feb/2016:15:19:12 -0300] "GET /cormun/servlet/hlogin HTTP/1.1" 200 1735
186.103.159.189 - - [25/Feb/2016:15:19:13 -0300] "GET /cormun/servlet/solicitudotadjuntos?INS,2016,152,,1, HTTP/1.1" 200 5408
186.103.159.189 - - [25/Feb/2016:15:19:13 -0300] "GET /cormun/static/about:blank HTTP/1.1" 404 1011
186.103.159.189 - - [25/Feb/2016:15:19:16 -0300] "GET /cormun/servlet/solicitudotadjuntos?INS,2016,152,,1, HTTP/1.1" 200 5402
186.103.159.189 - - [25/Feb/2016:15:19:17 -0300] "GET /cormun/servlet/solicitudotadjuntos?6c3962ba5e47d579f8c9383000d84d8955d4bc9b217017ed839849944fa9378ce40675876b711140c8395e85e2b91b96,gx-no-cache=1456424386139 HTTP/1.1" 200 30
186.103.159.189 - - [25/Feb/2016:15:19:17 -0300] "POST /cormun/servlet/solicitudotadjuntos?4a30b5dbfdbb7919e110ceeb66a28a88,INS,2016,152,,1,,gx-no-cache=1456424386230 HTTP/1.1" 200 3316
191.112.59.125 - - [25/Feb/2016:15:19:24 -0300] "POST /cormun/servlet/hlogin?b891d66f5ac3ce8af6b334827871bd1c,gx-no-cache=1456424392172 HTTP/1.1" 200 90
191.112.59.125 - - [25/Feb/2016:15:19:25 -0300] "GET /cormun/servlet/hpexe_link HTTP/1.1" 200 955
191.112.59.125 - - [25/Feb/2016:15:19:26 -0300] "GET /cormun/servlet/trsolicitudot HTTP/1.1" 200 7324
186.103.159.189 - - [25/Feb/2016:15:19:27 -0300] "POST /cormun/servlet/solicitudotadjuntos?gx-no-cache=1456424396742 HTTP/1.1" 200 26
191.112.59.125 - - [25/Feb/2016:15:19:29 -0300] "GET /cormun/servlet/trsolicitudot HTTP/1.1" 200 7323
186.103.159.230 - - [25/Feb/2016:15:19:46 -0300] "GET /cormun/static/Resources/resize.gif HTTP/1.1" 200 77
186.103.159.230 - - [25/Feb/2016:15:19:47 -0300] "GET /cormun/servlet/prfichaempleado?,MD,,gxPopupLevel%3D0%3B HTTP/1.1" 200 7872
186.103.159.230 - - [25/Feb/2016:15:19:47 -0300] "GET /cormun/static/gxui/gxui-all.css?1917420 HTTP/1.1" 200 2179
186.103.159.230 - - [25/Feb/2016:15:19:47 -0300] "GET /cormun/static/scaMessage/css/jquery-ui.css?104140 HTTP/1.1" 404 1045
186.103.159.230 - - [25/Feb/2016:15:19:47 -0300] "GET /cormun/static/gxcfg.js?201511151625694 HTTP/1.1" 200 953
186.103.159.230 - - [25/Feb/2016:15:19:47 -0300] "GET /cormun/static/Resources/PXToolsMenuSearch.png HTTP/1.1" 200 2914
186.103.159.230 - - [25/Feb/2016:15:19:47 -0300] "GET /cormun/static/Resources/PXToolsMenuSearchCancel.png HTTP/1.1" 200 2972
186.103.159.230 - - [25/Feb/2016:15:19:47 -0300] "GET /cormun/static/Resources/Spanish/PXTools.css?16184758 HTTP/1.1" 200 89042
186.103.159.230 - - [25/Feb/2016:15:19:47 -0300] "GET /cormun/static/prfichaempleado.js?201511151625857 HTTP/1.1" 200 14240
186.103.159.230 - - [25/Feb/2016:15:19:47 -0300] "GET /cormun/static/menusearch.js?201622412404863 HTTP/1.1" 200 1424
186.103.159.230 - - [25/Feb/2016:15:19:47 -0300] "GET /cormun/static/hmpwkw01.js?201511211495945 HTTP/1.1" 200 2037
186.103.159.230 - - [25/Feb/2016:15:19:47 -0300] "GET /cormun/static/Shared/jqueryui/jquery-ui.min-1.8.js HTTP/1.1" 200 213511
186.103.159.230 - - [25/Feb/2016:15:20:21 -0300] "GET /cormun/servlet/prfichaempleado?205e58fe46a615b6083d8ce16c7f62287ae931e08b4390e3f0cf2ca126681ffe9c26a333d40159d6174336ea210f994b28f9a4cb6ebeec07939d495d7e4c1b64,gx-no-cache=1456424447198 HTTP/1.1" 200 456
186.103.159.230 - - [25/Feb/2016:15:20:21 -0300] "GET /cormun/servlet/prfichaempleado?205e58fe46a615b6083d8ce16c7f6228bc8f129b18cc9a486ffccd0b1c67a157eeea2338ccc1a8196b28a01c9281cd9f309134459ea93df92c7e8f346a895c3f,gx-no-cache=1456424448015 HTTP/1.1" 200 462
186.103.159.230 - - [25/Feb/2016:15:20:22 -0300] "GET /cormun/servlet/prfichaempleado?205e58fe46a615b6083d8ce16c7f62280c4fe6f16f9a989f6d77cde5f9388e1c8f6bd6adcd2365a69446c529929f2a9b7b48d63e0fcfed17ebecd0a2325b73f0639108f47ee9930a5d16ec19613f3876,gx-no-cache=1456424449206 HTTP/1.1" 200 466
186.103.159.230 - - [25/Feb/2016:15:20:56 -0300] "GET /cormun/servlet/prfichaempleado?205e58fe46a615b6083d8ce16c7f62280c4fe6f16f9a989f6d77cde5f9388e1c66c0ce17e5dcfc6bd6ebd3ea1e6d0af79c11a4da74d2d920deae1b605a8f9dd136b11a0154a3cc8385398f5c62dc4f35,gx-no-cache=1456424482391 HTTP/1.1" 200 467
186.103.248.189 - - [25/Feb/2016:15:20:56 -0300] "POST /cormun/servlet/solicitudot?gx-no-cache=1456424532914 HTTP/1.1" 200 30
186.103.159.230 - - [25/Feb/2016:15:20:57 -0300] "GET /cormun/servlet/prfichaempleado?205e58fe46a615b6083d8ce16c7f62280c4fe6f16f9a989f6d77cde5f9388e1c7989fb7baef178c4458c61da7cfbdb0f7ea8eedc5785c6af1959b01708e7e5c1d42b844c39e54508b8f4015e96445b85,gx-no-cache=1456424483312 HTTP/1.1" 200 462
186.103.159.230 - - [25/Feb/2016:15:20:58 -0300] "GET /cormun/servlet/prfichaempleado?205e58fe46a615b6083d8ce16c7f62280c4fe6f16f9a989f6d77cde5f9388e1c24d6eadf5b7418e141c8310f201dc95c84a77d082aac69b7faf5acdf142ff37b6d977ff6fb5e6ef22bea4cd177983998,gx-no-cache=1456424484591 HTTP/1.1" 200 465
186.103.159.230 - - [25/Feb/2016:15:21:03 -0300] "POST /cormun/servlet/prfichaempleado?ba9242ff25665f381b51225e1fdb3d91,,MD,,gxPopupLevel%3D0%3B,gx-no-cache=1456424489798 HTTP/1.1" 200 2664
186.103.248.189 - - [25/Feb/2016:15:21:08 -0300] "POST /cormun/servlet/solicitudot?gx-no-cache=1456424544511 HTTP/1.1" 200 30
186.103.248.189 - - [25/Feb/2016:15:21:12 -0300] "GET /cormun/static/Resources/resize.gif HTTP/1.1" 200 77
186.103.248.189 - - [25/Feb/2016:15:21:12 -0300] "GET /cormun/servlet/prfichaempleado?,MD,,gxPopupLevel%3D0%3B HTTP/1.1" 200 7865
186.103.248.189 - - [25/Feb/2016:15:21:12 -0300] "GET /cormun/static/scaMessage/css/jquery-ui.css?104140 HTTP/1.1" 404 1045
186.103.248.189 - - [25/Feb/2016:15:21:12 -0300] "GET /cormun/static/gxcfg.js?201511151625694 HTTP/1.1" 200 953
186.103.248.189 - - [25/Feb/2016:15:21:12 -0300] "GET /cormun/static/Resources/PXToolsMenuSearch.png HTTP/1.1" 200 2914
186.103.248.189 - - [25/Feb/2016:15:21:12 -0300] "GET /cormun/static/Resources/PXToolsMenuSearchCancel.png HTTP/1.1" 200 2972
186.103.248.189 - - [25/Feb/2016:15:21:12 -0300] "GET /cormun/static/prfichaempleado.js?201511151625857 HTTP/1.1" 200 14240
186.103.248.189 - - [25/Feb/2016:15:21:12 -0300] "GET /cormun/static/menusearch.js?201622412404863 HTTP/1.1" 200 1424
186.103.248.189 - - [25/Feb/2016:15:21:12 -0300] "GET /cormun/static/hmpwkw01.js?201511211495945 HTTP/1.1" 200 2037
186.103.248.189 - - [25/Feb/2016:15:21:12 -0300] "GET /cormun/static/Resources/Spanish/PXTools.css?16184758 HTTP/1.1" 200 89042
186.103.248.189 - - [25/Feb/2016:15:21:13 -0300] "GET /cormun/static/Shared/jqueryui/jquery-ui.min-1.8.js HTTP/1.1" 200 213511
186.103.248.189 - - [25/Feb/2016:15:21:15 -0300] "POST /cormun/servlet/acontrolpreferencessavestate?None,CF-19,true HTTP/1.1" 200 35
186.103.248.189 - - [25/Feb/2016:15:21:21 -0300] "GET /cormun/servlet/prfichaempleado?d92c16449b06dc8acc1752d2c3a1f439350f039d8a0d1a00956409e8378664a12c3a47bad9c511d1bf2a071f5af304cab671b0d3dff5c630c6eeecfba3774dee144ab168c256ab234e4a7991179e88cb,gx-no-cache=1456424557642 HTTP/1.1" 200 465
186.103.248.189 - - [25/Feb/2016:15:21:26 -0300] "GET /cormun/servlet/prfichaempleado?d92c16449b06dc8acc1752d2c3a1f439def3addb3b151081ab1cc262fe344e72140e50d9d5c56e062e6fe4e237d598dd7f73aeff15b3cd00c5dc7d9630657275,gx-no-cache=1456424562949 HTTP/1.1" 200 452
186.103.248.189 - - [25/Feb/2016:15:21:30 -0300] "POST /cormun/servlet/prfichaempleado?9dfc14a2b70d08fed776ddf6d491f6e7,,MD,,gxPopupLevel%3D0%3B,gx-no-cache=1456424566372 HTTP/1.1" 200 2643
186.103.248.189 - - [25/Feb/2016:15:21:33 -0300] "GET /cormun/servlet/prfichaempleado?d92c16449b06dc8acc1752d2c3a1f4396b3591c93bfab34b98e2bf7442f8f2d24bba0616a86cf92cb576c7bdc7296938667382b158059a7fdcaba012bd8c124e,gx-no-cache=1456424569936 HTTP/1.1" 200 468
186.103.248.189 - - [25/Feb/2016:15:21:35 -0300] "POST /cormun/servlet/prfichaempleado?9dfc14a2b70d08fed776ddf6d491f6e7,,MD,,gxPopupLevel%3D0%3B,gx-no-cache=1456424571148 HTTP/1.1" 200 3289
186.103.248.189 - - [25/Feb/2016:15:21:41 -0300] "POST /cormun/servlet/solicitudot?gx-no-cache=1456424577562 HTTP/1.1" 200 1261
186.103.248.189 - - [25/Feb/2016:15:21:55 -0300] "POST /cormun/servlet/solicitudot?gx-no-cache=1456424591180 HTTP/1.1" 200 120
186.103.248.189 - - [25/Feb/2016:15:22:00 -0300] "POST /cormun/servlet/solicitudot?gx-no-cache=1456424597010 HTTP/1.1" 200 120
186.103.248.189 - - [25/Feb/2016:15:22:06 -0300] "POST /cormun/servlet/solicitudot?gx-no-cache=1456424602481 HTTP/1.1" 200 30
186.103.248.189 - - [25/Feb/2016:15:22:09 -0300] "POST /cormun/servlet/solicitudot?gx-no-cache=1456424605952 HTTP/1.1" 200 1261
186.103.159.230 - - [25/Feb/2016:15:22:21 -0300] "POST /cormun/servlet/solicitudot?gx-no-cache=1456424564833 HTTP/1.1" 200 1260
186.103.248.189 - - [25/Feb/2016:15:22:26 -0300] "GET /cormun/servlet/solicitudot?afdb08fb819eedf911a33ebefc206d7738ac532684149ffaa146c0b52bf0fe207d9c0aca8a8bb19aa85a043d2f89ff0b97005ad471dc3a62c6143a1ef428f8ca6277736c6a8b1715e621325c108192a1ee21d9c527ea50ed0e067906750366dcc4a7b07c9d5b789f8e720183b88eb2169c98f491ddb9352f92465327d756fc6343c6add796b8dfc4758d41009929ec06,gx-no-cache=1456424622657 HTTP/1.1" 200 38
186.103.248.189 - - [25/Feb/2016:15:22:56 -0300] "GET /cormun/servlet/solicitudot?afdb08fb819eedf911a33ebefc206d771c5f14b4f1011444a3fcb19b69878ad417dcc5383530e4bc0f4992bd8dcadb338519e278f7aa654e4d4f43f97eff5f3736fce18b716155a035ee4218c953ff58b3cc4512f990d6806ca3a83c45ae053af082a488d8a31aa4aaf8c4c4a83bf843,gx-no-cache=1456424652896 HTTP/1.1" 200 29
186.103.248.189 - - [25/Feb/2016:15:22:58 -0300] "POST /cormun/servlet/solicitudot?gx-no-cache=1456424654517 HTTP/1.1" 200 1116
186.103.248.189 - - [25/Feb/2016:15:23:06 -0300] "GET /cormun/servlet/prlicenciaspermisos?18376935,L,,MD,,gxPopupLevel%3D0%3B HTTP/1.1" 200 5554
186.103.248.189 - - [25/Feb/2016:15:23:07 -0300] "GET /cormun/static/gxcfg.js?201616231591 HTTP/1.1" 200 953
186.103.248.189 - - [25/Feb/2016:15:23:07 -0300] "GET /cormun/static/hmpwkw011.js?2016141804389 HTTP/1.1" 200 1968
186.103.248.189 - - [25/Feb/2016:15:23:07 -0300] "GET /cormun/static/prlicenciaspermisos.js?201616231727 HTTP/1.1" 200 12559
186.103.248.189 - - [25/Feb/2016:15:23:09 -0300] "POST /cormun/servlet/acontrolpreferencessavestate?None,CF-19,true HTTP/1.1" 200 35
186.103.159.189 - - [25/Feb/2016:15:23:31 -0300] "GET /cormun/servlet/trsolicitudadjuntos?2016,152, HTTP/1.1" 200 7841
186.103.159.189 - - [25/Feb/2016:15:23:34 -0300] "GET /cormun/servlet/trsolicitudadjuntos?2016,152, HTTP/1.1" 200 7841
186.103.248.189 - - [25/Feb/2016:15:23:36 -0300] "GET /cormun/servlet/prfichaempleado?,MD,,gxPopupLevel%3D0%3B HTTP/1.1" 200 7884
186.103.248.189 - - [25/Feb/2016:15:23:36 -0300] "GET /cormun/static/scaMessage/css/jquery-ui.css?104140 HTTP/1.1" 404 1045
186.103.159.189 - - [25/Feb/2016:15:23:41 -0300] "GET /cormun/servlet/solicitudotadjuntos?INS,2016,152,,2, HTTP/1.1" 200 5407
186.103.248.189 - - [25/Feb/2016:15:23:42 -0300] "GET /cormun/servlet/prfichaempleado?d92c16449b06dc8acc1752d2c3a1f439f335dd38e5e4c9fc40fc41994bad7bfd4bba0616a86cf92cb576c7bdc72969389516a6e1a502a184a4bd84e59d87017b,gx-no-cache=1456424698254 HTTP/1.1" 200 463
186.103.159.189 - - [25/Feb/2016:15:23:42 -0300] "GET /cormun/static/hwchdr01.js?20162241650484 HTTP/1.1" 304 -
186.103.159.189 - - [25/Feb/2016:15:23:42 -0300] "GET /cormun/static/hpexe_messagepopupcomponent.js?201622412404545 HTTP/1.1" 304 -
186.103.159.189 - - [25/Feb/2016:15:23:42 -0300] "GET /cormun/static/hmpwkw03.js?201622421393366 HTTP/1.1" 304 -
186.103.159.189 - - [25/Feb/2016:15:23:42 -0300] "GET /cormun/static/about:blank HTTP/1.1" 404 1011
186.103.248.189 - - [25/Feb/2016:15:23:43 -0300] "POST /cormun/servlet/prfichaempleado?9dfc14a2b70d08fed776ddf6d491f6e7,,MD,,gxPopupLevel%3D0%3B,gx-no-cache=1456424699321 HTTP/1.1" 200 5077
186.103.159.189 - - [25/Feb/2016:15:23:45 -0300] "GET /cormun/servlet/solicitudotadjuntos?INS,2016,152,,2, HTTP/1.1" 200 5401
186.103.159.189 - - [25/Feb/2016:15:23:45 -0300] "GET /cormun/servlet/solicitudotadjuntos?6c3962ba5e47d579f8c9383000d84d8955d4bc9b217017ed839849944fa9378ce40675876b711140c8395e85e2b91b96,gx-no-cache=1456424654679 HTTP/1.1" 200 30
186.103.159.189 - - [25/Feb/2016:15:23:45 -0300] "POST /cormun/servlet/solicitudotadjuntos?4a30b5dbfdbb7919e110ceeb66a28a88,INS,2016,152,,2,,gx-no-cache=1456424654820 HTTP/1.1" 200 3460
186.103.248.189 - - [25/Feb/2016:15:24:11 -0300] "POST /cormun/servlet/prfichaempleado?9dfc14a2b70d08fed776ddf6d491f6e7,,MD,,gxPopupLevel%3D0%3B,gx-no-cache=1456424727549 HTTP/1.1" 200 5142
186.103.248.189 - - [25/Feb/2016:15:24:15 -0300] "GET /cormun/servlet/prfichaempleado?d92c16449b06dc8acc1752d2c3a1f439491ad484541a6df7fbf778d389cc4c35ed272cba86c25b37060bcb8167ca4fea0d44f63f3b08394b484a1e7154c4e9a0,gx-no-cache=1456424731234 HTTP/1.1" 200 461
186.103.248.189 - - [25/Feb/2016:15:24:17 -0300] "POST /cormun/servlet/prfichaempleado?9dfc14a2b70d08fed776ddf6d491f6e7,,MD,,gxPopupLevel%3D0%3B,gx-no-cache=1456424733269 HTTP/1.1" 200 5196
186.103.159.230 - - [25/Feb/2016:15:24:22 -0300] "GET /cormun/servlet/prlicenciaspermisos?0,L,,MD,,gxPopupLevel%3D0%3B HTTP/1.1" 200 4875
186.103.159.230 - - [25/Feb/2016:15:24:22 -0300] "GET /cormun/static/gxcfg.js?201616231591 HTTP/1.1" 200 953
186.103.159.230 - - [25/Feb/2016:15:24:22 -0300] "GET /cormun/static/prlicenciaspermisos.js?201616231727 HTTP/1.1" 200 12559
186.103.159.230 - - [25/Feb/2016:15:24:22 -0300] "GET /cormun/static/hmpwkw011.js?2016141804389 HTTP/1.1" 200 1968
186.103.159.230 - - [25/Feb/2016:15:24:23 -0300] "POST /cormun/servlet/acontrolpreferencessavestate?None,BARANCIBIA,true HTTP/1.1" 200 35
186.103.248.189 - - [25/Feb/2016:15:24:26 -0300] "POST /cormun/servlet/prfichaempleado?9dfc14a2b70d08fed776ddf6d491f6e7,,MD,,gxPopupLevel%3D0%3B,gx-no-cache=1456424742702 HTTP/1.1" 200 5164
186.103.248.189 - - [25/Feb/2016:15:24:30 -0300] "GET /cormun/servlet/prfichaempleado?d92c16449b06dc8acc1752d2c3a1f439f335dd38e5e4c9fc40fc41994bad7bfd4bba0616a86cf92cb576c7bdc72969389516a6e1a502a184a4bd84e59d87017b,gx-no-cache=1456424746568 HTTP/1.1" 200 463
186.103.248.189 - - [25/Feb/2016:15:24:31 -0300] "POST /cormun/servlet/prfichaempleado?9dfc14a2b70d08fed776ddf6d491f6e7,,MD,,gxPopupLevel%3D0%3B,gx-no-cache=1456424747916 HTTP/1.1" 200 5077
186.103.159.189 - - [25/Feb/2016:15:24:36 -0300] "POST /cormun/servlet/solicitudotadjuntos?4a30b5dbfdbb7919e110ceeb66a28a88,INS,2016,152,,2,,gx-no-cache=1456424705548 HTTP/1.1" 200 93
186.103.159.189 - - [25/Feb/2016:15:24:36 -0300] "GET /cormun/servlet/hpexe_return? HTTP/1.1" 200 1024
186.103.159.189 - - [25/Feb/2016:15:24:37 -0300] "GET /cormun/servlet/trsolicitudadjuntos?2016,152, HTTP/1.1" 200 7844
186.103.159.230 - - [25/Feb/2016:15:24:38 -0300] "POST /cormun/servlet/prlicenciaspermisos?ba9242ff25665f381b51225e1fdb3d91,0,L,,MD,,gxPopupLevel%3D0%3B,gx-no-cache=1456424704533 HTTP/1.1" 200 2481
186.103.159.189 - - [25/Feb/2016:15:24:40 -0300] "GET /cormun/servlet/trsolicitudadjuntos?2016,152, HTTP/1.1" 200 7843
186.103.159.189 - - [25/Feb/2016:15:24:45 -0300] "GET /cormun/servlet/solicitudotadjuntos?INS,2016,152,,1, HTTP/1.1" 200 5409
186.103.159.189 - - [25/Feb/2016:15:24:45 -0300] "GET /cormun/static/Resources/Spanish/PXTools.css?17554516 HTTP/1.1" 304 -
186.103.159.189 - - [25/Feb/2016:15:24:45 -0300] "GET /cormun/static/about:blank HTTP/1.1" 404 1011
186.103.159.189 - - [25/Feb/2016:15:24:47 -0300] "GET /cormun/servlet/solicitudotadjuntos?INS,2016,152,,1, HTTP/1.1" 200 5403
186.103.159.189 - - [25/Feb/2016:15:24:48 -0300] "GET /cormun/servlet/solicitudotadjuntos?6c3962ba5e47d579f8c9383000d84d8955d4bc9b217017ed839849944fa9378ce40675876b711140c8395e85e2b91b96,gx-no-cache=1456424717553 HTTP/1.1" 200 30
186.103.159.189 - - [25/Feb/2016:15:24:48 -0300] "POST /cormun/servlet/solicitudotadjuntos?4a30b5dbfdbb7919e110ceeb66a28a88,INS,2016,152,,1,,gx-no-cache=1456424717641 HTTP/1.1" 200 3316
186.103.159.189 - - [25/Feb/2016:15:24:52 -0300] "POST /cormun/servlet/solicitudotadjuntos?gx-no-cache=1456424721510 HTTP/1.1" 200 26
186.103.248.189 - - [25/Feb/2016:15:24:59 -0300] "GET /cormun/servlet/prfichaempleado?d92c16449b06dc8acc1752d2c3a1f439380055c0f34c43b81372e3cfaa20f1621bedcdbf2e00dcf4b63a1cfd8b620da1f9ed97b82454f799aa370b7c50449138,gx-no-cache=1456424775474 HTTP/1.1" 200 466
186.103.248.189 - - [25/Feb/2016:15:25:01 -0300] "GET /cormun/servlet/prfichaempleado?d92c16449b06dc8acc1752d2c3a1f439350f039d8a0d1a00956409e8378664a1198a4caafb974ed25894a062223c835b6850388ad9447900838af839dc45b57b,gx-no-cache=1456424777757 HTTP/1.1" 200 463
186.103.248.189 - - [25/Feb/2016:15:25:03 -0300] "POST /cormun/servlet/prfichaempleado?9dfc14a2b70d08fed776ddf6d491f6e7,,MD,,gxPopupLevel%3D0%3B,gx-no-cache=1456424779126 HTTP/1.1" 200 3573
186.103.159.189 - - [25/Feb/2016:15:25:04 -0300] "GET /cormun/servlet/solicitudotadjuntos?6c3962ba5e47d579f8c9383000d84d897d6525bae85d142f24d66a7b19201761,gx-no-cache=1456424733384 HTTP/1.1" 200 30
186.103.159.189 - - [25/Feb/2016:15:25:04 -0300] "GET /cormun/servlet/solicitudotadjuntos?6c3962ba5e47d579f8c9383000d84d897d6525bae85d142f24d66a7b19201761,gx-no-cache=1456424733425 HTTP/1.1" 200 30
186.103.159.189 - - [25/Feb/2016:15:25:06 -0300] "POST /cormun/servlet/solicitudotadjuntos?4a30b5dbfdbb7919e110ceeb66a28a88,INS,2016,152,,1, HTTP/1.1" 200 116
186.103.159.189 - - [25/Feb/2016:15:25:06 -0300] "GET /cormun/servlet/hpexe_return? HTTP/1.1" 200 1024
186.103.159.189 - - [25/Feb/2016:15:25:06 -0300] "GET /cormun/servlet/trsolicitudadjuntos?2016,152, HTTP/1.1" 200 7946
186.103.159.189 - - [25/Feb/2016:15:25:09 -0300] "GET /cormun/servlet/trsolicitudadjuntos?2016,152, HTTP/1.1" 200 7944
186.103.248.189 - - [25/Feb/2016:15:25:24 -0300] "GET /cormun/servlet/prlicenciaspermisos?18376935,L,,MD,,gxPopupLevel%3D0%3B HTTP/1.1" 200 5558
186.103.248.189 - - [25/Feb/2016:15:25:41 -0300] "POST /cormun/servlet/solicitudot?gx-no-cache=1456424817489 HTTP/1.1" 200 1261
186.103.248.189 - - [25/Feb/2016:15:25:50 -0300] "POST /cormun/servlet/solicitudot?gx-no-cache=1456424826304 HTTP/1.1" 200 120
186.103.248.189 - - [25/Feb/2016:15:25:53 -0300] "POST /cormun/servlet/solicitudot?gx-no-cache=1456424829245 HTTP/1.1" 200 30
186.103.248.189 - - [25/Feb/2016:15:25:55 -0300] "POST /cormun/servlet/solicitudot?gx-no-cache=1456424831782 HTTP/1.1" 200 120
186.103.159.230 - - [25/Feb/2016:15:25:59 -0300] "POST /cormun/servlet/prlicenciaspermisos?ba9242ff25665f381b51225e1fdb3d91,0,L,,MD,,gxPopupLevel%3D0%3B,gx-no-cache=1456424785287 HTTP/1.1" 200 2481
186.103.248.189 - - [25/Feb/2016:15:25:59 -0300] "POST /cormun/servlet/solicitudot?gx-no-cache=1456424835492 HTTP/1.1" 200 120
186.103.159.230 - - [25/Feb/2016:15:25:59 -0300] "POST /cormun/servlet/prlicenciaspermisos?ba9242ff25665f381b51225e1fdb3d91,0,L,,MD,,gxPopupLevel%3D0%3B,gx-no-cache=1456424785529 HTTP/1.1" 200 2481
186.103.159.230 - - [25/Feb/2016:15:25:59 -0300] "POST /cormun/servlet/prlicenciaspermisos?ba9242ff25665f381b51225e1fdb3d91,0,L,,MD,,gxPopupLevel%3D0%3B,gx-no-cache=1456424785701 HTTP/1.1" 200 2481
186.103.159.230 - - [25/Feb/2016:15:26:01 -0300] "POST /cormun/servlet/prlicenciaspermisos?ba9242ff25665f381b51225e1fdb3d91,0,L,,MD,,gxPopupLevel%3D0%3B,gx-no-cache=1456424787424 HTTP/1.1" 200 2481
186.103.248.189 - - [25/Feb/2016:15:26:01 -0300] "POST /cormun/servlet/solicitudot?gx-no-cache=1456424838053 HTTP/1.1" 200 30
186.103.248.189 - - [25/Feb/2016:15:26:04 -0300] "POST /cormun/servlet/solicitudot?gx-no-cache=1456424840408 HTTP/1.1" 200 120
186.103.248.189 - - [25/Feb/2016:15:26:06 -0300] "POST /cormun/servlet/solicitudot?gx-no-cache=1456424842919 HTTP/1.1" 200 30
186.103.159.230 - - [25/Feb/2016:15:26:27 -0300] "POST /cormun/servlet/prlicenciaspermisos?ba9242ff25665f381b51225e1fdb3d91,0,L,,MD,,gxPopupLevel%3D0%3B,gx-no-cache=1456424813984 HTTP/1.1" 200 2481
186.103.248.189 - - [25/Feb/2016:15:26:29 -0300] "POST /cormun/servlet/solicitudot?gx-no-cache=1456424866065 HTTP/1.1" 200 30
186.103.248.189 - - [25/Feb/2016:15:26:30 -0300] "POST /cormun/servlet/solicitudot?gx-no-cache=1456424866231 HTTP/1.1" 200 1261
186.103.248.189 - - [25/Feb/2016:15:26:30 -0300] "GET /cormun/servlet/solicitudot?afdb08fb819eedf911a33ebefc206d7738ac532684149ffaa146c0b52bf0fe207d9c0aca8a8bb19aa85a043d2f89ff0b97005ad471dc3a62c6143a1ef428f8ca6277736c6a8b1715e621325c108192a1ee21d9c527ea50ed0e067906750366dcc4a7b07c9d5b789f8e720183b88eb2169c98f491ddb9352f92465327d756fc63bda6af7a736d86c5e3eb53bc54cdaf3befac1c4b17f465b57dc8bbee42c1deb9,gx-no-cache=1456424866508 HTTP/1.1" 200 38
186.103.248.189 - - [25/Feb/2016:15:26:32 -0300] "GET /cormun/static/menuarrow.gif HTTP/1.1" 404 1015
186.103.159.230 - - [25/Feb/2016:15:26:32 -0300] "POST /cormun/servlet/solicitudot?gx-no-cache=1456424819207 HTTP/1.1" 200 1153
186.103.248.189 - - [25/Feb/2016:15:26:56 -0300] "POST /cormun/servlet/solicitudot?gx-no-cache=1456424892629 HTTP/1.1" 200 30
186.103.248.189 - - [25/Feb/2016:15:26:56 -0300] "POST /cormun/servlet/solicitudot?gx-no-cache=1456424892771 HTTP/1.1" 200 1261
186.103.248.189 - - [25/Feb/2016:15:26:56 -0300] "GET /cormun/servlet/solicitudot?afdb08fb819eedf911a33ebefc206d7738ac532684149ffaa146c0b52bf0fe207d9c0aca8a8bb19aa85a043d2f89ff0b97005ad471dc3a62c6143a1ef428f8ca6277736c6a8b1715e621325c108192a1ee21d9c527ea50ed0e067906750366dcc4a7b07c9d5b789f8e720183b88eb2169c98f491ddb9352f92465327d756fc63bda6af7a736d86c5e3eb53bc54cdaf3befac1c4b17f465b57dc8bbee42c1deb9,gx-no-cache=1456424893002 HTTP/1.1" 200 38
186.103.248.189 - - [25/Feb/2016:15:26:59 -0300] "POST /cormun/servlet/solicitudot?gx-no-cache=1456424895934 HTTP/1.1" 200 30
186.103.248.189 - - [25/Feb/2016:15:27:00 -0300] "POST /cormun/servlet/solicitudot?gx-no-cache=1456424896092 HTTP/1.1" 200 1261
186.103.248.189 - - [25/Feb/2016:15:27:00 -0300] "GET /cormun/servlet/solicitudot?afdb08fb819eedf911a33ebefc206d7738ac532684149ffaa146c0b52bf0fe207d9c0aca8a8bb19aa85a043d2f89ff0b97005ad471dc3a62c6143a1ef428f8ca6277736c6a8b1715e621325c108192a1ee21d9c527ea50ed0e067906750366dcc4a7b07c9d5b789f8e720183b88eb2169c98f491ddb9352f92465327d756fc63bda6af7a736d86c5e3eb53bc54cdaf3befac1c4b17f465b57dc8bbee42c1deb9,gx-no-cache=1456424896381 HTTP/1.1" 200 38
186.103.159.189 - - [25/Feb/2016:15:27:06 -0300] "GET /cormun/servlet/solicitudotadjuntos?INS,2016,152,,2, HTTP/1.1" 200 5407
186.103.159.189 - - [25/Feb/2016:15:27:06 -0300] "GET /cormun/static/about:blank HTTP/1.1" 404 1011
186.103.159.189 - - [25/Feb/2016:15:27:08 -0300] "GET /cormun/servlet/solicitudotadjuntos?INS,2016,152,,2, HTTP/1.1" 200 5401
186.103.159.189 - - [25/Feb/2016:15:27:09 -0300] "GET /cormun/servlet/solicitudotadjuntos?6c3962ba5e47d579f8c9383000d84d8955d4bc9b217017ed839849944fa9378ce40675876b711140c8395e85e2b91b96,gx-no-cache=1456424858414 HTTP/1.1" 200 30
186.103.159.189 - - [25/Feb/2016:15:27:09 -0300] "POST /cormun/servlet/solicitudotadjuntos?4a30b5dbfdbb7919e110ceeb66a28a88,INS,2016,152,,2,,gx-no-cache=1456424858536 HTTP/1.1" 200 3460
186.103.159.189 - - [25/Feb/2016:15:27:14 -0300] "POST /cormun/servlet/solicitudotadjuntos?gx-no-cache=1456424863849 HTTP/1.1" 200 26
186.103.159.189 - - [25/Feb/2016:15:27:32 -0300] "GET /cormun/servlet/solicitudotadjuntos?6c3962ba5e47d579f8c9383000d84d897d6525bae85d142f24d66a7b19201761,gx-no-cache=1456424881252 HTTP/1.1" 200 30
186.103.159.189 - - [25/Feb/2016:15:27:32 -0300] "GET /cormun/servlet/solicitudotadjuntos?6c3962ba5e47d579f8c9383000d84d897d6525bae85d142f24d66a7b19201761,gx-no-cache=1456424881288 HTTP/1.1" 200 30
186.103.159.189 - - [25/Feb/2016:15:27:32 -0300] "POST /cormun/servlet/solicitudotadjuntos?4a30b5dbfdbb7919e110ceeb66a28a88,INS,2016,152,,2, HTTP/1.1" 200 116
186.103.159.189 - - [25/Feb/2016:15:27:33 -0300] "GET /cormun/servlet/hpexe_return? HTTP/1.1" 200 1024
186.103.159.189 - - [25/Feb/2016:15:27:33 -0300] "GET /cormun/servlet/trsolicitudadjuntos?2016,152, HTTP/1.1" 200 8154
186.103.159.189 - - [25/Feb/2016:15:27:36 -0300] "GET /cormun/servlet/trsolicitudadjuntos?2016,152, HTTP/1.1" 200 8152
186.103.248.189 - - [25/Feb/2016:15:27:39 -0300] "GET /cormun/servlet/solicitudot?afdb08fb819eedf911a33ebefc206d778bac49fbd5f9d314bd08f9a914f4a43f46d6904a073cb36290a58c4af1b844b8a6ec8fe7a54a11fe696c9bd9be875f739b9c0291817b7086fc2a0379018307faef20889c501023e865dfc7c47e97569dca221d0744c9855024306e31391b1717290c57d092082ec0a4b9bac9f6edbd44d482ad577faabd7696d811e9c6549d492e5b6e88ec8803884f31c17ae7ce1eaf9108fa16766fc44f1cdf8a5203e0347126839168d9002440812e305bc18d763c,gx-no-cache=1456424935797 HTTP/1.1" 200 30
186.103.248.189 - - [25/Feb/2016:15:27:49 -0300] "POST /cormun/servlet/solicitudot?9dfc14a2b70d08fed776ddf6d491f6e7,INS,0,0,,gx-no-cache=1456424945497 HTTP/1.1" 200 10433
186.103.159.189 - - [25/Feb/2016:15:29:03 -0300] "GET /cormun/servlet/solicitudotadjuntos?INS,2016,152,,2, HTTP/1.1" 200 5407
186.103.159.189 - - [25/Feb/2016:15:29:07 -0300] "GET /cormun/servlet/solicitudotadjuntos?INS,2016,152,,2, HTTP/1.1" 200 5401
186.103.159.189 - - [25/Feb/2016:15:29:07 -0300] "GET /cormun/servlet/solicitudotadjuntos?6c3962ba5e47d579f8c9383000d84d8955d4bc9b217017ed839849944fa9378ce40675876b711140c8395e85e2b91b96,gx-no-cache=1456424976790 HTTP/1.1" 200 30
186.103.159.189 - - [25/Feb/2016:15:29:07 -0300] "POST /cormun/servlet/solicitudotadjuntos?4a30b5dbfdbb7919e110ceeb66a28a88,INS,2016,152,,2,,gx-no-cache=1456424976919 HTTP/1.1" 200 3460
186.103.159.230 - - [25/Feb/2016:15:29:52 -0300] "POST /cormun/servlet/solicitudot?gx-no-cache=1456425018313 HTTP/1.1" 200 122
186.103.159.230 - - [25/Feb/2016:15:31:26 -0300] "POST /cormun/servlet/solicitudot?gx-no-cache=1456425110192 HTTP/1.1" 200 30
186.103.159.189 - - [25/Feb/2016:15:31:54 -0300] "POST /cormun/servlet/solicitudotadjuntos?4a30b5dbfdbb7919e110ceeb66a28a88,INS,2016,152,,2,,gx-no-cache=1456425143289 HTTP/1.1" 200 93
186.103.159.189 - - [25/Feb/2016:15:31:54 -0300] "GET /cormun/servlet/hpexe_return? HTTP/1.1" 200 1024
186.103.159.189 - - [25/Feb/2016:15:31:55 -0300] "GET /cormun/servlet/trsolicitudadjuntos?2016,152, HTTP/1.1" 200 8156
186.103.159.189 - - [25/Feb/2016:15:31:57 -0300] "GET /cormun/servlet/trsolicitudadjuntos?2016,152, HTTP/1.1" 200 8149
186.103.159.189 - - [25/Feb/2016:15:32:03 -0300] "GET /cormun/servlet/solicitudotadjuntos?INS,2016,152,,2, HTTP/1.1" 200 5407
186.103.159.189 - - [25/Feb/2016:15:32:05 -0300] "GET /cormun/servlet/solicitudotadjuntos?INS,2016,152,,2, HTTP/1.1" 200 5400
186.103.159.189 - - [25/Feb/2016:15:32:06 -0300] "GET /cormun/servlet/solicitudotadjuntos?6c3962ba5e47d579f8c9383000d84d8955d4bc9b217017ed839849944fa9378ce40675876b711140c8395e85e2b91b96,gx-no-cache=1456425155503 HTTP/1.1" 200 30
186.103.159.189 - - [25/Feb/2016:15:32:06 -0300] "POST /cormun/servlet/solicitudotadjuntos?4a30b5dbfdbb7919e110ceeb66a28a88,INS,2016,152,,2,,gx-no-cache=1456425155588 HTTP/1.1" 200 3461
186.103.159.189 - - [25/Feb/2016:15:32:08 -0300] "GET /cormun/servlet/trsolicitudadjuntos?2016,152, HTTP/1.1" 200 8154
186.103.159.189 - - [25/Feb/2016:15:32:10 -0300] "GET /cormun/servlet/trsolicitudadjuntos?2016,152, HTTP/1.1" 200 8154
186.103.159.230 - - [25/Feb/2016:15:32:10 -0300] "GET /cormun/servlet/prfichaempleado?,MD,,gxPopupLevel%3D0%3B HTTP/1.1" 200 7886
186.103.159.230 - - [25/Feb/2016:15:32:10 -0300] "GET /cormun/static/scaMessage/css/jquery-ui.css?104140 HTTP/1.1" 404 1045
186.103.159.189 - - [25/Feb/2016:15:32:11 -0300] "GET /cormun/servlet/solicitudotadjuntos?INS,2016,152,,1, HTTP/1.1" 200 5407
186.103.159.189 - - [25/Feb/2016:15:32:13 -0300] "GET /cormun/servlet/solicitudotadjuntos?INS,2016,152,,1, HTTP/1.1" 200 5401
186.103.159.189 - - [25/Feb/2016:15:32:14 -0300] "GET /cormun/servlet/solicitudotadjuntos?6c3962ba5e47d579f8c9383000d84d8955d4bc9b217017ed839849944fa9378ce40675876b711140c8395e85e2b91b96,gx-no-cache=1456425163223 HTTP/1.1" 200 30
186.103.159.189 - - [25/Feb/2016:15:32:14 -0300] "POST /cormun/servlet/solicitudotadjuntos?4a30b5dbfdbb7919e110ceeb66a28a88,INS,2016,152,,1,,gx-no-cache=1456425163295 HTTP/1.1" 200 3316
186.103.159.189 - - [25/Feb/2016:15:32:15 -0300] "GET /cormun/servlet/trsolicitudadjuntos?2016,152, HTTP/1.1" 200 8156
186.103.159.189 - - [25/Feb/2016:15:32:17 -0300] "GET /cormun/servlet/trsolicitudadjuntos?2016,152, HTTP/1.1" 200 8152
186.103.159.189 - - [25/Feb/2016:15:32:19 -0300] "GET /cormun/servlet/solicitudotadjuntos?INS,2016,152,,2, HTTP/1.1" 200 5406
186.103.159.230 - - [25/Feb/2016:15:32:20 -0300] "GET /cormun/servlet/prfichaempleado?205e58fe46a615b6083d8ce16c7f622834fe97a4f1e0af95160341872aab98b26d9d9866ce354ee94cea84012b5b1657865e74d0e4c141405a80a5ac339b90b8,gx-no-cache=1456425166597 HTTP/1.1" 200 460
186.103.159.189 - - [25/Feb/2016:15:32:20 -0300] "GET /cormun/servlet/trsolicitudadjuntos?2016,152, HTTP/1.1" 200 8152
186.103.159.230 - - [25/Feb/2016:15:32:20 -0300] "GET /cormun/servlet/prfichaempleado?205e58fe46a615b6083d8ce16c7f6228bc8f129b18cc9a486ffccd0b1c67a157eeea2338ccc1a8196b28a01c9281cd9f7c7ec8e905ed721289534349e76e2d19,gx-no-cache=1456425167198 HTTP/1.1" 200 461
186.103.159.230 - - [25/Feb/2016:15:32:22 -0300] "GET /cormun/servlet/prfichaempleado?205e58fe46a615b6083d8ce16c7f62280c4fe6f16f9a989f6d77cde5f9388e1c8f6bd6adcd2365a69446c529929f2a9ba7b6a3609857ea5e13ff5b29a107af46b6903425fcbd2ab999f6f84789f46241,gx-no-cache=1456425168248 HTTP/1.1" 200 466
186.103.159.189 - - [25/Feb/2016:15:32:22 -0300] "GET /cormun/servlet/trsolicitudadjuntos?2016,152, HTTP/1.1" 200 8149
186.103.159.189 - - [25/Feb/2016:15:32:25 -0300] "GET /cormun/servlet/solicitudotadjuntos?INS,2016,152,,1, HTTP/1.1" 200 5407
186.103.159.189 - - [25/Feb/2016:15:32:26 -0300] "GET /cormun/servlet/solicitudotadjuntos?INS,2016,152,,1, HTTP/1.1" 200 5401
186.103.159.189 - - [25/Feb/2016:15:32:27 -0300] "GET /cormun/servlet/solicitudotadjuntos?6c3962ba5e47d579f8c9383000d84d8955d4bc9b217017ed839849944fa9378ce40675876b711140c8395e85e2b91b96,gx-no-cache=1456425176596 HTTP/1.1" 200 30
186.103.159.189 - - [25/Feb/2016:15:32:27 -0300] "POST /cormun/servlet/solicitudotadjuntos?4a30b5dbfdbb7919e110ceeb66a28a88,INS,2016,152,,1,,gx-no-cache=1456425176680 HTTP/1.1" 200 3316
186.103.159.230 - - [25/Feb/2016:15:32:32 -0300] "GET /cormun/servlet/prfichaempleado?205e58fe46a615b6083d8ce16c7f62280c4fe6f16f9a989f6d77cde5f9388e1c66c0ce17e5dcfc6bd6ebd3ea1e6d0af79c11a4da74d2d920deae1b605a8f9dd136b11a0154a3cc8385398f5c62dc4f35,gx-no-cache=1456425178954 HTTP/1.1" 200 467
186.103.159.230 - - [25/Feb/2016:15:32:33 -0300] "GET /cormun/servlet/prfichaempleado?205e58fe46a615b6083d8ce16c7f62280c4fe6f16f9a989f6d77cde5f9388e1c7989fb7baef178c4458c61da7cfbdb0f7ea8eedc5785c6af1959b01708e7e5c1d42b844c39e54508b8f4015e96445b85,gx-no-cache=1456425179558 HTTP/1.1" 200 462
186.103.159.230 - - [25/Feb/2016:15:32:34 -0300] "GET /cormun/servlet/prfichaempleado?205e58fe46a615b6083d8ce16c7f62280c4fe6f16f9a989f6d77cde5f9388e1c31281479b2430129d19d0064a6ac50ff83475216395486e81620cca162ea013eb29c3621cad0a36312e13f6ca8ca73be,gx-no-cache=1456425180447 HTTP/1.1" 200 464
186.103.159.230 - - [25/Feb/2016:15:32:35 -0300] "GET /cormun/servlet/prfichaempleado?205e58fe46a615b6083d8ce16c7f62280c4fe6f16f9a989f6d77cde5f9388e1c24d6eadf5b7418e141c8310f201dc95c84a77d082aac69b7faf5acdf142ff37b6d977ff6fb5e6ef22bea4cd177983998,gx-no-cache=1456425181355 HTTP/1.1" 200 465
186.103.159.230 - - [25/Feb/2016:15:32:37 -0300] "POST /cormun/servlet/prfichaempleado?ba9242ff25665f381b51225e1fdb3d91,,MD,,gxPopupLevel%3D0%3B,gx-no-cache=1456425183235 HTTP/1.1" 200 2679
186.103.159.230 - - [25/Feb/2016:15:32:44 -0300] "POST /cormun/servlet/prfichaempleado?ba9242ff25665f381b51225e1fdb3d91,,MD,,gxPopupLevel%3D0%3B,gx-no-cache=1456425190655 HTTP/1.1" 200 2947
186.103.159.189 - - [25/Feb/2016:15:32:49 -0300] "GET /cormun/servlet/trsolicitudadjuntos?2016,152, HTTP/1.1" 200 8153
186.103.159.189 - - [25/Feb/2016:15:32:51 -0300] "GET /cormun/servlet/trsolicitudadjuntos?2016,152, HTTP/1.1" 200 8153
186.103.159.189 - - [25/Feb/2016:15:32:53 -0300] "GET /cormun/servlet/solicitudotadjuntos?INS,2016,152,,1, HTTP/1.1" 200 5407
186.103.159.189 - - [25/Feb/2016:15:32:55 -0300] "GET /cormun/servlet/solicitudotadjuntos?INS,2016,152,,1, HTTP/1.1" 200 5401
186.103.159.189 - - [25/Feb/2016:15:32:55 -0300] "GET /cormun/servlet/solicitudotadjuntos?6c3962ba5e47d579f8c9383000d84d8955d4bc9b217017ed839849944fa9378ce40675876b711140c8395e85e2b91b96,gx-no-cache=1456425205040 HTTP/1.1" 200 30
186.103.159.189 - - [25/Feb/2016:15:32:56 -0300] "POST /cormun/servlet/solicitudotadjuntos?4a30b5dbfdbb7919e110ceeb66a28a88,INS,2016,152,,1,,gx-no-cache=1456425205162 HTTP/1.1" 200 3316
186.103.159.189 - - [25/Feb/2016:15:32:57 -0300] "GET /cormun/servlet/trsolicitudadjuntos?2016,152, HTTP/1.1" 200 8152
186.103.159.189 - - [25/Feb/2016:15:32:58 -0300] "GET /cormun/servlet/trsolicitudadjuntos?2016,152, HTTP/1.1" 200 8152
186.103.159.230 - - [25/Feb/2016:15:33:01 -0300] "POST /cormun/servlet/solicitudot?gx-no-cache=1456425207941 HTTP/1.1" 200 1260
186.103.159.189 - - [25/Feb/2016:15:33:02 -0300] "GET /cormun/servlet/solicitudotadjuntos?INS,2016,152,,1, HTTP/1.1" 200 5407
186.103.159.189 - - [25/Feb/2016:15:33:04 -0300] "GET /cormun/servlet/solicitudotadjuntos?INS,2016,152,,1, HTTP/1.1" 200 5401
186.103.159.189 - - [25/Feb/2016:15:33:04 -0300] "GET /cormun/servlet/solicitudotadjuntos?6c3962ba5e47d579f8c9383000d84d8955d4bc9b217017ed839849944fa9378ce40675876b711140c8395e85e2b91b96,gx-no-cache=1456425213707 HTTP/1.1" 200 30
186.103.159.189 - - [25/Feb/2016:15:33:04 -0300] "POST /cormun/servlet/solicitudotadjuntos?4a30b5dbfdbb7919e110ceeb66a28a88,INS,2016,152,,1,,gx-no-cache=1456425213801 HTTP/1.1" 200 3316
186.103.159.189 - - [25/Feb/2016:15:33:06 -0300] "GET /cormun/servlet/trsolicitudadjuntos?2016,152, HTTP/1.1" 200 8154
186.103.159.189 - - [25/Feb/2016:15:33:08 -0300] "GET /cormun/servlet/trsolicitudadjuntos?2016,152, HTTP/1.1" 200 8151
186.103.159.189 - - [25/Feb/2016:15:33:11 -0300] "GET /cormun/servlet/solicitudotadjuntos?INS,2016,152,,1, HTTP/1.1" 200 5408
186.103.159.189 - - [25/Feb/2016:15:33:13 -0300] "GET /cormun/servlet/solicitudotadjuntos?6c3962ba5e47d579f8c9383000d84d8955d4bc9b217017ed839849944fa9378ce40675876b711140c8395e85e2b91b96,gx-no-cache=1456425222563 HTTP/1.1" 200 30
186.103.159.189 - - [25/Feb/2016:15:33:13 -0300] "POST /cormun/servlet/solicitudotadjuntos?4a30b5dbfdbb7919e110ceeb66a28a88,INS,2016,152,,1,,gx-no-cache=1456425222661 HTTP/1.1" 200 3317
186.103.159.189 - - [25/Feb/2016:15:33:13 -0300] "GET /cormun/servlet/solicitudotadjuntos?INS,2016,152,,1, HTTP/1.1" 200 5402
186.103.159.189 - - [25/Feb/2016:15:33:16 -0300] "GET /cormun/servlet/trsolicitudadjuntos?2016,152, HTTP/1.1" 200 8154
186.103.159.189 - - [25/Feb/2016:15:33:18 -0300] "GET /cormun/servlet/trsolicitudadjuntos?2016,152, HTTP/1.1" 200 8151
186.103.159.189 - - [25/Feb/2016:15:33:20 -0300] "GET /cormun/servlet/solicitudotadjuntos?INS,2016,152,,1, HTTP/1.1" 200 5408
186.103.159.189 - - [25/Feb/2016:15:33:22 -0300] "GET /cormun/servlet/solicitudotadjuntos?INS,2016,152,,1, HTTP/1.1" 200 5402
186.103.159.189 - - [25/Feb/2016:15:33:23 -0300] "GET /cormun/servlet/solicitudotadjuntos?6c3962ba5e47d579f8c9383000d84d8955d4bc9b217017ed839849944fa9378ce40675876b711140c8395e85e2b91b96,gx-no-cache=1456425232244 HTTP/1.1" 200 30
186.103.159.189 - - [25/Feb/2016:15:33:23 -0300] "POST /cormun/servlet/solicitudotadjuntos?4a30b5dbfdbb7919e110ceeb66a28a88,INS,2016,152,,1,,gx-no-cache=1456425232311 HTTP/1.1" 200 3317
186.103.159.230 - - [25/Feb/2016:15:33:27 -0300] "GET /cormun/servlet/prlicenciaspermisos?13947428,L,,MD,,gxPopupLevel%3D0%3B HTTP/1.1" 200 5258
186.103.159.189 - - [25/Feb/2016:15:33:28 -0300] "GET /cormun/servlet/trsolicitudadjuntos?2016,152, HTTP/1.1" 200 8151
186.103.159.189 - - [25/Feb/2016:15:33:31 -0300] "GET /cormun/servlet/trsolicitudadjuntos?2016,152, HTTP/1.1" 200 8151
186.103.159.189 - - [25/Feb/2016:15:33:38 -0300] "GET /cormun/servlet/trsolicitudot? HTTP/1.1" 200 7679
186.103.159.189 - - [25/Feb/2016:15:33:40 -0300] "GET /cormun/servlet/trsolicitudot? HTTP/1.1" 200 7673
186.103.159.230 - - [25/Feb/2016:15:33:48 -0300] "GET /cormun/static/menuarrow.gif HTTP/1.1" 404 1015
186.103.159.189 - - [25/Feb/2016:15:34:27 -0300] "POST /cormun/servlet/trsolicitudot?4a30b5dbfdbb7919e110ceeb66a28a88,,gx-no-cache=1456425295947 HTTP/1.1" 200 5132
186.103.159.189 - - [25/Feb/2016:15:34:27 -0300] "POST /cormun/servlet/trsolicitudot?4a30b5dbfdbb7919e110ceeb66a28a88,,gx-no-cache=1456425296528 HTTP/1.1" 200 5133
186.103.159.189 - - [25/Feb/2016:15:34:28 -0300] "POST /cormun/servlet/trsolicitudot?4a30b5dbfdbb7919e110ceeb66a28a88,,gx-no-cache=1456425296983 HTTP/1.1" 200 5132
186.103.159.189 - - [25/Feb/2016:15:34:28 -0300] "POST /cormun/servlet/trsolicitudot?4a30b5dbfdbb7919e110ceeb66a28a88,,gx-no-cache=1456425297520 HTTP/1.1" 200 5132
186.103.159.189 - - [25/Feb/2016:15:34:29 -0300] "POST /cormun/servlet/trsolicitudot?4a30b5dbfdbb7919e110ceeb66a28a88,,gx-no-cache=1456425297997 HTTP/1.1" 200 5132
186.103.159.189 - - [25/Feb/2016:15:34:29 -0300] "POST /cormun/servlet/trsolicitudot?4a30b5dbfdbb7919e110ceeb66a28a88,,gx-no-cache=1456425298572 HTTP/1.1" 200 5133
186.103.159.189 - - [25/Feb/2016:15:34:30 -0300] "POST /cormun/servlet/trsolicitudot?4a30b5dbfdbb7919e110ceeb66a28a88,,gx-no-cache=1456425299151 HTTP/1.1" 200 5132
186.103.159.189 - - [25/Feb/2016:15:34:30 -0300] "POST /cormun/servlet/trsolicitudot?4a30b5dbfdbb7919e110ceeb66a28a88,,gx-no-cache=1456425299758 HTTP/1.1" 200 105
186.103.159.189 - - [25/Feb/2016:15:34:31 -0300] "GET /cormun/servlet/trsolicitudadjuntos?2016,152, HTTP/1.1" 200 8148
186.103.159.189 - - [25/Feb/2016:15:34:34 -0300] "GET /cormun/servlet/trsolicitudadjuntos?2016,152, HTTP/1.1" 200 8152
192.168.10.52 - - [25/Feb/2016:15:34:41 -0300] "GET /cormun/servlet/hlogin HTTP/1.1" 200 1718
192.168.10.52 - - [25/Feb/2016:15:34:41 -0300] "GET /cormun/static/gxtimezone.js?85251 HTTP/1.1" 200 5781
192.168.10.52 - - [25/Feb/2016:15:34:41 -0300] "GET /cormun/static/Resources/Spanish/PXTools.css?005343 HTTP/1.1" 200 89042
192.168.10.52 - - [25/Feb/2016:15:34:41 -0300] "GET /cormun/static/gxcfg.js?20151120045111 HTTP/1.1" 200 953
192.168.10.52 - - [25/Feb/2016:15:34:41 -0300] "GET /cormun/static/hlogin.js?20151120045126 HTTP/1.1" 200 2136
192.168.10.52 - - [25/Feb/2016:15:34:41 -0300] "GET /cormun/static/Resources/ComunLogin.png HTTP/1.1" 200 17326
192.168.10.52 - - [25/Feb/2016:15:34:41 -0300] "GET /cormun/static/messages.spa.js?85251 HTTP/1.1" 200 30736
192.168.10.52 - - [25/Feb/2016:15:34:41 -0300] "GET /cormun/static/gxgral.js?85251 HTTP/1.1" 200 384558
192.168.10.52 - - [25/Feb/2016:15:34:41 -0300] "GET /cormun/static/Resources/indicator.gif HTTP/1.1" 200 1553
192.168.10.52 - - [25/Feb/2016:15:34:41 -0300] "GET /cormun/servlet/hlogin HTTP/1.1" 200 1729
192.168.10.52 - - [25/Feb/2016:15:34:41 -0300] "GET /cormun/static/Resources/PXToolsLoginBackground.png HTTP/1.1" 200 1164
192.168.10.52 - - [25/Feb/2016:15:34:41 -0300] "GET /cormun/static/Resources/PXToolsButtonLeft21.png HTTP/1.1" 200 1287
192.168.10.52 - - [25/Feb/2016:15:34:41 -0300] "GET /cormun/static/Resources/PXToolsButtonRight21.png HTTP/1.1" 200 1283
192.168.10.52 - - [25/Feb/2016:15:34:41 -0300] "GET /cormun/static/Resources/PXToolsButtonBackground2.png HTTP/1.1" 200 1181
192.168.10.52 - - [25/Feb/2016:15:34:41 -0300] "GET /cormun/static/Resources/PXToolsLoginBottom.png HTTP/1.1" 200 1389
192.168.10.52 - - [25/Feb/2016:15:34:41 -0300] "GET /cormun/static/Resources/PXToolsLoginTop.png HTTP/1.1" 200 1337
192.168.10.52 - - [25/Feb/2016:15:34:41 -0300] "GET /cormun/static/Resources/PXToolsLoginTop.png HTTP/1.1" 200 1337
192.168.10.52 - - [25/Feb/2016:15:34:41 -0300] "GET /cormun/static/Resources/PXToolsButtonLeft21.png HTTP/1.1" 200 1287
192.168.10.52 - - [25/Feb/2016:15:34:41 -0300] "GET /cormun/static/Resources/PXToolsButtonBackground2.png HTTP/1.1" 200 1181
192.168.10.52 - - [25/Feb/2016:15:34:41 -0300] "GET /cormun/static/Resources/PXToolsButtonRight21.png HTTP/1.1" 200 1283
192.168.10.52 - - [25/Feb/2016:15:34:41 -0300] "GET /cormun/static/Resources/PXToolsLoginBottom.png HTTP/1.1" 200 1389
192.168.10.52 - - [25/Feb/2016:15:34:42 -0300] "GET /favicon.ico HTTP/1.1" 200 21630
186.103.159.189 - - [25/Feb/2016:15:35:01 -0300] "GET /cormun/servlet/trsolicitudot? HTTP/1.1" 200 7679
186.103.159.189 - - [25/Feb/2016:15:35:04 -0300] "GET /cormun/servlet/trsolicitudot? HTTP/1.1" 200 7673
186.103.248.189 - - [25/Feb/2016:15:35:14 -0300] "POST /cormun/servlet/solicitudot?gx-no-cache=1456425390131 HTTP/1.1" 200 30
186.103.159.230 - - [25/Feb/2016:15:35:23 -0300] "POST /cormun/servlet/solicitudot?gx-no-cache=1456425346278 HTTP/1.1" 200 1260
186.103.159.189 - - [25/Feb/2016:15:35:53 -0300] "POST /cormun/servlet/trsolicitudot?4a30b5dbfdbb7919e110ceeb66a28a88,,gx-no-cache=1456425382032 HTTP/1.1" 200 5132
186.103.159.189 - - [25/Feb/2016:15:35:54 -0300] "POST /cormun/servlet/trsolicitudot?4a30b5dbfdbb7919e110ceeb66a28a88,,gx-no-cache=1456425382824 HTTP/1.1" 200 5131
186.103.159.189 - - [25/Feb/2016:15:35:54 -0300] "POST /cormun/servlet/trsolicitudot?4a30b5dbfdbb7919e110ceeb66a28a88,,gx-no-cache=1456425383646 HTTP/1.1" 200 5132
186.103.159.189 - - [25/Feb/2016:15:35:54 -0300] "POST /cormun/servlet/trsolicitudot?4a30b5dbfdbb7919e110ceeb66a28a88,,gx-no-cache=1456425384012 HTTP/1.1" 200 5132
186.103.159.189 - - [25/Feb/2016:15:35:55 -0300] "POST /cormun/servlet/trsolicitudot?4a30b5dbfdbb7919e110ceeb66a28a88,,gx-no-cache=1456425384385 HTTP/1.1" 200 5133
186.103.159.189 - - [25/Feb/2016:15:35:55 -0300] "POST /cormun/servlet/trsolicitudot?4a30b5dbfdbb7919e110ceeb66a28a88,,gx-no-cache=1456425384803 HTTP/1.1" 200 5131
186.103.159.189 - - [25/Feb/2016:15:35:56 -0300] "POST /cormun/servlet/trsolicitudot?4a30b5dbfdbb7919e110ceeb66a28a88,,gx-no-cache=1456425385227 HTTP/1.1" 200 5132
186.103.159.189 - - [25/Feb/2016:15:35:56 -0300] "POST /cormun/servlet/trsolicitudot?4a30b5dbfdbb7919e110ceeb66a28a88,,gx-no-cache=1456425385641 HTTP/1.1" 200 4839
186.103.159.189 - - [25/Feb/2016:15:35:56 -0300] "GET /cormun/static/Shared/jqueryui/images/ui-bg_flat_55_fafafa_40x100.png HTTP/1.1" 404 1097
186.103.159.189 - - [25/Feb/2016:15:35:56 -0300] "GET /cormun/static/Shared/jqueryui/images/ui-icons_8d78a5_256x240.png HTTP/1.1" 404 1089
186.103.159.189 - - [25/Feb/2016:15:35:57 -0300] "POST /cormun/servlet/trsolicitudot?4a30b5dbfdbb7919e110ceeb66a28a88,,gx-no-cache=1456425386331 HTTP/1.1" 200 4782
186.103.159.230 - - [25/Feb/2016:15:36:26 -0300] "POST /cormun/servlet/solicitudot?gx-no-cache=1456425412306 HTTP/1.1" 200 1260
186.103.159.230 - - [25/Feb/2016:15:36:26 -0300] "GET /cormun/servlet/solicitudot?b23fda82496dc6b6a11f0da48461295d5f7fe4015aebce49fcc2cc24e3cbe174550f16ce9781b4e979a679bc5f622ce18da71720c77f40c533b43d2d19abc13a950f7adc43a543500ec66afc56462d370da294ac239aff6e966db80643c5df20a59a28db719482ec343f6f0c795f9b2cdd682e0cb7d17534cd6a37c6ad8a759f901e9b2cf660eea3d0d57639e02101d29aea7cbf61c62cc0a04d2cce0c497d88,gx-no-cache=1456425412949 HTTP/1.1" 200 41
186.103.159.230 - - [25/Feb/2016:15:36:27 -0300] "POST /cormun/servlet/solicitudot?gx-no-cache=1456425413020 HTTP/1.1" 200 1116
186.103.159.230 - - [25/Feb/2016:15:38:20 -0300] "GET /cormun/servlet/prfichaempleado?,MD,,gxPopupLevel%3D0%3B HTTP/1.1" 200 7886
186.103.159.230 - - [25/Feb/2016:15:38:20 -0300] "GET /cormun/static/scaMessage/css/jquery-ui.css?104140 HTTP/1.1" 404 1045
186.103.159.230 - - [25/Feb/2016:15:38:36 -0300] "GET /cormun/servlet/prfichaempleado?205e58fe46a615b6083d8ce16c7f62287ae931e08b4390e3f0cf2ca126681ffe9c26a333d40159d6174336ea210f994b28f9a4cb6ebeec07939d495d7e4c1b64,gx-no-cache=1456425542228 HTTP/1.1" 200 456
186.103.159.230 - - [25/Feb/2016:15:38:36 -0300] "GET /cormun/servlet/prfichaempleado?205e58fe46a615b6083d8ce16c7f6228bc8f129b18cc9a486ffccd0b1c67a157eeea2338ccc1a8196b28a01c9281cd9f309134459ea93df92c7e8f346a895c3f,gx-no-cache=1456425543018 HTTP/1.1" 200 462
186.103.159.230 - - [25/Feb/2016:15:38:37 -0300] "GET /cormun/servlet/prfichaempleado?205e58fe46a615b6083d8ce16c7f62280c4fe6f16f9a989f6d77cde5f9388e1c8f6bd6adcd2365a69446c529929f2a9b7b48d63e0fcfed17ebecd0a2325b73f0639108f47ee9930a5d16ec19613f3876,gx-no-cache=1456425544023 HTTP/1.1" 200 466
186.103.159.230 - - [25/Feb/2016:15:38:41 -0300] "GET /cormun/servlet/prfichaempleado?205e58fe46a615b6083d8ce16c7f62280c4fe6f16f9a989f6d77cde5f9388e1c66c0ce17e5dcfc6bd6ebd3ea1e6d0af79c11a4da74d2d920deae1b605a8f9dd136b11a0154a3cc8385398f5c62dc4f35,gx-no-cache=1456425547485 HTTP/1.1" 200 467
186.103.159.230 - - [25/Feb/2016:15:38:42 -0300] "GET /cormun/servlet/prfichaempleado?205e58fe46a615b6083d8ce16c7f62280c4fe6f16f9a989f6d77cde5f9388e1c31281479b2430129d19d0064a6ac50ff8fcfb8d0514a9234f178bb0bbf62d52854423be201f85451fdc0aaa9f24665ab,gx-no-cache=1456425548331 HTTP/1.1" 200 464
186.103.159.230 - - [25/Feb/2016:15:38:42 -0300] "GET /cormun/servlet/prfichaempleado?205e58fe46a615b6083d8ce16c7f62280c4fe6f16f9a989f6d77cde5f9388e1c24d6eadf5b7418e141c8310f201dc95c84a77d082aac69b7faf5acdf142ff37b6d977ff6fb5e6ef22bea4cd177983998,gx-no-cache=1456425549212 HTTP/1.1" 200 465
186.103.159.230 - - [25/Feb/2016:15:38:44 -0300] "POST /cormun/servlet/prfichaempleado?ba9242ff25665f381b51225e1fdb3d91,,MD,,gxPopupLevel%3D0%3B,gx-no-cache=1456425551095 HTTP/1.1" 200 2947
186.103.159.230 - - [25/Feb/2016:15:39:11 -0300] "POST /cormun/servlet/solicitudot?gx-no-cache=1456425577827 HTTP/1.1" 200 1260
186.103.159.230 - - [25/Feb/2016:15:41:25 -0300] "POST /cormun/servlet/solicitudot?gx-no-cache=1456425711767 HTTP/1.1" 200 30
186.103.159.230 - - [25/Feb/2016:15:41:25 -0300] "POST /cormun/servlet/solicitudot?gx-no-cache=1456425711865 HTTP/1.1" 200 1260
186.103.159.230 - - [25/Feb/2016:15:41:25 -0300] "GET /cormun/servlet/solicitudot?b23fda82496dc6b6a11f0da48461295d5f7fe4015aebce49fcc2cc24e3cbe174550f16ce9781b4e979a679bc5f622ce18da71720c77f40c533b43d2d19abc13a950f7adc43a543500ec66afc56462d370da294ac239aff6e966db80643c5df20a59a28db719482ec343f6f0c795f9b2cdd682e0cb7d17534cd6a37c6ad8a759f901e9b2cf660eea3d0d57639e02101d29aea7cbf61c62cc0a04d2cce0c497d88,gx-no-cache=1456425711987 HTTP/1.1" 200 41
192.168.10.88 - - [25/Feb/2016:15:41:45 -0300] "GET /cormun/servlet/hlogin HTTP/1.1" 200 1701
192.168.10.88 - - [25/Feb/2016:15:41:45 -0300] "GET /cormun/static/Resources/Spanish/PXTools.css?005343 HTTP/1.1" 304 -
192.168.10.88 - - [25/Feb/2016:15:41:45 -0300] "GET /cormun/static/gxtimezone.js?85251 HTTP/1.1" 304 -
192.168.10.88 - - [25/Feb/2016:15:41:46 -0300] "GET /cormun/static/gxgral.js?85251 HTTP/1.1" 304 -
192.168.10.88 - - [25/Feb/2016:15:41:46 -0300] "GET /cormun/static/gxcfg.js?20151120045111 HTTP/1.1" 304 -
192.168.10.88 - - [25/Feb/2016:15:41:46 -0300] "GET /cormun/static/messages.spa.js?85251 HTTP/1.1" 304 -
192.168.10.88 - - [25/Feb/2016:15:41:46 -0300] "GET /cormun/static/hlogin.js?20151120045126 HTTP/1.1" 304 -
192.168.10.88 - - [25/Feb/2016:15:41:47 -0300] "GET /cormun/static/Resources/ComunLogin.png HTTP/1.1" 304 -
192.168.10.88 - - [25/Feb/2016:15:41:47 -0300] "GET /cormun/static/Resources/PXToolsLoginTop.png HTTP/1.1" 304 -
192.168.10.88 - - [25/Feb/2016:15:41:47 -0300] "GET /cormun/static/Resources/PXToolsLoginBackground.png HTTP/1.1" 304 -
192.168.10.88 - - [25/Feb/2016:15:41:47 -0300] "GET /cormun/static/Resources/PXToolsButtonLeft21.png HTTP/1.1" 304 -
192.168.10.88 - - [25/Feb/2016:15:41:47 -0300] "GET /cormun/static/Resources/PXToolsButtonRight21.png HTTP/1.1" 304 -
192.168.10.88 - - [25/Feb/2016:15:41:48 -0300] "GET /cormun/static/Resources/PXToolsButtonBackground2.png HTTP/1.1" 304 -
