191.112.59.125 - - [25/Feb/2016:13:11:10 -0300] "GET /cormun/servlet/solicitudot?INS,0,0, HTTP/1.1" 200 12055
192.168.10.98 - - [25/Feb/2016:13:11:38 -0300] "GET /cormun/servlet/vesolicitudot?2016,129,,SolicitudOTAdjuntos HTTP/1.1" 200 9245
192.168.10.98 - - [25/Feb/2016:13:11:39 -0300] "GET /cormun/pexe_scrolldiv.js HTTP/1.1" 404 1009
192.168.10.98 - - [25/Feb/2016:13:11:40 -0300] "POST /cormun/servlet/acontrolpreferencessavestate?None,VVIDELA,true HTTP/1.1" 200 35
192.168.10.98 - - [25/Feb/2016:13:11:41 -0300] "GET /cormun/PublicTempStorage/img3673783291.jpg HTTP/1.1" 200 668243
192.168.10.98 - - [25/Feb/2016:13:11:45 -0300] "GET /cormun/servlet/vesolicitudot?2016,129,,SolicitudOTAdjuntos HTTP/1.1" 200 9244
192.168.10.98 - - [25/Feb/2016:13:11:45 -0300] "GET /cormun/pexe_scrolldiv.js HTTP/1.1" 404 1009
192.168.10.98 - - [25/Feb/2016:13:11:47 -0300] "POST /cormun/servlet/acontrolpreferencessavestate?None,VVIDELA,true HTTP/1.1" 200 35
192.168.10.98 - - [25/Feb/2016:13:11:48 -0300] "GET /cormun/PublicTempStorage/img3719918799.jpg HTTP/1.1" 200 619553
192.168.10.98 - - [25/Feb/2016:13:11:51 -0300] "GET /cormun/servlet/vesolicitudot?2016,129,,SolicitudOTAdjuntos HTTP/1.1" 200 9243
192.168.10.98 - - [25/Feb/2016:13:11:51 -0300] "GET /cormun/pexe_scrolldiv.js HTTP/1.1" 404 1009
192.168.10.98 - - [25/Feb/2016:13:11:53 -0300] "POST /cormun/servlet/acontrolpreferencessavestate?None,VVIDELA,true HTTP/1.1" 200 35
192.168.10.98 - - [25/Feb/2016:13:11:54 -0300] "GET /cormun/PublicTempStorage/img3701141799.jpg HTTP/1.1" 200 2078880
192.168.10.98 - - [25/Feb/2016:13:11:57 -0300] "GET /cormun/servlet/vesolicitudot?2016,129,,SolicitudOTAdjuntos HTTP/1.1" 200 9245
192.168.10.98 - - [25/Feb/2016:13:11:57 -0300] "GET /cormun/pexe_scrolldiv.js HTTP/1.1" 404 1009
192.168.10.98 - - [25/Feb/2016:13:11:59 -0300] "POST /cormun/servlet/acontrolpreferencessavestate?None,VVIDELA,true HTTP/1.1" 200 35
192.168.10.98 - - [25/Feb/2016:13:12:05 -0300] "GET /cormun/servlet/vesolicitudot?2016,129,,SolicitudOTLog HTTP/1.1" 200 7646
192.168.10.98 - - [25/Feb/2016:13:12:05 -0300] "GET /cormun/pexe_scrolldiv.js HTTP/1.1" 404 1009
192.168.10.98 - - [25/Feb/2016:13:12:06 -0300] "POST /cormun/servlet/acontrolpreferencessavestate?None,VVIDELA,true HTTP/1.1" 200 35
186.103.159.230 - - [25/Feb/2016:13:12:14 -0300] "POST /cormun/servlet/solicitudot?eeb9d006a4e9a71fdf693afca94870fb,INS,0,0,,gx-no-cache=1456416761112 HTTP/1.1" 200 93
186.103.159.230 - - [25/Feb/2016:13:12:14 -0300] "GET /cormun/servlet/hpexe_return? HTTP/1.1" 200 1002
186.103.159.230 - - [25/Feb/2016:13:12:14 -0300] "GET /cormun/static/gxcfg.js?2015111312145050 HTTP/1.1" 200 953
186.103.159.230 - - [25/Feb/2016:13:12:14 -0300] "GET /cormun/static/hpexe_return.js?2015111312145056 HTTP/1.1" 200 1633
186.103.159.230 - - [25/Feb/2016:13:12:14 -0300] "GET /cormun/static/Resources/Spanish/PXTools.css?12112540 HTTP/1.1" 200 89042
186.103.159.230 - - [25/Feb/2016:13:12:14 -0300] "GET /cormun/servlet/trsolicitudot? HTTP/1.1" 200 6107
192.168.10.98 - - [25/Feb/2016:13:12:27 -0300] "GET /cormun/servlet/vesolicitudot?2016,129,,General HTTP/1.1" 200 7559
192.168.10.98 - - [25/Feb/2016:13:12:27 -0300] "GET /cormun/pexe_scrolldiv.js HTTP/1.1" 404 1009
192.168.10.98 - - [25/Feb/2016:13:12:44 -0300] "GET /cormun/servlet/trvisualizadoreventos? HTTP/1.1" 200 6242
191.112.59.125 - - [25/Feb/2016:13:12:56 -0300] "GET /cormun/servlet/trsolicitudot? HTTP/1.1" 200 7404
191.112.59.125 - - [25/Feb/2016:13:12:59 -0300] "GET /cormun/servlet/trsolicitudot? HTTP/1.1" 200 7403
192.168.10.98 - - [25/Feb/2016:13:13:04 -0300] "GET /cormun/servlet/trvisualizadoreventos?b0dd2c7eac927124579221d38360ed4e65555c75b8a88a1cea00e67b99c1a5a91fdcf195e030b65d090b44ff72585859ee3b7a3bb5c1734ccee93caf6fabb9daeb1ea3199ed61eb6ae96f1731578da6280a764ca2518e4dcb36dad0faecdb45d40240c202cf536034543e25376f11c435969a43314b4141678671618964a69b230133c5dee188942df60f1071328d42d44dac28b547fe4c18e6babfb80d61b3404fb4ef8a797584129cf8e83bc0be33c5ffe6d44cabcb05986fda019e84dabce,gx-no-cache=1456416539753 HTTP/1.1" 200 907
192.168.10.98 - - [25/Feb/2016:13:13:05 -0300] "GET /cormun/servlet/trvisualizadoreventos?b0dd2c7eac927124579221d38360ed4e65555c75b8a88a1cea00e67b99c1a5a91fdcf195e030b65d090b44ff72585859ee3b7a3bb5c1734ccee93caf6fabb9daeb1ea3199ed61eb6ae96f1731578da6280a764ca2518e4dcb36dad0faecdb45d40240c202cf536034543e25376f11c435969a43314b4141678671618964a69b230133c5dee188942df60f1071328d42d44dac28b547fe4c18e6babfb80d61b3404fb4ef8a797584129cf8e83bc0be33c4788bfbaf685e3e43af73a06fd058e82,gx-no-cache=1456416540491 HTTP/1.1" 200 905
192.168.10.98 - - [25/Feb/2016:13:13:08 -0300] "GET /cormun/servlet/trvisualizadoreventos?b0dd2c7eac927124579221d38360ed4e65555c75b8a88a1cea00e67b99c1a5a91fdcf195e030b65d090b44ff72585859ee3b7a3bb5c1734ccee93caf6fabb9daeb1ea3199ed61eb6ae96f1731578da6280a764ca2518e4dcb36dad0faecdb45d40240c202cf536034543e25376f11c435969a43314b4141678671618964a69b230133c5dee188942df60f1071328d42d44dac28b547fe4c18e6babfb80d61b3404fb4ef8a797584129cf8e83bc0be33c5cfaf3e391807f03ac77136cdbcc3a36,gx-no-cache=1456416543612 HTTP/1.1" 200 907
186.103.159.230 - - [25/Feb/2016:13:13:10 -0300] "GET /cormun/servlet/hpexe_return? HTTP/1.1" 200 1002
186.103.159.230 - - [25/Feb/2016:13:13:11 -0300] "GET /cormun/servlet/hhome HTTP/1.1" 200 3379
186.103.159.230 - - [25/Feb/2016:13:13:13 -0300] "GET /cormun/servlet/hpexe_return? HTTP/1.1" 200 1002
186.103.159.230 - - [25/Feb/2016:13:13:13 -0300] "GET /cormun/servlet/hhome HTTP/1.1" 200 3379
192.168.10.98 - - [25/Feb/2016:13:13:16 -0300] "GET /cormun/servlet/trvisualizadoreventos?b0dd2c7eac927124579221d38360ed4e65555c75b8a88a1cea00e67b99c1a5a91fdcf195e030b65d090b44ff72585859ee3b7a3bb5c1734ccee93caf6fabb9daeb1ea3199ed61eb6ae96f1731578da6280a764ca2518e4dcb36dad0faecdb45d40240c202cf536034543e25376f11c435969a43314b4141678671618964a69b230133c5dee188942df60f1071328d42d44dac28b547fe4c18e6babfb80d61b3404fb4ef8a797584129cf8e83bc0be33cd76cb7f1207b8c8f207f38a72bcc2c6f,gx-no-cache=1456416551603 HTTP/1.1" 200 908
186.103.159.230 - - [25/Feb/2016:13:13:17 -0300] "GET /cormun/servlet/hpexe_return? HTTP/1.1" 200 1002
186.103.159.230 - - [25/Feb/2016:13:13:17 -0300] "GET /cormun/servlet/hhome HTTP/1.1" 200 3379
186.103.159.230 - - [25/Feb/2016:13:13:19 -0300] "GET /cormun/servlet/hpexe_return? HTTP/1.1" 200 1002
186.103.159.230 - - [25/Feb/2016:13:13:20 -0300] "GET /cormun/servlet/hhome HTTP/1.1" 200 3379
192.168.10.98 - - [25/Feb/2016:13:13:20 -0300] "GET /cormun/servlet/trvisualizadoreventos?b0dd2c7eac927124579221d38360ed4e65555c75b8a88a1cea00e67b99c1a5a91fdcf195e030b65d090b44ff72585859ee3b7a3bb5c1734ccee93caf6fabb9daeb1ea3199ed61eb6ae96f1731578da6280a764ca2518e4dcb36dad0faecdb45d40240c202cf536034543e25376f11c435969a43314b4141678671618964a69b230133c5dee188942df60f1071328d42d44dac28b547fe4c18e6babfb80d61b3404fb4ef8a797584129cf8e83bc0be33ced32a2c92a92b8556aefb5ea03997f71,gx-no-cache=1456416555629 HTTP/1.1" 200 908
192.168.10.98 - - [25/Feb/2016:13:13:21 -0300] "GET /cormun/servlet/trvisualizadoreventos?b0dd2c7eac927124579221d38360ed4e65555c75b8a88a1cea00e67b99c1a5a91fdcf195e030b65d090b44ff72585859ee3b7a3bb5c1734ccee93caf6fabb9daeb1ea3199ed61eb6ae96f1731578da6280a764ca2518e4dcb36dad0faecdb45d40240c202cf536034543e25376f11c435969a43314b4141678671618964a69b230133c5dee188942df60f1071328d42d44dac28b547fe4c18e6babfb80d61b3404fb4ef8a797584129cf8e83bc0be33c12e0ff00aa539eb392d0e91cd01107a1,gx-no-cache=1456416556785 HTTP/1.1" 200 909
186.103.159.230 - - [25/Feb/2016:13:13:29 -0300] "GET /cormun/servlet/trsolicitudot? HTTP/1.1" 200 6104
192.168.10.98 - - [25/Feb/2016:13:13:31 -0300] "GET /cormun/servlet/vesolicitudot?2016,129,,General HTTP/1.1" 200 7559
192.168.10.98 - - [25/Feb/2016:13:13:31 -0300] "GET /cormun/pexe_scrolldiv.js HTTP/1.1" 404 1009
186.103.159.230 - - [25/Feb/2016:13:13:36 -0300] "POST /cormun/servlet/trsolicitudot?eeb9d006a4e9a71fdf693afca94870fb,,gx-no-cache=1456416843391 HTTP/1.1" 200 3461
186.103.159.230 - - [25/Feb/2016:13:13:37 -0300] "POST /cormun/servlet/trsolicitudot?eeb9d006a4e9a71fdf693afca94870fb,,gx-no-cache=1456416843619 HTTP/1.1" 200 3461
186.103.159.230 - - [25/Feb/2016:13:13:37 -0300] "POST /cormun/servlet/trsolicitudot?eeb9d006a4e9a71fdf693afca94870fb,,gx-no-cache=1456416843865 HTTP/1.1" 200 3462
186.103.159.230 - - [25/Feb/2016:13:13:39 -0300] "GET /cormun/servlet/trsolicitudot?d6f6a7f6a0371bde55f94413925641beb6d41619439ebc2adaeb99a272c70809d6d48e92126a869a9663c1d7224eeb9e53f091c894d729e5a6e0bbb2f524f03a6cf7c3938d40b6890fee972f8fae574b,gx-no-cache=1456416846568 HTTP/1.1" 200 719
186.103.159.230 - - [25/Feb/2016:13:13:44 -0300] "POST /cormun/servlet/trsolicitudot?eeb9d006a4e9a71fdf693afca94870fb,,gx-no-cache=1456416851419 HTTP/1.1" 200 3454
186.103.159.230 - - [25/Feb/2016:13:13:45 -0300] "POST /cormun/servlet/trsolicitudot?eeb9d006a4e9a71fdf693afca94870fb,,gx-no-cache=1456416851737 HTTP/1.1" 200 3454
186.103.159.230 - - [25/Feb/2016:13:13:45 -0300] "POST /cormun/servlet/trsolicitudot?eeb9d006a4e9a71fdf693afca94870fb,,gx-no-cache=1456416852080 HTTP/1.1" 200 3454
186.103.159.230 - - [25/Feb/2016:13:13:45 -0300] "POST /cormun/servlet/trsolicitudot?eeb9d006a4e9a71fdf693afca94870fb,,gx-no-cache=1456416852442 HTTP/1.1" 200 3454
186.103.159.230 - - [25/Feb/2016:13:13:48 -0300] "POST /cormun/servlet/trsolicitudot?eeb9d006a4e9a71fdf693afca94870fb,,gx-no-cache=1456416852847 HTTP/1.1" 200 103
186.103.159.230 - - [25/Feb/2016:13:13:48 -0300] "GET /cormun/SolicitudOT-7964.xls HTTP/1.1" 200 4608
186.103.159.230 - - [25/Feb/2016:13:13:54 -0300] "GET /cormun/servlet/solicitudot?INS,0,0, HTTP/1.1" 200 12025
200.111.191.210 - - [25/Feb/2016:13:14:01 -0300] "POST /cormun/servlet/trsolicitudot?f561cf82537fc9edc29ffcad7e12c22c,gx-no-cache=1456416853305 HTTP/1.1" 200 4842
200.111.191.210 - - [25/Feb/2016:13:14:02 -0300] "POST /cormun/servlet/trsolicitudot?f561cf82537fc9edc29ffcad7e12c22c,gx-no-cache=1456416853480 HTTP/1.1" 200 4842
200.111.191.210 - - [25/Feb/2016:13:14:02 -0300] "POST /cormun/servlet/trsolicitudot?f561cf82537fc9edc29ffcad7e12c22c,gx-no-cache=1456416853637 HTTP/1.1" 200 4842
200.111.191.210 - - [25/Feb/2016:13:14:02 -0300] "POST /cormun/servlet/trsolicitudot?f561cf82537fc9edc29ffcad7e12c22c,gx-no-cache=1456416853790 HTTP/1.1" 200 4842
191.112.59.125 - - [25/Feb/2016:13:14:02 -0300] "GET /cormun/servlet/solicitudot?INS,0,0, HTTP/1.1" 200 12051
200.111.191.210 - - [25/Feb/2016:13:14:02 -0300] "POST /cormun/servlet/trsolicitudot?f561cf82537fc9edc29ffcad7e12c22c,gx-no-cache=1456416853957 HTTP/1.1" 200 4842
186.103.159.230 - - [25/Feb/2016:13:14:02 -0300] "GET /cormun/static/Resources/resize.gif HTTP/1.1" 200 77
200.111.191.210 - - [25/Feb/2016:13:14:02 -0300] "POST /cormun/servlet/trsolicitudot?f561cf82537fc9edc29ffcad7e12c22c,gx-no-cache=1456416854123 HTTP/1.1" 200 4842
200.111.191.210 - - [25/Feb/2016:13:14:02 -0300] "POST /cormun/servlet/trsolicitudot?f561cf82537fc9edc29ffcad7e12c22c,gx-no-cache=1456416854283 HTTP/1.1" 200 4842
186.103.159.230 - - [25/Feb/2016:13:14:03 -0300] "GET /cormun/servlet/prfichaempleado?,MD,,gxPopupLevel%3D0%3B HTTP/1.1" 200 7828
186.103.159.230 - - [25/Feb/2016:13:14:03 -0300] "GET /cormun/static/gxui/gxui-all.css?1917420 HTTP/1.1" 200 2179
186.103.159.230 - - [25/Feb/2016:13:14:03 -0300] "GET /cormun/static/gxcfg.js?201511151625694 HTTP/1.1" 200 953
186.103.159.230 - - [25/Feb/2016:13:14:03 -0300] "GET /cormun/static/scaMessage/css/jquery-ui.css?104140 HTTP/1.1" 404 1045
186.103.159.230 - - [25/Feb/2016:13:14:03 -0300] "GET /cormun/static/Resources/PXToolsMenuSearchCancel.png HTTP/1.1" 200 2972
186.103.159.230 - - [25/Feb/2016:13:14:03 -0300] "GET /cormun/static/Resources/PXToolsMenuSearch.png HTTP/1.1" 200 2914
186.103.159.230 - - [25/Feb/2016:13:14:03 -0300] "GET /cormun/static/prfichaempleado.js?201511151625857 HTTP/1.1" 200 14240
186.103.159.230 - - [25/Feb/2016:13:14:03 -0300] "GET /cormun/static/Resources/Spanish/PXTools.css?16184758 HTTP/1.1" 200 89042
186.103.159.230 - - [25/Feb/2016:13:14:03 -0300] "GET /cormun/static/menusearch.js?201622412404863 HTTP/1.1" 200 1424
186.103.159.230 - - [25/Feb/2016:13:14:03 -0300] "GET /cormun/static/hmpwkw01.js?201511211495945 HTTP/1.1" 200 2037
200.111.191.210 - - [25/Feb/2016:13:14:03 -0300] "POST /cormun/servlet/trsolicitudot?f561cf82537fc9edc29ffcad7e12c22c,gx-no-cache=1456416854479 HTTP/1.1" 200 106
186.103.159.230 - - [25/Feb/2016:13:14:03 -0300] "GET /cormun/static/Shared/jqueryui/jquery-ui.min-1.8.js HTTP/1.1" 200 213511
200.111.191.210 - - [25/Feb/2016:13:14:03 -0300] "GET /cormun/servlet/trsolicitudadjuntos?2016,140, HTTP/1.1" 200 5296
200.111.191.210 - - [25/Feb/2016:13:14:03 -0300] "GET /cormun/static/gxui/gxui-all.css?1917420 HTTP/1.1" 200 2179
200.111.191.210 - - [25/Feb/2016:13:14:03 -0300] "GET /cormun/static/gxcfg.js?201511221058652 HTTP/1.1" 200 953
200.111.191.210 - - [25/Feb/2016:13:14:03 -0300] "GET /cormun/static/trsolicitudadjuntos.js?201511221058899 HTTP/1.1" 200 17275
200.111.191.210 - - [25/Feb/2016:13:14:03 -0300] "GET /cormun/servlet/trsolicitudadjuntos?2016,140, HTTP/1.1" 200 5296
186.103.159.230 - - [25/Feb/2016:13:14:04 -0300] "POST /cormun/servlet/acontrolpreferencessavestate?None,BARANCIBIA,true HTTP/1.1" 200 35
200.111.191.210 - - [25/Feb/2016:13:14:04 -0300] "POST /cormun/servlet/acontrolpreferencessavestate?None,CA-7,true HTTP/1.1" 200 35
191.112.59.125 - - [25/Feb/2016:13:14:05 -0300] "GET /cormun/servlet/solicitudot?INS,0,0, HTTP/1.1" 200 12054
191.112.59.125 - - [25/Feb/2016:13:14:10 -0300] "GET /cormun/servlet/trsolicitudot? HTTP/1.1" 200 7404
200.111.191.210 - - [25/Feb/2016:13:14:13 -0300] "GET /cormun/servlet/solicitudotadjuntos?INS,2016,140,,1, HTTP/1.1" 200 5368
200.111.191.210 - - [25/Feb/2016:13:14:13 -0300] "GET /cormun/static/gxcfg.js?201614180754 HTTP/1.1" 200 953
200.111.191.210 - - [25/Feb/2016:13:14:13 -0300] "GET /cormun/static/solicitudotadjuntos.js?201614180772 HTTP/1.1" 200 11762
200.111.191.210 - - [25/Feb/2016:13:14:13 -0300] "GET /cormun/static/about:blank HTTP/1.1" 404 1011
200.111.191.210 - - [25/Feb/2016:13:14:13 -0300] "GET /cormun/servlet/solicitudotadjuntos?INS,2016,140,,1, HTTP/1.1" 200 5362
191.112.59.125 - - [25/Feb/2016:13:14:13 -0300] "GET /cormun/servlet/trsolicitudot? HTTP/1.1" 200 7403
200.111.191.210 - - [25/Feb/2016:13:14:14 -0300] "GET /cormun/servlet/solicitudotadjuntos?a9dc2ec719eff3cf00167b9aaf38b05409ffaa64508cd8b161f6795d678fa340867550c72ef31b6d0dba8bb148c2b5a0,gx-no-cache=1456416865433 HTTP/1.1" 200 30
200.111.191.210 - - [25/Feb/2016:13:14:14 -0300] "POST /cormun/servlet/solicitudotadjuntos?f561cf82537fc9edc29ffcad7e12c22c,INS,2016,140,,1,,gx-no-cache=1456416865458 HTTP/1.1" 200 3314
200.111.191.210 - - [25/Feb/2016:13:14:17 -0300] "POST /cormun/servlet/solicitudotadjuntos?gx-no-cache=1456416868711 HTTP/1.1" 200 26
191.112.59.125 - - [25/Feb/2016:13:14:18 -0300] "POST /cormun/servlet/trsolicitudot?28dd0106d76c6d8a40d1947298f92ee5,,gx-no-cache=1456416885137 HTTP/1.1" 200 4871
191.112.59.125 - - [25/Feb/2016:13:14:19 -0300] "POST /cormun/servlet/trsolicitudot?28dd0106d76c6d8a40d1947298f92ee5,,gx-no-cache=1456416885719 HTTP/1.1" 200 4871
191.112.59.125 - - [25/Feb/2016:13:14:19 -0300] "POST /cormun/servlet/trsolicitudot?28dd0106d76c6d8a40d1947298f92ee5,,gx-no-cache=1456416886274 HTTP/1.1" 200 4870
191.112.59.125 - - [25/Feb/2016:13:14:20 -0300] "POST /cormun/servlet/trsolicitudot?28dd0106d76c6d8a40d1947298f92ee5,,gx-no-cache=1456416886830 HTTP/1.1" 200 4870
191.112.59.125 - - [25/Feb/2016:13:14:20 -0300] "POST /cormun/servlet/trsolicitudot?28dd0106d76c6d8a40d1947298f92ee5,,gx-no-cache=1456416887410 HTTP/1.1" 200 4870
191.112.59.125 - - [25/Feb/2016:13:14:21 -0300] "POST /cormun/servlet/trsolicitudot?28dd0106d76c6d8a40d1947298f92ee5,,gx-no-cache=1456416888004 HTTP/1.1" 200 4870
191.112.59.125 - - [25/Feb/2016:13:14:22 -0300] "POST /cormun/servlet/trsolicitudot?28dd0106d76c6d8a40d1947298f92ee5,,gx-no-cache=1456416888612 HTTP/1.1" 200 4870
191.112.59.125 - - [25/Feb/2016:13:14:22 -0300] "POST /cormun/servlet/trsolicitudot?28dd0106d76c6d8a40d1947298f92ee5,,gx-no-cache=1456416889272 HTTP/1.1" 200 4871
186.103.159.230 - - [25/Feb/2016:13:14:34 -0300] "GET /cormun/servlet/prfichaempleado?d6f6a7f6a0371bde55f94413925641beec95c1d19be2226917ac2087ceef0cea8ee3ea951434ddb596e6bf7f81c3a69a83c885ca6c1733dbfb130caddf34b5aa,gx-no-cache=1456416901576 HTTP/1.1" 200 457
186.103.159.230 - - [25/Feb/2016:13:14:35 -0300] "GET /cormun/servlet/prfichaempleado?d6f6a7f6a0371bde55f94413925641be3577b5a9d10ee0c1e86f982222df9d4c5d4fba4936dc026c37322f0e93dcaec17d32bde11e920cbf5c4b568eb486564c,gx-no-cache=1456416902367 HTTP/1.1" 200 459
186.103.159.230 - - [25/Feb/2016:13:14:36 -0300] "GET /cormun/servlet/prfichaempleado?d6f6a7f6a0371bde55f94413925641be0725d9ef71e70acee7bae03d23f7705ed38f93517b2a983abb880ee7c2f465a79f4c6298d38fe8378522035ac15f22bc19f1b40c8b716546ea6a1b8b85cfdf15,gx-no-cache=1456416903196 HTTP/1.1" 200 461
186.103.159.230 - - [25/Feb/2016:13:14:48 -0300] "GET /cormun/servlet/trsolicitudot? HTTP/1.1" 200 6110
186.103.159.230 - - [25/Feb/2016:13:14:58 -0300] "GET /cormun/servlet/solicitudot?INS,0,0, HTTP/1.1" 200 12039
200.111.191.210 - - [25/Feb/2016:13:15:14 -0300] "GET /cormun/servlet/solicitudotadjuntos?a9dc2ec719eff3cf00167b9aaf38b054ef16d0e8bc902605faf7e0834af1beef,gx-no-cache=1456416925756 HTTP/1.1" 200 30
200.111.191.210 - - [25/Feb/2016:13:15:14 -0300] "GET /cormun/servlet/solicitudotadjuntos?a9dc2ec719eff3cf00167b9aaf38b054ef16d0e8bc902605faf7e0834af1beef,gx-no-cache=1456416925788 HTTP/1.1" 200 30
200.111.191.210 - - [25/Feb/2016:13:15:15 -0300] "POST /cormun/servlet/solicitudotadjuntos?f561cf82537fc9edc29ffcad7e12c22c,INS,2016,140,,1, HTTP/1.1" 200 116
200.111.191.210 - - [25/Feb/2016:13:15:15 -0300] "GET /cormun/servlet/hpexe_return? HTTP/1.1" 200 1025
200.111.191.210 - - [25/Feb/2016:13:15:15 -0300] "GET /cormun/servlet/trsolicitudadjuntos?2016,140, HTTP/1.1" 200 7177
200.111.191.210 - - [25/Feb/2016:13:15:15 -0300] "GET /cormun/servlet/trsolicitudadjuntos?2016,140, HTTP/1.1" 200 7174
200.111.191.210 - - [25/Feb/2016:13:15:19 -0300] "GET /cormun/servlet/solicitudotadjuntos?INS,2016,140,,1, HTTP/1.1" 200 5367
200.111.191.210 - - [25/Feb/2016:13:15:19 -0300] "GET /cormun/static/about:blank HTTP/1.1" 404 1011
200.111.191.210 - - [25/Feb/2016:13:15:19 -0300] "GET /cormun/servlet/solicitudotadjuntos?INS,2016,140,,1, HTTP/1.1" 200 5361
200.111.191.210 - - [25/Feb/2016:13:15:19 -0300] "GET /cormun/servlet/solicitudotadjuntos?a9dc2ec719eff3cf00167b9aaf38b05409ffaa64508cd8b161f6795d678fa340867550c72ef31b6d0dba8bb148c2b5a0,gx-no-cache=1456416931261 HTTP/1.1" 200 30
200.111.191.210 - - [25/Feb/2016:13:15:19 -0300] "POST /cormun/servlet/solicitudotadjuntos?f561cf82537fc9edc29ffcad7e12c22c,INS,2016,140,,1,,gx-no-cache=1456416931297 HTTP/1.1" 200 3315
200.111.191.210 - - [25/Feb/2016:13:15:22 -0300] "POST /cormun/servlet/solicitudotadjuntos?gx-no-cache=1456416933953 HTTP/1.1" 200 26
186.103.159.230 - - [25/Feb/2016:13:15:33 -0300] "POST /cormun/servlet/solicitudot?eeb9d006a4e9a71fdf693afca94870fb,INS,0,0,,gx-no-cache=1456416960010 HTTP/1.1" 200 90
186.103.159.230 - - [25/Feb/2016:13:15:33 -0300] "GET /cormun/servlet/hpexe_link HTTP/1.1" 200 957
186.103.159.230 - - [25/Feb/2016:13:15:33 -0300] "GET /cormun/servlet/trsolicitudot HTTP/1.1" 200 6112
186.103.159.230 - - [25/Feb/2016:13:15:49 -0300] "POST /cormun/servlet/trsolicitudot?eeb9d006a4e9a71fdf693afca94870fb,gx-no-cache=1456416976016 HTTP/1.1" 200 3452
186.103.159.230 - - [25/Feb/2016:13:15:49 -0300] "POST /cormun/servlet/trsolicitudot?eeb9d006a4e9a71fdf693afca94870fb,gx-no-cache=1456416976246 HTTP/1.1" 200 3454
186.103.159.230 - - [25/Feb/2016:13:15:49 -0300] "POST /cormun/servlet/trsolicitudot?eeb9d006a4e9a71fdf693afca94870fb,gx-no-cache=1456416976480 HTTP/1.1" 200 3455
186.103.159.230 - - [25/Feb/2016:13:15:50 -0300] "POST /cormun/servlet/trsolicitudot?eeb9d006a4e9a71fdf693afca94870fb,gx-no-cache=1456416976739 HTTP/1.1" 200 3454
186.103.159.230 - - [25/Feb/2016:13:15:50 -0300] "POST /cormun/servlet/trsolicitudot?eeb9d006a4e9a71fdf693afca94870fb,gx-no-cache=1456416977036 HTTP/1.1" 200 3454
186.103.159.230 - - [25/Feb/2016:13:15:50 -0300] "POST /cormun/servlet/trsolicitudot?eeb9d006a4e9a71fdf693afca94870fb,gx-no-cache=1456416977350 HTTP/1.1" 200 3454
186.103.159.230 - - [25/Feb/2016:13:15:51 -0300] "POST /cormun/servlet/trsolicitudot?eeb9d006a4e9a71fdf693afca94870fb,gx-no-cache=1456416977741 HTTP/1.1" 200 3454
186.103.159.230 - - [25/Feb/2016:13:15:53 -0300] "POST /cormun/servlet/trsolicitudot?eeb9d006a4e9a71fdf693afca94870fb,gx-no-cache=1456416978122 HTTP/1.1" 200 3455
186.103.159.230 - - [25/Feb/2016:13:15:55 -0300] "POST /cormun/servlet/trsolicitudot?eeb9d006a4e9a71fdf693afca94870fb,gx-no-cache=1456416982498 HTTP/1.1" 200 3454
186.103.159.230 - - [25/Feb/2016:13:15:56 -0300] "POST /cormun/servlet/trsolicitudot?eeb9d006a4e9a71fdf693afca94870fb,gx-no-cache=1456416983111 HTTP/1.1" 200 3454
186.103.159.230 - - [25/Feb/2016:13:16:11 -0300] "POST /cormun/servlet/trsolicitudot?eeb9d006a4e9a71fdf693afca94870fb,gx-no-cache=1456416997788 HTTP/1.1" 200 3455
186.103.159.230 - - [25/Feb/2016:13:16:15 -0300] "POST /cormun/servlet/trsolicitudot?eeb9d006a4e9a71fdf693afca94870fb,gx-no-cache=1456417001651 HTTP/1.1" 200 3453
186.103.159.230 - - [25/Feb/2016:13:16:17 -0300] "POST /cormun/servlet/trsolicitudot?eeb9d006a4e9a71fdf693afca94870fb,gx-no-cache=1456417003771 HTTP/1.1" 200 3452
186.103.159.230 - - [25/Feb/2016:13:16:18 -0300] "POST /cormun/servlet/trsolicitudot?eeb9d006a4e9a71fdf693afca94870fb,gx-no-cache=1456417005602 HTTP/1.1" 200 3453
192.168.10.98 - - [25/Feb/2016:13:16:27 -0300] "GET /cormun/servlet/vesolicitudot?2016,129,,SolicitudOTAdjuntos HTTP/1.1" 200 9249
192.168.10.98 - - [25/Feb/2016:13:16:27 -0300] "GET /cormun/pexe_scrolldiv.js HTTP/1.1" 404 1009
192.168.10.98 - - [25/Feb/2016:13:16:29 -0300] "POST /cormun/servlet/acontrolpreferencessavestate?None,VVIDELA,true HTTP/1.1" 200 35
186.103.159.230 - - [25/Feb/2016:13:16:32 -0300] "POST /cormun/servlet/trsolicitudot?eeb9d006a4e9a71fdf693afca94870fb,gx-no-cache=1456417019133 HTTP/1.1" 200 3455
186.103.159.230 - - [25/Feb/2016:13:16:33 -0300] "GET /cormun/servlet/trsolicitudot?d6f6a7f6a0371bde55f94413925641bea50b0b71954893a68ab95857325dda86d6d48e92126a869a9663c1d7224eeb9e53f091c894d729e5a6e0bbb2f524f03a6cf7c3938d40b6890fee972f8fae574b,gx-no-cache=1456417019880 HTTP/1.1" 200 720
186.103.159.230 - - [25/Feb/2016:13:16:40 -0300] "POST /cormun/servlet/trsolicitudot?eeb9d006a4e9a71fdf693afca94870fb,gx-no-cache=1456417027025 HTTP/1.1" 200 3453
186.103.159.230 - - [25/Feb/2016:13:16:41 -0300] "GET /cormun/servlet/trsolicitudot?d6f6a7f6a0371bde55f94413925641beb6d41619439ebc2adaeb99a272c70809d6d48e92126a869a9663c1d7224eeb9e53f091c894d729e5a6e0bbb2f524f03a6cf7c3938d40b6890fee972f8fae574b,gx-no-cache=1456417027846 HTTP/1.1" 200 717
192.168.10.98 - - [25/Feb/2016:13:16:43 -0300] "GET /cormun/servlet/vesolicitudot?2016,129,,General HTTP/1.1" 200 7559
192.168.10.98 - - [25/Feb/2016:13:16:43 -0300] "GET /cormun/pexe_scrolldiv.js HTTP/1.1" 404 1009
192.168.10.98 - - [25/Feb/2016:13:16:46 -0300] "POST /cormun/servlet/vesolicitudot?2732cb0c4ddf82d790888e6b71647193,2016,129,,General,gx-no-cache=1456416761994 HTTP/1.1" 200 90
192.168.10.98 - - [25/Feb/2016:13:16:46 -0300] "GET /cormun/servlet/hpexe_link HTTP/1.1" 200 965
192.168.10.98 - - [25/Feb/2016:13:16:47 -0300] "GET /cormun/servlet/trsolicitudot HTTP/1.1" 200 7425
192.168.10.98 - - [25/Feb/2016:13:16:53 -0300] "POST /cormun/servlet/trsolicitudot?2732cb0c4ddf82d790888e6b71647193,gx-no-cache=1456416768839 HTTP/1.1" 200 90
192.168.10.98 - - [25/Feb/2016:13:16:53 -0300] "GET /cormun/servlet/hpexe_link HTTP/1.1" 200 952
192.168.10.98 - - [25/Feb/2016:13:16:53 -0300] "GET /cormun/servlet/hhome HTTP/1.1" 200 3413
186.103.159.230 - - [25/Feb/2016:13:17:16 -0300] "GET /cormun/servlet/trvisualizadoreventos? HTTP/1.1" 200 5917
186.103.159.230 - - [25/Feb/2016:13:17:16 -0300] "GET /cormun/static/gxcfg.js?2016251828014 HTTP/1.1" 200 953
186.103.159.230 - - [25/Feb/2016:13:17:16 -0300] "GET /cormun/static/Resources/PXToolsActionPrint.png HTTP/1.1" 200 3317
186.103.159.230 - - [25/Feb/2016:13:17:16 -0300] "GET /cormun/static/trvisualizadoreventos.js?2016251828276 HTTP/1.1" 200 19096
186.103.159.230 - - [25/Feb/2016:13:17:18 -0300] "POST /cormun/servlet/acontrolpreferencessavestate?None,BARANCIBIA,true HTTP/1.1" 200 35
186.103.159.230 - - [25/Feb/2016:13:17:35 -0300] "GET /cormun/servlet/trautorizarsolicitud? HTTP/1.1" 200 6055
186.103.159.230 - - [25/Feb/2016:13:17:35 -0300] "GET /cormun/static/gxcfg.js?2016224124647 HTTP/1.1" 200 953
186.103.159.230 - - [25/Feb/2016:13:17:35 -0300] "GET /cormun/static/Resources/Spanish/PXTools.css?12395978 HTTP/1.1" 200 89042
186.103.159.230 - - [25/Feb/2016:13:17:35 -0300] "GET /cormun/static/trautorizarsolicitud.js?20162241246932 HTTP/1.1" 200 45302
186.103.159.230 - - [25/Feb/2016:13:17:36 -0300] "POST /cormun/servlet/acontrolpreferencessavestate?None,BARANCIBIA,true HTTP/1.1" 200 35
186.103.159.230 - - [25/Feb/2016:13:17:42 -0300] "GET /cormun/servlet/trsolicitudot? HTTP/1.1" 200 6132
192.168.10.98 - - [25/Feb/2016:13:17:47 -0300] "GET /cormun/servlet/hlogin HTTP/1.1" 200 1714
192.168.10.98 - - [25/Feb/2016:13:18:01 -0300] "POST /cormun/servlet/hlogin?2732cb0c4ddf82d790888e6b71647193,gx-no-cache=1456416836562 HTTP/1.1" 200 425
186.103.159.230 - - [25/Feb/2016:13:18:05 -0300] "POST /cormun/servlet/trsolicitudot?eeb9d006a4e9a71fdf693afca94870fb,,gx-no-cache=1456417112188 HTTP/1.1" 200 3460
192.168.10.98 - - [25/Feb/2016:13:18:18 -0300] "POST /cormun/servlet/hlogin?2732cb0c4ddf82d790888e6b71647193,gx-no-cache=1456416853646 HTTP/1.1" 200 425
186.103.159.230 - - [25/Feb/2016:13:18:20 -0300] "POST /cormun/servlet/trsolicitudot?eeb9d006a4e9a71fdf693afca94870fb,,gx-no-cache=1456417127489 HTTP/1.1" 200 3460
186.103.159.230 - - [25/Feb/2016:13:18:21 -0300] "POST /cormun/servlet/trsolicitudot?eeb9d006a4e9a71fdf693afca94870fb,,gx-no-cache=1456417127735 HTTP/1.1" 200 3460
186.103.159.230 - - [25/Feb/2016:13:18:21 -0300] "POST /cormun/servlet/trsolicitudot?eeb9d006a4e9a71fdf693afca94870fb,,gx-no-cache=1456417127993 HTTP/1.1" 200 3460
186.103.159.230 - - [25/Feb/2016:13:18:21 -0300] "POST /cormun/servlet/trsolicitudot?eeb9d006a4e9a71fdf693afca94870fb,,gx-no-cache=1456417128284 HTTP/1.1" 200 3460
192.168.10.98 - - [25/Feb/2016:13:18:23 -0300] "POST /cormun/servlet/hlogin?2732cb0c4ddf82d790888e6b71647193,gx-no-cache=1456416859037 HTTP/1.1" 200 90
192.168.10.98 - - [25/Feb/2016:13:18:23 -0300] "GET /cormun/servlet/hpexe_link HTTP/1.1" 200 948
192.168.10.98 - - [25/Feb/2016:13:18:24 -0300] "GET /cormun/servlet/hhome HTTP/1.1" 200 3788
192.168.10.98 - - [25/Feb/2016:13:18:29 -0300] "GET /cormun/servlet/trtipocalculo? HTTP/1.1" 200 5918
192.168.10.98 - - [25/Feb/2016:13:18:33 -0300] "GET /cormun/servlet/trtipodocumento?2, HTTP/1.1" 200 6198
192.168.10.98 - - [25/Feb/2016:13:18:33 -0300] "GET /cormun/static/gxcfg.js?2015112118274346 HTTP/1.1" 200 953
192.168.10.98 - - [25/Feb/2016:13:18:33 -0300] "GET /cormun/static/trtipodocumento.js?2015112118274544 HTTP/1.1" 200 13684
200.111.191.210 - - [25/Feb/2016:13:18:33 -0300] "GET /cormun/servlet/solicitudotadjuntos?a9dc2ec719eff3cf00167b9aaf38b054ef16d0e8bc902605faf7e0834af1beef,gx-no-cache=1456417124320 HTTP/1.1" 200 30
200.111.191.210 - - [25/Feb/2016:13:18:33 -0300] "GET /cormun/servlet/solicitudotadjuntos?a9dc2ec719eff3cf00167b9aaf38b054ef16d0e8bc902605faf7e0834af1beef,gx-no-cache=1456417125273 HTTP/1.1" 200 30
186.103.159.230 - - [25/Feb/2016:13:18:34 -0300] "GET /cormun/servlet/solicitudot?INS,0,0, HTTP/1.1" 200 12059
186.103.159.230 - - [25/Feb/2016:13:18:34 -0300] "GET /cormun/servlet/trsolicitudot?d6f6a7f6a0371bde55f94413925641beb6d41619439ebc2adaeb99a272c70809b005c669a08662c6b9c504092035da986c92f37ba4e40e7adb7411bfd73d5330117a23f5fde8feb1b02d09756125591f646ca8c6df0263f6e92e579e978f7dbb,gx-no-cache=1456417140927 HTTP/1.1" 200 717
200.111.191.210 - - [25/Feb/2016:13:18:35 -0300] "POST /cormun/servlet/solicitudotadjuntos?f561cf82537fc9edc29ffcad7e12c22c,INS,2016,140,,1, HTTP/1.1" 200 116
200.111.191.210 - - [25/Feb/2016:13:18:35 -0300] "GET /cormun/servlet/hpexe_return? HTTP/1.1" 200 1025
200.111.191.210 - - [25/Feb/2016:13:18:36 -0300] "GET /cormun/servlet/trsolicitudadjuntos?2016,140, HTTP/1.1" 200 7337
200.111.191.210 - - [25/Feb/2016:13:18:36 -0300] "GET /cormun/servlet/trsolicitudadjuntos?2016,140, HTTP/1.1" 200 7334
192.168.10.98 - - [25/Feb/2016:13:18:37 -0300] "GET /cormun/servlet/trtipocalculo? HTTP/1.1" 200 5918
200.111.191.210 - - [25/Feb/2016:13:18:38 -0300] "GET /cormun/servlet/solicitudotadjuntos?INS,2016,140,,1, HTTP/1.1" 200 5367
200.111.191.210 - - [25/Feb/2016:13:18:38 -0300] "GET /cormun/static/about:blank HTTP/1.1" 404 1011
200.111.191.210 - - [25/Feb/2016:13:18:38 -0300] "GET /cormun/servlet/solicitudotadjuntos?INS,2016,140,,1, HTTP/1.1" 200 5361
200.111.191.210 - - [25/Feb/2016:13:18:39 -0300] "GET /cormun/servlet/solicitudotadjuntos?a9dc2ec719eff3cf00167b9aaf38b05409ffaa64508cd8b161f6795d678fa340867550c72ef31b6d0dba8bb148c2b5a0,gx-no-cache=1456417130744 HTTP/1.1" 200 30
200.111.191.210 - - [25/Feb/2016:13:18:39 -0300] "POST /cormun/servlet/solicitudotadjuntos?f561cf82537fc9edc29ffcad7e12c22c,INS,2016,140,,1,,gx-no-cache=1456417130801 HTTP/1.1" 200 3315
192.168.10.98 - - [25/Feb/2016:13:18:40 -0300] "GET /cormun/servlet/trtipodocumento?3, HTTP/1.1" 200 6212
200.111.191.210 - - [25/Feb/2016:13:18:41 -0300] "POST /cormun/servlet/solicitudotadjuntos?gx-no-cache=1456417132833 HTTP/1.1" 200 26
186.103.159.230 - - [25/Feb/2016:13:18:46 -0300] "GET /cormun/servlet/prfichaempleado?,MD,,gxPopupLevel%3D0%3B HTTP/1.1" 200 7866
186.103.159.230 - - [25/Feb/2016:13:18:46 -0300] "GET /cormun/static/scaMessage/css/jquery-ui.css?104140 HTTP/1.1" 404 1045
186.103.159.230 - - [25/Feb/2016:13:18:59 -0300] "GET /cormun/servlet/prfichaempleado?d6f6a7f6a0371bde55f94413925641beec95c1d19be2226917ac2087ceef0cea8ee3ea951434ddb596e6bf7f81c3a69a83c885ca6c1733dbfb130caddf34b5aa,gx-no-cache=1456417165236 HTTP/1.1" 200 457
192.168.10.98 - - [25/Feb/2016:13:18:59 -0300] "GET /cormun/servlet/tipocalculodocumento?DLT,3,CERTIF8, HTTP/1.1" 200 5659
192.168.10.98 - - [25/Feb/2016:13:18:59 -0300] "GET /cormun/static/gxcfg.js?2016224124486 HTTP/1.1" 200 953
192.168.10.98 - - [25/Feb/2016:13:18:59 -0300] "GET /cormun/static/tipocalculodocumento.js?20162241244821 HTTP/1.1" 200 6961
186.103.159.230 - - [25/Feb/2016:13:18:59 -0300] "GET /cormun/servlet/prfichaempleado?d6f6a7f6a0371bde55f94413925641be0725d9ef71e70acee7bae03d23f7705ed38f93517b2a983abb880ee7c2f465a7bf12a3e365b8d11c909066d0af938fba,gx-no-cache=1456417166417 HTTP/1.1" 200 460
192.168.10.98 - - [25/Feb/2016:13:18:59 -0300] "GET /cormun/static/Shared/jqueryui/images/ui-bg_highlight-soft_100_c6c2c8_1x100.png HTTP/1.1" 404 1117
192.168.10.98 - - [25/Feb/2016:13:18:59 -0300] "GET /cormun/static/Shared/jqueryui/images/ui-icons_82798d_256x240.png HTTP/1.1" 404 1089
192.168.10.98 - - [25/Feb/2016:13:18:59 -0300] "GET /cormun/static/Shared/jqueryui/images/ui-bg_flat_55_fafafa_40x100.png HTTP/1.1" 404 1097
192.168.10.98 - - [25/Feb/2016:13:18:59 -0300] "GET /cormun/static/Shared/jqueryui/images/ui-icons_8d78a5_256x240.png HTTP/1.1" 404 1089
200.111.191.210 - - [25/Feb/2016:13:19:00 -0300] "GET /cormun/servlet/solicitudotadjuntos?a9dc2ec719eff3cf00167b9aaf38b054ef16d0e8bc902605faf7e0834af1beef,gx-no-cache=1456417151850 HTTP/1.1" 200 30
200.111.191.210 - - [25/Feb/2016:13:19:00 -0300] "GET /cormun/servlet/solicitudotadjuntos?a9dc2ec719eff3cf00167b9aaf38b054ef16d0e8bc902605faf7e0834af1beef,gx-no-cache=1456417151896 HTTP/1.1" 200 30
192.168.10.98 - - [25/Feb/2016:13:19:01 -0300] "POST /cormun/servlet/tipocalculodocumento?2732cb0c4ddf82d790888e6b71647193,DLT,3,CERTIF8,,gx-no-cache=1456416896912 HTTP/1.1" 200 93
192.168.10.98 - - [25/Feb/2016:13:19:01 -0300] "GET /cormun/servlet/hpexe_return? HTTP/1.1" 200 1020
192.168.10.98 - - [25/Feb/2016:13:19:01 -0300] "GET /cormun/servlet/trtipodocumento?3, HTTP/1.1" 200 6157
200.111.191.210 - - [25/Feb/2016:13:19:02 -0300] "POST /cormun/servlet/solicitudotadjuntos?f561cf82537fc9edc29ffcad7e12c22c,INS,2016,140,,1, HTTP/1.1" 200 116
200.111.191.210 - - [25/Feb/2016:13:19:02 -0300] "GET /cormun/servlet/hpexe_return? HTTP/1.1" 200 1025
200.111.191.210 - - [25/Feb/2016:13:19:03 -0300] "GET /cormun/servlet/trsolicitudadjuntos?2016,140, HTTP/1.1" 200 7492
200.111.191.210 - - [25/Feb/2016:13:19:03 -0300] "GET /cormun/servlet/trsolicitudadjuntos?2016,140, HTTP/1.1" 200 7489
200.111.191.210 - - [25/Feb/2016:13:19:05 -0300] "GET /cormun/servlet/solicitudotadjuntos?INS,2016,140,,1, HTTP/1.1" 200 5367
200.111.191.210 - - [25/Feb/2016:13:19:06 -0300] "GET /cormun/static/about:blank HTTP/1.1" 404 1011
200.111.191.210 - - [25/Feb/2016:13:19:06 -0300] "GET /cormun/servlet/solicitudotadjuntos?INS,2016,140,,1, HTTP/1.1" 200 5361
200.111.191.210 - - [25/Feb/2016:13:19:06 -0300] "GET /cormun/servlet/solicitudotadjuntos?a9dc2ec719eff3cf00167b9aaf38b05409ffaa64508cd8b161f6795d678fa340867550c72ef31b6d0dba8bb148c2b5a0,gx-no-cache=1456417158015 HTTP/1.1" 200 30
200.111.191.210 - - [25/Feb/2016:13:19:06 -0300] "POST /cormun/servlet/solicitudotadjuntos?f561cf82537fc9edc29ffcad7e12c22c,INS,2016,140,,1,,gx-no-cache=1456417158060 HTTP/1.1" 200 3315
200.111.191.210 - - [25/Feb/2016:13:19:09 -0300] "POST /cormun/servlet/solicitudotadjuntos?gx-no-cache=1456417160666 HTTP/1.1" 200 26
186.103.159.230 - - [25/Feb/2016:13:19:10 -0300] "GET /cormun/servlet/prfichaempleado?d6f6a7f6a0371bde55f94413925641bea8d37984724bfe680aabd63007bcc6d06ef88895a3965a31df00a4b5901b6b842e94f62d7b9968f4dff9c84937777bc596132bfd54e2283179d0f450aa2b135e,gx-no-cache=1456417177389 HTTP/1.1" 200 465
186.103.159.230 - - [25/Feb/2016:13:19:11 -0300] "GET /cormun/servlet/prfichaempleado?d6f6a7f6a0371bde55f94413925641bea2806687c8bfb5c8f7b9db492f19f272799a30d0e82267ca6bdc507d7e02d028ff669d00e46c5e584131a79c03df1fa56d65e3d7eb4037775a2262424d7e8a80,gx-no-cache=1456417178232 HTTP/1.1" 200 458
186.103.159.230 - - [25/Feb/2016:13:19:12 -0300] "GET /cormun/servlet/prfichaempleado?d6f6a7f6a0371bde55f94413925641bea2806687c8bfb5c8f7b9db492f19f2727a28af4ae9492eee04acad79957fdc3d13327e68fde659fe6249bde1398c0706c095eeb493849c6e777da1294fa696aa,gx-no-cache=1456417178765 HTTP/1.1" 200 459
186.103.159.230 - - [25/Feb/2016:13:19:13 -0300] "GET /cormun/servlet/prfichaempleado?d6f6a7f6a0371bde55f94413925641bea2806687c8bfb5c8f7b9db492f19f2723960788ad7e37b3b1ce8ada144820e13529c6a0c3826d1a4e4d509eb0bce5a91e3aa7f71a19c4960af1c0a6bd86d58ab,gx-no-cache=1456417179677 HTTP/1.1" 200 460
200.111.191.210 - - [25/Feb/2016:13:19:15 -0300] "GET /cormun/servlet/solicitudotadjuntos?a9dc2ec719eff3cf00167b9aaf38b054ef16d0e8bc902605faf7e0834af1beef,gx-no-cache=1456417166466 HTTP/1.1" 200 30
200.111.191.210 - - [25/Feb/2016:13:19:15 -0300] "GET /cormun/servlet/solicitudotadjuntos?a9dc2ec719eff3cf00167b9aaf38b054ef16d0e8bc902605faf7e0834af1beef,gx-no-cache=1456417166481 HTTP/1.1" 200 30
200.111.191.210 - - [25/Feb/2016:13:19:15 -0300] "POST /cormun/servlet/solicitudotadjuntos?f561cf82537fc9edc29ffcad7e12c22c,INS,2016,140,,1, HTTP/1.1" 200 116
200.111.191.210 - - [25/Feb/2016:13:19:16 -0300] "GET /cormun/servlet/hpexe_return? HTTP/1.1" 200 1025
200.111.191.210 - - [25/Feb/2016:13:19:16 -0300] "GET /cormun/servlet/trsolicitudadjuntos?2016,140, HTTP/1.1" 200 7618
200.111.191.210 - - [25/Feb/2016:13:19:17 -0300] "GET /cormun/servlet/trsolicitudadjuntos?2016,140, HTTP/1.1" 200 7610
200.111.191.210 - - [25/Feb/2016:13:19:19 -0300] "GET /cormun/servlet/solicitudotadjuntos?INS,2016,140,,1, HTTP/1.1" 200 5367
200.111.191.210 - - [25/Feb/2016:13:19:19 -0300] "GET /cormun/static/about:blank HTTP/1.1" 404 1011
200.111.191.210 - - [25/Feb/2016:13:19:19 -0300] "GET /cormun/servlet/solicitudotadjuntos?INS,2016,140,,1, HTTP/1.1" 200 5361
192.168.10.98 - - [25/Feb/2016:13:19:19 -0300] "POST /cormun/servlet/trtipodocumento?2732cb0c4ddf82d790888e6b71647193,3,,gx-no-cache=1456416914947 HTTP/1.1" 200 90
192.168.10.98 - - [25/Feb/2016:13:19:19 -0300] "GET /cormun/servlet/hpexe_link HTTP/1.1" 200 960
192.168.10.98 - - [25/Feb/2016:13:19:19 -0300] "GET /cormun/servlet/trtipocalculo HTTP/1.1" 200 5919
200.111.191.210 - - [25/Feb/2016:13:19:19 -0300] "GET /cormun/servlet/solicitudotadjuntos?a9dc2ec719eff3cf00167b9aaf38b05409ffaa64508cd8b161f6795d678fa340867550c72ef31b6d0dba8bb148c2b5a0,gx-no-cache=1456417171372 HTTP/1.1" 200 30
200.111.191.210 - - [25/Feb/2016:13:19:20 -0300] "POST /cormun/servlet/solicitudotadjuntos?f561cf82537fc9edc29ffcad7e12c22c,INS,2016,140,,1,,gx-no-cache=1456417171405 HTTP/1.1" 200 3315
200.111.191.210 - - [25/Feb/2016:13:19:22 -0300] "POST /cormun/servlet/solicitudotadjuntos?gx-no-cache=1456417174134 HTTP/1.1" 200 26
186.103.159.230 - - [25/Feb/2016:13:19:27 -0300] "POST /cormun/servlet/prfichaempleado?eeb9d006a4e9a71fdf693afca94870fb,,MD,,gxPopupLevel%3D0%3B,gx-no-cache=1456417193438 HTTP/1.1" 200 2657
200.111.191.210 - - [25/Feb/2016:13:19:28 -0300] "GET /cormun/servlet/solicitudotadjuntos?a9dc2ec719eff3cf00167b9aaf38b054ef16d0e8bc902605faf7e0834af1beef,gx-no-cache=1456417180381 HTTP/1.1" 200 30
200.111.191.210 - - [25/Feb/2016:13:19:28 -0300] "GET /cormun/servlet/solicitudotadjuntos?a9dc2ec719eff3cf00167b9aaf38b054ef16d0e8bc902605faf7e0834af1beef,gx-no-cache=1456417180381 HTTP/1.1" 200 30
200.111.191.210 - - [25/Feb/2016:13:19:30 -0300] "POST /cormun/servlet/solicitudotadjuntos?f561cf82537fc9edc29ffcad7e12c22c,INS,2016,140,,1, HTTP/1.1" 200 116
200.111.191.210 - - [25/Feb/2016:13:19:30 -0300] "GET /cormun/servlet/hpexe_return? HTTP/1.1" 200 1025
200.111.191.210 - - [25/Feb/2016:13:19:30 -0300] "GET /cormun/servlet/trsolicitudadjuntos?2016,140, HTTP/1.1" 200 7748
192.168.10.98 - - [25/Feb/2016:13:19:31 -0300] "GET /cormun/servlet/trtipodocumento?3, HTTP/1.1" 200 6152
200.111.191.210 - - [25/Feb/2016:13:19:31 -0300] "GET /cormun/servlet/trsolicitudadjuntos?2016,140, HTTP/1.1" 200 7747
200.111.191.210 - - [25/Feb/2016:13:19:33 -0300] "GET /cormun/servlet/solicitudotadjuntos?INS,2016,140,,1, HTTP/1.1" 200 5367
200.111.191.210 - - [25/Feb/2016:13:19:33 -0300] "GET /cormun/static/about:blank HTTP/1.1" 404 1011
200.111.191.210 - - [25/Feb/2016:13:19:33 -0300] "GET /cormun/servlet/solicitudotadjuntos?INS,2016,140,,1, HTTP/1.1" 200 5361
200.111.191.210 - - [25/Feb/2016:13:19:34 -0300] "GET /cormun/servlet/solicitudotadjuntos?a9dc2ec719eff3cf00167b9aaf38b05409ffaa64508cd8b161f6795d678fa340867550c72ef31b6d0dba8bb148c2b5a0,gx-no-cache=1456417185519 HTTP/1.1" 200 30
200.111.191.210 - - [25/Feb/2016:13:19:34 -0300] "POST /cormun/servlet/solicitudotadjuntos?f561cf82537fc9edc29ffcad7e12c22c,INS,2016,140,,1,,gx-no-cache=1456417185917 HTTP/1.1" 200 3315
192.168.10.98 - - [25/Feb/2016:13:19:38 -0300] "GET /cormun/servlet/tipocalculodocumento?UPD,3,CERTIF2, HTTP/1.1" 200 5625
200.111.191.210 - - [25/Feb/2016:13:19:40 -0300] "POST /cormun/servlet/solicitudotadjuntos?gx-no-cache=1456417191499 HTTP/1.1" 200 26
192.168.10.98 - - [25/Feb/2016:13:19:41 -0300] "GET /cormun/servlet/tipocalculodocumento?cc6ea3ac959f241dd3d99fb1b9322d528909269a6ee7fc05ffd9f65083bb3ebc46905195f8bae0e995bbebecc200df333f41881943ef6706c5c725a6c04d2eea,gx-no-cache=1456416936798 HTTP/1.1" 200 51
186.103.159.230 - - [25/Feb/2016:13:19:44 -0300] "GET /cormun/servlet/prfichaempleado?,MD,,gxPopupLevel%3D0%3B HTTP/1.1" 200 7866
186.103.159.230 - - [25/Feb/2016:13:19:44 -0300] "GET /cormun/static/scaMessage/css/jquery-ui.css?104140 HTTP/1.1" 404 1045
200.111.191.210 - - [25/Feb/2016:13:19:46 -0300] "GET /cormun/servlet/solicitudotadjuntos?a9dc2ec719eff3cf00167b9aaf38b054ef16d0e8bc902605faf7e0834af1beef,gx-no-cache=1456417197598 HTTP/1.1" 200 30
200.111.191.210 - - [25/Feb/2016:13:19:46 -0300] "GET /cormun/servlet/solicitudotadjuntos?a9dc2ec719eff3cf00167b9aaf38b054ef16d0e8bc902605faf7e0834af1beef,gx-no-cache=1456417197618 HTTP/1.1" 200 30
192.168.10.98 - - [25/Feb/2016:13:19:46 -0300] "POST /cormun/servlet/tipocalculodocumento?2732cb0c4ddf82d790888e6b71647193,UPD,3,CERTIF2,,gx-no-cache=1456416941487 HTTP/1.1" 200 93
192.168.10.98 - - [25/Feb/2016:13:19:46 -0300] "GET /cormun/servlet/hpexe_return? HTTP/1.1" 200 1020
192.168.10.98 - - [25/Feb/2016:13:19:46 -0300] "GET /cormun/servlet/trtipodocumento?3, HTTP/1.1" 200 6157
200.111.191.210 - - [25/Feb/2016:13:19:46 -0300] "POST /cormun/servlet/solicitudotadjuntos?f561cf82537fc9edc29ffcad7e12c22c,INS,2016,140,,1, HTTP/1.1" 200 116
200.111.191.210 - - [25/Feb/2016:13:19:47 -0300] "GET /cormun/servlet/hpexe_return? HTTP/1.1" 200 1025
200.111.191.210 - - [25/Feb/2016:13:19:47 -0300] "GET /cormun/servlet/trsolicitudadjuntos?2016,140, HTTP/1.1" 200 7841
200.111.191.210 - - [25/Feb/2016:13:19:48 -0300] "GET /cormun/servlet/trsolicitudadjuntos?2016,140, HTTP/1.1" 200 7837
192.168.10.98 - - [25/Feb/2016:13:19:48 -0300] "GET /cormun/servlet/hpexe_return? HTTP/1.1" 200 1016
192.168.10.98 - - [25/Feb/2016:13:19:49 -0300] "GET /cormun/servlet/trtipocalculo HTTP/1.1" 200 5921
192.168.10.98 - - [25/Feb/2016:13:19:52 -0300] "POST /cormun/servlet/trtipocalculo?2732cb0c4ddf82d790888e6b71647193,gx-no-cache=1456416948207 HTTP/1.1" 200 90
192.168.10.98 - - [25/Feb/2016:13:19:52 -0300] "GET /cormun/servlet/hpexe_link HTTP/1.1" 200 952
192.168.10.98 - - [25/Feb/2016:13:19:53 -0300] "GET /cormun/servlet/hhome HTTP/1.1" 200 3788
200.111.191.210 - - [25/Feb/2016:13:19:54 -0300] "GET /cormun/servlet/solicitudotadjuntos?INS,2016,140,,2, HTTP/1.1" 200 5366
200.111.191.210 - - [25/Feb/2016:13:19:54 -0300] "GET /cormun/static/about:blank HTTP/1.1" 404 1011
200.111.191.210 - - [25/Feb/2016:13:19:54 -0300] "GET /cormun/servlet/solicitudotadjuntos?INS,2016,140,,2, HTTP/1.1" 200 5360
200.111.191.210 - - [25/Feb/2016:13:19:54 -0300] "GET /cormun/servlet/solicitudotadjuntos?a9dc2ec719eff3cf00167b9aaf38b05409ffaa64508cd8b161f6795d678fa340867550c72ef31b6d0dba8bb148c2b5a0,gx-no-cache=1456417206410 HTTP/1.1" 200 30
200.111.191.210 - - [25/Feb/2016:13:19:55 -0300] "POST /cormun/servlet/solicitudotadjuntos?f561cf82537fc9edc29ffcad7e12c22c,INS,2016,140,,2,,gx-no-cache=1456417206446 HTTP/1.1" 200 3450
192.168.10.98 - - [25/Feb/2016:13:19:55 -0300] "GET /cormun/servlet/trtipodocumentosadjuntos? HTTP/1.1" 200 7016
192.168.10.98 - - [25/Feb/2016:13:20:03 -0300] "GET /cormun/servlet/tipodocumentosadjuntos?UPD,CERTIF2, HTTP/1.1" 200 5153
192.168.10.98 - - [25/Feb/2016:13:20:03 -0300] "GET /cormun/static/gxcfg.js?2015112118244572 HTTP/1.1" 200 953
192.168.10.98 - - [25/Feb/2016:13:20:03 -0300] "GET /cormun/static/tipodocumentosadjuntos.js?2015112118244590 HTTP/1.1" 200 8031
186.103.159.189 - - [25/Feb/2016:13:20:07 -0300] "GET /cormun/servlet/trsolicitudot? HTTP/1.1" 200 6069
186.103.159.189 - - [25/Feb/2016:13:20:10 -0300] "GET /cormun/servlet/trsolicitudot? HTTP/1.1" 200 6069
186.103.159.230 - - [25/Feb/2016:13:20:17 -0300] "GET /cormun/servlet/prfichaempleado?d6f6a7f6a0371bde55f94413925641be0725d9ef71e70acee7bae03d23f7705ed38f93517b2a983abb880ee7c2f465a70e67b4296a2a1c990526d115671bc540,gx-no-cache=1456417244474 HTTP/1.1" 200 460
191.112.59.125 - - [25/Feb/2016:13:20:22 -0300] "GET /cormun/servlet/solicitudot?INS,0,0, HTTP/1.1" 200 12048
200.111.191.210 - - [25/Feb/2016:13:20:23 -0300] "POST /cormun/servlet/solicitudotadjuntos?gx-no-cache=1456417234960 HTTP/1.1" 200 26
191.112.59.125 - - [25/Feb/2016:13:20:25 -0300] "GET /cormun/servlet/solicitudot?INS,0,0, HTTP/1.1" 200 12052
191.112.59.125 - - [25/Feb/2016:13:20:29 -0300] "GET /cormun/servlet/trsolicitudot? HTTP/1.1" 200 7404
200.111.191.210 - - [25/Feb/2016:13:20:30 -0300] "GET /cormun/servlet/solicitudotadjuntos?a9dc2ec719eff3cf00167b9aaf38b054ef16d0e8bc902605faf7e0834af1beef,gx-no-cache=1456417241719 HTTP/1.1" 200 30
200.111.191.210 - - [25/Feb/2016:13:20:30 -0300] "GET /cormun/servlet/solicitudotadjuntos?a9dc2ec719eff3cf00167b9aaf38b054ef16d0e8bc902605faf7e0834af1beef,gx-no-cache=1456417241732 HTTP/1.1" 200 30
200.111.191.210 - - [25/Feb/2016:13:20:31 -0300] "POST /cormun/servlet/solicitudotadjuntos?f561cf82537fc9edc29ffcad7e12c22c,INS,2016,140,,2, HTTP/1.1" 200 116
200.111.191.210 - - [25/Feb/2016:13:20:31 -0300] "GET /cormun/servlet/hpexe_return? HTTP/1.1" 200 1025
200.111.191.210 - - [25/Feb/2016:13:20:31 -0300] "GET /cormun/servlet/trsolicitudadjuntos?2016,140, HTTP/1.1" 200 8023
191.112.59.125 - - [25/Feb/2016:13:20:32 -0300] "GET /cormun/servlet/trsolicitudot? HTTP/1.1" 200 7403
200.111.191.210 - - [25/Feb/2016:13:20:33 -0300] "GET /cormun/servlet/trsolicitudadjuntos?2016,140, HTTP/1.1" 200 8024
192.168.10.98 - - [25/Feb/2016:13:20:36 -0300] "POST /cormun/servlet/tipodocumentosadjuntos?2732cb0c4ddf82d790888e6b71647193,UPD,CERTIF2,,gx-no-cache=1456416992110 HTTP/1.1" 200 93
192.168.10.98 - - [25/Feb/2016:13:20:36 -0300] "GET /cormun/servlet/hpexe_return? HTTP/1.1" 200 1016
192.168.10.98 - - [25/Feb/2016:13:20:37 -0300] "GET /cormun/servlet/trtipodocumentosadjuntos HTTP/1.1" 200 7031
192.168.10.98 - - [25/Feb/2016:13:20:40 -0300] "POST /cormun/servlet/trtipodocumentosadjuntos?2732cb0c4ddf82d790888e6b71647193,gx-no-cache=1456416995697 HTTP/1.1" 200 90
192.168.10.98 - - [25/Feb/2016:13:20:40 -0300] "GET /cormun/servlet/hpexe_link HTTP/1.1" 200 959
192.168.10.98 - - [25/Feb/2016:13:20:40 -0300] "GET /cormun/servlet/hhome HTTP/1.1" 200 3788
192.168.10.98 - - [25/Feb/2016:13:20:42 -0300] "GET /cormun/servlet/trtipocalculo? HTTP/1.1" 200 5918
192.168.10.98 - - [25/Feb/2016:13:20:45 -0300] "GET /cormun/servlet/trtipodocumento?3, HTTP/1.1" 200 6169
192.168.10.98 - - [25/Feb/2016:13:21:01 -0300] "GET /cormun/servlet/trtipocalculo? HTTP/1.1" 200 5918
200.111.191.210 - - [25/Feb/2016:13:21:01 -0300] "POST /cormun/servlet/acontrolpreferencessavestate?None,CA-7,true HTTP/1.1" 200 35
200.111.191.210 - - [25/Feb/2016:13:21:03 -0300] "POST /cormun/servlet/acontrolpreferencessavestate?None,CA-7,true HTTP/1.1" 200 35
200.111.191.210 - - [25/Feb/2016:13:21:06 -0300] "GET /cormun/servlet/trsolicitudot? HTTP/1.1" 200 7356
200.111.191.210 - - [25/Feb/2016:13:21:07 -0300] "GET /cormun/servlet/trsolicitudot? HTTP/1.1" 200 7350
192.168.10.98 - - [25/Feb/2016:13:21:07 -0300] "GET /cormun/servlet/trtipodocumento?6, HTTP/1.1" 200 5804
200.111.191.210 - - [25/Feb/2016:13:21:10 -0300] "GET /cormun/servlet/solicitudot?INS,0,0, HTTP/1.1" 200 12004
192.168.10.98 - - [25/Feb/2016:13:21:10 -0300] "GET /cormun/servlet/trtipocalculo? HTTP/1.1" 200 5918
200.111.191.210 - - [25/Feb/2016:13:21:11 -0300] "GET /cormun/servlet/solicitudot?INS,0,0, HTTP/1.1" 200 12008
192.168.10.98 - - [25/Feb/2016:13:21:15 -0300] "GET /cormun/servlet/trtipodocumento?1, HTTP/1.1" 200 5861
192.168.10.98 - - [25/Feb/2016:13:21:20 -0300] "GET /cormun/servlet/tipocalculodocumento?INS,1,, HTTP/1.1" 200 5571
192.168.10.98 - - [25/Feb/2016:13:21:21 -0300] "GET /cormun/servlet/tipocalculodocumento?cc6ea3ac959f241dd3d99fb1b9322d524217f69a2e614b029f84aa9a5cee41badf909118404fb3278068ae2c7467e348ea72d49b4e1a4740801f9e7df0c76d2e,gx-no-cache=1456417036543 HTTP/1.1" 200 49
192.168.10.98 - - [25/Feb/2016:13:21:26 -0300] "POST /cormun/servlet/tipocalculodocumento?gx-no-cache=1456417041425 HTTP/1.1" 200 26
192.168.10.98 - - [25/Feb/2016:13:21:26 -0300] "POST /cormun/servlet/tipocalculodocumento?gx-no-cache=1456417041455 HTTP/1.1" 200 26
192.168.10.98 - - [25/Feb/2016:13:21:27 -0300] "POST /cormun/servlet/tipocalculodocumento?2732cb0c4ddf82d790888e6b71647193,INS,1,,,gx-no-cache=1456417042383 HTTP/1.1" 200 93
192.168.10.98 - - [25/Feb/2016:13:21:27 -0300] "GET /cormun/servlet/hpexe_return? HTTP/1.1" 200 1013
192.168.10.98 - - [25/Feb/2016:13:21:27 -0300] "GET /cormun/servlet/trtipodocumento?1, HTTP/1.1" 200 5948
192.168.10.98 - - [25/Feb/2016:13:21:30 -0300] "GET /cormun/servlet/tipocalculodocumento?INS,1,, HTTP/1.1" 200 5571
192.168.10.98 - - [25/Feb/2016:13:21:31 -0300] "GET /cormun/servlet/tipocalculodocumento?cc6ea3ac959f241dd3d99fb1b9322d524217f69a2e614b029f84aa9a5cee41badf909118404fb3278068ae2c7467e348ea72d49b4e1a4740801f9e7df0c76d2e,gx-no-cache=1456417046821 HTTP/1.1" 200 49
192.168.10.98 - - [25/Feb/2016:13:21:33 -0300] "POST /cormun/servlet/tipocalculodocumento?gx-no-cache=1456417048974 HTTP/1.1" 200 26
192.168.10.98 - - [25/Feb/2016:13:21:33 -0300] "POST /cormun/servlet/tipocalculodocumento?gx-no-cache=1456417049001 HTTP/1.1" 200 26
192.168.10.98 - - [25/Feb/2016:13:21:34 -0300] "POST /cormun/servlet/tipocalculodocumento?2732cb0c4ddf82d790888e6b71647193,INS,1,,,gx-no-cache=1456417049862 HTTP/1.1" 200 93
192.168.10.98 - - [25/Feb/2016:13:21:34 -0300] "GET /cormun/servlet/hpexe_return? HTTP/1.1" 200 1013
192.168.10.98 - - [25/Feb/2016:13:21:34 -0300] "GET /cormun/servlet/trtipodocumento?1, HTTP/1.1" 200 6026
192.168.10.98 - - [25/Feb/2016:13:21:38 -0300] "GET /cormun/servlet/tipocalculodocumento?INS,1,, HTTP/1.1" 200 5571
192.168.10.98 - - [25/Feb/2016:13:21:39 -0300] "GET /cormun/servlet/tipocalculodocumento?cc6ea3ac959f241dd3d99fb1b9322d524217f69a2e614b029f84aa9a5cee41badf909118404fb3278068ae2c7467e348ea72d49b4e1a4740801f9e7df0c76d2e,gx-no-cache=1456417054279 HTTP/1.1" 200 49
192.168.10.98 - - [25/Feb/2016:13:21:49 -0300] "POST /cormun/servlet/tipocalculodocumento?gx-no-cache=1456417064700 HTTP/1.1" 200 26
192.168.10.98 - - [25/Feb/2016:13:21:49 -0300] "POST /cormun/servlet/tipocalculodocumento?gx-no-cache=1456417064728 HTTP/1.1" 200 26
192.168.10.98 - - [25/Feb/2016:13:21:50 -0300] "POST /cormun/servlet/tipocalculodocumento?2732cb0c4ddf82d790888e6b71647193,INS,1,,,gx-no-cache=1456417065898 HTTP/1.1" 200 93
192.168.10.98 - - [25/Feb/2016:13:21:50 -0300] "GET /cormun/servlet/hpexe_return? HTTP/1.1" 200 1013
192.168.10.98 - - [25/Feb/2016:13:21:51 -0300] "GET /cormun/servlet/trtipodocumento?1, HTTP/1.1" 200 6102
192.168.10.98 - - [25/Feb/2016:13:21:58 -0300] "GET /cormun/servlet/tipocalculodocumento?INS,1,, HTTP/1.1" 200 5571
192.168.10.98 - - [25/Feb/2016:13:21:59 -0300] "GET /cormun/servlet/tipocalculodocumento?cc6ea3ac959f241dd3d99fb1b9322d524217f69a2e614b029f84aa9a5cee41badf909118404fb3278068ae2c7467e348ea72d49b4e1a4740801f9e7df0c76d2e,gx-no-cache=1456417074398 HTTP/1.1" 200 49
