192.168.10.99 - - [25/Feb/2016:12:35:58 -0300] "POST /cormun/servlet/securityusers?d4ce3d212999a0b13ceb4893471b1394,UPD,24,,gx-no-cache=1456414314339 HTTP/1.1" 200 93
192.168.10.99 - - [25/Feb/2016:12:35:58 -0300] "GET /cormun/servlet/hpexe_return? HTTP/1.1" 200 1005
192.168.10.99 - - [25/Feb/2016:12:35:59 -0300] "GET /cormun/servlet/trsecurityuser01 HTTP/1.1" 200 8564
192.168.10.89 - - [25/Feb/2016:12:35:59 -0300] "POST /cormun/servlet/prfichaempleado?26f4725b4fd76d3e089de0e9bb8b3088,,MD,,gxPopupLevel%3D0%3B,gx-no-cache=1456414314777 HTTP/1.1" 200 2803
192.168.10.99 - - [25/Feb/2016:12:35:59 -0300] "GET /cormun/servlet/trsecurityuser01 HTTP/1.1" 200 8560
192.168.10.99 - - [25/Feb/2016:12:36:02 -0300] "GET /cormun/servlet/securityusers?UPD,10, HTTP/1.1" 200 6532
192.168.10.99 - - [25/Feb/2016:12:36:02 -0300] "GET /cormun/servlet/securityusers?UPD,10, HTTP/1.1" 200 6531
192.168.10.99 - - [25/Feb/2016:12:36:05 -0300] "POST /cormun/servlet/securityusers?d4ce3d212999a0b13ceb4893471b1394,UPD,10,,gx-no-cache=1456414321254 HTTP/1.1" 200 93
192.168.10.99 - - [25/Feb/2016:12:36:05 -0300] "GET /cormun/servlet/hpexe_return? HTTP/1.1" 200 1005
192.168.10.99 - - [25/Feb/2016:12:36:06 -0300] "GET /cormun/servlet/trsecurityuser01 HTTP/1.1" 200 8564
192.168.10.99 - - [25/Feb/2016:12:36:06 -0300] "GET /cormun/servlet/trsecurityuser01 HTTP/1.1" 200 8560
192.168.10.89 - - [25/Feb/2016:12:36:07 -0300] "POST /cormun/servlet/solicitudot?gx-no-cache=1456414322316 HTTP/1.1" 200 2768
192.168.10.89 - - [25/Feb/2016:12:36:07 -0300] "POST /cormun/servlet/solicitudot?26f4725b4fd76d3e089de0e9bb8b3088,INS,0,0,,gx-no-cache=1456414322475 HTTP/1.1" 200 9513
192.168.10.99 - - [25/Feb/2016:12:36:08 -0300] "GET /cormun/servlet/securityusers?UPD,36, HTTP/1.1" 200 6527
192.168.10.99 - - [25/Feb/2016:12:36:08 -0300] "GET /cormun/servlet/securityusers?UPD,36, HTTP/1.1" 200 6527
191.112.59.125 - - [25/Feb/2016:12:36:09 -0300] "GET /cormun/servlet/solicitudot?843d8b18d675e67942b4b829b2fcb7438bc186772c1dc7caf1e308a291a1cc9da517882d804f80ff4d97e41d60f78dd632881a90f7877bf66aaed65ddd01daed2b7d98ba4ad596ce35ddfb1696669f252ef457b0194931ff921031f22439c42db3198cc32a65cdae4ea6ee84823d9ceb1c7c0558947e69591831a72f66f50fe1dcf35dcb359e15fad05200f78821a2fe6effa98ccfc9428ff4b6fe4811cca601c8c20874c8d9b0bb7094eec0d98e6911,gx-no-cache=1456414596433 HTTP/1.1" 200 30
192.168.10.99 - - [25/Feb/2016:12:36:15 -0300] "POST /cormun/servlet/securityusers?d4ce3d212999a0b13ceb4893471b1394,UPD,36,,gx-no-cache=1456414331052 HTTP/1.1" 200 93
192.168.10.99 - - [25/Feb/2016:12:36:15 -0300] "GET /cormun/servlet/hpexe_return? HTTP/1.1" 200 1005
192.168.10.99 - - [25/Feb/2016:12:36:15 -0300] "GET /cormun/servlet/trsecurityuser01 HTTP/1.1" 200 8563
192.168.10.99 - - [25/Feb/2016:12:36:16 -0300] "GET /cormun/servlet/trsecurityuser01 HTTP/1.1" 200 8559
192.168.10.99 - - [25/Feb/2016:12:36:18 -0300] "POST /cormun/servlet/trsecurityuser01?d4ce3d212999a0b13ceb4893471b1394,gx-no-cache=1456414334306 HTTP/1.1" 200 6131
192.168.10.99 - - [25/Feb/2016:12:36:19 -0300] "POST /cormun/servlet/trsecurityuser01?d4ce3d212999a0b13ceb4893471b1394,gx-no-cache=1456414334514 HTTP/1.1" 200 7622
186.103.248.189 - - [25/Feb/2016:12:36:21 -0300] "GET /cormun/servlet/trsolicitudot?e41aadb08f6dfd7c84acc7369e3b6bc48f83fa8f114255b16370636296304d5b2225ae676d5d4e2d046aa45a17f33513d8be7955644dc6ec44784112562dbcf1b6feb2220bf2e104cbd1f4af0ed26b3e9d68bc8bd9cbfa3f832d9c15a090b094,gx-no-cache=1456414657589 HTTP/1.1" 200 720
192.168.10.99 - - [25/Feb/2016:12:36:23 -0300] "GET /cormun/servlet/securityusers?UPD,25, HTTP/1.1" 200 6532
192.168.10.99 - - [25/Feb/2016:12:36:24 -0300] "GET /cormun/servlet/securityusers?UPD,25, HTTP/1.1" 200 6532
192.168.10.99 - - [25/Feb/2016:12:36:28 -0300] "POST /cormun/servlet/securityusers?d4ce3d212999a0b13ceb4893471b1394,UPD,25,,gx-no-cache=1456414343695 HTTP/1.1" 200 93
192.168.10.99 - - [25/Feb/2016:12:36:28 -0300] "GET /cormun/servlet/hpexe_return? HTTP/1.1" 200 1028
191.112.59.125 - - [25/Feb/2016:12:36:28 -0300] "POST /cormun/servlet/solicitudot?28dd0106d76c6d8a40d1947298f92ee5,INS,0,0,,gx-no-cache=1456414614837 HTTP/1.1" 200 10432
186.103.248.189 - - [25/Feb/2016:12:36:28 -0300] "GET /cormun/servlet/trsolicitudot?e41aadb08f6dfd7c84acc7369e3b6bc45d10959e645dccd0369e2f6742e9c5cf452b4e6be1f43a232c6cf63f51a289549ccf59585a189104048c1b9f72dfd6b943e485cc64e6616201b24c7866d0975fc6d639f04344fabdc8f9a0903a2878bb,gx-no-cache=1456414664512 HTTP/1.1" 200 720
192.168.10.99 - - [25/Feb/2016:12:36:28 -0300] "GET /cormun/servlet/trsecurityuser01?gx-no-cache=1456414334514 HTTP/1.1" 200 9980
192.168.10.99 - - [25/Feb/2016:12:36:29 -0300] "GET /cormun/servlet/trsecurityuser01?gx-no-cache=1456414334514 HTTP/1.1" 200 9996
192.168.10.89 - - [25/Feb/2016:12:36:29 -0300] "GET /cormun/servlet/solicitudot?64ba76b609b038e5cd7e8c5d6c0f3361d25d111bc5745ac6f4d5dc8a68fe34c2a030c6d71d632902772cd45d707f569b,gx-no-cache=1456414344482 HTTP/1.1" 200 30
192.168.10.89 - - [25/Feb/2016:12:36:29 -0300] "POST /cormun/servlet/solicitudot?gx-no-cache=1456414344530 HTTP/1.1" 200 30
192.168.10.89 - - [25/Feb/2016:12:36:32 -0300] "POST /cormun/servlet/solicitudot?gx-no-cache=1456414347883 HTTP/1.1" 200 122
192.168.10.89 - - [25/Feb/2016:12:36:32 -0300] "GET /cormun/static/Shared/jqueryui/images/ui-icons_ebccce_256x240.png HTTP/1.1" 404 1089
192.168.10.89 - - [25/Feb/2016:12:36:32 -0300] "GET /cormun/static/Shared/jqueryui/images/ui-icons_82798d_256x240.png HTTP/1.1" 404 1089
192.168.10.89 - - [25/Feb/2016:12:36:32 -0300] "GET /cormun/static/Shared/jqueryui/images/ui-bg_flat_55_994d53_40x100.png HTTP/1.1" 404 1097
192.168.10.89 - - [25/Feb/2016:12:36:32 -0300] "GET /cormun/static/Shared/jqueryui/images/ui-bg_highlight-soft_100_c6c2c8_1x100.png HTTP/1.1" 404 1117
192.168.10.99 - - [25/Feb/2016:12:36:33 -0300] "GET /cormun/servlet/securityusers?UPD,33, HTTP/1.1" 200 6548
192.168.10.99 - - [25/Feb/2016:12:36:34 -0300] "GET /cormun/servlet/securityusers?UPD,33, HTTP/1.1" 200 6526
186.103.248.189 - - [25/Feb/2016:12:36:37 -0300] "GET /cormun/servlet/trsolicitudot?e41aadb08f6dfd7c84acc7369e3b6bc4e41c50f3d9f33de06082eea4b53f691f6d2ab64c403839c901b0b768c528940a409eba70530669d75193cbba27a0c5453d40093940168869c6414230d6ce3396dda23c3ba4aa13b2b735d5a5d06cd1b2,gx-no-cache=1456414673689 HTTP/1.1" 200 720
186.103.248.189 - - [25/Feb/2016:12:36:38 -0300] "POST /cormun/servlet/trsolicitudot?77f1a510c677e7938ff93314569076f1,,gx-no-cache=1456414673910 HTTP/1.1" 200 3442
192.168.10.99 - - [25/Feb/2016:12:36:38 -0300] "POST /cormun/servlet/securityusers?d4ce3d212999a0b13ceb4893471b1394,UPD,33,,gx-no-cache=1456414354290 HTTP/1.1" 200 93
192.168.10.99 - - [25/Feb/2016:12:36:38 -0300] "GET /cormun/servlet/hpexe_return? HTTP/1.1" 200 1028
192.168.10.99 - - [25/Feb/2016:12:36:39 -0300] "GET /cormun/servlet/trsecurityuser01?gx-no-cache=1456414334514 HTTP/1.1" 200 9982
192.168.10.99 - - [25/Feb/2016:12:36:39 -0300] "GET /cormun/servlet/trsecurityuser01?gx-no-cache=1456414334514 HTTP/1.1" 200 9998
192.168.10.89 - - [25/Feb/2016:12:36:43 -0300] "POST /cormun/servlet/solicitudot?26f4725b4fd76d3e089de0e9bb8b3088,INS,0,0,,gx-no-cache=1456414358660 HTTP/1.1" 200 93
192.168.10.89 - - [25/Feb/2016:12:36:43 -0300] "GET /cormun/servlet/hpexe_return? HTTP/1.1" 200 1008
192.168.10.89 - - [25/Feb/2016:12:36:43 -0300] "GET /cormun/servlet/trsolicitudot HTTP/1.1" 200 6102
192.168.10.99 - - [25/Feb/2016:12:36:44 -0300] "GET /cormun/servlet/securityusers?UPD,32, HTTP/1.1" 200 6553
192.168.10.99 - - [25/Feb/2016:12:36:44 -0300] "GET /cormun/servlet/securityusers?UPD,32, HTTP/1.1" 200 6532
192.168.10.99 - - [25/Feb/2016:12:36:48 -0300] "POST /cormun/servlet/securityusers?d4ce3d212999a0b13ceb4893471b1394,UPD,32,,gx-no-cache=1456414363537 HTTP/1.1" 200 93
192.168.10.99 - - [25/Feb/2016:12:36:48 -0300] "GET /cormun/servlet/hpexe_return? HTTP/1.1" 200 1028
192.168.10.99 - - [25/Feb/2016:12:36:48 -0300] "GET /cormun/servlet/trsecurityuser01?gx-no-cache=1456414334514 HTTP/1.1" 200 9980
192.168.10.99 - - [25/Feb/2016:12:36:48 -0300] "GET /cormun/servlet/trsecurityuser01?gx-no-cache=1456414334514 HTTP/1.1" 200 9997
186.103.248.189 - - [25/Feb/2016:12:36:51 -0300] "POST /cormun/servlet/trsolicitudot?77f1a510c677e7938ff93314569076f1,,gx-no-cache=1456414687434 HTTP/1.1" 200 3443
192.168.10.99 - - [25/Feb/2016:12:36:54 -0300] "GET /cormun/servlet/securityusers?UPD,3805, HTTP/1.1" 200 6568
186.103.248.189 - - [25/Feb/2016:12:36:54 -0300] "GET /cormun/servlet/trsolicitudot?e41aadb08f6dfd7c84acc7369e3b6bc44b63196ec8059c47a2660acc3079c58bda5175fd9cd171f2afef2ff6786f72561fc6d4aa60c092dadd1d79fc2deda7a3414f1e3160ebc6eec6a2ec1a875b8bdc8fd638a4624efbc56a94b3ded16eee78,gx-no-cache=1456414690377 HTTP/1.1" 200 720
192.168.10.99 - - [25/Feb/2016:12:36:54 -0300] "GET /cormun/servlet/securityusers?UPD,3805, HTTP/1.1" 200 6547
186.103.248.189 - - [25/Feb/2016:12:36:56 -0300] "GET /cormun/servlet/trsolicitudot?e41aadb08f6dfd7c84acc7369e3b6bc4839ecb3ff08d6c9c290258f3bbbdb56d3fdc9a2fa9d0c592c33738aeea65b573b222196f039b655d6a13c85a0c52a66e26f382d6c717df33b8bf483a9adc2c4a,gx-no-cache=1456414692516 HTTP/1.1" 200 720
192.168.10.99 - - [25/Feb/2016:12:36:58 -0300] "POST /cormun/servlet/securityusers?d4ce3d212999a0b13ceb4893471b1394,UPD,3805,,gx-no-cache=1456414373692 HTTP/1.1" 200 93
186.103.248.189 - - [25/Feb/2016:12:36:58 -0300] "GET /cormun/servlet/trsolicitudot?e41aadb08f6dfd7c84acc7369e3b6bc47c77bc58ad5bfc6d0e6174b8355e93bc456c188d53cecb41671549d32d3cbcd593215ad40a3c0ec49becd1e8cbcfc5907441fb6dbca4af7ce80fc106f7e113dda678d7a3f794261ae7c987eacee00230,gx-no-cache=1456414694280 HTTP/1.1" 200 720
192.168.10.99 - - [25/Feb/2016:12:36:58 -0300] "GET /cormun/servlet/hpexe_return? HTTP/1.1" 200 1029
192.168.10.99 - - [25/Feb/2016:12:36:58 -0300] "GET /cormun/servlet/trsecurityuser01?gx-no-cache=1456414334514 HTTP/1.1" 200 9980
186.103.248.189 - - [25/Feb/2016:12:36:58 -0300] "POST /cormun/servlet/trsolicitudot?77f1a510c677e7938ff93314569076f1,,gx-no-cache=1456414694545 HTTP/1.1" 200 3442
192.168.10.99 - - [25/Feb/2016:12:36:59 -0300] "GET /cormun/servlet/trsecurityuser01?gx-no-cache=1456414334514 HTTP/1.1" 200 9997
192.168.10.99 - - [25/Feb/2016:12:37:05 -0300] "GET /cormun/servlet/securityusers?UPD,5, HTTP/1.1" 200 6557
192.168.10.99 - - [25/Feb/2016:12:37:06 -0300] "GET /cormun/servlet/securityusers?UPD,5, HTTP/1.1" 200 6536
186.103.248.189 - - [25/Feb/2016:12:37:06 -0300] "GET /cormun/servlet/hlogin HTTP/1.1" 200 1712
192.168.10.99 - - [25/Feb/2016:12:37:08 -0300] "POST /cormun/servlet/securityusers?d4ce3d212999a0b13ceb4893471b1394,UPD,5,,gx-no-cache=1456414384045 HTTP/1.1" 200 93
192.168.10.99 - - [25/Feb/2016:12:37:08 -0300] "GET /cormun/servlet/hpexe_return? HTTP/1.1" 200 1027
192.168.10.99 - - [25/Feb/2016:12:37:08 -0300] "GET /cormun/servlet/trsecurityuser01?gx-no-cache=1456414334514 HTTP/1.1" 200 9980
192.168.10.99 - - [25/Feb/2016:12:37:09 -0300] "GET /cormun/servlet/trsecurityuser01?gx-no-cache=1456414334514 HTTP/1.1" 200 9997
192.168.10.99 - - [25/Feb/2016:12:37:16 -0300] "GET /cormun/servlet/securityusers?UPD,3809, HTTP/1.1" 200 6570
192.168.10.99 - - [25/Feb/2016:12:37:16 -0300] "GET /cormun/servlet/securityusers?UPD,3809, HTTP/1.1" 200 6550
192.168.10.99 - - [25/Feb/2016:12:37:19 -0300] "POST /cormun/servlet/securityusers?d4ce3d212999a0b13ceb4893471b1394,UPD,3809,,gx-no-cache=1456414394690 HTTP/1.1" 200 93
192.168.10.99 - - [25/Feb/2016:12:37:19 -0300] "GET /cormun/servlet/hpexe_return? HTTP/1.1" 200 1029
192.168.10.99 - - [25/Feb/2016:12:37:19 -0300] "GET /cormun/servlet/trsecurityuser01?gx-no-cache=1456414334514 HTTP/1.1" 200 9980
192.168.10.99 - - [25/Feb/2016:12:37:20 -0300] "GET /cormun/servlet/trsecurityuser01?gx-no-cache=1456414334514 HTTP/1.1" 200 9997
186.103.248.189 - - [25/Feb/2016:12:37:21 -0300] "GET /cormun/Manuales/manual.pdf HTTP/1.1" 200 850295
192.168.10.89 - - [25/Feb/2016:12:37:23 -0300] "GET /cormun/servlet/solicitudot?INS,0,0, HTTP/1.1" 200 12018
192.168.10.89 - - [25/Feb/2016:12:37:26 -0300] "GET /cormun/servlet/prfichaempleado?,MD,,gxPopupLevel%3D0%3B HTTP/1.1" 200 7848
192.168.10.89 - - [25/Feb/2016:12:37:30 -0300] "GET /cormun/servlet/prfichaempleado?66fd78fd503a418b1d2ba8f4ca36ec8068b268d79ebd66d405e4f5c9e254c1b9e6e8958e3634469c9b59e6263229133871f22d12be8cf91b8eded26cb25526a9,gx-no-cache=1456414405301 HTTP/1.1" 200 467
192.168.10.89 - - [25/Feb/2016:12:37:30 -0300] "GET /cormun/servlet/prfichaempleado?66fd78fd503a418b1d2ba8f4ca36ec80f3c3d60280a899bd0fda5f1e2e61c14c792ba43c9d90654a8ff45ea327ca3d7126927517b8e0c3cc6be0f7350ef67711f0aceedb0d0451f4f09b07ae1578645f,gx-no-cache=1456414406145 HTTP/1.1" 200 464
192.168.10.89 - - [25/Feb/2016:12:37:33 -0300] "GET /cormun/servlet/prfichaempleado?66fd78fd503a418b1d2ba8f4ca36ec80f3c3d60280a899bd0fda5f1e2e61c14c8cc124add3dddeee549c2f4bc479dd465c279910cbeba8ac178064d1ca96a935fbd1f84a3d7de3087a4bc6b976019970,gx-no-cache=1456414409167 HTTP/1.1" 200 467
192.168.10.99 - - [25/Feb/2016:12:37:34 -0300] "GET /cormun/servlet/securityusers?UPD,8, HTTP/1.1" 200 6562
192.168.10.99 - - [25/Feb/2016:12:37:34 -0300] "GET /cormun/servlet/securityusers?UPD,8, HTTP/1.1" 200 6542
192.168.10.89 - - [25/Feb/2016:12:37:34 -0300] "POST /cormun/servlet/prfichaempleado?26f4725b4fd76d3e089de0e9bb8b3088,,MD,,gxPopupLevel%3D0%3B,gx-no-cache=1456414410092 HTTP/1.1" 200 2812
192.168.10.89 - - [25/Feb/2016:12:37:38 -0300] "POST /cormun/servlet/solicitudot?gx-no-cache=1456414413990 HTTP/1.1" 200 2765
192.168.10.89 - - [25/Feb/2016:12:37:38 -0300] "POST /cormun/servlet/solicitudot?26f4725b4fd76d3e089de0e9bb8b3088,INS,0,0,,gx-no-cache=1456414414152 HTTP/1.1" 200 9511
192.168.10.89 - - [25/Feb/2016:12:37:39 -0300] "GET /cormun/servlet/solicitudot?64ba76b609b038e5cd7e8c5d6c0f3361d25d111bc5745ac6f4d5dc8a68fe34c2a030c6d71d632902772cd45d707f569b,gx-no-cache=1456414414708 HTTP/1.1" 200 30
192.168.10.99 - - [25/Feb/2016:12:37:39 -0300] "POST /cormun/servlet/securityusers?d4ce3d212999a0b13ceb4893471b1394,UPD,8,,gx-no-cache=1456414415087 HTTP/1.1" 200 93
192.168.10.99 - - [25/Feb/2016:12:37:39 -0300] "GET /cormun/servlet/hpexe_return? HTTP/1.1" 200 1027
192.168.10.99 - - [25/Feb/2016:12:37:39 -0300] "GET /cormun/servlet/trsecurityuser01?gx-no-cache=1456414334514 HTTP/1.1" 200 9980
192.168.10.99 - - [25/Feb/2016:12:37:40 -0300] "GET /cormun/servlet/trsecurityuser01?gx-no-cache=1456414334514 HTTP/1.1" 200 9997
192.168.10.99 - - [25/Feb/2016:12:37:52 -0300] "GET /cormun/servlet/securityusers?UPD,3807, HTTP/1.1" 200 6575
192.168.10.99 - - [25/Feb/2016:12:37:52 -0300] "GET /cormun/servlet/securityusers?UPD,3807, HTTP/1.1" 200 6554
192.168.10.89 - - [25/Feb/2016:12:37:53 -0300] "POST /cormun/servlet/solicitudot?gx-no-cache=1456414428317 HTTP/1.1" 200 30
186.103.248.189 - - [25/Feb/2016:12:37:53 -0300] "GET /cormun/servlet/trsolicitudot? HTTP/1.1" 200 6081
186.103.248.189 - - [25/Feb/2016:12:37:55 -0300] "GET /cormun/servlet/trsolicitudot? HTTP/1.1" 200 6081
192.168.10.99 - - [25/Feb/2016:12:37:56 -0300] "POST /cormun/servlet/securityusers?d4ce3d212999a0b13ceb4893471b1394,UPD,3807,,gx-no-cache=1456414432256 HTTP/1.1" 200 93
192.168.10.99 - - [25/Feb/2016:12:37:56 -0300] "GET /cormun/servlet/hpexe_return? HTTP/1.1" 200 1029
192.168.10.99 - - [25/Feb/2016:12:37:57 -0300] "GET /cormun/servlet/trsecurityuser01?gx-no-cache=1456414334514 HTTP/1.1" 200 9980
192.168.10.99 - - [25/Feb/2016:12:37:57 -0300] "GET /cormun/servlet/trsecurityuser01?gx-no-cache=1456414334514 HTTP/1.1" 200 9997
186.103.248.189 - - [25/Feb/2016:12:37:58 -0300] "GET /cormun/servlet/trsolicitudot? HTTP/1.1" 200 6081
186.103.248.189 - - [25/Feb/2016:12:37:59 -0300] "GET /cormun/servlet/trsolicitudot? HTTP/1.1" 200 6081
192.168.10.89 - - [25/Feb/2016:12:38:06 -0300] "POST /cormun/servlet/solicitudot?gx-no-cache=1456414441292 HTTP/1.1" 200 30
186.103.248.189 - - [25/Feb/2016:12:38:09 -0300] "POST /cormun/servlet/acontrolpreferencessavestate?None,CF-19,true HTTP/1.1" 200 35
186.103.248.189 - - [25/Feb/2016:12:38:15 -0300] "GET /cormun/servlet/solicitudot?INS,0,0, HTTP/1.1" 200 12010
186.103.248.189 - - [25/Feb/2016:12:38:15 -0300] "GET /cormun/static/gxcfg.js?201617004230 HTTP/1.1" 200 953
186.103.248.189 - - [25/Feb/2016:12:38:15 -0300] "GET /cormun/static/Resources/prompt.gif HTTP/1.1" 200 902
186.103.248.189 - - [25/Feb/2016:12:38:15 -0300] "GET /cormun/static/solicitudot.js?201617004281 HTTP/1.1" 200 44291
186.103.248.189 - - [25/Feb/2016:12:38:16 -0300] "GET /cormun/servlet/solicitudot?INS,0,0, HTTP/1.1" 200 12015
192.168.10.99 - - [25/Feb/2016:12:38:21 -0300] "GET /cormun/servlet/securityusers?UPD,4, HTTP/1.1" 200 6554
192.168.10.89 - - [25/Feb/2016:12:38:22 -0300] "GET /cormun/servlet/prsolicitudot?16783329,,,,,MD,,gxPopupLevel%3D0%3B HTTP/1.1" 200 5323
192.168.10.89 - - [25/Feb/2016:12:38:22 -0300] "GET /cormun/static/gxcfg.js?20161417254594 HTTP/1.1" 200 953
192.168.10.89 - - [25/Feb/2016:12:38:22 -0300] "GET /cormun/static/Resources/Spanish/PXTools.css?1423257 HTTP/1.1" 200 89042
192.168.10.89 - - [25/Feb/2016:12:38:22 -0300] "GET /cormun/static/prsolicitudot.js?20161417254753 HTTP/1.1" 200 12356
192.168.10.89 - - [25/Feb/2016:12:38:22 -0300] "GET /cormun/static/hmpwkw011.js?2016141804389 HTTP/1.1" 200 1968
192.168.10.99 - - [25/Feb/2016:12:38:22 -0300] "GET /cormun/servlet/securityusers?UPD,4, HTTP/1.1" 200 6533
192.168.10.89 - - [25/Feb/2016:12:38:23 -0300] "POST /cormun/servlet/acontrolpreferencessavestate?None,EBLANCO,true HTTP/1.1" 200 35
192.168.10.99 - - [25/Feb/2016:12:38:27 -0300] "POST /cormun/servlet/securityusers?d4ce3d212999a0b13ceb4893471b1394,UPD,4,,gx-no-cache=1456414462908 HTTP/1.1" 200 93
192.168.10.99 - - [25/Feb/2016:12:38:27 -0300] "GET /cormun/servlet/hpexe_return? HTTP/1.1" 200 1027
192.168.10.99 - - [25/Feb/2016:12:38:27 -0300] "GET /cormun/servlet/trsecurityuser01?gx-no-cache=1456414334514 HTTP/1.1" 200 9978
192.168.10.99 - - [25/Feb/2016:12:38:28 -0300] "GET /cormun/servlet/trsecurityuser01?gx-no-cache=1456414334514 HTTP/1.1" 200 9994
192.168.10.99 - - [25/Feb/2016:12:38:39 -0300] "GET /cormun/servlet/securityusers?UPD,11, HTTP/1.1" 200 6550
192.168.10.99 - - [25/Feb/2016:12:38:40 -0300] "GET /cormun/servlet/securityusers?UPD,11, HTTP/1.1" 200 6529
192.168.10.99 - - [25/Feb/2016:12:38:45 -0300] "POST /cormun/servlet/securityusers?d4ce3d212999a0b13ceb4893471b1394,UPD,11,,gx-no-cache=1456414480707 HTTP/1.1" 200 93
192.168.10.99 - - [25/Feb/2016:12:38:45 -0300] "GET /cormun/servlet/hpexe_return? HTTP/1.1" 200 1027
192.168.10.99 - - [25/Feb/2016:12:38:45 -0300] "GET /cormun/servlet/trsecurityuser01?gx-no-cache=1456414334514 HTTP/1.1" 200 9978
192.168.10.99 - - [25/Feb/2016:12:38:46 -0300] "GET /cormun/servlet/trsecurityuser01?gx-no-cache=1456414334514 HTTP/1.1" 200 9994
186.103.248.189 - - [25/Feb/2016:12:38:49 -0300] "POST /cormun/servlet/solicitudot?gx-no-cache=1456414805023 HTTP/1.1" 200 2669
186.103.248.189 - - [25/Feb/2016:12:38:49 -0300] "POST /cormun/servlet/solicitudot?77f1a510c677e7938ff93314569076f1,INS,0,0,,gx-no-cache=1456414805461 HTTP/1.1" 200 9392
192.168.10.99 - - [25/Feb/2016:12:38:51 -0300] "GET /cormun/servlet/securityusers?UPD,37, HTTP/1.1" 200 6551
192.168.10.99 - - [25/Feb/2016:12:38:52 -0300] "GET /cormun/servlet/securityusers?UPD,37, HTTP/1.1" 200 6530
186.103.248.189 - - [25/Feb/2016:12:38:53 -0300] "POST /cormun/servlet/solicitudot?gx-no-cache=1456414809471 HTTP/1.1" 200 2669
186.103.248.189 - - [25/Feb/2016:12:38:54 -0300] "POST /cormun/servlet/solicitudot?77f1a510c677e7938ff93314569076f1,INS,0,0,,gx-no-cache=1456414809823 HTTP/1.1" 200 9435
186.103.248.189 - - [25/Feb/2016:12:38:54 -0300] "GET /cormun/servlet/solicitudot?e38e861a781d040c76fb100ed6ac12b4ac7e7db828a55734f5111ac5d6d4efba9d68bc8bd9cbfa3f832d9c15a090b094,gx-no-cache=1456414810500 HTTP/1.1" 200 111
186.103.248.189 - - [25/Feb/2016:12:38:54 -0300] "GET /cormun/static/Shared/jqueryui/images/ui-bg_highlight-soft_100_c6c2c8_1x100.png HTTP/1.1" 404 1117
186.103.248.189 - - [25/Feb/2016:12:38:54 -0300] "GET /cormun/static/Shared/jqueryui/images/ui-icons_82798d_256x240.png HTTP/1.1" 404 1089
186.103.248.189 - - [25/Feb/2016:12:38:54 -0300] "GET /cormun/static/Shared/jqueryui/images/ui-bg_flat_55_994d53_40x100.png HTTP/1.1" 404 1097
186.103.248.189 - - [25/Feb/2016:12:38:54 -0300] "GET /cormun/static/Shared/jqueryui/images/ui-icons_ebccce_256x240.png HTTP/1.1" 404 1089
192.168.10.99 - - [25/Feb/2016:12:38:57 -0300] "POST /cormun/servlet/securityusers?d4ce3d212999a0b13ceb4893471b1394,UPD,37,,gx-no-cache=1456414492376 HTTP/1.1" 200 93
192.168.10.99 - - [25/Feb/2016:12:38:57 -0300] "GET /cormun/servlet/hpexe_return? HTTP/1.1" 200 1028
192.168.10.99 - - [25/Feb/2016:12:38:57 -0300] "GET /cormun/servlet/trsecurityuser01?gx-no-cache=1456414334514 HTTP/1.1" 200 9977
192.168.10.99 - - [25/Feb/2016:12:38:57 -0300] "GET /cormun/servlet/trsecurityuser01?gx-no-cache=1456414334514 HTTP/1.1" 200 9993
192.168.10.89 - - [25/Feb/2016:12:39:00 -0300] "POST /cormun/servlet/acontrolpreferencessavestate?None,EBLANCO,true HTTP/1.1" 200 35
186.103.248.189 - - [25/Feb/2016:12:39:01 -0300] "POST /cormun/servlet/solicitudot?gx-no-cache=1456414816805 HTTP/1.1" 200 2669
186.103.248.189 - - [25/Feb/2016:12:39:01 -0300] "POST /cormun/servlet/solicitudot?77f1a510c677e7938ff93314569076f1,INS,0,0,,gx-no-cache=1456414817236 HTTP/1.1" 200 9468
186.103.248.189 - - [25/Feb/2016:12:39:01 -0300] "GET /cormun/servlet/solicitudot?e38e861a781d040c76fb100ed6ac12b4ceecde3d64def8f058a75428ebac9904c6d639f04344fabdc8f9a0903a2878bb,gx-no-cache=1456414817836 HTTP/1.1" 200 111
192.168.10.89 - - [25/Feb/2016:12:39:14 -0300] "POST /cormun/servlet/solicitudot?gx-no-cache=1456414509756 HTTP/1.1" 200 452
192.168.10.89 - - [25/Feb/2016:12:39:14 -0300] "GET /cormun/servlet/solicitudot?64ba76b609b038e5cd7e8c5d6c0f33616c5b28aa362daa5495b5c3dd9bb9ea885da579c73aa650aad3d774a1a40f7e13da7f3509aa67f7af271074df1825c447d149d4868d03b8a25da48c5b9c01eacdbcf1f16fc071a55eb172e1706a737364f5fca26d38ae85cda8e08fdd8704c5547396d115fcb06604f99a46c4ffe94a403ed2aaaaf18431d5777cb925bea2e85e,gx-no-cache=1456414509799 HTTP/1.1" 200 38
192.168.10.89 - - [25/Feb/2016:12:39:14 -0300] "GET /cormun/servlet/solicitudot?64ba76b609b038e5cd7e8c5d6c0f336159f5b0506b774f7835583c78b52a1a76b8de2f097ee4428581fb42bbd959b8e265b0f3f8639a70e166660af63e2c0baf484a5d5a70a6bb61964f448b8e3cda7199ae731de350a0e76b86cf03d698fc259a07e278e8f0b59a981e973e0cfd24ceea760268f44ad27d3bfd019587502f5ba58b43a8544091fb3408705b672f581e8e3b9af95a51c9edeaf3d00621ab5a1b,gx-no-cache=1456414509824 HTTP/1.1" 200 29
192.168.10.89 - - [25/Feb/2016:12:39:14 -0300] "POST /cormun/servlet/solicitudot?gx-no-cache=1456414509844 HTTP/1.1" 200 404
192.168.10.89 - - [25/Feb/2016:12:39:15 -0300] "GET /cormun/servlet/prcontratosol?16783329,,,,,MD,,gxPopupLevel%3D0%3B HTTP/1.1" 200 5329
192.168.10.89 - - [25/Feb/2016:12:39:15 -0300] "GET /cormun/static/gxcfg.js?2016141247819 HTTP/1.1" 200 953
192.168.10.89 - - [25/Feb/2016:12:39:15 -0300] "GET /cormun/static/prcontratosol.js?2016141247993 HTTP/1.1" 200 13528
192.168.10.89 - - [25/Feb/2016:12:39:16 -0300] "POST /cormun/servlet/acontrolpreferencessavestate?None,EBLANCO,true HTTP/1.1" 200 35
186.103.248.189 - - [25/Feb/2016:12:39:36 -0300] "POST /cormun/servlet/solicitudot?gx-no-cache=1456414851861 HTTP/1.1" 200 2669
186.103.248.189 - - [25/Feb/2016:12:39:36 -0300] "POST /cormun/servlet/solicitudot?77f1a510c677e7938ff93314569076f1,INS,0,0,,gx-no-cache=1456414852238 HTTP/1.1" 200 9504
186.103.248.189 - - [25/Feb/2016:12:39:36 -0300] "GET /cormun/servlet/solicitudot?e38e861a781d040c76fb100ed6ac12b4ceecde3d64def8f058a75428ebac9904c6d639f04344fabdc8f9a0903a2878bb,gx-no-cache=1456414852829 HTTP/1.1" 200 111
186.103.248.189 - - [25/Feb/2016:12:39:44 -0300] "POST /cormun/servlet/solicitudot?gx-no-cache=1456414860168 HTTP/1.1" 200 2672
186.103.248.189 - - [25/Feb/2016:12:39:44 -0300] "POST /cormun/servlet/solicitudot?77f1a510c677e7938ff93314569076f1,INS,0,0,,gx-no-cache=1456414860521 HTTP/1.1" 200 9533
192.168.10.89 - - [25/Feb/2016:12:39:45 -0300] "POST /cormun/servlet/solicitudot?26f4725b4fd76d3e089de0e9bb8b3088,INS,0,0,,gx-no-cache=1456414540233 HTTP/1.1" 200 93
192.168.10.89 - - [25/Feb/2016:12:39:45 -0300] "GET /cormun/servlet/hpexe_return? HTTP/1.1" 200 1008
192.168.10.89 - - [25/Feb/2016:12:39:45 -0300] "GET /cormun/servlet/trsolicitudot HTTP/1.1" 200 6152
186.103.248.189 - - [25/Feb/2016:12:39:46 -0300] "GET /cormun/servlet/solicitudot?e38e861a781d040c76fb100ed6ac12b4601f18c5a7f2bc0ffd5113e373e259afc6d639f04344fabdc8f9a0903a2878bb,gx-no-cache=1456414862046 HTTP/1.1" 200 30
192.168.10.89 - - [25/Feb/2016:12:39:50 -0300] "GET /cormun/servlet/solicitudot?INS,0,0, HTTP/1.1" 200 12068
192.168.10.89 - - [25/Feb/2016:12:39:53 -0300] "GET /cormun/servlet/prfichaempleado?,MD,,gxPopupLevel%3D0%3B HTTP/1.1" 200 7879
192.168.10.89 - - [25/Feb/2016:12:40:01 -0300] "GET /cormun/servlet/prfichaempleado?66fd78fd503a418b1d2ba8f4ca36ec80b142fe24c34af6a1f2a244464e517ba480912ac1432cd385a8899fc8936a959df60cc8fc8ac7fa9604adbeaa7cf050ed706d34d9d69f7371a6fa3f8c5c7a6145,gx-no-cache=1456414556377 HTTP/1.1" 200 462
192.168.10.89 - - [25/Feb/2016:12:40:02 -0300] "POST /cormun/servlet/prfichaempleado?26f4725b4fd76d3e089de0e9bb8b3088,,MD,,gxPopupLevel%3D0%3B,gx-no-cache=1456414557514 HTTP/1.1" 200 2841
192.168.10.89 - - [25/Feb/2016:12:40:07 -0300] "POST /cormun/servlet/solicitudot?gx-no-cache=1456414562486 HTTP/1.1" 200 2780
192.168.10.89 - - [25/Feb/2016:12:40:07 -0300] "POST /cormun/servlet/solicitudot?26f4725b4fd76d3e089de0e9bb8b3088,INS,0,0,,gx-no-cache=1456414562673 HTTP/1.1" 200 9547
192.168.10.89 - - [25/Feb/2016:12:40:07 -0300] "GET /cormun/servlet/solicitudot?64ba76b609b038e5cd7e8c5d6c0f3361f343f6a0d5ab7aff72f7fe31840fd996a030c6d71d632902772cd45d707f569b,gx-no-cache=1456414562902 HTTP/1.1" 200 30
192.168.10.89 - - [25/Feb/2016:12:40:07 -0300] "POST /cormun/servlet/solicitudot?gx-no-cache=1456414562982 HTTP/1.1" 200 30
192.168.10.89 - - [25/Feb/2016:12:40:17 -0300] "POST /cormun/servlet/solicitudot?gx-no-cache=1456414572288 HTTP/1.1" 200 30
186.103.159.186 - - [25/Feb/2016:12:40:17 -0300] "GET /cormun/servlet/hlogin HTTP/1.1" 200 1707
186.103.159.186 - - [25/Feb/2016:12:40:17 -0300] "GET /cormun/static/gxtimezone.js?85251 HTTP/1.1" 200 5781
186.103.159.186 - - [25/Feb/2016:12:40:17 -0300] "GET /cormun/static/gxcfg.js?20151120045111 HTTP/1.1" 200 953
186.103.159.186 - - [25/Feb/2016:12:40:17 -0300] "GET /cormun/static/hlogin.js?20151120045126 HTTP/1.1" 200 2136
186.103.159.186 - - [25/Feb/2016:12:40:17 -0300] "GET /cormun/static/Resources/Spanish/PXTools.css?005343 HTTP/1.1" 200 89042
186.103.159.186 - - [25/Feb/2016:12:40:17 -0300] "GET /cormun/static/messages.spa.js?85251 HTTP/1.1" 200 30736
186.103.159.186 - - [25/Feb/2016:12:40:17 -0300] "GET /cormun/static/gxgral.js?85251 HTTP/1.1" 200 384558
186.103.159.186 - - [25/Feb/2016:12:40:18 -0300] "GET /cormun/static/Resources/PXToolsLoginTop.png HTTP/1.1" 200 1337
186.103.159.186 - - [25/Feb/2016:12:40:18 -0300] "GET /cormun/static/Resources/PXToolsButtonRight21.png HTTP/1.1" 200 1283
186.103.159.186 - - [25/Feb/2016:12:40:18 -0300] "GET /cormun/static/Resources/PXToolsLoginBackground.png HTTP/1.1" 200 1164
186.103.159.186 - - [25/Feb/2016:12:40:18 -0300] "GET /cormun/static/Resources/PXToolsButtonLeft21.png HTTP/1.1" 200 1287
186.103.159.186 - - [25/Feb/2016:12:40:18 -0300] "GET /cormun/static/Resources/PXToolsButtonBackground2.png HTTP/1.1" 200 1181
186.103.159.186 - - [25/Feb/2016:12:40:18 -0300] "GET /cormun/static/Resources/ComunLogin.png HTTP/1.1" 200 17326
186.103.159.186 - - [25/Feb/2016:12:40:18 -0300] "GET /cormun/static/Resources/PXToolsLoginBottom.png HTTP/1.1" 200 1389
186.103.159.186 - - [25/Feb/2016:12:40:18 -0300] "GET /favicon.ico HTTP/1.1" 200 21630
186.103.159.186 - - [25/Feb/2016:12:40:18 -0300] "GET /cormun/static/Resources/indicator.gif HTTP/1.1" 200 1553
186.103.159.186 - - [25/Feb/2016:12:40:18 -0300] "GET /cormun/servlet/hlogin HTTP/1.1" 200 1707
192.168.10.89 - - [25/Feb/2016:12:40:26 -0300] "POST /cormun/servlet/solicitudot?gx-no-cache=1456414581617 HTTP/1.1" 200 1159
192.168.10.89 - - [25/Feb/2016:12:40:26 -0300] "GET /cormun/servlet/solicitudot?64ba76b609b038e5cd7e8c5d6c0f33616c5b28aa362daa5495b5c3dd9bb9ea885da579c73aa650aad3d774a1a40f7e13da7f3509aa67f7af271074df1825c447d149d4868d03b8a25da48c5b9c01eacdbcf1f16fc071a55eb172e1706a737364f5fca26d38ae85cda8e08fdd8704c5547396d115fcb06604f99a46c4ffe94a403ed2aaaaf18431d5777cb925bea2e85e,gx-no-cache=1456414581742 HTTP/1.1" 200 38
186.103.159.186 - - [25/Feb/2016:12:40:34 -0300] "POST /cormun/servlet/hlogin?524700a05831aa3eb540340fb721f04a,gx-no-cache=1456414956890 HTTP/1.1" 200 90
186.103.159.186 - - [25/Feb/2016:12:40:34 -0300] "GET /cormun/servlet/hpexe_link HTTP/1.1" 200 942
186.103.159.186 - - [25/Feb/2016:12:40:35 -0300] "GET /cormun/static/hpexe_link.js?20151120044398 HTTP/1.1" 200 625
186.103.159.186 - - [25/Feb/2016:12:40:35 -0300] "GET /cormun/static/gxcfg.js?20151120044395 HTTP/1.1" 200 953
186.103.159.186 - - [25/Feb/2016:12:40:35 -0300] "GET /cormun/servlet/hhome HTTP/1.1" 200 3395
186.103.159.186 - - [25/Feb/2016:12:40:35 -0300] "GET /cormun/static/Shared/jqueryui/jquery-ui.min.css?1345370 HTTP/1.1" 200 30288
186.103.159.186 - - [25/Feb/2016:12:40:35 -0300] "GET /cormun/static/SmoothNavMenu/resources/ddsmoothmenu-v.css?1112540 HTTP/1.1" 200 1188
186.103.159.186 - - [25/Feb/2016:12:40:35 -0300] "GET /cormun/static/scaMessage/css/jquery.pnotify.default.css?1816380 HTTP/1.1" 200 1707
186.103.159.186 - - [25/Feb/2016:12:40:35 -0300] "GET /cormun/static/SmoothNavMenu/resources/ddsmoothmenu.css?1112540 HTTP/1.1" 200 2223
186.103.159.186 - - [25/Feb/2016:12:40:35 -0300] "GET /cormun/static/gxcfg.js?2015112210564248 HTTP/1.1" 200 953
186.103.159.186 - - [25/Feb/2016:12:40:35 -0300] "GET /cormun/static/Resources/Spanish/PXTools.css?10515224 HTTP/1.1" 200 89042
186.103.159.186 - - [25/Feb/2016:12:40:35 -0300] "GET /cormun/static/PXToolsJavascripts/pexe_cookies.js HTTP/1.1" 200 792
186.103.159.186 - - [25/Feb/2016:12:40:35 -0300] "GET /cormun/static/PXToolsJavascripts/pexe_autoreload.js HTTP/1.1" 200 1762
186.103.159.186 - - [25/Feb/2016:12:40:35 -0300] "GET /cormun/static/PXToolsJavascripts/pexe_grid.js HTTP/1.1" 200 7559
186.103.159.186 - - [25/Feb/2016:12:40:35 -0300] "GET /cormun/static/PXToolsJavascripts/pexe_oav.js HTTP/1.1" 200 645
186.103.159.186 - - [25/Feb/2016:12:40:35 -0300] "GET /cormun/static/PXToolsJavascripts/pexe_popup.js HTTP/1.1" 200 13458
186.103.159.186 - - [25/Feb/2016:12:40:35 -0300] "GET /cormun/static/PXToolsJavascripts/pexe_tabs.js HTTP/1.1" 200 3748
186.103.159.186 - - [25/Feb/2016:12:40:35 -0300] "GET /cormun/static/PXToolsJavascripts/pexe_tabdivfix.js HTTP/1.1" 200 876
186.103.159.186 - - [25/Feb/2016:12:40:35 -0300] "GET /cormun/static/PXToolsJavascripts/pexe_scrolldiv.js HTTP/1.1" 200 4138
186.103.159.186 - - [25/Feb/2016:12:40:35 -0300] "GET /cormun/static/PXToolsJavascripts/pexe_upload.js HTTP/1.1" 200 1423
186.103.159.186 - - [25/Feb/2016:12:40:35 -0300] "GET /cormun/static/PXToolsJavascripts/PXToolsJavascriptsRender.js HTTP/1.1" 200 367
186.103.159.186 - - [25/Feb/2016:12:40:35 -0300] "GET /cormun/static/RunJS/RunJS.js HTTP/1.1" 200 288
186.103.159.186 - - [25/Feb/2016:12:40:35 -0300] "GET /cormun/static/gxui/gxui-all.js HTTP/1.1" 200 107772
186.103.159.186 - - [25/Feb/2016:12:40:35 -0300] "GET /cormun/static/Shared/ext/locale/ext-lang-en.js HTTP/1.1" 200 10940
186.103.159.186 - - [25/Feb/2016:12:40:35 -0300] "GET /cormun/static/hhome.js?2015112210564255 HTTP/1.1" 200 777
186.103.159.186 - - [25/Feb/2016:12:40:35 -0300] "GET /cormun/static/hwchdr01.js?20162241650484 HTTP/1.1" 200 1002
186.103.159.186 - - [25/Feb/2016:12:40:35 -0300] "GET /cormun/static/hpexe_recentlink.js?2015111312121342 HTTP/1.1" 200 2144
186.103.159.186 - - [25/Feb/2016:12:40:35 -0300] "GET /cormun/static/hpexe_messagecontroller.js?2015112210524422 HTTP/1.1" 200 870
186.103.159.186 - - [25/Feb/2016:12:40:35 -0300] "GET /cormun/static/hpexe_scripts.js?20151120014546 HTTP/1.1" 200 1544
186.103.159.186 - - [25/Feb/2016:12:40:35 -0300] "GET /cormun/static/hpexe_messagepopupcomponent.js?201622412404545 HTTP/1.1" 200 605
186.103.159.186 - - [25/Feb/2016:12:40:35 -0300] "GET /cormun/static/cmcontrolpreferences.js?20151120014525 HTTP/1.1" 200 1375
186.103.159.186 - - [25/Feb/2016:12:40:35 -0300] "GET /cormun/static/hpexe_messagegenexuscomponent.js?20151120014314 HTTP/1.1" 200 587
186.103.159.186 - - [25/Feb/2016:12:40:35 -0300] "GET /cormun/static/Shared/jquery/jquery-1.10.2.min.js HTTP/1.1" 200 273199
186.103.159.186 - - [25/Feb/2016:12:40:35 -0300] "GET /cormun/static/SmoothNavMenu/resources/SmoothNavMenuRender.js HTTP/1.1" 200 5951
186.103.159.186 - - [25/Feb/2016:12:40:35 -0300] "GET /cormun/static/scaMessage/js/jquery.pnotify.min.js HTTP/1.1" 200 13038
186.103.159.186 - - [25/Feb/2016:12:40:35 -0300] "GET /cormun/static/scaMessage/scaMessageRender.js HTTP/1.1" 200 11977
186.103.159.186 - - [25/Feb/2016:12:40:36 -0300] "GET /cormun/static/PXToolsJavascripts/pexe_griddivfix.js HTTP/1.1" 200 6644
186.103.159.186 - - [25/Feb/2016:12:40:36 -0300] "GET /cormun/static/PXToolsJavascripts/pexe_link.js HTTP/1.1" 200 5671
186.103.159.186 - - [25/Feb/2016:12:40:36 -0300] "GET /cormun/static/Shared/ext/ext-all.js HTTP/1.1" 200 1289687
186.103.159.186 - - [25/Feb/2016:12:40:36 -0300] "GET /cormun/static/PXToolsJavascripts/pexe_menudivfix.js HTTP/1.1" 200 333
186.103.159.186 - - [25/Feb/2016:12:40:36 -0300] "GET /cormun/static/PXToolsJavascripts/pexe_menus.js HTTP/1.1" 200 1286
186.103.159.186 - - [25/Feb/2016:12:40:36 -0300] "GET /cormun/static/PXToolsJavascripts/pexe_layers.js HTTP/1.1" 200 4114
186.103.159.186 - - [25/Feb/2016:12:40:36 -0300] "GET /cormun/static/PXToolsJavascripts/pexe_oavdivfix.js HTTP/1.1" 200 639
186.103.159.186 - - [25/Feb/2016:12:40:36 -0300] "GET /cormun/static/hmpwkw03.js?201622421393366 HTTP/1.1" 200 3845
186.103.159.186 - - [25/Feb/2016:12:40:36 -0300] "GET /cormun/static/SmoothNavMenu/resources/ddsmoothmenu.js HTTP/1.1" 200 12712
186.103.159.186 - - [25/Feb/2016:12:40:36 -0300] "GET /cormun/static/PXToolsJavascripts/pexe_picture.js HTTP/1.1" 200 689
186.103.159.186 - - [25/Feb/2016:12:40:36 -0300] "GET /cormun/static/Shared/jqueryui/jquery-ui.min.js HTTP/1.1" 200 240427
186.103.159.186 - - [25/Feb/2016:12:40:36 -0300] "GET /cormun/static/Shared/jquery/jquery-1.4.2.min.js HTTP/1.1" 200 72174
186.103.159.186 - - [25/Feb/2016:12:40:36 -0300] "GET /cormun/static/PXToolsJavascripts/pexe_windows.js HTTP/1.1" 200 15207
186.103.159.186 - - [25/Feb/2016:12:40:36 -0300] "GET /cormun/static/Resources/logo4.png HTTP/1.1" 200 6582
186.103.159.186 - - [25/Feb/2016:12:40:36 -0300] "GET /cormun/static/Resources/PXToolsHeaderActionsLeft.png HTTP/1.1" 200 1118
186.103.159.186 - - [25/Feb/2016:12:40:36 -0300] "GET /cormun/static/Resources/PXToolsHeaderLogin.png HTTP/1.1" 200 4279
186.103.159.186 - - [25/Feb/2016:12:40:36 -0300] "GET /cormun/static/Resources/PXToolsHeaderPreferences.png HTTP/1.1" 200 4189
186.103.159.186 - - [25/Feb/2016:12:40:36 -0300] "GET /cormun/static/Resources/PXToolsHeaderHome.png HTTP/1.1" 200 4147
186.103.159.186 - - [25/Feb/2016:12:40:36 -0300] "GET /cormun/static/Resources/PXToolsFooterBackground2.png HTTP/1.1" 200 1172
186.103.159.186 - - [25/Feb/2016:12:40:36 -0300] "GET /cormun/static/Resources/PXToolsHeaderSecurity.png HTTP/1.1" 200 4166
186.103.159.186 - - [25/Feb/2016:12:40:36 -0300] "GET /cormun/static/Resources/PXToolsHeaderBackground2.png HTTP/1.1" 200 1174
186.103.159.186 - - [25/Feb/2016:12:40:36 -0300] "GET /cormun/static/Resources/PXToolsHeaderActionsBackground.png HTTP/1.1" 200 484
186.103.159.186 - - [25/Feb/2016:12:40:36 -0300] "GET /cormun/static/Resources/PXToolsHeaderActionsRight.png HTTP/1.1" 200 1201
186.103.159.186 - - [25/Feb/2016:12:40:37 -0300] "GET /cormun/static/Resources/PXToolsDataTitle.png HTTP/1.1" 200 1173
186.103.159.186 - - [25/Feb/2016:12:40:37 -0300] "GET /cormun/static/SmoothNavMenu/resources/images/down.gif HTTP/1.1" 200 854
192.168.10.89 - - [25/Feb/2016:12:40:45 -0300] "GET /cormun/servlet/solicitudot?64ba76b609b038e5cd7e8c5d6c0f336159f5b0506b774f7835583c78b52a1a76b8de2f097ee4428581fb42bbd959b8e2bf8a72b0c63657f28dfffb53eb5c46d4484a5d5a70a6bb61964f448b8e3cda7199ae731de350a0e76b86cf03d698fc259a07e278e8f0b59a981e973e0cfd24ceea760268f44ad27d3bfd019587502f5ba58b43a8544091fb3408705b672f581e8e3b9af95a51c9edeaf3d00621ab5a1b,gx-no-cache=1456414601069 HTTP/1.1" 200 29
186.103.159.186 - - [25/Feb/2016:12:40:46 -0300] "GET /cormun/servlet/trautorizarsolicitud? HTTP/1.1" 200 7336
186.103.159.186 - - [25/Feb/2016:12:40:46 -0300] "GET /cormun/static/gxui/gxui-all.css?120300 HTTP/1.1" 200 2179
186.103.159.186 - - [25/Feb/2016:12:40:46 -0300] "GET /cormun/static/calendar-system.css?85620 HTTP/1.1" 200 5572
186.103.159.186 - - [25/Feb/2016:12:40:46 -0300] "GET /cormun/static/gxcfg.js?2016224124647 HTTP/1.1" 200 953
186.103.159.186 - - [25/Feb/2016:12:40:46 -0300] "GET /cormun/static/calendar.js?85251 HTTP/1.1" 200 26246
186.103.159.186 - - [25/Feb/2016:12:40:46 -0300] "GET /cormun/static/Resources/Spanish/PXTools.css?12395978 HTTP/1.1" 200 89042
186.103.159.186 - - [25/Feb/2016:12:40:46 -0300] "GET /cormun/static/calendar-setup.js?85251 HTTP/1.1" 200 2588
186.103.159.186 - - [25/Feb/2016:12:40:46 -0300] "GET /cormun/static/calendar-es.js?85251 HTTP/1.1" 200 1901
186.103.159.186 - - [25/Feb/2016:12:40:46 -0300] "GET /cormun/static/Shared/ext/resources/css/ext-all.css?215870 HTTP/1.1" 200 416045
186.103.159.186 - - [25/Feb/2016:12:40:46 -0300] "GET /cormun/static/Resources/PXTools/calendar.png HTTP/1.1" 200 1306
186.103.159.186 - - [25/Feb/2016:12:40:46 -0300] "GET /cormun/static/Resources/PXToolsDataSearch.png HTTP/1.1" 200 419
186.103.159.186 - - [25/Feb/2016:12:40:46 -0300] "GET /cormun/static/Resources/PXToolsGridPrevious.gif HTTP/1.1" 200 369
186.103.159.186 - - [25/Feb/2016:12:40:46 -0300] "GET /cormun/static/Resources/PXToolsGridLast.gif HTTP/1.1" 200 370
186.103.159.186 - - [25/Feb/2016:12:40:46 -0300] "GET /cormun/static/Resources/PXToolsGridNext.gif HTTP/1.1" 200 369
186.103.159.186 - - [25/Feb/2016:12:40:46 -0300] "GET /cormun/static/Resources/PXToolsGridFirst.gif HTTP/1.1" 200 379
186.103.159.186 - - [25/Feb/2016:12:40:46 -0300] "GET /cormun/static/Resources/PXToolsActionExcel.png HTTP/1.1" 200 3187
186.103.159.186 - - [25/Feb/2016:12:40:46 -0300] "GET /cormun/static/gxdec.js?85251 HTTP/1.1" 200 19579
186.103.159.186 - - [25/Feb/2016:12:40:46 -0300] "GET /cormun/static/trautorizarsolicitud.js?20162241246932 HTTP/1.1" 200 45302
186.103.159.186 - - [25/Feb/2016:12:40:47 -0300] "GET /cormun/static/Resources/desc.gif HTTP/1.1" 200 65
186.103.159.186 - - [25/Feb/2016:12:40:47 -0300] "GET /cormun/static/Resources/asc.gif HTTP/1.1" 200 67
186.103.159.186 - - [25/Feb/2016:12:40:47 -0300] "GET /cormun//static/Resources/PXToolsGridDelete.png HTTP/1.1" 200 357
186.103.159.186 - - [25/Feb/2016:12:40:47 -0300] "GET /cormun//static/Resources/PXToolsRemoveAllAction.png HTTP/1.1" 200 3558
186.103.159.186 - - [25/Feb/2016:12:40:47 -0300] "GET /cormun//static/Resources/PXToolsActionView.png HTTP/1.1" 200 2995
186.103.159.186 - - [25/Feb/2016:12:40:47 -0300] "GET /cormun//static/Resources/PXToolsGridUpdate.png HTTP/1.1" 200 2984
186.103.159.186 - - [25/Feb/2016:12:40:47 -0300] "GET /cormun//static/Resources/PXTools/ActionInsert.png HTTP/1.1" 200 1482
186.103.159.186 - - [25/Feb/2016:12:40:47 -0300] "GET /cormun/static/Shared/ext/resources/themes/images/default/panel/bg-headersPanel.png HTTP/1.1" 200 255
186.103.159.186 - - [25/Feb/2016:12:40:47 -0300] "GET /cormun/static/Shared/ext/resources/themes/images/default/tools/tool-sprites.gif HTTP/1.1" 200 5434
186.103.159.186 - - [25/Feb/2016:12:40:47 -0300] "GET /cormun/static/Shared/ext/resources/themes/images/default/tip/tip-sides.gif HTTP/1.1" 200 1623
186.103.159.186 - - [25/Feb/2016:12:40:47 -0300] "GET /cormun/static/Shared/ext/resources/themes/images/default/tip/tip-corners.gif HTTP/1.1" 200 1621
192.168.10.89 - - [25/Feb/2016:12:40:54 -0300] "POST /cormun/servlet/solicitudot?gx-no-cache=1456414609715 HTTP/1.1" 200 1116
192.168.10.89 - - [25/Feb/2016:12:40:58 -0300] "GET /cormun/static/menuarrow.gif HTTP/1.1" 404 1015
186.103.159.186 - - [25/Feb/2016:12:41:15 -0300] "POST /cormun/servlet/acontrolpreferencessavestate?None,VVIDELA,true HTTP/1.1" 200 35
192.168.10.89 - - [25/Feb/2016:12:41:15 -0300] "GET /cormun/servlet/solicitudot?64ba76b609b038e5cd7e8c5d6c0f33617a63000b1c3cc1816da495af14242fda484052289c3d6657153aaaaad244f5edfda4cff4b6435dda94d9654eeb4112217a669e92d2df0830d26cb5a29e576833858b89f4baa4b94e323763f9aa6fb4cbea3b95225d0b63dcc13076fc062a96731c9d0fbf9232ed2e4b7225961498b958dc9a52ecaca8639e2cddec2b8e3a9d1d59b941ece77cc80e99e064567d2c1bad56540f7be39754ef591c0c132b70c8d8,gx-no-cache=1456414630618 HTTP/1.1" 200 30
192.168.10.89 - - [25/Feb/2016:12:41:34 -0300] "GET /cormun/servlet/solicitudot?64ba76b609b038e5cd7e8c5d6c0f33617a63000b1c3cc1816da495af14242fda484052289c3d6657153aaaaad244f5edfda4cff4b6435dda94d9654eeb4112217a669e92d2df0830d26cb5a29e576833858b89f4baa4b94e323763f9aa6fb4cbea3b95225d0b63dcc13076fc062a96731c9d0fbf9232ed2e4b7225961498b958dc9a52ecaca8639e2cddec2b8e3a9d1d59b941ece77cc80e99e064567d2c1bad56540f7be39754ef591c0c132b70c8d8,gx-no-cache=1456414649490 HTTP/1.1" 200 30
192.168.10.89 - - [25/Feb/2016:12:41:39 -0300] "POST /cormun/servlet/solicitudot?26f4725b4fd76d3e089de0e9bb8b3088,INS,0,0,,gx-no-cache=1456414654605 HTTP/1.1" 200 93
192.168.10.89 - - [25/Feb/2016:12:41:39 -0300] "GET /cormun/servlet/hpexe_return? HTTP/1.1" 200 1008
192.168.10.89 - - [25/Feb/2016:12:41:39 -0300] "GET /cormun/servlet/trsolicitudot HTTP/1.1" 200 7439
192.168.10.89 - - [25/Feb/2016:12:42:00 -0300] "POST /cormun/servlet/trsolicitudot?26f4725b4fd76d3e089de0e9bb8b3088,gx-no-cache=1456414675600 HTTP/1.1" 200 4864
192.168.10.89 - - [25/Feb/2016:12:42:00 -0300] "POST /cormun/servlet/trsolicitudot?26f4725b4fd76d3e089de0e9bb8b3088,gx-no-cache=1456414675878 HTTP/1.1" 200 4864
192.168.10.89 - - [25/Feb/2016:12:42:01 -0300] "POST /cormun/servlet/trsolicitudot?26f4725b4fd76d3e089de0e9bb8b3088,gx-no-cache=1456414676237 HTTP/1.1" 200 4864
192.168.10.89 - - [25/Feb/2016:12:42:01 -0300] "POST /cormun/servlet/trsolicitudot?26f4725b4fd76d3e089de0e9bb8b3088,gx-no-cache=1456414676604 HTTP/1.1" 200 4864
192.168.10.89 - - [25/Feb/2016:12:42:01 -0300] "POST /cormun/servlet/trsolicitudot?26f4725b4fd76d3e089de0e9bb8b3088,gx-no-cache=1456414677017 HTTP/1.1" 200 4864
192.168.10.89 - - [25/Feb/2016:12:42:02 -0300] "POST /cormun/servlet/trsolicitudot?26f4725b4fd76d3e089de0e9bb8b3088,gx-no-cache=1456414677461 HTTP/1.1" 200 4864
192.168.10.89 - - [25/Feb/2016:12:42:02 -0300] "POST /cormun/servlet/trsolicitudot?26f4725b4fd76d3e089de0e9bb8b3088,gx-no-cache=1456414677968 HTTP/1.1" 200 4864
192.168.10.89 - - [25/Feb/2016:12:42:05 -0300] "POST /cormun/servlet/trsolicitudot?26f4725b4fd76d3e089de0e9bb8b3088,gx-no-cache=1456414678521 HTTP/1.1" 200 106
192.168.10.89 - - [25/Feb/2016:12:42:05 -0300] "GET /cormun/servlet/trsolicitudadjuntos?2016,135, HTTP/1.1" 200 5379
192.168.10.89 - - [25/Feb/2016:12:42:07 -0300] "POST /cormun/servlet/acontrolpreferencessavestate?None,EBLANCO,true HTTP/1.1" 200 35
186.78.56.10 - - [25/Feb/2016:12:42:09 -0300] "GET /cormunservlet/hlogin HTTP/1.1" 404 1001
186.78.56.10 - - [25/Feb/2016:12:42:09 -0300] "GET /favicon.ico HTTP/1.1" 200 21630
192.168.10.89 - - [25/Feb/2016:12:42:18 -0300] "GET /cormun/servlet/solicitudotadjuntos?INS,2016,135,,1, HTTP/1.1" 200 5445
192.168.10.89 - - [25/Feb/2016:12:42:19 -0300] "HEAD /cormun/static/about:blank HTTP/1.1" 404 -
192.168.10.89 - - [25/Feb/2016:12:42:20 -0300] "GET /cormun/servlet/solicitudotadjuntos?64ba76b609b038e5cd7e8c5d6c0f3361c2efc404000b4f493cb669431c5a3a6cf0aceedb0d0451f4f09b07ae1578645f,gx-no-cache=1456414695300 HTTP/1.1" 200 30
186.103.159.186 - - [25/Feb/2016:12:42:20 -0300] "POST /cormun/servlet/trautorizarsolicitud?524700a05831aa3eb540340fb721f04a,,gx-no-cache=1456415062250 HTTP/1.1" 200 4840
192.168.10.89 - - [25/Feb/2016:12:42:20 -0300] "POST /cormun/servlet/solicitudotadjuntos?26f4725b4fd76d3e089de0e9bb8b3088,INS,2016,135,,1,,gx-no-cache=1456414695331 HTTP/1.1" 200 3340
186.103.159.186 - - [25/Feb/2016:12:42:20 -0300] "POST /cormun/servlet/trautorizarsolicitud?524700a05831aa3eb540340fb721f04a,,gx-no-cache=1456415062578 HTTP/1.1" 200 4841
186.103.159.186 - - [25/Feb/2016:12:42:20 -0300] "POST /cormun/servlet/trautorizarsolicitud?524700a05831aa3eb540340fb721f04a,,gx-no-cache=1456415062843 HTTP/1.1" 200 4841
186.103.159.186 - - [25/Feb/2016:12:42:20 -0300] "POST /cormun/servlet/trautorizarsolicitud?524700a05831aa3eb540340fb721f04a,,gx-no-cache=1456415063125 HTTP/1.1" 200 4841
186.103.159.186 - - [25/Feb/2016:12:42:21 -0300] "POST /cormun/servlet/trautorizarsolicitud?524700a05831aa3eb540340fb721f04a,,gx-no-cache=1456415063390 HTTP/1.1" 200 4840
186.103.159.186 - - [25/Feb/2016:12:42:21 -0300] "POST /cormun/servlet/trautorizarsolicitud?524700a05831aa3eb540340fb721f04a,,gx-no-cache=1456415063671 HTTP/1.1" 200 4840
186.103.159.186 - - [25/Feb/2016:12:42:21 -0300] "POST /cormun/servlet/trautorizarsolicitud?524700a05831aa3eb540340fb721f04a,,gx-no-cache=1456415063953 HTTP/1.1" 200 4841
186.103.159.186 - - [25/Feb/2016:12:42:22 -0300] "POST /cormun/servlet/trautorizarsolicitud?524700a05831aa3eb540340fb721f04a,,gx-no-cache=1456415064265 HTTP/1.1" 200 3540
186.103.159.186 - - [25/Feb/2016:12:42:22 -0300] "GET /cormun/static/Shared/jqueryui/images/ui-bg_highlight-soft_100_c6c2c8_1x100.png HTTP/1.1" 404 1117
186.103.159.186 - - [25/Feb/2016:12:42:22 -0300] "GET /cormun/static/Shared/jqueryui/images/ui-icons_82798d_256x240.png HTTP/1.1" 404 1089
186.103.159.186 - - [25/Feb/2016:12:42:22 -0300] "GET /cormun/static/Shared/jqueryui/images/ui-bg_flat_55_fafafa_40x100.png HTTP/1.1" 404 1097
186.103.159.186 - - [25/Feb/2016:12:42:22 -0300] "GET /cormun/static/Shared/jqueryui/images/ui-icons_8d78a5_256x240.png HTTP/1.1" 404 1089
186.103.159.186 - - [25/Feb/2016:12:42:22 -0300] "POST /cormun/servlet/trautorizarsolicitud?524700a05831aa3eb540340fb721f04a,,gx-no-cache=1456415065140 HTTP/1.1" 200 3395
192.168.10.89 - - [25/Feb/2016:12:42:25 -0300] "POST /cormun/servlet/solicitudotadjuntos?gx-no-cache=1456414701205 HTTP/1.1" 200 26
192.168.10.99 - - [25/Feb/2016:12:42:27 -0300] "GET /cormun/servlet/trsolicitudot? HTTP/1.1" 200 6595
192.168.10.99 - - [25/Feb/2016:12:42:27 -0300] "GET /cormun/servlet/trsolicitudot? HTTP/1.1" 200 6574
192.168.10.98 - - [25/Feb/2016:12:42:29 -0300] "GET /cormun/servlet/trsolicitudot? HTTP/1.1" 200 5763
192.168.10.98 - - [25/Feb/2016:12:42:30 -0300] "GET /cormun/servlet/hlogin HTTP/1.1" 200 1733
192.168.10.99 - - [25/Feb/2016:12:42:34 -0300] "POST /cormun/servlet/trsolicitudot?d4ce3d212999a0b13ceb4893471b1394,,gx-no-cache=1456414709456 HTTP/1.1" 200 3734
192.168.10.99 - - [25/Feb/2016:12:42:34 -0300] "POST /cormun/servlet/trsolicitudot?d4ce3d212999a0b13ceb4893471b1394,,gx-no-cache=1456414709643 HTTP/1.1" 200 3735
192.168.10.99 - - [25/Feb/2016:12:42:34 -0300] "POST /cormun/servlet/trsolicitudot?d4ce3d212999a0b13ceb4893471b1394,,gx-no-cache=1456414709812 HTTP/1.1" 200 3735
192.168.10.99 - - [25/Feb/2016:12:42:34 -0300] "POST /cormun/servlet/trsolicitudot?d4ce3d212999a0b13ceb4893471b1394,,gx-no-cache=1456414709990 HTTP/1.1" 200 3735
192.168.10.89 - - [25/Feb/2016:12:42:38 -0300] "POST /cormun/servlet/solicitudotadjuntos?26f4725b4fd76d3e089de0e9bb8b3088,INS,2016,135,,1,,gx-no-cache=1456414713979 HTTP/1.1" 200 93
192.168.10.89 - - [25/Feb/2016:12:42:38 -0300] "GET /cormun/servlet/hpexe_return? HTTP/1.1" 200 1025
192.168.10.89 - - [25/Feb/2016:12:42:39 -0300] "GET /cormun/servlet/trsolicitudadjuntos?2016,135, HTTP/1.1" 200 5387
192.168.10.98 - - [25/Feb/2016:12:42:44 -0300] "POST /cormun/servlet/hlogin?2732cb0c4ddf82d790888e6b71647193,gx-no-cache=1456414719360 HTTP/1.1" 200 90
192.168.10.98 - - [25/Feb/2016:12:42:44 -0300] "GET /cormun/servlet/hpexe_link HTTP/1.1" 200 953
192.168.10.98 - - [25/Feb/2016:12:42:44 -0300] "GET /cormun/servlet/trsolicitudot HTTP/1.1" 200 6291
192.168.10.89 - - [25/Feb/2016:12:42:44 -0300] "POST /cormun/servlet/trsolicitudadjuntos?26f4725b4fd76d3e089de0e9bb8b3088,2016,135,,gx-no-cache=1456414719892 HTTP/1.1" 200 90
192.168.10.89 - - [25/Feb/2016:12:42:44 -0300] "GET /cormun/servlet/hpexe_link HTTP/1.1" 200 988
192.168.10.89 - - [25/Feb/2016:12:42:45 -0300] "GET /cormun/servlet/trsolicitudot?gx-no-cache=1456414677968 HTTP/1.1" 200 7443
192.168.10.98 - - [25/Feb/2016:12:42:48 -0300] "GET /cormun/servlet/trsolicitudot? HTTP/1.1" 200 6289
192.168.10.89 - - [25/Feb/2016:12:42:56 -0300] "POST /cormun/servlet/trsolicitudot?26f4725b4fd76d3e089de0e9bb8b3088,gx-no-cache=1456414677968,gx-no-cache=1456414731893 HTTP/1.1" 200 4862
192.168.10.89 - - [25/Feb/2016:12:42:56 -0300] "POST /cormun/servlet/trsolicitudot?26f4725b4fd76d3e089de0e9bb8b3088,gx-no-cache=1456414677968,gx-no-cache=1456414732181 HTTP/1.1" 200 4862
192.168.10.89 - - [25/Feb/2016:12:42:57 -0300] "POST /cormun/servlet/trsolicitudot?26f4725b4fd76d3e089de0e9bb8b3088,gx-no-cache=1456414677968,gx-no-cache=1456414732502 HTTP/1.1" 200 4862
192.168.10.89 - - [25/Feb/2016:12:42:57 -0300] "POST /cormun/servlet/trsolicitudot?26f4725b4fd76d3e089de0e9bb8b3088,gx-no-cache=1456414677968,gx-no-cache=1456414732869 HTTP/1.1" 200 4862
192.168.10.89 - - [25/Feb/2016:12:42:58 -0300] "POST /cormun/servlet/trsolicitudot?26f4725b4fd76d3e089de0e9bb8b3088,gx-no-cache=1456414677968,gx-no-cache=1456414733275 HTTP/1.1" 200 4862
192.168.10.89 - - [25/Feb/2016:12:42:58 -0300] "POST /cormun/servlet/trsolicitudot?26f4725b4fd76d3e089de0e9bb8b3088,gx-no-cache=1456414677968,gx-no-cache=1456414733759 HTTP/1.1" 200 4862
192.168.10.89 - - [25/Feb/2016:12:42:59 -0300] "POST /cormun/servlet/trsolicitudot?26f4725b4fd76d3e089de0e9bb8b3088,gx-no-cache=1456414677968,gx-no-cache=1456414734258 HTTP/1.1" 200 4862
192.168.10.89 - - [25/Feb/2016:12:43:01 -0300] "POST /cormun/servlet/trsolicitudot?26f4725b4fd76d3e089de0e9bb8b3088,gx-no-cache=1456414677968,gx-no-cache=1456414734813 HTTP/1.1" 200 5107
