192.168.10.89 - - [25/Feb/2016:12:43:02 -0300] "GET /cormun/static/Shared/jqueryui/images/ui-bg_highlight-soft_100_c6c2c8_1x100.png HTTP/1.1" 404 1117
192.168.10.89 - - [25/Feb/2016:12:43:02 -0300] "GET /cormun/static/Shared/jqueryui/images/ui-icons_8d78a5_256x240.png HTTP/1.1" 404 1089
192.168.10.89 - - [25/Feb/2016:12:43:02 -0300] "GET /cormun/static/Shared/jqueryui/images/ui-icons_82798d_256x240.png HTTP/1.1" 404 1089
192.168.10.89 - - [25/Feb/2016:12:43:02 -0300] "GET /cormun/static/Shared/jqueryui/images/ui-bg_flat_55_fafafa_40x100.png HTTP/1.1" 404 1097
192.168.10.98 - - [25/Feb/2016:12:43:06 -0300] "GET /cormun/servlet/trsolicitudot? HTTP/1.1" 200 6289
192.168.10.98 - - [25/Feb/2016:12:43:25 -0300] "GET /cormun/servlet/trsolicitudot? HTTP/1.1" 200 6289
192.168.10.98 - - [25/Feb/2016:12:43:56 -0300] "POST /cormun/servlet/trsolicitudot?2732cb0c4ddf82d790888e6b71647193,,gx-no-cache=1456414791682 HTTP/1.1" 200 3455
192.168.10.98 - - [25/Feb/2016:12:43:56 -0300] "POST /cormun/servlet/trsolicitudot?2732cb0c4ddf82d790888e6b71647193,,gx-no-cache=1456414791917 HTTP/1.1" 200 3455
192.168.10.98 - - [25/Feb/2016:12:43:56 -0300] "POST /cormun/servlet/trsolicitudot?2732cb0c4ddf82d790888e6b71647193,,gx-no-cache=1456414792140 HTTP/1.1" 200 3455
192.168.10.98 - - [25/Feb/2016:12:43:57 -0300] "POST /cormun/servlet/trsolicitudot?2732cb0c4ddf82d790888e6b71647193,,gx-no-cache=1456414792424 HTTP/1.1" 200 3455
192.168.10.98 - - [25/Feb/2016:12:44:18 -0300] "POST /cormun/servlet/trsolicitudot?2732cb0c4ddf82d790888e6b71647193,,gx-no-cache=1456414813980 HTTP/1.1" 200 3456
192.168.10.98 - - [25/Feb/2016:12:44:19 -0300] "GET /cormun/servlet/trsolicitudot?b0dd2c7eac927124579221d38360ed4ec14ea371945ab27bd431ad639248cbbd68c0da8dbe64781b58f1294264f4cd86bc5ed4b0afa7a9dbc575bc2e99aaeb493e1318e8f505208d5ba7d8e327ec2e3c,gx-no-cache=1456414814452 HTTP/1.1" 200 714
192.168.10.99 - - [25/Feb/2016:12:44:24 -0300] "POST /cormun/servlet/trsolicitudot?d4ce3d212999a0b13ceb4893471b1394,,gx-no-cache=1456414819599 HTTP/1.1" 200 3735
192.168.10.99 - - [25/Feb/2016:12:44:24 -0300] "POST /cormun/servlet/trsolicitudot?d4ce3d212999a0b13ceb4893471b1394,,gx-no-cache=1456414819804 HTTP/1.1" 200 3735
192.168.10.99 - - [25/Feb/2016:12:44:24 -0300] "POST /cormun/servlet/trsolicitudot?d4ce3d212999a0b13ceb4893471b1394,,gx-no-cache=1456414819977 HTTP/1.1" 200 3736
192.168.10.99 - - [25/Feb/2016:12:44:24 -0300] "POST /cormun/servlet/trsolicitudot?d4ce3d212999a0b13ceb4893471b1394,,gx-no-cache=1456414820129 HTTP/1.1" 200 3734
192.168.10.98 - - [25/Feb/2016:12:44:27 -0300] "POST /cormun/servlet/trsolicitudot?2732cb0c4ddf82d790888e6b71647193,,gx-no-cache=1456414822727 HTTP/1.1" 200 3456
192.168.10.98 - - [25/Feb/2016:12:44:45 -0300] "POST /cormun/servlet/trsolicitudot?2732cb0c4ddf82d790888e6b71647193,,gx-no-cache=1456414840859 HTTP/1.1" 200 3456
192.168.10.98 - - [25/Feb/2016:12:44:46 -0300] "GET /cormun/servlet/trsolicitudot?b0dd2c7eac927124579221d38360ed4e9b43f1e51e2649537fcc2ed237d5977c68c0da8dbe64781b58f1294264f4cd86bc5ed4b0afa7a9dbc575bc2e99aaeb493e1318e8f505208d5ba7d8e327ec2e3c,gx-no-cache=1456414841392 HTTP/1.1" 200 715
192.168.10.98 - - [25/Feb/2016:12:44:49 -0300] "POST /cormun/servlet/trsolicitudot?2732cb0c4ddf82d790888e6b71647193,,gx-no-cache=1456414844479 HTTP/1.1" 200 3457
192.168.10.98 - - [25/Feb/2016:12:44:49 -0300] "GET /cormun/servlet/trsolicitudot?b0dd2c7eac927124579221d38360ed4eabad45b79084927b8ce9a760e62a3a9068c0da8dbe64781b58f1294264f4cd86bc5ed4b0afa7a9dbc575bc2e99aaeb493e1318e8f505208d5ba7d8e327ec2e3c,gx-no-cache=1456414845108 HTTP/1.1" 200 715
192.168.10.98 - - [25/Feb/2016:12:44:52 -0300] "POST /cormun/servlet/trsolicitudot?2732cb0c4ddf82d790888e6b71647193,,gx-no-cache=1456414847539 HTTP/1.1" 200 3458
192.168.10.98 - - [25/Feb/2016:12:44:53 -0300] "GET /cormun/servlet/trsolicitudot?b0dd2c7eac927124579221d38360ed4e7da9ba0fbfcf7d701f70498e2c27dcda68c0da8dbe64781b58f1294264f4cd86bc5ed4b0afa7a9dbc575bc2e99aaeb493e1318e8f505208d5ba7d8e327ec2e3c,gx-no-cache=1456414848257 HTTP/1.1" 200 715
192.168.10.98 - - [25/Feb/2016:12:44:56 -0300] "POST /cormun/servlet/trsolicitudot?2732cb0c4ddf82d790888e6b71647193,,gx-no-cache=1456414851811 HTTP/1.1" 200 3456
192.168.10.98 - - [25/Feb/2016:12:44:57 -0300] "GET /cormun/servlet/trsolicitudot?b0dd2c7eac927124579221d38360ed4e202a8b4003f1864cc9306baac702ddee68c0da8dbe64781b58f1294264f4cd86bc5ed4b0afa7a9dbc575bc2e99aaeb493e1318e8f505208d5ba7d8e327ec2e3c,gx-no-cache=1456414852613 HTTP/1.1" 200 715
186.103.159.186 - - [25/Feb/2016:12:45:10 -0300] "GET /cormun/servlet/trvisualizadoreventos? HTTP/1.1" 200 5908
186.103.159.186 - - [25/Feb/2016:12:45:10 -0300] "GET /cormun/static/gxcfg.js?2016251828014 HTTP/1.1" 200 953
186.103.159.186 - - [25/Feb/2016:12:45:10 -0300] "GET /cormun/static/Resources/Spanish/PXTools.css?17554516 HTTP/1.1" 200 89042
186.103.159.186 - - [25/Feb/2016:12:45:10 -0300] "GET /cormun/static/Resources/PXToolsActionPrint.png HTTP/1.1" 200 3317
186.103.159.186 - - [25/Feb/2016:12:45:10 -0300] "GET /cormun/static/trvisualizadoreventos.js?2016251828276 HTTP/1.1" 200 19096
191.112.59.125 - - [25/Feb/2016:12:45:15 -0300] "GET /cormun/servlet/solicitudot?843d8b18d675e67942b4b829b2fcb7438bc186772c1dc7caf1e308a291a1cc9da517882d804f80ff4d97e41d60f78dd632881a90f7877bf66aaed65ddd01daed2b7d98ba4ad596ce35ddfb1696669f252ef457b0194931ff921031f22439c42db3198cc32a65cdae4ea6ee84823d9ceb1c7c0558947e69591831a72f66f50fe1dcf35dcb359e15fad05200f78821a2fe6effa98ccfc9428ff4b6fe4811cca60128e0d42b5d57512694a2ec0d192efe41,gx-no-cache=1456415141727 HTTP/1.1" 200 30
191.112.59.125 - - [25/Feb/2016:12:45:15 -0300] "POST /cormun/servlet/solicitudot?28dd0106d76c6d8a40d1947298f92ee5,INS,0,0,,gx-no-cache=1456415141999 HTTP/1.1" 200 10465
186.103.159.186 - - [25/Feb/2016:12:45:39 -0300] "GET /cormun/servlet/trautorizarsolicitud? HTTP/1.1" 200 6051
192.168.10.89 - - [25/Feb/2016:12:45:40 -0300] "GET /cormun/servlet/hlogin HTTP/1.1" 200 1755
186.103.248.189 - - [25/Feb/2016:12:45:56 -0300] "POST /cormun/servlet/solicitudot?gx-no-cache=1456415232044 HTTP/1.1" 200 30
186.103.248.189 - - [25/Feb/2016:12:46:09 -0300] "POST /cormun/servlet/solicitudot?gx-no-cache=1456415245671 HTTP/1.1" 200 30
186.103.159.230 - - [25/Feb/2016:12:46:10 -0300] "GET /cormun/servlet/trsolicitudot HTTP/1.1" 200 5921
186.103.159.230 - - [25/Feb/2016:12:46:13 -0300] "GET /cormun/servlet/hpexe_link HTTP/1.1" 200 951
186.103.159.230 - - [25/Feb/2016:12:46:14 -0300] "GET /cormun/servlet/trsolicitudot HTTP/1.1" 200 5921
186.103.159.230 - - [25/Feb/2016:12:46:15 -0300] "GET /cormun/servlet/hpexe_link HTTP/1.1" 200 951
186.103.159.230 - - [25/Feb/2016:12:46:15 -0300] "GET /cormun/servlet/trsolicitudot HTTP/1.1" 200 5921
186.103.159.230 - - [25/Feb/2016:12:46:16 -0300] "GET /cormun/servlet/hpexe_link HTTP/1.1" 200 951
186.103.159.230 - - [25/Feb/2016:12:46:16 -0300] "GET /cormun/servlet/trsolicitudot HTTP/1.1" 200 5921
186.103.248.189 - - [25/Feb/2016:12:46:19 -0300] "POST /cormun/servlet/solicitudot?gx-no-cache=1456415255554 HTTP/1.1" 200 452
186.103.248.189 - - [25/Feb/2016:12:46:19 -0300] "GET /cormun/servlet/solicitudot?e38e861a781d040c76fb100ed6ac12b44bf9a83962fdbd58c24ed80ab49e4e4c505081d7520ad52906c535adeba743e065439099a27a1fcf46af6166e1a0034c8a41f75c05b0591c456fbf5e1e980ae5b256bef1c301764cc1018f8286f2baa0aae4ed1dc4f4ff967ae767a96e965fcf34a2327cdd78282099b7709f5b7d2faf63cb9306efe77fdb77b1d9f4e53c7f3e,gx-no-cache=1456415255725 HTTP/1.1" 200 38
186.103.248.189 - - [25/Feb/2016:12:47:12 -0300] "GET /cormun/servlet/solicitudot?e38e861a781d040c76fb100ed6ac12b46f1b5fd78ccfa96f682a2e05d92f63a5a66c92363e2fb3abff5227cab7daf2b659b04d5edb9e3c63514ee50a97753ba4dec48ef00c0d462b328358d572f81f5fb4d00429ae91a81ee5e2eea8347c04a934f4ed1e67c60113d0297375e79f85a7,gx-no-cache=1456415308816 HTTP/1.1" 200 29
186.103.248.189 - - [25/Feb/2016:12:47:15 -0300] "POST /cormun/servlet/solicitudot?gx-no-cache=1456415311000 HTTP/1.1" 200 1116
186.103.248.189 - - [25/Feb/2016:12:47:48 -0300] "GET /cormun/servlet/solicitudot?e38e861a781d040c76fb100ed6ac12b4433787a5577a110ed0cd5e407e5d6757d27ff2c684da4a7c2bd40eec9a1965d201c651cedc39595d29ef33ebe93dec9940b6a184efeee20c590ae8b9c9107859a88377e0c239b5d8eea19b18e2e42b821fd6c1dc6de540759a994a1525833e121b62c114ef62f8e1bf0fdeb4d36d6da8c3ebf5f4cdf42fa61d6648022883c1fa3bb7532569d8f6cd4ec1264e9cbdfdd249e9624095d8f873ef9156266d39cf99,gx-no-cache=1456415344925 HTTP/1.1" 200 30
186.103.248.189 - - [25/Feb/2016:12:48:29 -0300] "POST /cormun/servlet/solicitudot?77f1a510c677e7938ff93314569076f1,INS,0,0,,gx-no-cache=1456415384509 HTTP/1.1" 200 93
186.103.248.189 - - [25/Feb/2016:12:48:29 -0300] "GET /cormun/servlet/hpexe_return? HTTP/1.1" 200 1006
186.103.248.189 - - [25/Feb/2016:12:48:29 -0300] "GET /cormun/static/gxcfg.js?2015111312145050 HTTP/1.1" 200 953
186.103.248.189 - - [25/Feb/2016:12:48:29 -0300] "GET /cormun/static/hpexe_return.js?2015111312145056 HTTP/1.1" 200 1633
186.103.248.189 - - [25/Feb/2016:12:48:29 -0300] "GET /cormun/static/Resources/Spanish/PXTools.css?12112540 HTTP/1.1" 200 89042
186.103.248.189 - - [25/Feb/2016:12:48:29 -0300] "GET /cormun/servlet/trsolicitudot HTTP/1.1" 200 6084
186.103.248.189 - - [25/Feb/2016:12:48:31 -0300] "GET /cormun/servlet/trsolicitudot HTTP/1.1" 200 6081
192.168.10.98 - - [25/Feb/2016:12:48:35 -0300] "GET /cormun/servlet/trsolicitudot HTTP/1.1" 200 6290
186.103.159.186 - - [25/Feb/2016:12:48:37 -0300] "POST /cormun/servlet/acontrolpreferencessavestate?None,VVIDELA,true HTTP/1.1" 200 35
186.103.159.186 - - [25/Feb/2016:12:48:38 -0300] "POST /cormun/servlet/acontrolpreferencessavestate?None,VVIDELA,true HTTP/1.1" 200 35
192.168.10.98 - - [25/Feb/2016:12:48:40 -0300] "GET /cormun/servlet/hpexe_link HTTP/1.1" 200 953
192.168.10.98 - - [25/Feb/2016:12:48:40 -0300] "GET /cormun/servlet/trsolicitudot HTTP/1.1" 200 6290
192.168.10.98 - - [25/Feb/2016:12:48:42 -0300] "GET /cormun/servlet/hpexe_link HTTP/1.1" 200 953
192.168.10.98 - - [25/Feb/2016:12:48:42 -0300] "GET /cormun/servlet/trsolicitudot HTTP/1.1" 200 6290
192.168.10.98 - - [25/Feb/2016:12:48:44 -0300] "GET /cormun/servlet/hpexe_link HTTP/1.1" 200 953
192.168.10.98 - - [25/Feb/2016:12:48:44 -0300] "GET /cormun/servlet/trsolicitudot HTTP/1.1" 200 6290
186.103.159.186 - - [25/Feb/2016:12:48:44 -0300] "GET /cormun/servlet/trvisualizadoreventos? HTTP/1.1" 200 5908
192.168.10.98 - - [25/Feb/2016:12:48:46 -0300] "GET /cormun/servlet/hpexe_link HTTP/1.1" 200 953
192.168.10.98 - - [25/Feb/2016:12:48:46 -0300] "GET /cormun/servlet/trsolicitudot HTTP/1.1" 200 6290
186.103.248.189 - - [25/Feb/2016:12:49:10 -0300] "GET /cormun/servlet/solicitudot?INS,0,0, HTTP/1.1" 200 12010
186.103.248.189 - - [25/Feb/2016:12:49:12 -0300] "GET /cormun/servlet/solicitudot?INS,0,0, HTTP/1.1" 200 12015
186.103.248.189 - - [25/Feb/2016:12:49:16 -0300] "GET /cormun/servlet/trvisualizadoreventos? HTTP/1.1" 200 5884
186.103.248.189 - - [25/Feb/2016:12:49:17 -0300] "GET /cormun/static/gxcfg.js?2016251828014 HTTP/1.1" 200 953
186.103.248.189 - - [25/Feb/2016:12:49:17 -0300] "GET /cormun/static/Resources/PXToolsActionPrint.png HTTP/1.1" 200 3317
186.103.248.189 - - [25/Feb/2016:12:49:17 -0300] "GET /cormun/static/trvisualizadoreventos.js?2016251828276 HTTP/1.1" 200 19096
186.103.248.189 - - [25/Feb/2016:12:49:18 -0300] "GET /cormun/servlet/trvisualizadoreventos? HTTP/1.1" 200 5879
186.103.248.189 - - [25/Feb/2016:12:49:19 -0300] "POST /cormun/servlet/acontrolpreferencessavestate?None,CF-19,true HTTP/1.1" 200 35
186.103.159.186 - - [25/Feb/2016:12:49:20 -0300] "POST /cormun/servlet/trvisualizadoreventos?524700a05831aa3eb540340fb721f04a,,gx-no-cache=1456415394031 HTTP/1.1" 200 3262
186.103.159.186 - - [25/Feb/2016:12:49:20 -0300] "POST /cormun/servlet/trvisualizadoreventos?524700a05831aa3eb540340fb721f04a,,gx-no-cache=1456415394250 HTTP/1.1" 200 3262
186.103.159.186 - - [25/Feb/2016:12:49:20 -0300] "POST /cormun/servlet/trvisualizadoreventos?524700a05831aa3eb540340fb721f04a,,gx-no-cache=1456415394468 HTTP/1.1" 200 3262
186.103.159.186 - - [25/Feb/2016:12:49:21 -0300] "POST /cormun/servlet/trvisualizadoreventos?524700a05831aa3eb540340fb721f04a,,gx-no-cache=1456415394703 HTTP/1.1" 200 3262
186.103.248.189 - - [25/Feb/2016:12:49:23 -0300] "GET /cormun/servlet/trsolicitudot? HTTP/1.1" 200 6094
186.103.248.189 - - [25/Feb/2016:12:49:24 -0300] "GET /cormun/servlet/trsolicitudot? HTTP/1.1" 200 6093
186.103.248.189 - - [25/Feb/2016:12:49:27 -0300] "GET /cormun/servlet/solicitudot?INS,0,0, HTTP/1.1" 200 12024
192.168.10.98 - - [25/Feb/2016:12:49:28 -0300] "GET /cormun/servlet/hpexe_link HTTP/1.1" 200 953
192.168.10.98 - - [25/Feb/2016:12:49:28 -0300] "GET /cormun/servlet/trsolicitudot HTTP/1.1" 200 6290
186.103.248.189 - - [25/Feb/2016:12:49:28 -0300] "GET /cormun/servlet/solicitudot?INS,0,0, HTTP/1.1" 200 12028
192.168.10.98 - - [25/Feb/2016:12:49:44 -0300] "GET /cormun/servlet/hlogin HTTP/1.1" 200 1714
186.103.248.189 - - [25/Feb/2016:12:49:51 -0300] "GET /cormun/servlet/trsolicitudot? HTTP/1.1" 200 6094
186.103.248.189 - - [25/Feb/2016:12:49:53 -0300] "GET /cormun/servlet/trsolicitudot? HTTP/1.1" 200 6093
186.103.248.189 - - [25/Feb/2016:12:49:57 -0300] "GET /cormun/servlet/trsolicitudot? HTTP/1.1" 200 6093
186.103.248.189 - - [25/Feb/2016:12:49:59 -0300] "GET /cormun/servlet/trsolicitudot? HTTP/1.1" 200 6093
192.168.10.89 - - [25/Feb/2016:12:51:43 -0300] "POST /cormun/servlet/hlogin?26f4725b4fd76d3e089de0e9bb8b3088,gx-no-cache=1456415258567 HTTP/1.1" 200 90
192.168.10.89 - - [25/Feb/2016:12:51:43 -0300] "GET /cormun/servlet/hpexe_link HTTP/1.1" 200 950
192.168.10.89 - - [25/Feb/2016:12:51:44 -0300] "GET /cormun/servlet/hhome HTTP/1.1" 200 3331
186.103.248.189 - - [25/Feb/2016:12:51:44 -0300] "GET /cormun/servlet/trvisualizadoreventos? HTTP/1.1" 200 5890
200.111.191.210 - - [25/Feb/2016:12:51:44 -0300] "GET /cormun/servlet/hlogin HTTP/1.1" 200 1719
200.111.191.210 - - [25/Feb/2016:12:51:44 -0300] "GET /cormun/static/gxtimezone.js?85251 HTTP/1.1" 200 5781
200.111.191.210 - - [25/Feb/2016:12:51:44 -0300] "GET /cormun/static/gxcfg.js?20151120045111 HTTP/1.1" 200 953
200.111.191.210 - - [25/Feb/2016:12:51:44 -0300] "GET /cormun/static/hlogin.js?20151120045126 HTTP/1.1" 200 2136
200.111.191.210 - - [25/Feb/2016:12:51:44 -0300] "GET /cormun/static/messages.spa.js?85251 HTTP/1.1" 200 30736
200.111.191.210 - - [25/Feb/2016:12:51:44 -0300] "GET /cormun/static/Resources/ComunLogin.png HTTP/1.1" 200 17326
200.111.191.210 - - [25/Feb/2016:12:51:44 -0300] "GET /cormun/static/Resources/Spanish/PXTools.css?005343 HTTP/1.1" 200 89042
200.111.191.210 - - [25/Feb/2016:12:51:44 -0300] "GET /cormun/static/gxgral.js?85251 HTTP/1.1" 200 384558
200.111.191.210 - - [25/Feb/2016:12:51:44 -0300] "GET /cormun/static/Resources/PXToolsLoginTop.png HTTP/1.1" 200 1337
200.111.191.210 - - [25/Feb/2016:12:51:44 -0300] "GET /cormun/static/Resources/PXToolsLoginBackground.png HTTP/1.1" 200 1164
200.111.191.210 - - [25/Feb/2016:12:51:44 -0300] "GET /cormun/static/Resources/PXToolsButtonLeft21.png HTTP/1.1" 200 1287
200.111.191.210 - - [25/Feb/2016:12:51:44 -0300] "GET /cormun/static/Resources/PXToolsButtonBackground2.png HTTP/1.1" 200 1181
200.111.191.210 - - [25/Feb/2016:12:51:44 -0300] "GET /cormun/static/Resources/PXToolsLoginBottom.png HTTP/1.1" 200 1389
200.111.191.210 - - [25/Feb/2016:12:51:44 -0300] "GET /cormun/static/Resources/PXToolsButtonRight21.png HTTP/1.1" 200 1283
200.111.191.210 - - [25/Feb/2016:12:51:44 -0300] "GET /cormun/static/Resources/indicator.gif HTTP/1.1" 200 1553
200.111.191.210 - - [25/Feb/2016:12:51:44 -0300] "GET /cormun/servlet/hlogin HTTP/1.1" 200 1730
200.111.191.210 - - [25/Feb/2016:12:51:45 -0300] "GET /favicon.ico HTTP/1.1" 200 21630
186.103.248.189 - - [25/Feb/2016:12:51:46 -0300] "GET /cormun/servlet/trvisualizadoreventos? HTTP/1.1" 200 5890
186.103.248.189 - - [25/Feb/2016:12:51:55 -0300] "POST /cormun/servlet/trvisualizadoreventos?77f1a510c677e7938ff93314569076f1,,gx-no-cache=1456415591448 HTTP/1.1" 200 90
186.103.248.189 - - [25/Feb/2016:12:51:55 -0300] "GET /cormun/servlet/hpexe_link HTTP/1.1" 200 964
186.103.248.189 - - [25/Feb/2016:12:51:56 -0300] "GET /cormun/servlet/trsolicitudot HTTP/1.1" 200 6095
186.103.248.189 - - [25/Feb/2016:12:51:57 -0300] "GET /cormun/servlet/trsolicitudot HTTP/1.1" 200 6093
192.168.10.98 - - [25/Feb/2016:12:52:03 -0300] "POST /cormun/servlet/hlogin?2732cb0c4ddf82d790888e6b71647193,gx-no-cache=1456415278722 HTTP/1.1" 200 90
192.168.10.98 - - [25/Feb/2016:12:52:03 -0300] "GET /cormun/servlet/hpexe_link HTTP/1.1" 200 948
192.168.10.98 - - [25/Feb/2016:12:52:03 -0300] "GET /cormun/servlet/hhome HTTP/1.1" 200 3400
192.168.10.98 - - [25/Feb/2016:12:52:12 -0300] "GET /cormun/servlet/trvisualizadoreventos? HTTP/1.1" 200 5913
192.168.10.89 - - [25/Feb/2016:12:52:18 -0300] "GET /cormun/servlet/hhome HTTP/1.1" 200 3331
192.168.10.89 - - [25/Feb/2016:12:52:21 -0300] "GET /cormun/servlet/trsolicitudot? HTTP/1.1" 200 6050
192.168.10.89 - - [25/Feb/2016:12:52:23 -0300] "POST /cormun/servlet/acontrolpreferencessavestate?None,CENOR,true HTTP/1.1" 200 35
192.168.10.98 - - [25/Feb/2016:12:52:23 -0300] "POST /cormun/servlet/trvisualizadoreventos?2732cb0c4ddf82d790888e6b71647193,,gx-no-cache=1456415298953 HTTP/1.1" 200 3263
192.168.10.98 - - [25/Feb/2016:12:52:23 -0300] "POST /cormun/servlet/trvisualizadoreventos?2732cb0c4ddf82d790888e6b71647193,,gx-no-cache=1456415299149 HTTP/1.1" 200 3263
192.168.10.98 - - [25/Feb/2016:12:52:24 -0300] "POST /cormun/servlet/trvisualizadoreventos?2732cb0c4ddf82d790888e6b71647193,,gx-no-cache=1456415299377 HTTP/1.1" 200 3263
192.168.10.98 - - [25/Feb/2016:12:52:24 -0300] "POST /cormun/servlet/trvisualizadoreventos?2732cb0c4ddf82d790888e6b71647193,,gx-no-cache=1456415299613 HTTP/1.1" 200 3263
192.168.10.98 - - [25/Feb/2016:12:52:26 -0300] "POST /cormun/servlet/trvisualizadoreventos?2732cb0c4ddf82d790888e6b71647193,,gx-no-cache=1456415301300 HTTP/1.1" 200 3564
192.168.10.98 - - [25/Feb/2016:12:52:26 -0300] "GET /cormun/servlet/trvisualizadoreventos?b0dd2c7eac927124579221d38360ed4e65555c75b8a88a1cea00e67b99c1a5a90fc3b0a057b70e609b52deb6b81523dbee3b7a3bb5c1734ccee93caf6fabb9daeb1ea3199ed61eb6ae96f1731578da6280a764ca2518e4dcb36dad0faecdb45d40240c202cf536034543e25376f11c435969a43314b4141678671618964a69b230133c5dee188942df60f1071328d42d44dac28b547fe4c18e6babfb80d61b3404fb4ef8a797584129cf8e83bc0be33c091ab78b0766830b9d8e7b48bea4b613,gx-no-cache=1456415301780 HTTP/1.1" 200 905
192.168.10.89 - - [25/Feb/2016:12:52:33 -0300] "GET /cormun/servlet/solicitudot?INS,0,0, HTTP/1.1" 200 12021
192.168.10.98 - - [25/Feb/2016:12:52:37 -0300] "POST /cormun/servlet/trvisualizadoreventos?2732cb0c4ddf82d790888e6b71647193,,gx-no-cache=1456415312201 HTTP/1.1" 200 3554
192.168.10.98 - - [25/Feb/2016:12:52:37 -0300] "GET /cormun/servlet/trvisualizadoreventos?b0dd2c7eac927124579221d38360ed4eeff163dc12f41f19abb670268bba6bc21fdcf195e030b65d090b44ff72585859ee3b7a3bb5c1734ccee93caf6fabb9daeb1ea3199ed61eb6ae96f1731578da6280a764ca2518e4dcb36dad0faecdb45d40240c202cf536034543e25376f11c435969a43314b4141678671618964a69b230133c5dee188942df60f1071328d42d44dac28b547fe4c18e6babfb80d61b3404fb4ef8a797584129cf8e83bc0be33c806a228b3f31f620325cc0b38cd521f7,gx-no-cache=1456415312651 HTTP/1.1" 200 903
192.168.10.89 - - [25/Feb/2016:12:52:45 -0300] "POST /cormun/servlet/solicitudot?gx-no-cache=1456415320950 HTTP/1.1" 200 2669
192.168.10.89 - - [25/Feb/2016:12:52:45 -0300] "POST /cormun/servlet/solicitudot?26f4725b4fd76d3e089de0e9bb8b3088,INS,0,0,,gx-no-cache=1456415321060 HTTP/1.1" 200 9394
192.168.10.98 - - [25/Feb/2016:12:52:46 -0300] "POST /cormun/servlet/trvisualizadoreventos?2732cb0c4ddf82d790888e6b71647193,,gx-no-cache=1456415321313 HTTP/1.1" 200 3564
192.168.10.98 - - [25/Feb/2016:12:52:46 -0300] "GET /cormun/servlet/trvisualizadoreventos?b0dd2c7eac927124579221d38360ed4e65555c75b8a88a1cea00e67b99c1a5a91fdcf195e030b65d090b44ff72585859ee3b7a3bb5c1734ccee93caf6fabb9daeb1ea3199ed61eb6ae96f1731578da6280a764ca2518e4dcb36dad0faecdb45d40240c202cf536034543e25376f11c435969a43314b4141678671618964a69b230133c5dee188942df60f1071328d42d44dac28b547fe4c18e6babfb80d61b3404fb4ef8a797584129cf8e83bc0be33c4be95138906eb10d9cfe548d9b49ef31,gx-no-cache=1456415321832 HTTP/1.1" 200 905
192.168.10.89 - - [25/Feb/2016:12:52:48 -0300] "GET /cormun/servlet/solicitudot?64ba76b609b038e5cd7e8c5d6c0f3361c285a8d8e3b3c2b0b01980c5825119b4a030c6d71d632902772cd45d707f569b,gx-no-cache=1456415323743 HTTP/1.1" 200 30
186.103.248.189 - - [25/Feb/2016:12:52:56 -0300] "POST /cormun/servlet/trsolicitudot?77f1a510c677e7938ff93314569076f1,gx-no-cache=1456415651958 HTTP/1.1" 200 3442
186.103.248.189 - - [25/Feb/2016:12:52:56 -0300] "POST /cormun/servlet/trsolicitudot?77f1a510c677e7938ff93314569076f1,gx-no-cache=1456415652459 HTTP/1.1" 200 3441
186.103.248.189 - - [25/Feb/2016:12:52:57 -0300] "POST /cormun/servlet/trsolicitudot?77f1a510c677e7938ff93314569076f1,gx-no-cache=1456415652865 HTTP/1.1" 200 3440
186.103.248.189 - - [25/Feb/2016:12:52:57 -0300] "POST /cormun/servlet/trsolicitudot?77f1a510c677e7938ff93314569076f1,gx-no-cache=1456415653266 HTTP/1.1" 200 3442
186.103.248.189 - - [25/Feb/2016:12:52:57 -0300] "POST /cormun/servlet/trsolicitudot?77f1a510c677e7938ff93314569076f1,gx-no-cache=1456415653711 HTTP/1.1" 200 3442
186.103.248.189 - - [25/Feb/2016:12:52:58 -0300] "POST /cormun/servlet/trsolicitudot?77f1a510c677e7938ff93314569076f1,gx-no-cache=1456415654115 HTTP/1.1" 200 3442
186.103.248.189 - - [25/Feb/2016:12:52:58 -0300] "POST /cormun/servlet/trsolicitudot?77f1a510c677e7938ff93314569076f1,gx-no-cache=1456415654581 HTTP/1.1" 200 3442
186.103.248.189 - - [25/Feb/2016:12:52:59 -0300] "POST /cormun/servlet/trsolicitudot?77f1a510c677e7938ff93314569076f1,gx-no-cache=1456415655132 HTTP/1.1" 200 3442
192.168.10.98 - - [25/Feb/2016:12:53:02 -0300] "GET /cormun/servlet/trvisualizadoreventos?b0dd2c7eac927124579221d38360ed4ecbc95843bcaf4c0005becc08ec68be5052e01a5dc779c80961bf93ba5ebded4d660a7c7c1528f93dc60cbd0918c60f3c9e97d807edb433474cd013e7c3ea12adfd3b7c0215d6a8729348d6ba2eabc1ea3d3fef48d49c4faf23cfc6b1b7da632ff9e10a8390632bdb6abafec7082410908fc3f597a4e700dc0687d5a821b03b143c211112b86ee0885818ff5b195ab44da6fbd174f06891569226fea4daed92454eaef4e7ea5c4b7a3eeaaa17e3d45690,gx-no-cache=1456415337894 HTTP/1.1" 200 906
192.168.10.98 - - [25/Feb/2016:12:53:03 -0300] "POST /cormun/servlet/trvisualizadoreventos?2732cb0c4ddf82d790888e6b71647193,,gx-no-cache=1456415338261 HTTP/1.1" 200 111
192.168.10.98 - - [25/Feb/2016:12:53:03 -0300] "POST /cormun/servlet/trvisualizadoreventos?2732cb0c4ddf82d790888e6b71647193,,gx-no-cache=1456415338453 HTTP/1.1" 200 3546
192.168.10.98 - - [25/Feb/2016:12:53:03 -0300] "GET /cormun/VisualizadorEventos-8923.xls HTTP/1.1" 200 4608
186.103.248.189 - - [25/Feb/2016:12:53:04 -0300] "GET /cormun/servlet/hhome HTTP/1.1" 200 3368
186.103.248.189 - - [25/Feb/2016:12:53:06 -0300] "GET /cormun/servlet/hhome HTTP/1.1" 200 3366
192.168.10.98 - - [25/Feb/2016:12:53:08 -0300] "OPTIONS /cormun/ HTTP/1.1" 200 -
192.168.10.98 - - [25/Feb/2016:12:53:10 -0300] "HEAD /cormun/VisualizadorEventos-8923.xls HTTP/1.1" 200 -
186.103.248.189 - - [25/Feb/2016:12:53:17 -0300] "GET /cormun/servlet/hlogin HTTP/1.1" 200 1729
192.168.10.98 - - [25/Feb/2016:12:53:28 -0300] "OPTIONS / HTTP/1.1" 200 11217
200.111.191.210 - - [25/Feb/2016:12:53:28 -0300] "POST /cormun/servlet/hlogin?f561cf82537fc9edc29ffcad7e12c22c,gx-no-cache=1456419225467 HTTP/1.1" 200 90
200.111.191.210 - - [25/Feb/2016:12:53:28 -0300] "GET /cormun/servlet/hpexe_link HTTP/1.1" 200 950
200.111.191.210 - - [25/Feb/2016:12:53:29 -0300] "GET /cormun/static/gxcfg.js?20151120044395 HTTP/1.1" 200 953
200.111.191.210 - - [25/Feb/2016:12:53:29 -0300] "GET /cormun/static/hpexe_link.js?20151120044398 HTTP/1.1" 200 625
200.111.191.210 - - [25/Feb/2016:12:53:29 -0300] "GET /cormun/servlet/hhome HTTP/1.1" 200 3312
200.111.191.210 - - [25/Feb/2016:12:53:29 -0300] "GET /cormun/static/SmoothNavMenu/resources/ddsmoothmenu.css?1112540 HTTP/1.1" 200 2223
200.111.191.210 - - [25/Feb/2016:12:53:29 -0300] "GET /cormun/static/SmoothNavMenu/resources/ddsmoothmenu-v.css?1112540 HTTP/1.1" 200 1188
200.111.191.210 - - [25/Feb/2016:12:53:29 -0300] "GET /cormun/static/Shared/jqueryui/jquery-ui.min.css?1345370 HTTP/1.1" 200 30288
200.111.191.210 - - [25/Feb/2016:12:53:29 -0300] "GET /cormun/static/scaMessage/css/jquery.pnotify.default.css?1816380 HTTP/1.1" 200 1707
200.111.191.210 - - [25/Feb/2016:12:53:29 -0300] "GET /cormun/static/PXToolsJavascripts/pexe_cookies.js HTTP/1.1" 200 792
200.111.191.210 - - [25/Feb/2016:12:53:29 -0300] "GET /cormun/static/PXToolsJavascripts/pexe_windows.js HTTP/1.1" 200 15207
200.111.191.210 - - [25/Feb/2016:12:53:29 -0300] "GET /cormun/static/PXToolsJavascripts/pexe_grid.js HTTP/1.1" 200 7559
200.111.191.210 - - [25/Feb/2016:12:53:29 -0300] "GET /cormun/static/PXToolsJavascripts/pexe_griddivfix.js HTTP/1.1" 200 6644
200.111.191.210 - - [25/Feb/2016:12:53:29 -0300] "GET /cormun/static/PXToolsJavascripts/pexe_link.js HTTP/1.1" 200 5671
200.111.191.210 - - [25/Feb/2016:12:53:29 -0300] "GET /cormun/static/PXToolsJavascripts/pexe_menudivfix.js HTTP/1.1" 200 333
200.111.191.210 - - [25/Feb/2016:12:53:29 -0300] "GET /cormun/static/PXToolsJavascripts/pexe_menus.js HTTP/1.1" 200 1286
200.111.191.210 - - [25/Feb/2016:12:53:29 -0300] "GET /cormun/static/Resources/Spanish/PXTools.css?10515224 HTTP/1.1" 200 89042
200.111.191.210 - - [25/Feb/2016:12:53:29 -0300] "GET /cormun/static/PXToolsJavascripts/pexe_layers.js HTTP/1.1" 200 4114
200.111.191.210 - - [25/Feb/2016:12:53:29 -0300] "GET /cormun/static/PXToolsJavascripts/pexe_oav.js HTTP/1.1" 200 645
200.111.191.210 - - [25/Feb/2016:12:53:29 -0300] "GET /cormun/static/PXToolsJavascripts/pexe_oavdivfix.js HTTP/1.1" 200 639
200.111.191.210 - - [25/Feb/2016:12:53:29 -0300] "GET /cormun/static/PXToolsJavascripts/pexe_picture.js HTTP/1.1" 200 689
200.111.191.210 - - [25/Feb/2016:12:53:29 -0300] "GET /cormun/static/PXToolsJavascripts/pexe_popup.js HTTP/1.1" 200 13458
200.111.191.210 - - [25/Feb/2016:12:53:29 -0300] "GET /cormun/static/PXToolsJavascripts/pexe_tabdivfix.js HTTP/1.1" 200 876
200.111.191.210 - - [25/Feb/2016:12:53:29 -0300] "GET /cormun/static/PXToolsJavascripts/pexe_scrolldiv.js HTTP/1.1" 200 4138
200.111.191.210 - - [25/Feb/2016:12:53:29 -0300] "GET /cormun/static/PXToolsJavascripts/pexe_tabs.js HTTP/1.1" 200 3748
200.111.191.210 - - [25/Feb/2016:12:53:29 -0300] "GET /cormun/static/PXToolsJavascripts/pexe_upload.js HTTP/1.1" 200 1423
200.111.191.210 - - [25/Feb/2016:12:53:29 -0300] "GET /cormun/static/PXToolsJavascripts/PXToolsJavascriptsRender.js HTTP/1.1" 200 367
200.111.191.210 - - [25/Feb/2016:12:53:29 -0300] "GET /cormun/static/RunJS/RunJS.js HTTP/1.1" 200 288
200.111.191.210 - - [25/Feb/2016:12:53:29 -0300] "GET /cormun/static/Shared/ext/locale/ext-lang-en.js HTTP/1.1" 200 10940
200.111.191.210 - - [25/Feb/2016:12:53:29 -0300] "GET /cormun/static/hhome.js?2015112210564255 HTTP/1.1" 200 777
200.111.191.210 - - [25/Feb/2016:12:53:29 -0300] "GET /cormun/static/hwchdr01.js?20162241650484 HTTP/1.1" 200 1002
200.111.191.210 - - [25/Feb/2016:12:53:29 -0300] "GET /cormun/static/hpexe_recentlink.js?2015111312121342 HTTP/1.1" 200 2144
200.111.191.210 - - [25/Feb/2016:12:53:29 -0300] "GET /cormun/static/gxcfg.js?2015112210564248 HTTP/1.1" 200 953
200.111.191.210 - - [25/Feb/2016:12:53:29 -0300] "GET /cormun/static/PXToolsJavascripts/pexe_autoreload.js HTTP/1.1" 200 1762
200.111.191.210 - - [25/Feb/2016:12:53:29 -0300] "GET /cormun/static/hpexe_scripts.js?20151120014546 HTTP/1.1" 200 1544
200.111.191.210 - - [25/Feb/2016:12:53:29 -0300] "GET /cormun/static/hpexe_messagecontroller.js?2015112210524422 HTTP/1.1" 200 870
200.111.191.210 - - [25/Feb/2016:12:53:29 -0300] "GET /cormun/static/gxui/gxui-all.js HTTP/1.1" 200 107772
200.111.191.210 - - [25/Feb/2016:12:53:29 -0300] "GET /cormun/static/hpexe_messagepopupcomponent.js?201622412404545 HTTP/1.1" 200 605
200.111.191.210 - - [25/Feb/2016:12:53:29 -0300] "GET /cormun/static/cmcontrolpreferences.js?20151120014525 HTTP/1.1" 200 1375
200.111.191.210 - - [25/Feb/2016:12:53:29 -0300] "GET /cormun/static/hpexe_messagegenexuscomponent.js?20151120014314 HTTP/1.1" 200 587
200.111.191.210 - - [25/Feb/2016:12:53:29 -0300] "GET /cormun/static/SmoothNavMenu/resources/ddsmoothmenu.js HTTP/1.1" 200 12712
200.111.191.210 - - [25/Feb/2016:12:53:29 -0300] "GET /cormun/static/SmoothNavMenu/resources/SmoothNavMenuRender.js HTTP/1.1" 200 5951
200.111.191.210 - - [25/Feb/2016:12:53:29 -0300] "GET /cormun/static/scaMessage/js/jquery.pnotify.min.js HTTP/1.1" 200 13038
200.111.191.210 - - [25/Feb/2016:12:53:29 -0300] "GET /cormun/static/scaMessage/scaMessageRender.js HTTP/1.1" 200 11977
200.111.191.210 - - [25/Feb/2016:12:53:29 -0300] "GET /cormun/static/hmpwkw03.js?201622421393366 HTTP/1.1" 200 3845
200.111.191.210 - - [25/Feb/2016:12:53:29 -0300] "GET /cormun/static/Resources/PXToolsFooterBackground2.png HTTP/1.1" 200 1172
200.111.191.210 - - [25/Feb/2016:12:53:29 -0300] "GET /cormun/static/Resources/PXToolsHeaderBackground2.png HTTP/1.1" 200 1174
200.111.191.210 - - [25/Feb/2016:12:53:29 -0300] "GET /cormun/static/Shared/jquery/jquery-1.10.2.min.js HTTP/1.1" 200 273199
200.111.191.210 - - [25/Feb/2016:12:53:29 -0300] "GET /cormun/static/Resources/PXToolsDataTitle.png HTTP/1.1" 200 1173
200.111.191.210 - - [25/Feb/2016:12:53:29 -0300] "GET /cormun/static/Resources/PXToolsHeaderActionsBackground.png HTTP/1.1" 200 484
200.111.191.210 - - [25/Feb/2016:12:53:29 -0300] "GET /cormun/static/Resources/PXToolsHeaderActionsLeft.png HTTP/1.1" 200 1118
200.111.191.210 - - [25/Feb/2016:12:53:29 -0300] "GET /cormun/static/Resources/PXToolsHeaderActionsRight.png HTTP/1.1" 200 1201
200.111.191.210 - - [25/Feb/2016:12:53:29 -0300] "GET /cormun/static/Shared/jquery/jquery-1.4.2.min.js HTTP/1.1" 200 72174
200.111.191.210 - - [25/Feb/2016:12:53:29 -0300] "GET /cormun/static/Resources/PXToolsHeaderLogin.png HTTP/1.1" 200 4279
200.111.191.210 - - [25/Feb/2016:12:53:30 -0300] "GET /cormun/static/Resources/PXToolsHeaderPreferences.png HTTP/1.1" 200 4189
200.111.191.210 - - [25/Feb/2016:12:53:30 -0300] "GET /cormun/static/Shared/jqueryui/jquery-ui.min.js HTTP/1.1" 200 240427
200.111.191.210 - - [25/Feb/2016:12:53:30 -0300] "GET /cormun/static/Resources/logo4.png HTTP/1.1" 200 6582
200.111.191.210 - - [25/Feb/2016:12:53:30 -0300] "GET /cormun/static/Resources/PXToolsHeaderSecurity.png HTTP/1.1" 200 4166
200.111.191.210 - - [25/Feb/2016:12:53:30 -0300] "GET /cormun/static/Resources/PXToolsHeaderHome.png HTTP/1.1" 200 4147
186.103.248.189 - - [25/Feb/2016:12:53:30 -0300] "POST /cormun/servlet/hlogin?77f1a510c677e7938ff93314569076f1,gx-no-cache=1456415686509 HTTP/1.1" 200 443
200.111.191.210 - - [25/Feb/2016:12:53:30 -0300] "GET /cormun/static/Shared/ext/ext-all.js HTTP/1.1" 200 1289687
200.111.191.210 - - [25/Feb/2016:12:53:31 -0300] "GET /cormun/static/SmoothNavMenu/resources/images/down.gif HTTP/1.1" 200 854
200.111.191.210 - - [25/Feb/2016:12:53:31 -0300] "GET /cormun/servlet/hhome HTTP/1.1" 200 3310
186.103.248.189 - - [25/Feb/2016:12:53:39 -0300] "POST /cormun/servlet/hlogin?77f1a510c677e7938ff93314569076f1,gx-no-cache=1456415694899 HTTP/1.1" 200 90
186.103.248.189 - - [25/Feb/2016:12:53:39 -0300] "GET /cormun/servlet/hpexe_link HTTP/1.1" 200 948
186.103.248.189 - - [25/Feb/2016:12:53:39 -0300] "GET /cormun/servlet/hhome HTTP/1.1" 200 3349
192.168.10.98 - - [25/Feb/2016:12:53:39 -0300] "OPTIONS /cormun HTTP/1.1" 302 -
192.168.10.98 - - [25/Feb/2016:12:53:39 -0300] "OPTIONS /cormun/ HTTP/1.1" 200 -
186.103.248.189 - - [25/Feb/2016:12:53:41 -0300] "GET /cormun/servlet/hhome HTTP/1.1" 200 3345
192.168.10.98 - - [25/Feb/2016:12:53:42 -0300] "PROPFIND /cormun HTTP/1.1" 302 -
192.168.10.98 - - [25/Feb/2016:12:53:42 -0300] "PROPFIND /cormun/ HTTP/1.1" 501 1141
200.111.191.210 - - [25/Feb/2016:12:53:43 -0300] "GET /cormun/servlet/trsolicitudot? HTTP/1.1" 200 6030
200.111.191.210 - - [25/Feb/2016:12:53:43 -0300] "GET /cormun/static/gxui/gxui-all.css?120300 HTTP/1.1" 200 2179
200.111.191.210 - - [25/Feb/2016:12:53:43 -0300] "GET /cormun/static/calendar-system.css?85620 HTTP/1.1" 200 5572
200.111.191.210 - - [25/Feb/2016:12:53:43 -0300] "GET /cormun/static/gxcfg.js?20161623482752 HTTP/1.1" 200 953
200.111.191.210 - - [25/Feb/2016:12:53:43 -0300] "GET /cormun/static/calendar.js?85251 HTTP/1.1" 200 26246
200.111.191.210 - - [25/Feb/2016:12:53:43 -0300] "GET /cormun/static/calendar-setup.js?85251 HTTP/1.1" 200 2588
200.111.191.210 - - [25/Feb/2016:12:53:43 -0300] "GET /cormun/static/calendar-es.js?85251 HTTP/1.1" 200 1901
200.111.191.210 - - [25/Feb/2016:12:53:43 -0300] "GET /cormun/static/gxdec.js?85251 HTTP/1.1" 200 19579
200.111.191.210 - - [25/Feb/2016:12:53:43 -0300] "GET /cormun/static/Resources/PXTools/calendar.png HTTP/1.1" 200 1306
200.111.191.210 - - [25/Feb/2016:12:53:43 -0300] "GET /cormun/static/Resources/Spanish/PXTools.css?17554516 HTTP/1.1" 200 89042
200.111.191.210 - - [25/Feb/2016:12:53:43 -0300] "GET /cormun/static/Resources/PXToolsDataSearch.png HTTP/1.1" 200 419
200.111.191.210 - - [25/Feb/2016:12:53:43 -0300] "GET /cormun/static/trsolicitudot.js?20161623483284 HTTP/1.1" 200 45324
200.111.191.210 - - [25/Feb/2016:12:53:43 -0300] "GET /cormun/static/Resources/PXToolsGridFirst.gif HTTP/1.1" 200 379
200.111.191.210 - - [25/Feb/2016:12:53:43 -0300] "GET /cormun/static/Resources/PXToolsGridPrevious.gif HTTP/1.1" 200 369
200.111.191.210 - - [25/Feb/2016:12:53:43 -0300] "GET /cormun/static/Resources/PXToolsGridNext.gif HTTP/1.1" 200 369
200.111.191.210 - - [25/Feb/2016:12:53:43 -0300] "GET /cormun/static/Resources/PXToolsGridLast.gif HTTP/1.1" 200 370
200.111.191.210 - - [25/Feb/2016:12:53:43 -0300] "GET /cormun/static/Shared/ext/resources/css/ext-all.css?215870 HTTP/1.1" 200 416045
200.111.191.210 - - [25/Feb/2016:12:53:43 -0300] "GET /cormun/static/Resources/PXToolsActionExcel.png HTTP/1.1" 200 3187
200.111.191.210 - - [25/Feb/2016:12:53:43 -0300] "GET /cormun/static/Resources/PXToolsGridNew.png HTTP/1.1" 200 2949
192.168.10.98 - - [25/Feb/2016:12:53:44 -0300] "PROPFIND /cormun HTTP/1.1" 302 -
192.168.10.98 - - [25/Feb/2016:12:53:44 -0300] "PROPFIND /cormun/ HTTP/1.1" 501 1141
192.168.10.98 - - [25/Feb/2016:12:53:44 -0300] "HEAD /cormun/VisualizadorEventos-8923.xls HTTP/1.1" 200 -
200.111.191.210 - - [25/Feb/2016:12:53:44 -0300] "GET /cormun/static/Resources/asc.gif HTTP/1.1" 200 67
200.111.191.210 - - [25/Feb/2016:12:53:44 -0300] "GET /cormun/static/Resources/desc.gif HTTP/1.1" 200 65
200.111.191.210 - - [25/Feb/2016:12:53:44 -0300] "GET /cormun/servlet/trsolicitudot? HTTP/1.1" 200 6030
200.111.191.210 - - [25/Feb/2016:12:53:44 -0300] "GET /cormun/static/Shared/ext/resources/themes/images/default/tools/tool-sprites.gif HTTP/1.1" 200 5434
200.111.191.210 - - [25/Feb/2016:12:53:44 -0300] "GET /cormun/static/Shared/ext/resources/themes/images/default/panel/bg-headersPanel.png HTTP/1.1" 200 255
192.168.10.98 - - [25/Feb/2016:12:53:45 -0300] "GET /cormun/servlet/hhome HTTP/1.1" 200 3400
200.111.191.210 - - [25/Feb/2016:12:53:45 -0300] "POST /cormun/servlet/acontrolpreferencessavestate?None,CA-7,true HTTP/1.1" 200 35
192.168.10.98 - - [25/Feb/2016:12:53:47 -0300] "PROPFIND / HTTP/1.1" 200 11217
186.103.248.189 - - [25/Feb/2016:12:53:47 -0300] "GET /cormun/servlet/trvisualizadoreventos? HTTP/1.1" 200 5868
186.103.248.189 - - [25/Feb/2016:12:53:48 -0300] "GET /cormun/servlet/trvisualizadoreventos? HTTP/1.1" 200 5869
192.168.10.98 - - [25/Feb/2016:12:53:49 -0300] "PROPFIND / HTTP/1.1" 200 11217
186.103.248.189 - - [25/Feb/2016:12:53:50 -0300] "POST /cormun/servlet/acontrolpreferencessavestate?None,GFAUNDEZ,true HTTP/1.1" 200 35
186.103.248.189 - - [25/Feb/2016:12:53:52 -0300] "GET /cormun/servlet/trautorizarsolicitud? HTTP/1.1" 200 6040
186.103.248.189 - - [25/Feb/2016:12:53:53 -0300] "GET /cormun/static/gxcfg.js?2016224124647 HTTP/1.1" 200 953
186.103.248.189 - - [25/Feb/2016:12:53:53 -0300] "GET /cormun/static/trautorizarsolicitud.js?20162241246932 HTTP/1.1" 200 45302
186.103.248.189 - - [25/Feb/2016:12:53:53 -0300] "GET /cormun/static/Resources/Spanish/PXTools.css?12395978 HTTP/1.1" 200 89042
186.103.248.189 - - [25/Feb/2016:12:53:54 -0300] "GET /cormun/servlet/trautorizarsolicitud? HTTP/1.1" 200 6039
186.103.248.189 - - [25/Feb/2016:12:53:55 -0300] "POST /cormun/servlet/acontrolpreferencessavestate?None,GFAUNDEZ,true HTTP/1.1" 200 35
186.103.248.189 - - [25/Feb/2016:12:54:00 -0300] "GET /cormun/servlet/hlogin HTTP/1.1" 200 1739
192.168.10.98 - - [25/Feb/2016:12:54:12 -0300] "GET /cormun/servlet/trsolicitudot? HTTP/1.1" 200 6114
192.168.10.98 - - [25/Feb/2016:12:54:19 -0300] "POST /cormun/servlet/trsolicitudot?2732cb0c4ddf82d790888e6b71647193,,gx-no-cache=1456415414652 HTTP/1.1" 200 3454
192.168.10.98 - - [25/Feb/2016:12:54:19 -0300] "POST /cormun/servlet/trsolicitudot?2732cb0c4ddf82d790888e6b71647193,,gx-no-cache=1456415414890 HTTP/1.1" 200 3453
192.168.10.98 - - [25/Feb/2016:12:54:19 -0300] "POST /cormun/servlet/trsolicitudot?2732cb0c4ddf82d790888e6b71647193,,gx-no-cache=1456415415133 HTTP/1.1" 200 3453
192.168.10.98 - - [25/Feb/2016:12:54:20 -0300] "POST /cormun/servlet/trsolicitudot?2732cb0c4ddf82d790888e6b71647193,,gx-no-cache=1456415415400 HTTP/1.1" 200 3452
192.168.10.98 - - [25/Feb/2016:12:54:21 -0300] "POST /cormun/servlet/trsolicitudot?2732cb0c4ddf82d790888e6b71647193,,gx-no-cache=1456415416790 HTTP/1.1" 200 4882
192.168.10.98 - - [25/Feb/2016:12:54:22 -0300] "GET /cormun/servlet/trsolicitudot?b0dd2c7eac927124579221d38360ed4ec14ea371945ab27bd431ad639248cbbd35acdc34740b61639092206bd1c035411974d0a98c4a9e7b350719303c40789a76ee03ecd9028299314415894516dd12,gx-no-cache=1456415417360 HTTP/1.1" 200 2163
200.111.191.210 - - [25/Feb/2016:12:54:22 -0300] "GET /cormun/servlet/solicitudot?INS,0,0, HTTP/1.1" 200 11987
200.111.191.210 - - [25/Feb/2016:12:54:23 -0300] "GET /cormun/static/gxcfg.js?201617004230 HTTP/1.1" 200 953
200.111.191.210 - - [25/Feb/2016:12:54:23 -0300] "GET /cormun/static/Resources/prompt.gif HTTP/1.1" 200 902
200.111.191.210 - - [25/Feb/2016:12:54:23 -0300] "GET /cormun/static/solicitudot.js?201617004281 HTTP/1.1" 200 44291
200.111.191.210 - - [25/Feb/2016:12:54:23 -0300] "GET /cormun/servlet/solicitudot?INS,0,0, HTTP/1.1" 200 11992
192.168.10.98 - - [25/Feb/2016:12:54:24 -0300] "GET /cormun/servlet/vesolicitudot?2016,129,, HTTP/1.1" 200 7537
192.168.10.98 - - [25/Feb/2016:12:54:24 -0300] "GET /cormun/pexe_scrolldiv.js HTTP/1.1" 404 1009
200.111.191.210 - - [25/Feb/2016:12:54:52 -0300] "POST /cormun/servlet/solicitudot?gx-no-cache=1456419308696 HTTP/1.1" 200 2669
200.111.191.210 - - [25/Feb/2016:12:54:52 -0300] "POST /cormun/servlet/solicitudot?f561cf82537fc9edc29ffcad7e12c22c,INS,0,0,,gx-no-cache=1456419308950 HTTP/1.1" 200 9386
200.111.191.210 - - [25/Feb/2016:12:54:58 -0300] "GET /cormun/servlet/solicitudot?a9dc2ec719eff3cf00167b9aaf38b054f70a61d3d1fc32e93b5f5625e91b491cd3199541ed2cad3a87ba74b8a4f06cad,gx-no-cache=1456419314821 HTTP/1.1" 200 30
192.168.10.98 - - [25/Feb/2016:12:55:14 -0300] "GET /cormun/servlet/vesolicitudot?2016,129,,SolicitudOTAdjuntos HTTP/1.1" 200 9233
192.168.10.98 - - [25/Feb/2016:12:55:14 -0300] "GET /cormun/pexe_scrolldiv.js HTTP/1.1" 404 1009
192.168.10.98 - - [25/Feb/2016:12:55:15 -0300] "POST /cormun/servlet/acontrolpreferencessavestate?None,VVIDELA,true HTTP/1.1" 200 35
192.168.10.98 - - [25/Feb/2016:12:55:19 -0300] "GET /cormun/PublicTempStorage/img3664019998.jpg HTTP/1.1" 200 294221
186.103.159.230 - - [25/Feb/2016:12:55:26 -0300] "POST /cormun/servlet/trsolicitudot?cb5fb84505316a69a233dc7709e245e2,gx-no-cache=1456415752640 HTTP/1.1" 200 3189
192.168.10.89 - - [25/Feb/2016:12:55:35 -0300] "POST /cormun/servlet/solicitudot?gx-no-cache=1456415491191 HTTP/1.1" 200 30
192.168.10.89 - - [25/Feb/2016:12:55:40 -0300] "POST /cormun/servlet/solicitudot?gx-no-cache=1456415495811 HTTP/1.1" 200 30
192.168.10.89 - - [25/Feb/2016:12:55:43 -0300] "POST /cormun/servlet/solicitudot?gx-no-cache=1456415498669 HTTP/1.1" 200 452
192.168.10.89 - - [25/Feb/2016:12:55:43 -0300] "GET /cormun/servlet/solicitudot?64ba76b609b038e5cd7e8c5d6c0f33616c5b28aa362daa5495b5c3dd9bb9ea885da579c73aa650aad3d774a1a40f7e13da7f3509aa67f7af271074df1825c447d149d4868d03b8a25da48c5b9c01eacdbcf1f16fc071a55eb172e1706a737364f5fca26d38ae85cda8e08fdd8704c5547396d115fcb06604f99a46c4ffe94a403ed2aaaaf18431d5777cb925bea2e85e,gx-no-cache=1456415498707 HTTP/1.1" 200 38
192.168.10.98 - - [25/Feb/2016:12:55:49 -0300] "GET /cormun/servlet/vesolicitudot?2016,129,,SolicitudOTAdjuntos HTTP/1.1" 200 9242
192.168.10.98 - - [25/Feb/2016:12:55:49 -0300] "GET /cormun/pexe_scrolldiv.js HTTP/1.1" 404 1009
192.168.10.98 - - [25/Feb/2016:12:55:51 -0300] "POST /cormun/servlet/acontrolpreferencessavestate?None,VVIDELA,true HTTP/1.1" 200 35
192.168.10.98 - - [25/Feb/2016:12:55:57 -0300] "GET /cormun/PublicTempStorage/img3767975600.jpg HTTP/1.1" 200 1032765
192.168.10.98 - - [25/Feb/2016:12:56:06 -0300] "GET /cormun/servlet/vesolicitudot?2016,129,,SolicitudOTAdjuntos HTTP/1.1" 200 9243
192.168.10.98 - - [25/Feb/2016:12:56:06 -0300] "GET /cormun/pexe_scrolldiv.js HTTP/1.1" 404 1009
192.168.10.89 - - [25/Feb/2016:12:56:07 -0300] "GET /cormun/servlet/solicitudot?64ba76b609b038e5cd7e8c5d6c0f336159f5b0506b774f7835583c78b52a1a76b8de2f097ee4428581fb42bbd959b8e265b0f3f8639a70e166660af63e2c0baf484a5d5a70a6bb61964f448b8e3cda715ba3bd452cac8cdb65e52954e098354254f13e1b8daa0314f07ef8e3150b2ba8,gx-no-cache=1456415522315 HTTP/1.1" 200 29
192.168.10.98 - - [25/Feb/2016:12:56:08 -0300] "POST /cormun/servlet/acontrolpreferencessavestate?None,VVIDELA,true HTTP/1.1" 200 35
192.168.10.89 - - [25/Feb/2016:12:56:08 -0300] "POST /cormun/servlet/solicitudot?gx-no-cache=1456415523829 HTTP/1.1" 200 1116
192.168.10.98 - - [25/Feb/2016:12:56:09 -0300] "GET /cormun/PublicTempStorage/img3682848412.jpg HTTP/1.1" 200 309690
192.168.10.98 - - [25/Feb/2016:12:56:13 -0300] "GET /cormun/servlet/vesolicitudot?2016,129,,SolicitudOTAdjuntos HTTP/1.1" 200 9244
192.168.10.98 - - [25/Feb/2016:12:56:13 -0300] "GET /cormun/pexe_scrolldiv.js HTTP/1.1" 404 1009
192.168.10.98 - - [25/Feb/2016:12:56:15 -0300] "POST /cormun/servlet/acontrolpreferencessavestate?None,VVIDELA,true HTTP/1.1" 200 35
200.111.191.210 - - [25/Feb/2016:12:56:22 -0300] "POST /cormun/servlet/solicitudot?gx-no-cache=1456419398813 HTTP/1.1" 200 30
192.168.10.98 - - [25/Feb/2016:12:56:25 -0300] "GET /cormun/servlet/vesolicitudot?2016,129,, HTTP/1.1" 200 7549
192.168.10.98 - - [25/Feb/2016:12:56:25 -0300] "GET /cormun/pexe_scrolldiv.js HTTP/1.1" 404 1009
192.168.10.98 - - [25/Feb/2016:12:56:29 -0300] "GET /cormun/servlet/trsolicitudot? HTTP/1.1" 200 7421
192.168.10.89 - - [25/Feb/2016:12:56:36 -0300] "GET /cormun/servlet/solicitudot?64ba76b609b038e5cd7e8c5d6c0f3361965ed88f59421c8a15b61c4649fe625d0e9f0f315934ea4b786203bac162a812fda4cff4b6435dda94d9654eeb4112217a669e92d2df0830d26cb5a29e576833858b89f4baa4b94e323763f9aa6fb4cbea3b95225d0b63dcc13076fc062a96731c9d0fbf9232ed2e4b7225961498b958dc9a52ecaca8639e2cddec2b8e3a9d1d59b941ece77cc80e99e064567d2c1bad56540f7be39754ef591c0c132b70c8d8,gx-no-cache=1456415551278 HTTP/1.1" 200 30
200.111.191.210 - - [25/Feb/2016:12:56:36 -0300] "POST /cormun/servlet/solicitudot?gx-no-cache=1456419412928 HTTP/1.1" 200 30
200.111.191.210 - - [25/Feb/2016:12:56:38 -0300] "POST /cormun/servlet/solicitudot?gx-no-cache=1456419415637 HTTP/1.1" 200 452
200.111.191.210 - - [25/Feb/2016:12:56:38 -0300] "GET /cormun/servlet/solicitudot?a9dc2ec719eff3cf00167b9aaf38b054b09aa4deade17fec6a776e429d09776bc7d4c90e6c9a43f5f971c1a42d48b40eec34b30690371d44acd070551f64b5bbb623aec6800a0524b1b844401f41efee4259cf8de102c69de1af4d3d0213719a1433d2a5a958367777acf6d7b03bfe4ea8ccde6eadd00ea5bc0db970867b907360f354c8b84ed7bfc67b16d494ba86af,gx-no-cache=1456419415683 HTTP/1.1" 200 38
192.168.10.89 - - [25/Feb/2016:12:56:40 -0300] "POST /cormun/servlet/solicitudot?26f4725b4fd76d3e089de0e9bb8b3088,INS,0,0,,gx-no-cache=1456415555839 HTTP/1.1" 200 93
192.168.10.89 - - [25/Feb/2016:12:56:40 -0300] "GET /cormun/servlet/hpexe_return? HTTP/1.1" 200 1008
192.168.10.89 - - [25/Feb/2016:12:56:41 -0300] "GET /cormun/servlet/trsolicitudot HTTP/1.1" 200 7352
186.78.56.10 - - [25/Feb/2016:12:56:53 -0300] "GET /cormunservlet HTTP/1.1" 404 987
192.168.10.89 - - [25/Feb/2016:12:56:57 -0300] "POST /cormun/servlet/trsolicitudot?26f4725b4fd76d3e089de0e9bb8b3088,gx-no-cache=1456415573035 HTTP/1.1" 200 4831
192.168.10.89 - - [25/Feb/2016:12:56:58 -0300] "POST /cormun/servlet/trsolicitudot?26f4725b4fd76d3e089de0e9bb8b3088,gx-no-cache=1456415573325 HTTP/1.1" 200 4831
192.168.10.89 - - [25/Feb/2016:12:56:58 -0300] "POST /cormun/servlet/trsolicitudot?26f4725b4fd76d3e089de0e9bb8b3088,gx-no-cache=1456415573657 HTTP/1.1" 200 4831
192.168.10.89 - - [25/Feb/2016:12:56:58 -0300] "POST /cormun/servlet/trsolicitudot?26f4725b4fd76d3e089de0e9bb8b3088,gx-no-cache=1456415574024 HTTP/1.1" 200 4831
192.168.10.89 - - [25/Feb/2016:12:56:59 -0300] "POST /cormun/servlet/trsolicitudot?26f4725b4fd76d3e089de0e9bb8b3088,gx-no-cache=1456415574407 HTTP/1.1" 200 4831
192.168.10.89 - - [25/Feb/2016:12:56:59 -0300] "POST /cormun/servlet/trsolicitudot?26f4725b4fd76d3e089de0e9bb8b3088,gx-no-cache=1456415574894 HTTP/1.1" 200 4831
192.168.10.89 - - [25/Feb/2016:12:57:00 -0300] "POST /cormun/servlet/trsolicitudot?26f4725b4fd76d3e089de0e9bb8b3088,gx-no-cache=1456415575408 HTTP/1.1" 200 4831
192.168.10.89 - - [25/Feb/2016:12:57:03 -0300] "POST /cormun/servlet/trsolicitudot?26f4725b4fd76d3e089de0e9bb8b3088,gx-no-cache=1456415575952 HTTP/1.1" 200 106
192.168.10.89 - - [25/Feb/2016:12:57:03 -0300] "GET /cormun/servlet/trsolicitudadjuntos?2016,137, HTTP/1.1" 200 5315
192.168.10.89 - - [25/Feb/2016:12:57:05 -0300] "POST /cormun/servlet/acontrolpreferencessavestate?None,CENOR,true HTTP/1.1" 200 35
192.168.10.98 - - [25/Feb/2016:12:57:10 -0300] "GET /cormun/servlet/vesolicitudot?2016,129,, HTTP/1.1" 200 7549
192.168.10.98 - - [25/Feb/2016:12:57:11 -0300] "GET /cormun/pexe_scrolldiv.js HTTP/1.1" 404 1009
192.168.10.89 - - [25/Feb/2016:12:57:14 -0300] "GET /cormun/servlet/solicitudotadjuntos?INS,2016,137,,1, HTTP/1.1" 200 5386
192.168.10.89 - - [25/Feb/2016:12:57:14 -0300] "HEAD /cormun/static/about:blank HTTP/1.1" 404 -
192.168.10.89 - - [25/Feb/2016:12:57:15 -0300] "GET /cormun/servlet/solicitudotadjuntos?64ba76b609b038e5cd7e8c5d6c0f33610d9dbb9bc77964b8fa715d818ec1b05cf0aceedb0d0451f4f09b07ae1578645f,gx-no-cache=1456415590775 HTTP/1.1" 200 30
192.168.10.89 - - [25/Feb/2016:12:57:15 -0300] "POST /cormun/servlet/solicitudotadjuntos?26f4725b4fd76d3e089de0e9bb8b3088,INS,2016,137,,1,,gx-no-cache=1456415590804 HTTP/1.1" 200 3305
186.103.159.230 - - [25/Feb/2016:12:57:33 -0300] "GET /cormun/servlet/hlogin. HTTP/1.1" 404 1005
186.103.159.189 - - [25/Feb/2016:12:57:35 -0300] "GET /cormun/servlet/hlogin HTTP/1.1" 200 1720
200.111.191.210 - - [25/Feb/2016:12:57:35 -0300] "GET /cormun/servlet/solicitudot?a9dc2ec719eff3cf00167b9aaf38b054bd8d6f887ce76b1b6399ce952fd5410320e7bb4e4765ddc65b3589d8e4b488e9dd463d0d0f9acca3cf02b812749b09f7086da879e8b8484b39952eb2b487dfdf59aaa0211d54d29f1757107127e70df7e0296dc761a65368065843852b81d612,gx-no-cache=1456419472385 HTTP/1.1" 200 29
186.103.159.189 - - [25/Feb/2016:12:57:36 -0300] "GET /cormun/servlet/hlogin HTTP/1.1" 200 1731
200.111.191.210 - - [25/Feb/2016:12:57:37 -0300] "POST /cormun/servlet/solicitudot?gx-no-cache=1456419474094 HTTP/1.1" 200 1116
192.168.10.98 - - [25/Feb/2016:12:57:52 -0300] "GET /cormun/servlet/vesolicitudot?2016,129,,SolicitudOTAdjuntos HTTP/1.1" 200 9245
192.168.10.98 - - [25/Feb/2016:12:57:53 -0300] "GET /cormun/pexe_scrolldiv.js HTTP/1.1" 404 1009
192.168.10.98 - - [25/Feb/2016:12:57:54 -0300] "POST /cormun/servlet/acontrolpreferencessavestate?None,VVIDELA,true HTTP/1.1" 200 35
192.168.10.89 - - [25/Feb/2016:12:58:02 -0300] "POST /cormun/servlet/solicitudotadjuntos?26f4725b4fd76d3e089de0e9bb8b3088,INS,2016,137,,1,,gx-no-cache=1456415638168 HTTP/1.1" 200 93
192.168.10.89 - - [25/Feb/2016:12:58:02 -0300] "GET /cormun/servlet/hpexe_return? HTTP/1.1" 200 1026
192.168.10.89 - - [25/Feb/2016:12:58:03 -0300] "GET /cormun/servlet/trsolicitudadjuntos?2016,137, HTTP/1.1" 200 5326
192.168.10.89 - - [25/Feb/2016:12:58:07 -0300] "POST /cormun/servlet/trsolicitudadjuntos?26f4725b4fd76d3e089de0e9bb8b3088,2016,137,,gx-no-cache=1456415642421 HTTP/1.1" 200 90
192.168.10.89 - - [25/Feb/2016:12:58:07 -0300] "GET /cormun/servlet/hpexe_link HTTP/1.1" 200 987
192.168.10.89 - - [25/Feb/2016:12:58:07 -0300] "GET /cormun/servlet/trsolicitudot?gx-no-cache=1456415575408 HTTP/1.1" 200 7361
186.103.159.189 - - [25/Feb/2016:12:58:12 -0300] "POST /cormun/servlet/hlogin?aba7099a20072e886f8ab568b33f5cb1,gx-no-cache=1456415921659 HTTP/1.1" 200 90
186.103.159.189 - - [25/Feb/2016:12:58:12 -0300] "GET /cormun/servlet/hpexe_link HTTP/1.1" 200 954
186.103.159.189 - - [25/Feb/2016:12:58:13 -0300] "GET /cormun/static/gxcfg.js?20151120044395 HTTP/1.1" 200 953
186.103.159.189 - - [25/Feb/2016:12:58:13 -0300] "GET /cormun/static/hpexe_link.js?20151120044398 HTTP/1.1" 200 625
186.103.159.189 - - [25/Feb/2016:12:58:13 -0300] "GET /cormun/servlet/hhome HTTP/1.1" 200 3324
186.103.159.189 - - [25/Feb/2016:12:58:13 -0300] "GET /cormun/static/scaMessage/css/jquery.pnotify.default.css?1816380 HTTP/1.1" 200 1707
186.103.159.189 - - [25/Feb/2016:12:58:13 -0300] "GET /cormun/static/Shared/jqueryui/jquery-ui.min.css?1345370 HTTP/1.1" 200 30288
186.103.159.189 - - [25/Feb/2016:12:58:13 -0300] "GET /cormun/static/hwchdr01.js?20162241650484 HTTP/1.1" 200 1002
186.103.159.189 - - [25/Feb/2016:12:58:13 -0300] "GET /cormun/static/hpexe_messagepopupcomponent.js?201622412404545 HTTP/1.1" 200 605
186.103.159.189 - - [25/Feb/2016:12:58:13 -0300] "GET /cormun/static/hmpwkw03.js?201622421393366 HTTP/1.1" 200 3845
186.103.159.189 - - [25/Feb/2016:12:58:16 -0300] "GET /cormun/servlet/hhome HTTP/1.1" 200 3320
192.168.10.89 - - [25/Feb/2016:12:58:17 -0300] "POST /cormun/servlet/trsolicitudot?26f4725b4fd76d3e089de0e9bb8b3088,gx-no-cache=1456415575408,gx-no-cache=1456415653169 HTTP/1.1" 200 4828
