192.168.10.88 - - [25/Feb/2016:16:28:19 -0300] "GET /cormun/static/Shared/jqueryui/images/ui-icons_8d78a5_256x240.png HTTP/1.1" 404 1089
192.168.10.88 - - [25/Feb/2016:16:28:36 -0300] "POST /cormun/servlet/trsolicitudot?c33defadd6043625dbbbd4c427b27990,gx-no-cache=1456427819657,gx-no-cache=1456428269657 HTTP/1.1" 200 5231
192.168.10.88 - - [25/Feb/2016:16:28:36 -0300] "POST /cormun/servlet/trsolicitudot?c33defadd6043625dbbbd4c427b27990,gx-no-cache=1456427819657,gx-no-cache=1456428270046 HTTP/1.1" 200 5231
192.168.10.88 - - [25/Feb/2016:16:28:37 -0300] "POST /cormun/servlet/trsolicitudot?c33defadd6043625dbbbd4c427b27990,gx-no-cache=1456427819657,gx-no-cache=1456428270466 HTTP/1.1" 200 5231
192.168.10.88 - - [25/Feb/2016:16:28:37 -0300] "POST /cormun/servlet/trsolicitudot?c33defadd6043625dbbbd4c427b27990,gx-no-cache=1456427819657,gx-no-cache=1456428270932 HTTP/1.1" 200 5231
192.168.10.88 - - [25/Feb/2016:16:28:38 -0300] "POST /cormun/servlet/trsolicitudot?c33defadd6043625dbbbd4c427b27990,gx-no-cache=1456427819657,gx-no-cache=1456428271336 HTTP/1.1" 200 5231
192.168.10.88 - - [25/Feb/2016:16:28:38 -0300] "POST /cormun/servlet/trsolicitudot?c33defadd6043625dbbbd4c427b27990,gx-no-cache=1456427819657,gx-no-cache=1456428271772 HTTP/1.1" 200 5231
192.168.10.88 - - [25/Feb/2016:16:28:38 -0300] "POST /cormun/servlet/trsolicitudot?c33defadd6043625dbbbd4c427b27990,gx-no-cache=1456427819657,gx-no-cache=1456428272238 HTTP/1.1" 200 5231
192.168.10.88 - - [25/Feb/2016:16:28:39 -0300] "POST /cormun/servlet/trsolicitudot?c33defadd6043625dbbbd4c427b27990,gx-no-cache=1456427819657,gx-no-cache=1456428272704 HTTP/1.1" 200 106
192.168.10.88 - - [25/Feb/2016:16:28:39 -0300] "GET /cormun/servlet/trsolicitudadjuntos?2016,157, HTTP/1.1" 200 5379
186.103.159.186 - - [25/Feb/2016:16:28:40 -0300] "POST /cormun/servlet/trsolicitudadjuntos?c08f422a9f4f89386ed5d25e340f970d,2016,155,,gx-no-cache=1456428548142 HTTP/1.1" 200 90
186.103.159.186 - - [25/Feb/2016:16:28:40 -0300] "GET /cormun/servlet/hpexe_link HTTP/1.1" 200 981
186.103.159.186 - - [25/Feb/2016:16:28:40 -0300] "GET /cormun/static/hpexe_link.js?20151120044398 HTTP/1.1" 304 -
186.103.159.186 - - [25/Feb/2016:16:28:41 -0300] "GET /cormun/servlet/trsolicitudot?gx-no-cache=1456427924404 HTTP/1.1" 200 7364
186.103.159.186 - - [25/Feb/2016:16:28:43 -0300] "GET /cormun/servlet/trsolicitudot?gx-no-cache=1456427924404 HTTP/1.1" 200 7383
186.103.159.230 - - [25/Feb/2016:16:28:46 -0300] "POST /cormun/servlet/solicitudot?gx-no-cache=1456428549803 HTTP/1.1" 200 30
186.103.159.230 - - [25/Feb/2016:16:28:46 -0300] "POST /cormun/servlet/solicitudot?gx-no-cache=1456428552883 HTTP/1.1" 200 1260
186.103.159.230 - - [25/Feb/2016:16:28:46 -0300] "GET /cormun/servlet/solicitudot?d0a85846751f532ec4729cd71123375aff433b127cd1a81fac029b9e1b9d6f9e2939145dce716cff2189c6e88cad008dd825f8483383d13af037253e39464866e5521b9b756486fd19e31651686f19c90659f9905283d1f74a210a7d6ff63b7d87d1a8a73ef9f8b58f05aece82b9b0b90c60d4816595977442e055628973c08c456e1eb15c46813c18ef337e44842342aff4470e623560e5752bf50d21baa73f,gx-no-cache=1456428552986 HTTP/1.1" 200 41
192.168.10.88 - - [25/Feb/2016:16:28:49 -0300] "GET /cormun/servlet/trsolicitudot? HTTP/1.1" 200 7761
192.168.10.88 - - [25/Feb/2016:16:29:07 -0300] "GET /cormun/servlet/solicitudot?INS,0,0, HTTP/1.1" 200 12069
192.168.10.88 - - [25/Feb/2016:16:29:12 -0300] "GET /cormun/servlet/prfichaempleado?,MD,,gxPopupLevel%3D0%3B HTTP/1.1" 200 7845
192.168.10.88 - - [25/Feb/2016:16:29:12 -0300] "GET /cormun/static/scaMessage/css/jquery-ui.css?104140 HTTP/1.1" 404 1045
186.103.159.230 - - [25/Feb/2016:16:29:15 -0300] "GET /cormun/servlet/prlicenciaspermisos?13947428,L,,MD,,gxPopupLevel%3D0%3B HTTP/1.1" 200 5256
186.103.159.230 - - [25/Feb/2016:16:29:15 -0300] "GET /cormun/static/gxcfg.js?201616231591 HTTP/1.1" 200 953
186.103.159.230 - - [25/Feb/2016:16:29:15 -0300] "GET /cormun/static/prlicenciaspermisos.js?201616231727 HTTP/1.1" 200 12559
186.103.159.230 - - [25/Feb/2016:16:29:15 -0300] "GET /cormun/static/hmpwkw011.js?2016141804389 HTTP/1.1" 200 1968
192.168.10.88 - - [25/Feb/2016:16:29:23 -0300] "GET /cormun/servlet/prfichaempleado?90284649d7311407feb6c854737538fc6cd7b4df4c16ecf9ff4ebabd1c4c5bbcc9bf7514d118a18a629ea4ebd9f91a4168816e0d2c8db998b413edc58375ac2a,gx-no-cache=1456428316668 HTTP/1.1" 200 466
192.168.10.88 - - [25/Feb/2016:16:29:25 -0300] "GET /cormun/servlet/prfichaempleado?90284649d7311407feb6c854737538fc745ffaa5168f3cd4b675424337a67aac3567831a03e31acc20027b44e966d3adfe0b4a6a66999b3fc21122814867717f,gx-no-cache=1456428318207 HTTP/1.1" 200 458
192.168.10.88 - - [25/Feb/2016:16:29:30 -0300] "GET /cormun/servlet/prfichaempleado?90284649d7311407feb6c854737538fc981f86f8bffa813d0b02c64c632077431114debaf78353730a5a09eda98c130ffe2e69e75ef6db5b364041aea2c61e029e22187f1e9a9aae9d52ab162bc999ed,gx-no-cache=1456428323757 HTTP/1.1" 200 459
192.168.10.88 - - [25/Feb/2016:16:29:34 -0300] "GET /cormun/servlet/prfichaempleado?90284649d7311407feb6c854737538fc60599453e53f3ed6903833f690385ec7b9c8ab00e6faefef3e47fba4486816917d54633f4b441c5826c470439521d5785148b1722be8622b25d416afb3290a5d,gx-no-cache=1456428327457 HTTP/1.1" 200 460
192.168.10.88 - - [25/Feb/2016:16:29:36 -0300] "POST /cormun/servlet/prfichaempleado?c33defadd6043625dbbbd4c427b27990,,MD,,gxPopupLevel%3D0%3B,gx-no-cache=1456428329012 HTTP/1.1" 200 2856
192.168.10.88 - - [25/Feb/2016:16:29:45 -0300] "GET /cormun/servlet/solicitudot?7379fff2160ff11629ac34533979137d25dbbc58b59e86a6bc5db23f1d456893,gx-no-cache=1456428338713 HTTP/1.1" 200 20
192.168.10.88 - - [25/Feb/2016:16:29:56 -0300] "POST /cormun/servlet/solicitudot?gx-no-cache=1456428349097 HTTP/1.1" 200 2761
192.168.10.88 - - [25/Feb/2016:16:29:56 -0300] "POST /cormun/servlet/solicitudot?c33defadd6043625dbbbd4c427b27990,INS,0,0,,gx-no-cache=1456428349393 HTTP/1.1" 200 9705
192.168.10.88 - - [25/Feb/2016:16:30:06 -0300] "GET /cormun/servlet/solicitudot?8486bb190f04cc758605fc43e555523f34bb3c3dccca363af1a2b688b5c064f273fc38cf7e47383956f6bb317f7335a3,gx-no-cache=1456428359669 HTTP/1.1" 200 30
192.168.10.88 - - [25/Feb/2016:16:30:06 -0300] "POST /cormun/servlet/solicitudot?gx-no-cache=1456428359762 HTTP/1.1" 200 30
186.103.159.230 - - [25/Feb/2016:16:30:09 -0300] "POST /cormun/servlet/solicitudot?gx-no-cache=1456428635751 HTTP/1.1" 200 122
192.168.10.88 - - [25/Feb/2016:16:30:13 -0300] "POST /cormun/servlet/solicitudot?gx-no-cache=1456428366198 HTTP/1.1" 200 30
192.168.10.88 - - [25/Feb/2016:16:30:17 -0300] "POST /cormun/servlet/solicitudot?gx-no-cache=1456428370364 HTTP/1.1" 200 1157
192.168.10.88 - - [25/Feb/2016:16:30:17 -0300] "GET /cormun/servlet/solicitudot?8486bb190f04cc758605fc43e555523fa3c3dfa955503cfcfff51329a25c431a3e6adc55805ec22ce8568f163d23bc5d2a4fbfa4ad7749e94581df6c6edab501e7e17329ceb307afe035f0bf1652a402d482508186821eab23e507198b4f78facd96c6b4a75ecd3171b8f50d9247941349c7dc3ef67e623d554917156eb34105bbe0377547602ba32c1abfe2db6c9ac1,gx-no-cache=1456428370504 HTTP/1.1" 200 38
186.103.159.230 - - [25/Feb/2016:16:30:33 -0300] "POST /cormun/servlet/solicitudot?gx-no-cache=1456428659725 HTTP/1.1" 200 122
186.103.159.230 - - [25/Feb/2016:16:30:38 -0300] "POST /cormun/servlet/solicitudot?gx-no-cache=1456428664696 HTTP/1.1" 200 30
186.103.159.230 - - [25/Feb/2016:16:31:22 -0300] "POST /cormun/servlet/solicitudot?gx-no-cache=1456428709089 HTTP/1.1" 200 30
186.103.159.230 - - [25/Feb/2016:16:31:35 -0300] "POST /cormun/servlet/solicitudot?gx-no-cache=1456428721482 HTTP/1.1" 200 1260
186.103.159.230 - - [25/Feb/2016:16:31:35 -0300] "GET /cormun/servlet/solicitudot?d0a85846751f532ec4729cd71123375aff433b127cd1a81fac029b9e1b9d6f9e2939145dce716cff2189c6e88cad008dd825f8483383d13af037253e39464866e5521b9b756486fd19e31651686f19c90659f9905283d1f74a210a7d6ff63b7d87d1a8a73ef9f8b58f05aece82b9b0b90c60d4816595977442e055628973c08c456e1eb15c46813c18ef337e44842342aff4470e623560e5752bf50d21baa73f,gx-no-cache=1456428721639 HTTP/1.1" 200 41
186.103.159.230 - - [25/Feb/2016:16:31:35 -0300] "GET /cormun/servlet/solicitudot?d0a85846751f532ec4729cd71123375a916923b0b0c0b6d6f08d376042405d2ffc2267244f37c53fb6a8d481a956bbc5f95ef6d5fa4b67629750bd9b3875260f0a8b0bc24d19fee1cc639b6b0bb1706749e4f82594c768e3cb89d6fe316420b6ce7efc520527dc2d059ca2044adfd56df7f08dddf3e74e0f267def2ec31c19d7884ee73c21b13b18d3e6177286a94741be59a6ed751737ee9553e40477516e28b5b03f69405ca09f4e8d42d6264550147251f2fe8092cb567a0672569bba9620,gx-no-cache=1456428721682 HTTP/1.1" 200 32
186.103.159.230 - - [25/Feb/2016:16:31:35 -0300] "POST /cormun/servlet/solicitudot?8cfabea3219dcf11758d2f7e0e0994c7,INS,0,0,,gx-no-cache=1456428721746 HTTP/1.1" 200 10549
192.168.10.88 - - [25/Feb/2016:16:31:45 -0300] "GET /cormun/servlet/solicitudot?8486bb190f04cc758605fc43e555523ff109965c7415e680f953f58edf02dc295792c137ebe092011a8cc817affdcdefc46c4b28eb4ae96a369e302d5c304cc12e4b2107561ec1639249ff7ba9a506e95950a0e3547e293401a786612f489cc717d6c5796b0e347da30aee5809959d60f5ddc8046c803a6efefed4a22818184db69a6f1747f32bf97371234d35807c423c2c10812da2ed99ee4f9c0f9bfad687,gx-no-cache=1456428458449 HTTP/1.1" 200 29
192.168.10.88 - - [25/Feb/2016:16:31:46 -0300] "POST /cormun/servlet/solicitudot?gx-no-cache=1456428458527 HTTP/1.1" 200 1116
192.168.10.88 - - [25/Feb/2016:16:31:46 -0300] "GET /cormun/static/menuarrow.gif HTTP/1.1" 404 1015
192.168.10.88 - - [25/Feb/2016:16:32:04 -0300] "GET /cormun/servlet/solicitudot?8486bb190f04cc758605fc43e555523faaf5eddcb59044bc8dd86935c314cd783a410fce8cde44ed2276c025d79d457687fe5de97deb2c729622fb579438e04bee5ad937cfb0a3b311f335cc7304d2d50e8f5d259a63b88c9d27efc6f747574391f24a1b3341cebb796728b9411dd67f26c1662872391d82ed1e4345e41d13a4edf3194a8a93a07adabb2045351c05c28b596f435b2b03e2efd463fcdde85a0a8e9cce0d89b299feadbb0e6a04c26ecf,gx-no-cache=1456428476606 HTTP/1.1" 200 30
192.168.10.88 - - [25/Feb/2016:16:32:12 -0300] "POST /cormun/servlet/solicitudot?c33defadd6043625dbbbd4c427b27990,INS,0,0,,gx-no-cache=1456428484625 HTTP/1.1" 200 93
192.168.10.88 - - [25/Feb/2016:16:32:12 -0300] "GET /cormun/servlet/hpexe_return? HTTP/1.1" 200 1136
192.168.10.88 - - [25/Feb/2016:16:32:12 -0300] "GET /cormun/servlet/trsolicitudot HTTP/1.1" 200 8084
186.103.158.250 - - [25/Feb/2016:16:32:13 -0300] "GET /cormun/servlet/vesolicitudot?2016,150,, HTTP/1.1" 200 7505
186.103.158.250 - - [25/Feb/2016:16:32:13 -0300] "GET /cormun/static/gxcfg.js?2015112118275590 HTTP/1.1" 200 953
186.103.158.250 - - [25/Feb/2016:16:32:13 -0300] "GET /cormun/pexe_scrolldiv.js HTTP/1.1" 404 1009
186.103.158.250 - - [25/Feb/2016:16:32:13 -0300] "GET /cormun/static/Resources/PXToolsTabFirstSelected.png HTTP/1.1" 200 1259
186.103.158.250 - - [25/Feb/2016:16:32:13 -0300] "GET /cormun/static/Resources/Spanish/PXTools.css?18201296 HTTP/1.1" 200 89042
186.103.158.250 - - [25/Feb/2016:16:32:13 -0300] "GET /cormun/static/Resources/PXToolsTabNext.gif HTTP/1.1" 200 168
186.103.158.250 - - [25/Feb/2016:16:32:13 -0300] "GET /cormun/static/Resources/PXToolsTabLastUnselected.png HTTP/1.1" 200 1291
186.103.158.250 - - [25/Feb/2016:16:32:13 -0300] "GET /cormun/static/Resources/PXToolsTabPrevious.gif HTTP/1.1" 200 172
186.103.158.250 - - [25/Feb/2016:16:32:13 -0300] "GET /cormun/static/vesolicitudot.js?2015112118275649 HTTP/1.1" 200 6091
186.103.158.250 - - [25/Feb/2016:16:32:13 -0300] "GET /cormun/static/hwcviewtabs.js?20151120014372 HTTP/1.1" 200 1074
186.103.158.250 - - [25/Feb/2016:16:32:13 -0300] "GET /cormun/static/hpexe_tabsview.js?20151120014350 HTTP/1.1" 200 1661
186.103.158.250 - - [25/Feb/2016:16:32:13 -0300] "GET /cormun/static/tbsolicitudot01.js?201511211821030 HTTP/1.1" 200 27008
186.103.158.250 - - [25/Feb/2016:16:32:14 -0300] "GET /cormun/static/calendar-system.css HTTP/1.1" 200 5572
186.103.158.250 - - [25/Feb/2016:16:32:14 -0300] "GET /cormun/static/Resources/PXToolsTabSelectedUnselected.png HTTP/1.1" 200 1428
186.103.158.250 - - [25/Feb/2016:16:32:14 -0300] "GET /cormun/static/Resources/PXToolsTabUnselectedUnselected.png HTTP/1.1" 200 1459
186.103.158.250 - - [25/Feb/2016:16:32:14 -0300] "GET /cormun/static/Resources/PXToolsTabBackSelected.png HTTP/1.1" 200 1157
186.103.158.250 - - [25/Feb/2016:16:32:14 -0300] "GET /cormun/static/Resources/PXToolsTabBackUnselected.png HTTP/1.1" 200 1175
186.103.158.250 - - [25/Feb/2016:16:32:18 -0300] "GET /cormun/servlet/vesolicitudot?2016,150,,SolicitudOTAdjuntos HTTP/1.1" 200 8490
186.103.158.250 - - [25/Feb/2016:16:32:18 -0300] "GET /cormun/pexe_scrolldiv.js HTTP/1.1" 404 1009
186.103.158.250 - - [25/Feb/2016:16:32:18 -0300] "GET /cormun/static/tbsolicitudot02.js?2015112118245263 HTTP/1.1" 200 14861
186.103.158.250 - - [25/Feb/2016:16:32:19 -0300] "GET /cormun/static/gxui/gxui-all.css HTTP/1.1" 200 2179
186.103.158.250 - - [25/Feb/2016:16:32:19 -0300] "GET /cormun/static/Resources/PXToolsTabFirstUnselected.png HTTP/1.1" 200 1264
186.103.158.250 - - [25/Feb/2016:16:32:19 -0300] "GET /cormun/static/Resources/PXToolsTabUnselectedSelected.png HTTP/1.1" 200 1444
186.103.158.250 - - [25/Feb/2016:16:32:19 -0300] "GET /cormun/static/Shared/ext/resources/css/ext-all.css HTTP/1.1" 200 416045
186.103.158.250 - - [25/Feb/2016:16:32:20 -0300] "POST /cormun/servlet/acontrolpreferencessavestate?None,CE-4,true HTTP/1.1" 200 35
186.103.159.230 - - [25/Feb/2016:16:32:25 -0300] "POST /cormun/servlet/solicitudot?gx-no-cache=1456428771412 HTTP/1.1" 200 30
186.103.159.230 - - [25/Feb/2016:16:32:25 -0300] "POST /cormun/servlet/solicitudot?gx-no-cache=1456428771499 HTTP/1.1" 200 1260
186.103.159.230 - - [25/Feb/2016:16:32:25 -0300] "GET /cormun/servlet/solicitudot?d0a85846751f532ec4729cd71123375aff433b127cd1a81fac029b9e1b9d6f9e2939145dce716cff2189c6e88cad008dd825f8483383d13af037253e39464866e5521b9b756486fd19e31651686f19c90659f9905283d1f74a210a7d6ff63b7d87d1a8a73ef9f8b58f05aece82b9b0b90c60d4816595977442e055628973c08c456e1eb15c46813c18ef337e44842342aff4470e623560e5752bf50d21baa73f,gx-no-cache=1456428771611 HTTP/1.1" 200 41
186.103.159.230 - - [25/Feb/2016:16:32:25 -0300] "GET /cormun/servlet/solicitudot?d0a85846751f532ec4729cd71123375a916923b0b0c0b6d6f08d376042405d2ffc2267244f37c53fb6a8d481a956bbc5f95ef6d5fa4b67629750bd9b3875260f0a8b0bc24d19fee1cc639b6b0bb1706749e4f82594c768e3cb89d6fe316420b6ce7efc520527dc2d059ca2044adfd56df7f08dddf3e74e0f267def2ec31c19d7884ee73c21b13b18d3e6177286a94741be59a6ed751737ee9553e40477516e28b5b03f69405ca09f4e8d42d6264550147251f2fe8092cb567a0672569bba9620,gx-no-cache=1456428771637 HTTP/1.1" 200 32
186.103.159.230 - - [25/Feb/2016:16:32:25 -0300] "POST /cormun/servlet/solicitudot?8cfabea3219dcf11758d2f7e0e0994c7,INS,0,0,,gx-no-cache=1456428771663 HTTP/1.1" 200 10582
186.103.159.230 - - [25/Feb/2016:16:32:27 -0300] "POST /cormun/servlet/solicitudot?8cfabea3219dcf11758d2f7e0e0994c7,INS,0,0,,gx-no-cache=1456428773133 HTTP/1.1" 200 10620
186.103.158.250 - - [25/Feb/2016:16:32:27 -0300] "GET /cormun/servlet/solicitudotadjuntos?INS,2016,150,,1, HTTP/1.1" 200 5418
186.103.158.250 - - [25/Feb/2016:16:32:27 -0300] "GET /cormun/static/gxcfg.js?201614180754 HTTP/1.1" 200 953
186.103.158.250 - - [25/Feb/2016:16:32:27 -0300] "GET /cormun/static/solicitudotadjuntos.js?201614180772 HTTP/1.1" 200 11762
186.103.158.250 - - [25/Feb/2016:16:32:27 -0300] "HEAD /cormun/static/about:blank HTTP/1.1" 404 -
186.103.159.230 - - [25/Feb/2016:16:32:27 -0300] "POST /cormun/servlet/solicitudot?8cfabea3219dcf11758d2f7e0e0994c7,INS,0,0,,gx-no-cache=1456428773785 HTTP/1.1" 200 10651
186.103.158.250 - - [25/Feb/2016:16:32:28 -0300] "GET /cormun/servlet/solicitudotadjuntos?7674a3224a357dfb34943de5fb4a153a8db9d94807729d8a986207eee1324717a38c3a6a0c7397dce4a4453e1b742b19,gx-no-cache=1456428709044 HTTP/1.1" 200 30
186.103.158.250 - - [25/Feb/2016:16:32:29 -0300] "POST /cormun/servlet/solicitudotadjuntos?d7c18f95fc3cecc784036c0f0ce8f391,INS,2016,150,,1,,gx-no-cache=1456428709160 HTTP/1.1" 200 3328
186.103.159.230 - - [25/Feb/2016:16:32:31 -0300] "GET /cormun/servlet/trsolicitudot? HTTP/1.1" 200 7739
186.103.158.250 - - [25/Feb/2016:16:32:40 -0300] "POST /cormun/servlet/solicitudotadjuntos?gx-no-cache=1456428720259 HTTP/1.1" 200 26
192.168.10.88 - - [25/Feb/2016:16:32:51 -0300] "POST /cormun/servlet/trsolicitudot?c33defadd6043625dbbbd4c427b27990,gx-no-cache=1456428523897 HTTP/1.1" 200 5547
192.168.10.88 - - [25/Feb/2016:16:32:52 -0300] "POST /cormun/servlet/trsolicitudot?c33defadd6043625dbbbd4c427b27990,gx-no-cache=1456428524286 HTTP/1.1" 200 5546
192.168.10.88 - - [25/Feb/2016:16:32:52 -0300] "POST /cormun/servlet/trsolicitudot?c33defadd6043625dbbbd4c427b27990,gx-no-cache=1456428524753 HTTP/1.1" 200 5547
192.168.10.88 - - [25/Feb/2016:16:32:53 -0300] "POST /cormun/servlet/trsolicitudot?c33defadd6043625dbbbd4c427b27990,gx-no-cache=1456428525143 HTTP/1.1" 200 5546
192.168.10.88 - - [25/Feb/2016:16:32:53 -0300] "POST /cormun/servlet/trsolicitudot?c33defadd6043625dbbbd4c427b27990,gx-no-cache=1456428525563 HTTP/1.1" 200 5546
192.168.10.88 - - [25/Feb/2016:16:32:53 -0300] "POST /cormun/servlet/trsolicitudot?c33defadd6043625dbbbd4c427b27990,gx-no-cache=1456428526015 HTTP/1.1" 200 5546
192.168.10.88 - - [25/Feb/2016:16:32:54 -0300] "POST /cormun/servlet/trsolicitudot?c33defadd6043625dbbbd4c427b27990,gx-no-cache=1456428526435 HTTP/1.1" 200 5546
192.168.10.88 - - [25/Feb/2016:16:32:54 -0300] "POST /cormun/servlet/trsolicitudot?c33defadd6043625dbbbd4c427b27990,gx-no-cache=1456428526887 HTTP/1.1" 200 5793
192.168.10.88 - - [25/Feb/2016:16:32:55 -0300] "GET /cormun/static/Shared/jqueryui/images/ui-bg_highlight-soft_100_c6c2c8_1x100.png HTTP/1.1" 404 1117
192.168.10.88 - - [25/Feb/2016:16:32:55 -0300] "GET /cormun/static/Shared/jqueryui/images/ui-icons_82798d_256x240.png HTTP/1.1" 404 1089
192.168.10.88 - - [25/Feb/2016:16:32:55 -0300] "GET /cormun/static/Shared/jqueryui/images/ui-icons_8d78a5_256x240.png HTTP/1.1" 404 1089
192.168.10.88 - - [25/Feb/2016:16:32:55 -0300] "GET /cormun/static/Shared/jqueryui/images/ui-bg_flat_55_fafafa_40x100.png HTTP/1.1" 404 1097
186.103.158.250 - - [25/Feb/2016:16:33:02 -0300] "GET /cormun/servlet/solicitudotadjuntos?7674a3224a357dfb34943de5fb4a153a240418498b871f2c8ce2817817a37fb3,gx-no-cache=1456428742241 HTTP/1.1" 200 30
186.103.158.250 - - [25/Feb/2016:16:33:02 -0300] "GET /cormun/servlet/solicitudotadjuntos?7674a3224a357dfb34943de5fb4a153a240418498b871f2c8ce2817817a37fb3,gx-no-cache=1456428742331 HTTP/1.1" 200 30
186.103.158.250 - - [25/Feb/2016:16:33:03 -0300] "POST /cormun/servlet/solicitudotadjuntos?d7c18f95fc3cecc784036c0f0ce8f391,INS,2016,150,,1, HTTP/1.1" 200 116
186.103.158.250 - - [25/Feb/2016:16:33:03 -0300] "GET /cormun/servlet/hpexe_return? HTTP/1.1" 200 1030
186.103.158.250 - - [25/Feb/2016:16:33:03 -0300] "GET /cormun/static/gxcfg.js?2015111312145050 HTTP/1.1" 200 953
186.103.158.250 - - [25/Feb/2016:16:33:03 -0300] "GET /cormun/static/hpexe_return.js?2015111312145056 HTTP/1.1" 200 1633
186.103.158.250 - - [25/Feb/2016:16:33:03 -0300] "GET /cormun/static/Resources/Spanish/PXTools.css?12112540 HTTP/1.1" 200 89042
186.103.158.250 - - [25/Feb/2016:16:33:03 -0300] "GET /cormun/servlet/vesolicitudot?2016,150,,SolicitudOTAdjuntos HTTP/1.1" 200 8663
186.103.158.250 - - [25/Feb/2016:16:33:03 -0300] "GET /cormun/pexe_scrolldiv.js HTTP/1.1" 404 1009
186.103.158.250 - - [25/Feb/2016:16:33:06 -0300] "POST /cormun/servlet/acontrolpreferencessavestate?None,CE-4,true HTTP/1.1" 200 35
186.103.158.250 - - [25/Feb/2016:16:33:09 -0300] "GET /cormun/servlet/solicitudotadjuntos?INS,2016,150,,1, HTTP/1.1" 200 5417
186.103.158.250 - - [25/Feb/2016:16:33:09 -0300] "HEAD /cormun/static/about:blank HTTP/1.1" 404 -
186.103.158.250 - - [25/Feb/2016:16:33:11 -0300] "GET /cormun/servlet/solicitudotadjuntos?7674a3224a357dfb34943de5fb4a153a8db9d94807729d8a986207eee1324717a38c3a6a0c7397dce4a4453e1b742b19,gx-no-cache=1456428751337 HTTP/1.1" 200 30
186.103.158.250 - - [25/Feb/2016:16:33:11 -0300] "POST /cormun/servlet/solicitudotadjuntos?d7c18f95fc3cecc784036c0f0ce8f391,INS,2016,150,,1,,gx-no-cache=1456428751386 HTTP/1.1" 200 3328
186.103.158.250 - - [25/Feb/2016:16:33:24 -0300] "POST /cormun/servlet/solicitudotadjuntos?gx-no-cache=1456428764678 HTTP/1.1" 200 26
192.168.10.88 - - [25/Feb/2016:16:33:24 -0300] "POST /cormun/servlet/trsolicitudot?c33defadd6043625dbbbd4c427b27990,gx-no-cache=1456428556737 HTTP/1.1" 200 5545
192.168.10.88 - - [25/Feb/2016:16:33:25 -0300] "POST /cormun/servlet/trsolicitudot?c33defadd6043625dbbbd4c427b27990,gx-no-cache=1456428557173 HTTP/1.1" 200 5547
192.168.10.88 - - [25/Feb/2016:16:33:25 -0300] "POST /cormun/servlet/trsolicitudot?c33defadd6043625dbbbd4c427b27990,gx-no-cache=1456428557687 HTTP/1.1" 200 5545
192.168.10.88 - - [25/Feb/2016:16:33:26 -0300] "POST /cormun/servlet/trsolicitudot?c33defadd6043625dbbbd4c427b27990,gx-no-cache=1456428558154 HTTP/1.1" 200 5547
192.168.10.88 - - [25/Feb/2016:16:33:26 -0300] "POST /cormun/servlet/trsolicitudot?c33defadd6043625dbbbd4c427b27990,gx-no-cache=1456428558622 HTTP/1.1" 200 5546
192.168.10.88 - - [25/Feb/2016:16:33:27 -0300] "POST /cormun/servlet/trsolicitudot?c33defadd6043625dbbbd4c427b27990,gx-no-cache=1456428559151 HTTP/1.1" 200 5546
192.168.10.88 - - [25/Feb/2016:16:33:27 -0300] "POST /cormun/servlet/trsolicitudot?c33defadd6043625dbbbd4c427b27990,gx-no-cache=1456428559618 HTTP/1.1" 200 5544
192.168.10.88 - - [25/Feb/2016:16:33:28 -0300] "POST /cormun/servlet/trsolicitudot?c33defadd6043625dbbbd4c427b27990,gx-no-cache=1456428560194 HTTP/1.1" 200 106
192.168.10.88 - - [25/Feb/2016:16:33:28 -0300] "GET /cormun/servlet/trsolicitudadjuntos?2016,158, HTTP/1.1" 200 5358
186.103.158.250 - - [25/Feb/2016:16:33:36 -0300] "GET /cormun/servlet/solicitudotadjuntos?7674a3224a357dfb34943de5fb4a153a240418498b871f2c8ce2817817a37fb3,gx-no-cache=1456428776643 HTTP/1.1" 200 30
186.103.158.250 - - [25/Feb/2016:16:33:36 -0300] "GET /cormun/servlet/solicitudotadjuntos?7674a3224a357dfb34943de5fb4a153a240418498b871f2c8ce2817817a37fb3,gx-no-cache=1456428776675 HTTP/1.1" 200 30
186.103.158.250 - - [25/Feb/2016:16:33:37 -0300] "POST /cormun/servlet/solicitudotadjuntos?d7c18f95fc3cecc784036c0f0ce8f391,INS,2016,150,,1, HTTP/1.1" 200 116
186.103.158.250 - - [25/Feb/2016:16:33:37 -0300] "GET /cormun/servlet/hpexe_return? HTTP/1.1" 200 1030
186.103.158.250 - - [25/Feb/2016:16:33:37 -0300] "GET /cormun/servlet/vesolicitudot?2016,150,,SolicitudOTAdjuntos HTTP/1.1" 200 8798
186.103.158.250 - - [25/Feb/2016:16:33:37 -0300] "GET /cormun/pexe_scrolldiv.js HTTP/1.1" 404 1009
192.168.10.88 - - [25/Feb/2016:16:33:38 -0300] "GET /cormun/servlet/trsolicitudot HTTP/1.1" 200 8086
186.103.158.250 - - [25/Feb/2016:16:33:40 -0300] "POST /cormun/servlet/acontrolpreferencessavestate?None,CE-4,true HTTP/1.1" 200 35
192.168.10.88 - - [25/Feb/2016:16:33:45 -0300] "POST /cormun/servlet/trsolicitudot?c33defadd6043625dbbbd4c427b27990,gx-no-cache=1456428577074 HTTP/1.1" 200 5553
192.168.10.88 - - [25/Feb/2016:16:33:45 -0300] "POST /cormun/servlet/trsolicitudot?c33defadd6043625dbbbd4c427b27990,gx-no-cache=1456428577541 HTTP/1.1" 200 5553
192.168.10.88 - - [25/Feb/2016:16:33:46 -0300] "POST /cormun/servlet/trsolicitudot?c33defadd6043625dbbbd4c427b27990,gx-no-cache=1456428577961 HTTP/1.1" 200 5552
186.103.158.250 - - [25/Feb/2016:16:33:46 -0300] "GET /cormun/servlet/solicitudotadjuntos?INS,2016,150,,1, HTTP/1.1" 200 5417
192.168.10.88 - - [25/Feb/2016:16:33:46 -0300] "POST /cormun/servlet/trsolicitudot?c33defadd6043625dbbbd4c427b27990,gx-no-cache=1456428578413 HTTP/1.1" 200 5554
186.103.158.250 - - [25/Feb/2016:16:33:46 -0300] "HEAD /cormun/static/about:blank HTTP/1.1" 404 -
192.168.10.88 - - [25/Feb/2016:16:33:46 -0300] "POST /cormun/servlet/trsolicitudot?c33defadd6043625dbbbd4c427b27990,gx-no-cache=1456428578849 HTTP/1.1" 200 5554
192.168.10.88 - - [25/Feb/2016:16:33:47 -0300] "POST /cormun/servlet/trsolicitudot?c33defadd6043625dbbbd4c427b27990,gx-no-cache=1456428579301 HTTP/1.1" 200 5553
192.168.10.88 - - [25/Feb/2016:16:33:47 -0300] "POST /cormun/servlet/trsolicitudot?c33defadd6043625dbbbd4c427b27990,gx-no-cache=1456428579752 HTTP/1.1" 200 5553
186.103.159.186 - - [25/Feb/2016:16:33:48 -0300] "POST /cormun/servlet/trsolicitudot?c08f422a9f4f89386ed5d25e340f970d,gx-no-cache=1456427924404,gx-no-cache=1456428855035 HTTP/1.1" 200 4823
186.103.158.250 - - [25/Feb/2016:16:33:48 -0300] "GET /cormun/servlet/solicitudotadjuntos?7674a3224a357dfb34943de5fb4a153a8db9d94807729d8a986207eee1324717a38c3a6a0c7397dce4a4453e1b742b19,gx-no-cache=1456428788307 HTTP/1.1" 200 30
186.103.158.250 - - [25/Feb/2016:16:33:48 -0300] "POST /cormun/servlet/solicitudotadjuntos?d7c18f95fc3cecc784036c0f0ce8f391,INS,2016,150,,1,,gx-no-cache=1456428788352 HTTP/1.1" 200 3328
192.168.10.88 - - [25/Feb/2016:16:33:48 -0300] "POST /cormun/servlet/trsolicitudot?c33defadd6043625dbbbd4c427b27990,gx-no-cache=1456428580250 HTTP/1.1" 200 5800
186.103.159.186 - - [25/Feb/2016:16:33:48 -0300] "POST /cormun/servlet/trsolicitudot?c08f422a9f4f89386ed5d25e340f970d,gx-no-cache=1456427924404,gx-no-cache=1456428855679 HTTP/1.1" 200 4823
186.103.159.186 - - [25/Feb/2016:16:33:48 -0300] "POST /cormun/servlet/trsolicitudot?c08f422a9f4f89386ed5d25e340f970d,gx-no-cache=1456427924404,gx-no-cache=1456428856015 HTTP/1.1" 200 4823
186.103.159.186 - - [25/Feb/2016:16:33:48 -0300] "POST /cormun/servlet/trsolicitudot?c08f422a9f4f89386ed5d25e340f970d,gx-no-cache=1456427924404,gx-no-cache=1456428856284 HTTP/1.1" 200 4823
186.103.159.186 - - [25/Feb/2016:16:33:49 -0300] "POST /cormun/servlet/trsolicitudot?c08f422a9f4f89386ed5d25e340f970d,gx-no-cache=1456427924404,gx-no-cache=1456428856564 HTTP/1.1" 200 4823
192.168.10.88 - - [25/Feb/2016:16:33:49 -0300] "GET /cormun/static/Shared/jqueryui/images/ui-bg_highlight-soft_100_c6c2c8_1x100.png HTTP/1.1" 404 1117
192.168.10.88 - - [25/Feb/2016:16:33:49 -0300] "GET /cormun/static/Shared/jqueryui/images/ui-icons_82798d_256x240.png HTTP/1.1" 404 1089
192.168.10.88 - - [25/Feb/2016:16:33:49 -0300] "GET /cormun/static/Shared/jqueryui/images/ui-bg_flat_55_fafafa_40x100.png HTTP/1.1" 404 1097
192.168.10.88 - - [25/Feb/2016:16:33:49 -0300] "GET /cormun/static/Shared/jqueryui/images/ui-icons_8d78a5_256x240.png HTTP/1.1" 404 1089
186.103.159.186 - - [25/Feb/2016:16:33:49 -0300] "POST /cormun/servlet/trsolicitudot?c08f422a9f4f89386ed5d25e340f970d,gx-no-cache=1456427924404,gx-no-cache=1456428856840 HTTP/1.1" 200 4823
186.103.159.186 - - [25/Feb/2016:16:33:49 -0300] "POST /cormun/servlet/trsolicitudot?c08f422a9f4f89386ed5d25e340f970d,gx-no-cache=1456427924404,gx-no-cache=1456428857146 HTTP/1.1" 200 4823
186.103.159.186 - - [25/Feb/2016:16:33:50 -0300] "POST /cormun/servlet/trsolicitudot?c08f422a9f4f89386ed5d25e340f970d,gx-no-cache=1456427924404,gx-no-cache=1456428857467 HTTP/1.1" 200 3570
186.103.159.186 - - [25/Feb/2016:16:33:50 -0300] "GET /cormun/static/Shared/jqueryui/images/ui-bg_highlight-soft_100_c6c2c8_1x100.png HTTP/1.1" 404 1117
186.103.159.186 - - [25/Feb/2016:16:33:50 -0300] "GET /cormun/static/Shared/jqueryui/images/ui-bg_flat_55_fafafa_40x100.png HTTP/1.1" 404 1097
186.103.159.186 - - [25/Feb/2016:16:33:50 -0300] "GET /cormun/static/Shared/jqueryui/images/ui-icons_8d78a5_256x240.png HTTP/1.1" 404 1089
186.103.159.186 - - [25/Feb/2016:16:33:50 -0300] "GET /cormun/static/Shared/jqueryui/images/ui-icons_82798d_256x240.png HTTP/1.1" 404 1089
186.103.159.186 - - [25/Feb/2016:16:33:50 -0300] "POST /cormun/servlet/trsolicitudot?c08f422a9f4f89386ed5d25e340f970d,gx-no-cache=1456427924404,gx-no-cache=1456428857815 HTTP/1.1" 200 3423
186.103.158.250 - - [25/Feb/2016:16:33:56 -0300] "POST /cormun/servlet/solicitudotadjuntos?gx-no-cache=1456428796491 HTTP/1.1" 200 26
186.103.159.230 - - [25/Feb/2016:16:34:06 -0300] "GET /cormun/servlet/hlogin HTTP/1.1" 200 1717
186.103.159.230 - - [25/Feb/2016:16:34:06 -0300] "GET /cormun/static/gxcfg.js?20151120045111 HTTP/1.1" 200 953
186.103.159.230 - - [25/Feb/2016:16:34:06 -0300] "GET /cormun/static/gxtimezone.js?85251 HTTP/1.1" 200 5781
186.103.159.230 - - [25/Feb/2016:16:34:06 -0300] "GET /cormun/static/Resources/ComunLogin.png HTTP/1.1" 200 17326
186.103.159.230 - - [25/Feb/2016:16:34:06 -0300] "GET /cormun/static/hlogin.js?20151120045126 HTTP/1.1" 200 2136
186.103.159.230 - - [25/Feb/2016:16:34:06 -0300] "GET /cormun/static/messages.spa.js?85251 HTTP/1.1" 200 30736
186.103.159.230 - - [25/Feb/2016:16:34:06 -0300] "GET /cormun/static/Resources/Spanish/PXTools.css?005343 HTTP/1.1" 200 89042
186.103.159.230 - - [25/Feb/2016:16:34:06 -0300] "GET /cormun/static/gxgral.js?85251 HTTP/1.1" 200 384558
186.103.159.230 - - [25/Feb/2016:16:34:06 -0300] "GET /cormun/static/Resources/indicator.gif HTTP/1.1" 200 1553
186.103.159.230 - - [25/Feb/2016:16:34:06 -0300] "GET /cormun/servlet/hlogin HTTP/1.1" 200 1728
186.103.159.230 - - [25/Feb/2016:16:34:06 -0300] "GET /cormun/static/Resources/PXToolsLoginBackground.png HTTP/1.1" 200 1164
186.103.159.230 - - [25/Feb/2016:16:34:06 -0300] "GET /cormun/static/Resources/PXToolsLoginTop.png HTTP/1.1" 200 1337
186.103.159.230 - - [25/Feb/2016:16:34:06 -0300] "GET /cormun/static/Resources/PXToolsButtonLeft21.png HTTP/1.1" 200 1287
186.103.159.230 - - [25/Feb/2016:16:34:06 -0300] "GET /cormun/static/Resources/PXToolsButtonRight21.png HTTP/1.1" 200 1283
186.103.159.230 - - [25/Feb/2016:16:34:06 -0300] "GET /cormun/static/Resources/PXToolsButtonBackground2.png HTTP/1.1" 200 1181
186.103.159.230 - - [25/Feb/2016:16:34:06 -0300] "GET /cormun/static/Resources/PXToolsLoginBottom.png HTTP/1.1" 200 1389
186.103.159.230 - - [25/Feb/2016:16:34:06 -0300] "GET /favicon.ico HTTP/1.1" 200 21630
186.103.159.230 - - [25/Feb/2016:16:34:06 -0300] "GET /cormun/static/Resources/PXToolsLoginBottom.png HTTP/1.1" 200 1389
192.168.10.88 - - [25/Feb/2016:16:34:07 -0300] "POST /cormun/servlet/trsolicitudot?c33defadd6043625dbbbd4c427b27990,gx-no-cache=1456428598983 HTTP/1.1" 200 5800
192.168.10.88 - - [25/Feb/2016:16:34:16 -0300] "POST /cormun/servlet/trsolicitudot?c33defadd6043625dbbbd4c427b27990,gx-no-cache=1456428608061 HTTP/1.1" 200 5552
192.168.10.88 - - [25/Feb/2016:16:34:16 -0300] "POST /cormun/servlet/trsolicitudot?c33defadd6043625dbbbd4c427b27990,gx-no-cache=1456428608513 HTTP/1.1" 200 5553
192.168.10.88 - - [25/Feb/2016:16:34:17 -0300] "POST /cormun/servlet/trsolicitudot?c33defadd6043625dbbbd4c427b27990,gx-no-cache=1456428609432 HTTP/1.1" 200 5553
192.168.10.88 - - [25/Feb/2016:16:34:18 -0300] "POST /cormun/servlet/trsolicitudot?c33defadd6043625dbbbd4c427b27990,gx-no-cache=1456428609977 HTTP/1.1" 200 5553
192.168.10.88 - - [25/Feb/2016:16:34:18 -0300] "POST /cormun/servlet/trsolicitudot?c33defadd6043625dbbbd4c427b27990,gx-no-cache=1456428610444 HTTP/1.1" 200 5553
192.168.10.88 - - [25/Feb/2016:16:34:19 -0300] "POST /cormun/servlet/trsolicitudot?c33defadd6043625dbbbd4c427b27990,gx-no-cache=1456428610989 HTTP/1.1" 200 5553
192.168.10.88 - - [25/Feb/2016:16:34:19 -0300] "POST /cormun/servlet/trsolicitudot?c33defadd6043625dbbbd4c427b27990,gx-no-cache=1456428611472 HTTP/1.1" 200 5553
192.168.10.88 - - [25/Feb/2016:16:34:20 -0300] "POST /cormun/servlet/trsolicitudot?c33defadd6043625dbbbd4c427b27990,gx-no-cache=1456428612048 HTTP/1.1" 200 5800
186.103.159.230 - - [25/Feb/2016:16:34:21 -0300] "POST /cormun/servlet/hlogin?cbd656c10d383c6f066e8967fda4e65b,gx-no-cache=1456428887726 HTTP/1.1" 200 447
186.103.158.250 - - [25/Feb/2016:16:34:22 -0300] "POST /cormun/servlet/solicitudotadjuntos?gx-no-cache=1456428822759 HTTP/1.1" 200 26
186.103.159.230 - - [25/Feb/2016:16:34:30 -0300] "POST /cormun/servlet/hlogin?cbd656c10d383c6f066e8967fda4e65b,gx-no-cache=1456428897029 HTTP/1.1" 200 90
186.103.159.230 - - [25/Feb/2016:16:34:30 -0300] "GET /cormun/servlet/hpexe_link HTTP/1.1" 200 952
186.103.159.230 - - [25/Feb/2016:16:34:30 -0300] "GET /cormun/static/gxcfg.js?20151120044395 HTTP/1.1" 200 953
186.103.159.230 - - [25/Feb/2016:16:34:30 -0300] "GET /cormun/static/hpexe_link.js?20151120044398 HTTP/1.1" 200 625
186.103.159.230 - - [25/Feb/2016:16:34:31 -0300] "GET /cormun/servlet/hhome HTTP/1.1" 200 3433
186.103.159.230 - - [25/Feb/2016:16:34:31 -0300] "GET /cormun/static/scaMessage/css/jquery.pnotify.default.css?1816380 HTTP/1.1" 200 1707
186.103.159.230 - - [25/Feb/2016:16:34:31 -0300] "GET /cormun/static/gxcfg.js?2015112210564248 HTTP/1.1" 200 953
186.103.159.230 - - [25/Feb/2016:16:34:31 -0300] "GET /cormun/static/Shared/jqueryui/jquery-ui.min.css?1345370 HTTP/1.1" 200 30288
186.103.159.230 - - [25/Feb/2016:16:34:31 -0300] "GET /cormun/static/SmoothNavMenu/resources/ddsmoothmenu-v.css?1112540 HTTP/1.1" 200 1188
186.103.159.230 - - [25/Feb/2016:16:34:31 -0300] "GET /cormun/static/SmoothNavMenu/resources/ddsmoothmenu.css?1112540 HTTP/1.1" 200 2223
186.103.159.230 - - [25/Feb/2016:16:34:31 -0300] "GET /cormun/static/PXToolsJavascripts/pexe_cookies.js HTTP/1.1" 200 792
186.103.159.230 - - [25/Feb/2016:16:34:31 -0300] "GET /cormun/static/PXToolsJavascripts/pexe_autoreload.js HTTP/1.1" 200 1762
186.103.159.230 - - [25/Feb/2016:16:34:31 -0300] "GET /cormun/static/Resources/Spanish/PXTools.css?10515224 HTTP/1.1" 200 89042
186.103.159.230 - - [25/Feb/2016:16:34:31 -0300] "GET /cormun/static/PXToolsJavascripts/pexe_windows.js HTTP/1.1" 200 15207
186.103.159.230 - - [25/Feb/2016:16:34:31 -0300] "GET /cormun/static/PXToolsJavascripts/pexe_grid.js HTTP/1.1" 200 7559
186.103.159.230 - - [25/Feb/2016:16:34:31 -0300] "GET /cormun/static/PXToolsJavascripts/pexe_griddivfix.js HTTP/1.1" 200 6644
186.103.159.230 - - [25/Feb/2016:16:34:31 -0300] "GET /cormun/static/PXToolsJavascripts/pexe_link.js HTTP/1.1" 200 5671
186.103.159.230 - - [25/Feb/2016:16:34:31 -0300] "GET /cormun/static/PXToolsJavascripts/pexe_menudivfix.js HTTP/1.1" 200 333
186.103.159.230 - - [25/Feb/2016:16:34:31 -0300] "GET /cormun/static/PXToolsJavascripts/pexe_layers.js HTTP/1.1" 200 4114
186.103.159.230 - - [25/Feb/2016:16:34:31 -0300] "GET /cormun/static/PXToolsJavascripts/pexe_menus.js HTTP/1.1" 200 1286
186.103.159.230 - - [25/Feb/2016:16:34:31 -0300] "GET /cormun/static/PXToolsJavascripts/pexe_oav.js HTTP/1.1" 200 645
186.103.159.230 - - [25/Feb/2016:16:34:31 -0300] "GET /cormun/static/PXToolsJavascripts/pexe_oavdivfix.js HTTP/1.1" 200 639
186.103.159.230 - - [25/Feb/2016:16:34:31 -0300] "GET /cormun/static/PXToolsJavascripts/pexe_popup.js HTTP/1.1" 200 13458
186.103.159.230 - - [25/Feb/2016:16:34:31 -0300] "GET /cormun/static/PXToolsJavascripts/pexe_picture.js HTTP/1.1" 200 689
186.103.159.230 - - [25/Feb/2016:16:34:31 -0300] "GET /cormun/static/PXToolsJavascripts/pexe_scrolldiv.js HTTP/1.1" 200 4138
186.103.159.230 - - [25/Feb/2016:16:34:31 -0300] "GET /cormun/static/PXToolsJavascripts/pexe_tabdivfix.js HTTP/1.1" 200 876
186.103.159.230 - - [25/Feb/2016:16:34:31 -0300] "GET /cormun/static/PXToolsJavascripts/pexe_tabs.js HTTP/1.1" 200 3748
186.103.159.230 - - [25/Feb/2016:16:34:31 -0300] "GET /cormun/static/PXToolsJavascripts/pexe_upload.js HTTP/1.1" 200 1423
186.103.159.230 - - [25/Feb/2016:16:34:31 -0300] "GET /cormun/static/PXToolsJavascripts/PXToolsJavascriptsRender.js HTTP/1.1" 200 367
186.103.159.230 - - [25/Feb/2016:16:34:31 -0300] "GET /cormun/static/Resources/logo4.png HTTP/1.1" 200 6582
186.103.159.230 - - [25/Feb/2016:16:34:31 -0300] "GET /cormun/static/Resources/PXToolsHeaderActionsLeft.png HTTP/1.1" 200 1118
186.103.159.230 - - [25/Feb/2016:16:34:31 -0300] "GET /cormun/static/Resources/PXToolsHeaderHome.png HTTP/1.1" 200 4147
186.103.159.230 - - [25/Feb/2016:16:34:31 -0300] "GET /cormun/static/Resources/PXToolsHeaderLogin.png HTTP/1.1" 200 4279
186.103.159.230 - - [25/Feb/2016:16:34:31 -0300] "GET /cormun/static/Resources/PXToolsHeaderPreferences.png HTTP/1.1" 200 4189
186.103.159.230 - - [25/Feb/2016:16:34:31 -0300] "GET /cormun/static/Resources/PXToolsHeaderSecurity.png HTTP/1.1" 200 4166
186.103.159.230 - - [25/Feb/2016:16:34:31 -0300] "GET /cormun/static/Resources/PXToolsHeaderActionsRight.png HTTP/1.1" 200 1201
186.103.159.230 - - [25/Feb/2016:16:34:31 -0300] "GET /cormun/static/RunJS/RunJS.js HTTP/1.1" 200 288
186.103.159.230 - - [25/Feb/2016:16:34:31 -0300] "GET /cormun/static/Shared/ext/locale/ext-lang-en.js HTTP/1.1" 200 10940
186.103.159.230 - - [25/Feb/2016:16:34:31 -0300] "GET /cormun/static/hhome.js?2015112210564255 HTTP/1.1" 200 777
186.103.159.230 - - [25/Feb/2016:16:34:31 -0300] "GET /cormun/static/hwchdr01.js?20162241650484 HTTP/1.1" 200 1002
186.103.159.230 - - [25/Feb/2016:16:34:31 -0300] "GET /cormun/static/hpexe_recentlink.js?2015111312121342 HTTP/1.1" 200 2144
186.103.159.230 - - [25/Feb/2016:16:34:31 -0300] "GET /cormun/static/hpexe_scripts.js?20151120014546 HTTP/1.1" 200 1544
186.103.159.230 - - [25/Feb/2016:16:34:31 -0300] "GET /cormun/static/hpexe_messagecontroller.js?2015112210524422 HTTP/1.1" 200 870
186.103.159.230 - - [25/Feb/2016:16:34:31 -0300] "GET /cormun/static/hpexe_messagepopupcomponent.js?201622412404545 HTTP/1.1" 200 605
186.103.159.230 - - [25/Feb/2016:16:34:31 -0300] "GET /cormun/static/hpexe_messagegenexuscomponent.js?20151120014314 HTTP/1.1" 200 587
186.103.159.230 - - [25/Feb/2016:16:34:31 -0300] "GET /cormun/static/cmcontrolpreferences.js?20151120014525 HTTP/1.1" 200 1375
186.103.159.230 - - [25/Feb/2016:16:34:31 -0300] "GET /cormun/static/gxui/gxui-all.js HTTP/1.1" 200 107772
186.103.159.230 - - [25/Feb/2016:16:34:31 -0300] "GET /cormun/static/SmoothNavMenu/resources/ddsmoothmenu.js HTTP/1.1" 200 12712
186.103.159.230 - - [25/Feb/2016:16:34:31 -0300] "GET /cormun/static/SmoothNavMenu/resources/SmoothNavMenuRender.js HTTP/1.1" 200 5951
186.103.159.230 - - [25/Feb/2016:16:34:31 -0300] "GET /cormun/static/scaMessage/js/jquery.pnotify.min.js HTTP/1.1" 200 13038
186.103.159.230 - - [25/Feb/2016:16:34:31 -0300] "GET /cormun/static/Shared/jquery/jquery-1.4.2.min.js HTTP/1.1" 200 72174
186.103.159.230 - - [25/Feb/2016:16:34:31 -0300] "GET /cormun/static/scaMessage/scaMessageRender.js HTTP/1.1" 200 11977
186.103.159.230 - - [25/Feb/2016:16:34:31 -0300] "GET /cormun/static/hmpwkw03.js?201622421393366 HTTP/1.1" 200 3845
186.103.159.230 - - [25/Feb/2016:16:34:31 -0300] "GET /cormun/static/Shared/jquery/jquery-1.10.2.min.js HTTP/1.1" 200 273199
186.103.159.230 - - [25/Feb/2016:16:34:31 -0300] "GET /cormun/static/Resources/PXToolsDataTitle.png HTTP/1.1" 200 1173
186.103.159.230 - - [25/Feb/2016:16:34:31 -0300] "GET /cormun/static/Resources/PXToolsHeaderActionsBackground.png HTTP/1.1" 200 484
186.103.159.230 - - [25/Feb/2016:16:34:31 -0300] "GET /cormun/static/Resources/PXToolsHeaderBackground2.png HTTP/1.1" 200 1174
186.103.159.230 - - [25/Feb/2016:16:34:31 -0300] "GET /cormun/static/Resources/PXToolsFooterBackground2.png HTTP/1.1" 200 1172
186.103.159.230 - - [25/Feb/2016:16:34:31 -0300] "GET /cormun/static/Shared/jqueryui/jquery-ui.min.js HTTP/1.1" 200 240427
186.103.159.230 - - [25/Feb/2016:16:34:31 -0300] "GET /cormun/static/Shared/ext/ext-all.js HTTP/1.1" 200 1289687
186.103.159.230 - - [25/Feb/2016:16:34:32 -0300] "GET /cormun/static/SmoothNavMenu/resources/images/down.gif HTTP/1.1" 200 854
186.103.158.250 - - [25/Feb/2016:16:34:34 -0300] "GET /cormun/servlet/solicitudotadjuntos?7674a3224a357dfb34943de5fb4a153a240418498b871f2c8ce2817817a37fb3,gx-no-cache=1456428834769 HTTP/1.1" 200 30
186.103.158.250 - - [25/Feb/2016:16:34:34 -0300] "GET /cormun/servlet/solicitudotadjuntos?7674a3224a357dfb34943de5fb4a153a240418498b871f2c8ce2817817a37fb3,gx-no-cache=1456428834800 HTTP/1.1" 200 30
192.168.10.88 - - [25/Feb/2016:16:34:34 -0300] "POST /cormun/servlet/trsolicitudot?c33defadd6043625dbbbd4c427b27990,gx-no-cache=1456428626514 HTTP/1.1" 200 5553
192.168.10.88 - - [25/Feb/2016:16:34:35 -0300] "POST /cormun/servlet/trsolicitudot?c33defadd6043625dbbbd4c427b27990,gx-no-cache=1456428627012 HTTP/1.1" 200 5553
192.168.10.88 - - [25/Feb/2016:16:34:35 -0300] "POST /cormun/servlet/trsolicitudot?c33defadd6043625dbbbd4c427b27990,gx-no-cache=1456428627541 HTTP/1.1" 200 5553
186.103.158.250 - - [25/Feb/2016:16:34:35 -0300] "POST /cormun/servlet/solicitudotadjuntos?d7c18f95fc3cecc784036c0f0ce8f391,INS,2016,150,,1, HTTP/1.1" 200 116
186.103.158.250 - - [25/Feb/2016:16:34:35 -0300] "GET /cormun/servlet/hpexe_return? HTTP/1.1" 200 1030
192.168.10.88 - - [25/Feb/2016:16:34:36 -0300] "POST /cormun/servlet/trsolicitudot?c33defadd6043625dbbbd4c427b27990,gx-no-cache=1456428628133 HTTP/1.1" 200 5553
186.103.158.250 - - [25/Feb/2016:16:34:36 -0300] "GET /cormun/servlet/vesolicitudot?2016,150,,SolicitudOTAdjuntos HTTP/1.1" 200 8969
186.103.158.250 - - [25/Feb/2016:16:34:36 -0300] "GET /cormun/pexe_scrolldiv.js HTTP/1.1" 404 1009
192.168.10.88 - - [25/Feb/2016:16:34:36 -0300] "POST /cormun/servlet/trsolicitudot?c33defadd6043625dbbbd4c427b27990,gx-no-cache=1456428628663 HTTP/1.1" 200 5552
192.168.10.88 - - [25/Feb/2016:16:34:37 -0300] "POST /cormun/servlet/trsolicitudot?c33defadd6043625dbbbd4c427b27990,gx-no-cache=1456428629192 HTTP/1.1" 200 5552
186.103.159.230 - - [25/Feb/2016:16:34:37 -0300] "GET /cormun/servlet/trsolicitudot? HTTP/1.1" 200 7740
186.103.159.230 - - [25/Feb/2016:16:34:37 -0300] "GET /cormun/static/calendar-system.css?85620 HTTP/1.1" 200 5572
186.103.159.230 - - [25/Feb/2016:16:34:37 -0300] "GET /cormun/static/gxui/gxui-all.css?120300 HTTP/1.1" 200 2179
186.103.159.230 - - [25/Feb/2016:16:34:37 -0300] "GET /cormun/static/gxcfg.js?20161623482752 HTTP/1.1" 200 953
186.103.159.230 - - [25/Feb/2016:16:34:37 -0300] "GET /cormun/static/calendar.js?85251 HTTP/1.1" 200 26246
186.103.159.230 - - [25/Feb/2016:16:34:37 -0300] "GET /cormun/static/Resources/Spanish/PXTools.css?17554516 HTTP/1.1" 200 89042
186.103.159.230 - - [25/Feb/2016:16:34:37 -0300] "GET /cormun/static/calendar-setup.js?85251 HTTP/1.1" 200 2588
186.103.159.230 - - [25/Feb/2016:16:34:37 -0300] "GET /cormun/static/calendar-es.js?85251 HTTP/1.1" 200 1901
186.103.159.230 - - [25/Feb/2016:16:34:37 -0300] "GET /cormun/static/Resources/PXToolsGridFirst.gif HTTP/1.1" 200 379
186.103.159.230 - - [25/Feb/2016:16:34:37 -0300] "GET /cormun/static/Resources/PXTools/calendar.png HTTP/1.1" 200 1306
186.103.159.230 - - [25/Feb/2016:16:34:37 -0300] "GET /cormun/static/Resources/PXToolsGridPrevious.gif HTTP/1.1" 200 369
186.103.159.230 - - [25/Feb/2016:16:34:37 -0300] "GET /cormun/static/Resources/PXToolsDataSearch.png HTTP/1.1" 200 419
186.103.159.230 - - [25/Feb/2016:16:34:37 -0300] "GET /cormun/static/Resources/PXToolsGridNext.gif HTTP/1.1" 200 369
186.103.159.230 - - [25/Feb/2016:16:34:37 -0300] "GET /cormun/static/Resources/PXToolsGridLast.gif HTTP/1.1" 200 370
186.103.159.230 - - [25/Feb/2016:16:34:37 -0300] "GET /cormun/static/Resources/PXToolsGridNew.png HTTP/1.1" 200 2949
186.103.159.230 - - [25/Feb/2016:16:34:37 -0300] "GET /cormun/static/Resources/PXToolsActionExcel.png HTTP/1.1" 200 3187
186.103.159.230 - - [25/Feb/2016:16:34:37 -0300] "GET /cormun/static/gxdec.js?85251 HTTP/1.1" 200 19579
186.103.159.230 - - [25/Feb/2016:16:34:37 -0300] "GET /cormun/static/trsolicitudot.js?20161623483284 HTTP/1.1" 200 45324
186.103.159.230 - - [25/Feb/2016:16:34:37 -0300] "GET /cormun/static/Shared/ext/resources/css/ext-all.css?215870 HTTP/1.1" 200 416045
192.168.10.88 - - [25/Feb/2016:16:34:37 -0300] "POST /cormun/servlet/trsolicitudot?c33defadd6043625dbbbd4c427b27990,gx-no-cache=1456428629644 HTTP/1.1" 200 5553
186.103.159.230 - - [25/Feb/2016:16:34:38 -0300] "GET /cormun/static/Resources/asc.gif HTTP/1.1" 200 67
186.103.159.230 - - [25/Feb/2016:16:34:38 -0300] "GET /cormun/static/Resources/desc.gif HTTP/1.1" 200 65
192.168.10.88 - - [25/Feb/2016:16:34:38 -0300] "POST /cormun/servlet/trsolicitudot?c33defadd6043625dbbbd4c427b27990,gx-no-cache=1456428630095 HTTP/1.1" 200 5801
186.103.159.230 - - [25/Feb/2016:16:34:38 -0300] "GET /cormun//static/Resources/PXToolsGridUpdate.png HTTP/1.1" 200 2984
186.103.159.230 - - [25/Feb/2016:16:34:38 -0300] "GET /cormun//static/Resources/PXToolsGridDelete.png HTTP/1.1" 200 357
186.103.159.230 - - [25/Feb/2016:16:34:38 -0300] "GET /cormun//static/Resources/PXToolsActionView.png HTTP/1.1" 200 2995
186.103.159.230 - - [25/Feb/2016:16:34:38 -0300] "GET /cormun//static/Resources/PXToolsRemoveAllAction.png HTTP/1.1" 200 3558
186.103.159.230 - - [25/Feb/2016:16:34:38 -0300] "GET /cormun//static/Resources/PXTools/ActionInsert.png HTTP/1.1" 200 1482
186.103.159.230 - - [25/Feb/2016:16:34:38 -0300] "GET /cormun/static/Shared/ext/resources/themes/images/default/panel/bg-headersPanel.png HTTP/1.1" 200 255
186.103.159.230 - - [25/Feb/2016:16:34:38 -0300] "GET /cormun/static/Shared/ext/resources/themes/images/default/tools/tool-sprites.gif HTTP/1.1" 200 5434
186.103.158.250 - - [25/Feb/2016:16:34:39 -0300] "POST /cormun/servlet/acontrolpreferencessavestate?None,CE-4,true HTTP/1.1" 200 35
186.103.158.250 - - [25/Feb/2016:16:34:52 -0300] "GET /cormun/servlet/solicitudotadjuntos?INS,2016,150,,2, HTTP/1.1" 200 5415
186.103.158.250 - - [25/Feb/2016:16:34:53 -0300] "HEAD /cormun/static/about:blank HTTP/1.1" 404 -
186.103.158.250 - - [25/Feb/2016:16:34:54 -0300] "GET /cormun/servlet/solicitudotadjuntos?7674a3224a357dfb34943de5fb4a153a8db9d94807729d8a986207eee1324717a38c3a6a0c7397dce4a4453e1b742b19,gx-no-cache=1456428854897 HTTP/1.1" 200 30
186.103.158.250 - - [25/Feb/2016:16:34:54 -0300] "POST /cormun/servlet/solicitudotadjuntos?d7c18f95fc3cecc784036c0f0ce8f391,INS,2016,150,,2,,gx-no-cache=1456428854986 HTTP/1.1" 200 3471
192.168.10.88 - - [25/Feb/2016:16:34:55 -0300] "POST /cormun/servlet/trsolicitudot?c33defadd6043625dbbbd4c427b27990,gx-no-cache=1456428646881 HTTP/1.1" 200 5801
186.103.158.250 - - [25/Feb/2016:16:35:22 -0300] "POST /cormun/servlet/solicitudotadjuntos?d7c18f95fc3cecc784036c0f0ce8f391,INS,2016,150,,2,,gx-no-cache=1456428882125 HTTP/1.1" 200 93
186.103.158.250 - - [25/Feb/2016:16:35:22 -0300] "GET /cormun/servlet/hpexe_return? HTTP/1.1" 200 1030
186.103.158.250 - - [25/Feb/2016:16:35:22 -0300] "GET /cormun/servlet/vesolicitudot?2016,150,,SolicitudOTAdjuntos HTTP/1.1" 200 8968
186.103.158.250 - - [25/Feb/2016:16:35:22 -0300] "GET /cormun/pexe_scrolldiv.js HTTP/1.1" 404 1009
186.103.158.250 - - [25/Feb/2016:16:35:25 -0300] "POST /cormun/servlet/acontrolpreferencessavestate?None,CE-4,true HTTP/1.1" 200 35
186.103.158.250 - - [25/Feb/2016:16:35:27 -0300] "GET /cormun/servlet/solicitudotadjuntos?INS,2016,150,,1, HTTP/1.1" 200 5418
186.103.158.250 - - [25/Feb/2016:16:35:28 -0300] "HEAD /cormun/static/about:blank HTTP/1.1" 404 -
186.103.158.250 - - [25/Feb/2016:16:35:29 -0300] "GET /cormun/servlet/solicitudotadjuntos?7674a3224a357dfb34943de5fb4a153a8db9d94807729d8a986207eee1324717a38c3a6a0c7397dce4a4453e1b742b19,gx-no-cache=1456428889540 HTTP/1.1" 200 30
186.103.158.250 - - [25/Feb/2016:16:35:29 -0300] "POST /cormun/servlet/solicitudotadjuntos?d7c18f95fc3cecc784036c0f0ce8f391,INS,2016,150,,1,,gx-no-cache=1456428889586 HTTP/1.1" 200 3328
186.103.158.250 - - [25/Feb/2016:16:36:12 -0300] "POST /cormun/servlet/solicitudotadjuntos?gx-no-cache=1456428932803 HTTP/1.1" 200 26
115.231.222.40 - - [25/Feb/2016:16:36:29 -0300] "GET /cgi-bin/common/attr?id=260714&r=0.6726406374671137 HTTP/1.1" 404 999
192.168.10.88 - - [25/Feb/2016:16:37:09 -0300] "POST /cormun/servlet/trsolicitudot?c33defadd6043625dbbbd4c427b27990,gx-no-cache=1456428780990 HTTP/1.1" 200 5554
192.168.10.88 - - [25/Feb/2016:16:37:10 -0300] "POST /cormun/servlet/trsolicitudot?c33defadd6043625dbbbd4c427b27990,gx-no-cache=1456428781442 HTTP/1.1" 200 5554
192.168.10.88 - - [25/Feb/2016:16:37:10 -0300] "POST /cormun/servlet/trsolicitudot?c33defadd6043625dbbbd4c427b27990,gx-no-cache=1456428782190 HTTP/1.1" 200 5554
192.168.10.88 - - [25/Feb/2016:16:37:11 -0300] "POST /cormun/servlet/trsolicitudot?c33defadd6043625dbbbd4c427b27990,gx-no-cache=1456428782626 HTTP/1.1" 200 5554
192.168.10.88 - - [25/Feb/2016:16:37:11 -0300] "POST /cormun/servlet/trsolicitudot?c33defadd6043625dbbbd4c427b27990,gx-no-cache=1456428783078 HTTP/1.1" 200 5554
192.168.10.88 - - [25/Feb/2016:16:37:12 -0300] "POST /cormun/servlet/trsolicitudot?c33defadd6043625dbbbd4c427b27990,gx-no-cache=1456428783514 HTTP/1.1" 200 5554
192.168.10.88 - - [25/Feb/2016:16:37:12 -0300] "POST /cormun/servlet/trsolicitudot?c33defadd6043625dbbbd4c427b27990,gx-no-cache=1456428784215 HTTP/1.1" 200 5554
192.168.10.88 - - [25/Feb/2016:16:37:13 -0300] "POST /cormun/servlet/trsolicitudot?c33defadd6043625dbbbd4c427b27990,gx-no-cache=1456428784994 HTTP/1.1" 200 5800
186.103.158.250 - - [25/Feb/2016:16:38:58 -0300] "POST /cormun/servlet/solicitudotadjuntos?d7c18f95fc3cecc784036c0f0ce8f391,INS,2016,150,,1,,gx-no-cache=1456429098277 HTTP/1.1" 200 93
186.103.158.250 - - [25/Feb/2016:16:38:58 -0300] "GET /cormun/servlet/hpexe_return? HTTP/1.1" 200 1030
186.103.158.250 - - [25/Feb/2016:16:38:58 -0300] "GET /cormun/servlet/vesolicitudot?2016,150,,SolicitudOTAdjuntos HTTP/1.1" 200 8971
186.103.158.250 - - [25/Feb/2016:16:38:58 -0300] "GET /cormun/pexe_scrolldiv.js HTTP/1.1" 404 1009
186.103.158.250 - - [25/Feb/2016:16:39:01 -0300] "POST /cormun/servlet/acontrolpreferencessavestate?None,CE-4,true HTTP/1.1" 200 35
186.103.158.250 - - [25/Feb/2016:16:39:06 -0300] "GET /cormun/servlet/trsolicitudot? HTTP/1.1" 200 7371
186.103.159.186 - - [25/Feb/2016:16:40:04 -0300] "GET /cormun/servlet/hloginttps://espanol.yahoo.com/?p=us HTTP/1.1" 404 1053
186.103.158.250 - - [25/Feb/2016:16:40:50 -0300] "GET /cormun/servlet/solicitudot?INS,0,0, HTTP/1.1" 200 12027
186.103.158.250 - - [25/Feb/2016:16:40:50 -0300] "GET /cormun/static/gxcfg.js?201617004230 HTTP/1.1" 200 953
186.103.158.250 - - [25/Feb/2016:16:40:50 -0300] "GET /cormun/static/Resources/prompt.gif HTTP/1.1" 200 902
186.103.158.250 - - [25/Feb/2016:16:40:50 -0300] "GET /cormun/static/solicitudot.js?201617004281 HTTP/1.1" 200 44291
192.168.10.88 - - [25/Feb/2016:16:40:55 -0300] "POST /cormun/servlet/trsolicitudot?c33defadd6043625dbbbd4c427b27990,gx-no-cache=1456429006617 HTTP/1.1" 200 5552
192.168.10.88 - - [25/Feb/2016:16:40:56 -0300] "POST /cormun/servlet/trsolicitudot?c33defadd6043625dbbbd4c427b27990,gx-no-cache=1456429007053 HTTP/1.1" 200 5554
186.103.158.250 - - [25/Feb/2016:16:40:56 -0300] "GET /cormun/servlet/trsolicitudot? HTTP/1.1" 200 7371
192.168.10.88 - - [25/Feb/2016:16:40:56 -0300] "POST /cormun/servlet/trsolicitudot?c33defadd6043625dbbbd4c427b27990,gx-no-cache=1456429007567 HTTP/1.1" 200 5552
