186.103.158.250 - - [25/Feb/2016:16:18:37 -0300] "GET /favicon.ico HTTP/1.1" 200 21630
186.103.159.186 - - [25/Feb/2016:16:18:37 -0300] "POST /cormun/servlet/solicitudotadjuntos?gx-no-cache=1456427943813 HTTP/1.1" 200 26
192.168.10.88 - - [25/Feb/2016:16:18:49 -0300] "GET /cormun/servlet/solicitudot?8486bb190f04cc758605fc43e555523ff109965c7415e680f953f58edf02dc295792c137ebe092011a8cc817affdcdefc46c4b28eb4ae96a369e302d5c304cc12e4b2107561ec1639249ff7ba9a506e95950a0e3547e293401a786612f489cc717d6c5796b0e347da30aee5809959d60f5ddc8046c803a6efefed4a22818184db69a6f1747f32bf97371234d35807c423c2c10812da2ed99ee4f9c0f9bfad687,gx-no-cache=1456427689213 HTTP/1.1" 200 29
186.103.159.186 - - [25/Feb/2016:16:18:52 -0300] "GET /cormun/servlet/solicitudotadjuntos?4f9c45acea785dc0ffcb3dcca3baefe88ab062f0443f99576b4f73a0758d1b19,gx-no-cache=1456427959606 HTTP/1.1" 200 30
186.103.159.186 - - [25/Feb/2016:16:18:52 -0300] "GET /cormun/servlet/solicitudotadjuntos?4f9c45acea785dc0ffcb3dcca3baefe88ab062f0443f99576b4f73a0758d1b19,gx-no-cache=1456427959643 HTTP/1.1" 200 30
192.168.10.88 - - [25/Feb/2016:16:18:54 -0300] "POST /cormun/servlet/solicitudot?gx-no-cache=1456427694301 HTTP/1.1" 200 1116
186.103.159.230 - - [25/Feb/2016:16:18:57 -0300] "GET /cormun/servlet/trsolicitudot? HTTP/1.1" 200 7739
186.103.159.186 - - [25/Feb/2016:16:18:58 -0300] "POST /cormun/servlet/solicitudotadjuntos?c08f422a9f4f89386ed5d25e340f970d,INS,2016,155,,1, HTTP/1.1" 200 116
186.103.159.186 - - [25/Feb/2016:16:18:58 -0300] "GET /cormun/servlet/hpexe_return? HTTP/1.1" 200 1017
186.103.159.186 - - [25/Feb/2016:16:18:58 -0300] "GET /cormun/servlet/trsolicitudadjuntos?2016,155, HTTP/1.1" 200 7189
186.103.158.250 - - [25/Feb/2016:16:19:01 -0300] "POST /cormun/servlet/hlogin?d7c18f95fc3cecc784036c0f0ce8f391,gx-no-cache=1456427901604 HTTP/1.1" 200 441
186.103.159.186 - - [25/Feb/2016:16:19:01 -0300] "GET /cormun/servlet/trsolicitudadjuntos?2016,155, HTTP/1.1" 200 7185
186.103.159.230 - - [25/Feb/2016:16:19:03 -0300] "GET /cormun/servlet/solicitudot?INS,0,0, HTTP/1.1" 200 12075
186.103.159.230 - - [25/Feb/2016:16:19:03 -0300] "GET /cormun/static/gxcfg.js?201617004230 HTTP/1.1" 200 953
186.103.159.230 - - [25/Feb/2016:16:19:03 -0300] "GET /cormun/static/Resources/prompt.gif HTTP/1.1" 200 902
186.103.159.230 - - [25/Feb/2016:16:19:03 -0300] "GET /cormun/static/solicitudot.js?201617004281 HTTP/1.1" 200 44291
186.103.159.186 - - [25/Feb/2016:16:19:06 -0300] "GET /cormun/servlet/solicitudotadjuntos?INS,2016,155,,1, HTTP/1.1" 200 5375
186.103.159.186 - - [25/Feb/2016:16:19:06 -0300] "GET /cormun/static/about:blank HTTP/1.1" 404 1011
192.168.10.88 - - [25/Feb/2016:16:19:09 -0300] "GET /cormun/static/menuarrow.gif HTTP/1.1" 404 1015
186.103.159.186 - - [25/Feb/2016:16:19:09 -0300] "GET /cormun/servlet/solicitudotadjuntos?INS,2016,155,,1, HTTP/1.1" 200 5369
186.103.159.186 - - [25/Feb/2016:16:19:09 -0300] "GET /cormun/servlet/solicitudotadjuntos?4f9c45acea785dc0ffcb3dcca3baefe8c05e47b607e33086c398d85c311a597319bf14ac997ae95c91d9c8a10561de77,gx-no-cache=1456427976631 HTTP/1.1" 200 30
186.103.159.186 - - [25/Feb/2016:16:19:09 -0300] "POST /cormun/servlet/solicitudotadjuntos?c08f422a9f4f89386ed5d25e340f970d,INS,2016,155,,1,,gx-no-cache=1456427976695 HTTP/1.1" 200 3288
186.103.158.250 - - [25/Feb/2016:16:19:14 -0300] "POST /cormun/servlet/hlogin?d7c18f95fc3cecc784036c0f0ce8f391,gx-no-cache=1456427914908 HTTP/1.1" 200 441
186.103.159.230 - - [25/Feb/2016:16:19:26 -0300] "POST /cormun/servlet/solicitudot?gx-no-cache=1456427992419 HTTP/1.1" 200 2669
186.103.159.230 - - [25/Feb/2016:16:19:26 -0300] "POST /cormun/servlet/solicitudot?8cfabea3219dcf11758d2f7e0e0994c7,INS,0,0,,gx-no-cache=1456427992563 HTTP/1.1" 200 9422
186.103.159.230 - - [25/Feb/2016:16:19:29 -0300] "GET /cormun/servlet/solicitudot?d0a85846751f532ec4729cd71123375a4fffb146787dcf774a14c15148730f5b8f86ea0012b11c99e16a005355b1068e,gx-no-cache=1456427996211 HTTP/1.1" 200 30
186.103.158.250 - - [25/Feb/2016:16:19:30 -0300] "POST /cormun/servlet/hlogin?d7c18f95fc3cecc784036c0f0ce8f391,gx-no-cache=1456427930415 HTTP/1.1" 200 441
192.168.10.88 - - [25/Feb/2016:16:19:35 -0300] "GET /cormun/servlet/solicitudot?8486bb190f04cc758605fc43e555523fff0a3a68cc0f59a3efe3511b1898715d1074cb409f2319fb2a758be549968ed987fe5de97deb2c729622fb579438e04bee5ad937cfb0a3b311f335cc7304d2d50e8f5d259a63b88c9d27efc6f747574391f24a1b3341cebb796728b9411dd67f26c1662872391d82ed1e4345e41d13a4edf3194a8a93a07adabb2045351c05c28b596f435b2b03e2efd463fcdde85a0a8e9cce0d89b299feadbb0e6a04c26ecf,gx-no-cache=1456427734375 HTTP/1.1" 200 30
192.168.10.88 - - [25/Feb/2016:16:19:49 -0300] "POST /cormun/servlet/solicitudot?c33defadd6043625dbbbd4c427b27990,INS,0,0,,gx-no-cache=1456427748201 HTTP/1.1" 200 93
192.168.10.88 - - [25/Feb/2016:16:19:49 -0300] "GET /cormun/servlet/hpexe_return? HTTP/1.1" 200 1137
192.168.10.88 - - [25/Feb/2016:16:19:49 -0300] "GET /cormun/static/Resources/Spanish/PXTools.css?12112540 HTTP/1.1" 304 -
192.168.10.88 - - [25/Feb/2016:16:19:49 -0300] "GET /cormun/static/gxcfg.js?2015111312145050 HTTP/1.1" 304 -
192.168.10.88 - - [25/Feb/2016:16:19:49 -0300] "GET /cormun/static/hpexe_return.js?2015111312145056 HTTP/1.1" 304 -
192.168.10.88 - - [25/Feb/2016:16:19:50 -0300] "GET /cormun/servlet/trsolicitudot HTTP/1.1" 200 7426
192.168.10.88 - - [25/Feb/2016:16:19:51 -0300] "GET /cormun//static/Resources/PXToolsGridUpdate.png HTTP/1.1" 304 -
192.168.10.88 - - [25/Feb/2016:16:19:51 -0300] "GET /cormun//static/Resources/PXToolsGridDelete.png HTTP/1.1" 304 -
192.168.10.88 - - [25/Feb/2016:16:19:51 -0300] "GET /cormun//static/Resources/PXToolsRemoveAllAction.png HTTP/1.1" 304 -
192.168.10.88 - - [25/Feb/2016:16:19:51 -0300] "GET /cormun//static/Resources/PXToolsActionView.png HTTP/1.1" 304 -
192.168.10.88 - - [25/Feb/2016:16:19:51 -0300] "GET /cormun//static/Resources/PXTools/ActionInsert.png HTTP/1.1" 304 -
186.103.159.186 - - [25/Feb/2016:16:19:54 -0300] "POST /cormun/servlet/solicitudotadjuntos?gx-no-cache=1456428021562 HTTP/1.1" 200 26
186.103.158.250 - - [25/Feb/2016:16:20:04 -0300] "POST /cormun/servlet/hlogin?d7c18f95fc3cecc784036c0f0ce8f391,gx-no-cache=1456427964332 HTTP/1.1" 200 441
186.103.159.186 - - [25/Feb/2016:16:20:10 -0300] "GET /cormun/servlet/solicitudotadjuntos?4f9c45acea785dc0ffcb3dcca3baefe88ab062f0443f99576b4f73a0758d1b19,gx-no-cache=1456428037555 HTTP/1.1" 200 30
186.103.159.186 - - [25/Feb/2016:16:20:10 -0300] "GET /cormun/servlet/solicitudotadjuntos?4f9c45acea785dc0ffcb3dcca3baefe88ab062f0443f99576b4f73a0758d1b19,gx-no-cache=1456428037591 HTTP/1.1" 200 30
186.103.158.250 - - [25/Feb/2016:16:20:16 -0300] "POST /cormun/servlet/hlogin?d7c18f95fc3cecc784036c0f0ce8f391,gx-no-cache=1456427976924 HTTP/1.1" 200 90
186.103.158.250 - - [25/Feb/2016:16:20:16 -0300] "GET /cormun/servlet/hpexe_link HTTP/1.1" 200 948
186.103.158.250 - - [25/Feb/2016:16:20:16 -0300] "GET /cormun/static/gxcfg.js?20151120044395 HTTP/1.1" 200 953
186.103.158.250 - - [25/Feb/2016:16:20:16 -0300] "GET /cormun/static/hpexe_link.js?20151120044398 HTTP/1.1" 200 625
186.103.158.250 - - [25/Feb/2016:16:20:17 -0300] "GET /cormun/servlet/hhome HTTP/1.1" 200 3387
186.103.158.250 - - [25/Feb/2016:16:20:17 -0300] "GET /cormun/static/SmoothNavMenu/resources/ddsmoothmenu.css?1112540 HTTP/1.1" 200 2223
186.103.158.250 - - [25/Feb/2016:16:20:17 -0300] "GET /cormun/static/SmoothNavMenu/resources/ddsmoothmenu-v.css?1112540 HTTP/1.1" 200 1188
186.103.158.250 - - [25/Feb/2016:16:20:17 -0300] "GET /cormun/static/Shared/jqueryui/jquery-ui.min.css?1345370 HTTP/1.1" 200 30288
186.103.158.250 - - [25/Feb/2016:16:20:17 -0300] "GET /cormun/static/gxcfg.js?2015112210564248 HTTP/1.1" 200 953
186.103.158.250 - - [25/Feb/2016:16:20:17 -0300] "GET /cormun/static/scaMessage/css/jquery.pnotify.default.css?1816380 HTTP/1.1" 200 1707
186.103.158.250 - - [25/Feb/2016:16:20:17 -0300] "GET /cormun/static/Resources/Spanish/PXTools.css?10515224 HTTP/1.1" 200 89042
186.103.158.250 - - [25/Feb/2016:16:20:17 -0300] "GET /cormun/static/PXToolsJavascripts/pexe_cookies.js HTTP/1.1" 200 792
186.103.158.250 - - [25/Feb/2016:16:20:17 -0300] "GET /cormun/static/PXToolsJavascripts/pexe_autoreload.js HTTP/1.1" 200 1762
186.103.158.250 - - [25/Feb/2016:16:20:17 -0300] "GET /cormun/static/PXToolsJavascripts/pexe_griddivfix.js HTTP/1.1" 200 6644
186.103.158.250 - - [25/Feb/2016:16:20:17 -0300] "GET /cormun/static/PXToolsJavascripts/pexe_windows.js HTTP/1.1" 200 15207
186.103.158.250 - - [25/Feb/2016:16:20:17 -0300] "GET /cormun/static/PXToolsJavascripts/pexe_grid.js HTTP/1.1" 200 7559
186.103.158.250 - - [25/Feb/2016:16:20:17 -0300] "GET /cormun/static/PXToolsJavascripts/pexe_link.js HTTP/1.1" 200 5671
186.103.158.250 - - [25/Feb/2016:16:20:17 -0300] "GET /cormun/static/PXToolsJavascripts/pexe_menudivfix.js HTTP/1.1" 200 333
186.103.158.250 - - [25/Feb/2016:16:20:17 -0300] "GET /cormun/static/PXToolsJavascripts/pexe_menus.js HTTP/1.1" 200 1286
186.103.158.250 - - [25/Feb/2016:16:20:17 -0300] "GET /cormun/static/PXToolsJavascripts/pexe_layers.js HTTP/1.1" 200 4114
186.103.158.250 - - [25/Feb/2016:16:20:17 -0300] "GET /cormun/static/PXToolsJavascripts/pexe_oav.js HTTP/1.1" 200 645
186.103.158.250 - - [25/Feb/2016:16:20:17 -0300] "GET /cormun/static/PXToolsJavascripts/pexe_oavdivfix.js HTTP/1.1" 200 639
186.103.158.250 - - [25/Feb/2016:16:20:17 -0300] "GET /cormun/static/PXToolsJavascripts/pexe_picture.js HTTP/1.1" 200 689
186.103.158.250 - - [25/Feb/2016:16:20:17 -0300] "GET /cormun/static/PXToolsJavascripts/pexe_popup.js HTTP/1.1" 200 13458
186.103.158.250 - - [25/Feb/2016:16:20:17 -0300] "GET /cormun/static/PXToolsJavascripts/pexe_scrolldiv.js HTTP/1.1" 200 4138
186.103.158.250 - - [25/Feb/2016:16:20:17 -0300] "GET /cormun/static/PXToolsJavascripts/pexe_tabdivfix.js HTTP/1.1" 200 876
186.103.158.250 - - [25/Feb/2016:16:20:17 -0300] "GET /cormun/static/PXToolsJavascripts/pexe_tabs.js HTTP/1.1" 200 3748
186.103.158.250 - - [25/Feb/2016:16:20:17 -0300] "GET /cormun/static/PXToolsJavascripts/pexe_upload.js HTTP/1.1" 200 1423
186.103.158.250 - - [25/Feb/2016:16:20:17 -0300] "GET /cormun/static/PXToolsJavascripts/PXToolsJavascriptsRender.js HTTP/1.1" 200 367
186.103.158.250 - - [25/Feb/2016:16:20:17 -0300] "GET /cormun/static/Resources/logo4.png HTTP/1.1" 200 6582
186.103.158.250 - - [25/Feb/2016:16:20:17 -0300] "GET /cormun/static/Resources/PXToolsHeaderLogin.png HTTP/1.1" 200 4279
186.103.158.250 - - [25/Feb/2016:16:20:17 -0300] "GET /cormun/static/Resources/PXToolsHeaderHome.png HTTP/1.1" 200 4147
186.103.158.250 - - [25/Feb/2016:16:20:17 -0300] "GET /cormun/static/Resources/PXToolsHeaderPreferences.png HTTP/1.1" 200 4189
186.103.158.250 - - [25/Feb/2016:16:20:17 -0300] "GET /cormun/static/Resources/PXToolsHeaderActionsRight.png HTTP/1.1" 200 1201
186.103.158.250 - - [25/Feb/2016:16:20:17 -0300] "GET /cormun/static/Resources/PXToolsHeaderSecurity.png HTTP/1.1" 200 4166
186.103.158.250 - - [25/Feb/2016:16:20:17 -0300] "GET /cormun/static/RunJS/RunJS.js HTTP/1.1" 200 288
186.103.158.250 - - [25/Feb/2016:16:20:17 -0300] "GET /cormun/static/Resources/PXToolsHeaderActionsLeft.png HTTP/1.1" 200 1118
186.103.158.250 - - [25/Feb/2016:16:20:17 -0300] "GET /cormun/static/hhome.js?2015112210564255 HTTP/1.1" 200 777
186.103.158.250 - - [25/Feb/2016:16:20:17 -0300] "GET /cormun/static/Shared/ext/locale/ext-lang-en.js HTTP/1.1" 200 10940
186.103.158.250 - - [25/Feb/2016:16:20:17 -0300] "GET /cormun/static/hwchdr01.js?20162241650484 HTTP/1.1" 200 1002
186.103.158.250 - - [25/Feb/2016:16:20:17 -0300] "GET /cormun/static/hpexe_recentlink.js?2015111312121342 HTTP/1.1" 200 2144
186.103.158.250 - - [25/Feb/2016:16:20:17 -0300] "GET /cormun/static/hpexe_messagecontroller.js?2015112210524422 HTTP/1.1" 200 870
186.103.158.250 - - [25/Feb/2016:16:20:17 -0300] "GET /cormun/static/hpexe_scripts.js?20151120014546 HTTP/1.1" 200 1544
186.103.158.250 - - [25/Feb/2016:16:20:17 -0300] "GET /cormun/static/hpexe_messagepopupcomponent.js?201622412404545 HTTP/1.1" 200 605
186.103.158.250 - - [25/Feb/2016:16:20:17 -0300] "GET /cormun/static/cmcontrolpreferences.js?20151120014525 HTTP/1.1" 200 1375
186.103.158.250 - - [25/Feb/2016:16:20:17 -0300] "GET /cormun/static/gxui/gxui-all.js HTTP/1.1" 200 107772
186.103.158.250 - - [25/Feb/2016:16:20:17 -0300] "GET /cormun/static/hpexe_messagegenexuscomponent.js?20151120014314 HTTP/1.1" 200 587
186.103.158.250 - - [25/Feb/2016:16:20:18 -0300] "GET /cormun/static/SmoothNavMenu/resources/ddsmoothmenu.js HTTP/1.1" 200 12712
186.103.158.250 - - [25/Feb/2016:16:20:18 -0300] "GET /cormun/static/Shared/jquery/jquery-1.4.2.min.js HTTP/1.1" 200 72174
186.103.158.250 - - [25/Feb/2016:16:20:18 -0300] "GET /cormun/static/SmoothNavMenu/resources/SmoothNavMenuRender.js HTTP/1.1" 200 5951
186.103.158.250 - - [25/Feb/2016:16:20:18 -0300] "GET /cormun/static/scaMessage/js/jquery.pnotify.min.js HTTP/1.1" 200 13038
186.103.158.250 - - [25/Feb/2016:16:20:18 -0300] "GET /cormun/static/scaMessage/scaMessageRender.js HTTP/1.1" 200 11977
186.103.158.250 - - [25/Feb/2016:16:20:18 -0300] "GET /cormun/static/hmpwkw03.js?201622421393366 HTTP/1.1" 200 3845
186.103.158.250 - - [25/Feb/2016:16:20:18 -0300] "GET /cormun/static/Resources/PXToolsDataTitle.png HTTP/1.1" 200 1173
186.103.158.250 - - [25/Feb/2016:16:20:18 -0300] "GET /cormun/static/Resources/PXToolsHeaderActionsBackground.png HTTP/1.1" 200 484
186.103.158.250 - - [25/Feb/2016:16:20:18 -0300] "GET /cormun/static/Resources/PXToolsHeaderBackground2.png HTTP/1.1" 200 1174
186.103.158.250 - - [25/Feb/2016:16:20:18 -0300] "GET /cormun/static/Resources/PXToolsFooterBackground2.png HTTP/1.1" 200 1172
186.103.158.250 - - [25/Feb/2016:16:20:19 -0300] "GET /cormun/static/Shared/jqueryui/jquery-ui.min.js HTTP/1.1" 200 240427
186.103.158.250 - - [25/Feb/2016:16:20:20 -0300] "GET /cormun/static/Shared/jquery/jquery-1.10.2.min.js HTTP/1.1" 200 273199
192.168.10.88 - - [25/Feb/2016:16:20:20 -0300] "POST /cormun/servlet/trsolicitudot?c33defadd6043625dbbbd4c427b27990,gx-no-cache=1456427778803 HTTP/1.1" 200 4882
186.103.158.250 - - [25/Feb/2016:16:20:20 -0300] "GET /cormun/static/Shared/ext/ext-all.js HTTP/1.1" 200 1289687
192.168.10.88 - - [25/Feb/2016:16:20:21 -0300] "POST /cormun/servlet/trsolicitudot?c33defadd6043625dbbbd4c427b27990,gx-no-cache=1456427779109 HTTP/1.1" 200 4882
192.168.10.88 - - [25/Feb/2016:16:20:21 -0300] "POST /cormun/servlet/trsolicitudot?c33defadd6043625dbbbd4c427b27990,gx-no-cache=1456427779460 HTTP/1.1" 200 4882
192.168.10.88 - - [25/Feb/2016:16:20:21 -0300] "POST /cormun/servlet/trsolicitudot?c33defadd6043625dbbbd4c427b27990,gx-no-cache=1456427779781 HTTP/1.1" 200 4882
192.168.10.88 - - [25/Feb/2016:16:20:22 -0300] "POST /cormun/servlet/trsolicitudot?c33defadd6043625dbbbd4c427b27990,gx-no-cache=1456427780132 HTTP/1.1" 200 4882
192.168.10.88 - - [25/Feb/2016:16:20:22 -0300] "POST /cormun/servlet/trsolicitudot?c33defadd6043625dbbbd4c427b27990,gx-no-cache=1456427780484 HTTP/1.1" 200 4881
186.103.158.250 - - [25/Feb/2016:16:20:22 -0300] "GET /cormun/static/SmoothNavMenu/resources/images/down.gif HTTP/1.1" 200 854
192.168.10.88 - - [25/Feb/2016:16:20:22 -0300] "POST /cormun/servlet/trsolicitudot?c33defadd6043625dbbbd4c427b27990,gx-no-cache=1456427780850 HTTP/1.1" 200 4881
186.103.159.186 - - [25/Feb/2016:16:20:23 -0300] "POST /cormun/servlet/solicitudotadjuntos?c08f422a9f4f89386ed5d25e340f970d,INS,2016,155,,1, HTTP/1.1" 200 116
186.103.159.186 - - [25/Feb/2016:16:20:23 -0300] "GET /cormun/servlet/hpexe_return? HTTP/1.1" 200 1017
192.168.10.88 - - [25/Feb/2016:16:20:23 -0300] "POST /cormun/servlet/trsolicitudot?c33defadd6043625dbbbd4c427b27990,gx-no-cache=1456427781263 HTTP/1.1" 200 106
192.168.10.88 - - [25/Feb/2016:16:20:23 -0300] "GET /cormun/servlet/trsolicitudadjuntos?2016,156, HTTP/1.1" 200 5356
186.103.159.186 - - [25/Feb/2016:16:20:23 -0300] "GET /cormun/servlet/trsolicitudadjuntos?2016,155, HTTP/1.1" 200 7330
192.168.10.88 - - [25/Feb/2016:16:20:24 -0300] "GET /cormun/static/gxcfg.js?201511221058652 HTTP/1.1" 304 -
192.168.10.88 - - [25/Feb/2016:16:20:25 -0300] "GET /cormun/static/trsolicitudadjuntos.js?201511221058899 HTTP/1.1" 304 -
186.103.159.186 - - [25/Feb/2016:16:20:26 -0300] "GET /cormun/servlet/trsolicitudadjuntos?2016,155, HTTP/1.1" 200 7329
192.168.10.88 - - [25/Feb/2016:16:20:26 -0300] "POST /cormun/servlet/acontrolpreferencessavestate?None,VGUAJARDO,true HTTP/1.1" 200 35
186.103.158.250 - - [25/Feb/2016:16:20:30 -0300] "GET /cormun/servlet/trsolicitudot? HTTP/1.1" 200 7355
186.103.158.250 - - [25/Feb/2016:16:20:30 -0300] "GET /cormun/static/gxui/gxui-all.css?120300 HTTP/1.1" 200 2179
186.103.158.250 - - [25/Feb/2016:16:20:30 -0300] "GET /cormun/static/calendar-system.css?85620 HTTP/1.1" 200 5572
186.103.158.250 - - [25/Feb/2016:16:20:30 -0300] "GET /cormun/static/calendar-setup.js?85251 HTTP/1.1" 200 2588
186.103.158.250 - - [25/Feb/2016:16:20:30 -0300] "GET /cormun/static/gxcfg.js?20161623482752 HTTP/1.1" 200 953
186.103.158.250 - - [25/Feb/2016:16:20:30 -0300] "GET /cormun/static/calendar-es.js?85251 HTTP/1.1" 200 1901
186.103.158.250 - - [25/Feb/2016:16:20:30 -0300] "GET /cormun/static/Resources/Spanish/PXTools.css?17554516 HTTP/1.1" 200 89042
186.103.158.250 - - [25/Feb/2016:16:20:30 -0300] "GET /cormun/static/Resources/PXTools/calendar.png HTTP/1.1" 200 1306
186.103.158.250 - - [25/Feb/2016:16:20:30 -0300] "GET /cormun/static/Resources/PXToolsDataSearch.png HTTP/1.1" 200 419
186.103.158.250 - - [25/Feb/2016:16:20:30 -0300] "GET /cormun/static/Resources/PXToolsGridFirst.gif HTTP/1.1" 200 379
186.103.158.250 - - [25/Feb/2016:16:20:30 -0300] "GET /cormun/static/Resources/PXToolsGridPrevious.gif HTTP/1.1" 200 369
186.103.158.250 - - [25/Feb/2016:16:20:30 -0300] "GET /cormun/static/Resources/PXToolsGridNext.gif HTTP/1.1" 200 369
186.103.158.250 - - [25/Feb/2016:16:20:30 -0300] "GET /cormun/static/Resources/PXToolsGridLast.gif HTTP/1.1" 200 370
186.103.158.250 - - [25/Feb/2016:16:20:30 -0300] "GET /cormun/static/Resources/PXToolsActionExcel.png HTTP/1.1" 200 3187
186.103.158.250 - - [25/Feb/2016:16:20:30 -0300] "GET /cormun/static/Resources/PXToolsGridNew.png HTTP/1.1" 200 2949
186.103.158.250 - - [25/Feb/2016:16:20:30 -0300] "GET /cormun/static/calendar.js?85251 HTTP/1.1" 200 26246
186.103.158.250 - - [25/Feb/2016:16:20:30 -0300] "GET /cormun/static/gxdec.js?85251 HTTP/1.1" 200 19579
186.103.158.250 - - [25/Feb/2016:16:20:30 -0300] "GET /cormun/static/trsolicitudot.js?20161623483284 HTTP/1.1" 200 45324
186.103.158.250 - - [25/Feb/2016:16:20:30 -0300] "GET /cormun/static/Shared/ext/resources/css/ext-all.css?215870 HTTP/1.1" 200 416045
186.103.158.250 - - [25/Feb/2016:16:20:32 -0300] "GET /cormun/static/Resources/asc.gif HTTP/1.1" 200 67
186.103.158.250 - - [25/Feb/2016:16:20:32 -0300] "GET /cormun/static/Resources/desc.gif HTTP/1.1" 200 65
186.103.158.250 - - [25/Feb/2016:16:20:32 -0300] "GET /cormun//static/Resources/PXToolsGridUpdate.png HTTP/1.1" 200 2984
186.103.158.250 - - [25/Feb/2016:16:20:32 -0300] "GET /cormun//static/Resources/PXToolsGridDelete.png HTTP/1.1" 200 357
186.103.158.250 - - [25/Feb/2016:16:20:32 -0300] "GET /cormun//static/Resources/PXToolsRemoveAllAction.png HTTP/1.1" 200 3558
186.103.158.250 - - [25/Feb/2016:16:20:32 -0300] "GET /cormun//static/Resources/PXTools/ActionInsert.png HTTP/1.1" 200 1482
186.103.158.250 - - [25/Feb/2016:16:20:32 -0300] "GET /cormun//static/Resources/PXToolsActionView.png HTTP/1.1" 200 2995
186.103.158.250 - - [25/Feb/2016:16:20:32 -0300] "GET /cormun/static/Shared/ext/resources/themes/images/default/tools/tool-sprites.gif HTTP/1.1" 200 5434
186.103.158.250 - - [25/Feb/2016:16:20:32 -0300] "GET /cormun/static/Shared/ext/resources/themes/images/default/panel/bg-headersPanel.png HTTP/1.1" 200 255
192.168.10.88 - - [25/Feb/2016:16:20:37 -0300] "GET /cormun/servlet/trsolicitudot HTTP/1.1" 200 7437
192.168.10.88 - - [25/Feb/2016:16:21:00 -0300] "POST /cormun/servlet/trsolicitudot?c33defadd6043625dbbbd4c427b27990,gx-no-cache=1456427817502 HTTP/1.1" 200 4888
192.168.10.88 - - [25/Feb/2016:16:21:00 -0300] "POST /cormun/servlet/trsolicitudot?c33defadd6043625dbbbd4c427b27990,gx-no-cache=1456427817838 HTTP/1.1" 200 4889
192.168.10.88 - - [25/Feb/2016:16:21:01 -0300] "POST /cormun/servlet/trsolicitudot?c33defadd6043625dbbbd4c427b27990,gx-no-cache=1456427818190 HTTP/1.1" 200 4888
192.168.10.88 - - [25/Feb/2016:16:21:01 -0300] "POST /cormun/servlet/trsolicitudot?c33defadd6043625dbbbd4c427b27990,gx-no-cache=1456427818541 HTTP/1.1" 200 4888
192.168.10.88 - - [25/Feb/2016:16:21:01 -0300] "POST /cormun/servlet/trsolicitudot?c33defadd6043625dbbbd4c427b27990,gx-no-cache=1456427818923 HTTP/1.1" 200 4888
192.168.10.88 - - [25/Feb/2016:16:21:02 -0300] "POST /cormun/servlet/trsolicitudot?c33defadd6043625dbbbd4c427b27990,gx-no-cache=1456427819290 HTTP/1.1" 200 4888
192.168.10.88 - - [25/Feb/2016:16:21:02 -0300] "POST /cormun/servlet/trsolicitudot?c33defadd6043625dbbbd4c427b27990,gx-no-cache=1456427819657 HTTP/1.1" 200 4888
192.168.10.88 - - [25/Feb/2016:16:21:02 -0300] "POST /cormun/servlet/trsolicitudot?c33defadd6043625dbbbd4c427b27990,gx-no-cache=1456427820054 HTTP/1.1" 200 104
192.168.10.88 - - [25/Feb/2016:16:21:03 -0300] "GET /cormun/servlet/solicitudot?UPD,2016,156, HTTP/1.1" 200 13313
186.103.159.186 - - [25/Feb/2016:16:21:05 -0300] "GET /cormun/servlet/solicitudotadjuntos?INS,2016,155,,1, HTTP/1.1" 200 5376
192.168.10.88 - - [25/Feb/2016:16:21:06 -0300] "POST /cormun/servlet/solicitudot?gx-no-cache=1456427823201 HTTP/1.1" 200 2784
186.103.159.186 - - [25/Feb/2016:16:21:06 -0300] "GET /cormun/static/about:blank HTTP/1.1" 404 1011
192.168.10.88 - - [25/Feb/2016:16:21:06 -0300] "POST /cormun/servlet/solicitudot?c33defadd6043625dbbbd4c427b27990,UPD,2016,156,,gx-no-cache=1456427823476 HTTP/1.1" 200 10220
192.168.10.88 - - [25/Feb/2016:16:21:06 -0300] "GET /cormun/servlet/solicitudot?8486bb190f04cc758605fc43e555523f6315c263a3430a87fd788f48b1a532c104968a48f7a647148cd1f91b9887366e,gx-no-cache=1456427823934 HTTP/1.1" 200 30
192.168.10.88 - - [25/Feb/2016:16:21:07 -0300] "POST /cormun/servlet/solicitudot?gx-no-cache=1456427824011 HTTP/1.1" 200 30
192.168.10.88 - - [25/Feb/2016:16:21:07 -0300] "POST /cormun/servlet/solicitudot?gx-no-cache=1456427824072 HTTP/1.1" 200 30
192.168.10.88 - - [25/Feb/2016:16:21:07 -0300] "POST /cormun/servlet/solicitudot?gx-no-cache=1456427824242 HTTP/1.1" 200 1159
192.168.10.88 - - [25/Feb/2016:16:21:07 -0300] "GET /cormun/servlet/solicitudot?8486bb190f04cc758605fc43e555523fa3c3dfa955503cfcfff51329a25c431a3e6adc55805ec22ce8568f163d23bc5d2a4fbfa4ad7749e94581df6c6edab501e7e17329ceb307afe035f0bf1652a402d482508186821eab23e507198b4f78facd96c6b4a75ecd3171b8f50d9247941349c7dc3ef67e623d554917156eb3410595dc090ccf6e2cb3407daad40ee5536d9e22187f1e9a9aae9d52ab162bc999ed,gx-no-cache=1456427824396 HTTP/1.1" 200 41
186.103.159.186 - - [25/Feb/2016:16:21:08 -0300] "GET /cormun/servlet/solicitudotadjuntos?INS,2016,155,,1, HTTP/1.1" 200 5370
186.103.159.186 - - [25/Feb/2016:16:21:08 -0300] "GET /cormun/servlet/solicitudotadjuntos?4f9c45acea785dc0ffcb3dcca3baefe8c05e47b607e33086c398d85c311a597319bf14ac997ae95c91d9c8a10561de77,gx-no-cache=1456428095433 HTTP/1.1" 200 30
186.103.159.186 - - [25/Feb/2016:16:21:08 -0300] "POST /cormun/servlet/solicitudotadjuntos?c08f422a9f4f89386ed5d25e340f970d,INS,2016,155,,1,,gx-no-cache=1456428095487 HTTP/1.1" 200 3289
192.168.10.88 - - [25/Feb/2016:16:21:13 -0300] "GET /cormun/servlet/solicitudot?8486bb190f04cc758605fc43e555523f2bbd1696f326746afdc7f9d4066818c945f79d00f0ebb108a8066ca3bb2c3dc8d9f928cd6033ea98f07a568aa0a75c8b56faae1fbf48b42973c5f5c5539c8f2269cb85f796b514d30187b9e625f84e8b0d9973d8f276a7a7b628dd48fa17b6c239fb2032dbab3914d1ab39f1ee37e0f71ce2665b94671c8e9e65dc354fcde5dc15706731b5a275271cbea4131109628f,gx-no-cache=1456427830788 HTTP/1.1" 200 29
192.168.10.88 - - [25/Feb/2016:16:21:13 -0300] "POST /cormun/servlet/solicitudot?gx-no-cache=1456427830896 HTTP/1.1" 200 1116
192.168.10.88 - - [25/Feb/2016:16:21:14 -0300] "GET /cormun/servlet/solicitudot?8486bb190f04cc758605fc43e555523fff0a3a68cc0f59a3efe3511b1898715d1074cb409f2319fb2a758be549968ed987fe5de97deb2c729622fb579438e04bee5ad937cfb0a3b311f335cc7304d2d50e8f5d259a63b88c9d27efc6f747574391f24a1b3341cebb796728b9411dd67f26c1662872391d82ed1e4345e41d13a4edf3194a8a93a07adabb2045351c05c28b596f435b2b03e2efd463fcdde85a0a8e9cce0d89b299feadbb0e6a04c26ecf,gx-no-cache=1456427830989 HTTP/1.1" 200 30
192.168.10.88 - - [25/Feb/2016:16:21:14 -0300] "POST /cormun/servlet/solicitudot?c33defadd6043625dbbbd4c427b27990,UPD,2016,156,,gx-no-cache=1456427831051 HTTP/1.1" 200 93
192.168.10.88 - - [25/Feb/2016:16:21:14 -0300] "GET /cormun/servlet/hpexe_return? HTTP/1.1" 200 1023
192.168.10.88 - - [25/Feb/2016:16:21:14 -0300] "GET /cormun/servlet/trsolicitudot?gx-no-cache=1456427819657 HTTP/1.1" 200 7435
192.168.10.88 - - [25/Feb/2016:16:21:37 -0300] "GET /cormun/servlet/solicitudot?INS,0,0, HTTP/1.1" 200 12092
186.103.248.189 - - [25/Feb/2016:16:21:40 -0300] "POST /cormun/servlet/hlogin?9dfc14a2b70d08fed776ddf6d491f6e7,gx-no-cache=1456428176555 HTTP/1.1" 200 90
186.103.248.189 - - [25/Feb/2016:16:21:40 -0300] "GET /cormun/servlet/hpexe_link HTTP/1.1" 200 950
186.103.248.189 - - [25/Feb/2016:16:21:40 -0300] "GET /cormun/servlet/hhome HTTP/1.1" 200 3408
186.103.248.189 - - [25/Feb/2016:16:21:42 -0300] "GET /cormun/servlet/hhome HTTP/1.1" 200 3405
192.168.10.88 - - [25/Feb/2016:16:21:46 -0300] "GET /cormun/servlet/prfichaempleado?,MD,,gxPopupLevel%3D0%3B HTTP/1.1" 200 7845
192.168.10.88 - - [25/Feb/2016:16:21:46 -0300] "GET /cormun/static/scaMessage/css/jquery-ui.css?104140 HTTP/1.1" 404 1045
186.103.159.186 - - [25/Feb/2016:16:21:47 -0300] "POST /cormun/servlet/solicitudotadjuntos?gx-no-cache=1456428134352 HTTP/1.1" 200 26
186.103.159.230 - - [25/Feb/2016:16:21:54 -0300] "POST /cormun/servlet/solicitudot?gx-no-cache=1456428140741 HTTP/1.1" 200 30
186.103.159.186 - - [25/Feb/2016:16:21:55 -0300] "GET /cormun/servlet/solicitudotadjuntos?4f9c45acea785dc0ffcb3dcca3baefe88ab062f0443f99576b4f73a0758d1b19,gx-no-cache=1456428142367 HTTP/1.1" 200 30
186.103.159.186 - - [25/Feb/2016:16:21:55 -0300] "GET /cormun/servlet/solicitudotadjuntos?4f9c45acea785dc0ffcb3dcca3baefe88ab062f0443f99576b4f73a0758d1b19,gx-no-cache=1456428142405 HTTP/1.1" 200 30
186.103.248.189 - - [25/Feb/2016:16:21:56 -0300] "GET /cormun/servlet/trvisualizadoreventos? HTTP/1.1" 200 5927
186.103.159.186 - - [25/Feb/2016:16:21:57 -0300] "POST /cormun/servlet/solicitudotadjuntos?c08f422a9f4f89386ed5d25e340f970d,INS,2016,155,,1, HTTP/1.1" 200 116
186.103.159.186 - - [25/Feb/2016:16:21:57 -0300] "GET /cormun/servlet/hpexe_return? HTTP/1.1" 200 1017
186.103.248.189 - - [25/Feb/2016:16:21:58 -0300] "GET /cormun/servlet/trvisualizadoreventos? HTTP/1.1" 200 5926
186.103.159.186 - - [25/Feb/2016:16:21:58 -0300] "GET /cormun/servlet/trsolicitudadjuntos?2016,155, HTTP/1.1" 200 7492
186.103.159.186 - - [25/Feb/2016:16:22:01 -0300] "GET /cormun/servlet/trsolicitudadjuntos?2016,155, HTTP/1.1" 200 7486
192.168.10.88 - - [25/Feb/2016:16:22:08 -0300] "GET /cormun/servlet/prfichaempleado?90284649d7311407feb6c854737538fcaee16eb3beafad0ee2e80fd1e06762134b7723321f07e5056cd9651bba4a13d5dfdcfa563d60ebfbed4d34edf37739b4,gx-no-cache=1456427885012 HTTP/1.1" 200 463
192.168.10.88 - - [25/Feb/2016:16:22:09 -0300] "GET /cormun/servlet/prfichaempleado?90284649d7311407feb6c854737538fcdcf98b9ad9815a1f60b254d47a045819ce95e777200498e1896509c86d4cb3d92133eeef4859240bda80c7d027e50952,gx-no-cache=1456427885678 HTTP/1.1" 200 461
192.168.10.88 - - [25/Feb/2016:16:22:12 -0300] "GET /cormun/servlet/prfichaempleado?90284649d7311407feb6c854737538fcb9186fd8cd87c59c3d249587f669c511f178b1b775091ecdbeb025b0c420fdd1044a3cd5ec459cb8ff78f40a6f9156d973fc38cf7e47383956f6bb317f7335a3,gx-no-cache=1456427889129 HTTP/1.1" 200 463
192.168.10.88 - - [25/Feb/2016:16:22:13 -0300] "GET /cormun/servlet/prfichaempleado?90284649d7311407feb6c854737538fcb9186fd8cd87c59c3d249587f669c51120aaa7f5eac826a4cb4d704a357df242f51b2e5946348fa87614780e79f12a09907c7721535b4263e5170b84fbdcf726,gx-no-cache=1456427890181 HTTP/1.1" 200 464
186.103.159.186 - - [25/Feb/2016:16:22:16 -0300] "GET /cormun/servlet/solicitudotadjuntos?INS,2016,155,,1, HTTP/1.1" 200 5375
186.103.159.186 - - [25/Feb/2016:16:22:17 -0300] "GET /cormun/static/about:blank HTTP/1.1" 404 1011
186.103.159.186 - - [25/Feb/2016:16:22:19 -0300] "GET /cormun/servlet/solicitudotadjuntos?INS,2016,155,,1, HTTP/1.1" 200 5369
186.103.159.186 - - [25/Feb/2016:16:22:20 -0300] "GET /cormun/servlet/solicitudotadjuntos?4f9c45acea785dc0ffcb3dcca3baefe8c05e47b607e33086c398d85c311a597319bf14ac997ae95c91d9c8a10561de77,gx-no-cache=1456428167037 HTTP/1.1" 200 30
186.103.159.186 - - [25/Feb/2016:16:22:20 -0300] "POST /cormun/servlet/solicitudotadjuntos?c08f422a9f4f89386ed5d25e340f970d,INS,2016,155,,1,,gx-no-cache=1456428167103 HTTP/1.1" 200 3288
186.103.159.186 - - [25/Feb/2016:16:22:28 -0300] "POST /cormun/servlet/solicitudotadjuntos?gx-no-cache=1456428175449 HTTP/1.1" 200 26
192.168.10.88 - - [25/Feb/2016:16:22:28 -0300] "POST /cormun/servlet/prfichaempleado?c33defadd6043625dbbbd4c427b27990,,MD,,gxPopupLevel%3D0%3B,gx-no-cache=1456427905053 HTTP/1.1" 200 2694
186.103.159.230 - - [25/Feb/2016:16:22:34 -0300] "POST /cormun/servlet/solicitudot?gx-no-cache=1456428180442 HTTP/1.1" 200 30
186.103.159.186 - - [25/Feb/2016:16:22:35 -0300] "GET /cormun/servlet/solicitudotadjuntos?4f9c45acea785dc0ffcb3dcca3baefe88ab062f0443f99576b4f73a0758d1b19,gx-no-cache=1456428182325 HTTP/1.1" 200 30
186.103.159.186 - - [25/Feb/2016:16:22:35 -0300] "GET /cormun/servlet/solicitudotadjuntos?4f9c45acea785dc0ffcb3dcca3baefe88ab062f0443f99576b4f73a0758d1b19,gx-no-cache=1456428182363 HTTP/1.1" 200 30
186.103.159.186 - - [25/Feb/2016:16:22:38 -0300] "POST /cormun/servlet/solicitudotadjuntos?c08f422a9f4f89386ed5d25e340f970d,INS,2016,155,,1, HTTP/1.1" 200 116
186.103.159.186 - - [25/Feb/2016:16:22:38 -0300] "GET /cormun/servlet/hpexe_return? HTTP/1.1" 200 1017
186.103.159.186 - - [25/Feb/2016:16:22:39 -0300] "GET /cormun/servlet/trsolicitudadjuntos?2016,155, HTTP/1.1" 200 7609
186.103.159.186 - - [25/Feb/2016:16:22:43 -0300] "GET /cormun/servlet/trsolicitudadjuntos?2016,155, HTTP/1.1" 200 7607
192.168.10.88 - - [25/Feb/2016:16:22:51 -0300] "POST /cormun/servlet/prfichaempleado?c33defadd6043625dbbbd4c427b27990,,MD,,gxPopupLevel%3D0%3B,gx-no-cache=1456427927909 HTTP/1.1" 200 2806
192.168.10.88 - - [25/Feb/2016:16:22:57 -0300] "GET /cormun/servlet/solicitudot?7379fff2160ff11629ac34533979137d25dbbc58b59e86a6bc5db23f1d456893,gx-no-cache=1456427933001 HTTP/1.1" 200 20
186.103.159.186 - - [25/Feb/2016:16:22:57 -0300] "GET /cormun/servlet/solicitudotadjuntos?INS,2016,155,,1, HTTP/1.1" 200 5375
186.103.159.186 - - [25/Feb/2016:16:22:58 -0300] "GET /cormun/static/about:blank HTTP/1.1" 404 1011
186.103.159.230 - - [25/Feb/2016:16:22:58 -0300] "POST /cormun/servlet/solicitudot?gx-no-cache=1456428204974 HTTP/1.1" 200 640
186.103.159.230 - - [25/Feb/2016:16:22:58 -0300] "GET /cormun/static/Shared/jqueryui/images/ui-icons_82798d_256x240.png HTTP/1.1" 404 1089
186.103.159.230 - - [25/Feb/2016:16:22:58 -0300] "GET /cormun/static/Shared/jqueryui/images/ui-bg_highlight-soft_100_c6c2c8_1x100.png HTTP/1.1" 404 1117
186.103.159.230 - - [25/Feb/2016:16:22:58 -0300] "GET /cormun/static/Shared/jqueryui/images/ui-bg_flat_55_994d53_40x100.png HTTP/1.1" 404 1097
186.103.159.230 - - [25/Feb/2016:16:22:58 -0300] "GET /cormun/static/Shared/jqueryui/images/ui-icons_ebccce_256x240.png HTTP/1.1" 404 1089
186.103.159.186 - - [25/Feb/2016:16:23:00 -0300] "GET /cormun/servlet/solicitudotadjuntos?INS,2016,155,,1, HTTP/1.1" 200 5369
186.103.159.186 - - [25/Feb/2016:16:23:00 -0300] "GET /cormun/servlet/solicitudotadjuntos?4f9c45acea785dc0ffcb3dcca3baefe8c05e47b607e33086c398d85c311a597319bf14ac997ae95c91d9c8a10561de77,gx-no-cache=1456428208050 HTTP/1.1" 200 30
186.103.159.186 - - [25/Feb/2016:16:23:01 -0300] "POST /cormun/servlet/solicitudotadjuntos?c08f422a9f4f89386ed5d25e340f970d,INS,2016,155,,1,,gx-no-cache=1456428208113 HTTP/1.1" 200 3288
186.103.159.186 - - [25/Feb/2016:16:23:07 -0300] "POST /cormun/servlet/solicitudotadjuntos?gx-no-cache=1456428214737 HTTP/1.1" 200 26
186.103.159.230 - - [25/Feb/2016:16:23:08 -0300] "GET /cormun/servlet/solicitudot?d0a85846751f532ec4729cd71123375aff433b127cd1a81fac029b9e1b9d6f9e2939145dce716cff2189c6e88cad008dd825f8483383d13af037253e39464866e5521b9b756486fd19e31651686f19c90659f9905283d1f74a210a7d6ff63b7d87d1a8a73ef9f8b58f05aece82b9b0b90c60d4816595977442e055628973c08c2c21a567b63f2f633a5b5bec846c0aad,gx-no-cache=1456428214517 HTTP/1.1" 200 38
186.103.159.186 - - [25/Feb/2016:16:23:16 -0300] "GET /cormun/servlet/solicitudotadjuntos?4f9c45acea785dc0ffcb3dcca3baefe88ab062f0443f99576b4f73a0758d1b19,gx-no-cache=1456428223714 HTTP/1.1" 200 30
186.103.159.186 - - [25/Feb/2016:16:23:16 -0300] "GET /cormun/servlet/solicitudotadjuntos?4f9c45acea785dc0ffcb3dcca3baefe88ab062f0443f99576b4f73a0758d1b19,gx-no-cache=1456428223750 HTTP/1.1" 200 30
61.216.2.13 - - [25/Feb/2016:16:23:16 -0300] "POST /404 HTTP/1.1" 404 967
186.103.159.186 - - [25/Feb/2016:16:23:46 -0300] "POST /cormun/servlet/solicitudotadjuntos?c08f422a9f4f89386ed5d25e340f970d,INS,2016,155,,1, HTTP/1.1" 200 5534
192.168.10.88 - - [25/Feb/2016:16:23:46 -0300] "POST /cormun/servlet/solicitudot?gx-no-cache=1456427982196 HTTP/1.1" 200 2782
192.168.10.88 - - [25/Feb/2016:16:23:47 -0300] "POST /cormun/servlet/solicitudot?c33defadd6043625dbbbd4c427b27990,INS,0,0,,gx-no-cache=1456427982490 HTTP/1.1" 200 9729
186.103.159.186 - - [25/Feb/2016:16:23:57 -0300] "POST /cormun/servlet/solicitudotadjuntos?gx-no-cache=1456428264004 HTTP/1.1" 200 26
186.103.159.230 - - [25/Feb/2016:16:24:00 -0300] "GET /cormun/servlet/solicitudot?d0a85846751f532ec4729cd71123375aa80c0ff500f23745d35eb371b9cf40a1cabff7ccf3cfc227f910e4d5cd910d527c59035ec82cc840315dbe4a3db508eb34ab72139fbc67c129c14f61a021763e9dfb8280fbb33168ff700fed358d9e2949eb10ee17929ac0ae4ba8201e5a19c1,gx-no-cache=1456428266426 HTTP/1.1" 200 29
186.103.159.230 - - [25/Feb/2016:16:24:02 -0300] "POST /cormun/servlet/solicitudot?gx-no-cache=1456428269158 HTTP/1.1" 200 1116
186.103.159.186 - - [25/Feb/2016:16:24:04 -0300] "GET /cormun/servlet/solicitudotadjuntos?4f9c45acea785dc0ffcb3dcca3baefe88ab062f0443f99576b4f73a0758d1b19,gx-no-cache=1456428271312 HTTP/1.1" 200 30
186.103.159.186 - - [25/Feb/2016:16:24:04 -0300] "GET /cormun/servlet/solicitudotadjuntos?4f9c45acea785dc0ffcb3dcca3baefe88ab062f0443f99576b4f73a0758d1b19,gx-no-cache=1456428271350 HTTP/1.1" 200 30
186.103.159.186 - - [25/Feb/2016:16:24:04 -0300] "POST /cormun/servlet/solicitudotadjuntos?c08f422a9f4f89386ed5d25e340f970d,INS,2016,155,,1, HTTP/1.1" 200 116
186.103.159.186 - - [25/Feb/2016:16:24:04 -0300] "GET /cormun/servlet/hpexe_return? HTTP/1.1" 200 1017
186.103.159.186 - - [25/Feb/2016:16:24:06 -0300] "GET /cormun/servlet/trsolicitudadjuntos?2016,155, HTTP/1.1" 200 7742
186.103.159.186 - - [25/Feb/2016:16:24:09 -0300] "GET /cormun/servlet/trsolicitudadjuntos?2016,155, HTTP/1.1" 200 7742
186.103.159.230 - - [25/Feb/2016:16:24:20 -0300] "GET /cormun/static/menuarrow.gif HTTP/1.1" 404 1015
186.103.159.186 - - [25/Feb/2016:16:24:20 -0300] "GET /cormun/servlet/solicitudotadjuntos?INS,2016,155,,1, HTTP/1.1" 200 5377
186.103.159.186 - - [25/Feb/2016:16:24:21 -0300] "GET /cormun/static/about:blank HTTP/1.1" 404 1011
186.103.159.186 - - [25/Feb/2016:16:24:23 -0300] "GET /cormun/servlet/solicitudotadjuntos?INS,2016,155,,1, HTTP/1.1" 200 5371
186.103.159.186 - - [25/Feb/2016:16:24:23 -0300] "GET /cormun/servlet/solicitudotadjuntos?4f9c45acea785dc0ffcb3dcca3baefe8c05e47b607e33086c398d85c311a597319bf14ac997ae95c91d9c8a10561de77,gx-no-cache=1456428290970 HTTP/1.1" 200 30
186.103.159.186 - - [25/Feb/2016:16:24:25 -0300] "POST /cormun/servlet/solicitudotadjuntos?c08f422a9f4f89386ed5d25e340f970d,INS,2016,155,,1,,gx-no-cache=1456428291140 HTTP/1.1" 200 3289
186.103.159.186 - - [25/Feb/2016:16:24:28 -0300] "POST /cormun/servlet/solicitudotadjuntos?gx-no-cache=1456428295598 HTTP/1.1" 200 26
186.103.159.186 - - [25/Feb/2016:16:24:36 -0300] "GET /cormun/servlet/solicitudotadjuntos?4f9c45acea785dc0ffcb3dcca3baefe88ab062f0443f99576b4f73a0758d1b19,gx-no-cache=1456428303429 HTTP/1.1" 200 30
186.103.159.186 - - [25/Feb/2016:16:24:36 -0300] "GET /cormun/servlet/solicitudotadjuntos?4f9c45acea785dc0ffcb3dcca3baefe88ab062f0443f99576b4f73a0758d1b19,gx-no-cache=1456428303492 HTTP/1.1" 200 30
192.168.10.88 - - [25/Feb/2016:16:24:38 -0300] "GET /cormun/servlet/solicitudot?8486bb190f04cc758605fc43e555523f663328ddeb650bc561ab3b93166ed73073fc38cf7e47383956f6bb317f7335a3,gx-no-cache=1456428033867 HTTP/1.1" 200 30
192.168.10.88 - - [25/Feb/2016:16:24:39 -0300] "POST /cormun/servlet/solicitudot?gx-no-cache=1456428034022 HTTP/1.1" 200 30
186.103.159.186 - - [25/Feb/2016:16:24:42 -0300] "POST /cormun/servlet/solicitudotadjuntos?c08f422a9f4f89386ed5d25e340f970d,INS,2016,155,,1, HTTP/1.1" 200 116
186.103.159.186 - - [25/Feb/2016:16:24:42 -0300] "GET /cormun/servlet/hpexe_return? HTTP/1.1" 200 1017
186.103.159.186 - - [25/Feb/2016:16:24:43 -0300] "GET /cormun/servlet/trsolicitudadjuntos?2016,155, HTTP/1.1" 200 7832
186.103.159.186 - - [25/Feb/2016:16:24:47 -0300] "GET /cormun/servlet/trsolicitudadjuntos?2016,155, HTTP/1.1" 200 7831
192.168.10.88 - - [25/Feb/2016:16:24:49 -0300] "POST /cormun/servlet/solicitudot?gx-no-cache=1456428044297 HTTP/1.1" 200 122
192.168.10.88 - - [25/Feb/2016:16:24:49 -0300] "GET /cormun/static/Shared/jqueryui/images/ui-icons_82798d_256x240.png HTTP/1.1" 404 1089
192.168.10.88 - - [25/Feb/2016:16:24:49 -0300] "GET /cormun/static/Shared/jqueryui/images/ui-bg_highlight-soft_100_c6c2c8_1x100.png HTTP/1.1" 404 1117
192.168.10.88 - - [25/Feb/2016:16:24:49 -0300] "GET /cormun/static/Shared/jqueryui/images/ui-bg_flat_55_994d53_40x100.png HTTP/1.1" 404 1097
192.168.10.88 - - [25/Feb/2016:16:24:49 -0300] "GET /cormun/static/Shared/jqueryui/images/ui-icons_ebccce_256x240.png HTTP/1.1" 404 1089
192.168.10.88 - - [25/Feb/2016:16:25:11 -0300] "POST /cormun/servlet/solicitudot?gx-no-cache=1456428066025 HTTP/1.1" 200 33
186.103.159.230 - - [25/Feb/2016:16:25:14 -0300] "GET /cormun/servlet/solicitudot?d0a85846751f532ec4729cd71123375aff433b127cd1a81fac029b9e1b9d6f9e2939145dce716cff2189c6e88cad008dd825f8483383d13af037253e39464866e5521b9b756486fd19e31651686f19c90659f9905283d1f74a210a7d6ff63b7d87d1a8a73ef9f8b58f05aece82b9b0b90c60d4816595977442e055628973c08ced1f2337b16011ef9d57ecc2d0e761b0a1e9d7502bca7fbac64d50e225152c79,gx-no-cache=1456428340823 HTTP/1.1" 200 41
186.103.159.230 - - [25/Feb/2016:16:25:14 -0300] "GET /cormun/servlet/solicitudot?d0a85846751f532ec4729cd71123375a916923b0b0c0b6d6f08d376042405d2ffc2267244f37c53fb6a8d481a956bbc5f95ef6d5fa4b67629750bd9b3875260f0a8b0bc24d19fee1cc639b6b0bb1706749e4f82594c768e3cb89d6fe316420b6ce7efc520527dc2d059ca2044adfd56df7f08dddf3e74e0f267def2ec31c19d7884ee73c21b13b18d3e6177286a94741be59a6ed751737ee9553e40477516e289cb204f4a1e38f8c383f4d54457e8c9efbec29dbaf791d970544d5c58ed4b4f1,gx-no-cache=1456428340875 HTTP/1.1" 200 30
192.168.10.88 - - [25/Feb/2016:16:25:18 -0300] "POST /cormun/servlet/solicitudot?gx-no-cache=1456428073112 HTTP/1.1" 200 452
192.168.10.88 - - [25/Feb/2016:16:25:18 -0300] "GET /cormun/servlet/solicitudot?8486bb190f04cc758605fc43e555523fa3c3dfa955503cfcfff51329a25c431a3e6adc55805ec22ce8568f163d23bc5d2a4fbfa4ad7749e94581df6c6edab501e7e17329ceb307afe035f0bf1652a402d482508186821eab23e507198b4f78facd96c6b4a75ecd3171b8f50d9247941349c7dc3ef67e623d554917156eb34105bbe0377547602ba32c1abfe2db6c9ac1,gx-no-cache=1456428073360 HTTP/1.1" 200 38
186.103.159.230 - - [25/Feb/2016:16:25:37 -0300] "POST /cormun/servlet/solicitudot?8cfabea3219dcf11758d2f7e0e0994c7,INS,0,0,,gx-no-cache=1456428363261 HTTP/1.1" 200 10572
192.168.10.88 - - [25/Feb/2016:16:26:05 -0300] "GET /cormun/servlet/solicitudot?8486bb190f04cc758605fc43e555523ff109965c7415e680f953f58edf02dc295792c137ebe092011a8cc817affdcdefc46c4b28eb4ae96a369e302d5c304cc12e4b2107561ec1639249ff7ba9a506e95950a0e3547e293401a786612f489cc717d6c5796b0e347da30aee5809959d60f5ddc8046c803a6efefed4a22818184db69a6f1747f32bf97371234d35807c423c2c10812da2ed99ee4f9c0f9bfad687,gx-no-cache=1456428119646 HTTP/1.1" 200 29
192.168.10.88 - - [25/Feb/2016:16:26:06 -0300] "POST /cormun/servlet/solicitudot?gx-no-cache=1456428120853 HTTP/1.1" 200 1116
186.103.159.230 - - [25/Feb/2016:16:26:24 -0300] "POST /cormun/servlet/solicitudot?gx-no-cache=1456428410464 HTTP/1.1" 200 2741
186.103.159.230 - - [25/Feb/2016:16:26:24 -0300] "POST /cormun/servlet/solicitudot?8cfabea3219dcf11758d2f7e0e0994c7,INS,0,0,,gx-no-cache=1456428410614 HTTP/1.1" 200 10215
186.103.159.230 - - [25/Feb/2016:16:26:24 -0300] "GET /cormun/servlet/solicitudot?d0a85846751f532ec4729cd71123375a4fffb146787dcf774a14c15148730f5b32225c2e4e9008986713cf3f5937e606,gx-no-cache=1456428410801 HTTP/1.1" 200 30
186.103.159.230 - - [25/Feb/2016:16:26:24 -0300] "POST /cormun/servlet/solicitudot?gx-no-cache=1456428410887 HTTP/1.1" 200 30
186.103.159.230 - - [25/Feb/2016:16:26:24 -0300] "POST /cormun/servlet/solicitudot?gx-no-cache=1456428410935 HTTP/1.1" 200 30
186.103.159.230 - - [25/Feb/2016:16:26:47 -0300] "POST /cormun/servlet/solicitudot?gx-no-cache=1456428433520 HTTP/1.1" 200 1260
191.112.59.125 - - [25/Feb/2016:16:26:49 -0300] "POST /cormun/servlet/trsolicitudot?b891d66f5ac3ce8af6b334827871bd1c,gx-no-cache=1456428436748 HTTP/1.1" 440 972
191.112.59.125 - - [25/Feb/2016:16:26:51 -0300] "POST /cormun/servlet/trsolicitudot?b891d66f5ac3ce8af6b334827871bd1c,gx-no-cache=1456428439143 HTTP/1.1" 440 972
186.103.159.230 - - [25/Feb/2016:16:26:53 -0300] "GET /cormun/servlet/solicitudot?d0a85846751f532ec4729cd71123375aff433b127cd1a81fac029b9e1b9d6f9e2939145dce716cff2189c6e88cad008dd825f8483383d13af037253e39464866e5521b9b756486fd19e31651686f19c90659f9905283d1f74a210a7d6ff63b7d87d1a8a73ef9f8b58f05aece82b9b0b90c60d4816595977442e055628973c08c456e1eb15c46813c18ef337e44842342a1e9d7502bca7fbac64d50e225152c79,gx-no-cache=1456428439676 HTTP/1.1" 200 41
191.112.59.125 - - [25/Feb/2016:16:26:54 -0300] "POST /cormun/servlet/trsolicitudot?b891d66f5ac3ce8af6b334827871bd1c,gx-no-cache=1456428442094 HTTP/1.1" 440 972
191.112.59.125 - - [25/Feb/2016:16:27:02 -0300] "POST /cormun/servlet/trsolicitudot?b891d66f5ac3ce8af6b334827871bd1c,gx-no-cache=1456428450049 HTTP/1.1" 440 972
191.112.59.125 - - [25/Feb/2016:16:27:02 -0300] "POST /cormun/servlet/trsolicitudot?b891d66f5ac3ce8af6b334827871bd1c,gx-no-cache=1456428450149 HTTP/1.1" 440 972
191.112.59.125 - - [25/Feb/2016:16:27:02 -0300] "POST /cormun/servlet/trsolicitudot?b891d66f5ac3ce8af6b334827871bd1c,gx-no-cache=1456428450316 HTTP/1.1" 440 972
191.112.59.125 - - [25/Feb/2016:16:27:03 -0300] "POST /cormun/servlet/trsolicitudot?b891d66f5ac3ce8af6b334827871bd1c,gx-no-cache=1456428450475 HTTP/1.1" 440 972
191.112.59.125 - - [25/Feb/2016:16:27:03 -0300] "POST /cormun/servlet/trsolicitudot?b891d66f5ac3ce8af6b334827871bd1c,gx-no-cache=1456428450646 HTTP/1.1" 440 972
191.112.59.125 - - [25/Feb/2016:16:27:03 -0300] "GET /cormun/servlet/trsolicitudot HTTP/1.1" 200 7351
191.112.59.125 - - [25/Feb/2016:16:27:06 -0300] "GET /cormun/servlet/trsolicitudot HTTP/1.1" 200 7351
191.112.59.125 - - [25/Feb/2016:16:27:06 -0300] "GET /cormun/servlet/hlogin HTTP/1.1" 200 1733
186.103.159.230 - - [25/Feb/2016:16:27:14 -0300] "GET /cormun/servlet/solicitudot?d0a85846751f532ec4729cd71123375a916923b0b0c0b6d6f08d376042405d2ffc2267244f37c53fb6a8d481a956bbc5f95ef6d5fa4b67629750bd9b3875260f0a8b0bc24d19fee1cc639b6b0bb1706749e4f82594c768e3cb89d6fe316420b6ce7efc520527dc2d059ca2044adfd56df7f08dddf3e74e0f267def2ec31c19d7884ee73c21b13b18d3e6177286a94741be59a6ed751737ee9553e40477516e28b5b03f69405ca09f4e8d42d626455014fbec29dbaf791d970544d5c58ed4b4f1,gx-no-cache=1456428460500 HTTP/1.1" 200 30
186.103.159.230 - - [25/Feb/2016:16:27:14 -0300] "POST /cormun/servlet/solicitudot?8cfabea3219dcf11758d2f7e0e0994c7,INS,0,0,,gx-no-cache=1456428460544 HTTP/1.1" 200 10517
186.103.159.230 - - [25/Feb/2016:16:27:20 -0300] "GET /cormun/static/Resources/resize.gif HTTP/1.1" 200 77
186.103.159.230 - - [25/Feb/2016:16:27:20 -0300] "GET /cormun/servlet/prfichaempleado?,MD,,gxPopupLevel%3D0%3B HTTP/1.1" 200 7887
186.103.159.230 - - [25/Feb/2016:16:27:20 -0300] "GET /cormun/static/gxui/gxui-all.css?1917420 HTTP/1.1" 200 2179
186.103.159.230 - - [25/Feb/2016:16:27:20 -0300] "GET /cormun/static/scaMessage/css/jquery-ui.css?104140 HTTP/1.1" 404 1045
186.103.159.230 - - [25/Feb/2016:16:27:20 -0300] "GET /cormun/static/gxcfg.js?201511151625694 HTTP/1.1" 200 953
186.103.159.230 - - [25/Feb/2016:16:27:20 -0300] "GET /cormun/static/Resources/PXToolsMenuSearch.png HTTP/1.1" 200 2914
186.103.159.230 - - [25/Feb/2016:16:27:20 -0300] "GET /cormun/static/Resources/PXToolsMenuSearchCancel.png HTTP/1.1" 200 2972
186.103.159.230 - - [25/Feb/2016:16:27:20 -0300] "GET /cormun/static/prfichaempleado.js?201511151625857 HTTP/1.1" 200 14240
186.103.159.230 - - [25/Feb/2016:16:27:20 -0300] "GET /cormun/static/hmpwkw01.js?201511211495945 HTTP/1.1" 200 2037
186.103.159.230 - - [25/Feb/2016:16:27:20 -0300] "GET /cormun/static/menusearch.js?201622412404863 HTTP/1.1" 200 1424
186.103.159.230 - - [25/Feb/2016:16:27:20 -0300] "GET /cormun/static/Resources/Spanish/PXTools.css?16184758 HTTP/1.1" 200 89042
186.103.159.230 - - [25/Feb/2016:16:27:20 -0300] "GET /cormun/static/Shared/jqueryui/jquery-ui.min-1.8.js HTTP/1.1" 200 213511
192.168.10.88 - - [25/Feb/2016:16:27:21 -0300] "GET /cormun/static/menuarrow.gif HTTP/1.1" 404 1015
186.103.159.186 - - [25/Feb/2016:16:27:36 -0300] "GET /cormun/servlet/solicitudotadjuntos?INS,2016,155,,2, HTTP/1.1" 200 5376
186.103.159.186 - - [25/Feb/2016:16:27:36 -0300] "GET /cormun/static/about:blank HTTP/1.1" 404 1011
186.103.159.186 - - [25/Feb/2016:16:27:38 -0300] "GET /cormun/servlet/solicitudotadjuntos?INS,2016,155,,2, HTTP/1.1" 200 5370
186.103.159.186 - - [25/Feb/2016:16:27:39 -0300] "GET /cormun/servlet/solicitudotadjuntos?4f9c45acea785dc0ffcb3dcca3baefe8c05e47b607e33086c398d85c311a597319bf14ac997ae95c91d9c8a10561de77,gx-no-cache=1456428486457 HTTP/1.1" 200 30
186.103.159.186 - - [25/Feb/2016:16:27:39 -0300] "POST /cormun/servlet/solicitudotadjuntos?c08f422a9f4f89386ed5d25e340f970d,INS,2016,155,,2,,gx-no-cache=1456428486543 HTTP/1.1" 200 3504
192.168.10.88 - - [25/Feb/2016:16:27:46 -0300] "GET /cormun/servlet/solicitudot?8486bb190f04cc758605fc43e555523f1ef1b8e06525c1272aa330f9e1b9ad9b41affcaaa97ef6b5c97269536d27bfd687fe5de97deb2c729622fb579438e04bee5ad937cfb0a3b311f335cc7304d2d50e8f5d259a63b88c9d27efc6f747574391f24a1b3341cebb796728b9411dd67f26c1662872391d82ed1e4345e41d13a4edf3194a8a93a07adabb2045351c05c28b596f435b2b03e2efd463fcdde85a0a8e9cce0d89b299feadbb0e6a04c26ecf,gx-no-cache=1456428219755 HTTP/1.1" 200 30
186.103.159.186 - - [25/Feb/2016:16:27:46 -0300] "POST /cormun/servlet/solicitudotadjuntos?gx-no-cache=1456428493140 HTTP/1.1" 200 26
186.103.159.186 - - [25/Feb/2016:16:27:53 -0300] "GET /cormun/servlet/solicitudotadjuntos?4f9c45acea785dc0ffcb3dcca3baefe88ab062f0443f99576b4f73a0758d1b19,gx-no-cache=1456428501013 HTTP/1.1" 200 30
186.103.159.186 - - [25/Feb/2016:16:27:53 -0300] "GET /cormun/servlet/solicitudotadjuntos?4f9c45acea785dc0ffcb3dcca3baefe88ab062f0443f99576b4f73a0758d1b19,gx-no-cache=1456428501062 HTTP/1.1" 200 30
186.103.159.186 - - [25/Feb/2016:16:27:53 -0300] "POST /cormun/servlet/solicitudotadjuntos?c08f422a9f4f89386ed5d25e340f970d,INS,2016,155,,2, HTTP/1.1" 200 116
186.103.159.186 - - [25/Feb/2016:16:27:53 -0300] "GET /cormun/servlet/hpexe_return? HTTP/1.1" 200 1017
186.103.159.186 - - [25/Feb/2016:16:27:55 -0300] "GET /cormun/servlet/trsolicitudadjuntos?2016,155, HTTP/1.1" 200 8009
192.168.10.88 - - [25/Feb/2016:16:27:56 -0300] "POST /cormun/servlet/solicitudot?c33defadd6043625dbbbd4c427b27990,INS,0,0,,gx-no-cache=1456428229642 HTTP/1.1" 200 93
192.168.10.88 - - [25/Feb/2016:16:27:56 -0300] "GET /cormun/servlet/hpexe_return? HTTP/1.1" 200 1148
192.168.10.88 - - [25/Feb/2016:16:27:57 -0300] "GET /cormun/servlet/trsolicitudot?gx-no-cache=1456427819657 HTTP/1.1" 200 7759
186.103.159.186 - - [25/Feb/2016:16:27:59 -0300] "GET /cormun/servlet/trsolicitudadjuntos?2016,155, HTTP/1.1" 200 8008
192.168.10.88 - - [25/Feb/2016:16:28:15 -0300] "POST /cormun/servlet/trsolicitudot?c33defadd6043625dbbbd4c427b27990,gx-no-cache=1456427819657,gx-no-cache=1456428248841 HTTP/1.1" 200 5231
192.168.10.88 - - [25/Feb/2016:16:28:15 -0300] "POST /cormun/servlet/trsolicitudot?c33defadd6043625dbbbd4c427b27990,gx-no-cache=1456427819657,gx-no-cache=1456428249308 HTTP/1.1" 200 5231
192.168.10.88 - - [25/Feb/2016:16:28:16 -0300] "POST /cormun/servlet/trsolicitudot?c33defadd6043625dbbbd4c427b27990,gx-no-cache=1456427819657,gx-no-cache=1456428249665 HTTP/1.1" 200 5231
192.168.10.88 - - [25/Feb/2016:16:28:16 -0300] "POST /cormun/servlet/trsolicitudot?c33defadd6043625dbbbd4c427b27990,gx-no-cache=1456427819657,gx-no-cache=1456428250303 HTTP/1.1" 200 5231
192.168.10.88 - - [25/Feb/2016:16:28:17 -0300] "POST /cormun/servlet/trsolicitudot?c33defadd6043625dbbbd4c427b27990,gx-no-cache=1456427819657,gx-no-cache=1456428250660 HTTP/1.1" 200 5231
192.168.10.88 - - [25/Feb/2016:16:28:17 -0300] "POST /cormun/servlet/trsolicitudot?c33defadd6043625dbbbd4c427b27990,gx-no-cache=1456427819657,gx-no-cache=1456428251033 HTTP/1.1" 200 5231
192.168.10.88 - - [25/Feb/2016:16:28:18 -0300] "POST /cormun/servlet/trsolicitudot?c33defadd6043625dbbbd4c427b27990,gx-no-cache=1456427819657,gx-no-cache=1456428251515 HTTP/1.1" 200 5231
192.168.10.88 - - [25/Feb/2016:16:28:18 -0300] "POST /cormun/servlet/trsolicitudot?c33defadd6043625dbbbd4c427b27990,gx-no-cache=1456427819657,gx-no-cache=1456428251904 HTTP/1.1" 200 5474
192.168.10.88 - - [25/Feb/2016:16:28:19 -0300] "GET /cormun/static/Shared/jqueryui/images/ui-bg_highlight-soft_100_c6c2c8_1x100.png HTTP/1.1" 404 1117
192.168.10.88 - - [25/Feb/2016:16:28:19 -0300] "GET /cormun/static/Shared/jqueryui/images/ui-icons_82798d_256x240.png HTTP/1.1" 404 1089
192.168.10.88 - - [25/Feb/2016:16:28:19 -0300] "GET /cormun/static/Shared/jqueryui/images/ui-bg_flat_55_fafafa_40x100.png HTTP/1.1" 404 1097
