191.112.59.125 - - [25/Feb/2016:12:25:36 -0300] "GET /cormun/static/Resources/PXToolsHeaderActionsBackground.png HTTP/1.1" 304 -
191.112.59.125 - - [25/Feb/2016:12:25:36 -0300] "GET /cormun/static/Resources/prompt.gif HTTP/1.1" 304 -
191.112.59.125 - - [25/Feb/2016:12:25:36 -0300] "GET /cormun/static/Resources/PXTools/calendar.png HTTP/1.1" 304 -
191.112.59.125 - - [25/Feb/2016:12:25:37 -0300] "GET /cormun/static/Resources/indicator.gif HTTP/1.1" 304 -
191.112.59.125 - - [25/Feb/2016:12:25:38 -0300] "GET /cormun/servlet/solicitudot?INS,0,0, HTTP/1.1" 200 12045
191.112.59.125 - - [25/Feb/2016:12:25:38 -0300] "GET /cormun/static/SmoothNavMenu/resources/images/down.gif HTTP/1.1" 304 -
191.112.59.125 - - [25/Feb/2016:12:25:38 -0300] "GET /favicon.ico HTTP/1.1" 200 21630
191.112.59.125 - - [25/Feb/2016:12:25:49 -0300] "GET /cormun/servlet/trsolicitudot? HTTP/1.1" 200 7393
191.112.59.125 - - [25/Feb/2016:12:25:52 -0300] "GET /cormun/servlet/trsolicitudot? HTTP/1.1" 200 7391
192.168.10.99 - - [25/Feb/2016:12:25:52 -0300] "POST /cormun/servlet/hlogin?d4ce3d212999a0b13ceb4893471b1394,gx-no-cache=1456413708156 HTTP/1.1" 200 440
192.168.10.99 - - [25/Feb/2016:12:26:09 -0300] "POST /cormun/servlet/hlogin?d4ce3d212999a0b13ceb4893471b1394,gx-no-cache=1456413725347 HTTP/1.1" 200 440
192.168.10.89 - - [25/Feb/2016:12:26:16 -0300] "GET /cormun/servlet/hhome HTTP/1.1" 200 3223
192.168.10.99 - - [25/Feb/2016:12:26:16 -0300] "POST /cormun/servlet/hlogin?d4ce3d212999a0b13ceb4893471b1394,gx-no-cache=1456413732338 HTTP/1.1" 200 90
192.168.10.99 - - [25/Feb/2016:12:26:16 -0300] "GET /cormun/servlet/hpexe_link HTTP/1.1" 200 946
192.168.10.99 - - [25/Feb/2016:12:26:17 -0300] "GET /cormun/servlet/hhome HTTP/1.1" 200 3366
192.168.10.89 - - [25/Feb/2016:12:26:17 -0300] "GET /cormun/servlet/hlogin HTTP/1.1" 200 1732
192.168.10.99 - - [25/Feb/2016:12:26:17 -0300] "GET /cormun/servlet/hhome HTTP/1.1" 200 3363
192.168.10.99 - - [25/Feb/2016:12:26:26 -0300] "GET /cormun/servlet/trsolicitudot? HTTP/1.1" 200 6084
192.168.10.99 - - [25/Feb/2016:12:26:27 -0300] "GET /cormun/servlet/trsolicitudot? HTTP/1.1" 200 6084
192.168.10.99 - - [25/Feb/2016:12:26:33 -0300] "POST /cormun/servlet/trsolicitudot?d4ce3d212999a0b13ceb4893471b1394,,gx-no-cache=1456413748525 HTTP/1.1" 200 3436
192.168.10.99 - - [25/Feb/2016:12:26:33 -0300] "POST /cormun/servlet/trsolicitudot?d4ce3d212999a0b13ceb4893471b1394,,gx-no-cache=1456413748713 HTTP/1.1" 200 3436
192.168.10.99 - - [25/Feb/2016:12:26:33 -0300] "POST /cormun/servlet/trsolicitudot?d4ce3d212999a0b13ceb4893471b1394,,gx-no-cache=1456413748863 HTTP/1.1" 200 3437
192.168.10.99 - - [25/Feb/2016:12:26:33 -0300] "POST /cormun/servlet/trsolicitudot?d4ce3d212999a0b13ceb4893471b1394,,gx-no-cache=1456413749015 HTTP/1.1" 200 3436
192.168.10.99 - - [25/Feb/2016:12:26:53 -0300] "GET /cormun/servlet/hlogin HTTP/1.1" 200 1733
192.168.10.89 - - [25/Feb/2016:12:26:59 -0300] "POST /cormun/servlet/hlogin?26f4725b4fd76d3e089de0e9bb8b3088,gx-no-cache=1456413774208 HTTP/1.1" 200 90
192.168.10.89 - - [25/Feb/2016:12:26:59 -0300] "GET /cormun/servlet/hpexe_link HTTP/1.1" 200 950
192.168.10.89 - - [25/Feb/2016:12:26:59 -0300] "GET /cormun/servlet/hhome HTTP/1.1" 200 3792
192.168.10.99 - - [25/Feb/2016:12:27:05 -0300] "POST /cormun/servlet/hlogin?d4ce3d212999a0b13ceb4893471b1394,gx-no-cache=1456413780761 HTTP/1.1" 200 90
192.168.10.99 - - [25/Feb/2016:12:27:05 -0300] "GET /cormun/servlet/hpexe_link HTTP/1.1" 200 946
192.168.10.99 - - [25/Feb/2016:12:27:05 -0300] "GET /cormun/servlet/hhome HTTP/1.1" 200 3868
192.168.10.99 - - [25/Feb/2016:12:27:06 -0300] "GET /cormun/servlet/hhome HTTP/1.1" 200 3865
192.168.10.99 - - [25/Feb/2016:12:27:13 -0300] "GET /cormun/servlet/trsecurityuser01? HTTP/1.1" 200 9972
192.168.10.99 - - [25/Feb/2016:12:27:13 -0300] "GET /cormun/static/gxcfg.js?20162241763181 HTTP/1.1" 304 -
192.168.10.99 - - [25/Feb/2016:12:27:13 -0300] "GET /cormun/static/trsecurityuser01.js?20162241763410 HTTP/1.1" 304 -
192.168.10.99 - - [25/Feb/2016:12:27:14 -0300] "GET /cormun/servlet/trsecurityuser01? HTTP/1.1" 200 9970
192.168.10.89 - - [25/Feb/2016:12:27:59 -0300] "GET /cormun/servlet/trsystemobject01? HTTP/1.1" 200 6172
192.168.10.89 - - [25/Feb/2016:12:27:59 -0300] "GET /cormun/static/Resources/Spanish/PXTools.css?1915039 HTTP/1.1" 200 89042
192.168.10.89 - - [25/Feb/2016:12:27:59 -0300] "GET /cormun/static/gxcfg.js?201511211975591 HTTP/1.1" 200 953
192.168.10.89 - - [25/Feb/2016:12:27:59 -0300] "GET /cormun/static/trsystemobject01.js?201511211975772 HTTP/1.1" 200 13240
192.168.10.99 - - [25/Feb/2016:12:28:12 -0300] "POST /cormun/servlet/trsecurityuser01?d4ce3d212999a0b13ceb4893471b1394,,gx-no-cache=1456413848069 HTTP/1.1" 200 7619
192.168.10.99 - - [25/Feb/2016:12:28:13 -0300] "POST /cormun/servlet/trsecurityuser01?d4ce3d212999a0b13ceb4893471b1394,,gx-no-cache=1456413848394 HTTP/1.1" 200 6132
192.168.10.99 - - [25/Feb/2016:12:28:22 -0300] "GET /cormun/servlet/securityusers?UPD,26, HTTP/1.1" 200 6526
192.168.10.99 - - [25/Feb/2016:12:28:22 -0300] "GET /cormun/static/gxcfg.js?20162241762939 HTTP/1.1" 304 -
192.168.10.99 - - [25/Feb/2016:12:28:22 -0300] "GET /cormun/static/securityusers.js?20162241762968 HTTP/1.1" 304 -
192.168.10.99 - - [25/Feb/2016:12:28:23 -0300] "GET /cormun/servlet/securityusers?UPD,26, HTTP/1.1" 200 6526
192.168.10.99 - - [25/Feb/2016:12:28:30 -0300] "POST /cormun/servlet/securityusers?d4ce3d212999a0b13ceb4893471b1394,UPD,26,,gx-no-cache=1456413865544 HTTP/1.1" 200 93
192.168.10.99 - - [25/Feb/2016:12:28:30 -0300] "GET /cormun/servlet/hpexe_return? HTTP/1.1" 200 1006
192.168.10.99 - - [25/Feb/2016:12:28:30 -0300] "GET /cormun/servlet/trsecurityuser01? HTTP/1.1" 200 8565
192.168.10.99 - - [25/Feb/2016:12:28:31 -0300] "GET /cormun/servlet/trsecurityuser01? HTTP/1.1" 200 8561
192.168.10.89 - - [25/Feb/2016:12:28:39 -0300] "GET /cormun/servlet/hhome HTTP/1.1" 200 3792
192.168.10.89 - - [25/Feb/2016:12:28:48 -0300] "GET /cormun/servlet/hlogin HTTP/1.1" 200 1732
191.112.59.125 - - [25/Feb/2016:12:28:52 -0300] "GET /cormun/servlet/solicitudot?INS,0,0, HTTP/1.1" 200 12040
191.112.59.125 - - [25/Feb/2016:12:28:55 -0300] "GET /cormun/servlet/solicitudot?INS,0,0, HTTP/1.1" 200 12045
191.112.59.125 - - [25/Feb/2016:12:28:59 -0300] "GET /cormun/servlet/prfichaempleado?,MD,,gxPopupLevel%3D0%3B HTTP/1.1" 200 7859
191.112.59.125 - - [25/Feb/2016:12:28:59 -0300] "GET /cormun/static/scaMessage/css/jquery-ui.css?104140 HTTP/1.1" 404 1045
192.168.10.89 - - [25/Feb/2016:12:29:03 -0300] "POST /cormun/servlet/hlogin?26f4725b4fd76d3e089de0e9bb8b3088,gx-no-cache=1456413898638 HTTP/1.1" 200 90
192.168.10.89 - - [25/Feb/2016:12:29:03 -0300] "GET /cormun/servlet/hpexe_link HTTP/1.1" 200 950
192.168.10.89 - - [25/Feb/2016:12:29:03 -0300] "GET /cormun/servlet/hhome HTTP/1.1" 200 3396
191.112.59.125 - - [25/Feb/2016:12:29:12 -0300] "POST /cormun/servlet/prfichaempleado?28dd0106d76c6d8a40d1947298f92ee5,,MD,,gxPopupLevel%3D0%3B,gx-no-cache=1456414179208 HTTP/1.1" 200 5074
191.112.59.125 - - [25/Feb/2016:12:29:21 -0300] "POST /cormun/servlet/prfichaempleado?28dd0106d76c6d8a40d1947298f92ee5,,MD,,gxPopupLevel%3D0%3B,gx-no-cache=1456414187721 HTTP/1.1" 200 5168
192.168.10.89 - - [25/Feb/2016:12:29:21 -0300] "GET /cormun/servlet/trautorizarsolicitud? HTTP/1.1" 200 7339
192.168.10.89 - - [25/Feb/2016:12:29:22 -0300] "GET /cormun/static/Resources/Spanish/PXTools.css?12395978 HTTP/1.1" 200 89042
192.168.10.89 - - [25/Feb/2016:12:29:22 -0300] "GET /cormun/static/gxcfg.js?2016224124647 HTTP/1.1" 200 953
192.168.10.89 - - [25/Feb/2016:12:29:22 -0300] "GET /cormun/static/trautorizarsolicitud.js?20162241246932 HTTP/1.1" 200 45302
191.112.59.125 - - [25/Feb/2016:12:29:23 -0300] "POST /cormun/servlet/prfichaempleado?28dd0106d76c6d8a40d1947298f92ee5,,MD,,gxPopupLevel%3D0%3B,gx-no-cache=1456414189581 HTTP/1.1" 200 5115
192.168.10.89 - - [25/Feb/2016:12:29:23 -0300] "POST /cormun/servlet/acontrolpreferencessavestate?None,VVIDELA,true HTTP/1.1" 200 35
191.112.59.125 - - [25/Feb/2016:12:29:25 -0300] "POST /cormun/servlet/prfichaempleado?28dd0106d76c6d8a40d1947298f92ee5,,MD,,gxPopupLevel%3D0%3B,gx-no-cache=1456414191601 HTTP/1.1" 200 5107
191.112.59.125 - - [25/Feb/2016:12:29:30 -0300] "GET /cormun/servlet/prfichaempleado?1c9bb06b30c78e9b03cd447fd25401401975d3631141305a5d26864772c00d598428e990ce395e729f5ea167044769067fa57c81b44ec9766de31abcccb147d0afc58ddae40ce052bd9610717cd36474,gx-no-cache=1456414197511 HTTP/1.1" 200 462
191.112.59.125 - - [25/Feb/2016:12:29:31 -0300] "GET /cormun/servlet/prfichaempleado?1c9bb06b30c78e9b03cd447fd25401407cc56400b839beb5cc7d232df2c35562cae10f1137da815cae4264a43466f4b508af4e963c34b8e635996019a9aefa92afc58ddae40ce052bd9610717cd36474,gx-no-cache=1456414198447 HTTP/1.1" 200 466
191.112.59.125 - - [25/Feb/2016:12:29:33 -0300] "GET /cormun/servlet/prfichaempleado?1c9bb06b30c78e9b03cd447fd25401407cc56400b839beb5cc7d232df2c35562d42b6fc617ff3c3dc3014c3906faa0b5b1566ee1f4e588fa0c8fb52fc385b406c5771c732a08736085863e384385b24e,gx-no-cache=1456414200663 HTTP/1.1" 200 474
191.112.59.125 - - [25/Feb/2016:12:29:35 -0300] "POST /cormun/servlet/prfichaempleado?28dd0106d76c6d8a40d1947298f92ee5,,MD,,gxPopupLevel%3D0%3B,gx-no-cache=1456414202142 HTTP/1.1" 200 2894
191.112.59.125 - - [25/Feb/2016:12:29:41 -0300] "POST /cormun/servlet/solicitudot?gx-no-cache=1456414207992 HTTP/1.1" 200 2763
191.112.59.125 - - [25/Feb/2016:12:29:41 -0300] "POST /cormun/servlet/solicitudot?28dd0106d76c6d8a40d1947298f92ee5,INS,0,0,,gx-no-cache=1456414208469 HTTP/1.1" 200 9513
191.112.59.125 - - [25/Feb/2016:12:29:48 -0300] "GET /cormun/servlet/solicitudot?843d8b18d675e67942b4b829b2fcb7430b06e5da1b3baa04c370ea05dca37e15162bf530a3db4e617b3aaa149fc37b19,gx-no-cache=1456414214967 HTTP/1.1" 200 30
192.168.10.99 - - [25/Feb/2016:12:29:48 -0300] "GET /cormun/servlet/securityusers?UPD,20, HTTP/1.1" 200 6532
191.112.59.125 - - [25/Feb/2016:12:29:48 -0300] "POST /cormun/servlet/solicitudot?gx-no-cache=1456414215097 HTTP/1.1" 200 30
192.168.10.99 - - [25/Feb/2016:12:29:48 -0300] "GET /cormun/servlet/securityusers?UPD,20, HTTP/1.1" 200 6532
191.112.59.125 - - [25/Feb/2016:12:29:51 -0300] "POST /cormun/servlet/solicitudot?gx-no-cache=1456414218041 HTTP/1.1" 200 30
191.112.59.125 - - [25/Feb/2016:12:29:57 -0300] "GET /cormun/servlet/prcontratosol?11888151,,,,,MD,,gxPopupLevel%3D0%3B HTTP/1.1" 200 5648
191.112.59.125 - - [25/Feb/2016:12:29:57 -0300] "GET /cormun/static/gxcfg.js?2016141247819 HTTP/1.1" 200 953
191.112.59.125 - - [25/Feb/2016:12:29:57 -0300] "GET /cormun/static/Resources/Spanish/PXTools.css?1423257 HTTP/1.1" 200 89042
191.112.59.125 - - [25/Feb/2016:12:29:57 -0300] "GET /cormun/static/prcontratosol.js?2016141247993 HTTP/1.1" 200 13528
191.112.59.125 - - [25/Feb/2016:12:29:57 -0300] "GET /cormun/static/hmpwkw011.js?2016141804389 HTTP/1.1" 200 1968
191.112.59.125 - - [25/Feb/2016:12:30:01 -0300] "POST /cormun/servlet/acontrolpreferencessavestate?None,CD-33,true HTTP/1.1" 200 35
192.168.10.89 - - [25/Feb/2016:12:30:09 -0300] "GET /cormun/servlet/hlogin HTTP/1.1" 200 1739
192.168.10.99 - - [25/Feb/2016:12:30:19 -0300] "POST /cormun/servlet/securityusers?d4ce3d212999a0b13ceb4893471b1394,UPD,20,,gx-no-cache=1456413974711 HTTP/1.1" 200 93
192.168.10.99 - - [25/Feb/2016:12:30:19 -0300] "GET /cormun/servlet/hpexe_return? HTTP/1.1" 200 1005
192.168.10.99 - - [25/Feb/2016:12:30:19 -0300] "GET /cormun/servlet/trsecurityuser01 HTTP/1.1" 200 8565
192.168.10.99 - - [25/Feb/2016:12:30:20 -0300] "GET /cormun/servlet/trsecurityuser01 HTTP/1.1" 200 8561
192.168.10.99 - - [25/Feb/2016:12:30:25 -0300] "GET /cormun/servlet/securityusers?UPD,26, HTTP/1.1" 200 6526
192.168.10.99 - - [25/Feb/2016:12:30:25 -0300] "GET /cormun/servlet/securityusers?UPD,26, HTTP/1.1" 200 6526
192.168.10.99 - - [25/Feb/2016:12:30:38 -0300] "POST /cormun/servlet/securityusers?d4ce3d212999a0b13ceb4893471b1394,UPD,26,,gx-no-cache=1456413993736 HTTP/1.1" 200 93
192.168.10.99 - - [25/Feb/2016:12:30:38 -0300] "GET /cormun/servlet/hpexe_return? HTTP/1.1" 200 1005
192.168.10.99 - - [25/Feb/2016:12:30:38 -0300] "GET /cormun/servlet/trsecurityuser01 HTTP/1.1" 200 8565
192.168.10.99 - - [25/Feb/2016:12:30:39 -0300] "GET /cormun/servlet/trsecurityuser01 HTTP/1.1" 200 8561
192.168.10.99 - - [25/Feb/2016:12:30:48 -0300] "GET /cormun/servlet/securityusers?UPD,20, HTTP/1.1" 200 6532
192.168.10.99 - - [25/Feb/2016:12:30:48 -0300] "GET /cormun/servlet/securityusers?UPD,20, HTTP/1.1" 200 6532
192.168.10.99 - - [25/Feb/2016:12:30:52 -0300] "POST /cormun/servlet/securityusers?d4ce3d212999a0b13ceb4893471b1394,UPD,20,,gx-no-cache=1456414008061 HTTP/1.1" 200 93
192.168.10.99 - - [25/Feb/2016:12:30:52 -0300] "GET /cormun/servlet/hpexe_return? HTTP/1.1" 200 1005
192.168.10.99 - - [25/Feb/2016:12:30:52 -0300] "GET /cormun/servlet/trsecurityuser01 HTTP/1.1" 200 8565
192.168.10.99 - - [25/Feb/2016:12:30:53 -0300] "GET /cormun/servlet/trsecurityuser01 HTTP/1.1" 200 8561
192.168.10.99 - - [25/Feb/2016:12:31:00 -0300] "GET /cormun/servlet/securityusers?UPD,35, HTTP/1.1" 200 6535
192.168.10.99 - - [25/Feb/2016:12:31:00 -0300] "GET /cormun/servlet/securityusers?UPD,35, HTTP/1.1" 200 6534
192.168.10.99 - - [25/Feb/2016:12:31:07 -0300] "POST /cormun/servlet/securityusers?d4ce3d212999a0b13ceb4893471b1394,UPD,35,,gx-no-cache=1456414022805 HTTP/1.1" 200 93
192.168.10.99 - - [25/Feb/2016:12:31:07 -0300] "GET /cormun/servlet/hpexe_return? HTTP/1.1" 200 1005
192.168.10.99 - - [25/Feb/2016:12:31:07 -0300] "GET /cormun/servlet/trsecurityuser01 HTTP/1.1" 200 8567
192.168.10.99 - - [25/Feb/2016:12:31:08 -0300] "GET /cormun/servlet/trsecurityuser01 HTTP/1.1" 200 8563
186.103.159.230 - - [25/Feb/2016:12:31:12 -0300] "POST /cormun/servlet/hlogin?cb5fb84505316a69a233dc7709e245e2,gx-no-cache=1456414298844 HTTP/1.1" 200 440
186.103.159.230 - - [25/Feb/2016:12:31:12 -0300] "POST /cormun/servlet/hlogin?cb5fb84505316a69a233dc7709e245e2,gx-no-cache=1456414299001 HTTP/1.1" 200 440
186.103.159.230 - - [25/Feb/2016:12:31:12 -0300] "POST /cormun/servlet/hlogin?cb5fb84505316a69a233dc7709e245e2,gx-no-cache=1456414299481 HTTP/1.1" 200 440
192.168.10.99 - - [25/Feb/2016:12:31:17 -0300] "GET /cormun/servlet/securityusers?UPD,9, HTTP/1.1" 200 6540
192.168.10.99 - - [25/Feb/2016:12:31:17 -0300] "GET /cormun/servlet/securityusers?UPD,9, HTTP/1.1" 200 6540
191.112.59.125 - - [25/Feb/2016:12:31:21 -0300] "POST /cormun/servlet/solicitudot?gx-no-cache=1456414308509 HTTP/1.1" 200 1157
191.112.59.125 - - [25/Feb/2016:12:31:21 -0300] "GET /cormun/servlet/solicitudot?843d8b18d675e67942b4b829b2fcb743e4dbb0f77d72f8e780e2b29bf2e27584d89e4f0f58fce2cf704395e02366613da57e2f991d6f216e04eaa7234a500ab5264102e8c4492efbfb743c241a5566f36f11995ec0c413c76f94c269ef96ed604dd5f347fab4c645efb05cc7e8e58e2286ee8ff8704419ed683abfb09a052e159b4d237d2fabcf9094c450c9959bce72,gx-no-cache=1456414308764 HTTP/1.1" 200 38
191.112.59.125 - - [25/Feb/2016:12:31:22 -0300] "GET /cormun/servlet/solicitudot?843d8b18d675e67942b4b829b2fcb743babb715f30ec4cce976a219f1ac50b4c6217133a5b47ba66c31505ebbc96a04fb08b0b761514b04b3e079b0554f22e7fe604fa8fcf287685597f05d121e5a7160774a3644b65caf1fab4c14623d9f2a87b5abd8b68bbd4812ef28f9de8e4d49deecd021fba9d22f22a319a449e326d2345f779809e1bcaab7f5305a94d0d3ff4201b0a8a59809ef1d94b81b786956271269a4858a2378e50a3904254834dd124fbde82b7d51a9642c3f2e40fcbd60b7bd88f15db2d4f91b64329e879d55b1ae9,gx-no-cache=1456414308898 HTTP/1.1" 200 29
192.168.10.99 - - [25/Feb/2016:12:31:22 -0300] "POST /cormun/servlet/securityusers?d4ce3d212999a0b13ceb4893471b1394,UPD,9,,gx-no-cache=1456414037485 HTTP/1.1" 200 93
192.168.10.99 - - [25/Feb/2016:12:31:22 -0300] "GET /cormun/servlet/hpexe_return? HTTP/1.1" 200 1004
191.112.59.125 - - [25/Feb/2016:12:31:22 -0300] "POST /cormun/servlet/solicitudot?gx-no-cache=1456414308995 HTTP/1.1" 200 1115
192.168.10.99 - - [25/Feb/2016:12:31:22 -0300] "GET /cormun/servlet/trsecurityuser01 HTTP/1.1" 200 8569
192.168.10.99 - - [25/Feb/2016:12:31:22 -0300] "GET /cormun/servlet/trsecurityuser01 HTTP/1.1" 200 8565
191.112.59.125 - - [25/Feb/2016:12:31:23 -0300] "GET /cormun/servlet/prsolicitudot?11888151,,,,,MD,,gxPopupLevel%3D0%3B HTTP/1.1" 200 5346
191.112.59.125 - - [25/Feb/2016:12:31:23 -0300] "GET /cormun/static/gxcfg.js?20161417254594 HTTP/1.1" 200 953
191.112.59.125 - - [25/Feb/2016:12:31:23 -0300] "GET /cormun/static/prsolicitudot.js?20161417254753 HTTP/1.1" 200 12356
191.112.59.125 - - [25/Feb/2016:12:31:27 -0300] "POST /cormun/servlet/acontrolpreferencessavestate?None,CD-33,true HTTP/1.1" 200 35
192.168.10.99 - - [25/Feb/2016:12:31:27 -0300] "GET /cormun/servlet/securityusers?UPD,14, HTTP/1.1" 200 6523
192.168.10.99 - - [25/Feb/2016:12:31:28 -0300] "GET /cormun/servlet/securityusers?UPD,14, HTTP/1.1" 200 6523
192.168.10.99 - - [25/Feb/2016:12:31:32 -0300] "POST /cormun/servlet/securityusers?d4ce3d212999a0b13ceb4893471b1394,UPD,14,,gx-no-cache=1456414048010 HTTP/1.1" 200 93
192.168.10.99 - - [25/Feb/2016:12:31:32 -0300] "GET /cormun/servlet/hpexe_return? HTTP/1.1" 200 1005
192.168.10.99 - - [25/Feb/2016:12:31:32 -0300] "GET /cormun/servlet/trsecurityuser01 HTTP/1.1" 200 8569
192.168.10.99 - - [25/Feb/2016:12:31:33 -0300] "GET /cormun/servlet/trsecurityuser01 HTTP/1.1" 200 8565
186.103.159.230 - - [25/Feb/2016:12:31:33 -0300] "POST /cormun/servlet/hlogin?cb5fb84505316a69a233dc7709e245e2,gx-no-cache=1456414320334 HTTP/1.1" 200 90
186.103.159.230 - - [25/Feb/2016:12:31:33 -0300] "GET /cormun/servlet/hpexe_link HTTP/1.1" 200 951
186.103.159.230 - - [25/Feb/2016:12:31:33 -0300] "GET /cormun/servlet/trsolicitudot HTTP/1.1" 200 5895
186.103.159.230 - - [25/Feb/2016:12:31:38 -0300] "GET /cormun/servlet/trsolicitudot? HTTP/1.1" 200 5894
192.168.10.99 - - [25/Feb/2016:12:31:38 -0300] "GET /cormun/servlet/securityusers?UPD,23, HTTP/1.1" 200 6529
192.168.10.99 - - [25/Feb/2016:12:31:39 -0300] "GET /cormun/servlet/securityusers?UPD,23, HTTP/1.1" 200 6529
192.168.10.99 - - [25/Feb/2016:12:31:46 -0300] "POST /cormun/servlet/securityusers?d4ce3d212999a0b13ceb4893471b1394,UPD,23,,gx-no-cache=1456414062151 HTTP/1.1" 200 93
192.168.10.99 - - [25/Feb/2016:12:31:46 -0300] "GET /cormun/servlet/hpexe_return? HTTP/1.1" 200 1005
192.168.10.99 - - [25/Feb/2016:12:31:46 -0300] "GET /cormun/servlet/trsecurityuser01 HTTP/1.1" 200 8570
192.168.10.99 - - [25/Feb/2016:12:31:47 -0300] "GET /cormun/servlet/trsecurityuser01 HTTP/1.1" 200 8566
191.112.59.125 - - [25/Feb/2016:12:31:47 -0300] "POST /cormun/servlet/solicitudot?gx-no-cache=1456414334373 HTTP/1.1" 200 1157
191.112.59.125 - - [25/Feb/2016:12:31:47 -0300] "GET /cormun/servlet/solicitudot?843d8b18d675e67942b4b829b2fcb743e4dbb0f77d72f8e780e2b29bf2e27584d89e4f0f58fce2cf704395e02366613da57e2f991d6f216e04eaa7234a500ab5264102e8c4492efbfb743c241a5566f36f11995ec0c413c76f94c269ef96ed604dd5f347fab4c645efb05cc7e8e58e2286ee8ff8704419ed683abfb09a052e159b4d237d2fabcf9094c450c9959bce72,gx-no-cache=1456414334737 HTTP/1.1" 200 38
192.168.10.99 - - [25/Feb/2016:12:32:02 -0300] "GET /cormun/servlet/securityusers?UPD,15, HTTP/1.1" 200 6525
192.168.10.99 - - [25/Feb/2016:12:32:03 -0300] "GET /cormun/servlet/securityusers?UPD,15, HTTP/1.1" 200 6525
186.103.248.189 - - [25/Feb/2016:12:32:07 -0300] "GET /cormun/servlet/hlogin HTTP/1.1" 200 1717
186.103.248.189 - - [25/Feb/2016:12:32:07 -0300] "GET /cormun/static/gxtimezone.js?85251 HTTP/1.1" 200 5781
186.103.248.189 - - [25/Feb/2016:12:32:07 -0300] "GET /cormun/static/gxcfg.js?20151120045111 HTTP/1.1" 200 953
186.103.248.189 - - [25/Feb/2016:12:32:07 -0300] "GET /cormun/static/hlogin.js?20151120045126 HTTP/1.1" 200 2136
186.103.248.189 - - [25/Feb/2016:12:32:07 -0300] "GET /cormun/static/Resources/ComunLogin.png HTTP/1.1" 200 17326
186.103.248.189 - - [25/Feb/2016:12:32:07 -0300] "GET /cormun/static/messages.spa.js?85251 HTTP/1.1" 200 30736
186.103.248.189 - - [25/Feb/2016:12:32:07 -0300] "GET /cormun/static/Resources/Spanish/PXTools.css?005343 HTTP/1.1" 200 89042
186.103.248.189 - - [25/Feb/2016:12:32:08 -0300] "GET /cormun/static/gxgral.js?85251 HTTP/1.1" 200 384558
186.103.248.189 - - [25/Feb/2016:12:32:08 -0300] "GET /cormun/static/Resources/PXToolsLoginTop.png HTTP/1.1" 200 1337
186.103.248.189 - - [25/Feb/2016:12:32:08 -0300] "GET /cormun/static/Resources/PXToolsLoginBackground.png HTTP/1.1" 200 1164
186.103.248.189 - - [25/Feb/2016:12:32:08 -0300] "GET /cormun/static/Resources/PXToolsButtonLeft21.png HTTP/1.1" 200 1287
186.103.248.189 - - [25/Feb/2016:12:32:08 -0300] "GET /cormun/static/Resources/PXToolsButtonRight21.png HTTP/1.1" 200 1283
186.103.248.189 - - [25/Feb/2016:12:32:08 -0300] "GET /cormun/static/Resources/PXToolsButtonBackground2.png HTTP/1.1" 200 1181
186.103.248.189 - - [25/Feb/2016:12:32:08 -0300] "GET /cormun/static/Resources/PXToolsLoginBottom.png HTTP/1.1" 200 1389
186.103.159.230 - - [25/Feb/2016:12:32:08 -0300] "POST /cormun/servlet/trsolicitudot?cb5fb84505316a69a233dc7709e245e2,,gx-no-cache=1456414355372 HTTP/1.1" 200 3173
186.103.248.189 - - [25/Feb/2016:12:32:09 -0300] "GET /cormun/static/Resources/indicator.gif HTTP/1.1" 200 1553
186.103.159.230 - - [25/Feb/2016:12:32:09 -0300] "POST /cormun/servlet/trsolicitudot?cb5fb84505316a69a233dc7709e245e2,,gx-no-cache=1456414355615 HTTP/1.1" 200 3173
186.103.248.189 - - [25/Feb/2016:12:32:09 -0300] "GET /cormun/servlet/hlogin HTTP/1.1" 200 1727
186.103.248.189 - - [25/Feb/2016:12:32:09 -0300] "GET /favicon.ico HTTP/1.1" 200 21630
192.168.10.99 - - [25/Feb/2016:12:32:10 -0300] "POST /cormun/servlet/securityusers?d4ce3d212999a0b13ceb4893471b1394,UPD,15,,gx-no-cache=1456414085767 HTTP/1.1" 200 93
192.168.10.99 - - [25/Feb/2016:12:32:10 -0300] "GET /cormun/servlet/hpexe_return? HTTP/1.1" 200 1004
192.168.10.99 - - [25/Feb/2016:12:32:10 -0300] "GET /cormun/servlet/trsecurityuser01 HTTP/1.1" 200 8570
192.168.10.99 - - [25/Feb/2016:12:32:10 -0300] "GET /cormun/static/hwchdr01.js?20162241650484 HTTP/1.1" 304 -
192.168.10.99 - - [25/Feb/2016:12:32:10 -0300] "GET /cormun/static/hpexe_messagepopupcomponent.js?201622412404545 HTTP/1.1" 304 -
192.168.10.99 - - [25/Feb/2016:12:32:10 -0300] "GET /cormun/static/hmpwkw03.js?201622421393366 HTTP/1.1" 304 -
192.168.10.99 - - [25/Feb/2016:12:32:11 -0300] "GET /cormun/servlet/trsecurityuser01 HTTP/1.1" 200 8566
192.168.10.99 - - [25/Feb/2016:12:32:17 -0300] "GET /cormun/servlet/securityusers?UPD,6, HTTP/1.1" 200 6533
192.168.10.99 - - [25/Feb/2016:12:32:18 -0300] "GET /cormun/servlet/securityusers?UPD,6, HTTP/1.1" 200 6532
192.168.10.99 - - [25/Feb/2016:12:32:20 -0300] "POST /cormun/servlet/securityusers?d4ce3d212999a0b13ceb4893471b1394,UPD,6,,gx-no-cache=1456414096420 HTTP/1.1" 200 93
192.168.10.99 - - [25/Feb/2016:12:32:21 -0300] "GET /cormun/servlet/hpexe_return? HTTP/1.1" 200 1004
192.168.10.99 - - [25/Feb/2016:12:32:21 -0300] "GET /cormun/servlet/trsecurityuser01 HTTP/1.1" 200 8570
192.168.10.99 - - [25/Feb/2016:12:32:21 -0300] "GET /cormun/servlet/trsecurityuser01 HTTP/1.1" 200 8566
192.168.10.99 - - [25/Feb/2016:12:32:30 -0300] "GET /cormun/servlet/securityusers?UPD,18, HTTP/1.1" 200 6523
192.168.10.99 - - [25/Feb/2016:12:32:30 -0300] "GET /cormun/servlet/securityusers?UPD,18, HTTP/1.1" 200 6522
192.168.10.99 - - [25/Feb/2016:12:32:35 -0300] "POST /cormun/servlet/securityusers?d4ce3d212999a0b13ceb4893471b1394,UPD,18,,gx-no-cache=1456414111210 HTTP/1.1" 200 93
192.168.10.99 - - [25/Feb/2016:12:32:35 -0300] "GET /cormun/servlet/hpexe_return? HTTP/1.1" 200 1005
192.168.10.99 - - [25/Feb/2016:12:32:36 -0300] "GET /cormun/servlet/trsecurityuser01 HTTP/1.1" 200 8571
192.168.10.99 - - [25/Feb/2016:12:32:36 -0300] "GET /cormun/servlet/trsecurityuser01 HTTP/1.1" 200 8566
186.103.159.230 - - [25/Feb/2016:12:32:36 -0300] "POST /cormun/servlet/trsolicitudot?cb5fb84505316a69a233dc7709e245e2,,gx-no-cache=1456414383092 HTTP/1.1" 200 3173
186.103.159.230 - - [25/Feb/2016:12:32:36 -0300] "POST /cormun/servlet/trsolicitudot?cb5fb84505316a69a233dc7709e245e2,,gx-no-cache=1456414383380 HTTP/1.1" 200 3174
192.168.10.89 - - [25/Feb/2016:12:32:41 -0300] "POST /cormun/servlet/hlogin?26f4725b4fd76d3e089de0e9bb8b3088,gx-no-cache=1456414116802 HTTP/1.1" 200 456
186.103.159.230 - - [25/Feb/2016:12:32:42 -0300] "POST /cormun/servlet/trsolicitudot?cb5fb84505316a69a233dc7709e245e2,,gx-no-cache=1456414388947 HTTP/1.1" 200 3174
192.168.10.99 - - [25/Feb/2016:12:32:43 -0300] "GET /cormun/servlet/securityusers?UPD,29, HTTP/1.1" 200 6527
192.168.10.99 - - [25/Feb/2016:12:32:44 -0300] "GET /cormun/servlet/securityusers?UPD,29, HTTP/1.1" 200 6527
192.168.10.99 - - [25/Feb/2016:12:32:48 -0300] "POST /cormun/servlet/securityusers?d4ce3d212999a0b13ceb4893471b1394,UPD,29,,gx-no-cache=1456414124288 HTTP/1.1" 200 93
192.168.10.99 - - [25/Feb/2016:12:32:48 -0300] "GET /cormun/servlet/hpexe_return? HTTP/1.1" 200 1005
192.168.10.99 - - [25/Feb/2016:12:32:49 -0300] "GET /cormun/servlet/trsecurityuser01 HTTP/1.1" 200 8571
192.168.10.99 - - [25/Feb/2016:12:32:49 -0300] "GET /cormun/servlet/trsecurityuser01 HTTP/1.1" 200 8567
186.103.159.230 - - [25/Feb/2016:12:32:50 -0300] "GET /cormun/servlet/trsolicitudot?292e4df1be74ebcff9f92c6dda484a9bea3cff40a05987bb8f70350c32f059b50f1462b282d4226d9c2be77a386b77c86d1aae15b1afe6cad8fe179218eaafa7187dfd660ec3adbc892d4b4a16d95362e8443631e985dd2f4e23533ca45b232c,gx-no-cache=1456414397037 HTTP/1.1" 200 717
192.168.10.99 - - [25/Feb/2016:12:32:58 -0300] "GET /cormun/servlet/securityusers?UPD,17, HTTP/1.1" 200 6523
192.168.10.99 - - [25/Feb/2016:12:32:58 -0300] "GET /cormun/servlet/securityusers?UPD,17, HTTP/1.1" 200 6523
186.103.248.189 - - [25/Feb/2016:12:32:59 -0300] "POST /cormun/servlet/hlogin?77f1a510c677e7938ff93314569076f1,gx-no-cache=1456414455741 HTTP/1.1" 200 90
186.103.248.189 - - [25/Feb/2016:12:33:00 -0300] "GET /cormun/servlet/hpexe_link HTTP/1.1" 200 948
186.103.248.189 - - [25/Feb/2016:12:33:00 -0300] "GET /cormun/static/gxcfg.js?20151120044395 HTTP/1.1" 200 953
186.103.248.189 - - [25/Feb/2016:12:33:00 -0300] "GET /cormun/static/hpexe_link.js?20151120044398 HTTP/1.1" 200 625
186.103.248.189 - - [25/Feb/2016:12:33:00 -0300] "GET /cormun/servlet/hhome HTTP/1.1" 200 3321
186.103.248.189 - - [25/Feb/2016:12:33:01 -0300] "GET /cormun/static/SmoothNavMenu/resources/ddsmoothmenu.css?1112540 HTTP/1.1" 200 2223
186.103.248.189 - - [25/Feb/2016:12:33:01 -0300] "GET /cormun/static/SmoothNavMenu/resources/ddsmoothmenu-v.css?1112540 HTTP/1.1" 200 1188
186.103.248.189 - - [25/Feb/2016:12:33:01 -0300] "GET /cormun/static/gxcfg.js?2015112210564248 HTTP/1.1" 200 953
186.103.248.189 - - [25/Feb/2016:12:33:01 -0300] "GET /cormun/static/scaMessage/css/jquery.pnotify.default.css?1816380 HTTP/1.1" 200 1707
186.103.248.189 - - [25/Feb/2016:12:33:01 -0300] "GET /cormun/static/Shared/jqueryui/jquery-ui.min.css?1345370 HTTP/1.1" 200 30288
186.103.248.189 - - [25/Feb/2016:12:33:01 -0300] "GET /cormun/static/PXToolsJavascripts/pexe_autoreload.js HTTP/1.1" 200 1762
186.103.248.189 - - [25/Feb/2016:12:33:01 -0300] "GET /cormun/static/PXToolsJavascripts/pexe_cookies.js HTTP/1.1" 200 792
186.103.248.189 - - [25/Feb/2016:12:33:01 -0300] "GET /cormun/static/PXToolsJavascripts/pexe_windows.js HTTP/1.1" 200 15207
186.103.248.189 - - [25/Feb/2016:12:33:01 -0300] "GET /cormun/static/Resources/Spanish/PXTools.css?10515224 HTTP/1.1" 200 89042
186.103.248.189 - - [25/Feb/2016:12:33:01 -0300] "GET /cormun/static/PXToolsJavascripts/pexe_grid.js HTTP/1.1" 200 7559
186.103.248.189 - - [25/Feb/2016:12:33:01 -0300] "GET /cormun/static/PXToolsJavascripts/pexe_griddivfix.js HTTP/1.1" 200 6644
186.103.248.189 - - [25/Feb/2016:12:33:01 -0300] "GET /cormun/static/PXToolsJavascripts/pexe_link.js HTTP/1.1" 200 5671
186.103.248.189 - - [25/Feb/2016:12:33:01 -0300] "GET /cormun/static/PXToolsJavascripts/pexe_menudivfix.js HTTP/1.1" 200 333
186.103.248.189 - - [25/Feb/2016:12:33:01 -0300] "GET /cormun/static/PXToolsJavascripts/pexe_menus.js HTTP/1.1" 200 1286
186.103.248.189 - - [25/Feb/2016:12:33:01 -0300] "GET /cormun/static/PXToolsJavascripts/pexe_layers.js HTTP/1.1" 200 4114
186.103.248.189 - - [25/Feb/2016:12:33:01 -0300] "GET /cormun/static/PXToolsJavascripts/pexe_oav.js HTTP/1.1" 200 645
186.103.248.189 - - [25/Feb/2016:12:33:01 -0300] "GET /cormun/static/PXToolsJavascripts/pexe_oavdivfix.js HTTP/1.1" 200 639
186.103.248.189 - - [25/Feb/2016:12:33:01 -0300] "GET /cormun/static/PXToolsJavascripts/pexe_picture.js HTTP/1.1" 200 689
186.103.248.189 - - [25/Feb/2016:12:33:01 -0300] "GET /cormun/static/PXToolsJavascripts/pexe_popup.js HTTP/1.1" 200 13458
186.103.248.189 - - [25/Feb/2016:12:33:01 -0300] "GET /cormun/static/PXToolsJavascripts/pexe_scrolldiv.js HTTP/1.1" 200 4138
186.103.248.189 - - [25/Feb/2016:12:33:01 -0300] "GET /cormun/static/PXToolsJavascripts/pexe_tabdivfix.js HTTP/1.1" 200 876
186.103.248.189 - - [25/Feb/2016:12:33:01 -0300] "GET /cormun/static/PXToolsJavascripts/pexe_tabs.js HTTP/1.1" 200 3748
186.103.248.189 - - [25/Feb/2016:12:33:01 -0300] "GET /cormun/static/PXToolsJavascripts/pexe_upload.js HTTP/1.1" 200 1423
186.103.248.189 - - [25/Feb/2016:12:33:01 -0300] "GET /cormun/static/PXToolsJavascripts/PXToolsJavascriptsRender.js HTTP/1.1" 200 367
186.103.248.189 - - [25/Feb/2016:12:33:01 -0300] "GET /cormun/static/RunJS/RunJS.js HTTP/1.1" 200 288
186.103.248.189 - - [25/Feb/2016:12:33:01 -0300] "GET /cormun/static/Shared/ext/locale/ext-lang-en.js HTTP/1.1" 200 10940
186.103.248.189 - - [25/Feb/2016:12:33:01 -0300] "GET /cormun/static/hhome.js?2015112210564255 HTTP/1.1" 200 777
186.103.248.189 - - [25/Feb/2016:12:33:02 -0300] "GET /cormun/static/hwchdr01.js?20162241650484 HTTP/1.1" 200 1002
186.103.248.189 - - [25/Feb/2016:12:33:02 -0300] "GET /cormun/static/hpexe_recentlink.js?2015111312121342 HTTP/1.1" 200 2144
186.103.248.189 - - [25/Feb/2016:12:33:02 -0300] "GET /cormun/static/hpexe_scripts.js?20151120014546 HTTP/1.1" 200 1544
186.103.248.189 - - [25/Feb/2016:12:33:02 -0300] "GET /cormun/static/hpexe_messagecontroller.js?2015112210524422 HTTP/1.1" 200 870
186.103.248.189 - - [25/Feb/2016:12:33:02 -0300] "GET /cormun/static/hpexe_messagegenexuscomponent.js?20151120014314 HTTP/1.1" 200 587
186.103.248.189 - - [25/Feb/2016:12:33:02 -0300] "GET /cormun/static/hpexe_messagepopupcomponent.js?201622412404545 HTTP/1.1" 200 605
186.103.248.189 - - [25/Feb/2016:12:33:02 -0300] "GET /cormun/static/cmcontrolpreferences.js?20151120014525 HTTP/1.1" 200 1375
186.103.248.189 - - [25/Feb/2016:12:33:02 -0300] "GET /cormun/static/Shared/jquery/jquery-1.4.2.min.js HTTP/1.1" 200 72174
186.103.248.189 - - [25/Feb/2016:12:33:02 -0300] "GET /cormun/static/gxui/gxui-all.js HTTP/1.1" 200 107772
186.103.248.189 - - [25/Feb/2016:12:33:02 -0300] "GET /cormun/static/SmoothNavMenu/resources/ddsmoothmenu.js HTTP/1.1" 200 12712
186.103.248.189 - - [25/Feb/2016:12:33:02 -0300] "GET /cormun/static/SmoothNavMenu/resources/SmoothNavMenuRender.js HTTP/1.1" 200 5951
186.103.248.189 - - [25/Feb/2016:12:33:03 -0300] "GET /cormun/static/scaMessage/js/jquery.pnotify.min.js HTTP/1.1" 200 13038
186.103.248.189 - - [25/Feb/2016:12:33:03 -0300] "GET /cormun/static/scaMessage/scaMessageRender.js HTTP/1.1" 200 11977
186.103.248.189 - - [25/Feb/2016:12:33:03 -0300] "GET /cormun/static/Shared/jquery/jquery-1.10.2.min.js HTTP/1.1" 200 273199
186.103.248.189 - - [25/Feb/2016:12:33:03 -0300] "GET /cormun/static/hmpwkw03.js?201622421393366 HTTP/1.1" 200 3845
186.103.248.189 - - [25/Feb/2016:12:33:03 -0300] "GET /cormun/static/Resources/PXToolsHeaderBackground2.png HTTP/1.1" 200 1174
186.103.248.189 - - [25/Feb/2016:12:33:03 -0300] "GET /cormun/static/Resources/PXToolsFooterBackground2.png HTTP/1.1" 200 1172
186.103.248.189 - - [25/Feb/2016:12:33:03 -0300] "GET /cormun/static/Resources/PXToolsDataTitle.png HTTP/1.1" 200 1173
186.103.248.189 - - [25/Feb/2016:12:33:03 -0300] "GET /cormun/static/Resources/PXToolsHeaderActionsBackground.png HTTP/1.1" 200 484
186.103.248.189 - - [25/Feb/2016:12:33:03 -0300] "GET /cormun/static/Resources/logo4.png HTTP/1.1" 200 6582
186.103.248.189 - - [25/Feb/2016:12:33:03 -0300] "GET /cormun/static/Resources/PXToolsHeaderHome.png HTTP/1.1" 200 4147
186.103.248.189 - - [25/Feb/2016:12:33:03 -0300] "GET /cormun/static/Shared/jqueryui/jquery-ui.min.js HTTP/1.1" 200 240427
186.103.248.189 - - [25/Feb/2016:12:33:03 -0300] "GET /cormun/static/Resources/PXToolsHeaderSecurity.png HTTP/1.1" 200 4166
186.103.248.189 - - [25/Feb/2016:12:33:03 -0300] "GET /cormun/static/Resources/PXToolsHeaderActionsLeft.png HTTP/1.1" 200 1118
186.103.248.189 - - [25/Feb/2016:12:33:04 -0300] "GET /cormun/static/Resources/PXToolsHeaderPreferences.png HTTP/1.1" 200 4189
186.103.248.189 - - [25/Feb/2016:12:33:04 -0300] "GET /cormun/static/Resources/PXToolsHeaderActionsRight.png HTTP/1.1" 200 1201
186.103.248.189 - - [25/Feb/2016:12:33:04 -0300] "GET /cormun/static/Resources/PXToolsHeaderLogin.png HTTP/1.1" 200 4279
186.103.248.189 - - [25/Feb/2016:12:33:04 -0300] "GET /cormun/static/Shared/ext/ext-all.js HTTP/1.1" 200 1289687
192.168.10.99 - - [25/Feb/2016:12:33:05 -0300] "POST /cormun/servlet/securityusers?d4ce3d212999a0b13ceb4893471b1394,UPD,17,,gx-no-cache=1456414141097 HTTP/1.1" 200 93
192.168.10.99 - - [25/Feb/2016:12:33:05 -0300] "GET /cormun/servlet/hpexe_return? HTTP/1.1" 200 1005
192.168.10.99 - - [25/Feb/2016:12:33:05 -0300] "GET /cormun/servlet/trsecurityuser01 HTTP/1.1" 200 8571
192.168.10.99 - - [25/Feb/2016:12:33:06 -0300] "GET /cormun/servlet/trsecurityuser01 HTTP/1.1" 200 8567
186.103.248.189 - - [25/Feb/2016:12:33:08 -0300] "GET /cormun/servlet/hhome HTTP/1.1" 200 3317
186.103.248.189 - - [25/Feb/2016:12:33:08 -0300] "GET /cormun/static/SmoothNavMenu/resources/images/down.gif HTTP/1.1" 200 854
192.168.10.89 - - [25/Feb/2016:12:33:11 -0300] "POST /cormun/servlet/hlogin?26f4725b4fd76d3e089de0e9bb8b3088,gx-no-cache=1456414147244 HTTP/1.1" 200 456
192.168.10.99 - - [25/Feb/2016:12:33:16 -0300] "GET /cormun/servlet/securityusers?UPD,17, HTTP/1.1" 200 6523
192.168.10.99 - - [25/Feb/2016:12:33:16 -0300] "GET /cormun/servlet/securityusers?UPD,17, HTTP/1.1" 200 6523
186.103.159.230 - - [25/Feb/2016:12:33:17 -0300] "GET /cormun/servlet/trsolicitudot?292e4df1be74ebcff9f92c6dda484a9be442317c18cf3e3ef48563b098dc56568df78953bfe1a9473ee69036e0916873f674d2d4ca0d3fddbd9d01f786e9c197ed663717c982df1947043e57f274946c7c621efde81581a05367dc8c28b1a97f,gx-no-cache=1456414423715 HTTP/1.1" 200 717
186.103.159.230 - - [25/Feb/2016:12:33:17 -0300] "POST /cormun/servlet/trsolicitudot?cb5fb84505316a69a233dc7709e245e2,,gx-no-cache=1456414424004 HTTP/1.1" 200 3172
192.168.10.99 - - [25/Feb/2016:12:33:19 -0300] "POST /cormun/servlet/securityusers?d4ce3d212999a0b13ceb4893471b1394,UPD,17,,gx-no-cache=1456414154731 HTTP/1.1" 200 93
192.168.10.99 - - [25/Feb/2016:12:33:19 -0300] "GET /cormun/servlet/hpexe_return? HTTP/1.1" 200 1005
192.168.10.99 - - [25/Feb/2016:12:33:19 -0300] "GET /cormun/servlet/trsecurityuser01 HTTP/1.1" 200 8571
192.168.10.99 - - [25/Feb/2016:12:33:19 -0300] "GET /cormun/servlet/trsecurityuser01 HTTP/1.1" 200 8567
192.168.10.99 - - [25/Feb/2016:12:33:22 -0300] "GET /cormun/servlet/securityusers?UPD,34, HTTP/1.1" 200 6531
192.168.10.99 - - [25/Feb/2016:12:33:22 -0300] "GET /cormun/servlet/securityusers?UPD,34, HTTP/1.1" 200 6531
186.103.159.230 - - [25/Feb/2016:12:33:26 -0300] "POST /cormun/servlet/trsolicitudot?cb5fb84505316a69a233dc7709e245e2,,gx-no-cache=1456414433343 HTTP/1.1" 200 3173
192.168.10.99 - - [25/Feb/2016:12:33:28 -0300] "POST /cormun/servlet/securityusers?d4ce3d212999a0b13ceb4893471b1394,UPD,34,,gx-no-cache=1456414163846 HTTP/1.1" 200 93
192.168.10.99 - - [25/Feb/2016:12:33:28 -0300] "GET /cormun/servlet/hpexe_return? HTTP/1.1" 200 1005
192.168.10.99 - - [25/Feb/2016:12:33:28 -0300] "GET /cormun/servlet/trsecurityuser01 HTTP/1.1" 200 8572
192.168.10.99 - - [25/Feb/2016:12:33:29 -0300] "GET /cormun/servlet/trsecurityuser01 HTTP/1.1" 200 8568
186.103.159.230 - - [25/Feb/2016:12:33:31 -0300] "GET /cormun/servlet/trsolicitudot?292e4df1be74ebcff9f92c6dda484a9bf001be11f25dc6056963e49296162fc0a796c4313e472ab93703933dbe582d60e9bef9cc87685afbe7a9cac6784149125c693104ea8836f4b2b703e6dcfc4546,gx-no-cache=1456414437915 HTTP/1.1" 200 717
186.103.159.230 - - [25/Feb/2016:12:33:32 -0300] "GET /cormun/servlet/trsolicitudot?292e4df1be74ebcff9f92c6dda484a9b2b6641337e4d09b023b304a048c417eee0803696aebe607b0443f9343c24b3926d1aae15b1afe6cad8fe179218eaafa7187dfd660ec3adbc892d4b4a16d95362e8443631e985dd2f4e23533ca45b232c,gx-no-cache=1456414438697 HTTP/1.1" 200 717
192.168.10.99 - - [25/Feb/2016:12:33:32 -0300] "GET /cormun/servlet/securityusers?UPD,28, HTTP/1.1" 200 6533
192.168.10.99 - - [25/Feb/2016:12:33:33 -0300] "GET /cormun/servlet/securityusers?UPD,28, HTTP/1.1" 200 6533
186.103.159.230 - - [25/Feb/2016:12:33:33 -0300] "GET /cormun/servlet/trsolicitudot?292e4df1be74ebcff9f92c6dda484a9bed0e2a14cf99c00054996d6eb6a075898c7d296d8f10fe9edd6ce5beebc52b1e49030f1a7eda0c703d0e459fad78a76f07b38df94645e8b5f2940ca01d984e37aa14365d4c6f828e2148ede4267a6b26,gx-no-cache=1456414440009 HTTP/1.1" 200 717
192.168.10.89 - - [25/Feb/2016:12:33:34 -0300] "POST /cormun/servlet/hlogin?26f4725b4fd76d3e089de0e9bb8b3088,gx-no-cache=1456414170136 HTTP/1.1" 200 456
191.112.59.125 - - [25/Feb/2016:12:33:36 -0300] "GET /cormun/servlet/solicitudot?843d8b18d675e67942b4b829b2fcb743babb715f30ec4cce976a219f1ac50b4c6217133a5b47ba66c31505ebbc96a04f16988c8c9c150f0c60f95ca3cdb28993e604fa8fcf287685597f05d121e5a7160774a3644b65caf1fab4c14623d9f2a87b5abd8b68bbd4812ef28f9de8e4d49deecd021fba9d22f22a319a449e326d2345f779809e1bcaab7f5305a94d0d3ff4201b0a8a59809ef1d94b81b786956271269a4858a2378e50a3904254834dd124fbde82b7d51a9642c3f2e40fcbd60b7bd88f15db2d4f91b64329e879d55b1ae9,gx-no-cache=1456414443041 HTTP/1.1" 200 29
192.168.10.99 - - [25/Feb/2016:12:33:37 -0300] "POST /cormun/servlet/securityusers?d4ce3d212999a0b13ceb4893471b1394,UPD,28,,gx-no-cache=1456414172939 HTTP/1.1" 200 93
192.168.10.99 - - [25/Feb/2016:12:33:37 -0300] "GET /cormun/servlet/hpexe_return? HTTP/1.1" 200 1005
192.168.10.99 - - [25/Feb/2016:12:33:37 -0300] "GET /cormun/servlet/trsecurityuser01 HTTP/1.1" 200 8572
192.168.10.99 - - [25/Feb/2016:12:33:38 -0300] "GET /cormun/servlet/trsecurityuser01 HTTP/1.1" 200 8568
192.168.10.99 - - [25/Feb/2016:12:33:41 -0300] "GET /cormun/servlet/securityusers?UPD,19, HTTP/1.1" 200 6526
192.168.10.99 - - [25/Feb/2016:12:33:41 -0300] "GET /cormun/static/Resources/Spanish/PXTools.css?12395978 HTTP/1.1" 304 -
192.168.10.99 - - [25/Feb/2016:12:33:41 -0300] "GET /cormun/servlet/securityusers?UPD,19, HTTP/1.1" 200 6525
192.168.10.89 - - [25/Feb/2016:12:33:44 -0300] "POST /cormun/servlet/hlogin?26f4725b4fd76d3e089de0e9bb8b3088,gx-no-cache=1456414179941 HTTP/1.1" 200 90
192.168.10.89 - - [25/Feb/2016:12:33:44 -0300] "GET /cormun/servlet/hpexe_link HTTP/1.1" 200 950
192.168.10.89 - - [25/Feb/2016:12:33:45 -0300] "GET /cormun/servlet/hhome HTTP/1.1" 200 3363
192.168.10.99 - - [25/Feb/2016:12:33:46 -0300] "POST /cormun/servlet/securityusers?d4ce3d212999a0b13ceb4893471b1394,UPD,19,,gx-no-cache=1456414181481 HTTP/1.1" 200 93
192.168.10.99 - - [25/Feb/2016:12:33:46 -0300] "GET /cormun/servlet/hpexe_return? HTTP/1.1" 200 1005
192.168.10.99 - - [25/Feb/2016:12:33:46 -0300] "GET /cormun/servlet/trsecurityuser01 HTTP/1.1" 200 8571
186.103.248.189 - - [25/Feb/2016:12:33:46 -0300] "GET /cormun/servlet/trsolicitudot? HTTP/1.1" 200 6040
192.168.10.99 - - [25/Feb/2016:12:33:46 -0300] "GET /cormun/servlet/trsecurityuser01 HTTP/1.1" 200 8567
186.103.248.189 - - [25/Feb/2016:12:33:46 -0300] "GET /cormun/static/gxui/gxui-all.css?120300 HTTP/1.1" 200 2179
186.103.248.189 - - [25/Feb/2016:12:33:46 -0300] "GET /cormun/static/calendar-system.css?85620 HTTP/1.1" 200 5572
186.103.248.189 - - [25/Feb/2016:12:33:47 -0300] "GET /cormun/static/gxcfg.js?20161623482752 HTTP/1.1" 200 953
186.103.248.189 - - [25/Feb/2016:12:33:47 -0300] "GET /cormun/static/calendar-setup.js?85251 HTTP/1.1" 200 2588
186.103.248.189 - - [25/Feb/2016:12:33:47 -0300] "GET /cormun/static/calendar-es.js?85251 HTTP/1.1" 200 1901
186.103.248.189 - - [25/Feb/2016:12:33:47 -0300] "GET /cormun/static/calendar.js?85251 HTTP/1.1" 200 26246
186.103.248.189 - - [25/Feb/2016:12:33:47 -0300] "GET /cormun/static/Resources/Spanish/PXTools.css?17554516 HTTP/1.1" 200 89042
186.103.248.189 - - [25/Feb/2016:12:33:47 -0300] "GET /cormun/static/gxdec.js?85251 HTTP/1.1" 200 19579
186.103.248.189 - - [25/Feb/2016:12:33:47 -0300] "GET /cormun/static/trsolicitudot.js?20161623483284 HTTP/1.1" 200 45324
186.103.248.189 - - [25/Feb/2016:12:33:47 -0300] "GET /cormun/static/Resources/PXTools/calendar.png HTTP/1.1" 200 1306
186.103.248.189 - - [25/Feb/2016:12:33:47 -0300] "GET /cormun/static/Resources/PXToolsDataSearch.png HTTP/1.1" 200 419
186.103.248.189 - - [25/Feb/2016:12:33:47 -0300] "GET /cormun/static/Resources/PXToolsGridFirst.gif HTTP/1.1" 200 379
186.103.248.189 - - [25/Feb/2016:12:33:47 -0300] "GET /cormun/static/Resources/PXToolsGridPrevious.gif HTTP/1.1" 200 369
186.103.248.189 - - [25/Feb/2016:12:33:47 -0300] "GET /cormun/static/Resources/PXToolsGridNext.gif HTTP/1.1" 200 369
186.103.248.189 - - [25/Feb/2016:12:33:47 -0300] "GET /cormun/static/Resources/PXToolsGridLast.gif HTTP/1.1" 200 370
186.103.248.189 - - [25/Feb/2016:12:33:47 -0300] "GET /cormun/static/Shared/ext/resources/css/ext-all.css?215870 HTTP/1.1" 200 416045
186.103.248.189 - - [25/Feb/2016:12:33:47 -0300] "GET /cormun/static/Resources/PXToolsActionExcel.png HTTP/1.1" 200 3187
186.103.248.189 - - [25/Feb/2016:12:33:47 -0300] "GET /cormun/static/Resources/PXToolsGridNew.png HTTP/1.1" 200 2949
192.168.10.99 - - [25/Feb/2016:12:33:49 -0300] "GET /cormun/servlet/securityusers?UPD,16, HTTP/1.1" 200 6524
192.168.10.99 - - [25/Feb/2016:12:33:49 -0300] "GET /cormun/servlet/securityusers?UPD,16, HTTP/1.1" 200 6524
186.103.248.189 - - [25/Feb/2016:12:33:50 -0300] "GET /cormun/static/Resources/asc.gif HTTP/1.1" 200 67
186.103.248.189 - - [25/Feb/2016:12:33:50 -0300] "GET /cormun/static/Resources/desc.gif HTTP/1.1" 200 65
186.103.248.189 - - [25/Feb/2016:12:33:50 -0300] "GET /cormun/servlet/trsolicitudot? HTTP/1.1" 200 6040
186.103.248.189 - - [25/Feb/2016:12:33:50 -0300] "GET /cormun/static/Shared/ext/resources/themes/images/default/panel/bg-headersPanel.png HTTP/1.1" 200 255
186.103.248.189 - - [25/Feb/2016:12:33:50 -0300] "GET /cormun/static/Shared/ext/resources/themes/images/default/tools/tool-sprites.gif HTTP/1.1" 200 5434
186.103.248.189 - - [25/Feb/2016:12:33:52 -0300] "POST /cormun/servlet/acontrolpreferencessavestate?None,CF-19,true HTTP/1.1" 200 35
192.168.10.99 - - [25/Feb/2016:12:33:55 -0300] "POST /cormun/servlet/securityusers?d4ce3d212999a0b13ceb4893471b1394,UPD,16,,gx-no-cache=1456414190650 HTTP/1.1" 200 93
192.168.10.99 - - [25/Feb/2016:12:33:55 -0300] "GET /cormun/servlet/hpexe_return? HTTP/1.1" 200 1005
192.168.10.99 - - [25/Feb/2016:12:33:55 -0300] "GET /cormun/servlet/trsecurityuser01 HTTP/1.1" 200 8570
192.168.10.99 - - [25/Feb/2016:12:33:56 -0300] "GET /cormun/servlet/trsecurityuser01 HTTP/1.1" 200 8566
186.103.248.189 - - [25/Feb/2016:12:34:01 -0300] "GET /cormun/static/menuarrow.gif HTTP/1.1" 404 1015
192.168.10.99 - - [25/Feb/2016:12:34:05 -0300] "GET /cormun/servlet/securityusers?UPD,22, HTTP/1.1" 200 6533
192.168.10.99 - - [25/Feb/2016:12:34:05 -0300] "GET /cormun/servlet/securityusers?UPD,22, HTTP/1.1" 200 6533
192.168.10.99 - - [25/Feb/2016:12:34:10 -0300] "POST /cormun/servlet/securityusers?d4ce3d212999a0b13ceb4893471b1394,UPD,22,,gx-no-cache=1456414205728 HTTP/1.1" 200 93
192.168.10.99 - - [25/Feb/2016:12:34:10 -0300] "GET /cormun/servlet/hpexe_return? HTTP/1.1" 200 1004
192.168.10.99 - - [25/Feb/2016:12:34:10 -0300] "GET /cormun/servlet/trsecurityuser01 HTTP/1.1" 200 8570
192.168.10.99 - - [25/Feb/2016:12:34:10 -0300] "GET /cormun/servlet/trsecurityuser01 HTTP/1.1" 200 8566
192.168.10.99 - - [25/Feb/2016:12:34:14 -0300] "GET /cormun/servlet/securityusers?UPD,16, HTTP/1.1" 200 6524
192.168.10.99 - - [25/Feb/2016:12:34:14 -0300] "GET /cormun/servlet/securityusers?UPD,16, HTTP/1.1" 200 6524
192.168.10.99 - - [25/Feb/2016:12:34:17 -0300] "POST /cormun/servlet/securityusers?d4ce3d212999a0b13ceb4893471b1394,UPD,16,,gx-no-cache=1456414213047 HTTP/1.1" 200 93
192.168.10.99 - - [25/Feb/2016:12:34:17 -0300] "GET /cormun/servlet/hpexe_return? HTTP/1.1" 200 1005
192.168.10.99 - - [25/Feb/2016:12:34:17 -0300] "GET /cormun/servlet/trsecurityuser01 HTTP/1.1" 200 8570
192.168.10.99 - - [25/Feb/2016:12:34:18 -0300] "GET /cormun/servlet/trsecurityuser01 HTTP/1.1" 200 8566
192.168.10.89 - - [25/Feb/2016:12:34:19 -0300] "GET /cormun/Manuales/manual.pdf HTTP/1.1" 304 -
186.103.248.189 - - [25/Feb/2016:12:34:20 -0300] "POST /cormun/servlet/trsolicitudot?77f1a510c677e7938ff93314569076f1,,gx-no-cache=1456414536136 HTTP/1.1" 200 3439
192.168.10.99 - - [25/Feb/2016:12:34:20 -0300] "GET /cormun/servlet/securityusers?UPD,27, HTTP/1.1" 200 6535
186.103.248.189 - - [25/Feb/2016:12:34:20 -0300] "POST /cormun/servlet/trsolicitudot?77f1a510c677e7938ff93314569076f1,,gx-no-cache=1456414536599 HTTP/1.1" 200 3439
192.168.10.99 - - [25/Feb/2016:12:34:21 -0300] "GET /cormun/servlet/securityusers?UPD,27, HTTP/1.1" 200 6535
192.168.10.99 - - [25/Feb/2016:12:34:25 -0300] "POST /cormun/servlet/securityusers?d4ce3d212999a0b13ceb4893471b1394,UPD,27,,gx-no-cache=1456414221300 HTTP/1.1" 200 93
192.168.10.99 - - [25/Feb/2016:12:34:25 -0300] "GET /cormun/servlet/hpexe_return? HTTP/1.1" 200 1005
192.168.10.99 - - [25/Feb/2016:12:34:26 -0300] "GET /cormun/servlet/trsecurityuser01 HTTP/1.1" 200 8568
192.168.10.99 - - [25/Feb/2016:12:34:26 -0300] "GET /cormun/servlet/trsecurityuser01 HTTP/1.1" 200 8564
192.168.10.99 - - [25/Feb/2016:12:34:29 -0300] "GET /cormun/servlet/securityusers?UPD,21, HTTP/1.1" 200 6531
192.168.10.99 - - [25/Feb/2016:12:34:30 -0300] "GET /cormun/servlet/securityusers?UPD,21, HTTP/1.1" 200 6531
186.103.248.189 - - [25/Feb/2016:12:34:30 -0300] "POST /cormun/servlet/trsolicitudot?77f1a510c677e7938ff93314569076f1,,gx-no-cache=1456414546009 HTTP/1.1" 200 3441
186.103.248.189 - - [25/Feb/2016:12:34:30 -0300] "POST /cormun/servlet/trsolicitudot?77f1a510c677e7938ff93314569076f1,,gx-no-cache=1456414546432 HTTP/1.1" 200 3441
186.103.248.189 - - [25/Feb/2016:12:34:35 -0300] "POST /cormun/servlet/trsolicitudot?77f1a510c677e7938ff93314569076f1,,gx-no-cache=1456414551596 HTTP/1.1" 200 3441
192.168.10.99 - - [25/Feb/2016:12:34:36 -0300] "POST /cormun/servlet/securityusers?d4ce3d212999a0b13ceb4893471b1394,UPD,21,,gx-no-cache=1456414232303 HTTP/1.1" 200 93
192.168.10.99 - - [25/Feb/2016:12:34:36 -0300] "GET /cormun/servlet/hpexe_return? HTTP/1.1" 200 1005
192.168.10.99 - - [25/Feb/2016:12:34:37 -0300] "GET /cormun/servlet/trsecurityuser01 HTTP/1.1" 200 8569
192.168.10.99 - - [25/Feb/2016:12:34:37 -0300] "GET /cormun/servlet/trsecurityuser01 HTTP/1.1" 200 8565
186.103.248.189 - - [25/Feb/2016:12:34:40 -0300] "GET /cormun/servlet/trsolicitudot?e41aadb08f6dfd7c84acc7369e3b6bc4839ecb3ff08d6c9c290258f3bbbdb56dfd58bba649a506adadd23ac4bd1301398c315a5b2c6249f5f04932a1d2540db629ce1d092debce0be72adeaccf9a478c16e7779f117be7c821c00614f890c934,gx-no-cache=1456414556191 HTTP/1.1" 200 720
192.168.10.99 - - [25/Feb/2016:12:34:41 -0300] "GET /cormun/servlet/securityusers?UPD,24, HTTP/1.1" 200 6530
192.168.10.99 - - [25/Feb/2016:12:34:41 -0300] "GET /cormun/servlet/securityusers?UPD,24, HTTP/1.1" 200 6529
192.168.10.99 - - [25/Feb/2016:12:34:45 -0300] "POST /cormun/servlet/securityusers?d4ce3d212999a0b13ceb4893471b1394,UPD,24,,gx-no-cache=1456414240449 HTTP/1.1" 200 93
192.168.10.99 - - [25/Feb/2016:12:34:45 -0300] "GET /cormun/servlet/hpexe_return? HTTP/1.1" 200 1005
192.168.10.99 - - [25/Feb/2016:12:34:45 -0300] "GET /cormun/servlet/trsecurityuser01 HTTP/1.1" 200 8566
192.168.10.99 - - [25/Feb/2016:12:34:45 -0300] "GET /cormun/servlet/trsecurityuser01 HTTP/1.1" 200 8562
192.168.10.99 - - [25/Feb/2016:12:34:48 -0300] "GET /cormun/servlet/securityusers?UPD,10, HTTP/1.1" 200 6532
192.168.10.99 - - [25/Feb/2016:12:34:48 -0300] "GET /cormun/servlet/securityusers?UPD,10, HTTP/1.1" 200 6531
192.168.10.89 - - [25/Feb/2016:12:35:05 -0300] "GET /cormun/servlet/hhome HTTP/1.1" 200 3363
192.168.10.89 - - [25/Feb/2016:12:35:11 -0300] "GET /cormun/servlet/trsolicitudot? HTTP/1.1" 200 6083
192.168.10.89 - - [25/Feb/2016:12:35:35 -0300] "GET /cormun/servlet/solicitudot?INS,0,0, HTTP/1.1" 200 12007
191.112.59.125 - - [25/Feb/2016:12:35:42 -0300] "POST /cormun/servlet/solicitudot?gx-no-cache=1456414568909 HTTP/1.1" 200 1115
192.168.10.89 - - [25/Feb/2016:12:35:43 -0300] "GET /cormun/servlet/prfichaempleado?,MD,,gxPopupLevel%3D0%3B HTTP/1.1" 200 7843
192.168.10.89 - - [25/Feb/2016:12:35:43 -0300] "GET /cormun/static/menusearch.js?201622412404863 HTTP/1.1" 200 1424
192.168.10.89 - - [25/Feb/2016:12:35:45 -0300] "POST /cormun/servlet/acontrolpreferencessavestate?None,EBLANCO,true HTTP/1.1" 200 35
192.168.10.99 - - [25/Feb/2016:12:35:51 -0300] "POST /cormun/servlet/securityusers?d4ce3d212999a0b13ceb4893471b1394,UPD,10,,gx-no-cache=1456414307359 HTTP/1.1" 200 93
192.168.10.99 - - [25/Feb/2016:12:35:52 -0300] "GET /cormun/servlet/hpexe_return? HTTP/1.1" 200 1005
192.168.10.99 - - [25/Feb/2016:12:35:52 -0300] "GET /cormun/servlet/trsecurityuser01 HTTP/1.1" 200 8564
192.168.10.99 - - [25/Feb/2016:12:35:52 -0300] "GET /cormun/servlet/trsecurityuser01 HTTP/1.1" 200 8560
192.168.10.99 - - [25/Feb/2016:12:35:56 -0300] "GET /cormun/servlet/securityusers?UPD,24, HTTP/1.1" 200 6530
192.168.10.89 - - [25/Feb/2016:12:35:56 -0300] "GET /cormun/servlet/prfichaempleado?66fd78fd503a418b1d2ba8f4ca36ec80f3c3d60280a899bd0fda5f1e2e61c14c792ba43c9d90654a8ff45ea327ca3d716c534662a528b35b4e530e4987f30a2d4ae13b159d43d611301e9262d4870e77,gx-no-cache=1456414312208 HTTP/1.1" 200 464
192.168.10.99 - - [25/Feb/2016:12:35:57 -0300] "GET /cormun/servlet/securityusers?UPD,24, HTTP/1.1" 200 6530
192.168.10.89 - - [25/Feb/2016:12:35:58 -0300] "GET /cormun/servlet/prfichaempleado?66fd78fd503a418b1d2ba8f4ca36ec80f3c3d60280a899bd0fda5f1e2e61c14c8cc124add3dddeee549c2f4bc479dd465c279910cbeba8ac178064d1ca96a935fbd1f84a3d7de3087a4bc6b976019970,gx-no-cache=1456414313468 HTTP/1.1" 200 467
